2024-09-16T00:23:30.445 INFO:teuthology.orchestra.run.smithi045.stdout:/usr/bin/ceph: stderr
2024-09-16T00:23:28.831+0000 7eff5c0f5640 1 -- --> [v2:172.21.15.45:3300/0,v1:172.21.15.45:6789/0] -- mon_getmap magic: 0 -- 0x7eff5407be60 con 0x7eff54108300
2024-09-16T00:23:30.445 INFO:teuthology.orchestra.run.smithi045.stdout:/usr/bin/ceph: stderr
2024-09-16T00:23:28.831+0000 7eff59e91640 1 --2- >> [v2:172.21.15.45:3300/0,v1:172.21.15.45:6789/0] conn(0x7eff54108300 0x7eff5410a6f0 unknown :-1 s=BANNER_CONNECTING pgs=0 cs=0 l=0 rev1=0 crypto rx=0 tx=0 comp rx=0 tx=0)._handle_peer_banner_payload supported=3 required=0
2024-09-16T00:23:30.445 INFO:teuthology.orchestra.run.smithi045.stdout:/usr/bin/ceph: stderr
2024-09-16T00:23:28.831+0000 7eff59e91640 1 --2- >> [v2:172.21.15.45:3300/0,v1:172.21.15.45:6789/0] conn(0x7eff54108300 0x7eff5410a6f0 unknown :-1 s=HELLO_CONNECTING pgs=0 cs=0 l=0 rev1=1 crypto rx=0 tx=0 comp rx=0 tx=0).handle_hello peer v2:172.21.15.45:3300/0 says I am v2:172.21.15.45:37832/0 (socket says 172.21.15.45:37832)
2024-09-16T00:23:30.445 INFO:teuthology.orchestra.run.smithi045.stdout:/usr/bin/ceph: stderr
2024-09-16T00:23:28.832+0000 7eff59e91640 1 -- 172.21.15.45:0/3301893151 learned_addr learned my addr 172.21.15.45:0/3301893151 (peer_addr_for_me v2:172.21.15.45:0/0)
2024-09-16T00:23:30.445 INFO:teuthology.orchestra.run.smithi045.stdout:/usr/bin/ceph: stderr
2024-09-16T00:23:28.832+0000 7eff59e91640 1 -- 172.21.15.45:0/3301893151 --> [v2:172.21.15.45:3300/0,v1:172.21.15.45:6789/0] -- mon_subscribe({config=0+,monmap=0+}) -- 0x7eff5410ac30 con 0x7eff54108300
2024-09-16T00:23:30.445 INFO:teuthology.orchestra.run.smithi045.stdout:/usr/bin/ceph: stderr
2024-09-16T00:23:28.833+0000 7eff59e91640 1 --2- 172.21.15.45:0/3301893151 >> [v2:172.21.15.45:3300/0,v1:172.21.15.45:6789/0] conn(0x7eff54108300 0x7eff5410a6f0 secure :-1 s=READY pgs=47 cs=0 l=1 rev1=1 crypto rx=0x7eff50009820 tx=0x7eff5002a270 comp rx=0 tx=0).ready entity=mon.0 client_cookie=93d4d9b026ee600e server_cookie=0 in_seq=0 out_seq=0
2024-09-16T00:23:30.445 INFO:teuthology.orchestra.run.smithi045.stdout:/usr/bin/ceph: stderr
2024-09-16T00:23:28.833+0000 7eff58e8f640 1 -- 172.21.15.45:0/3301893151 <== mon.0 v2:172.21.15.45:3300/0 1 ==== mon_map magic: 0 ==== 205+0+0 (secure 0 0 0) 0x7eff50037070 con 0x7eff54108300
2024-09-16T00:23:30.445 INFO:teuthology.orchestra.run.smithi045.stdout:/usr/bin/ceph: stderr
2024-09-16T00:23:28.833+0000 7eff58e8f640 1 -- 172.21.15.45:0/3301893151 <== mon.0 v2:172.21.15.45:3300/0 2 ==== config(28 keys) ==== 1140+0+0 (secure 0 0 0) 0x7eff50032920 con 0x7eff54108300
2024-09-16T00:23:30.445 INFO:teuthology.orchestra.run.smithi045.stdout:/usr/bin/ceph: stderr
2024-09-16T00:23:28.833+0000 7eff58e8f640 1 -- 172.21.15.45:0/3301893151 <== mon.0 v2:172.21.15.45:3300/0 3 ==== mon_map magic: 0 ==== 205+0+0 (secure 0 0 0) 0x7eff50030950 con 0x7eff54108300
2024-09-16T00:23:30.446 INFO:teuthology.orchestra.run.smithi045.stdout:/usr/bin/ceph: stderr
2024-09-16T00:23:28.833+0000 7eff5c0f5640 1 -- 172.21.15.45:0/3301893151 >> [v2:172.21.15.45:3300/0,v1:172.21.15.45:6789/0] conn(0x7eff54108300 msgr2=0x7eff5410a6f0 secure :-1 s=STATE_CONNECTION_ESTABLISHED l=1).mark_down
2024-09-16T00:23:30.446 INFO:teuthology.orchestra.run.smithi045.stdout:/usr/bin/ceph: stderr
2024-09-16T00:23:28.833+0000 7eff5c0f5640 1 --2- 172.21.15.45:0/3301893151 >> [v2:172.21.15.45:3300/0,v1:172.21.15.45:6789/0] conn(0x7eff54108300 0x7eff5410a6f0 secure :-1 s=READY pgs=47 cs=0 l=1 rev1=1 crypto rx=0x7eff50009820 tx=0x7eff5002a270 comp rx=0 tx=0).stop
2024-09-16T00:23:30.446 INFO:teuthology.orchestra.run.smithi045.stdout:/usr/bin/ceph: stderr
2024-09-16T00:23:28.834+0000 7eff5c0f5640 1 -- 172.21.15.45:0/3301893151 shutdown_connections
2024-09-16T00:23:30.446 INFO:teuthology.orchestra.run.smithi045.stdout:/usr/bin/ceph: stderr
2024-09-16T00:23:28.834+0000 7eff5c0f5640 1 --2- 172.21.15.45:0/3301893151 >> [v2:172.21.15.45:3300/0,v1:172.21.15.45:6789/0] conn(0x7eff54108300 0x7eff5410a6f0 unknown :-1 s=CLOSED pgs=47 cs=0 l=1 rev1=1 crypto rx=0 tx=0 comp rx=0 tx=0).stop
2024-09-16T00:23:30.446 INFO:teuthology.orchestra.run.smithi045.stdout:/usr/bin/ceph: stderr
2024-09-16T00:23:28.834+0000 7eff5c0f5640 1 -- 172.21.15.45:0/3301893151 >> 172.21.15.45:0/3301893151 conn(0x7eff54101f00 msgr2=0x7eff54104340 unknown :-1 s=STATE_NONE l=0).mark_down
2024-09-16T00:23:30.446 INFO:teuthology.orchestra.run.smithi045.stdout:/usr/bin/ceph: stderr
2024-09-16T00:23:28.834+0000 7eff5c0f5640 1 -- 172.21.15.45:0/3301893151 shutdown_connections
2024-09-16T00:23:30.446 INFO:teuthology.orchestra.run.smithi045.stdout:/usr/bin/ceph: stderr
2024-09-16T00:23:28.834+0000 7eff5c0f5640 1 -- 172.21.15.45:0/3301893151 wait complete.
2024-09-16T00:23:30.446 INFO:teuthology.orchestra.run.smithi045.stdout:/usr/bin/ceph: stderr
2024-09-16T00:23:28.835+0000 7eff5c0f5640 1 Processor -- start
2024-09-16T00:23:30.446 INFO:teuthology.orchestra.run.smithi045.stdout:/usr/bin/ceph: stderr
2024-09-16T00:23:28.835+0000 7eff5c0f5640 1 -- start start
2024-09-16T00:23:30.446 INFO:teuthology.orchestra.run.smithi045.stdout:/usr/bin/ceph: stderr
2024-09-16T00:23:28.835+0000 7eff5c0f5640 1 --2- >> [v2:172.21.15.45:3300/0,v1:172.21.15.45:6789/0] conn(0x7eff54108300 0x7eff5419b870 unknown :-1 s=NONE pgs=0 cs=0 l=1 rev1=0 crypto rx=0 tx=0 comp rx=0 tx=0).connect
2024-09-16T00:23:30.446 INFO:teuthology.orchestra.run.smithi045.stdout:/usr/bin/ceph: stderr
2024-09-16T00:23:28.835+0000 7eff5c0f5640 1 -- --> [v2:172.21.15.45:3300/0,v1:172.21.15.45:6789/0] -- mon_getmap magic: 0 -- 0x7eff5410bc60 con 0x7eff54108300
2024-09-16T00:23:30.447 INFO:teuthology.orchestra.run.smithi045.stdout:/usr/bin/ceph: stderr
2024-09-16T00:23:28.835+0000 7eff59e91640 1 --2- >> [v2:172.21.15.45:3300/0,v1:172.21.15.45:6789/0] conn(0x7eff54108300 0x7eff5419b870 unknown :-1 s=BANNER_CONNECTING pgs=0 cs=0 l=1 rev1=0 crypto rx=0 tx=0 comp rx=0 tx=0)._handle_peer_banner_payload supported=3 required=0
2024-09-16T00:23:30.447 INFO:teuthology.orchestra.run.smithi045.stdout:/usr/bin/ceph: stderr
2024-09-16T00:23:28.835+0000 7eff59e91640 1 --2- >> [v2:172.21.15.45:3300/0,v1:172.21.15.45:6789/0] conn(0x7eff54108300 0x7eff5419b870 unknown :-1 s=HELLO_CONNECTING pgs=0 cs=0 l=1 rev1=1 crypto rx=0 tx=0 comp rx=0 tx=0).handle_hello peer v2:172.21.15.45:3300/0 says I am v2:172.21.15.45:37840/0 (socket says 172.21.15.45:37840)
2024-09-16T00:23:30.447 INFO:teuthology.orchestra.run.smithi045.stdout:/usr/bin/ceph: stderr
2024-09-16T00:23:28.835+0000 7eff59e91640 1 -- 172.21.15.45:0/2464591041 learned_addr learned my addr 172.21.15.45:0/2464591041 (peer_addr_for_me v2:172.21.15.45:0/0)
2024-09-16T00:23:30.447 INFO:teuthology.orchestra.run.smithi045.stdout:/usr/bin/ceph: stderr
2024-09-16T00:23:28.835+0000 7eff59e91640 1 -- 172.21.15.45:0/2464591041 --> [v2:172.21.15.45:3300/0,v1:172.21.15.45:6789/0] -- mon_subscribe({config=0+,monmap=0+}) -- 0x7eff5419bdb0 con 0x7eff54108300
2024-09-16T00:23:30.447 INFO:teuthology.orchestra.run.smithi045.stdout:/usr/bin/ceph: stderr
2024-09-16T00:23:28.836+0000 7eff59e91640 1 --2- 172.21.15.45:0/2464591041 >> [v2:172.21.15.45:3300/0,v1:172.21.15.45:6789/0] conn(0x7eff54108300 0x7eff5419b870 secure :-1 s=READY pgs=48 cs=0 l=1 rev1=1 crypto rx=0x7eff500306a0 tx=0x7eff50032d70 comp rx=0 tx=0).ready entity=mon.0 client_cookie=0 server_cookie=0 in_seq=0 out_seq=0
2024-09-16T00:23:30.447 INFO:teuthology.orchestra.run.smithi045.stdout:/usr/bin/ceph: stderr
2024-09-16T00:23:28.836+0000 7eff4affd640 1 -- 172.21.15.45:0/2464591041 <== mon.0 v2:172.21.15.45:3300/0 1 ==== mon_map magic: 0 ==== 205+0+0 (secure 0 0 0) 0x7eff50042070 con 0x7eff54108300
2024-09-16T00:23:30.447 INFO:teuthology.orchestra.run.smithi045.stdout:/usr/bin/ceph: stderr
2024-09-16T00:23:28.836+0000 7eff4affd640 1 -- 172.21.15.45:0/2464591041 <== mon.0 v2:172.21.15.45:3300/0 2 ==== config(28 keys) ==== 1140+0+0 (secure 0 0 0) 0x7eff50032630 con 0x7eff54108300
2024-09-16T00:23:30.447 INFO:teuthology.orchestra.run.smithi045.stdout:/usr/bin/ceph: stderr
2024-09-16T00:23:28.836+0000 7eff4affd640 1 -- 172.21.15.45:0/2464591041 <== mon.0 v2:172.21.15.45:3300/0 3 ==== mon_map magic: 0 ==== 205+0+0 (secure 0 0 0) 0x7eff50037040 con 0x7eff54108300
2024-09-16T00:23:30.447 INFO:teuthology.orchestra.run.smithi045.stdout:/usr/bin/ceph: stderr
2024-09-16T00:23:28.836+0000 7eff5c0f5640 1 -- 172.21.15.45:0/2464591041 --> [v2:172.21.15.45:3300/0,v1:172.21.15.45:6789/0] -- mon_subscribe({mgrmap=0+}) -- 0x7eff5419c0a0 con 0x7eff54108300
2024-09-16T00:23:30.447 INFO:teuthology.orchestra.run.smithi045.stdout:/usr/bin/ceph: stderr
2024-09-16T00:23:28.836+0000 7eff5c0f5640 1 -- 172.21.15.45:0/2464591041 --> [v2:172.21.15.45:3300/0,v1:172.21.15.45:6789/0] -- mon_subscribe({osdmap=0}) -- 0x7eff5419ed30 con 0x7eff54108300
2024-09-16T00:23:30.447 INFO:teuthology.orchestra.run.smithi045.stdout:/usr/bin/ceph: stderr
2024-09-16T00:23:28.837+0000 7eff4affd640 1 -- 172.21.15.45:0/2464591041 <== mon.0 v2:172.21.15.45:3300/0 4 ==== mgrmap(e 8) ==== 46461+0+0 (secure 0 0 0) 0x7eff50045070 con 0x7eff54108300
2024-09-16T00:23:30.448 INFO:teuthology.orchestra.run.smithi045.stdout:/usr/bin/ceph: stderr
2024-09-16T00:23:28.837+0000 7eff4affd640 1 --2- 172.21.15.45:0/2464591041 >> [v2:172.21.15.45:6800/29208406,v1:172.21.15.45:6801/29208406] conn(0x7eff400391b0 0x7eff4003b670 unknown :-1 s=NONE pgs=0 cs=0 l=1 rev1=0 crypto rx=0 tx=0 comp rx=0 tx=0).connect
2024-09-16T00:23:30.448 INFO:teuthology.orchestra.run.smithi045.stdout:/usr/bin/ceph: stderr
2024-09-16T00:23:28.837+0000 7eff4affd640 1 -- 172.21.15.45:0/2464591041 <== mon.0 v2:172.21.15.45:3300/0 5 ==== osd_map(2..2 src has 1..2) ==== 940+0+0 (secure 0 0 0) 0x7eff5006c2b0 con 0x7eff54108300
2024-09-16T00:23:30.448 INFO:teuthology.orchestra.run.smithi045.stdout:/usr/bin/ceph: stderr
2024-09-16T00:23:28.837+0000 7eff59690640 1 --2- 172.21.15.45:0/2464591041 >> [v2:172.21.15.45:6800/29208406,v1:172.21.15.45:6801/29208406] conn(0x7eff400391b0 0x7eff4003b670 unknown :-1 s=BANNER_CONNECTING pgs=0 cs=0 l=1 rev1=0 crypto rx=0 tx=0 comp rx=0 tx=0)._handle_peer_banner_payload supported=3 required=0
2024-09-16T00:23:30.448 INFO:teuthology.orchestra.run.smithi045.stdout:/usr/bin/ceph: stderr
2024-09-16T00:23:28.837+0000 7eff5c0f5640 1 -- 172.21.15.45:0/2464591041 --> [v2:172.21.15.45:3300/0,v1:172.21.15.45:6789/0] -- mon_command({"prefix": "get_command_descriptions"} v 0) -- 0x7eff54108760 con 0x7eff54108300
2024-09-16T00:23:30.448 INFO:teuthology.orchestra.run.smithi045.stdout:/usr/bin/ceph: stderr
2024-09-16T00:23:28.838+0000 7eff59690640 1 --2- 172.21.15.45:0/2464591041 >> [v2:172.21.15.45:6800/29208406,v1:172.21.15.45:6801/29208406] conn(0x7eff400391b0 0x7eff4003b670 secure :-1 s=READY pgs=13 cs=0 l=1 rev1=1 crypto rx=0x7eff440098c0 tx=0x7eff44006db0 comp rx=0 tx=0).ready entity=mgr.14118 client_cookie=0 server_cookie=0 in_seq=0 out_seq=0
2024-09-16T00:23:30.448 INFO:teuthology.orchestra.run.smithi045.stdout:/usr/bin/ceph: stderr
2024-09-16T00:23:28.842+0000 7eff4affd640 1 -- 172.21.15.45:0/2464591041 <== mon.0 v2:172.21.15.45:3300/0 6 ==== mon_command_ack([{"prefix": "get_command_descriptions"}]=0 v0) ==== 72+0+188821 (secure 0 0 0) 0x7eff5004b170 con 0x7eff54108300
2024-09-16T00:23:30.448 INFO:teuthology.orchestra.run.smithi045.stdout:/usr/bin/ceph: stderr
2024-09-16T00:23:29.032+0000 7eff5c0f5640 1 -- 172.21.15.45:0/2464591041 --> [v2:172.21.15.45:6800/29208406,v1:172.21.15.45:6801/29208406] -- mgr_command(tid 0: {"prefix": "orch apply", "service_type": "mgr", "unmanaged": true, "target": ["mon-mgr", ""]}) -- 0x7eff54103260 con 0x7eff400391b0
2024-09-16T00:23:30.448 INFO:teuthology.orchestra.run.smithi045.stdout:/usr/bin/ceph: stderr
2024-09-16T00:23:29.037+0000 7eff4affd640 1 -- 172.21.15.45:0/2464591041 <== mgr.14118 v2:172.21.15.45:6800/29208406 1 ==== mgr_command_reply(tid 0: 0 ) ==== 8+0+24 (secure 0 0 0) 0x7eff54103260 con 0x7eff400391b0
2024-09-16T00:23:30.448 INFO:teuthology.orchestra.run.smithi045.stdout:/usr/bin/ceph: stderr
2024-09-16T00:23:29.039+0000 7eff5c0f5640 1 -- 172.21.15.45:0/2464591041 >> [v2:172.21.15.45:6800/29208406,v1:172.21.15.45:6801/29208406] conn(0x7eff400391b0 msgr2=0x7eff4003b670 secure :-1 s=STATE_CONNECTION_ESTABLISHED l=1).mark_down
2024-09-16T00:23:30.448 INFO:teuthology.orchestra.run.smithi045.stdout:/usr/bin/ceph: stderr
2024-09-16T00:23:29.039+0000 7eff5c0f5640 1 --2- 172.21.15.45:0/2464591041 >> [v2:172.21.15.45:6800/29208406,v1:172.21.15.45:6801/29208406] conn(0x7eff400391b0 0x7eff4003b670 secure :-1 s=READY pgs=13 cs=0 l=1 rev1=1 crypto rx=0x7eff440098c0 tx=0x7eff44006db0 comp rx=0 tx=0).stop
2024-09-16T00:23:30.449 INFO:teuthology.orchestra.run.smithi045.stdout:/usr/bin/ceph: stderr
2024-09-16T00:23:29.039+0000 7eff5c0f5640 1 -- 172.21.15.45:0/2464591041 >> [v2:172.21.15.45:3300/0,v1:172.21.15.45:6789/0] conn(0x7eff54108300 msgr2=0x7eff5419b870 secure :-1 s=STATE_CONNECTION_ESTABLISHED l=1).mark_down
2024-09-16T00:23:30.449 INFO:teuthology.orchestra.run.smithi045.stdout:/usr/bin/ceph: stderr
2024-09-16T00:23:29.039+0000 7eff5c0f5640 1 --2- 172.21.15.45:0/2464591041 >> [v2:172.21.15.45:3300/0,v1:172.21.15.45:6789/0] conn(0x7eff54108300 0x7eff5419b870 secure :-1 s=READY pgs=48 cs=0 l=1 rev1=1 crypto rx=0x7eff500306a0 tx=0x7eff50032d70 comp rx=0 tx=0).stop
2024-09-16T00:23:30.449 INFO:teuthology.orchestra.run.smithi045.stdout:/usr/bin/ceph: stderr
2024-09-16T00:23:29.039+0000 7eff5c0f5640 1 -- 172.21.15.45:0/2464591041 shutdown_connections
2024-09-16T00:23:30.449 INFO:teuthology.orchestra.run.smithi045.stdout:/usr/bin/ceph: stderr
2024-09-16T00:23:29.039+0000 7eff5c0f5640 1 --2- 172.21.15.45:0/2464591041 >> [v2:172.21.15.45:6800/29208406,v1:172.21.15.45:6801/29208406] conn(0x7eff400391b0 0x7eff4003b670 unknown :-1 s=CLOSED pgs=13 cs=0 l=1 rev1=1 crypto rx=0 tx=0 comp rx=0 tx=0).stop
2024-09-16T00:23:30.449 INFO:teuthology.orchestra.run.smithi045.stdout:/usr/bin/ceph: stderr
2024-09-16T00:23:29.039+0000 7eff5c0f5640 1 --2- 172.21.15.45:0/2464591041 >> [v2:172.21.15.45:3300/0,v1:172.21.15.45:6789/0] conn(0x7eff54108300 0x7eff5419b870 unknown :-1 s=CLOSED pgs=48 cs=0 l=1 rev1=1 crypto rx=0 tx=0 comp rx=0 tx=0).stop
2024-09-16T00:23:30.449 INFO:teuthology.orchestra.run.smithi045.stdout:/usr/bin/ceph: stderr
2024-09-16T00:23:29.039+0000 7eff5c0f5640 1 -- 172.21.15.45:0/2464591041 >> 172.21.15.45:0/2464591041 conn(0x7eff54101f00 msgr2=0x7eff54102b50 unknown :-1 s=STATE_NONE l=0).mark_down
2024-09-16T00:23:30.449 INFO:teuthology.orchestra.run.smithi045.stdout:/usr/bin/ceph: stderr
2024-09-16T00:23:29.039+0000 7eff5c0f5640 1 -- 172.21.15.45:0/2464591041 shutdown_connections
2024-09-16T00:23:30.449 INFO:teuthology.orchestra.run.smithi045.stdout:/usr/bin/ceph: stderr
2024-09-16T00:23:29.039+0000 7eff5c0f5640 1 -- 172.21.15.45:0/2464591041 wait complete.
2024-09-16T00:23:31.708 INFO:journalctl@ceph.mon.a.smithi045.stdout:Sep 16 00:23:31 smithi045 ceph-mon[30937]: from='mgr.14118 172.21.15.45:0/3676681159' entity='mgr.x'
2024-09-16T00:23:31.708 INFO:journalctl@ceph.mon.a.smithi045.stdout:Sep 16 00:23:31 smithi045 ceph-mon[30937]: from='client.? 172.21.15.45:0/363744465' entity='client.admin'
2024-09-16T00:23:32.045 INFO:teuthology.orchestra.run.smithi045.stdout:/usr/bin/ceph: stderr
2024-09-16T00:23:30.833+0000 7fb42e4d6640 1 Processor -- start
2024-09-16T00:23:32.046 INFO:teuthology.orchestra.run.smithi045.stdout:/usr/bin/ceph: stderr
2024-09-16T00:23:30.833+0000 7fb42e4d6640 1 -- start start
2024-09-16T00:23:32.046 INFO:teuthology.orchestra.run.smithi045.stdout:/usr/bin/ceph: stderr
2024-09-16T00:23:30.833+0000 7fb42e4d6640 1 --2- >> [v2:172.21.15.45:3300/0,v1:172.21.15.45:6789/0] conn(0x7fb428107890 0x7fb428107c90 unknown :-1 s=NONE pgs=0 cs=0 l=0 rev1=0 crypto rx=0 tx=0 comp rx=0 tx=0).connect
2024-09-16T00:23:32.046 INFO:teuthology.orchestra.run.smithi045.stdout:/usr/bin/ceph: stderr
2024-09-16T00:23:30.833+0000 7fb42e4d6640 1 -- --> [v2:172.21.15.45:3300/0,v1:172.21.15.45:6789/0] -- mon_getmap magic: 0 -- 0x7fb428108260 con 0x7fb428107890
2024-09-16T00:23:32.046 INFO:teuthology.orchestra.run.smithi045.stdout:/usr/bin/ceph: stderr
2024-09-16T00:23:30.833+0000 7fb427fff640 1 --2- >> [v2:172.21.15.45:3300/0,v1:172.21.15.45:6789/0] conn(0x7fb428107890 0x7fb428107c90 unknown :-1 s=BANNER_CONNECTING pgs=0 cs=0 l=0 rev1=0 crypto rx=0 tx=0 comp rx=0 tx=0)._handle_peer_banner_payload supported=3 required=0
2024-09-16T00:23:32.046 INFO:teuthology.orchestra.run.smithi045.stdout:/usr/bin/ceph: stderr
2024-09-16T00:23:30.833+0000 7fb427fff640 1 --2- >> [v2:172.21.15.45:3300/0,v1:172.21.15.45:6789/0] conn(0x7fb428107890 0x7fb428107c90 unknown :-1 s=HELLO_CONNECTING pgs=0 cs=0 l=0 rev1=1 crypto rx=0 tx=0 comp rx=0 tx=0).handle_hello peer v2:172.21.15.45:3300/0 says I am v2:172.21.15.45:37844/0 (socket says 172.21.15.45:37844)
2024-09-16T00:23:32.046 INFO:teuthology.orchestra.run.smithi045.stdout:/usr/bin/ceph: stderr
2024-09-16T00:23:30.833+0000 7fb427fff640 1 -- 172.21.15.45:0/1256204586 learned_addr learned my addr 172.21.15.45:0/1256204586 (peer_addr_for_me v2:172.21.15.45:0/0)
2024-09-16T00:23:32.046 INFO:teuthology.orchestra.run.smithi045.stdout:/usr/bin/ceph: stderr
2024-09-16T00:23:30.834+0000 7fb427fff640 1 -- 172.21.15.45:0/1256204586 --> [v2:172.21.15.45:3300/0,v1:172.21.15.45:6789/0] -- mon_subscribe({config=0+,monmap=0+}) -- 0x7fb428108a40 con 0x7fb428107890
2024-09-16T00:23:32.046 INFO:teuthology.orchestra.run.smithi045.stdout:/usr/bin/ceph: stderr
2024-09-16T00:23:30.834+0000 7fb427fff640 1 --2- 172.21.15.45:0/1256204586 >> [v2:172.21.15.45:3300/0,v1:172.21.15.45:6789/0] conn(0x7fb428107890 0x7fb428107c90 secure :-1 s=READY pgs=49 cs=0 l=1 rev1=1 crypto rx=0x7fb418009820 tx=0x7fb41802a270 comp rx=0 tx=0).ready entity=mon.0 client_cookie=6aaa0f5cdb06bd8a server_cookie=0 in_seq=0 out_seq=0
2024-09-16T00:23:32.046 INFO:teuthology.orchestra.run.smithi045.stdout:/usr/bin/ceph: stderr
2024-09-16T00:23:30.835+0000 7fb426ffd640 1 -- 172.21.15.45:0/1256204586 <== mon.0 v2:172.21.15.45:3300/0 1 ==== mon_map magic: 0 ==== 205+0+0 (secure 0 0 0) 0x7fb418037070 con 0x7fb428107890
2024-09-16T00:23:32.046 INFO:teuthology.orchestra.run.smithi045.stdout:/usr/bin/ceph: stderr
2024-09-16T00:23:30.835+0000 7fb426ffd640 1 -- 172.21.15.45:0/1256204586 <== mon.0 v2:172.21.15.45:3300/0 2 ==== config(28 keys) ==== 1171+0+0 (secure 0 0 0) 0x7fb418032940 con 0x7fb428107890
2024-09-16T00:23:32.047 INFO:teuthology.orchestra.run.smithi045.stdout:/usr/bin/ceph: stderr
2024-09-16T00:23:30.835+0000 7fb426ffd640 1 -- 172.21.15.45:0/1256204586 <== mon.0 v2:172.21.15.45:3300/0 3 ==== mon_map magic: 0 ==== 205+0+0 (secure 0 0 0) 0x7fb4180308b0 con 0x7fb428107890
2024-09-16T00:23:32.047 INFO:teuthology.orchestra.run.smithi045.stdout:/usr/bin/ceph: stderr
2024-09-16T00:23:30.835+0000 7fb42e4d6640 1 -- 172.21.15.45:0/1256204586 >> [v2:172.21.15.45:3300/0,v1:172.21.15.45:6789/0] conn(0x7fb428107890 msgr2=0x7fb428107c90 secure :-1 s=STATE_CONNECTION_ESTABLISHED l=1).mark_down
2024-09-16T00:23:32.047 INFO:teuthology.orchestra.run.smithi045.stdout:/usr/bin/ceph: stderr
2024-09-16T00:23:30.835+0000 7fb42e4d6640 1 --2- 172.21.15.45:0/1256204586 >> [v2:172.21.15.45:3300/0,v1:172.21.15.45:6789/0] conn(0x7fb428107890 0x7fb428107c90 secure :-1 s=READY pgs=49 cs=0 l=1 rev1=1 crypto rx=0x7fb418009820 tx=0x7fb41802a270 comp rx=0 tx=0).stop
2024-09-16T00:23:32.047 INFO:teuthology.orchestra.run.smithi045.stdout:/usr/bin/ceph: stderr
2024-09-16T00:23:30.835+0000 7fb42e4d6640 1 -- 172.21.15.45:0/1256204586 shutdown_connections
2024-09-16T00:23:32.047 INFO:teuthology.orchestra.run.smithi045.stdout:/usr/bin/ceph: stderr
2024-09-16T00:23:30.835+0000 7fb42e4d6640 1 --2- 172.21.15.45:0/1256204586 >> [v2:172.21.15.45:3300/0,v1:172.21.15.45:6789/0] conn(0x7fb428107890 0x7fb428107c90 unknown :-1 s=CLOSED pgs=49 cs=0 l=1 rev1=1 crypto rx=0 tx=0 comp rx=0 tx=0).stop
2024-09-16T00:23:32.047 INFO:teuthology.orchestra.run.smithi045.stdout:/usr/bin/ceph: stderr
2024-09-16T00:23:30.835+0000 7fb42e4d6640 1 -- 172.21.15.45:0/1256204586 >> 172.21.15.45:0/1256204586 conn(0x7fb428103020 msgr2=0x7fb428105460 unknown :-1 s=STATE_NONE l=0).mark_down
2024-09-16T00:23:32.047 INFO:teuthology.orchestra.run.smithi045.stdout:/usr/bin/ceph: stderr
2024-09-16T00:23:30.835+0000 7fb42e4d6640 1 -- 172.21.15.45:0/1256204586 shutdown_connections
2024-09-16T00:23:32.047 INFO:teuthology.orchestra.run.smithi045.stdout:/usr/bin/ceph: stderr
2024-09-16T00:23:30.835+0000 7fb42e4d6640 1 -- 172.21.15.45:0/1256204586 wait complete.
2024-09-16T00:23:32.047 INFO:teuthology.orchestra.run.smithi045.stdout:/usr/bin/ceph: stderr
2024-09-16T00:23:30.836+0000 7fb42e4d6640 1 Processor -- start
2024-09-16T00:23:32.047 INFO:teuthology.orchestra.run.smithi045.stdout:/usr/bin/ceph: stderr
2024-09-16T00:23:30.836+0000 7fb42e4d6640 1 -- start start
2024-09-16T00:23:32.047 INFO:teuthology.orchestra.run.smithi045.stdout:/usr/bin/ceph: stderr
2024-09-16T00:23:30.836+0000 7fb42e4d6640 1 --2- >> [v2:172.21.15.45:3300/0,v1:172.21.15.45:6789/0] conn(0x7fb428107890 0x7fb42819b8f0 unknown :-1 s=NONE pgs=0 cs=0 l=1 rev1=0 crypto rx=0 tx=0 comp rx=0 tx=0).connect
2024-09-16T00:23:32.047 INFO:teuthology.orchestra.run.smithi045.stdout:/usr/bin/ceph: stderr
2024-09-16T00:23:30.836+0000 7fb42e4d6640 1 -- --> [v2:172.21.15.45:3300/0,v1:172.21.15.45:6789/0] -- mon_getmap magic: 0 -- 0x7fb42810bdf0 con 0x7fb428107890
2024-09-16T00:23:32.048 INFO:teuthology.orchestra.run.smithi045.stdout:/usr/bin/ceph: stderr
2024-09-16T00:23:30.836+0000 7fb427fff640 1 --2- >> [v2:172.21.15.45:3300/0,v1:172.21.15.45:6789/0] conn(0x7fb428107890 0x7fb42819b8f0 unknown :-1 s=BANNER_CONNECTING pgs=0 cs=0 l=1 rev1=0 crypto rx=0 tx=0 comp rx=0 tx=0)._handle_peer_banner_payload supported=3 required=0
2024-09-16T00:23:32.048 INFO:teuthology.orchestra.run.smithi045.stdout:/usr/bin/ceph: stderr
2024-09-16T00:23:30.836+0000 7fb427fff640 1 --2- >> [v2:172.21.15.45:3300/0,v1:172.21.15.45:6789/0] conn(0x7fb428107890 0x7fb42819b8f0 unknown :-1 s=HELLO_CONNECTING pgs=0 cs=0 l=1 rev1=1 crypto rx=0 tx=0 comp rx=0 tx=0).handle_hello peer v2:172.21.15.45:3300/0 says I am v2:172.21.15.45:37860/0 (socket says 172.21.15.45:37860)
2024-09-16T00:23:32.048 INFO:teuthology.orchestra.run.smithi045.stdout:/usr/bin/ceph: stderr
2024-09-16T00:23:30.836+0000 7fb427fff640 1 -- 172.21.15.45:0/363744465 learned_addr learned my addr 172.21.15.45:0/363744465 (peer_addr_for_me v2:172.21.15.45:0/0)
2024-09-16T00:23:32.048 INFO:teuthology.orchestra.run.smithi045.stdout:/usr/bin/ceph: stderr
2024-09-16T00:23:30.837+0000 7fb427fff640 1 -- 172.21.15.45:0/363744465 --> [v2:172.21.15.45:3300/0,v1:172.21.15.45:6789/0] -- mon_subscribe({config=0+,monmap=0+}) -- 0x7fb42819be30 con 0x7fb428107890
2024-09-16T00:23:32.048 INFO:teuthology.orchestra.run.smithi045.stdout:/usr/bin/ceph: stderr
2024-09-16T00:23:30.837+0000 7fb427fff640 1 --2- 172.21.15.45:0/363744465 >> [v2:172.21.15.45:3300/0,v1:172.21.15.45:6789/0] conn(0x7fb428107890 0x7fb42819b8f0 secure :-1 s=READY pgs=50 cs=0 l=1 rev1=1 crypto rx=0x7fb418009940 tx=0x7fb418032e60 comp rx=0 tx=0).ready entity=mon.0 client_cookie=0 server_cookie=0 in_seq=0 out_seq=0
2024-09-16T00:23:32.048 INFO:teuthology.orchestra.run.smithi045.stdout:/usr/bin/ceph: stderr
2024-09-16T00:23:30.837+0000 7fb4257fa640 1 -- 172.21.15.45:0/363744465 <== mon.0 v2:172.21.15.45:3300/0 1 ==== mon_map magic: 0 ==== 205+0+0 (secure 0 0 0) 0x7fb418042070 con 0x7fb428107890
2024-09-16T00:23:32.048 INFO:teuthology.orchestra.run.smithi045.stdout:/usr/bin/ceph: stderr
2024-09-16T00:23:30.837+0000 7fb4257fa640 1 -- 172.21.15.45:0/363744465 <== mon.0 v2:172.21.15.45:3300/0 2 ==== config(28 keys) ==== 1171+0+0 (secure 0 0 0) 0x7fb4180326b0 con 0x7fb428107890
2024-09-16T00:23:32.048 INFO:teuthology.orchestra.run.smithi045.stdout:/usr/bin/ceph: stderr
2024-09-16T00:23:30.837+0000 7fb42e4d6640 1 -- 172.21.15.45:0/363744465 --> [v2:172.21.15.45:3300/0,v1:172.21.15.45:6789/0] -- mon_subscribe({mgrmap=0+}) -- 0x7fb42819c0c0 con 0x7fb428107890
2024-09-16T00:23:32.048 INFO:teuthology.orchestra.run.smithi045.stdout:/usr/bin/ceph: stderr
2024-09-16T00:23:30.837+0000 7fb4257fa640 1 -- 172.21.15.45:0/363744465 <== mon.0 v2:172.21.15.45:3300/0 3 ==== mon_map magic: 0 ==== 205+0+0 (secure 0 0 0) 0x7fb418037040 con 0x7fb428107890
2024-09-16T00:23:32.048 INFO:teuthology.orchestra.run.smithi045.stdout:/usr/bin/ceph: stderr
2024-09-16T00:23:30.837+0000 7fb42e4d6640 1 -- 172.21.15.45:0/363744465 --> [v2:172.21.15.45:3300/0,v1:172.21.15.45:6789/0] -- mon_subscribe({osdmap=0}) -- 0x7fb42819edb0 con 0x7fb428107890
2024-09-16T00:23:32.048 INFO:teuthology.orchestra.run.smithi045.stdout:/usr/bin/ceph: stderr
2024-09-16T00:23:30.838+0000 7fb42e4d6640 1 -- 172.21.15.45:0/363744465 --> [v2:172.21.15.45:3300/0,v1:172.21.15.45:6789/0] -- mon_command({"prefix": "get_command_descriptions"} v 0) -- 0x7fb428107d10 con 0x7fb428107890
2024-09-16T00:23:32.048 INFO:teuthology.orchestra.run.smithi045.stdout:/usr/bin/ceph: stderr
2024-09-16T00:23:30.838+0000 7fb4257fa640 1 -- 172.21.15.45:0/363744465 <== mon.0 v2:172.21.15.45:3300/0 4 ==== mgrmap(e 8) ==== 46461+0+0 (secure 0 0 0) 0x7fb418045070 con 0x7fb428107890
2024-09-16T00:23:32.049 INFO:teuthology.orchestra.run.smithi045.stdout:/usr/bin/ceph: stderr
2024-09-16T00:23:30.839+0000 7fb4257fa640 1 --2- 172.21.15.45:0/363744465 >> [v2:172.21.15.45:6800/29208406,v1:172.21.15.45:6801/29208406] conn(0x7fb410039200 0x7fb41003b6c0 unknown :-1 s=NONE pgs=0 cs=0 l=1 rev1=0 crypto rx=0 tx=0 comp rx=0 tx=0).connect
2024-09-16T00:23:32.049 INFO:teuthology.orchestra.run.smithi045.stdout:/usr/bin/ceph: stderr
2024-09-16T00:23:30.839+0000 7fb4257fa640 1 -- 172.21.15.45:0/363744465 <== mon.0 v2:172.21.15.45:3300/0 5 ==== osd_map(2..2 src has 1..2) ==== 940+0+0 (secure 0 0 0) 0x7fb41806c280 con 0x7fb428107890
2024-09-16T00:23:32.049 INFO:teuthology.orchestra.run.smithi045.stdout:/usr/bin/ceph: stderr
2024-09-16T00:23:30.839+0000 7fb4277fe640 1 --2- 172.21.15.45:0/363744465 >> [v2:172.21.15.45:6800/29208406,v1:172.21.15.45:6801/29208406] conn(0x7fb410039200 0x7fb41003b6c0 unknown :-1 s=BANNER_CONNECTING pgs=0 cs=0 l=1 rev1=0 crypto rx=0 tx=0 comp rx=0 tx=0)._handle_peer_banner_payload supported=3 required=0
2024-09-16T00:23:32.049 INFO:teuthology.orchestra.run.smithi045.stdout:/usr/bin/ceph: stderr
2024-09-16T00:23:30.839+0000 7fb4277fe640 1 --2- 172.21.15.45:0/363744465 >> [v2:172.21.15.45:6800/29208406,v1:172.21.15.45:6801/29208406] conn(0x7fb410039200 0x7fb41003b6c0 secure :-1 s=READY pgs=14 cs=0 l=1 rev1=1 crypto rx=0x7fb41c0098c0 tx=0x7fb41c006db0 comp rx=0 tx=0).ready entity=mgr.14118 client_cookie=0 server_cookie=0 in_seq=0 out_seq=0
2024-09-16T00:23:32.049 INFO:teuthology.orchestra.run.smithi045.stdout:/usr/bin/ceph: stderr
2024-09-16T00:23:30.844+0000 7fb4257fa640 1 -- 172.21.15.45:0/363744465 <== mon.0 v2:172.21.15.45:3300/0 6 ==== mon_command_ack([{"prefix": "get_command_descriptions"}]=0 v0) ==== 72+0+188821 (secure 0 0 0) 0x7fb418045360 con 0x7fb428107890
2024-09-16T00:23:32.049 INFO:teuthology.orchestra.run.smithi045.stdout:/usr/bin/ceph: stderr
2024-09-16T00:23:31.031+0000 7fb42e4d6640 1 -- 172.21.15.45:0/363744465 --> [v2:172.21.15.45:3300/0,v1:172.21.15.45:6789/0] -- mon_command([{prefix=config set, name=mgr/cephadm/container_init}] v 0) -- 0x7fb42819f370 con 0x7fb428107890
2024-09-16T00:23:32.049 INFO:teuthology.orchestra.run.smithi045.stdout:/usr/bin/ceph: stderr
2024-09-16T00:23:31.034+0000 7fb4257fa640 1 -- 172.21.15.45:0/363744465 <== mon.0 v2:172.21.15.45:3300/0 7 ==== mon_command_ack([{prefix=config set, name=mgr/cephadm/container_init}]=0 v7)=0 v7) ==== 142+0+0 (secure 0 0 0) 0x7fb418043260 con 0x7fb428107890
2024-09-16T00:23:32.049 INFO:teuthology.orchestra.run.smithi045.stdout:/usr/bin/ceph: stderr
2024-09-16T00:23:31.036+0000 7fb42e4d6640 1 -- 172.21.15.45:0/363744465 >> [v2:172.21.15.45:6800/29208406,v1:172.21.15.45:6801/29208406] conn(0x7fb410039200 msgr2=0x7fb41003b6c0 secure :-1 s=STATE_CONNECTION_ESTABLISHED l=1).mark_down
2024-09-16T00:23:32.049 INFO:teuthology.orchestra.run.smithi045.stdout:/usr/bin/ceph: stderr
2024-09-16T00:23:31.036+0000 7fb42e4d6640 1 --2- 172.21.15.45:0/363744465 >> [v2:172.21.15.45:6800/29208406,v1:172.21.15.45:6801/29208406] conn(0x7fb410039200 0x7fb41003b6c0 secure :-1 s=READY pgs=14 cs=0 l=1 rev1=1 crypto rx=0x7fb41c0098c0 tx=0x7fb41c006db0 comp rx=0 tx=0).stop
2024-09-16T00:23:32.049 INFO:teuthology.orchestra.run.smithi045.stdout:/usr/bin/ceph: stderr
2024-09-16T00:23:31.036+0000 7fb42e4d6640 1 -- 172.21.15.45:0/363744465 >> [v2:172.21.15.45:3300/0,v1:172.21.15.45:6789/0] conn(0x7fb428107890 msgr2=0x7fb42819b8f0 secure :-1 s=STATE_CONNECTION_ESTABLISHED l=1).mark_down
2024-09-16T00:23:32.049 INFO:teuthology.orchestra.run.smithi045.stdout:/usr/bin/ceph: stderr
2024-09-16T00:23:31.036+0000 7fb42e4d6640 1 --2- 172.21.15.45:0/363744465 >> [v2:172.21.15.45:3300/0,v1:172.21.15.45:6789/0] conn(0x7fb428107890 0x7fb42819b8f0 secure :-1 s=READY pgs=50 cs=0 l=1 rev1=1 crypto rx=0x7fb418009940 tx=0x7fb418032e60 comp rx=0 tx=0).stop
2024-09-16T00:23:32.049 INFO:teuthology.orchestra.run.smithi045.stdout:/usr/bin/ceph: stderr
2024-09-16T00:23:31.036+0000 7fb42e4d6640 1 -- 172.21.15.45:0/363744465 shutdown_connections
2024-09-16T00:23:32.049 INFO:teuthology.orchestra.run.smithi045.stdout:/usr/bin/ceph: stderr
2024-09-16T00:23:31.036+0000 7fb42e4d6640 1 --2- 172.21.15.45:0/363744465 >> [v2:172.21.15.45:6800/29208406,v1:172.21.15.45:6801/29208406] conn(0x7fb410039200 0x7fb41003b6c0 unknown :-1 s=CLOSED pgs=14 cs=0 l=1 rev1=1 crypto rx=0 tx=0 comp rx=0 tx=0).stop
2024-09-16T00:23:32.050 INFO:teuthology.orchestra.run.smithi045.stdout:/usr/bin/ceph: stderr
2024-09-16T00:23:31.036+0000 7fb42e4d6640 1 --2- 172.21.15.45:0/363744465 >> [v2:172.21.15.45:3300/0,v1:172.21.15.45:6789/0] conn(0x7fb428107890 0x7fb42819b8f0 unknown :-1 s=CLOSED pgs=50 cs=0 l=1 rev1=1 crypto rx=0 tx=0 comp rx=0 tx=0).stop
2024-09-16T00:23:32.050 INFO:teuthology.orchestra.run.smithi045.stdout:/usr/bin/ceph: stderr
2024-09-16T00:23:31.036+0000 7fb42e4d6640 1 -- 172.21.15.45:0/363744465 >> 172.21.15.45:0/363744465 conn(0x7fb428103020 msgr2=0x7fb428103c60 unknown :-1 s=STATE_NONE l=0).mark_down
2024-09-16T00:23:32.050 INFO:teuthology.orchestra.run.smithi045.stdout:/usr/bin/ceph: stderr
2024-09-16T00:23:31.036+0000 7fb42e4d6640 1 -- 172.21.15.45:0/363744465 shutdown_connections
2024-09-16T00:23:32.050 INFO:teuthology.orchestra.run.smithi045.stdout:/usr/bin/ceph: stderr
2024-09-16T00:23:31.036+0000 7fb42e4d6640 1 -- 172.21.15.45:0/363744465 wait complete.
2024-09-16T00:23:33.327 INFO:teuthology.orchestra.run.smithi045.stdout:/usr/bin/ceph: stderr
2024-09-16T00:23:32.489+0000 7fc065ae1640 1 Processor -- start
2024-09-16T00:23:33.327 INFO:teuthology.orchestra.run.smithi045.stdout:/usr/bin/ceph: stderr
2024-09-16T00:23:32.489+0000 7fc065ae1640 1 -- start start
2024-09-16T00:23:33.327 INFO:teuthology.orchestra.run.smithi045.stdout:/usr/bin/ceph: stderr
2024-09-16T00:23:32.489+0000 7fc065ae1640 1 --2- >> [v2:172.21.15.45:3300/0,v1:172.21.15.45:6789/0] conn(0x7fc060107890 0x7fc060107c90 unknown :-1 s=NONE pgs=0 cs=0 l=0 rev1=0 crypto rx=0 tx=0 comp rx=0 tx=0).connect
2024-09-16T00:23:33.328 INFO:teuthology.orchestra.run.smithi045.stdout:/usr/bin/ceph: stderr
2024-09-16T00:23:32.489+0000 7fc065ae1640 1 -- --> [v2:172.21.15.45:3300/0,v1:172.21.15.45:6789/0] -- mon_getmap magic: 0 -- 0x7fc060108260 con 0x7fc060107890
2024-09-16T00:23:33.328 INFO:teuthology.orchestra.run.smithi045.stdout:/usr/bin/ceph: stderr
2024-09-16T00:23:32.490+0000 7fc05f7fe640 1 --2- >> [v2:172.21.15.45:3300/0,v1:172.21.15.45:6789/0] conn(0x7fc060107890 0x7fc060107c90 unknown :-1 s=BANNER_CONNECTING pgs=0 cs=0 l=0 rev1=0 crypto rx=0 tx=0 comp rx=0 tx=0)._handle_peer_banner_payload supported=3 required=0
2024-09-16T00:23:33.328 INFO:teuthology.orchestra.run.smithi045.stdout:/usr/bin/ceph: stderr
2024-09-16T00:23:32.490+0000 7fc05f7fe640 1 --2- >> [v2:172.21.15.45:3300/0,v1:172.21.15.45:6789/0] conn(0x7fc060107890 0x7fc060107c90 unknown :-1 s=HELLO_CONNECTING pgs=0 cs=0 l=0 rev1=1 crypto rx=0 tx=0 comp rx=0 tx=0).handle_hello peer v2:172.21.15.45:3300/0 says I am v2:172.21.15.45:59118/0 (socket says 172.21.15.45:59118)
2024-09-16T00:23:33.328 INFO:teuthology.orchestra.run.smithi045.stdout:/usr/bin/ceph: stderr
2024-09-16T00:23:32.490+0000 7fc05f7fe640 1 -- 172.21.15.45:0/161676917 learned_addr learned my addr 172.21.15.45:0/161676917 (peer_addr_for_me v2:172.21.15.45:0/0)
2024-09-16T00:23:33.328 INFO:teuthology.orchestra.run.smithi045.stdout:/usr/bin/ceph: stderr
2024-09-16T00:23:32.490+0000 7fc05f7fe640 1 -- 172.21.15.45:0/161676917 --> [v2:172.21.15.45:3300/0,v1:172.21.15.45:6789/0] -- mon_subscribe({config=0+,monmap=0+}) -- 0x7fc060108a40 con 0x7fc060107890
2024-09-16T00:23:33.328 INFO:teuthology.orchestra.run.smithi045.stdout:/usr/bin/ceph: stderr
2024-09-16T00:23:32.491+0000 7fc05f7fe640 1 --2- 172.21.15.45:0/161676917 >> [v2:172.21.15.45:3300/0,v1:172.21.15.45:6789/0] conn(0x7fc060107890 0x7fc060107c90 secure :-1 s=READY pgs=51 cs=0 l=1 rev1=1 crypto rx=0x7fc050009820 tx=0x7fc05002a270 comp rx=0 tx=0).ready entity=mon.0 client_cookie=c87a62d413f66b69 server_cookie=0 in_seq=0 out_seq=0
2024-09-16T00:23:33.328 INFO:teuthology.orchestra.run.smithi045.stdout:/usr/bin/ceph: stderr
2024-09-16T00:23:32.491+0000 7fc05e7fc640 1 -- 172.21.15.45:0/161676917 <== mon.0 v2:172.21.15.45:3300/0 1 ==== mon_map magic: 0 ==== 205+0+0 (secure 0 0 0) 0x7fc050037070 con 0x7fc060107890
2024-09-16T00:23:33.328 INFO:teuthology.orchestra.run.smithi045.stdout:/usr/bin/ceph: stderr
2024-09-16T00:23:32.491+0000 7fc05e7fc640 1 -- 172.21.15.45:0/161676917 <== mon.0 v2:172.21.15.45:3300/0 2 ==== config(28 keys) ==== 1171+0+0 (secure 0 0 0) 0x7fc050032940 con 0x7fc060107890
2024-09-16T00:23:33.328 INFO:teuthology.orchestra.run.smithi045.stdout:/usr/bin/ceph: stderr
2024-09-16T00:23:32.491+0000 7fc05e7fc640 1 -- 172.21.15.45:0/161676917 <== mon.0 v2:172.21.15.45:3300/0 3 ==== mon_map magic: 0 ==== 205+0+0 (secure 0 0 0) 0x7fc0500308b0 con 0x7fc060107890
2024-09-16T00:23:33.328 INFO:teuthology.orchestra.run.smithi045.stdout:/usr/bin/ceph: stderr
2024-09-16T00:23:32.491+0000 7fc065ae1640 1 -- 172.21.15.45:0/161676917 >> [v2:172.21.15.45:3300/0,v1:172.21.15.45:6789/0] conn(0x7fc060107890 msgr2=0x7fc060107c90 secure :-1 s=STATE_CONNECTION_ESTABLISHED l=1).mark_down
2024-09-16T00:23:33.328 INFO:teuthology.orchestra.run.smithi045.stdout:/usr/bin/ceph: stderr
2024-09-16T00:23:32.491+0000 7fc065ae1640 1 --2- 172.21.15.45:0/161676917 >> [v2:172.21.15.45:3300/0,v1:172.21.15.45:6789/0] conn(0x7fc060107890 0x7fc060107c90 secure :-1 s=READY pgs=51 cs=0 l=1 rev1=1 crypto rx=0x7fc050009820 tx=0x7fc05002a270 comp rx=0 tx=0).stop
2024-09-16T00:23:33.328 INFO:teuthology.orchestra.run.smithi045.stdout:/usr/bin/ceph: stderr
2024-09-16T00:23:32.491+0000 7fc065ae1640 1 -- 172.21.15.45:0/161676917 shutdown_connections
2024-09-16T00:23:33.329 INFO:teuthology.orchestra.run.smithi045.stdout:/usr/bin/ceph: stderr
2024-09-16T00:23:32.491+0000 7fc065ae1640 1 --2- 172.21.15.45:0/161676917 >> [v2:172.21.15.45:3300/0,v1:172.21.15.45:6789/0] conn(0x7fc060107890 0x7fc060107c90 unknown :-1 s=CLOSED pgs=51 cs=0 l=1 rev1=1 crypto rx=0 tx=0 comp rx=0 tx=0).stop
2024-09-16T00:23:33.329 INFO:teuthology.orchestra.run.smithi045.stdout:/usr/bin/ceph: stderr
2024-09-16T00:23:32.491+0000 7fc065ae1640 1 -- 172.21.15.45:0/161676917 >> 172.21.15.45:0/161676917 conn(0x7fc060103020 msgr2=0x7fc060105460 unknown :-1 s=STATE_NONE l=0).mark_down
2024-09-16T00:23:33.329 INFO:teuthology.orchestra.run.smithi045.stdout:/usr/bin/ceph: stderr
2024-09-16T00:23:32.492+0000 7fc065ae1640 1 -- 172.21.15.45:0/161676917 shutdown_connections
2024-09-16T00:23:33.329 INFO:teuthology.orchestra.run.smithi045.stdout:/usr/bin/ceph: stderr
2024-09-16T00:23:32.492+0000 7fc065ae1640 1 -- 172.21.15.45:0/161676917 wait complete.
2024-09-16T00:23:33.329 INFO:teuthology.orchestra.run.smithi045.stdout:/usr/bin/ceph: stderr
2024-09-16T00:23:32.492+0000 7fc065ae1640 1 Processor -- start
2024-09-16T00:23:33.329 INFO:teuthology.orchestra.run.smithi045.stdout:/usr/bin/ceph: stderr
2024-09-16T00:23:32.492+0000 7fc065ae1640 1 -- start start
2024-09-16T00:23:33.329 INFO:teuthology.orchestra.run.smithi045.stdout:/usr/bin/ceph: stderr
2024-09-16T00:23:32.492+0000 7fc065ae1640 1 --2- >> [v2:172.21.15.45:3300/0,v1:172.21.15.45:6789/0] conn(0x7fc060107890 0x7fc06019b920 unknown :-1 s=NONE pgs=0 cs=0 l=1 rev1=0 crypto rx=0 tx=0 comp rx=0 tx=0).connect
2024-09-16T00:23:33.329 INFO:teuthology.orchestra.run.smithi045.stdout:/usr/bin/ceph: stderr
2024-09-16T00:23:32.492+0000 7fc065ae1640 1 -- --> [v2:172.21.15.45:3300/0,v1:172.21.15.45:6789/0] -- mon_getmap magic: 0 -- 0x7fc06010bdf0 con 0x7fc060107890
2024-09-16T00:23:33.330 INFO:teuthology.orchestra.run.smithi045.stdout:/usr/bin/ceph: stderr
2024-09-16T00:23:32.493+0000 7fc05f7fe640 1 --2- >> [v2:172.21.15.45:3300/0,v1:172.21.15.45:6789/0] conn(0x7fc060107890 0x7fc06019b920 unknown :-1 s=BANNER_CONNECTING pgs=0 cs=0 l=1 rev1=0 crypto rx=0 tx=0 comp rx=0 tx=0)._handle_peer_banner_payload supported=3 required=0
2024-09-16T00:23:33.330 INFO:teuthology.orchestra.run.smithi045.stdout:/usr/bin/ceph: stderr
2024-09-16T00:23:32.493+0000 7fc05f7fe640 1 --2- >> [v2:172.21.15.45:3300/0,v1:172.21.15.45:6789/0] conn(0x7fc060107890 0x7fc06019b920 unknown :-1 s=HELLO_CONNECTING pgs=0 cs=0 l=1 rev1=1 crypto rx=0 tx=0 comp rx=0 tx=0).handle_hello peer v2:172.21.15.45:3300/0 says I am v2:172.21.15.45:59124/0 (socket says 172.21.15.45:59124)
2024-09-16T00:23:33.330 INFO:teuthology.orchestra.run.smithi045.stdout:/usr/bin/ceph: stderr
2024-09-16T00:23:32.493+0000 7fc05f7fe640 1 -- 172.21.15.45:0/2541027294 learned_addr learned my addr 172.21.15.45:0/2541027294 (peer_addr_for_me v2:172.21.15.45:0/0)
2024-09-16T00:23:33.330 INFO:teuthology.orchestra.run.smithi045.stdout:/usr/bin/ceph: stderr
2024-09-16T00:23:32.493+0000 7fc05f7fe640 1 -- 172.21.15.45:0/2541027294 --> [v2:172.21.15.45:3300/0,v1:172.21.15.45:6789/0] -- mon_subscribe({config=0+,monmap=0+}) -- 0x7fc06019be60 con 0x7fc060107890
2024-09-16T00:23:33.330 INFO:teuthology.orchestra.run.smithi045.stdout:/usr/bin/ceph: stderr
2024-09-16T00:23:32.493+0000 7fc05f7fe640 1 --2- 172.21.15.45:0/2541027294 >> [v2:172.21.15.45:3300/0,v1:172.21.15.45:6789/0] conn(0x7fc060107890 0x7fc06019b920 secure :-1 s=READY pgs=52 cs=0 l=1 rev1=1 crypto rx=0x7fc0500097f0 tx=0x7fc050032670 comp rx=0 tx=0).ready entity=mon.0 client_cookie=0 server_cookie=0 in_seq=0 out_seq=0
2024-09-16T00:23:33.330 INFO:teuthology.orchestra.run.smithi045.stdout:/usr/bin/ceph: stderr
2024-09-16T00:23:32.493+0000 7fc05cff9640 1 -- 172.21.15.45:0/2541027294 <== mon.0 v2:172.21.15.45:3300/0 1 ==== mon_map magic: 0 ==== 205+0+0 (secure 0 0 0) 0x7fc050042070 con 0x7fc060107890
2024-09-16T00:23:33.330 INFO:teuthology.orchestra.run.smithi045.stdout:/usr/bin/ceph: stderr
2024-09-16T00:23:32.493+0000 7fc05cff9640 1 -- 172.21.15.45:0/2541027294 <== mon.0 v2:172.21.15.45:3300/0 2 ==== config(28 keys) ==== 1171+0+0 (secure 0 0 0) 0x7fc050030e30 con 0x7fc060107890
2024-09-16T00:23:33.330 INFO:teuthology.orchestra.run.smithi045.stdout:/usr/bin/ceph: stderr
2024-09-16T00:23:32.493+0000 7fc065ae1640 1 -- 172.21.15.45:0/2541027294 --> [v2:172.21.15.45:3300/0,v1:172.21.15.45:6789/0] -- mon_subscribe({mgrmap=0+}) -- 0x7fc06019c0f0 con 0x7fc060107890
2024-09-16T00:23:33.330 INFO:teuthology.orchestra.run.smithi045.stdout:/usr/bin/ceph: stderr
2024-09-16T00:23:32.493+0000 7fc05cff9640 1 -- 172.21.15.45:0/2541027294 <== mon.0 v2:172.21.15.45:3300/0 3 ==== mon_map magic: 0 ==== 205+0+0 (secure 0 0 0) 0x7fc050037040 con 0x7fc060107890
2024-09-16T00:23:33.330 INFO:teuthology.orchestra.run.smithi045.stdout:/usr/bin/ceph: stderr
2024-09-16T00:23:32.493+0000 7fc065ae1640 1 -- 172.21.15.45:0/2541027294 --> [v2:172.21.15.45:3300/0,v1:172.21.15.45:6789/0] -- mon_subscribe({osdmap=0}) -- 0x7fc06019ede0 con 0x7fc060107890
2024-09-16T00:23:33.330 INFO:teuthology.orchestra.run.smithi045.stdout:/usr/bin/ceph: stderr
2024-09-16T00:23:32.494+0000 7fc05cff9640 1 -- 172.21.15.45:0/2541027294 <== mon.0 v2:172.21.15.45:3300/0 4 ==== mgrmap(e 8) ==== 46461+0+0 (secure 0 0 0) 0x7fc050045070 con 0x7fc060107890
2024-09-16T00:23:33.330 INFO:teuthology.orchestra.run.smithi045.stdout:/usr/bin/ceph: stderr
2024-09-16T00:23:32.494+0000 7fc065ae1640 1 -- 172.21.15.45:0/2541027294 --> [v2:172.21.15.45:3300/0,v1:172.21.15.45:6789/0] -- mon_command({"prefix": "get_command_descriptions"} v 0) -- 0x7fc060107d10 con 0x7fc060107890
2024-09-16T00:23:33.330 INFO:teuthology.orchestra.run.smithi045.stdout:/usr/bin/ceph: stderr
2024-09-16T00:23:32.495+0000 7fc05cff9640 1 --2- 172.21.15.45:0/2541027294 >> [v2:172.21.15.45:6800/29208406,v1:172.21.15.45:6801/29208406] conn(0x7fc0480391b0 0x7fc04803b670 unknown :-1 s=NONE pgs=0 cs=0 l=1 rev1=0 crypto rx=0 tx=0 comp rx=0 tx=0).connect
2024-09-16T00:23:33.331 INFO:teuthology.orchestra.run.smithi045.stdout:/usr/bin/ceph: stderr
2024-09-16T00:23:32.495+0000 7fc05cff9640 1 -- 172.21.15.45:0/2541027294 <== mon.0 v2:172.21.15.45:3300/0 5 ==== osd_map(2..2 src has 1..2) ==== 940+0+0 (secure 0 0 0) 0x7fc05006c200 con 0x7fc060107890
2024-09-16T00:23:33.331 INFO:teuthology.orchestra.run.smithi045.stdout:/usr/bin/ceph: stderr
2024-09-16T00:23:32.495+0000 7fc05effd640 1 --2- 172.21.15.45:0/2541027294 >> [v2:172.21.15.45:6800/29208406,v1:172.21.15.45:6801/29208406] conn(0x7fc0480391b0 0x7fc04803b670 unknown :-1 s=BANNER_CONNECTING pgs=0 cs=0 l=1 rev1=0 crypto rx=0 tx=0 comp rx=0 tx=0)._handle_peer_banner_payload supported=3 required=0
2024-09-16T00:23:33.331 INFO:teuthology.orchestra.run.smithi045.stdout:/usr/bin/ceph: stderr
2024-09-16T00:23:32.495+0000 7fc05effd640 1 --2- 172.21.15.45:0/2541027294 >> [v2:172.21.15.45:6800/29208406,v1:172.21.15.45:6801/29208406] conn(0x7fc0480391b0 0x7fc04803b670 secure :-1 s=READY pgs=15 cs=0 l=1 rev1=1 crypto rx=0x7fc0540098c0 tx=0x7fc054006db0 comp rx=0 tx=0).ready entity=mgr.14118 client_cookie=0 server_cookie=0 in_seq=0 out_seq=0
2024-09-16T00:23:33.331 INFO:teuthology.orchestra.run.smithi045.stdout:/usr/bin/ceph: stderr
2024-09-16T00:23:32.500+0000 7fc05cff9640 1 -- 172.21.15.45:0/2541027294 <== mon.0 v2:172.21.15.45:3300/0 6 ==== mon_command_ack([{"prefix": "get_command_descriptions"}]=0 v0) ==== 72+0+188821 (secure 0 0 0) 0x7fc050045520 con 0x7fc060107890
2024-09-16T00:23:33.331 INFO:teuthology.orchestra.run.smithi045.stdout:/usr/bin/ceph: stderr
2024-09-16T00:23:32.677+0000 7fc065ae1640 1 -- 172.21.15.45:0/2541027294 --> [v2:172.21.15.45:3300/0,v1:172.21.15.45:6789/0] -- mon_command([{prefix=config set, name=mgr/dashboard/ssl_server_port}] v 0) -- 0x7fc06019efb0 con 0x7fc060107890
2024-09-16T00:23:33.331 INFO:teuthology.orchestra.run.smithi045.stdout:/usr/bin/ceph: stderr
2024-09-16T00:23:32.680+0000 7fc05cff9640 1 -- 172.21.15.45:0/2541027294 <== mon.0 v2:172.21.15.45:3300/0 7 ==== mon_command_ack([{prefix=config set, name=mgr/dashboard/ssl_server_port}]=0 v8)=0 v8) ==== 130+0+0 (secure 0 0 0) 0x7fc05003cd50 con 0x7fc060107890
2024-09-16T00:23:33.331 INFO:teuthology.orchestra.run.smithi045.stdout:/usr/bin/ceph: stderr
2024-09-16T00:23:32.682+0000 7fc065ae1640 1 -- 172.21.15.45:0/2541027294 >> [v2:172.21.15.45:6800/29208406,v1:172.21.15.45:6801/29208406] conn(0x7fc0480391b0 msgr2=0x7fc04803b670 secure :-1 s=STATE_CONNECTION_ESTABLISHED l=1).mark_down
2024-09-16T00:23:33.332 INFO:teuthology.orchestra.run.smithi045.stdout:/usr/bin/ceph: stderr
2024-09-16T00:23:32.682+0000 7fc065ae1640 1 --2- 172.21.15.45:0/2541027294 >> [v2:172.21.15.45:6800/29208406,v1:172.21.15.45:6801/29208406] conn(0x7fc0480391b0 0x7fc04803b670 secure :-1 s=READY pgs=15 cs=0 l=1 rev1=1 crypto rx=0x7fc0540098c0 tx=0x7fc054006db0 comp rx=0 tx=0).stop
2024-09-16T00:23:33.332 INFO:teuthology.orchestra.run.smithi045.stdout:/usr/bin/ceph: stderr
2024-09-16T00:23:32.682+0000 7fc065ae1640 1 -- 172.21.15.45:0/2541027294 >> [v2:172.21.15.45:3300/0,v1:172.21.15.45:6789/0] conn(0x7fc060107890 msgr2=0x7fc06019b920 secure :-1 s=STATE_CONNECTION_ESTABLISHED l=1).mark_down
2024-09-16T00:23:33.332 INFO:teuthology.orchestra.run.smithi045.stdout:/usr/bin/ceph: stderr
2024-09-16T00:23:32.682+0000 7fc065ae1640 1 --2- 172.21.15.45:0/2541027294 >> [v2:172.21.15.45:3300/0,v1:172.21.15.45:6789/0] conn(0x7fc060107890 0x7fc06019b920 secure :-1 s=READY pgs=52 cs=0 l=1 rev1=1 crypto rx=0x7fc0500097f0 tx=0x7fc050032670 comp rx=0 tx=0).stop
2024-09-16T00:23:33.332 INFO:teuthology.orchestra.run.smithi045.stdout:/usr/bin/ceph: stderr
2024-09-16T00:23:32.682+0000 7fc065ae1640 1 -- 172.21.15.45:0/2541027294 shutdown_connections
2024-09-16T00:23:33.332 INFO:teuthology.orchestra.run.smithi045.stdout:/usr/bin/ceph: stderr
2024-09-16T00:23:32.682+0000 7fc065ae1640 1 --2- 172.21.15.45:0/2541027294 >> [v2:172.21.15.45:6800/29208406,v1:172.21.15.45:6801/29208406] conn(0x7fc0480391b0 0x7fc04803b670 unknown :-1 s=CLOSED pgs=15 cs=0 l=1 rev1=1 crypto rx=0 tx=0 comp rx=0 tx=0).stop
2024-09-16T00:23:33.332 INFO:teuthology.orchestra.run.smithi045.stdout:/usr/bin/ceph: stderr
2024-09-16T00:23:32.682+0000 7fc065ae1640 1 --2- 172.21.15.45:0/2541027294 >> [v2:172.21.15.45:3300/0,v1:172.21.15.45:6789/0] conn(0x7fc060107890 0x7fc06019b920 unknown :-1 s=CLOSED pgs=52 cs=0 l=1 rev1=1 crypto rx=0 tx=0 comp rx=0 tx=0).stop
2024-09-16T00:23:33.332 INFO:teuthology.orchestra.run.smithi045.stdout:/usr/bin/ceph: stderr
2024-09-16T00:23:32.682+0000 7fc065ae1640 1 -- 172.21.15.45:0/2541027294 >> 172.21.15.45:0/2541027294 conn(0x7fc060103020 msgr2=0x7fc060103c30 unknown :-1 s=STATE_NONE l=0).mark_down
2024-09-16T00:23:33.332 INFO:teuthology.orchestra.run.smithi045.stdout:/usr/bin/ceph: stderr
2024-09-16T00:23:32.683+0000 7fc065ae1640 1 -- 172.21.15.45:0/2541027294 shutdown_connections
2024-09-16T00:23:33.332 INFO:teuthology.orchestra.run.smithi045.stdout:/usr/bin/ceph: stderr
2024-09-16T00:23:32.683+0000 7fc065ae1640 1 -- 172.21.15.45:0/2541027294 wait complete.
2024-09-16T00:23:33.333 INFO:teuthology.orchestra.run.smithi045.stdout:Enabling the dashboard module...
2024-09-16T00:23:33.445 INFO:journalctl@ceph.mon.a.smithi045.stdout:Sep 16 00:23:33 smithi045 ceph-mon[30937]: from='mgr.14118 172.21.15.45:0/3676681159' entity='mgr.x'
2024-09-16T00:23:33.445 INFO:journalctl@ceph.mon.a.smithi045.stdout:Sep 16 00:23:33 smithi045 ceph-mon[30937]: from='client.? 172.21.15.45:0/2541027294' entity='client.admin'
2024-09-16T00:23:35.208 INFO:journalctl@ceph.mon.a.smithi045.stdout:Sep 16 00:23:34 smithi045 ceph-mon[30937]: from='mgr.14118 172.21.15.45:0/3676681159' entity='mgr.x'
2024-09-16T00:23:35.209 INFO:journalctl@ceph.mon.a.smithi045.stdout:Sep 16 00:23:34 smithi045 ceph-mon[30937]: from='client.? 172.21.15.45:0/784069738' entity='client.admin' cmd=[{"prefix": "mgr module enable", "module": "dashboard"}]: dispatch
2024-09-16T00:23:35.209 INFO:journalctl@ceph.mgr.x.smithi045.stdout:Sep 16 00:23:34 smithi045 ceph-94ecbb7e-73c1-11ef-bceb-c7b262605968-mgr-x[31164]: ignoring --setuser ceph since I am not root
2024-09-16T00:23:35.209 INFO:journalctl@ceph.mgr.x.smithi045.stdout:Sep 16 00:23:34 smithi045 ceph-94ecbb7e-73c1-11ef-bceb-c7b262605968-mgr-x[31164]: ignoring --setgroup ceph since I am not root
2024-09-16T00:23:35.209 INFO:journalctl@ceph.mgr.x.smithi045.stdout:Sep 16 00:23:35 smithi045 ceph-94ecbb7e-73c1-11ef-bceb-c7b262605968-mgr-x[31164]:
2024-09-16T00:23:35.022+0000 7f4014ed7040 -1 mgr[py] Module osd_perf_query has missing NOTIFY_TYPES member
2024-09-16T00:23:35.209 INFO:journalctl@ceph.mgr.x.smithi045.stdout:Sep 16 00:23:35 smithi045 ceph-94ecbb7e-73c1-11ef-bceb-c7b262605968-mgr-x[31164]:
2024-09-16T00:23:35.082+0000 7f4014ed7040 -1 mgr[py] Module osd_support has missing NOTIFY_TYPES member
2024-09-16T00:23:35.612 INFO:journalctl@ceph.mgr.x.smithi045.stdout:Sep 16 00:23:35 smithi045 ceph-94ecbb7e-73c1-11ef-bceb-c7b262605968-mgr-x[31164]:
2024-09-16T00:23:35.239+0000 7f4014ed7040 -1 mgr[py] Module diskprediction_local has missing NOTIFY_TYPES member
2024-09-16T00:23:35.612 INFO:journalctl@ceph.mgr.x.smithi045.stdout:Sep 16 00:23:35 smithi045 ceph-94ecbb7e-73c1-11ef-bceb-c7b262605968-mgr-x[31164]:
2024-09-16T00:23:35.308+0000 7f4014ed7040 -1 mgr[py] Module crash has missing NOTIFY_TYPES member
2024-09-16T00:23:35.612 INFO:journalctl@ceph.mgr.x.smithi045.stdout:Sep 16 00:23:35 smithi045 ceph-94ecbb7e-73c1-11ef-bceb-c7b262605968-mgr-x[31164]:
2024-09-16T00:23:35.463+0000 7f4014ed7040 -1 mgr[py] Module test_orchestrator has missing NOTIFY_TYPES member
2024-09-16T00:23:35.612 INFO:journalctl@ceph.mgr.x.smithi045.stdout:Sep 16 00:23:35 smithi045 ceph-94ecbb7e-73c1-11ef-bceb-c7b262605968-mgr-x[31164]:
2024-09-16T00:23:35.611+0000 7f4014ed7040 -1 mgr[py] Module snap_schedule has missing NOTIFY_TYPES member
2024-09-16T00:23:35.882 INFO:teuthology.orchestra.run.smithi045.stdout:/usr/bin/ceph: stderr
2024-09-16T00:23:33.738+0000 7fa959eee640 1 Processor -- start
2024-09-16T00:23:35.882 INFO:teuthology.orchestra.run.smithi045.stdout:/usr/bin/ceph: stderr
2024-09-16T00:23:33.739+0000 7fa959eee640 1 -- start start
2024-09-16T00:23:35.883 INFO:teuthology.orchestra.run.smithi045.stdout:/usr/bin/ceph: stderr
2024-09-16T00:23:33.739+0000 7fa959eee640 1 --2- >> [v2:172.21.15.45:3300/0,v1:172.21.15.45:6789/0] conn(0x7fa954106760 0x7fa954106b60 unknown :-1 s=NONE pgs=0 cs=0 l=0 rev1=0 crypto rx=0 tx=0 comp rx=0 tx=0).connect
2024-09-16T00:23:35.883 INFO:teuthology.orchestra.run.smithi045.stdout:/usr/bin/ceph: stderr
2024-09-16T00:23:33.739+0000 7fa959eee640 1 -- --> [v2:172.21.15.45:3300/0,v1:172.21.15.45:6789/0] -- mon_getmap magic: 0 -- 0x7fa954107130 con 0x7fa954106760
2024-09-16T00:23:35.883 INFO:teuthology.orchestra.run.smithi045.stdout:/usr/bin/ceph: stderr
2024-09-16T00:23:33.739+0000 7fa9537fe640 1 --2- >> [v2:172.21.15.45:3300/0,v1:172.21.15.45:6789/0] conn(0x7fa954106760 0x7fa954106b60 unknown :-1 s=BANNER_CONNECTING pgs=0 cs=0 l=0 rev1=0 crypto rx=0 tx=0 comp rx=0 tx=0)._handle_peer_banner_payload supported=3 required=0
