2024-09-16T00:23:02.126 INFO:journalctl@ceph.mgr.x.smithi038.stdout:Sep 16 00:23:01 smithi038 ceph-983b2072-73c1-11ef-bceb-c7b262605968-mgr-x[31172]: |+ . . + |
2024-09-16T00:23:02.126 INFO:journalctl@ceph.mgr.x.smithi038.stdout:Sep 16 00:23:01 smithi038 ceph-983b2072-73c1-11ef-bceb-c7b262605968-mgr-x[31172]: |++ . S |
2024-09-16T00:23:02.126 INFO:journalctl@ceph.mgr.x.smithi038.stdout:Sep 16 00:23:01 smithi038 ceph-983b2072-73c1-11ef-bceb-c7b262605968-mgr-x[31172]: |=o . . |
2024-09-16T00:23:02.126 INFO:journalctl@ceph.mgr.x.smithi038.stdout:Sep 16 00:23:01 smithi038 ceph-983b2072-73c1-11ef-bceb-c7b262605968-mgr-x[31172]: |+++o . . |
2024-09-16T00:23:02.126 INFO:journalctl@ceph.mgr.x.smithi038.stdout:Sep 16 00:23:01 smithi038 ceph-983b2072-73c1-11ef-bceb-c7b262605968-mgr-x[31172]: |==++X. . |
2024-09-16T00:23:02.126 INFO:journalctl@ceph.mgr.x.smithi038.stdout:Sep 16 00:23:01 smithi038 ceph-983b2072-73c1-11ef-bceb-c7b262605968-mgr-x[31172]: |++.OXO+. |
2024-09-16T00:23:02.126 INFO:journalctl@ceph.mgr.x.smithi038.stdout:Sep 16 00:23:01 smithi038 ceph-983b2072-73c1-11ef-bceb-c7b262605968-mgr-x[31172]: +----[SHA256]-----+
2024-09-16T00:23:02.419 INFO:teuthology.orchestra.run.smithi038.stdout:/usr/bin/ceph: stderr
2024-09-16T00:23:01.272+0000 7f38f4471640 1 Processor -- start
2024-09-16T00:23:02.419 INFO:teuthology.orchestra.run.smithi038.stdout:/usr/bin/ceph: stderr
2024-09-16T00:23:01.272+0000 7f38f4471640 1 -- start start
2024-09-16T00:23:02.419 INFO:teuthology.orchestra.run.smithi038.stdout:/usr/bin/ceph: stderr
2024-09-16T00:23:01.273+0000 7f38f4471640 1 --2- >> [v2:172.21.15.38:3300/0,v1:172.21.15.38:6789/0] conn(0x7f38ec108050 0x7f38ec10a440 unknown :-1 s=NONE pgs=0 cs=0 l=0 rev1=0 crypto rx=0 tx=0 comp rx=0 tx=0).connect
2024-09-16T00:23:02.419 INFO:teuthology.orchestra.run.smithi038.stdout:/usr/bin/ceph: stderr
2024-09-16T00:23:01.273+0000 7f38f4471640 1 -- --> [v2:172.21.15.38:3300/0,v1:172.21.15.38:6789/0] -- mon_getmap magic: 0 -- 0x7f38ec07be50 con 0x7f38ec108050
2024-09-16T00:23:02.419 INFO:teuthology.orchestra.run.smithi038.stdout:/usr/bin/ceph: stderr
2024-09-16T00:23:01.273+0000 7f38f220d640 1 --2- >> [v2:172.21.15.38:3300/0,v1:172.21.15.38:6789/0] conn(0x7f38ec108050 0x7f38ec10a440 unknown :-1 s=BANNER_CONNECTING pgs=0 cs=0 l=0 rev1=0 crypto rx=0 tx=0 comp rx=0 tx=0)._handle_peer_banner_payload supported=3 required=0
2024-09-16T00:23:02.419 INFO:teuthology.orchestra.run.smithi038.stdout:/usr/bin/ceph: stderr
2024-09-16T00:23:01.273+0000 7f38f220d640 1 --2- >> [v2:172.21.15.38:3300/0,v1:172.21.15.38:6789/0] conn(0x7f38ec108050 0x7f38ec10a440 unknown :-1 s=HELLO_CONNECTING pgs=0 cs=0 l=0 rev1=1 crypto rx=0 tx=0 comp rx=0 tx=0).handle_hello peer v2:172.21.15.38:3300/0 says I am v2:172.21.15.38:34372/0 (socket says 172.21.15.38:34372)
2024-09-16T00:23:02.419 INFO:teuthology.orchestra.run.smithi038.stdout:/usr/bin/ceph: stderr
2024-09-16T00:23:01.273+0000 7f38f220d640 1 -- 172.21.15.38:0/1175783578 learned_addr learned my addr 172.21.15.38:0/1175783578 (peer_addr_for_me v2:172.21.15.38:0/0)
2024-09-16T00:23:02.419 INFO:teuthology.orchestra.run.smithi038.stdout:/usr/bin/ceph: stderr
2024-09-16T00:23:01.273+0000 7f38f220d640 1 -- 172.21.15.38:0/1175783578 --> [v2:172.21.15.38:3300/0,v1:172.21.15.38:6789/0] -- mon_subscribe({config=0+,monmap=0+}) -- 0x7f38ec10a980 con 0x7f38ec108050
2024-09-16T00:23:02.420 INFO:teuthology.orchestra.run.smithi038.stdout:/usr/bin/ceph: stderr
2024-09-16T00:23:01.274+0000 7f38f220d640 1 --2- 172.21.15.38:0/1175783578 >> [v2:172.21.15.38:3300/0,v1:172.21.15.38:6789/0] conn(0x7f38ec108050 0x7f38ec10a440 secure :-1 s=READY pgs=39 cs=0 l=1 rev1=1 crypto rx=0x7f38e8009820 tx=0x7f38e802a270 comp rx=0 tx=0).ready entity=mon.0 client_cookie=a32b80c66d7e53a server_cookie=0 in_seq=0 out_seq=0
2024-09-16T00:23:02.420 INFO:teuthology.orchestra.run.smithi038.stdout:/usr/bin/ceph: stderr
2024-09-16T00:23:01.274+0000 7f38f120b640 1 -- 172.21.15.38:0/1175783578 <== mon.0 v2:172.21.15.38:3300/0 1 ==== mon_map magic: 0 ==== 205+0+0 (secure 0 0 0) 0x7f38e8037070 con 0x7f38ec108050
2024-09-16T00:23:02.420 INFO:teuthology.orchestra.run.smithi038.stdout:/usr/bin/ceph: stderr
2024-09-16T00:23:01.274+0000 7f38f120b640 1 -- 172.21.15.38:0/1175783578 <== mon.0 v2:172.21.15.38:3300/0 2 ==== config(27 keys) ==== 1109+0+0 (secure 0 0 0) 0x7f38e8032900 con 0x7f38ec108050
2024-09-16T00:23:02.420 INFO:teuthology.orchestra.run.smithi038.stdout:/usr/bin/ceph: stderr
2024-09-16T00:23:01.274+0000 7f38f120b640 1 -- 172.21.15.38:0/1175783578 <== mon.0 v2:172.21.15.38:3300/0 3 ==== mon_map magic: 0 ==== 205+0+0 (secure 0 0 0) 0x7f38e8030850 con 0x7f38ec108050
2024-09-16T00:23:02.420 INFO:teuthology.orchestra.run.smithi038.stdout:/usr/bin/ceph: stderr
2024-09-16T00:23:01.275+0000 7f38f4471640 1 -- 172.21.15.38:0/1175783578 >> [v2:172.21.15.38:3300/0,v1:172.21.15.38:6789/0] conn(0x7f38ec108050 msgr2=0x7f38ec10a440 secure :-1 s=STATE_CONNECTION_ESTABLISHED l=1).mark_down
2024-09-16T00:23:02.420 INFO:teuthology.orchestra.run.smithi038.stdout:/usr/bin/ceph: stderr
2024-09-16T00:23:01.275+0000 7f38f4471640 1 --2- 172.21.15.38:0/1175783578 >> [v2:172.21.15.38:3300/0,v1:172.21.15.38:6789/0] conn(0x7f38ec108050 0x7f38ec10a440 secure :-1 s=READY pgs=39 cs=0 l=1 rev1=1 crypto rx=0x7f38e8009820 tx=0x7f38e802a270 comp rx=0 tx=0).stop
2024-09-16T00:23:02.420 INFO:teuthology.orchestra.run.smithi038.stdout:/usr/bin/ceph: stderr
2024-09-16T00:23:01.275+0000 7f38f4471640 1 -- 172.21.15.38:0/1175783578 shutdown_connections
2024-09-16T00:23:02.420 INFO:teuthology.orchestra.run.smithi038.stdout:/usr/bin/ceph: stderr
2024-09-16T00:23:01.275+0000 7f38f4471640 1 --2- 172.21.15.38:0/1175783578 >> [v2:172.21.15.38:3300/0,v1:172.21.15.38:6789/0] conn(0x7f38ec108050 0x7f38ec10a440 unknown :-1 s=CLOSED pgs=39 cs=0 l=1 rev1=1 crypto rx=0 tx=0 comp rx=0 tx=0).stop
2024-09-16T00:23:02.420 INFO:teuthology.orchestra.run.smithi038.stdout:/usr/bin/ceph: stderr
2024-09-16T00:23:01.275+0000 7f38f4471640 1 -- 172.21.15.38:0/1175783578 >> 172.21.15.38:0/1175783578 conn(0x7f38ec101c30 msgr2=0x7f38ec1040b0 unknown :-1 s=STATE_NONE l=0).mark_down
2024-09-16T00:23:02.420 INFO:teuthology.orchestra.run.smithi038.stdout:/usr/bin/ceph: stderr
2024-09-16T00:23:01.275+0000 7f38f4471640 1 -- 172.21.15.38:0/1175783578 shutdown_connections
2024-09-16T00:23:02.420 INFO:teuthology.orchestra.run.smithi038.stdout:/usr/bin/ceph: stderr
2024-09-16T00:23:01.275+0000 7f38f4471640 1 -- 172.21.15.38:0/1175783578 wait complete.
2024-09-16T00:23:02.420 INFO:teuthology.orchestra.run.smithi038.stdout:/usr/bin/ceph: stderr
2024-09-16T00:23:01.276+0000 7f38f4471640 1 Processor -- start
2024-09-16T00:23:02.421 INFO:teuthology.orchestra.run.smithi038.stdout:/usr/bin/ceph: stderr
2024-09-16T00:23:01.276+0000 7f38f4471640 1 -- start start
2024-09-16T00:23:02.421 INFO:teuthology.orchestra.run.smithi038.stdout:/usr/bin/ceph: stderr
2024-09-16T00:23:01.276+0000 7f38f4471640 1 --2- >> [v2:172.21.15.38:3300/0,v1:172.21.15.38:6789/0] conn(0x7f38ec108050 0x7f38ec19b590 unknown :-1 s=NONE pgs=0 cs=0 l=1 rev1=0 crypto rx=0 tx=0 comp rx=0 tx=0).connect
2024-09-16T00:23:02.421 INFO:teuthology.orchestra.run.smithi038.stdout:/usr/bin/ceph: stderr
2024-09-16T00:23:01.276+0000 7f38f4471640 1 -- --> [v2:172.21.15.38:3300/0,v1:172.21.15.38:6789/0] -- mon_getmap magic: 0 -- 0x7f38ec10b9c0 con 0x7f38ec108050
2024-09-16T00:23:02.421 INFO:teuthology.orchestra.run.smithi038.stdout:/usr/bin/ceph: stderr
2024-09-16T00:23:01.276+0000 7f38f220d640 1 --2- >> [v2:172.21.15.38:3300/0,v1:172.21.15.38:6789/0] conn(0x7f38ec108050 0x7f38ec19b590 unknown :-1 s=BANNER_CONNECTING pgs=0 cs=0 l=1 rev1=0 crypto rx=0 tx=0 comp rx=0 tx=0)._handle_peer_banner_payload supported=3 required=0
2024-09-16T00:23:02.421 INFO:teuthology.orchestra.run.smithi038.stdout:/usr/bin/ceph: stderr
2024-09-16T00:23:01.276+0000 7f38f220d640 1 --2- >> [v2:172.21.15.38:3300/0,v1:172.21.15.38:6789/0] conn(0x7f38ec108050 0x7f38ec19b590 unknown :-1 s=HELLO_CONNECTING pgs=0 cs=0 l=1 rev1=1 crypto rx=0 tx=0 comp rx=0 tx=0).handle_hello peer v2:172.21.15.38:3300/0 says I am v2:172.21.15.38:34386/0 (socket says 172.21.15.38:34386)
2024-09-16T00:23:02.421 INFO:teuthology.orchestra.run.smithi038.stdout:/usr/bin/ceph: stderr
2024-09-16T00:23:01.276+0000 7f38f220d640 1 -- 172.21.15.38:0/2189366056 learned_addr learned my addr 172.21.15.38:0/2189366056 (peer_addr_for_me v2:172.21.15.38:0/0)
2024-09-16T00:23:02.421 INFO:teuthology.orchestra.run.smithi038.stdout:/usr/bin/ceph: stderr
2024-09-16T00:23:01.276+0000 7f38f220d640 1 -- 172.21.15.38:0/2189366056 --> [v2:172.21.15.38:3300/0,v1:172.21.15.38:6789/0] -- mon_subscribe({config=0+,monmap=0+}) -- 0x7f38ec19bad0 con 0x7f38ec108050
2024-09-16T00:23:02.421 INFO:teuthology.orchestra.run.smithi038.stdout:/usr/bin/ceph: stderr
2024-09-16T00:23:01.276+0000 7f38f220d640 1 --2- 172.21.15.38:0/2189366056 >> [v2:172.21.15.38:3300/0,v1:172.21.15.38:6789/0] conn(0x7f38ec108050 0x7f38ec19b590 secure :-1 s=READY pgs=40 cs=0 l=1 rev1=1 crypto rx=0x7f38e8032ce0 tx=0x7f38e8032d10 comp rx=0 tx=0).ready entity=mon.0 client_cookie=0 server_cookie=0 in_seq=0 out_seq=0
2024-09-16T00:23:02.421 INFO:teuthology.orchestra.run.smithi038.stdout:/usr/bin/ceph: stderr
2024-09-16T00:23:01.276+0000 7f38e37fe640 1 -- 172.21.15.38:0/2189366056 <== mon.0 v2:172.21.15.38:3300/0 1 ==== mon_map magic: 0 ==== 205+0+0 (secure 0 0 0) 0x7f38e8042070 con 0x7f38ec108050
2024-09-16T00:23:02.421 INFO:teuthology.orchestra.run.smithi038.stdout:/usr/bin/ceph: stderr
2024-09-16T00:23:01.277+0000 7f38e37fe640 1 -- 172.21.15.38:0/2189366056 <== mon.0 v2:172.21.15.38:3300/0 2 ==== config(27 keys) ==== 1109+0+0 (secure 0 0 0) 0x7f38e80308c0 con 0x7f38ec108050
2024-09-16T00:23:02.421 INFO:teuthology.orchestra.run.smithi038.stdout:/usr/bin/ceph: stderr
2024-09-16T00:23:01.277+0000 7f38f4471640 1 -- 172.21.15.38:0/2189366056 --> [v2:172.21.15.38:3300/0,v1:172.21.15.38:6789/0] -- mon_subscribe({mgrmap=0+}) -- 0x7f38ec19bd60 con 0x7f38ec108050
2024-09-16T00:23:02.421 INFO:teuthology.orchestra.run.smithi038.stdout:/usr/bin/ceph: stderr
2024-09-16T00:23:01.277+0000 7f38e37fe640 1 -- 172.21.15.38:0/2189366056 <== mon.0 v2:172.21.15.38:3300/0 3 ==== mon_map magic: 0 ==== 205+0+0 (secure 0 0 0) 0x7f38e8037040 con 0x7f38ec108050
2024-09-16T00:23:02.421 INFO:teuthology.orchestra.run.smithi038.stdout:/usr/bin/ceph: stderr
2024-09-16T00:23:01.277+0000 7f38f4471640 1 -- 172.21.15.38:0/2189366056 --> [v2:172.21.15.38:3300/0,v1:172.21.15.38:6789/0] -- mon_subscribe({osdmap=0}) -- 0x7f38ec19ea50 con 0x7f38ec108050
2024-09-16T00:23:02.422 INFO:teuthology.orchestra.run.smithi038.stdout:/usr/bin/ceph: stderr
2024-09-16T00:23:01.277+0000 7f38e37fe640 1 -- 172.21.15.38:0/2189366056 <== mon.0 v2:172.21.15.38:3300/0 4 ==== mgrmap(e 8) ==== 46461+0+0 (secure 0 0 0) 0x7f38e8045070 con 0x7f38ec108050
2024-09-16T00:23:02.422 INFO:teuthology.orchestra.run.smithi038.stdout:/usr/bin/ceph: stderr
2024-09-16T00:23:01.278+0000 7f38e37fe640 1 --2- 172.21.15.38:0/2189366056 >> [v2:172.21.15.38:6800/1779324916,v1:172.21.15.38:6801/1779324916] conn(0x7f38d80391b0 0x7f38d803b670 unknown :-1 s=NONE pgs=0 cs=0 l=1 rev1=0 crypto rx=0 tx=0 comp rx=0 tx=0).connect
2024-09-16T00:23:02.422 INFO:teuthology.orchestra.run.smithi038.stdout:/usr/bin/ceph: stderr
2024-09-16T00:23:01.278+0000 7f38f4471640 1 -- 172.21.15.38:0/2189366056 --> [v2:172.21.15.38:3300/0,v1:172.21.15.38:6789/0] -- mon_command({"prefix": "get_command_descriptions"} v 0) -- 0x7f38ec1084b0 con 0x7f38ec108050
2024-09-16T00:23:02.422 INFO:teuthology.orchestra.run.smithi038.stdout:/usr/bin/ceph: stderr
2024-09-16T00:23:01.278+0000 7f38e37fe640 1 -- 172.21.15.38:0/2189366056 <== mon.0 v2:172.21.15.38:3300/0 5 ==== osd_map(2..2 src has 1..2) ==== 940+0+0 (secure 0 0 0) 0x7f38e806c330 con 0x7f38ec108050
2024-09-16T00:23:02.422 INFO:teuthology.orchestra.run.smithi038.stdout:/usr/bin/ceph: stderr
2024-09-16T00:23:01.278+0000 7f38f1a0c640 1 --2- 172.21.15.38:0/2189366056 >> [v2:172.21.15.38:6800/1779324916,v1:172.21.15.38:6801/1779324916] conn(0x7f38d80391b0 0x7f38d803b670 unknown :-1 s=BANNER_CONNECTING pgs=0 cs=0 l=1 rev1=0 crypto rx=0 tx=0 comp rx=0 tx=0)._handle_peer_banner_payload supported=3 required=0
2024-09-16T00:23:02.422 INFO:teuthology.orchestra.run.smithi038.stdout:/usr/bin/ceph: stderr
2024-09-16T00:23:01.278+0000 7f38f1a0c640 1 --2- 172.21.15.38:0/2189366056 >> [v2:172.21.15.38:6800/1779324916,v1:172.21.15.38:6801/1779324916] conn(0x7f38d80391b0 0x7f38d803b670 secure :-1 s=READY pgs=9 cs=0 l=1 rev1=1 crypto rx=0x7f38dc0098c0 tx=0x7f38dc006db0 comp rx=0 tx=0).ready entity=mgr.14118 client_cookie=0 server_cookie=0 in_seq=0 out_seq=0
2024-09-16T00:23:02.422 INFO:teuthology.orchestra.run.smithi038.stdout:/usr/bin/ceph: stderr
2024-09-16T00:23:01.283+0000 7f38e37fe640 1 -- 172.21.15.38:0/2189366056 <== mon.0 v2:172.21.15.38:3300/0 6 ==== mon_command_ack([{"prefix": "get_command_descriptions"}]=0 v0) ==== 72+0+188821 (secure 0 0 0) 0x7f38e804b170 con 0x7f38ec108050
2024-09-16T00:23:02.422 INFO:teuthology.orchestra.run.smithi038.stdout:/usr/bin/ceph: stderr
2024-09-16T00:23:01.461+0000 7f38f4471640 1 -- 172.21.15.38:0/2189366056 --> [v2:172.21.15.38:6800/1779324916,v1:172.21.15.38:6801/1779324916] -- mgr_command(tid 0: {"prefix": "cephadm generate-key", "target": ["mon-mgr", ""]}) -- 0x7f38ec102ee0 con 0x7f38d80391b0
2024-09-16T00:23:02.422 INFO:teuthology.orchestra.run.smithi038.stdout:/usr/bin/ceph: stderr
2024-09-16T00:23:01.767+0000 7f38e37fe640 1 -- 172.21.15.38:0/2189366056 <== mgr.14118 v2:172.21.15.38:6800/1779324916 1 ==== mgr_command_reply(tid 0: 0 ) ==== 8+0+0 (secure 0 0 0) 0x7f38ec102ee0 con 0x7f38d80391b0
2024-09-16T00:23:02.422 INFO:teuthology.orchestra.run.smithi038.stdout:/usr/bin/ceph: stderr
2024-09-16T00:23:01.769+0000 7f38f4471640 1 -- 172.21.15.38:0/2189366056 >> [v2:172.21.15.38:6800/1779324916,v1:172.21.15.38:6801/1779324916] conn(0x7f38d80391b0 msgr2=0x7f38d803b670 secure :-1 s=STATE_CONNECTION_ESTABLISHED l=1).mark_down
2024-09-16T00:23:02.422 INFO:teuthology.orchestra.run.smithi038.stdout:/usr/bin/ceph: stderr
2024-09-16T00:23:01.769+0000 7f38f4471640 1 --2- 172.21.15.38:0/2189366056 >> [v2:172.21.15.38:6800/1779324916,v1:172.21.15.38:6801/1779324916] conn(0x7f38d80391b0 0x7f38d803b670 secure :-1 s=READY pgs=9 cs=0 l=1 rev1=1 crypto rx=0x7f38dc0098c0 tx=0x7f38dc006db0 comp rx=0 tx=0).stop
2024-09-16T00:23:02.422 INFO:teuthology.orchestra.run.smithi038.stdout:/usr/bin/ceph: stderr
2024-09-16T00:23:01.769+0000 7f38f4471640 1 -- 172.21.15.38:0/2189366056 >> [v2:172.21.15.38:3300/0,v1:172.21.15.38:6789/0] conn(0x7f38ec108050 msgr2=0x7f38ec19b590 secure :-1 s=STATE_CONNECTION_ESTABLISHED l=1).mark_down
2024-09-16T00:23:02.423 INFO:teuthology.orchestra.run.smithi038.stdout:/usr/bin/ceph: stderr
2024-09-16T00:23:01.769+0000 7f38f4471640 1 --2- 172.21.15.38:0/2189366056 >> [v2:172.21.15.38:3300/0,v1:172.21.15.38:6789/0] conn(0x7f38ec108050 0x7f38ec19b590 secure :-1 s=READY pgs=40 cs=0 l=1 rev1=1 crypto rx=0x7f38e8032ce0 tx=0x7f38e8032d10 comp rx=0 tx=0).stop
2024-09-16T00:23:02.423 INFO:teuthology.orchestra.run.smithi038.stdout:/usr/bin/ceph: stderr
2024-09-16T00:23:01.769+0000 7f38f4471640 1 -- 172.21.15.38:0/2189366056 shutdown_connections
2024-09-16T00:23:02.423 INFO:teuthology.orchestra.run.smithi038.stdout:/usr/bin/ceph: stderr
2024-09-16T00:23:01.769+0000 7f38f4471640 1 --2- 172.21.15.38:0/2189366056 >> [v2:172.21.15.38:6800/1779324916,v1:172.21.15.38:6801/1779324916] conn(0x7f38d80391b0 0x7f38d803b670 unknown :-1 s=CLOSED pgs=9 cs=0 l=1 rev1=1 crypto rx=0 tx=0 comp rx=0 tx=0).stop
2024-09-16T00:23:02.423 INFO:teuthology.orchestra.run.smithi038.stdout:/usr/bin/ceph: stderr
2024-09-16T00:23:01.769+0000 7f38f4471640 1 --2- 172.21.15.38:0/2189366056 >> [v2:172.21.15.38:3300/0,v1:172.21.15.38:6789/0] conn(0x7f38ec108050 0x7f38ec19b590 unknown :-1 s=CLOSED pgs=40 cs=0 l=1 rev1=1 crypto rx=0 tx=0 comp rx=0 tx=0).stop
2024-09-16T00:23:02.423 INFO:teuthology.orchestra.run.smithi038.stdout:/usr/bin/ceph: stderr
2024-09-16T00:23:01.769+0000 7f38f4471640 1 -- 172.21.15.38:0/2189366056 >> 172.21.15.38:0/2189366056 conn(0x7f38ec101c30 msgr2=0x7f38ec1027d0 unknown :-1 s=STATE_NONE l=0).mark_down
2024-09-16T00:23:02.423 INFO:teuthology.orchestra.run.smithi038.stdout:/usr/bin/ceph: stderr
2024-09-16T00:23:01.769+0000 7f38f4471640 1 -- 172.21.15.38:0/2189366056 shutdown_connections
2024-09-16T00:23:02.423 INFO:teuthology.orchestra.run.smithi038.stdout:/usr/bin/ceph: stderr
2024-09-16T00:23:01.769+0000 7f38f4471640 1 -- 172.21.15.38:0/2189366056 wait complete.
2024-09-16T00:23:03.006 INFO:journalctl@ceph.mon.a.smithi038.stdout:Sep 16 00:23:02 smithi038 ceph-mon[30945]: from='client.14134 -' entity='client.admin' cmd=[{"prefix": "cephadm generate-key", "target": ["mon-mgr", ""]}]: dispatch
2024-09-16T00:23:03.006 INFO:journalctl@ceph.mon.a.smithi038.stdout:Sep 16 00:23:02 smithi038 ceph-mon[30945]: Generating ssh key...
2024-09-16T00:23:03.006 INFO:journalctl@ceph.mon.a.smithi038.stdout:Sep 16 00:23:02 smithi038 ceph-mon[30945]: from='mgr.14118 172.21.15.38:0/3698772563' entity='mgr.x'
2024-09-16T00:23:03.006 INFO:journalctl@ceph.mon.a.smithi038.stdout:Sep 16 00:23:02 smithi038 ceph-mon[30945]: from='mgr.14118 172.21.15.38:0/3698772563' entity='mgr.x'
2024-09-16T00:23:03.582 INFO:teuthology.orchestra.run.smithi038.stdout:/usr/bin/ceph: stdout ssh-rsa AAAAB3NzaC1yc2EAAAADAQABAAABgQCf0y82XRDGWCAcNUAxnFIowcLRrsM7vDl9BshzPEeiLlNsv8c48nHD4jbSfEzg7vzle4SEoQFGtCTcAu/9kImKBzX8f4c4Ya4q5P2jtbr1OmyDsz5SlnS/ZSny+r1Jr8nIw3B7LGy7G3y5xh/AScGt3if7UreNISH+OxNf7x/j7feR7KTSn+b7LFryuP6n4BHSyj3xnHJVIMSnbzequuHwZ3SwqbRySgtYI1wenwTsql9PLVr/Oi+kQ0tfo9N8EvCddHWJnIIRVgzRziMAJNd6C2Y0O1Ny5KDJo8lqRwePm90ikJPHjO2SrOHYLaVrsYn+9HFRvuXoBY2qCzisZidnbaQfYW74lrqNT800tdZJU6kf8vF6Bxglaldq38k8iNh+9sZmNSq0hcuf9oj+y0Qj5kpHSIugG3CwJY7sAZBaJXDoTB75HwEzN7GlUB+rLxtblZgY4krveuEyCUupSLQi2fAjiCs/w9lVV139zF4zPuG2ytxteAqJg26ZAEhGg40= ceph-983b2072-73c1-11ef-bceb-c7b262605968
2024-09-16T00:23:03.582 INFO:teuthology.orchestra.run.smithi038.stdout:/usr/bin/ceph: stderr
2024-09-16T00:23:02.817+0000 7fc2987a9640 1 Processor -- start
2024-09-16T00:23:03.582 INFO:teuthology.orchestra.run.smithi038.stdout:/usr/bin/ceph: stderr
2024-09-16T00:23:02.817+0000 7fc2987a9640 1 -- start start
2024-09-16T00:23:03.582 INFO:teuthology.orchestra.run.smithi038.stdout:/usr/bin/ceph: stderr
2024-09-16T00:23:02.818+0000 7fc2987a9640 1 --2- >> [v2:172.21.15.38:3300/0,v1:172.21.15.38:6789/0] conn(0x7fc290107620 0x7fc290107a20 unknown :-1 s=NONE pgs=0 cs=0 l=0 rev1=0 crypto rx=0 tx=0 comp rx=0 tx=0).connect
2024-09-16T00:23:03.582 INFO:teuthology.orchestra.run.smithi038.stdout:/usr/bin/ceph: stderr
2024-09-16T00:23:02.818+0000 7fc2987a9640 1 -- --> [v2:172.21.15.38:3300/0,v1:172.21.15.38:6789/0] -- mon_getmap magic: 0 -- 0x7fc290107ff0 con 0x7fc290107620
2024-09-16T00:23:03.582 INFO:teuthology.orchestra.run.smithi038.stdout:/usr/bin/ceph: stderr
2024-09-16T00:23:02.818+0000 7fc296545640 1 --2- >> [v2:172.21.15.38:3300/0,v1:172.21.15.38:6789/0] conn(0x7fc290107620 0x7fc290107a20 unknown :-1 s=BANNER_CONNECTING pgs=0 cs=0 l=0 rev1=0 crypto rx=0 tx=0 comp rx=0 tx=0)._handle_peer_banner_payload supported=3 required=0
2024-09-16T00:23:03.582 INFO:teuthology.orchestra.run.smithi038.stdout:/usr/bin/ceph: stderr
2024-09-16T00:23:02.818+0000 7fc296545640 1 --2- >> [v2:172.21.15.38:3300/0,v1:172.21.15.38:6789/0] conn(0x7fc290107620 0x7fc290107a20 unknown :-1 s=HELLO_CONNECTING pgs=0 cs=0 l=0 rev1=1 crypto rx=0 tx=0 comp rx=0 tx=0).handle_hello peer v2:172.21.15.38:3300/0 says I am v2:172.21.15.38:34398/0 (socket says 172.21.15.38:34398)
2024-09-16T00:23:03.583 INFO:teuthology.orchestra.run.smithi038.stdout:/usr/bin/ceph: stderr
2024-09-16T00:23:02.818+0000 7fc296545640 1 -- 172.21.15.38:0/3806932772 learned_addr learned my addr 172.21.15.38:0/3806932772 (peer_addr_for_me v2:172.21.15.38:0/0)
2024-09-16T00:23:03.583 INFO:teuthology.orchestra.run.smithi038.stdout:/usr/bin/ceph: stderr
2024-09-16T00:23:02.818+0000 7fc296545640 1 -- 172.21.15.38:0/3806932772 --> [v2:172.21.15.38:3300/0,v1:172.21.15.38:6789/0] -- mon_subscribe({config=0+,monmap=0+}) -- 0x7fc290108820 con 0x7fc290107620
2024-09-16T00:23:03.583 INFO:teuthology.orchestra.run.smithi038.stdout:/usr/bin/ceph: stderr
2024-09-16T00:23:02.819+0000 7fc296545640 1 --2- 172.21.15.38:0/3806932772 >> [v2:172.21.15.38:3300/0,v1:172.21.15.38:6789/0] conn(0x7fc290107620 0x7fc290107a20 secure :-1 s=READY pgs=41 cs=0 l=1 rev1=1 crypto rx=0x7fc28c009820 tx=0x7fc28c02a270 comp rx=0 tx=0).ready entity=mon.0 client_cookie=1336293544be9f53 server_cookie=0 in_seq=0 out_seq=0
2024-09-16T00:23:03.583 INFO:teuthology.orchestra.run.smithi038.stdout:/usr/bin/ceph: stderr
2024-09-16T00:23:02.819+0000 7fc295543640 1 -- 172.21.15.38:0/3806932772 <== mon.0 v2:172.21.15.38:3300/0 1 ==== mon_map magic: 0 ==== 205+0+0 (secure 0 0 0) 0x7fc28c037070 con 0x7fc290107620
2024-09-16T00:23:03.583 INFO:teuthology.orchestra.run.smithi038.stdout:/usr/bin/ceph: stderr
2024-09-16T00:23:02.819+0000 7fc295543640 1 -- 172.21.15.38:0/3806932772 <== mon.0 v2:172.21.15.38:3300/0 2 ==== config(27 keys) ==== 1109+0+0 (secure 0 0 0) 0x7fc28c032900 con 0x7fc290107620
2024-09-16T00:23:03.583 INFO:teuthology.orchestra.run.smithi038.stdout:/usr/bin/ceph: stderr
2024-09-16T00:23:02.819+0000 7fc295543640 1 -- 172.21.15.38:0/3806932772 <== mon.0 v2:172.21.15.38:3300/0 3 ==== mon_map magic: 0 ==== 205+0+0 (secure 0 0 0) 0x7fc28c030850 con 0x7fc290107620
2024-09-16T00:23:03.583 INFO:teuthology.orchestra.run.smithi038.stdout:/usr/bin/ceph: stderr
2024-09-16T00:23:02.820+0000 7fc2987a9640 1 -- 172.21.15.38:0/3806932772 >> [v2:172.21.15.38:3300/0,v1:172.21.15.38:6789/0] conn(0x7fc290107620 msgr2=0x7fc290107a20 secure :-1 s=STATE_CONNECTION_ESTABLISHED l=1).mark_down
2024-09-16T00:23:03.583 INFO:teuthology.orchestra.run.smithi038.stdout:/usr/bin/ceph: stderr
2024-09-16T00:23:02.820+0000 7fc2987a9640 1 --2- 172.21.15.38:0/3806932772 >> [v2:172.21.15.38:3300/0,v1:172.21.15.38:6789/0] conn(0x7fc290107620 0x7fc290107a20 secure :-1 s=READY pgs=41 cs=0 l=1 rev1=1 crypto rx=0x7fc28c009820 tx=0x7fc28c02a270 comp rx=0 tx=0).stop
2024-09-16T00:23:03.583 INFO:teuthology.orchestra.run.smithi038.stdout:/usr/bin/ceph: stderr
2024-09-16T00:23:02.820+0000 7fc2987a9640 1 -- 172.21.15.38:0/3806932772 shutdown_connections
2024-09-16T00:23:03.583 INFO:teuthology.orchestra.run.smithi038.stdout:/usr/bin/ceph: stderr
2024-09-16T00:23:02.820+0000 7fc2987a9640 1 --2- 172.21.15.38:0/3806932772 >> [v2:172.21.15.38:3300/0,v1:172.21.15.38:6789/0] conn(0x7fc290107620 0x7fc290107a20 unknown :-1 s=CLOSED pgs=41 cs=0 l=1 rev1=1 crypto rx=0 tx=0 comp rx=0 tx=0).stop
2024-09-16T00:23:03.583 INFO:teuthology.orchestra.run.smithi038.stdout:/usr/bin/ceph: stderr
2024-09-16T00:23:02.820+0000 7fc2987a9640 1 -- 172.21.15.38:0/3806932772 >> 172.21.15.38:0/3806932772 conn(0x7fc290102ea0 msgr2=0x7fc290105290 unknown :-1 s=STATE_NONE l=0).mark_down
2024-09-16T00:23:03.583 INFO:teuthology.orchestra.run.smithi038.stdout:/usr/bin/ceph: stderr
2024-09-16T00:23:02.820+0000 7fc2987a9640 1 -- 172.21.15.38:0/3806932772 shutdown_connections
2024-09-16T00:23:03.583 INFO:teuthology.orchestra.run.smithi038.stdout:/usr/bin/ceph: stderr
2024-09-16T00:23:02.820+0000 7fc2987a9640 1 -- 172.21.15.38:0/3806932772 wait complete.
2024-09-16T00:23:03.584 INFO:teuthology.orchestra.run.smithi038.stdout:/usr/bin/ceph: stderr
2024-09-16T00:23:02.821+0000 7fc2987a9640 1 Processor -- start
2024-09-16T00:23:03.584 INFO:teuthology.orchestra.run.smithi038.stdout:/usr/bin/ceph: stderr
2024-09-16T00:23:02.821+0000 7fc2987a9640 1 -- start start
2024-09-16T00:23:03.584 INFO:teuthology.orchestra.run.smithi038.stdout:/usr/bin/ceph: stderr
2024-09-16T00:23:02.821+0000 7fc2987a9640 1 --2- >> [v2:172.21.15.38:3300/0,v1:172.21.15.38:6789/0] conn(0x7fc290107620 0x7fc29019b610 unknown :-1 s=NONE pgs=0 cs=0 l=1 rev1=0 crypto rx=0 tx=0 comp rx=0 tx=0).connect
2024-09-16T00:23:03.584 INFO:teuthology.orchestra.run.smithi038.stdout:/usr/bin/ceph: stderr
2024-09-16T00:23:02.821+0000 7fc2987a9640 1 -- --> [v2:172.21.15.38:3300/0,v1:172.21.15.38:6789/0] -- mon_getmap magic: 0 -- 0x7fc29010bbd0 con 0x7fc290107620
2024-09-16T00:23:03.584 INFO:teuthology.orchestra.run.smithi038.stdout:/usr/bin/ceph: stderr
2024-09-16T00:23:02.821+0000 7fc296545640 1 --2- >> [v2:172.21.15.38:3300/0,v1:172.21.15.38:6789/0] conn(0x7fc290107620 0x7fc29019b610 unknown :-1 s=BANNER_CONNECTING pgs=0 cs=0 l=1 rev1=0 crypto rx=0 tx=0 comp rx=0 tx=0)._handle_peer_banner_payload supported=3 required=0
2024-09-16T00:23:03.584 INFO:teuthology.orchestra.run.smithi038.stdout:/usr/bin/ceph: stderr
2024-09-16T00:23:02.821+0000 7fc296545640 1 --2- >> [v2:172.21.15.38:3300/0,v1:172.21.15.38:6789/0] conn(0x7fc290107620 0x7fc29019b610 unknown :-1 s=HELLO_CONNECTING pgs=0 cs=0 l=1 rev1=1 crypto rx=0 tx=0 comp rx=0 tx=0).handle_hello peer v2:172.21.15.38:3300/0 says I am v2:172.21.15.38:34402/0 (socket says 172.21.15.38:34402)
2024-09-16T00:23:03.584 INFO:teuthology.orchestra.run.smithi038.stdout:/usr/bin/ceph: stderr
2024-09-16T00:23:02.821+0000 7fc296545640 1 -- 172.21.15.38:0/3210649124 learned_addr learned my addr 172.21.15.38:0/3210649124 (peer_addr_for_me v2:172.21.15.38:0/0)
2024-09-16T00:23:03.584 INFO:teuthology.orchestra.run.smithi038.stdout:/usr/bin/ceph: stderr
2024-09-16T00:23:02.821+0000 7fc296545640 1 -- 172.21.15.38:0/3210649124 --> [v2:172.21.15.38:3300/0,v1:172.21.15.38:6789/0] -- mon_subscribe({config=0+,monmap=0+}) -- 0x7fc29019bb50 con 0x7fc290107620
2024-09-16T00:23:03.584 INFO:teuthology.orchestra.run.smithi038.stdout:/usr/bin/ceph: stderr
2024-09-16T00:23:02.822+0000 7fc296545640 1 --2- 172.21.15.38:0/3210649124 >> [v2:172.21.15.38:3300/0,v1:172.21.15.38:6789/0] conn(0x7fc290107620 0x7fc29019b610 secure :-1 s=READY pgs=42 cs=0 l=1 rev1=1 crypto rx=0x7fc28c009940 tx=0x7fc28c032ce0 comp rx=0 tx=0).ready entity=mon.0 client_cookie=0 server_cookie=0 in_seq=0 out_seq=0
2024-09-16T00:23:03.584 INFO:teuthology.orchestra.run.smithi038.stdout:/usr/bin/ceph: stderr
2024-09-16T00:23:02.822+0000 7fc2877fe640 1 -- 172.21.15.38:0/3210649124 <== mon.0 v2:172.21.15.38:3300/0 1 ==== mon_map magic: 0 ==== 205+0+0 (secure 0 0 0) 0x7fc28c042070 con 0x7fc290107620
2024-09-16T00:23:03.584 INFO:teuthology.orchestra.run.smithi038.stdout:/usr/bin/ceph: stderr
2024-09-16T00:23:02.822+0000 7fc2877fe640 1 -- 172.21.15.38:0/3210649124 <== mon.0 v2:172.21.15.38:3300/0 2 ==== config(27 keys) ==== 1109+0+0 (secure 0 0 0) 0x7fc28c0308c0 con 0x7fc290107620
2024-09-16T00:23:03.584 INFO:teuthology.orchestra.run.smithi038.stdout:/usr/bin/ceph: stderr
2024-09-16T00:23:02.822+0000 7fc2987a9640 1 -- 172.21.15.38:0/3210649124 --> [v2:172.21.15.38:3300/0,v1:172.21.15.38:6789/0] -- mon_subscribe({mgrmap=0+}) -- 0x7fc29019bde0 con 0x7fc290107620
2024-09-16T00:23:03.584 INFO:teuthology.orchestra.run.smithi038.stdout:/usr/bin/ceph: stderr
2024-09-16T00:23:02.822+0000 7fc2877fe640 1 -- 172.21.15.38:0/3210649124 <== mon.0 v2:172.21.15.38:3300/0 3 ==== mon_map magic: 0 ==== 205+0+0 (secure 0 0 0) 0x7fc28c037040 con 0x7fc290107620
2024-09-16T00:23:03.585 INFO:teuthology.orchestra.run.smithi038.stdout:/usr/bin/ceph: stderr
2024-09-16T00:23:02.822+0000 7fc2987a9640 1 -- 172.21.15.38:0/3210649124 --> [v2:172.21.15.38:3300/0,v1:172.21.15.38:6789/0] -- mon_subscribe({osdmap=0}) -- 0x7fc29019ead0 con 0x7fc290107620
2024-09-16T00:23:03.585 INFO:teuthology.orchestra.run.smithi038.stdout:/usr/bin/ceph: stderr
2024-09-16T00:23:02.823+0000 7fc2877fe640 1 -- 172.21.15.38:0/3210649124 <== mon.0 v2:172.21.15.38:3300/0 4 ==== mgrmap(e 8) ==== 46461+0+0 (secure 0 0 0) 0x7fc28c045070 con 0x7fc290107620
2024-09-16T00:23:03.585 INFO:teuthology.orchestra.run.smithi038.stdout:/usr/bin/ceph: stderr
2024-09-16T00:23:02.823+0000 7fc2987a9640 1 -- 172.21.15.38:0/3210649124 --> [v2:172.21.15.38:3300/0,v1:172.21.15.38:6789/0] -- mon_command({"prefix": "get_command_descriptions"} v 0) -- 0x7fc29010bd50 con 0x7fc290107620
2024-09-16T00:23:03.585 INFO:teuthology.orchestra.run.smithi038.stdout:/usr/bin/ceph: stderr
2024-09-16T00:23:02.823+0000 7fc2877fe640 1 --2- 172.21.15.38:0/3210649124 >> [v2:172.21.15.38:6800/1779324916,v1:172.21.15.38:6801/1779324916] conn(0x7fc27c039200 0x7fc27c03b6c0 unknown :-1 s=NONE pgs=0 cs=0 l=1 rev1=0 crypto rx=0 tx=0 comp rx=0 tx=0).connect
2024-09-16T00:23:03.585 INFO:teuthology.orchestra.run.smithi038.stdout:/usr/bin/ceph: stderr
2024-09-16T00:23:02.823+0000 7fc2877fe640 1 -- 172.21.15.38:0/3210649124 <== mon.0 v2:172.21.15.38:3300/0 5 ==== osd_map(2..2 src has 1..2) ==== 940+0+0 (secure 0 0 0) 0x7fc28c06c480 con 0x7fc290107620
2024-09-16T00:23:03.585 INFO:teuthology.orchestra.run.smithi038.stdout:/usr/bin/ceph: stderr
2024-09-16T00:23:02.823+0000 7fc295d44640 1 --2- 172.21.15.38:0/3210649124 >> [v2:172.21.15.38:6800/1779324916,v1:172.21.15.38:6801/1779324916] conn(0x7fc27c039200 0x7fc27c03b6c0 unknown :-1 s=BANNER_CONNECTING pgs=0 cs=0 l=1 rev1=0 crypto rx=0 tx=0 comp rx=0 tx=0)._handle_peer_banner_payload supported=3 required=0
2024-09-16T00:23:03.585 INFO:teuthology.orchestra.run.smithi038.stdout:/usr/bin/ceph: stderr
2024-09-16T00:23:02.824+0000 7fc295d44640 1 --2- 172.21.15.38:0/3210649124 >> [v2:172.21.15.38:6800/1779324916,v1:172.21.15.38:6801/1779324916] conn(0x7fc27c039200 0x7fc27c03b6c0 secure :-1 s=READY pgs=10 cs=0 l=1 rev1=1 crypto rx=0x7fc2800098c0 tx=0x7fc280006db0 comp rx=0 tx=0).ready entity=mgr.14118 client_cookie=0 server_cookie=0 in_seq=0 out_seq=0
2024-09-16T00:23:03.585 INFO:teuthology.orchestra.run.smithi038.stdout:/usr/bin/ceph: stderr
2024-09-16T00:23:02.828+0000 7fc2877fe640 1 -- 172.21.15.38:0/3210649124 <== mon.0 v2:172.21.15.38:3300/0 6 ==== mon_command_ack([{"prefix": "get_command_descriptions"}]=0 v0) ==== 72+0+188821 (secure 0 0 0) 0x7fc28c03d430 con 0x7fc290107620
2024-09-16T00:23:03.585 INFO:teuthology.orchestra.run.smithi038.stdout:/usr/bin/ceph: stderr
2024-09-16T00:23:03.005+0000 7fc2987a9640 1 -- 172.21.15.38:0/3210649124 --> [v2:172.21.15.38:6800/1779324916,v1:172.21.15.38:6801/1779324916] -- mgr_command(tid 0: {"prefix": "cephadm get-pub-key", "target": ["mon-mgr", ""]}) -- 0x7fc2901040a0 con 0x7fc27c039200
2024-09-16T00:23:03.585 INFO:teuthology.orchestra.run.smithi038.stdout:/usr/bin/ceph: stderr
2024-09-16T00:23:03.006+0000 7fc2877fe640 1 -- 172.21.15.38:0/3210649124 <== mgr.14118 v2:172.21.15.38:6800/1779324916 1 ==== mgr_command_reply(tid 0: 0 ) ==== 8+0+595 (secure 0 0 0) 0x7fc2901040a0 con 0x7fc27c039200
2024-09-16T00:23:03.585 INFO:teuthology.orchestra.run.smithi038.stdout:/usr/bin/ceph: stderr
2024-09-16T00:23:03.008+0000 7fc2987a9640 1 -- 172.21.15.38:0/3210649124 >> [v2:172.21.15.38:6800/1779324916,v1:172.21.15.38:6801/1779324916] conn(0x7fc27c039200 msgr2=0x7fc27c03b6c0 secure :-1 s=STATE_CONNECTION_ESTABLISHED l=1).mark_down
2024-09-16T00:23:03.585 INFO:teuthology.orchestra.run.smithi038.stdout:/usr/bin/ceph: stderr
2024-09-16T00:23:03.008+0000 7fc2987a9640 1 --2- 172.21.15.38:0/3210649124 >> [v2:172.21.15.38:6800/1779324916,v1:172.21.15.38:6801/1779324916] conn(0x7fc27c039200 0x7fc27c03b6c0 secure :-1 s=READY pgs=10 cs=0 l=1 rev1=1 crypto rx=0x7fc2800098c0 tx=0x7fc280006db0 comp rx=0 tx=0).stop
2024-09-16T00:23:03.585 INFO:teuthology.orchestra.run.smithi038.stdout:/usr/bin/ceph: stderr
2024-09-16T00:23:03.008+0000 7fc2987a9640 1 -- 172.21.15.38:0/3210649124 >> [v2:172.21.15.38:3300/0,v1:172.21.15.38:6789/0] conn(0x7fc290107620 msgr2=0x7fc29019b610 secure :-1 s=STATE_CONNECTION_ESTABLISHED l=1).mark_down
2024-09-16T00:23:03.586 INFO:teuthology.orchestra.run.smithi038.stdout:/usr/bin/ceph: stderr
2024-09-16T00:23:03.008+0000 7fc2987a9640 1 --2- 172.21.15.38:0/3210649124 >> [v2:172.21.15.38:3300/0,v1:172.21.15.38:6789/0] conn(0x7fc290107620 0x7fc29019b610 secure :-1 s=READY pgs=42 cs=0 l=1 rev1=1 crypto rx=0x7fc28c009940 tx=0x7fc28c032ce0 comp rx=0 tx=0).stop
2024-09-16T00:23:03.586 INFO:teuthology.orchestra.run.smithi038.stdout:/usr/bin/ceph: stderr
2024-09-16T00:23:03.008+0000 7fc2987a9640 1 -- 172.21.15.38:0/3210649124 shutdown_connections
2024-09-16T00:23:03.586 INFO:teuthology.orchestra.run.smithi038.stdout:/usr/bin/ceph: stderr
2024-09-16T00:23:03.008+0000 7fc2987a9640 1 --2- 172.21.15.38:0/3210649124 >> [v2:172.21.15.38:6800/1779324916,v1:172.21.15.38:6801/1779324916] conn(0x7fc27c039200 0x7fc27c03b6c0 unknown :-1 s=CLOSED pgs=10 cs=0 l=1 rev1=1 crypto rx=0 tx=0 comp rx=0 tx=0).stop
2024-09-16T00:23:03.586 INFO:teuthology.orchestra.run.smithi038.stdout:/usr/bin/ceph: stderr
2024-09-16T00:23:03.008+0000 7fc2987a9640 1 --2- 172.21.15.38:0/3210649124 >> [v2:172.21.15.38:3300/0,v1:172.21.15.38:6789/0] conn(0x7fc290107620 0x7fc29019b610 unknown :-1 s=CLOSED pgs=42 cs=0 l=1 rev1=1 crypto rx=0 tx=0 comp rx=0 tx=0).stop
2024-09-16T00:23:03.586 INFO:teuthology.orchestra.run.smithi038.stdout:/usr/bin/ceph: stderr
2024-09-16T00:23:03.008+0000 7fc2987a9640 1 -- 172.21.15.38:0/3210649124 >> 172.21.15.38:0/3210649124 conn(0x7fc290102ea0 msgr2=0x7fc290103990 unknown :-1 s=STATE_NONE l=0).mark_down
2024-09-16T00:23:03.586 INFO:teuthology.orchestra.run.smithi038.stdout:/usr/bin/ceph: stderr
2024-09-16T00:23:03.008+0000 7fc2987a9640 1 -- 172.21.15.38:0/3210649124 shutdown_connections
2024-09-16T00:23:03.586 INFO:teuthology.orchestra.run.smithi038.stdout:/usr/bin/ceph: stderr
2024-09-16T00:23:03.008+0000 7fc2987a9640 1 -- 172.21.15.38:0/3210649124 wait complete.
2024-09-16T00:23:03.586 INFO:teuthology.orchestra.run.smithi038.stdout:Wrote public SSH key to /home/ubuntu/cephtest/ceph.pub
2024-09-16T00:23:03.586 INFO:teuthology.orchestra.run.smithi038.stdout:Adding key to root@localhost authorized_keys...
2024-09-16T00:23:03.588 INFO:teuthology.orchestra.run.smithi038.stdout:Adding host smithi038...
2024-09-16T00:23:04.184 INFO:journalctl@ceph.mon.a.smithi038.stdout:Sep 16 00:23:03 smithi038 ceph-mon[30945]: from='client.14136 -' entity='client.admin' cmd=[{"prefix": "cephadm get-pub-key", "target": ["mon-mgr", ""]}]: dispatch
2024-09-16T00:23:05.215 INFO:journalctl@ceph.mon.a.smithi038.stdout:Sep 16 00:23:04 smithi038 ceph-mon[30945]: from='client.14138 -' entity='client.admin' cmd=[{"prefix": "orch host add", "hostname": "smithi038", "addr": "172.21.15.38", "target": ["mon-mgr", ""]}]: dispatch
2024-09-16T00:23:06.149 INFO:journalctl@ceph.mon.a.smithi038.stdout:Sep 16 00:23:05 smithi038 ceph-mon[30945]: Deploying cephadm binary to smithi038
2024-09-16T00:23:08.706 INFO:teuthology.orchestra.run.smithi038.stdout:/usr/bin/ceph: stdout Added host 'smithi038' with addr '172.21.15.38'
2024-09-16T00:23:08.706 INFO:teuthology.orchestra.run.smithi038.stdout:/usr/bin/ceph: stderr
2024-09-16T00:23:03.992+0000 7f87d890c640 1 Processor -- start
2024-09-16T00:23:08.707 INFO:teuthology.orchestra.run.smithi038.stdout:/usr/bin/ceph: stderr
2024-09-16T00:23:03.992+0000 7f87d890c640 1 -- start start
2024-09-16T00:23:08.707 INFO:teuthology.orchestra.run.smithi038.stdout:/usr/bin/ceph: stderr
2024-09-16T00:23:03.992+0000 7f87d890c640 1 --2- >> [v2:172.21.15.38:3300/0,v1:172.21.15.38:6789/0] conn(0x7f87d4107620 0x7f87d4107a20 unknown :-1 s=NONE pgs=0 cs=0 l=0 rev1=0 crypto rx=0 tx=0 comp rx=0 tx=0).connect
2024-09-16T00:23:08.707 INFO:teuthology.orchestra.run.smithi038.stdout:/usr/bin/ceph: stderr
2024-09-16T00:23:03.992+0000 7f87d890c640 1 -- --> [v2:172.21.15.38:3300/0,v1:172.21.15.38:6789/0] -- mon_getmap magic: 0 -- 0x7f87d4107ff0 con 0x7f87d4107620
2024-09-16T00:23:08.707 INFO:teuthology.orchestra.run.smithi038.stdout:/usr/bin/ceph: stderr
2024-09-16T00:23:03.992+0000 7f87d259c640 1 --2- >> [v2:172.21.15.38:3300/0,v1:172.21.15.38:6789/0] conn(0x7f87d4107620 0x7f87d4107a20 unknown :-1 s=BANNER_CONNECTING pgs=0 cs=0 l=0 rev1=0 crypto rx=0 tx=0 comp rx=0 tx=0)._handle_peer_banner_payload supported=3 required=0
2024-09-16T00:23:08.707 INFO:teuthology.orchestra.run.smithi038.stdout:/usr/bin/ceph: stderr
2024-09-16T00:23:03.992+0000 7f87d259c640 1 --2- >> [v2:172.21.15.38:3300/0,v1:172.21.15.38:6789/0] conn(0x7f87d4107620 0x7f87d4107a20 unknown :-1 s=HELLO_CONNECTING pgs=0 cs=0 l=0 rev1=1 crypto rx=0 tx=0 comp rx=0 tx=0).handle_hello peer v2:172.21.15.38:3300/0 says I am v2:172.21.15.38:34416/0 (socket says 172.21.15.38:34416)
2024-09-16T00:23:08.707 INFO:teuthology.orchestra.run.smithi038.stdout:/usr/bin/ceph: stderr
2024-09-16T00:23:03.992+0000 7f87d259c640 1 -- 172.21.15.38:0/3124059902 learned_addr learned my addr 172.21.15.38:0/3124059902 (peer_addr_for_me v2:172.21.15.38:0/0)
2024-09-16T00:23:08.707 INFO:teuthology.orchestra.run.smithi038.stdout:/usr/bin/ceph: stderr
2024-09-16T00:23:03.992+0000 7f87d259c640 1 -- 172.21.15.38:0/3124059902 --> [v2:172.21.15.38:3300/0,v1:172.21.15.38:6789/0] -- mon_subscribe({config=0+,monmap=0+}) -- 0x7f87d4108820 con 0x7f87d4107620
2024-09-16T00:23:08.707 INFO:teuthology.orchestra.run.smithi038.stdout:/usr/bin/ceph: stderr
2024-09-16T00:23:03.993+0000 7f87d259c640 1 --2- 172.21.15.38:0/3124059902 >> [v2:172.21.15.38:3300/0,v1:172.21.15.38:6789/0] conn(0x7f87d4107620 0x7f87d4107a20 secure :-1 s=READY pgs=43 cs=0 l=1 rev1=1 crypto rx=0x7f87c4009820 tx=0x7f87c402a270 comp rx=0 tx=0).ready entity=mon.0 client_cookie=c87592e39c2a3e5f server_cookie=0 in_seq=0 out_seq=0
2024-09-16T00:23:08.707 INFO:teuthology.orchestra.run.smithi038.stdout:/usr/bin/ceph: stderr
2024-09-16T00:23:03.993+0000 7f87d1d9b640 1 -- 172.21.15.38:0/3124059902 <== mon.0 v2:172.21.15.38:3300/0 1 ==== mon_map magic: 0 ==== 205+0+0 (secure 0 0 0) 0x7f87c4037070 con 0x7f87d4107620
2024-09-16T00:23:08.707 INFO:teuthology.orchestra.run.smithi038.stdout:/usr/bin/ceph: stderr
2024-09-16T00:23:03.993+0000 7f87d1d9b640 1 -- 172.21.15.38:0/3124059902 <== mon.0 v2:172.21.15.38:3300/0 2 ==== config(27 keys) ==== 1109+0+0 (secure 0 0 0) 0x7f87c4032900 con 0x7f87d4107620
2024-09-16T00:23:08.707 INFO:teuthology.orchestra.run.smithi038.stdout:/usr/bin/ceph: stderr
2024-09-16T00:23:03.993+0000 7f87d1d9b640 1 -- 172.21.15.38:0/3124059902 <== mon.0 v2:172.21.15.38:3300/0 3 ==== mon_map magic: 0 ==== 205+0+0 (secure 0 0 0) 0x7f87c4030850 con 0x7f87d4107620
2024-09-16T00:23:08.707 INFO:teuthology.orchestra.run.smithi038.stdout:/usr/bin/ceph: stderr
2024-09-16T00:23:03.994+0000 7f87d890c640 1 -- 172.21.15.38:0/3124059902 >> [v2:172.21.15.38:3300/0,v1:172.21.15.38:6789/0] conn(0x7f87d4107620 msgr2=0x7f87d4107a20 secure :-1 s=STATE_CONNECTION_ESTABLISHED l=1).mark_down
2024-09-16T00:23:08.708 INFO:teuthology.orchestra.run.smithi038.stdout:/usr/bin/ceph: stderr
2024-09-16T00:23:03.994+0000 7f87d890c640 1 --2- 172.21.15.38:0/3124059902 >> [v2:172.21.15.38:3300/0,v1:172.21.15.38:6789/0] conn(0x7f87d4107620 0x7f87d4107a20 secure :-1 s=READY pgs=43 cs=0 l=1 rev1=1 crypto rx=0x7f87c4009820 tx=0x7f87c402a270 comp rx=0 tx=0).stop
2024-09-16T00:23:08.708 INFO:teuthology.orchestra.run.smithi038.stdout:/usr/bin/ceph: stderr
2024-09-16T00:23:03.994+0000 7f87d890c640 1 -- 172.21.15.38:0/3124059902 shutdown_connections
2024-09-16T00:23:08.708 INFO:teuthology.orchestra.run.smithi038.stdout:/usr/bin/ceph: stderr
2024-09-16T00:23:03.994+0000 7f87d890c640 1 --2- 172.21.15.38:0/3124059902 >> [v2:172.21.15.38:3300/0,v1:172.21.15.38:6789/0] conn(0x7f87d4107620 0x7f87d4107a20 unknown :-1 s=CLOSED pgs=43 cs=0 l=1 rev1=1 crypto rx=0 tx=0 comp rx=0 tx=0).stop
2024-09-16T00:23:08.708 INFO:teuthology.orchestra.run.smithi038.stdout:/usr/bin/ceph: stderr
2024-09-16T00:23:03.994+0000 7f87d890c640 1 -- 172.21.15.38:0/3124059902 >> 172.21.15.38:0/3124059902 conn(0x7f87d4102ea0 msgr2=0x7f87d4105290 unknown :-1 s=STATE_NONE l=0).mark_down
2024-09-16T00:23:08.708 INFO:teuthology.orchestra.run.smithi038.stdout:/usr/bin/ceph: stderr
2024-09-16T00:23:03.994+0000 7f87d890c640 1 -- 172.21.15.38:0/3124059902 shutdown_connections
2024-09-16T00:23:08.708 INFO:teuthology.orchestra.run.smithi038.stdout:/usr/bin/ceph: stderr
2024-09-16T00:23:03.994+0000 7f87d890c640 1 -- 172.21.15.38:0/3124059902 wait complete.
2024-09-16T00:23:08.708 INFO:teuthology.orchestra.run.smithi038.stdout:/usr/bin/ceph: stderr
2024-09-16T00:23:03.995+0000 7f87d890c640 1 Processor -- start
2024-09-16T00:23:08.708 INFO:teuthology.orchestra.run.smithi038.stdout:/usr/bin/ceph: stderr
2024-09-16T00:23:03.995+0000 7f87d890c640 1 -- start start
2024-09-16T00:23:08.708 INFO:teuthology.orchestra.run.smithi038.stdout:/usr/bin/ceph: stderr
2024-09-16T00:23:03.995+0000 7f87d890c640 1 --2- >> [v2:172.21.15.38:3300/0,v1:172.21.15.38:6789/0] conn(0x7f87d4107620 0x7f87d419b610 unknown :-1 s=NONE pgs=0 cs=0 l=1 rev1=0 crypto rx=0 tx=0 comp rx=0 tx=0).connect
2024-09-16T00:23:08.708 INFO:teuthology.orchestra.run.smithi038.stdout:/usr/bin/ceph: stderr
2024-09-16T00:23:03.995+0000 7f87d890c640 1 -- --> [v2:172.21.15.38:3300/0,v1:172.21.15.38:6789/0] -- mon_getmap magic: 0 -- 0x7f87d410bbd0 con 0x7f87d4107620
2024-09-16T00:23:08.708 INFO:teuthology.orchestra.run.smithi038.stdout:/usr/bin/ceph: stderr
2024-09-16T00:23:03.995+0000 7f87d259c640 1 --2- >> [v2:172.21.15.38:3300/0,v1:172.21.15.38:6789/0] conn(0x7f87d4107620 0x7f87d419b610 unknown :-1 s=BANNER_CONNECTING pgs=0 cs=0 l=1 rev1=0 crypto rx=0 tx=0 comp rx=0 tx=0)._handle_peer_banner_payload supported=3 required=0
2024-09-16T00:23:08.708 INFO:teuthology.orchestra.run.smithi038.stdout:/usr/bin/ceph: stderr
2024-09-16T00:23:03.995+0000 7f87d259c640 1 --2- >> [v2:172.21.15.38:3300/0,v1:172.21.15.38:6789/0] conn(0x7f87d4107620 0x7f87d419b610 unknown :-1 s=HELLO_CONNECTING pgs=0 cs=0 l=1 rev1=1 crypto rx=0 tx=0 comp rx=0 tx=0).handle_hello peer v2:172.21.15.38:3300/0 says I am v2:172.21.15.38:34424/0 (socket says 172.21.15.38:34424)
2024-09-16T00:23:08.708 INFO:teuthology.orchestra.run.smithi038.stdout:/usr/bin/ceph: stderr
2024-09-16T00:23:03.995+0000 7f87d259c640 1 -- 172.21.15.38:0/4081014354 learned_addr learned my addr 172.21.15.38:0/4081014354 (peer_addr_for_me v2:172.21.15.38:0/0)
2024-09-16T00:23:08.709 INFO:teuthology.orchestra.run.smithi038.stdout:/usr/bin/ceph: stderr
2024-09-16T00:23:03.996+0000 7f87d259c640 1 -- 172.21.15.38:0/4081014354 --> [v2:172.21.15.38:3300/0,v1:172.21.15.38:6789/0] -- mon_subscribe({config=0+,monmap=0+}) -- 0x7f87d419bb50 con 0x7f87d4107620
2024-09-16T00:23:08.709 INFO:teuthology.orchestra.run.smithi038.stdout:/usr/bin/ceph: stderr
2024-09-16T00:23:03.996+0000 7f87d259c640 1 --2- 172.21.15.38:0/4081014354 >> [v2:172.21.15.38:3300/0,v1:172.21.15.38:6789/0] conn(0x7f87d4107620 0x7f87d419b610 secure :-1 s=READY pgs=44 cs=0 l=1 rev1=1 crypto rx=0x7f87c40097f0 tx=0x7f87c4030d80 comp rx=0 tx=0).ready entity=mon.0 client_cookie=0 server_cookie=0 in_seq=0 out_seq=0
2024-09-16T00:23:08.709 INFO:teuthology.orchestra.run.smithi038.stdout:/usr/bin/ceph: stderr
2024-09-16T00:23:03.996+0000 7f87cb7fe640 1 -- 172.21.15.38:0/4081014354 <== mon.0 v2:172.21.15.38:3300/0 1 ==== mon_map magic: 0 ==== 205+0+0 (secure 0 0 0) 0x7f87c4037040 con 0x7f87d4107620
2024-09-16T00:23:08.709 INFO:teuthology.orchestra.run.smithi038.stdout:/usr/bin/ceph: stderr
2024-09-16T00:23:03.996+0000 7f87cb7fe640 1 -- 172.21.15.38:0/4081014354 <== mon.0 v2:172.21.15.38:3300/0 2 ==== config(27 keys) ==== 1109+0+0 (secure 0 0 0) 0x7f87c4040070 con 0x7f87d4107620
2024-09-16T00:23:08.709 INFO:teuthology.orchestra.run.smithi038.stdout:/usr/bin/ceph: stderr
2024-09-16T00:23:03.996+0000 7f87cb7fe640 1 -- 172.21.15.38:0/4081014354 <== mon.0 v2:172.21.15.38:3300/0 3 ==== mon_map magic: 0 ==== 205+0+0 (secure 0 0 0) 0x7f87c403a390 con 0x7f87d4107620
2024-09-16T00:23:08.709 INFO:teuthology.orchestra.run.smithi038.stdout:/usr/bin/ceph: stderr
2024-09-16T00:23:03.996+0000 7f87d890c640 1 -- 172.21.15.38:0/4081014354 --> [v2:172.21.15.38:3300/0,v1:172.21.15.38:6789/0] -- mon_subscribe({mgrmap=0+}) -- 0x7f87d419bde0 con 0x7f87d4107620
2024-09-16T00:23:08.709 INFO:teuthology.orchestra.run.smithi038.stdout:/usr/bin/ceph: stderr
2024-09-16T00:23:03.996+0000 7f87d890c640 1 -- 172.21.15.38:0/4081014354 --> [v2:172.21.15.38:3300/0,v1:172.21.15.38:6789/0] -- mon_subscribe({osdmap=0}) -- 0x7f87d419ead0 con 0x7f87d4107620
2024-09-16T00:23:08.709 INFO:teuthology.orchestra.run.smithi038.stdout:/usr/bin/ceph: stderr
2024-09-16T00:23:03.997+0000 7f87cb7fe640 1 -- 172.21.15.38:0/4081014354 <== mon.0 v2:172.21.15.38:3300/0 4 ==== mgrmap(e 8) ==== 46461+0+0 (secure 0 0 0) 0x7f87c403b430 con 0x7f87d4107620
2024-09-16T00:23:08.709 INFO:teuthology.orchestra.run.smithi038.stdout:/usr/bin/ceph: stderr
2024-09-16T00:23:03.997+0000 7f87cb7fe640 1 --2- 172.21.15.38:0/4081014354 >> [v2:172.21.15.38:6800/1779324916,v1:172.21.15.38:6801/1779324916] conn(0x7f87c00391b0 0x7f87c003b670 unknown :-1 s=NONE pgs=0 cs=0 l=1 rev1=0 crypto rx=0 tx=0 comp rx=0 tx=0).connect
2024-09-16T00:23:08.709 INFO:teuthology.orchestra.run.smithi038.stdout:/usr/bin/ceph: stderr
2024-09-16T00:23:03.997+0000 7f87d890c640 1 -- 172.21.15.38:0/4081014354 --> [v2:172.21.15.38:3300/0,v1:172.21.15.38:6789/0] -- mon_command({"prefix": "get_command_descriptions"} v 0) -- 0x7f87d4107aa0 con 0x7f87d4107620
2024-09-16T00:23:08.709 INFO:teuthology.orchestra.run.smithi038.stdout:/usr/bin/ceph: stderr
2024-09-16T00:23:03.997+0000 7f87cb7fe640 1 -- 172.21.15.38:0/4081014354 <== mon.0 v2:172.21.15.38:3300/0 5 ==== osd_map(2..2 src has 1..2) ==== 940+0+0 (secure 0 0 0) 0x7f87c406c7a0 con 0x7f87d4107620
2024-09-16T00:23:08.709 INFO:teuthology.orchestra.run.smithi038.stdout:/usr/bin/ceph: stderr
2024-09-16T00:23:03.998+0000 7f87cbfff640 1 --2- 172.21.15.38:0/4081014354 >> [v2:172.21.15.38:6800/1779324916,v1:172.21.15.38:6801/1779324916] conn(0x7f87c00391b0 0x7f87c003b670 unknown :-1 s=BANNER_CONNECTING pgs=0 cs=0 l=1 rev1=0 crypto rx=0 tx=0 comp rx=0 tx=0)._handle_peer_banner_payload supported=3 required=0
2024-09-16T00:23:08.709 INFO:teuthology.orchestra.run.smithi038.stdout:/usr/bin/ceph: stderr
2024-09-16T00:23:03.998+0000 7f87cbfff640 1 --2- 172.21.15.38:0/4081014354 >> [v2:172.21.15.38:6800/1779324916,v1:172.21.15.38:6801/1779324916] conn(0x7f87c00391b0 0x7f87c003b670 secure :-1 s=READY pgs=11 cs=0 l=1 rev1=1 crypto rx=0x7f87bc0098c0 tx=0x7f87bc006db0 comp rx=0 tx=0).ready entity=mgr.14118 client_cookie=0 server_cookie=0 in_seq=0 out_seq=0
2024-09-16T00:23:08.710 INFO:teuthology.orchestra.run.smithi038.stdout:/usr/bin/ceph: stderr
2024-09-16T00:23:04.002+0000 7f87cb7fe640 1 -- 172.21.15.38:0/4081014354 <== mon.0 v2:172.21.15.38:3300/0 6 ==== mon_command_ack([{"prefix": "get_command_descriptions"}]=0 v0) ==== 72+0+188821 (secure 0 0 0) 0x7f87c403a5e0 con 0x7f87d4107620
2024-09-16T00:23:08.710 INFO:teuthology.orchestra.run.smithi038.stdout:/usr/bin/ceph: stderr
2024-09-16T00:23:04.183+0000 7f87d890c640 1 -- 172.21.15.38:0/4081014354 --> [v2:172.21.15.38:6800/1779324916,v1:172.21.15.38:6801/1779324916] -- mgr_command(tid 0: {"prefix": "orch host add", "hostname": "smithi038", "addr": "172.21.15.38", "target": ["mon-mgr", ""]}) -- 0x7f87d41040a0 con 0x7f87c00391b0
2024-09-16T00:23:08.710 INFO:teuthology.orchestra.run.smithi038.stdout:/usr/bin/ceph: stderr
2024-09-16T00:23:08.099+0000 7f87cb7fe640 1 -- 172.21.15.38:0/4081014354 <== mgr.14118 v2:172.21.15.38:6800/1779324916 1 ==== mgr_command_reply(tid 0: 0 ) ==== 8+0+48 (secure 0 0 0) 0x7f87d41040a0 con 0x7f87c00391b0
2024-09-16T00:23:08.710 INFO:teuthology.orchestra.run.smithi038.stdout:/usr/bin/ceph: stderr
2024-09-16T00:23:08.101+0000 7f87d890c640 1 -- 172.21.15.38:0/4081014354 >> [v2:172.21.15.38:6800/1779324916,v1:172.21.15.38:6801/1779324916] conn(0x7f87c00391b0 msgr2=0x7f87c003b670 secure :-1 s=STATE_CONNECTION_ESTABLISHED l=1).mark_down
2024-09-16T00:23:08.710 INFO:teuthology.orchestra.run.smithi038.stdout:/usr/bin/ceph: stderr
2024-09-16T00:23:08.101+0000 7f87d890c640 1 --2- 172.21.15.38:0/4081014354 >> [v2:172.21.15.38:6800/1779324916,v1:172.21.15.38:6801/1779324916] conn(0x7f87c00391b0 0x7f87c003b670 secure :-1 s=READY pgs=11 cs=0 l=1 rev1=1 crypto rx=0x7f87bc0098c0 tx=0x7f87bc006db0 comp rx=0 tx=0).stop
2024-09-16T00:23:08.710 INFO:teuthology.orchestra.run.smithi038.stdout:/usr/bin/ceph: stderr
2024-09-16T00:23:08.101+0000 7f87d890c640 1 -- 172.21.15.38:0/4081014354 >> [v2:172.21.15.38:3300/0,v1:172.21.15.38:6789/0] conn(0x7f87d4107620 msgr2=0x7f87d419b610 secure :-1 s=STATE_CONNECTION_ESTABLISHED l=1).mark_down
2024-09-16T00:23:08.710 INFO:teuthology.orchestra.run.smithi038.stdout:/usr/bin/ceph: stderr
2024-09-16T00:23:08.101+0000 7f87d890c640 1 --2- 172.21.15.38:0/4081014354 >> [v2:172.21.15.38:3300/0,v1:172.21.15.38:6789/0] conn(0x7f87d4107620 0x7f87d419b610 secure :-1 s=READY pgs=44 cs=0 l=1 rev1=1 crypto rx=0x7f87c40097f0 tx=0x7f87c4030d80 comp rx=0 tx=0).stop
2024-09-16T00:23:08.710 INFO:teuthology.orchestra.run.smithi038.stdout:/usr/bin/ceph: stderr
2024-09-16T00:23:08.101+0000 7f87d890c640 1 -- 172.21.15.38:0/4081014354 shutdown_connections
2024-09-16T00:23:08.710 INFO:teuthology.orchestra.run.smithi038.stdout:/usr/bin/ceph: stderr
2024-09-16T00:23:08.101+0000 7f87d890c640 1 --2- 172.21.15.38:0/4081014354 >> [v2:172.21.15.38:6800/1779324916,v1:172.21.15.38:6801/1779324916] conn(0x7f87c00391b0 0x7f87c003b670 unknown :-1 s=CLOSED pgs=11 cs=0 l=1 rev1=1 crypto rx=0 tx=0 comp rx=0 tx=0).stop
2024-09-16T00:23:08.710 INFO:teuthology.orchestra.run.smithi038.stdout:/usr/bin/ceph: stderr
2024-09-16T00:23:08.101+0000 7f87d890c640 1 --2- 172.21.15.38:0/4081014354 >> [v2:172.21.15.38:3300/0,v1:172.21.15.38:6789/0] conn(0x7f87d4107620 0x7f87d419b610 unknown :-1 s=CLOSED pgs=44 cs=0 l=1 rev1=1 crypto rx=0 tx=0 comp rx=0 tx=0).stop
2024-09-16T00:23:08.710 INFO:teuthology.orchestra.run.smithi038.stdout:/usr/bin/ceph: stderr
2024-09-16T00:23:08.101+0000 7f87d890c640 1 -- 172.21.15.38:0/4081014354 >> 172.21.15.38:0/4081014354 conn(0x7f87d4102ea0 msgr2=0x7f87d4103990 unknown :-1 s=STATE_NONE l=0).mark_down
2024-09-16T00:23:08.710 INFO:teuthology.orchestra.run.smithi038.stdout:/usr/bin/ceph: stderr
2024-09-16T00:23:08.102+0000 7f87d890c640 1 -- 172.21.15.38:0/4081014354 shutdown_connections
2024-09-16T00:23:08.710 INFO:teuthology.orchestra.run.smithi038.stdout:/usr/bin/ceph: stderr
2024-09-16T00:23:08.102+0000 7f87d890c640 1 -- 172.21.15.38:0/4081014354 wait complete.
