2024-09-16T00:23:24.750 INFO:teuthology.orchestra.run.smithi038.stdout:/usr/bin/ceph: stderr
2024-09-16T00:23:24.098+0000 7f70cfe18640 1 -- 172.21.15.38:0/537474695 >> [v2:172.21.15.38:3300/0,v1:172.21.15.38:6789/0] conn(0x7f70c8107620 msgr2=0x7f70c8199440 secure :-1 s=STATE_CONNECTION_ESTABLISHED l=1).mark_down
2024-09-16T00:23:24.750 INFO:teuthology.orchestra.run.smithi038.stdout:/usr/bin/ceph: stderr
2024-09-16T00:23:24.098+0000 7f70cfe18640 1 --2- 172.21.15.38:0/537474695 >> [v2:172.21.15.38:3300/0,v1:172.21.15.38:6789/0] conn(0x7f70c8107620 0x7f70c8199440 secure :-1 s=READY pgs=69 cs=0 l=1 rev1=1 crypto rx=0x7f70c40097f0 tx=0x7f70c40327b0 comp rx=0 tx=0).stop
2024-09-16T00:23:24.751 INFO:teuthology.orchestra.run.smithi038.stdout:/usr/bin/ceph: stderr
2024-09-16T00:23:24.099+0000 7f70cfe18640 1 -- 172.21.15.38:0/537474695 shutdown_connections
2024-09-16T00:23:24.751 INFO:teuthology.orchestra.run.smithi038.stdout:/usr/bin/ceph: stderr
2024-09-16T00:23:24.099+0000 7f70cfe18640 1 --2- 172.21.15.38:0/537474695 >> [v2:172.21.15.38:6800/1461245815,v1:172.21.15.38:6801/1461245815] conn(0x7f70b403d6b0 0x7f70b403fb70 unknown :-1 s=CLOSED pgs=7 cs=0 l=1 rev1=1 crypto rx=0 tx=0 comp rx=0 tx=0).stop
2024-09-16T00:23:24.751 INFO:teuthology.orchestra.run.smithi038.stdout:/usr/bin/ceph: stderr
2024-09-16T00:23:24.099+0000 7f70cfe18640 1 --2- 172.21.15.38:0/537474695 >> [v2:172.21.15.38:3300/0,v1:172.21.15.38:6789/0] conn(0x7f70c8107620 0x7f70c8199440 unknown :-1 s=CLOSED pgs=69 cs=0 l=1 rev1=1 crypto rx=0 tx=0 comp rx=0 tx=0).stop
2024-09-16T00:23:24.751 INFO:teuthology.orchestra.run.smithi038.stdout:/usr/bin/ceph: stderr
2024-09-16T00:23:24.099+0000 7f70cfe18640 1 -- 172.21.15.38:0/537474695 >> 172.21.15.38:0/537474695 conn(0x7f70c8102ea0 msgr2=0x7f70c8104110 unknown :-1 s=STATE_NONE l=0).mark_down
2024-09-16T00:23:24.751 INFO:teuthology.orchestra.run.smithi038.stdout:/usr/bin/ceph: stderr
2024-09-16T00:23:24.099+0000 7f70cfe18640 1 -- 172.21.15.38:0/537474695 shutdown_connections
2024-09-16T00:23:24.751 INFO:teuthology.orchestra.run.smithi038.stdout:/usr/bin/ceph: stderr
2024-09-16T00:23:24.099+0000 7f70cfe18640 1 -- 172.21.15.38:0/537474695 wait complete.
2024-09-16T00:23:24.751 INFO:teuthology.orchestra.run.smithi038.stdout:Creating initial admin user...
2024-09-16T00:23:25.032 INFO:journalctl@ceph.mon.a.smithi038.stdout:Sep 16 00:23:24 smithi038 ceph-mon[30945]: mgrmap e12: x(active, since 2s)
2024-09-16T00:23:25.032 INFO:journalctl@ceph.mon.a.smithi038.stdout:Sep 16 00:23:24 smithi038 ceph-mon[30945]: from='client.14162 -' entity='client.admin' cmd=[{"prefix": "dashboard create-self-signed-cert", "target": ["mon-mgr", ""]}]: dispatch
2024-09-16T00:23:25.032 INFO:journalctl@ceph.mon.a.smithi038.stdout:Sep 16 00:23:24 smithi038 ceph-mon[30945]: from='mgr.14150 172.21.15.38:0/1835822858' entity='mgr.x'
2024-09-16T00:23:25.032 INFO:journalctl@ceph.mon.a.smithi038.stdout:Sep 16 00:23:24 smithi038 ceph-mon[30945]: from='mgr.14150 172.21.15.38:0/1835822858' entity='mgr.x'
2024-09-16T00:23:25.033 INFO:journalctl@ceph.mon.a.smithi038.stdout:Sep 16 00:23:24 smithi038 ceph-mon[30945]: from='mgr.14150 172.21.15.38:0/1835822858' entity='mgr.x'
2024-09-16T00:23:27.129 INFO:journalctl@ceph.mon.a.smithi038.stdout:Sep 16 00:23:26 smithi038 ceph-mon[30945]: from='client.14164 -' entity='client.admin' cmd=[{"prefix": "dashboard ac-user-create", "username": "admin", "rolename": "administrator", "force_password": true, "pwd_update_required": true, "target": ["mon-mgr", ""]}]: dispatch
2024-09-16T00:23:27.129 INFO:journalctl@ceph.mon.a.smithi038.stdout:Sep 16 00:23:26 smithi038 ceph-mon[30945]: from='mgr.14150 172.21.15.38:0/1835822858' entity='mgr.x'
2024-09-16T00:23:27.136 INFO:teuthology.orchestra.run.smithi038.stdout:/usr/bin/ceph: stdout {"username": "admin", "password": "$2b$12$vW7GRnxOSlbnA0e6B.uyPeo7eXoQhDyhAbItoqb6FL1WEkYACcDQa", "roles": ["administrator"], "name": null, "email": null, "lastUpdate": 1726446205, "enabled": true, "pwdExpirationDate": null, "pwdUpdateRequired": true}
2024-09-16T00:23:27.136 INFO:teuthology.orchestra.run.smithi038.stdout:/usr/bin/ceph: stderr
2024-09-16T00:23:25.356+0000 7fcf38a4a640 1 Processor -- start
2024-09-16T00:23:27.137 INFO:teuthology.orchestra.run.smithi038.stdout:/usr/bin/ceph: stderr
2024-09-16T00:23:25.356+0000 7fcf38a4a640 1 -- start start
2024-09-16T00:23:27.137 INFO:teuthology.orchestra.run.smithi038.stdout:/usr/bin/ceph: stderr
2024-09-16T00:23:25.357+0000 7fcf38a4a640 1 --2- >> [v2:172.21.15.38:3300/0,v1:172.21.15.38:6789/0] conn(0x7fcf341064e0 0x7fcf341068e0 unknown :-1 s=NONE pgs=0 cs=0 l=0 rev1=0 crypto rx=0 tx=0 comp rx=0 tx=0).connect
2024-09-16T00:23:27.137 INFO:teuthology.orchestra.run.smithi038.stdout:/usr/bin/ceph: stderr
2024-09-16T00:23:25.357+0000 7fcf38a4a640 1 -- --> [v2:172.21.15.38:3300/0,v1:172.21.15.38:6789/0] -- mon_getmap magic: 0 -- 0x7fcf34106eb0 con 0x7fcf341064e0
2024-09-16T00:23:27.137 INFO:teuthology.orchestra.run.smithi038.stdout:/usr/bin/ceph: stderr
2024-09-16T00:23:25.357+0000 7fcf3259c640 1 --2- >> [v2:172.21.15.38:3300/0,v1:172.21.15.38:6789/0] conn(0x7fcf341064e0 0x7fcf341068e0 unknown :-1 s=BANNER_CONNECTING pgs=0 cs=0 l=0 rev1=0 crypto rx=0 tx=0 comp rx=0 tx=0)._handle_peer_banner_payload supported=3 required=0
2024-09-16T00:23:27.137 INFO:teuthology.orchestra.run.smithi038.stdout:/usr/bin/ceph: stderr
2024-09-16T00:23:25.357+0000 7fcf3259c640 1 --2- >> [v2:172.21.15.38:3300/0,v1:172.21.15.38:6789/0] conn(0x7fcf341064e0 0x7fcf341068e0 unknown :-1 s=HELLO_CONNECTING pgs=0 cs=0 l=0 rev1=1 crypto rx=0 tx=0 comp rx=0 tx=0).handle_hello peer v2:172.21.15.38:3300/0 says I am v2:172.21.15.38:40266/0 (socket says 172.21.15.38:40266)
2024-09-16T00:23:27.137 INFO:teuthology.orchestra.run.smithi038.stdout:/usr/bin/ceph: stderr
2024-09-16T00:23:25.357+0000 7fcf3259c640 1 -- 172.21.15.38:0/1067714946 learned_addr learned my addr 172.21.15.38:0/1067714946 (peer_addr_for_me v2:172.21.15.38:0/0)
2024-09-16T00:23:27.137 INFO:teuthology.orchestra.run.smithi038.stdout:/usr/bin/ceph: stderr
2024-09-16T00:23:25.357+0000 7fcf3259c640 1 -- 172.21.15.38:0/1067714946 --> [v2:172.21.15.38:3300/0,v1:172.21.15.38:6789/0] -- mon_subscribe({config=0+,monmap=0+}) -- 0x7fcf34107690 con 0x7fcf341064e0
2024-09-16T00:23:27.137 INFO:teuthology.orchestra.run.smithi038.stdout:/usr/bin/ceph: stderr
2024-09-16T00:23:25.358+0000 7fcf3259c640 1 --2- 172.21.15.38:0/1067714946 >> [v2:172.21.15.38:3300/0,v1:172.21.15.38:6789/0] conn(0x7fcf341064e0 0x7fcf341068e0 secure :-1 s=READY pgs=70 cs=0 l=1 rev1=1 crypto rx=0x7fcf24009820 tx=0x7fcf2402a270 comp rx=0 tx=0).ready entity=mon.0 client_cookie=fa2ba020a390ff4a server_cookie=0 in_seq=0 out_seq=0
2024-09-16T00:23:27.138 INFO:teuthology.orchestra.run.smithi038.stdout:/usr/bin/ceph: stderr
2024-09-16T00:23:25.358+0000 7fcf3159a640 1 -- 172.21.15.38:0/1067714946 <== mon.0 v2:172.21.15.38:3300/0 1 ==== mon_map magic: 0 ==== 205+0+0 (secure 0 0 0) 0x7fcf24037070 con 0x7fcf341064e0
2024-09-16T00:23:27.138 INFO:teuthology.orchestra.run.smithi038.stdout:/usr/bin/ceph: stderr
2024-09-16T00:23:25.358+0000 7fcf3159a640 1 -- 172.21.15.38:0/1067714946 <== mon.0 v2:172.21.15.38:3300/0 2 ==== config(27 keys) ==== 1140+0+0 (secure 0 0 0) 0x7fcf24032920 con 0x7fcf341064e0
2024-09-16T00:23:27.138 INFO:teuthology.orchestra.run.smithi038.stdout:/usr/bin/ceph: stderr
2024-09-16T00:23:25.358+0000 7fcf3159a640 1 -- 172.21.15.38:0/1067714946 <== mon.0 v2:172.21.15.38:3300/0 3 ==== mon_map magic: 0 ==== 205+0+0 (secure 0 0 0) 0x7fcf24030810 con 0x7fcf341064e0
2024-09-16T00:23:27.138 INFO:teuthology.orchestra.run.smithi038.stdout:/usr/bin/ceph: stderr
2024-09-16T00:23:25.359+0000 7fcf38a4a640 1 -- 172.21.15.38:0/1067714946 >> [v2:172.21.15.38:3300/0,v1:172.21.15.38:6789/0] conn(0x7fcf341064e0 msgr2=0x7fcf341068e0 secure :-1 s=STATE_CONNECTION_ESTABLISHED l=1).mark_down
2024-09-16T00:23:27.138 INFO:teuthology.orchestra.run.smithi038.stdout:/usr/bin/ceph: stderr
2024-09-16T00:23:25.359+0000 7fcf38a4a640 1 --2- 172.21.15.38:0/1067714946 >> [v2:172.21.15.38:3300/0,v1:172.21.15.38:6789/0] conn(0x7fcf341064e0 0x7fcf341068e0 secure :-1 s=READY pgs=70 cs=0 l=1 rev1=1 crypto rx=0x7fcf24009820 tx=0x7fcf2402a270 comp rx=0 tx=0).stop
2024-09-16T00:23:27.138 INFO:teuthology.orchestra.run.smithi038.stdout:/usr/bin/ceph: stderr
2024-09-16T00:23:25.359+0000 7fcf38a4a640 1 -- 172.21.15.38:0/1067714946 shutdown_connections
2024-09-16T00:23:27.138 INFO:teuthology.orchestra.run.smithi038.stdout:/usr/bin/ceph: stderr
2024-09-16T00:23:25.359+0000 7fcf38a4a640 1 --2- 172.21.15.38:0/1067714946 >> [v2:172.21.15.38:3300/0,v1:172.21.15.38:6789/0] conn(0x7fcf341064e0 0x7fcf341068e0 unknown :-1 s=CLOSED pgs=70 cs=0 l=1 rev1=1 crypto rx=0 tx=0 comp rx=0 tx=0).stop
2024-09-16T00:23:27.138 INFO:teuthology.orchestra.run.smithi038.stdout:/usr/bin/ceph: stderr
2024-09-16T00:23:25.359+0000 7fcf38a4a640 1 -- 172.21.15.38:0/1067714946 >> 172.21.15.38:0/1067714946 conn(0x7fcf34101c30 msgr2=0x7fcf341040b0 unknown :-1 s=STATE_NONE l=0).mark_down
2024-09-16T00:23:27.138 INFO:teuthology.orchestra.run.smithi038.stdout:/usr/bin/ceph: stderr
2024-09-16T00:23:25.359+0000 7fcf38a4a640 1 -- 172.21.15.38:0/1067714946 shutdown_connections
2024-09-16T00:23:27.138 INFO:teuthology.orchestra.run.smithi038.stdout:/usr/bin/ceph: stderr
2024-09-16T00:23:25.359+0000 7fcf38a4a640 1 -- 172.21.15.38:0/1067714946 wait complete.
2024-09-16T00:23:27.138 INFO:teuthology.orchestra.run.smithi038.stdout:/usr/bin/ceph: stderr
2024-09-16T00:23:25.360+0000 7fcf38a4a640 1 Processor -- start
2024-09-16T00:23:27.138 INFO:teuthology.orchestra.run.smithi038.stdout:/usr/bin/ceph: stderr
2024-09-16T00:23:25.360+0000 7fcf38a4a640 1 -- start start
2024-09-16T00:23:27.138 INFO:teuthology.orchestra.run.smithi038.stdout:/usr/bin/ceph: stderr
2024-09-16T00:23:25.360+0000 7fcf38a4a640 1 --2- >> [v2:172.21.15.38:3300/0,v1:172.21.15.38:6789/0] conn(0x7fcf341064e0 0x7fcf3419b620 unknown :-1 s=NONE pgs=0 cs=0 l=1 rev1=0 crypto rx=0 tx=0 comp rx=0 tx=0).connect
2024-09-16T00:23:27.139 INFO:teuthology.orchestra.run.smithi038.stdout:/usr/bin/ceph: stderr
2024-09-16T00:23:25.360+0000 7fcf38a4a640 1 -- --> [v2:172.21.15.38:3300/0,v1:172.21.15.38:6789/0] -- mon_getmap magic: 0 -- 0x7fcf3410aa40 con 0x7fcf341064e0
2024-09-16T00:23:27.139 INFO:teuthology.orchestra.run.smithi038.stdout:/usr/bin/ceph: stderr
2024-09-16T00:23:25.361+0000 7fcf3259c640 1 --2- >> [v2:172.21.15.38:3300/0,v1:172.21.15.38:6789/0] conn(0x7fcf341064e0 0x7fcf3419b620 unknown :-1 s=BANNER_CONNECTING pgs=0 cs=0 l=1 rev1=0 crypto rx=0 tx=0 comp rx=0 tx=0)._handle_peer_banner_payload supported=3 required=0
2024-09-16T00:23:27.139 INFO:teuthology.orchestra.run.smithi038.stdout:/usr/bin/ceph: stderr
2024-09-16T00:23:25.361+0000 7fcf3259c640 1 --2- >> [v2:172.21.15.38:3300/0,v1:172.21.15.38:6789/0] conn(0x7fcf341064e0 0x7fcf3419b620 unknown :-1 s=HELLO_CONNECTING pgs=0 cs=0 l=1 rev1=1 crypto rx=0 tx=0 comp rx=0 tx=0).handle_hello peer v2:172.21.15.38:3300/0 says I am v2:172.21.15.38:40282/0 (socket says 172.21.15.38:40282)
2024-09-16T00:23:27.139 INFO:teuthology.orchestra.run.smithi038.stdout:/usr/bin/ceph: stderr
2024-09-16T00:23:25.361+0000 7fcf3259c640 1 -- 172.21.15.38:0/587491107 learned_addr learned my addr 172.21.15.38:0/587491107 (peer_addr_for_me v2:172.21.15.38:0/0)
2024-09-16T00:23:27.139 INFO:teuthology.orchestra.run.smithi038.stdout:/usr/bin/ceph: stderr
2024-09-16T00:23:25.361+0000 7fcf3259c640 1 -- 172.21.15.38:0/587491107 --> [v2:172.21.15.38:3300/0,v1:172.21.15.38:6789/0] -- mon_subscribe({config=0+,monmap=0+}) -- 0x7fcf3419bb60 con 0x7fcf341064e0
2024-09-16T00:23:27.139 INFO:teuthology.orchestra.run.smithi038.stdout:/usr/bin/ceph: stderr
2024-09-16T00:23:25.361+0000 7fcf3259c640 1 --2- 172.21.15.38:0/587491107 >> [v2:172.21.15.38:3300/0,v1:172.21.15.38:6789/0] conn(0x7fcf341064e0 0x7fcf3419b620 secure :-1 s=READY pgs=71 cs=0 l=1 rev1=1 crypto rx=0x7fcf24030560 tx=0x7fcf24032670 comp rx=0 tx=0).ready entity=mon.0 client_cookie=0 server_cookie=0 in_seq=0 out_seq=0
2024-09-16T00:23:27.139 INFO:teuthology.orchestra.run.smithi038.stdout:/usr/bin/ceph: stderr
2024-09-16T00:23:25.361+0000 7fcf237fe640 1 -- 172.21.15.38:0/587491107 <== mon.0 v2:172.21.15.38:3300/0 1 ==== mon_map magic: 0 ==== 205+0+0 (secure 0 0 0) 0x7fcf24037040 con 0x7fcf341064e0
2024-09-16T00:23:27.139 INFO:teuthology.orchestra.run.smithi038.stdout:/usr/bin/ceph: stderr
2024-09-16T00:23:25.361+0000 7fcf38a4a640 1 -- 172.21.15.38:0/587491107 --> [v2:172.21.15.38:3300/0,v1:172.21.15.38:6789/0] -- mon_subscribe({mgrmap=0+}) -- 0x7fcf3419bdf0 con 0x7fcf341064e0
2024-09-16T00:23:27.139 INFO:teuthology.orchestra.run.smithi038.stdout:/usr/bin/ceph: stderr
2024-09-16T00:23:25.362+0000 7fcf38a4a640 1 -- 172.21.15.38:0/587491107 --> [v2:172.21.15.38:3300/0,v1:172.21.15.38:6789/0] -- mon_subscribe({osdmap=0}) -- 0x7fcf3419eae0 con 0x7fcf341064e0
2024-09-16T00:23:27.139 INFO:teuthology.orchestra.run.smithi038.stdout:/usr/bin/ceph: stderr
2024-09-16T00:23:25.362+0000 7fcf237fe640 1 -- 172.21.15.38:0/587491107 <== mon.0 v2:172.21.15.38:3300/0 2 ==== config(27 keys) ==== 1140+0+0 (secure 0 0 0) 0x7fcf24040070 con 0x7fcf341064e0
2024-09-16T00:23:27.139 INFO:teuthology.orchestra.run.smithi038.stdout:/usr/bin/ceph: stderr
2024-09-16T00:23:25.362+0000 7fcf237fe640 1 -- 172.21.15.38:0/587491107 <== mon.0 v2:172.21.15.38:3300/0 3 ==== mon_map magic: 0 ==== 205+0+0 (secure 0 0 0) 0x7fcf2403a740 con 0x7fcf341064e0
2024-09-16T00:23:27.139 INFO:teuthology.orchestra.run.smithi038.stdout:/usr/bin/ceph: stderr
2024-09-16T00:23:25.363+0000 7fcf237fe640 1 -- 172.21.15.38:0/587491107 <== mon.0 v2:172.21.15.38:3300/0 4 ==== mgrmap(e 12) ==== 46474+0+0 (secure 0 0 0) 0x7fcf2403a8e0 con 0x7fcf341064e0
2024-09-16T00:23:27.140 INFO:teuthology.orchestra.run.smithi038.stdout:/usr/bin/ceph: stderr
2024-09-16T00:23:25.363+0000 7fcf237fe640 1 --2- 172.21.15.38:0/587491107 >> [v2:172.21.15.38:6800/1461245815,v1:172.21.15.38:6801/1461245815] conn(0x7fcf1c039260 0x7fcf1c03b720 unknown :-1 s=NONE pgs=0 cs=0 l=1 rev1=0 crypto rx=0 tx=0 comp rx=0 tx=0).connect
2024-09-16T00:23:27.140 INFO:teuthology.orchestra.run.smithi038.stdout:/usr/bin/ceph: stderr
2024-09-16T00:23:25.363+0000 7fcf237fe640 1 -- 172.21.15.38:0/587491107 <== mon.0 v2:172.21.15.38:3300/0 5 ==== osd_map(3..3 src has 1..3) ==== 1155+0+0 (secure 0 0 0) 0x7fcf2406c9c0 con 0x7fcf341064e0
2024-09-16T00:23:27.140 INFO:teuthology.orchestra.run.smithi038.stdout:/usr/bin/ceph: stderr
2024-09-16T00:23:25.363+0000 7fcf38a4a640 1 -- 172.21.15.38:0/587491107 --> [v2:172.21.15.38:3300/0,v1:172.21.15.38:6789/0] -- mon_command({"prefix": "get_command_descriptions"} v 0) -- 0x7fcf3410abc0 con 0x7fcf341064e0
2024-09-16T00:23:27.140 INFO:teuthology.orchestra.run.smithi038.stdout:/usr/bin/ceph: stderr
2024-09-16T00:23:25.363+0000 7fcf31d9b640 1 --2- 172.21.15.38:0/587491107 >> [v2:172.21.15.38:6800/1461245815,v1:172.21.15.38:6801/1461245815] conn(0x7fcf1c039260 0x7fcf1c03b720 unknown :-1 s=BANNER_CONNECTING pgs=0 cs=0 l=1 rev1=0 crypto rx=0 tx=0 comp rx=0 tx=0)._handle_peer_banner_payload supported=3 required=0
2024-09-16T00:23:27.140 INFO:teuthology.orchestra.run.smithi038.stdout:/usr/bin/ceph: stderr
2024-09-16T00:23:25.364+0000 7fcf31d9b640 1 --2- 172.21.15.38:0/587491107 >> [v2:172.21.15.38:6800/1461245815,v1:172.21.15.38:6801/1461245815] conn(0x7fcf1c039260 0x7fcf1c03b720 secure :-1 s=READY pgs=8 cs=0 l=1 rev1=1 crypto rx=0x7fcf280098c0 tx=0x7fcf28006db0 comp rx=0 tx=0).ready entity=mgr.14150 client_cookie=0 server_cookie=0 in_seq=0 out_seq=0
2024-09-16T00:23:27.140 INFO:teuthology.orchestra.run.smithi038.stdout:/usr/bin/ceph: stderr
2024-09-16T00:23:25.369+0000 7fcf237fe640 1 -- 172.21.15.38:0/587491107 <== mon.0 v2:172.21.15.38:3300/0 6 ==== mon_command_ack([{"prefix": "get_command_descriptions"}]=0 v0) ==== 72+0+188821 (secure 0 0 0) 0x7fcf24041270 con 0x7fcf341064e0
2024-09-16T00:23:27.140 INFO:teuthology.orchestra.run.smithi038.stdout:/usr/bin/ceph: stderr
2024-09-16T00:23:25.571+0000 7fcf38a4a640 1 -- 172.21.15.38:0/587491107 --> [v2:172.21.15.38:6800/1461245815,v1:172.21.15.38:6801/1461245815] -- mgr_command(tid 0: {"prefix": "dashboard ac-user-create", "username": "admin", "rolename": "administrator", "force_password": true, "pwd_update_required": true, "target": ["mon-mgr", ""]}) -- 0x7fcf3402d890 con 0x7fcf1c039260
2024-09-16T00:23:27.140 INFO:teuthology.orchestra.run.smithi038.stdout:/usr/bin/ceph: stderr
2024-09-16T00:23:25.821+0000 7fcf237fe640 1 -- 172.21.15.38:0/587491107 <== mgr.14150 v2:172.21.15.38:6800/1461245815 1 ==== mgr_command_reply(tid 0: 0 ) ==== 8+0+252 (secure 0 0 0) 0x7fcf3402d890 con 0x7fcf1c039260
2024-09-16T00:23:27.140 INFO:teuthology.orchestra.run.smithi038.stdout:/usr/bin/ceph: stderr
2024-09-16T00:23:25.823+0000 7fcf38a4a640 1 -- 172.21.15.38:0/587491107 >> [v2:172.21.15.38:6800/1461245815,v1:172.21.15.38:6801/1461245815] conn(0x7fcf1c039260 msgr2=0x7fcf1c03b720 secure :-1 s=STATE_CONNECTION_ESTABLISHED l=1).mark_down
2024-09-16T00:23:27.140 INFO:teuthology.orchestra.run.smithi038.stdout:/usr/bin/ceph: stderr
2024-09-16T00:23:25.823+0000 7fcf38a4a640 1 --2- 172.21.15.38:0/587491107 >> [v2:172.21.15.38:6800/1461245815,v1:172.21.15.38:6801/1461245815] conn(0x7fcf1c039260 0x7fcf1c03b720 secure :-1 s=READY pgs=8 cs=0 l=1 rev1=1 crypto rx=0x7fcf280098c0 tx=0x7fcf28006db0 comp rx=0 tx=0).stop
2024-09-16T00:23:27.140 INFO:teuthology.orchestra.run.smithi038.stdout:/usr/bin/ceph: stderr
2024-09-16T00:23:25.823+0000 7fcf38a4a640 1 -- 172.21.15.38:0/587491107 >> [v2:172.21.15.38:3300/0,v1:172.21.15.38:6789/0] conn(0x7fcf341064e0 msgr2=0x7fcf3419b620 secure :-1 s=STATE_CONNECTION_ESTABLISHED l=1).mark_down
2024-09-16T00:23:27.140 INFO:teuthology.orchestra.run.smithi038.stdout:/usr/bin/ceph: stderr
2024-09-16T00:23:25.823+0000 7fcf38a4a640 1 --2- 172.21.15.38:0/587491107 >> [v2:172.21.15.38:3300/0,v1:172.21.15.38:6789/0] conn(0x7fcf341064e0 0x7fcf3419b620 secure :-1 s=READY pgs=71 cs=0 l=1 rev1=1 crypto rx=0x7fcf24030560 tx=0x7fcf24032670 comp rx=0 tx=0).stop
2024-09-16T00:23:27.140 INFO:teuthology.orchestra.run.smithi038.stdout:/usr/bin/ceph: stderr
2024-09-16T00:23:25.823+0000 7fcf38a4a640 1 -- 172.21.15.38:0/587491107 shutdown_connections
2024-09-16T00:23:27.141 INFO:teuthology.orchestra.run.smithi038.stdout:/usr/bin/ceph: stderr
2024-09-16T00:23:25.823+0000 7fcf38a4a640 1 --2- 172.21.15.38:0/587491107 >> [v2:172.21.15.38:6800/1461245815,v1:172.21.15.38:6801/1461245815] conn(0x7fcf1c039260 0x7fcf1c03b720 unknown :-1 s=CLOSED pgs=8 cs=0 l=1 rev1=1 crypto rx=0 tx=0 comp rx=0 tx=0).stop
2024-09-16T00:23:27.141 INFO:teuthology.orchestra.run.smithi038.stdout:/usr/bin/ceph: stderr
2024-09-16T00:23:25.823+0000 7fcf38a4a640 1 --2- 172.21.15.38:0/587491107 >> [v2:172.21.15.38:3300/0,v1:172.21.15.38:6789/0] conn(0x7fcf341064e0 0x7fcf3419b620 unknown :-1 s=CLOSED pgs=71 cs=0 l=1 rev1=1 crypto rx=0 tx=0 comp rx=0 tx=0).stop
2024-09-16T00:23:27.141 INFO:teuthology.orchestra.run.smithi038.stdout:/usr/bin/ceph: stderr
2024-09-16T00:23:25.823+0000 7fcf38a4a640 1 -- 172.21.15.38:0/587491107 >> 172.21.15.38:0/587491107 conn(0x7fcf34101c30 msgr2=0x7fcf34102be0 unknown :-1 s=STATE_NONE l=0).mark_down
2024-09-16T00:23:27.141 INFO:teuthology.orchestra.run.smithi038.stdout:/usr/bin/ceph: stderr
2024-09-16T00:23:25.823+0000 7fcf38a4a640 1 -- 172.21.15.38:0/587491107 shutdown_connections
2024-09-16T00:23:27.141 INFO:teuthology.orchestra.run.smithi038.stdout:/usr/bin/ceph: stderr
2024-09-16T00:23:25.823+0000 7fcf38a4a640 1 -- 172.21.15.38:0/587491107 wait complete.
2024-09-16T00:23:27.141 INFO:teuthology.orchestra.run.smithi038.stdout:Fetching dashboard port number...
2024-09-16T00:23:28.035 INFO:journalctl@ceph.mon.a.smithi038.stdout:Sep 16 00:23:27 smithi038 ceph-mon[30945]: from='client.? 172.21.15.38:0/3773977695' entity='client.admin' cmd=[{"prefix": "config get", "who": "mgr", "key": "mgr/dashboard/ssl_server_port"}]: dispatch
2024-09-16T00:23:28.327 INFO:teuthology.orchestra.run.smithi038.stdout:/usr/bin/ceph: stdout 8443
2024-09-16T00:23:28.327 INFO:teuthology.orchestra.run.smithi038.stdout:/usr/bin/ceph: stderr
2024-09-16T00:23:27.536+0000 7fc638def640 1 Processor -- start
2024-09-16T00:23:28.327 INFO:teuthology.orchestra.run.smithi038.stdout:/usr/bin/ceph: stderr
2024-09-16T00:23:27.536+0000 7fc638def640 1 -- start start
2024-09-16T00:23:28.327 INFO:teuthology.orchestra.run.smithi038.stdout:/usr/bin/ceph: stderr
2024-09-16T00:23:27.537+0000 7fc638def640 1 --2- >> [v2:172.21.15.38:3300/0,v1:172.21.15.38:6789/0] conn(0x7fc6341080b0 0x7fc63410a4a0 unknown :-1 s=NONE pgs=0 cs=0 l=0 rev1=0 crypto rx=0 tx=0 comp rx=0 tx=0).connect
2024-09-16T00:23:28.327 INFO:teuthology.orchestra.run.smithi038.stdout:/usr/bin/ceph: stderr
2024-09-16T00:23:27.537+0000 7fc638def640 1 -- --> [v2:172.21.15.38:3300/0,v1:172.21.15.38:6789/0] -- mon_getmap magic: 0 -- 0x7fc63407bdf0 con 0x7fc6341080b0
2024-09-16T00:23:28.327 INFO:teuthology.orchestra.run.smithi038.stdout:/usr/bin/ceph: stderr
2024-09-16T00:23:27.537+0000 7fc63259c640 1 --2- >> [v2:172.21.15.38:3300/0,v1:172.21.15.38:6789/0] conn(0x7fc6341080b0 0x7fc63410a4a0 unknown :-1 s=BANNER_CONNECTING pgs=0 cs=0 l=0 rev1=0 crypto rx=0 tx=0 comp rx=0 tx=0)._handle_peer_banner_payload supported=3 required=0
2024-09-16T00:23:28.327 INFO:teuthology.orchestra.run.smithi038.stdout:/usr/bin/ceph: stderr
2024-09-16T00:23:27.537+0000 7fc63259c640 1 --2- >> [v2:172.21.15.38:3300/0,v1:172.21.15.38:6789/0] conn(0x7fc6341080b0 0x7fc63410a4a0 unknown :-1 s=HELLO_CONNECTING pgs=0 cs=0 l=0 rev1=1 crypto rx=0 tx=0 comp rx=0 tx=0).handle_hello peer v2:172.21.15.38:3300/0 says I am v2:172.21.15.38:45308/0 (socket says 172.21.15.38:45308)
2024-09-16T00:23:28.327 INFO:teuthology.orchestra.run.smithi038.stdout:/usr/bin/ceph: stderr
2024-09-16T00:23:27.537+0000 7fc63259c640 1 -- 172.21.15.38:0/1208934390 learned_addr learned my addr 172.21.15.38:0/1208934390 (peer_addr_for_me v2:172.21.15.38:0/0)
2024-09-16T00:23:28.327 INFO:teuthology.orchestra.run.smithi038.stdout:/usr/bin/ceph: stderr
2024-09-16T00:23:27.537+0000 7fc63259c640 1 -- 172.21.15.38:0/1208934390 --> [v2:172.21.15.38:3300/0,v1:172.21.15.38:6789/0] -- mon_subscribe({config=0+,monmap=0+}) -- 0x7fc63410a9e0 con 0x7fc6341080b0
2024-09-16T00:23:28.328 INFO:teuthology.orchestra.run.smithi038.stdout:/usr/bin/ceph: stderr
2024-09-16T00:23:27.538+0000 7fc63259c640 1 --2- 172.21.15.38:0/1208934390 >> [v2:172.21.15.38:3300/0,v1:172.21.15.38:6789/0] conn(0x7fc6341080b0 0x7fc63410a4a0 secure :-1 s=READY pgs=72 cs=0 l=1 rev1=1 crypto rx=0x7fc62c009820 tx=0x7fc62c02a270 comp rx=0 tx=0).ready entity=mon.0 client_cookie=bb172e50716961de server_cookie=0 in_seq=0 out_seq=0
2024-09-16T00:23:28.328 INFO:teuthology.orchestra.run.smithi038.stdout:/usr/bin/ceph: stderr
2024-09-16T00:23:27.538+0000 7fc63159a640 1 -- 172.21.15.38:0/1208934390 <== mon.0 v2:172.21.15.38:3300/0 1 ==== mon_map magic: 0 ==== 205+0+0 (secure 0 0 0) 0x7fc62c037070 con 0x7fc6341080b0
2024-09-16T00:23:28.328 INFO:teuthology.orchestra.run.smithi038.stdout:/usr/bin/ceph: stderr
2024-09-16T00:23:27.538+0000 7fc63159a640 1 -- 172.21.15.38:0/1208934390 <== mon.0 v2:172.21.15.38:3300/0 2 ==== config(27 keys) ==== 1140+0+0 (secure 0 0 0) 0x7fc62c032920 con 0x7fc6341080b0
2024-09-16T00:23:28.328 INFO:teuthology.orchestra.run.smithi038.stdout:/usr/bin/ceph: stderr
2024-09-16T00:23:27.538+0000 7fc63159a640 1 -- 172.21.15.38:0/1208934390 <== mon.0 v2:172.21.15.38:3300/0 3 ==== mon_map magic: 0 ==== 205+0+0 (secure 0 0 0) 0x7fc62c030810 con 0x7fc6341080b0
2024-09-16T00:23:28.328 INFO:teuthology.orchestra.run.smithi038.stdout:/usr/bin/ceph: stderr
2024-09-16T00:23:27.539+0000 7fc638def640 1 -- 172.21.15.38:0/1208934390 >> [v2:172.21.15.38:3300/0,v1:172.21.15.38:6789/0] conn(0x7fc6341080b0 msgr2=0x7fc63410a4a0 secure :-1 s=STATE_CONNECTION_ESTABLISHED l=1).mark_down
2024-09-16T00:23:28.328 INFO:teuthology.orchestra.run.smithi038.stdout:/usr/bin/ceph: stderr
2024-09-16T00:23:27.539+0000 7fc638def640 1 --2- 172.21.15.38:0/1208934390 >> [v2:172.21.15.38:3300/0,v1:172.21.15.38:6789/0] conn(0x7fc6341080b0 0x7fc63410a4a0 secure :-1 s=READY pgs=72 cs=0 l=1 rev1=1 crypto rx=0x7fc62c009820 tx=0x7fc62c02a270 comp rx=0 tx=0).stop
2024-09-16T00:23:28.328 INFO:teuthology.orchestra.run.smithi038.stdout:/usr/bin/ceph: stderr
2024-09-16T00:23:27.539+0000 7fc638def640 1 -- 172.21.15.38:0/1208934390 shutdown_connections
2024-09-16T00:23:28.328 INFO:teuthology.orchestra.run.smithi038.stdout:/usr/bin/ceph: stderr
2024-09-16T00:23:27.539+0000 7fc638def640 1 --2- 172.21.15.38:0/1208934390 >> [v2:172.21.15.38:3300/0,v1:172.21.15.38:6789/0] conn(0x7fc6341080b0 0x7fc63410a4a0 unknown :-1 s=CLOSED pgs=72 cs=0 l=1 rev1=1 crypto rx=0 tx=0 comp rx=0 tx=0).stop
2024-09-16T00:23:28.328 INFO:teuthology.orchestra.run.smithi038.stdout:/usr/bin/ceph: stderr
2024-09-16T00:23:27.539+0000 7fc638def640 1 -- 172.21.15.38:0/1208934390 >> 172.21.15.38:0/1208934390 conn(0x7fc634101c30 msgr2=0x7fc6341040b0 unknown :-1 s=STATE_NONE l=0).mark_down
2024-09-16T00:23:28.328 INFO:teuthology.orchestra.run.smithi038.stdout:/usr/bin/ceph: stderr
2024-09-16T00:23:27.539+0000 7fc638def640 1 -- 172.21.15.38:0/1208934390 shutdown_connections
2024-09-16T00:23:28.328 INFO:teuthology.orchestra.run.smithi038.stdout:/usr/bin/ceph: stderr
2024-09-16T00:23:27.539+0000 7fc638def640 1 -- 172.21.15.38:0/1208934390 wait complete.
2024-09-16T00:23:28.328 INFO:teuthology.orchestra.run.smithi038.stdout:/usr/bin/ceph: stderr
2024-09-16T00:23:27.540+0000 7fc638def640 1 Processor -- start
2024-09-16T00:23:28.328 INFO:teuthology.orchestra.run.smithi038.stdout:/usr/bin/ceph: stderr
2024-09-16T00:23:27.540+0000 7fc638def640 1 -- start start
2024-09-16T00:23:28.329 INFO:teuthology.orchestra.run.smithi038.stdout:/usr/bin/ceph: stderr
2024-09-16T00:23:27.540+0000 7fc638def640 1 --2- >> [v2:172.21.15.38:3300/0,v1:172.21.15.38:6789/0] conn(0x7fc6341080b0 0x7fc63419b5b0 unknown :-1 s=NONE pgs=0 cs=0 l=1 rev1=0 crypto rx=0 tx=0 comp rx=0 tx=0).connect
2024-09-16T00:23:28.329 INFO:teuthology.orchestra.run.smithi038.stdout:/usr/bin/ceph: stderr
2024-09-16T00:23:27.540+0000 7fc638def640 1 -- --> [v2:172.21.15.38:3300/0,v1:172.21.15.38:6789/0] -- mon_getmap magic: 0 -- 0x7fc63410ba00 con 0x7fc6341080b0
2024-09-16T00:23:28.329 INFO:teuthology.orchestra.run.smithi038.stdout:/usr/bin/ceph: stderr
2024-09-16T00:23:27.540+0000 7fc63259c640 1 --2- >> [v2:172.21.15.38:3300/0,v1:172.21.15.38:6789/0] conn(0x7fc6341080b0 0x7fc63419b5b0 unknown :-1 s=BANNER_CONNECTING pgs=0 cs=0 l=1 rev1=0 crypto rx=0 tx=0 comp rx=0 tx=0)._handle_peer_banner_payload supported=3 required=0
2024-09-16T00:23:28.329 INFO:teuthology.orchestra.run.smithi038.stdout:/usr/bin/ceph: stderr
2024-09-16T00:23:27.540+0000 7fc63259c640 1 --2- >> [v2:172.21.15.38:3300/0,v1:172.21.15.38:6789/0] conn(0x7fc6341080b0 0x7fc63419b5b0 unknown :-1 s=HELLO_CONNECTING pgs=0 cs=0 l=1 rev1=1 crypto rx=0 tx=0 comp rx=0 tx=0).handle_hello peer v2:172.21.15.38:3300/0 says I am v2:172.21.15.38:45310/0 (socket says 172.21.15.38:45310)
2024-09-16T00:23:28.329 INFO:teuthology.orchestra.run.smithi038.stdout:/usr/bin/ceph: stderr
2024-09-16T00:23:27.540+0000 7fc63259c640 1 -- 172.21.15.38:0/3773977695 learned_addr learned my addr 172.21.15.38:0/3773977695 (peer_addr_for_me v2:172.21.15.38:0/0)
2024-09-16T00:23:28.329 INFO:teuthology.orchestra.run.smithi038.stdout:/usr/bin/ceph: stderr
2024-09-16T00:23:27.540+0000 7fc63259c640 1 -- 172.21.15.38:0/3773977695 --> [v2:172.21.15.38:3300/0,v1:172.21.15.38:6789/0] -- mon_subscribe({config=0+,monmap=0+}) -- 0x7fc63419baf0 con 0x7fc6341080b0
2024-09-16T00:23:28.329 INFO:teuthology.orchestra.run.smithi038.stdout:/usr/bin/ceph: stderr
2024-09-16T00:23:27.541+0000 7fc63259c640 1 --2- 172.21.15.38:0/3773977695 >> [v2:172.21.15.38:3300/0,v1:172.21.15.38:6789/0] conn(0x7fc6341080b0 0x7fc63419b5b0 secure :-1 s=READY pgs=73 cs=0 l=1 rev1=1 crypto rx=0x7fc62c030380 tx=0x7fc62c032670 comp rx=0 tx=0).ready entity=mon.0 client_cookie=0 server_cookie=0 in_seq=0 out_seq=0
2024-09-16T00:23:28.329 INFO:teuthology.orchestra.run.smithi038.stdout:/usr/bin/ceph: stderr
2024-09-16T00:23:27.541+0000 7fc62b7fe640 1 -- 172.21.15.38:0/3773977695 <== mon.0 v2:172.21.15.38:3300/0 1 ==== mon_map magic: 0 ==== 205+0+0 (secure 0 0 0) 0x7fc62c037040 con 0x7fc6341080b0
2024-09-16T00:23:28.329 INFO:teuthology.orchestra.run.smithi038.stdout:/usr/bin/ceph: stderr
2024-09-16T00:23:27.541+0000 7fc62b7fe640 1 -- 172.21.15.38:0/3773977695 <== mon.0 v2:172.21.15.38:3300/0 2 ==== config(27 keys) ==== 1140+0+0 (secure 0 0 0) 0x7fc62c040070 con 0x7fc6341080b0
2024-09-16T00:23:28.329 INFO:teuthology.orchestra.run.smithi038.stdout:/usr/bin/ceph: stderr
2024-09-16T00:23:27.541+0000 7fc638def640 1 -- 172.21.15.38:0/3773977695 --> [v2:172.21.15.38:3300/0,v1:172.21.15.38:6789/0] -- mon_subscribe({mgrmap=0+}) -- 0x7fc63419bd80 con 0x7fc6341080b0
2024-09-16T00:23:28.329 INFO:teuthology.orchestra.run.smithi038.stdout:/usr/bin/ceph: stderr
2024-09-16T00:23:27.541+0000 7fc62b7fe640 1 -- 172.21.15.38:0/3773977695 <== mon.0 v2:172.21.15.38:3300/0 3 ==== mon_map magic: 0 ==== 205+0+0 (secure 0 0 0) 0x7fc62c03a7b0 con 0x7fc6341080b0
2024-09-16T00:23:28.329 INFO:teuthology.orchestra.run.smithi038.stdout:/usr/bin/ceph: stderr
2024-09-16T00:23:27.541+0000 7fc638def640 1 -- 172.21.15.38:0/3773977695 --> [v2:172.21.15.38:3300/0,v1:172.21.15.38:6789/0] -- mon_subscribe({osdmap=0}) -- 0x7fc63419ea70 con 0x7fc6341080b0
2024-09-16T00:23:28.329 INFO:teuthology.orchestra.run.smithi038.stdout:/usr/bin/ceph: stderr
2024-09-16T00:23:27.542+0000 7fc62b7fe640 1 -- 172.21.15.38:0/3773977695 <== mon.0 v2:172.21.15.38:3300/0 4 ==== mgrmap(e 12) ==== 46474+0+0 (secure 0 0 0) 0x7fc62c03b420 con 0x7fc6341080b0
2024-09-16T00:23:28.330 INFO:teuthology.orchestra.run.smithi038.stdout:/usr/bin/ceph: stderr
2024-09-16T00:23:27.542+0000 7fc638def640 1 -- 172.21.15.38:0/3773977695 --> [v2:172.21.15.38:3300/0,v1:172.21.15.38:6789/0] -- mon_command({"prefix": "get_command_descriptions"} v 0) -- 0x7fc634108510 con 0x7fc6341080b0
2024-09-16T00:23:28.330 INFO:teuthology.orchestra.run.smithi038.stdout:/usr/bin/ceph: stderr
2024-09-16T00:23:27.542+0000 7fc62b7fe640 1 --2- 172.21.15.38:0/3773977695 >> [v2:172.21.15.38:6800/1461245815,v1:172.21.15.38:6801/1461245815] conn(0x7fc620039200 0x7fc62003b6c0 unknown :-1 s=NONE pgs=0 cs=0 l=1 rev1=0 crypto rx=0 tx=0 comp rx=0 tx=0).connect
2024-09-16T00:23:28.330 INFO:teuthology.orchestra.run.smithi038.stdout:/usr/bin/ceph: stderr
2024-09-16T00:23:27.542+0000 7fc62b7fe640 1 -- 172.21.15.38:0/3773977695 <== mon.0 v2:172.21.15.38:3300/0 5 ==== osd_map(3..3 src has 1..3) ==== 1155+0+0 (secure 0 0 0) 0x7fc62c06ca30 con 0x7fc6341080b0
2024-09-16T00:23:28.330 INFO:teuthology.orchestra.run.smithi038.stdout:/usr/bin/ceph: stderr
2024-09-16T00:23:27.542+0000 7fc631d9b640 1 --2- 172.21.15.38:0/3773977695 >> [v2:172.21.15.38:6800/1461245815,v1:172.21.15.38:6801/1461245815] conn(0x7fc620039200 0x7fc62003b6c0 unknown :-1 s=BANNER_CONNECTING pgs=0 cs=0 l=1 rev1=0 crypto rx=0 tx=0 comp rx=0 tx=0)._handle_peer_banner_payload supported=3 required=0
2024-09-16T00:23:28.330 INFO:teuthology.orchestra.run.smithi038.stdout:/usr/bin/ceph: stderr
2024-09-16T00:23:27.543+0000 7fc631d9b640 1 --2- 172.21.15.38:0/3773977695 >> [v2:172.21.15.38:6800/1461245815,v1:172.21.15.38:6801/1461245815] conn(0x7fc620039200 0x7fc62003b6c0 secure :-1 s=READY pgs=9 cs=0 l=1 rev1=1 crypto rx=0x7fc61c0098c0 tx=0x7fc61c006db0 comp rx=0 tx=0).ready entity=mgr.14150 client_cookie=0 server_cookie=0 in_seq=0 out_seq=0
2024-09-16T00:23:28.330 INFO:teuthology.orchestra.run.smithi038.stdout:/usr/bin/ceph: stderr
2024-09-16T00:23:27.547+0000 7fc62b7fe640 1 -- 172.21.15.38:0/3773977695 <== mon.0 v2:172.21.15.38:3300/0 6 ==== mon_command_ack([{"prefix": "get_command_descriptions"}]=0 v0) ==== 72+0+188821 (secure 0 0 0) 0x7fc62c043360 con 0x7fc6341080b0
2024-09-16T00:23:28.330 INFO:teuthology.orchestra.run.smithi038.stdout:/usr/bin/ceph: stderr
2024-09-16T00:23:27.726+0000 7fc638def640 1 -- 172.21.15.38:0/3773977695 --> [v2:172.21.15.38:3300/0,v1:172.21.15.38:6789/0] -- mon_command({"prefix": "config get", "who": "mgr", "key": "mgr/dashboard/ssl_server_port"} v 0) -- 0x7fc63419ec40 con 0x7fc6341080b0
2024-09-16T00:23:28.330 INFO:teuthology.orchestra.run.smithi038.stdout:/usr/bin/ceph: stderr
2024-09-16T00:23:27.726+0000 7fc62b7fe640 1 -- 172.21.15.38:0/3773977695 <== mon.0 v2:172.21.15.38:3300/0 7 ==== mon_command_ack([{"prefix": "config get", "who": "mgr", "key": "mgr/dashboard/ssl_server_port"}]=0 v8) ==== 112+0+5 (secure 0 0 0) 0x7fc62c040220 con 0x7fc6341080b0
2024-09-16T00:23:28.330 INFO:teuthology.orchestra.run.smithi038.stdout:/usr/bin/ceph: stderr
2024-09-16T00:23:27.728+0000 7fc638def640 1 -- 172.21.15.38:0/3773977695 >> [v2:172.21.15.38:6800/1461245815,v1:172.21.15.38:6801/1461245815] conn(0x7fc620039200 msgr2=0x7fc62003b6c0 secure :-1 s=STATE_CONNECTION_ESTABLISHED l=1).mark_down
2024-09-16T00:23:28.330 INFO:teuthology.orchestra.run.smithi038.stdout:/usr/bin/ceph: stderr
2024-09-16T00:23:27.728+0000 7fc638def640 1 --2- 172.21.15.38:0/3773977695 >> [v2:172.21.15.38:6800/1461245815,v1:172.21.15.38:6801/1461245815] conn(0x7fc620039200 0x7fc62003b6c0 secure :-1 s=READY pgs=9 cs=0 l=1 rev1=1 crypto rx=0x7fc61c0098c0 tx=0x7fc61c006db0 comp rx=0 tx=0).stop
2024-09-16T00:23:28.330 INFO:teuthology.orchestra.run.smithi038.stdout:/usr/bin/ceph: stderr
2024-09-16T00:23:27.728+0000 7fc638def640 1 -- 172.21.15.38:0/3773977695 >> [v2:172.21.15.38:3300/0,v1:172.21.15.38:6789/0] conn(0x7fc6341080b0 msgr2=0x7fc63419b5b0 secure :-1 s=STATE_CONNECTION_ESTABLISHED l=1).mark_down
2024-09-16T00:23:28.330 INFO:teuthology.orchestra.run.smithi038.stdout:/usr/bin/ceph: stderr
2024-09-16T00:23:27.728+0000 7fc638def640 1 --2- 172.21.15.38:0/3773977695 >> [v2:172.21.15.38:3300/0,v1:172.21.15.38:6789/0] conn(0x7fc6341080b0 0x7fc63419b5b0 secure :-1 s=READY pgs=73 cs=0 l=1 rev1=1 crypto rx=0x7fc62c030380 tx=0x7fc62c032670 comp rx=0 tx=0).stop
2024-09-16T00:23:28.330 INFO:teuthology.orchestra.run.smithi038.stdout:/usr/bin/ceph: stderr
2024-09-16T00:23:27.728+0000 7fc638def640 1 -- 172.21.15.38:0/3773977695 shutdown_connections
2024-09-16T00:23:28.330 INFO:teuthology.orchestra.run.smithi038.stdout:/usr/bin/ceph: stderr
2024-09-16T00:23:27.729+0000 7fc638def640 1 --2- 172.21.15.38:0/3773977695 >> [v2:172.21.15.38:6800/1461245815,v1:172.21.15.38:6801/1461245815] conn(0x7fc620039200 0x7fc62003b6c0 unknown :-1 s=CLOSED pgs=9 cs=0 l=1 rev1=1 crypto rx=0 tx=0 comp rx=0 tx=0).stop
2024-09-16T00:23:28.331 INFO:teuthology.orchestra.run.smithi038.stdout:/usr/bin/ceph: stderr
2024-09-16T00:23:27.729+0000 7fc638def640 1 --2- 172.21.15.38:0/3773977695 >> [v2:172.21.15.38:3300/0,v1:172.21.15.38:6789/0] conn(0x7fc6341080b0 0x7fc63419b5b0 unknown :-1 s=CLOSED pgs=73 cs=0 l=1 rev1=1 crypto rx=0 tx=0 comp rx=0 tx=0).stop
2024-09-16T00:23:28.331 INFO:teuthology.orchestra.run.smithi038.stdout:/usr/bin/ceph: stderr
2024-09-16T00:23:27.729+0000 7fc638def640 1 -- 172.21.15.38:0/3773977695 >> 172.21.15.38:0/3773977695 conn(0x7fc634101c30 msgr2=0x7fc6341027e0 unknown :-1 s=STATE_NONE l=0).mark_down
2024-09-16T00:23:28.331 INFO:teuthology.orchestra.run.smithi038.stdout:/usr/bin/ceph: stderr
2024-09-16T00:23:27.729+0000 7fc638def640 1 -- 172.21.15.38:0/3773977695 shutdown_connections
2024-09-16T00:23:28.331 INFO:teuthology.orchestra.run.smithi038.stdout:/usr/bin/ceph: stderr
2024-09-16T00:23:27.729+0000 7fc638def640 1 -- 172.21.15.38:0/3773977695 wait complete.
2024-09-16T00:23:28.337 INFO:teuthology.orchestra.run.smithi038.stdout:Non-zero exit code 1 from systemctl is-enabled firewalld.service
2024-09-16T00:23:28.337 INFO:teuthology.orchestra.run.smithi038.stdout:systemctl: stdout disabled
2024-09-16T00:23:28.345 INFO:teuthology.orchestra.run.smithi038.stdout:Non-zero exit code 3 from systemctl is-active firewalld.service
2024-09-16T00:23:28.346 INFO:teuthology.orchestra.run.smithi038.stdout:systemctl: stdout inactive
2024-09-16T00:23:28.346 INFO:teuthology.orchestra.run.smithi038.stdout:firewalld.service is not enabled
2024-09-16T00:23:28.346 INFO:teuthology.orchestra.run.smithi038.stdout:Not possible to open ports <[8443]>. firewalld.service is not available
2024-09-16T00:23:28.347 INFO:teuthology.orchestra.run.smithi038.stdout:Ceph Dashboard is now available at:
2024-09-16T00:23:28.347 INFO:teuthology.orchestra.run.smithi038.stdout:
2024-09-16T00:23:28.348 INFO:teuthology.orchestra.run.smithi038.stdout: URL: https://smithi038.front.sepia.ceph.com:8443/
2024-09-16T00:23:28.348 INFO:teuthology.orchestra.run.smithi038.stdout: User: admin
2024-09-16T00:23:28.348 INFO:teuthology.orchestra.run.smithi038.stdout: Password: 9nfpucsoas
2024-09-16T00:23:28.348 INFO:teuthology.orchestra.run.smithi038.stdout:
2024-09-16T00:23:28.348 INFO:teuthology.orchestra.run.smithi038.stdout:Saving cluster configuration to /var/lib/ceph/983b2072-73c1-11ef-bceb-c7b262605968/config directory
2024-09-16T00:23:29.214 INFO:journalctl@ceph.mon.a.smithi038.stdout:Sep 16 00:23:28 smithi038 ceph-mon[30945]: mgrmap e13: x(active, since 6s)
2024-09-16T00:23:29.676 INFO:teuthology.orchestra.run.smithi038.stdout:/usr/bin/ceph: stderr
2024-09-16T00:23:28.775+0000 7fe937252640 1 Processor -- start
2024-09-16T00:23:29.676 INFO:teuthology.orchestra.run.smithi038.stdout:/usr/bin/ceph: stderr
2024-09-16T00:23:28.775+0000 7fe937252640 1 -- start start
2024-09-16T00:23:29.676 INFO:teuthology.orchestra.run.smithi038.stdout:/usr/bin/ceph: stderr
2024-09-16T00:23:28.775+0000 7fe937252640 1 --2- >> [v2:172.21.15.38:3300/0,v1:172.21.15.38:6789/0] conn(0x7fe930108110 0x7fe93010a500 unknown :-1 s=NONE pgs=0 cs=0 l=0 rev1=0 crypto rx=0 tx=0 comp rx=0 tx=0).connect
2024-09-16T00:23:29.676 INFO:teuthology.orchestra.run.smithi038.stdout:/usr/bin/ceph: stderr
2024-09-16T00:23:28.775+0000 7fe937252640 1 -- --> [v2:172.21.15.38:3300/0,v1:172.21.15.38:6789/0] -- mon_getmap magic: 0 -- 0x7fe93007bd90 con 0x7fe930108110
2024-09-16T00:23:29.676 INFO:teuthology.orchestra.run.smithi038.stdout:/usr/bin/ceph: stderr
2024-09-16T00:23:28.775+0000 7fe934fee640 1 --2- >> [v2:172.21.15.38:3300/0,v1:172.21.15.38:6789/0] conn(0x7fe930108110 0x7fe93010a500 unknown :-1 s=BANNER_CONNECTING pgs=0 cs=0 l=0 rev1=0 crypto rx=0 tx=0 comp rx=0 tx=0)._handle_peer_banner_payload supported=3 required=0
2024-09-16T00:23:29.677 INFO:teuthology.orchestra.run.smithi038.stdout:/usr/bin/ceph: stderr
2024-09-16T00:23:28.775+0000 7fe934fee640 1 --2- >> [v2:172.21.15.38:3300/0,v1:172.21.15.38:6789/0] conn(0x7fe930108110 0x7fe93010a500 unknown :-1 s=HELLO_CONNECTING pgs=0 cs=0 l=0 rev1=1 crypto rx=0 tx=0 comp rx=0 tx=0).handle_hello peer v2:172.21.15.38:3300/0 says I am v2:172.21.15.38:45324/0 (socket says 172.21.15.38:45324)
2024-09-16T00:23:29.677 INFO:teuthology.orchestra.run.smithi038.stdout:/usr/bin/ceph: stderr
2024-09-16T00:23:28.775+0000 7fe934fee640 1 -- 172.21.15.38:0/622261882 learned_addr learned my addr 172.21.15.38:0/622261882 (peer_addr_for_me v2:172.21.15.38:0/0)
2024-09-16T00:23:29.677 INFO:teuthology.orchestra.run.smithi038.stdout:/usr/bin/ceph: stderr
2024-09-16T00:23:28.776+0000 7fe934fee640 1 -- 172.21.15.38:0/622261882 --> [v2:172.21.15.38:3300/0,v1:172.21.15.38:6789/0] -- mon_subscribe({config=0+,monmap=0+}) -- 0x7fe93010aa40 con 0x7fe930108110
2024-09-16T00:23:29.677 INFO:teuthology.orchestra.run.smithi038.stdout:/usr/bin/ceph: stderr
2024-09-16T00:23:28.776+0000 7fe934fee640 1 --2- 172.21.15.38:0/622261882 >> [v2:172.21.15.38:3300/0,v1:172.21.15.38:6789/0] conn(0x7fe930108110 0x7fe93010a500 secure :-1 s=READY pgs=74 cs=0 l=1 rev1=1 crypto rx=0x7fe918009820 tx=0x7fe91802a270 comp rx=0 tx=0).ready entity=mon.0 client_cookie=6108be1505cd5cd9 server_cookie=0 in_seq=0 out_seq=0
2024-09-16T00:23:29.677 INFO:teuthology.orchestra.run.smithi038.stdout:/usr/bin/ceph: stderr
2024-09-16T00:23:28.777+0000 7fe92f7fe640 1 -- 172.21.15.38:0/622261882 <== mon.0 v2:172.21.15.38:3300/0 1 ==== mon_map magic: 0 ==== 205+0+0 (secure 0 0 0) 0x7fe918037070 con 0x7fe930108110
2024-09-16T00:23:29.677 INFO:teuthology.orchestra.run.smithi038.stdout:/usr/bin/ceph: stderr
2024-09-16T00:23:28.777+0000 7fe92f7fe640 1 -- 172.21.15.38:0/622261882 <== mon.0 v2:172.21.15.38:3300/0 2 ==== config(27 keys) ==== 1140+0+0 (secure 0 0 0) 0x7fe918032920 con 0x7fe930108110
2024-09-16T00:23:29.677 INFO:teuthology.orchestra.run.smithi038.stdout:/usr/bin/ceph: stderr
2024-09-16T00:23:28.777+0000 7fe92f7fe640 1 -- 172.21.15.38:0/622261882 <== mon.0 v2:172.21.15.38:3300/0 3 ==== mon_map magic: 0 ==== 205+0+0 (secure 0 0 0) 0x7fe918030810 con 0x7fe930108110
2024-09-16T00:23:29.677 INFO:teuthology.orchestra.run.smithi038.stdout:/usr/bin/ceph: stderr
2024-09-16T00:23:28.777+0000 7fe937252640 1 -- 172.21.15.38:0/622261882 >> [v2:172.21.15.38:3300/0,v1:172.21.15.38:6789/0] conn(0x7fe930108110 msgr2=0x7fe93010a500 secure :-1 s=STATE_CONNECTION_ESTABLISHED l=1).mark_down
2024-09-16T00:23:29.677 INFO:teuthology.orchestra.run.smithi038.stdout:/usr/bin/ceph: stderr
2024-09-16T00:23:28.777+0000 7fe937252640 1 --2- 172.21.15.38:0/622261882 >> [v2:172.21.15.38:3300/0,v1:172.21.15.38:6789/0] conn(0x7fe930108110 0x7fe93010a500 secure :-1 s=READY pgs=74 cs=0 l=1 rev1=1 crypto rx=0x7fe918009820 tx=0x7fe91802a270 comp rx=0 tx=0).stop
2024-09-16T00:23:29.677 INFO:teuthology.orchestra.run.smithi038.stdout:/usr/bin/ceph: stderr
2024-09-16T00:23:28.777+0000 7fe937252640 1 -- 172.21.15.38:0/622261882 shutdown_connections
2024-09-16T00:23:29.677 INFO:teuthology.orchestra.run.smithi038.stdout:/usr/bin/ceph: stderr
2024-09-16T00:23:28.777+0000 7fe937252640 1 --2- 172.21.15.38:0/622261882 >> [v2:172.21.15.38:3300/0,v1:172.21.15.38:6789/0] conn(0x7fe930108110 0x7fe93010a500 unknown :-1 s=CLOSED pgs=74 cs=0 l=1 rev1=1 crypto rx=0 tx=0 comp rx=0 tx=0).stop
2024-09-16T00:23:29.677 INFO:teuthology.orchestra.run.smithi038.stdout:/usr/bin/ceph: stderr
2024-09-16T00:23:28.777+0000 7fe937252640 1 -- 172.21.15.38:0/622261882 >> 172.21.15.38:0/622261882 conn(0x7fe930101c30 msgr2=0x7fe9301040b0 unknown :-1 s=STATE_NONE l=0).mark_down
2024-09-16T00:23:29.678 INFO:teuthology.orchestra.run.smithi038.stdout:/usr/bin/ceph: stderr
2024-09-16T00:23:28.777+0000 7fe937252640 1 -- 172.21.15.38:0/622261882 shutdown_connections
2024-09-16T00:23:29.678 INFO:teuthology.orchestra.run.smithi038.stdout:/usr/bin/ceph: stderr
2024-09-16T00:23:28.778+0000 7fe937252640 1 -- 172.21.15.38:0/622261882 wait complete.
2024-09-16T00:23:29.678 INFO:teuthology.orchestra.run.smithi038.stdout:/usr/bin/ceph: stderr
2024-09-16T00:23:28.778+0000 7fe937252640 1 Processor -- start
2024-09-16T00:23:29.678 INFO:teuthology.orchestra.run.smithi038.stdout:/usr/bin/ceph: stderr
2024-09-16T00:23:28.778+0000 7fe937252640 1 -- start start
2024-09-16T00:23:29.678 INFO:teuthology.orchestra.run.smithi038.stdout:/usr/bin/ceph: stderr
2024-09-16T00:23:28.778+0000 7fe937252640 1 --2- >> [v2:172.21.15.38:3300/0,v1:172.21.15.38:6789/0] conn(0x7fe930108110 0x7fe930107990 unknown :-1 s=NONE pgs=0 cs=0 l=1 rev1=0 crypto rx=0 tx=0 comp rx=0 tx=0).connect
2024-09-16T00:23:29.678 INFO:teuthology.orchestra.run.smithi038.stdout:/usr/bin/ceph: stderr
2024-09-16T00:23:28.778+0000 7fe937252640 1 -- --> [v2:172.21.15.38:3300/0,v1:172.21.15.38:6789/0] -- mon_getmap magic: 0 -- 0x7fe93010ba00 con 0x7fe930108110
2024-09-16T00:23:29.678 INFO:teuthology.orchestra.run.smithi038.stdout:/usr/bin/ceph: stderr
2024-09-16T00:23:28.778+0000 7fe934fee640 1 --2- >> [v2:172.21.15.38:3300/0,v1:172.21.15.38:6789/0] conn(0x7fe930108110 0x7fe930107990 unknown :-1 s=BANNER_CONNECTING pgs=0 cs=0 l=1 rev1=0 crypto rx=0 tx=0 comp rx=0 tx=0)._handle_peer_banner_payload supported=3 required=0
2024-09-16T00:23:29.678 INFO:teuthology.orchestra.run.smithi038.stdout:/usr/bin/ceph: stderr
2024-09-16T00:23:28.778+0000 7fe934fee640 1 --2- >> [v2:172.21.15.38:3300/0,v1:172.21.15.38:6789/0] conn(0x7fe930108110 0x7fe930107990 unknown :-1 s=HELLO_CONNECTING pgs=0 cs=0 l=1 rev1=1 crypto rx=0 tx=0 comp rx=0 tx=0).handle_hello peer v2:172.21.15.38:3300/0 says I am v2:172.21.15.38:45340/0 (socket says 172.21.15.38:45340)
2024-09-16T00:23:29.678 INFO:teuthology.orchestra.run.smithi038.stdout:/usr/bin/ceph: stderr
2024-09-16T00:23:28.779+0000 7fe934fee640 1 -- 172.21.15.38:0/702414218 learned_addr learned my addr 172.21.15.38:0/702414218 (peer_addr_for_me v2:172.21.15.38:0/0)
2024-09-16T00:23:29.678 INFO:teuthology.orchestra.run.smithi038.stdout:/usr/bin/ceph: stderr
2024-09-16T00:23:28.779+0000 7fe934fee640 1 -- 172.21.15.38:0/702414218 --> [v2:172.21.15.38:3300/0,v1:172.21.15.38:6789/0] -- mon_subscribe({config=0+,monmap=0+}) -- 0x7fe930107ed0 con 0x7fe930108110
2024-09-16T00:23:29.678 INFO:teuthology.orchestra.run.smithi038.stdout:/usr/bin/ceph: stderr
2024-09-16T00:23:28.779+0000 7fe934fee640 1 --2- 172.21.15.38:0/702414218 >> [v2:172.21.15.38:3300/0,v1:172.21.15.38:6789/0] conn(0x7fe930108110 0x7fe930107990 secure :-1 s=READY pgs=75 cs=0 l=1 rev1=1 crypto rx=0x7fe918030380 tx=0x7fe918032670 comp rx=0 tx=0).ready entity=mon.0 client_cookie=0 server_cookie=0 in_seq=0 out_seq=0
2024-09-16T00:23:29.678 INFO:teuthology.orchestra.run.smithi038.stdout:/usr/bin/ceph: stderr
2024-09-16T00:23:28.779+0000 7fe92dffb640 1 -- 172.21.15.38:0/702414218 <== mon.0 v2:172.21.15.38:3300/0 1 ==== mon_map magic: 0 ==== 205+0+0 (secure 0 0 0) 0x7fe918037040 con 0x7fe930108110
2024-09-16T00:23:29.678 INFO:teuthology.orchestra.run.smithi038.stdout:/usr/bin/ceph: stderr
2024-09-16T00:23:28.779+0000 7fe92dffb640 1 -- 172.21.15.38:0/702414218 <== mon.0 v2:172.21.15.38:3300/0 2 ==== config(27 keys) ==== 1140+0+0 (secure 0 0 0) 0x7fe918040070 con 0x7fe930108110
2024-09-16T00:23:29.679 INFO:teuthology.orchestra.run.smithi038.stdout:/usr/bin/ceph: stderr
2024-09-16T00:23:28.779+0000 7fe937252640 1 -- 172.21.15.38:0/702414218 --> [v2:172.21.15.38:3300/0,v1:172.21.15.38:6789/0] -- mon_subscribe({mgrmap=0+}) -- 0x7fe9301060c0 con 0x7fe930108110
2024-09-16T00:23:29.679 INFO:teuthology.orchestra.run.smithi038.stdout:/usr/bin/ceph: stderr
2024-09-16T00:23:28.779+0000 7fe92dffb640 1 -- 172.21.15.38:0/702414218 <== mon.0 v2:172.21.15.38:3300/0 3 ==== mon_map magic: 0 ==== 205+0+0 (secure 0 0 0) 0x7fe91803a7b0 con 0x7fe930108110
2024-09-16T00:23:29.679 INFO:teuthology.orchestra.run.smithi038.stdout:/usr/bin/ceph: stderr
2024-09-16T00:23:28.779+0000 7fe937252640 1 -- 172.21.15.38:0/702414218 --> [v2:172.21.15.38:3300/0,v1:172.21.15.38:6789/0] -- mon_subscribe({osdmap=0}) -- 0x7fe930106600 con 0x7fe930108110
2024-09-16T00:23:29.679 INFO:teuthology.orchestra.run.smithi038.stdout:/usr/bin/ceph: stderr
2024-09-16T00:23:28.780+0000 7fe92dffb640 1 -- 172.21.15.38:0/702414218 <== mon.0 v2:172.21.15.38:3300/0 4 ==== mgrmap(e 13) ==== 46517+0+0 (secure 0 0 0) 0x7fe91803b420 con 0x7fe930108110
2024-09-16T00:23:29.679 INFO:teuthology.orchestra.run.smithi038.stdout:/usr/bin/ceph: stderr
2024-09-16T00:23:28.780+0000 7fe937252640 1 -- 172.21.15.38:0/702414218 --> [v2:172.21.15.38:3300/0,v1:172.21.15.38:6789/0] -- mon_command({"prefix": "get_command_descriptions"} v 0) -- 0x7fe930108570 con 0x7fe930108110
2024-09-16T00:23:29.679 INFO:teuthology.orchestra.run.smithi038.stdout:/usr/bin/ceph: stderr
2024-09-16T00:23:28.780+0000 7fe92dffb640 1 --2- 172.21.15.38:0/702414218 >> [v2:172.21.15.38:6800/1461245815,v1:172.21.15.38:6801/1461245815] conn(0x7fe91c039300 0x7fe91c03b7c0 unknown :-1 s=NONE pgs=0 cs=0 l=1 rev1=0 crypto rx=0 tx=0 comp rx=0 tx=0).connect
2024-09-16T00:23:29.679 INFO:teuthology.orchestra.run.smithi038.stdout:/usr/bin/ceph: stderr
2024-09-16T00:23:28.781+0000 7fe92dffb640 1 -- 172.21.15.38:0/702414218 <== mon.0 v2:172.21.15.38:3300/0 5 ==== osd_map(3..3 src has 1..3) ==== 1155+0+0 (secure 0 0 0) 0x7fe91806caa0 con 0x7fe930108110
2024-09-16T00:23:29.679 INFO:teuthology.orchestra.run.smithi038.stdout:/usr/bin/ceph: stderr
2024-09-16T00:23:28.781+0000 7fe92ffff640 1 --2- 172.21.15.38:0/702414218 >> [v2:172.21.15.38:6800/1461245815,v1:172.21.15.38:6801/1461245815] conn(0x7fe91c039300 0x7fe91c03b7c0 unknown :-1 s=BANNER_CONNECTING pgs=0 cs=0 l=1 rev1=0 crypto rx=0 tx=0 comp rx=0 tx=0)._handle_peer_banner_payload supported=3 required=0
2024-09-16T00:23:29.679 INFO:teuthology.orchestra.run.smithi038.stdout:/usr/bin/ceph: stderr
2024-09-16T00:23:28.781+0000 7fe92ffff640 1 --2- 172.21.15.38:0/702414218 >> [v2:172.21.15.38:6800/1461245815,v1:172.21.15.38:6801/1461245815] conn(0x7fe91c039300 0x7fe91c03b7c0 secure :-1 s=READY pgs=10 cs=0 l=1 rev1=1 crypto rx=0x7fe92000ad30 tx=0x7fe9200093f0 comp rx=0 tx=0).ready entity=mgr.14150 client_cookie=0 server_cookie=0 in_seq=0 out_seq=0
2024-09-16T00:23:29.679 INFO:teuthology.orchestra.run.smithi038.stdout:/usr/bin/ceph: stderr
2024-09-16T00:23:28.785+0000 7fe92dffb640 1 -- 172.21.15.38:0/702414218 <== mon.0 v2:172.21.15.38:3300/0 6 ==== mon_command_ack([{"prefix": "get_command_descriptions"}]=0 v0) ==== 72+0+188821 (secure 0 0 0) 0x7fe918042b50 con 0x7fe930108110
2024-09-16T00:23:29.679 INFO:teuthology.orchestra.run.smithi038.stdout:/usr/bin/ceph: stderr
2024-09-16T00:23:29.051+0000 7fe937252640 1 -- 172.21.15.38:0/702414218 --> [v2:172.21.15.38:3300/0,v1:172.21.15.38:6789/0] -- mon_command([{prefix=config-key set, key=mgr/dashboard/cluster/status}] v 0) -- 0x7fe930106880 con 0x7fe930108110
2024-09-16T00:23:29.679 INFO:teuthology.orchestra.run.smithi038.stdout:/usr/bin/ceph: stderr
2024-09-16T00:23:29.053+0000 7fe92dffb640 1 -- 172.21.15.38:0/702414218 <== mon.0 v2:172.21.15.38:3300/0 7 ==== mon_command_ack([{prefix=config-key set, key=mgr/dashboard/cluster/status}]=0 set mgr/dashboard/cluster/status v28)=0 set mgr/dashboard/cluster/status v28) ==== 153+0+0 (secure 0 0 0) 0x7fe918043360 con 0x7fe930108110
2024-09-16T00:23:29.679 INFO:teuthology.orchestra.run.smithi038.stdout:/usr/bin/ceph: stderr set mgr/dashboard/cluster/status
2024-09-16T00:23:29.679 INFO:teuthology.orchestra.run.smithi038.stdout:/usr/bin/ceph: stderr
