2024-09-16T00:23:13.757+0000 7fb1d84ef640 1 -- --> [v2:172.21.15.38:3300/0,v1:172.21.15.38:6789/0] -- mon_getmap magic: 0 -- 0x7fb1d0106220 con 0x7fb1d0105850
2024-09-16T00:23:14.604 INFO:teuthology.orchestra.run.smithi038.stdout:/usr/bin/ceph: stderr
2024-09-16T00:23:13.757+0000 7fb1d628b640 1 --2- >> [v2:172.21.15.38:3300/0,v1:172.21.15.38:6789/0] conn(0x7fb1d0105850 0x7fb1d0105c50 unknown :-1 s=BANNER_CONNECTING pgs=0 cs=0 l=0 rev1=0 crypto rx=0 tx=0 comp rx=0 tx=0)._handle_peer_banner_payload supported=3 required=0
2024-09-16T00:23:14.605 INFO:teuthology.orchestra.run.smithi038.stdout:/usr/bin/ceph: stderr
2024-09-16T00:23:13.757+0000 7fb1d628b640 1 --2- >> [v2:172.21.15.38:3300/0,v1:172.21.15.38:6789/0] conn(0x7fb1d0105850 0x7fb1d0105c50 unknown :-1 s=HELLO_CONNECTING pgs=0 cs=0 l=0 rev1=1 crypto rx=0 tx=0 comp rx=0 tx=0).handle_hello peer v2:172.21.15.38:3300/0 says I am v2:172.21.15.38:35990/0 (socket says 172.21.15.38:35990)
2024-09-16T00:23:14.605 INFO:teuthology.orchestra.run.smithi038.stdout:/usr/bin/ceph: stderr
2024-09-16T00:23:13.757+0000 7fb1d628b640 1 -- 172.21.15.38:0/205948767 learned_addr learned my addr 172.21.15.38:0/205948767 (peer_addr_for_me v2:172.21.15.38:0/0)
2024-09-16T00:23:14.605 INFO:teuthology.orchestra.run.smithi038.stdout:/usr/bin/ceph: stderr
2024-09-16T00:23:13.758+0000 7fb1d628b640 1 -- 172.21.15.38:0/205948767 --> [v2:172.21.15.38:3300/0,v1:172.21.15.38:6789/0] -- mon_subscribe({config=0+,monmap=0+}) -- 0x7fb1d0108830 con 0x7fb1d0105850
2024-09-16T00:23:14.605 INFO:teuthology.orchestra.run.smithi038.stdout:/usr/bin/ceph: stderr
2024-09-16T00:23:13.758+0000 7fb1d628b640 1 --2- 172.21.15.38:0/205948767 >> [v2:172.21.15.38:3300/0,v1:172.21.15.38:6789/0] conn(0x7fb1d0105850 0x7fb1d0105c50 secure :-1 s=READY pgs=51 cs=0 l=1 rev1=1 crypto rx=0x7fb1cc009820 tx=0x7fb1cc02a270 comp rx=0 tx=0).ready entity=mon.0 client_cookie=bda509b5c5afc054 server_cookie=0 in_seq=0 out_seq=0
2024-09-16T00:23:14.605 INFO:teuthology.orchestra.run.smithi038.stdout:/usr/bin/ceph: stderr
2024-09-16T00:23:13.759+0000 7fb1d5289640 1 -- 172.21.15.38:0/205948767 <== mon.0 v2:172.21.15.38:3300/0 1 ==== mon_map magic: 0 ==== 205+0+0 (secure 0 0 0) 0x7fb1cc037070 con 0x7fb1d0105850
2024-09-16T00:23:14.605 INFO:teuthology.orchestra.run.smithi038.stdout:/usr/bin/ceph: stderr
2024-09-16T00:23:13.759+0000 7fb1d5289640 1 -- 172.21.15.38:0/205948767 <== mon.0 v2:172.21.15.38:3300/0 2 ==== config(27 keys) ==== 1140+0+0 (secure 0 0 0) 0x7fb1cc032920 con 0x7fb1d0105850
2024-09-16T00:23:14.605 INFO:teuthology.orchestra.run.smithi038.stdout:/usr/bin/ceph: stderr
2024-09-16T00:23:13.759+0000 7fb1d5289640 1 -- 172.21.15.38:0/205948767 <== mon.0 v2:172.21.15.38:3300/0 3 ==== mon_map magic: 0 ==== 205+0+0 (secure 0 0 0) 0x7fb1cc030810 con 0x7fb1d0105850
2024-09-16T00:23:14.605 INFO:teuthology.orchestra.run.smithi038.stdout:/usr/bin/ceph: stderr
2024-09-16T00:23:13.759+0000 7fb1d84ef640 1 -- 172.21.15.38:0/205948767 >> [v2:172.21.15.38:3300/0,v1:172.21.15.38:6789/0] conn(0x7fb1d0105850 msgr2=0x7fb1d0105c50 secure :-1 s=STATE_CONNECTION_ESTABLISHED l=1).mark_down
2024-09-16T00:23:14.605 INFO:teuthology.orchestra.run.smithi038.stdout:/usr/bin/ceph: stderr
2024-09-16T00:23:13.759+0000 7fb1d84ef640 1 --2- 172.21.15.38:0/205948767 >> [v2:172.21.15.38:3300/0,v1:172.21.15.38:6789/0] conn(0x7fb1d0105850 0x7fb1d0105c50 secure :-1 s=READY pgs=51 cs=0 l=1 rev1=1 crypto rx=0x7fb1cc009820 tx=0x7fb1cc02a270 comp rx=0 tx=0).stop
2024-09-16T00:23:14.605 INFO:teuthology.orchestra.run.smithi038.stdout:/usr/bin/ceph: stderr
2024-09-16T00:23:13.759+0000 7fb1d84ef640 1 -- 172.21.15.38:0/205948767 shutdown_connections
2024-09-16T00:23:14.605 INFO:teuthology.orchestra.run.smithi038.stdout:/usr/bin/ceph: stderr
2024-09-16T00:23:13.759+0000 7fb1d84ef640 1 --2- 172.21.15.38:0/205948767 >> [v2:172.21.15.38:3300/0,v1:172.21.15.38:6789/0] conn(0x7fb1d0105850 0x7fb1d0105c50 unknown :-1 s=CLOSED pgs=51 cs=0 l=1 rev1=1 crypto rx=0 tx=0 comp rx=0 tx=0).stop
2024-09-16T00:23:14.606 INFO:teuthology.orchestra.run.smithi038.stdout:/usr/bin/ceph: stderr
2024-09-16T00:23:13.759+0000 7fb1d84ef640 1 -- 172.21.15.38:0/205948767 >> 172.21.15.38:0/205948767 conn(0x7fb1d0101360 msgr2=0x7fb1d01037e0 unknown :-1 s=STATE_NONE l=0).mark_down
2024-09-16T00:23:14.606 INFO:teuthology.orchestra.run.smithi038.stdout:/usr/bin/ceph: stderr
2024-09-16T00:23:13.760+0000 7fb1d84ef640 1 -- 172.21.15.38:0/205948767 shutdown_connections
2024-09-16T00:23:14.606 INFO:teuthology.orchestra.run.smithi038.stdout:/usr/bin/ceph: stderr
2024-09-16T00:23:13.760+0000 7fb1d84ef640 1 -- 172.21.15.38:0/205948767 wait complete.
2024-09-16T00:23:14.606 INFO:teuthology.orchestra.run.smithi038.stdout:/usr/bin/ceph: stderr
2024-09-16T00:23:13.760+0000 7fb1d84ef640 1 Processor -- start
2024-09-16T00:23:14.606 INFO:teuthology.orchestra.run.smithi038.stdout:/usr/bin/ceph: stderr
2024-09-16T00:23:13.760+0000 7fb1d84ef640 1 -- start start
2024-09-16T00:23:14.606 INFO:teuthology.orchestra.run.smithi038.stdout:/usr/bin/ceph: stderr
2024-09-16T00:23:13.761+0000 7fb1d84ef640 1 --2- >> [v2:172.21.15.38:3300/0,v1:172.21.15.38:6789/0] conn(0x7fb1d0105850 0x7fb1d019b620 unknown :-1 s=NONE pgs=0 cs=0 l=1 rev1=0 crypto rx=0 tx=0 comp rx=0 tx=0).connect
2024-09-16T00:23:14.606 INFO:teuthology.orchestra.run.smithi038.stdout:/usr/bin/ceph: stderr
2024-09-16T00:23:13.761+0000 7fb1d84ef640 1 -- --> [v2:172.21.15.38:3300/0,v1:172.21.15.38:6789/0] -- mon_getmap magic: 0 -- 0x7fb1d010ba60 con 0x7fb1d0105850
2024-09-16T00:23:14.606 INFO:teuthology.orchestra.run.smithi038.stdout:/usr/bin/ceph: stderr
2024-09-16T00:23:13.761+0000 7fb1d628b640 1 --2- >> [v2:172.21.15.38:3300/0,v1:172.21.15.38:6789/0] conn(0x7fb1d0105850 0x7fb1d019b620 unknown :-1 s=BANNER_CONNECTING pgs=0 cs=0 l=1 rev1=0 crypto rx=0 tx=0 comp rx=0 tx=0)._handle_peer_banner_payload supported=3 required=0
2024-09-16T00:23:14.606 INFO:teuthology.orchestra.run.smithi038.stdout:/usr/bin/ceph: stderr
2024-09-16T00:23:13.761+0000 7fb1d628b640 1 --2- >> [v2:172.21.15.38:3300/0,v1:172.21.15.38:6789/0] conn(0x7fb1d0105850 0x7fb1d019b620 unknown :-1 s=HELLO_CONNECTING pgs=0 cs=0 l=1 rev1=1 crypto rx=0 tx=0 comp rx=0 tx=0).handle_hello peer v2:172.21.15.38:3300/0 says I am v2:172.21.15.38:35994/0 (socket says 172.21.15.38:35994)
2024-09-16T00:23:14.606 INFO:teuthology.orchestra.run.smithi038.stdout:/usr/bin/ceph: stderr
2024-09-16T00:23:13.761+0000 7fb1d628b640 1 -- 172.21.15.38:0/1479829924 learned_addr learned my addr 172.21.15.38:0/1479829924 (peer_addr_for_me v2:172.21.15.38:0/0)
2024-09-16T00:23:14.606 INFO:teuthology.orchestra.run.smithi038.stdout:/usr/bin/ceph: stderr
2024-09-16T00:23:13.761+0000 7fb1d628b640 1 -- 172.21.15.38:0/1479829924 --> [v2:172.21.15.38:3300/0,v1:172.21.15.38:6789/0] -- mon_subscribe({config=0+,monmap=0+}) -- 0x7fb1d019bb60 con 0x7fb1d0105850
2024-09-16T00:23:14.606 INFO:teuthology.orchestra.run.smithi038.stdout:/usr/bin/ceph: stderr
2024-09-16T00:23:13.761+0000 7fb1d628b640 1 --2- 172.21.15.38:0/1479829924 >> [v2:172.21.15.38:3300/0,v1:172.21.15.38:6789/0] conn(0x7fb1d0105850 0x7fb1d019b620 secure :-1 s=READY pgs=52 cs=0 l=1 rev1=1 crypto rx=0x7fb1cc0097f0 tx=0x7fb1cc0327b0 comp rx=0 tx=0).ready entity=mon.0 client_cookie=0 server_cookie=0 in_seq=0 out_seq=0
2024-09-16T00:23:14.606 INFO:teuthology.orchestra.run.smithi038.stdout:/usr/bin/ceph: stderr
2024-09-16T00:23:13.761+0000 7fb1c77fe640 1 -- 172.21.15.38:0/1479829924 <== mon.0 v2:172.21.15.38:3300/0 1 ==== mon_map magic: 0 ==== 205+0+0 (secure 0 0 0) 0x7fb1cc037040 con 0x7fb1d0105850
2024-09-16T00:23:14.606 INFO:teuthology.orchestra.run.smithi038.stdout:/usr/bin/ceph: stderr
2024-09-16T00:23:13.761+0000 7fb1c77fe640 1 -- 172.21.15.38:0/1479829924 <== mon.0 v2:172.21.15.38:3300/0 2 ==== config(27 keys) ==== 1140+0+0 (secure 0 0 0) 0x7fb1cc030cc0 con 0x7fb1d0105850
2024-09-16T00:23:14.607 INFO:teuthology.orchestra.run.smithi038.stdout:/usr/bin/ceph: stderr
2024-09-16T00:23:13.761+0000 7fb1d84ef640 1 -- 172.21.15.38:0/1479829924 --> [v2:172.21.15.38:3300/0,v1:172.21.15.38:6789/0] -- mon_subscribe({mgrmap=0+}) -- 0x7fb1d019bdf0 con 0x7fb1d0105850
2024-09-16T00:23:14.607 INFO:teuthology.orchestra.run.smithi038.stdout:/usr/bin/ceph: stderr
2024-09-16T00:23:13.761+0000 7fb1c77fe640 1 -- 172.21.15.38:0/1479829924 <== mon.0 v2:172.21.15.38:3300/0 3 ==== mon_map magic: 0 ==== 205+0+0 (secure 0 0 0) 0x7fb1cc03a640 con 0x7fb1d0105850
2024-09-16T00:23:14.607 INFO:teuthology.orchestra.run.smithi038.stdout:/usr/bin/ceph: stderr
2024-09-16T00:23:13.762+0000 7fb1d84ef640 1 -- 172.21.15.38:0/1479829924 --> [v2:172.21.15.38:3300/0,v1:172.21.15.38:6789/0] -- mon_subscribe({osdmap=0}) -- 0x7fb1d019eae0 con 0x7fb1d0105850
2024-09-16T00:23:14.607 INFO:teuthology.orchestra.run.smithi038.stdout:/usr/bin/ceph: stderr
2024-09-16T00:23:13.763+0000 7fb1c77fe640 1 -- 172.21.15.38:0/1479829924 <== mon.0 v2:172.21.15.38:3300/0 4 ==== mgrmap(e 8) ==== 46461+0+0 (secure 0 0 0) 0x7fb1cc03a7e0 con 0x7fb1d0105850
2024-09-16T00:23:14.607 INFO:teuthology.orchestra.run.smithi038.stdout:/usr/bin/ceph: stderr
2024-09-16T00:23:13.763+0000 7fb1d84ef640 1 -- 172.21.15.38:0/1479829924 --> [v2:172.21.15.38:3300/0,v1:172.21.15.38:6789/0] -- mon_command({"prefix": "get_command_descriptions"} v 0) -- 0x7fb1d0105cd0 con 0x7fb1d0105850
2024-09-16T00:23:14.607 INFO:teuthology.orchestra.run.smithi038.stdout:/usr/bin/ceph: stderr
2024-09-16T00:23:13.763+0000 7fb1c77fe640 1 --2- 172.21.15.38:0/1479829924 >> [v2:172.21.15.38:6800/1779324916,v1:172.21.15.38:6801/1779324916] conn(0x7fb1bc039200 0x7fb1bc03b6c0 unknown :-1 s=NONE pgs=0 cs=0 l=1 rev1=0 crypto rx=0 tx=0 comp rx=0 tx=0).connect
2024-09-16T00:23:14.607 INFO:teuthology.orchestra.run.smithi038.stdout:/usr/bin/ceph: stderr
2024-09-16T00:23:13.763+0000 7fb1c77fe640 1 -- 172.21.15.38:0/1479829924 <== mon.0 v2:172.21.15.38:3300/0 5 ==== osd_map(2..2 src has 1..2) ==== 940+0+0 (secure 0 0 0) 0x7fb1cc06c8f0 con 0x7fb1d0105850
2024-09-16T00:23:14.607 INFO:teuthology.orchestra.run.smithi038.stdout:/usr/bin/ceph: stderr
2024-09-16T00:23:13.763+0000 7fb1d5a8a640 1 --2- 172.21.15.38:0/1479829924 >> [v2:172.21.15.38:6800/1779324916,v1:172.21.15.38:6801/1779324916] conn(0x7fb1bc039200 0x7fb1bc03b6c0 unknown :-1 s=BANNER_CONNECTING pgs=0 cs=0 l=1 rev1=0 crypto rx=0 tx=0 comp rx=0 tx=0)._handle_peer_banner_payload supported=3 required=0
2024-09-16T00:23:14.607 INFO:teuthology.orchestra.run.smithi038.stdout:/usr/bin/ceph: stderr
2024-09-16T00:23:13.764+0000 7fb1d5a8a640 1 --2- 172.21.15.38:0/1479829924 >> [v2:172.21.15.38:6800/1779324916,v1:172.21.15.38:6801/1779324916] conn(0x7fb1bc039200 0x7fb1bc03b6c0 secure :-1 s=READY pgs=15 cs=0 l=1 rev1=1 crypto rx=0x7fb1c00098c0 tx=0x7fb1c0006db0 comp rx=0 tx=0).ready entity=mgr.14118 client_cookie=0 server_cookie=0 in_seq=0 out_seq=0
2024-09-16T00:23:14.607 INFO:teuthology.orchestra.run.smithi038.stdout:/usr/bin/ceph: stderr
2024-09-16T00:23:13.768+0000 7fb1c77fe640 1 -- 172.21.15.38:0/1479829924 <== mon.0 v2:172.21.15.38:3300/0 6 ==== mon_command_ack([{"prefix": "get_command_descriptions"}]=0 v0) ==== 72+0+188821 (secure 0 0 0) 0x7fb1cc0371e0 con 0x7fb1d0105850
2024-09-16T00:23:14.607 INFO:teuthology.orchestra.run.smithi038.stdout:/usr/bin/ceph: stderr
2024-09-16T00:23:13.948+0000 7fb1d84ef640 1 -- 172.21.15.38:0/1479829924 --> [v2:172.21.15.38:3300/0,v1:172.21.15.38:6789/0] -- mon_command([{prefix=config set, name=mgr/dashboard/ssl_server_port}] v 0) -- 0x7fb1d019ecb0 con 0x7fb1d0105850
2024-09-16T00:23:14.608 INFO:teuthology.orchestra.run.smithi038.stdout:/usr/bin/ceph: stderr
2024-09-16T00:23:13.950+0000 7fb1c77fe640 1 -- 172.21.15.38:0/1479829924 <== mon.0 v2:172.21.15.38:3300/0 7 ==== mon_command_ack([{prefix=config set, name=mgr/dashboard/ssl_server_port}]=0 v8)=0 v8) ==== 130+0+0 (secure 0 0 0) 0x7fb1cc06c240 con 0x7fb1d0105850
2024-09-16T00:23:14.608 INFO:teuthology.orchestra.run.smithi038.stdout:/usr/bin/ceph: stderr
2024-09-16T00:23:13.953+0000 7fb1d84ef640 1 -- 172.21.15.38:0/1479829924 >> [v2:172.21.15.38:6800/1779324916,v1:172.21.15.38:6801/1779324916] conn(0x7fb1bc039200 msgr2=0x7fb1bc03b6c0 secure :-1 s=STATE_CONNECTION_ESTABLISHED l=1).mark_down
2024-09-16T00:23:14.608 INFO:teuthology.orchestra.run.smithi038.stdout:/usr/bin/ceph: stderr
2024-09-16T00:23:13.953+0000 7fb1d84ef640 1 --2- 172.21.15.38:0/1479829924 >> [v2:172.21.15.38:6800/1779324916,v1:172.21.15.38:6801/1779324916] conn(0x7fb1bc039200 0x7fb1bc03b6c0 secure :-1 s=READY pgs=15 cs=0 l=1 rev1=1 crypto rx=0x7fb1c00098c0 tx=0x7fb1c0006db0 comp rx=0 tx=0).stop
2024-09-16T00:23:14.608 INFO:teuthology.orchestra.run.smithi038.stdout:/usr/bin/ceph: stderr
2024-09-16T00:23:13.953+0000 7fb1d84ef640 1 -- 172.21.15.38:0/1479829924 >> [v2:172.21.15.38:3300/0,v1:172.21.15.38:6789/0] conn(0x7fb1d0105850 msgr2=0x7fb1d019b620 secure :-1 s=STATE_CONNECTION_ESTABLISHED l=1).mark_down
2024-09-16T00:23:14.608 INFO:teuthology.orchestra.run.smithi038.stdout:/usr/bin/ceph: stderr
2024-09-16T00:23:13.953+0000 7fb1d84ef640 1 --2- 172.21.15.38:0/1479829924 >> [v2:172.21.15.38:3300/0,v1:172.21.15.38:6789/0] conn(0x7fb1d0105850 0x7fb1d019b620 secure :-1 s=READY pgs=52 cs=0 l=1 rev1=1 crypto rx=0x7fb1cc0097f0 tx=0x7fb1cc0327b0 comp rx=0 tx=0).stop
2024-09-16T00:23:14.608 INFO:teuthology.orchestra.run.smithi038.stdout:/usr/bin/ceph: stderr
2024-09-16T00:23:13.953+0000 7fb1d84ef640 1 -- 172.21.15.38:0/1479829924 shutdown_connections
2024-09-16T00:23:14.608 INFO:teuthology.orchestra.run.smithi038.stdout:/usr/bin/ceph: stderr
2024-09-16T00:23:13.953+0000 7fb1d84ef640 1 --2- 172.21.15.38:0/1479829924 >> [v2:172.21.15.38:6800/1779324916,v1:172.21.15.38:6801/1779324916] conn(0x7fb1bc039200 0x7fb1bc03b6c0 unknown :-1 s=CLOSED pgs=15 cs=0 l=1 rev1=1 crypto rx=0 tx=0 comp rx=0 tx=0).stop
2024-09-16T00:23:14.608 INFO:teuthology.orchestra.run.smithi038.stdout:/usr/bin/ceph: stderr
2024-09-16T00:23:13.953+0000 7fb1d84ef640 1 --2- 172.21.15.38:0/1479829924 >> [v2:172.21.15.38:3300/0,v1:172.21.15.38:6789/0] conn(0x7fb1d0105850 0x7fb1d019b620 unknown :-1 s=CLOSED pgs=52 cs=0 l=1 rev1=1 crypto rx=0 tx=0 comp rx=0 tx=0).stop
2024-09-16T00:23:14.608 INFO:teuthology.orchestra.run.smithi038.stdout:/usr/bin/ceph: stderr
2024-09-16T00:23:13.953+0000 7fb1d84ef640 1 -- 172.21.15.38:0/1479829924 >> 172.21.15.38:0/1479829924 conn(0x7fb1d0101360 msgr2=0x7fb1d0101f80 unknown :-1 s=STATE_NONE l=0).mark_down
2024-09-16T00:23:14.608 INFO:teuthology.orchestra.run.smithi038.stdout:/usr/bin/ceph: stderr
2024-09-16T00:23:13.953+0000 7fb1d84ef640 1 -- 172.21.15.38:0/1479829924 shutdown_connections
2024-09-16T00:23:14.608 INFO:teuthology.orchestra.run.smithi038.stdout:/usr/bin/ceph: stderr
2024-09-16T00:23:13.953+0000 7fb1d84ef640 1 -- 172.21.15.38:0/1479829924 wait complete.
2024-09-16T00:23:14.608 INFO:teuthology.orchestra.run.smithi038.stdout:Enabling the dashboard module...
2024-09-16T00:23:16.695 INFO:journalctl@ceph.mon.a.smithi038.stdout:Sep 16 00:23:16 smithi038 ceph-mon[30945]: from='mgr.14118 172.21.15.38:0/3698772563' entity='mgr.x'
2024-09-16T00:23:16.695 INFO:journalctl@ceph.mon.a.smithi038.stdout:Sep 16 00:23:16 smithi038 ceph-mon[30945]: from='client.? 172.21.15.38:0/865242880' entity='client.admin' cmd=[{"prefix": "mgr module enable", "module": "dashboard"}]: dispatch
2024-09-16T00:23:16.695 INFO:journalctl@ceph.mon.a.smithi038.stdout:Sep 16 00:23:16 smithi038 ceph-mon[30945]: from='mgr.14118 172.21.15.38:0/3698772563' entity='mgr.x'
2024-09-16T00:23:16.696 INFO:journalctl@ceph.mgr.x.smithi038.stdout:Sep 16 00:23:16 smithi038 ceph-983b2072-73c1-11ef-bceb-c7b262605968-mgr-x[31172]: ignoring --setuser ceph since I am not root
2024-09-16T00:23:16.696 INFO:journalctl@ceph.mgr.x.smithi038.stdout:Sep 16 00:23:16 smithi038 ceph-983b2072-73c1-11ef-bceb-c7b262605968-mgr-x[31172]: ignoring --setgroup ceph since I am not root
2024-09-16T00:23:16.696 INFO:journalctl@ceph.mgr.x.smithi038.stdout:Sep 16 00:23:16 smithi038 ceph-983b2072-73c1-11ef-bceb-c7b262605968-mgr-x[31172]:
2024-09-16T00:23:16.479+0000 7f1bf5b0a040 -1 mgr[py] Module osd_perf_query has missing NOTIFY_TYPES member
2024-09-16T00:23:16.696 INFO:journalctl@ceph.mgr.x.smithi038.stdout:Sep 16 00:23:16 smithi038 ceph-983b2072-73c1-11ef-bceb-c7b262605968-mgr-x[31172]:
2024-09-16T00:23:16.538+0000 7f1bf5b0a040 -1 mgr[py] Module osd_support has missing NOTIFY_TYPES member
2024-09-16T00:23:16.696 INFO:journalctl@ceph.mgr.x.smithi038.stdout:Sep 16 00:23:16 smithi038 ceph-983b2072-73c1-11ef-bceb-c7b262605968-mgr-x[31172]:
2024-09-16T00:23:16.693+0000 7f1bf5b0a040 -1 mgr[py] Module diskprediction_local has missing NOTIFY_TYPES member
2024-09-16T00:23:16.965 INFO:journalctl@ceph.mgr.x.smithi038.stdout:Sep 16 00:23:16 smithi038 ceph-983b2072-73c1-11ef-bceb-c7b262605968-mgr-x[31172]:
2024-09-16T00:23:16.763+0000 7f1bf5b0a040 -1 mgr[py] Module crash has missing NOTIFY_TYPES member
2024-09-16T00:23:16.965 INFO:journalctl@ceph.mgr.x.smithi038.stdout:Sep 16 00:23:16 smithi038 ceph-983b2072-73c1-11ef-bceb-c7b262605968-mgr-x[31172]:
2024-09-16T00:23:16.924+0000 7f1bf5b0a040 -1 mgr[py] Module test_orchestrator has missing NOTIFY_TYPES member
2024-09-16T00:23:17.335 INFO:journalctl@ceph.mgr.x.smithi038.stdout:Sep 16 00:23:17 smithi038 ceph-983b2072-73c1-11ef-bceb-c7b262605968-mgr-x[31172]:
2024-09-16T00:23:17.071+0000 7f1bf5b0a040 -1 mgr[py] Module snap_schedule has missing NOTIFY_TYPES member
2024-09-16T00:23:17.568 INFO:teuthology.orchestra.run.smithi038.stdout:/usr/bin/ceph: stderr
2024-09-16T00:23:15.499+0000 7fc1e1a6a640 1 Processor -- start
2024-09-16T00:23:17.568 INFO:teuthology.orchestra.run.smithi038.stdout:/usr/bin/ceph: stderr
2024-09-16T00:23:15.500+0000 7fc1e1a6a640 1 -- start start
2024-09-16T00:23:17.568 INFO:teuthology.orchestra.run.smithi038.stdout:/usr/bin/ceph: stderr
2024-09-16T00:23:15.500+0000 7fc1e1a6a640 1 --2- >> [v2:172.21.15.38:3300/0,v1:172.21.15.38:6789/0] conn(0x7fc1dc07e640 0x7fc1dc07caf0 unknown :-1 s=NONE pgs=0 cs=0 l=0 rev1=0 crypto rx=0 tx=0 comp rx=0 tx=0).connect
2024-09-16T00:23:17.568 INFO:teuthology.orchestra.run.smithi038.stdout:/usr/bin/ceph: stderr
2024-09-16T00:23:15.500+0000 7fc1e1a6a640 1 -- --> [v2:172.21.15.38:3300/0,v1:172.21.15.38:6789/0] -- mon_getmap magic: 0 -- 0x7fc1dc07d030 con 0x7fc1dc07e640
2024-09-16T00:23:17.568 INFO:teuthology.orchestra.run.smithi038.stdout:/usr/bin/ceph: stderr
2024-09-16T00:23:15.500+0000 7fc1db7fe640 1 --2- >> [v2:172.21.15.38:3300/0,v1:172.21.15.38:6789/0] conn(0x7fc1dc07e640 0x7fc1dc07caf0 unknown :-1 s=BANNER_CONNECTING pgs=0 cs=0 l=0 rev1=0 crypto rx=0 tx=0 comp rx=0 tx=0)._handle_peer_banner_payload supported=3 required=0
2024-09-16T00:23:17.569 INFO:teuthology.orchestra.run.smithi038.stdout:/usr/bin/ceph: stderr
2024-09-16T00:23:15.500+0000 7fc1db7fe640 1 --2- >> [v2:172.21.15.38:3300/0,v1:172.21.15.38:6789/0] conn(0x7fc1dc07e640 0x7fc1dc07caf0 unknown :-1 s=HELLO_CONNECTING pgs=0 cs=0 l=0 rev1=1 crypto rx=0 tx=0 comp rx=0 tx=0).handle_hello peer v2:172.21.15.38:3300/0 says I am v2:172.21.15.38:35996/0 (socket says 172.21.15.38:35996)
2024-09-16T00:23:17.569 INFO:teuthology.orchestra.run.smithi038.stdout:/usr/bin/ceph: stderr
2024-09-16T00:23:15.500+0000 7fc1db7fe640 1 -- 172.21.15.38:0/2269475931 learned_addr learned my addr 172.21.15.38:0/2269475931 (peer_addr_for_me v2:172.21.15.38:0/0)
2024-09-16T00:23:17.569 INFO:teuthology.orchestra.run.smithi038.stdout:/usr/bin/ceph: stderr
2024-09-16T00:23:15.500+0000 7fc1db7fe640 1 -- 172.21.15.38:0/2269475931 --> [v2:172.21.15.38:3300/0,v1:172.21.15.38:6789/0] -- mon_subscribe({config=0+,monmap=0+}) -- 0x7fc1dc07d1b0 con 0x7fc1dc07e640
2024-09-16T00:23:17.569 INFO:teuthology.orchestra.run.smithi038.stdout:/usr/bin/ceph: stderr
2024-09-16T00:23:15.501+0000 7fc1db7fe640 1 --2- 172.21.15.38:0/2269475931 >> [v2:172.21.15.38:3300/0,v1:172.21.15.38:6789/0] conn(0x7fc1dc07e640 0x7fc1dc07caf0 secure :-1 s=READY pgs=53 cs=0 l=1 rev1=1 crypto rx=0x7fc1cc009820 tx=0x7fc1cc02a270 comp rx=0 tx=0).ready entity=mon.0 client_cookie=c624a87a88d2bea5 server_cookie=0 in_seq=0 out_seq=0
2024-09-16T00:23:17.569 INFO:teuthology.orchestra.run.smithi038.stdout:/usr/bin/ceph: stderr
2024-09-16T00:23:15.501+0000 7fc1daffd640 1 -- 172.21.15.38:0/2269475931 <== mon.0 v2:172.21.15.38:3300/0 1 ==== mon_map magic: 0 ==== 205+0+0 (secure 0 0 0) 0x7fc1cc037070 con 0x7fc1dc07e640
2024-09-16T00:23:17.569 INFO:teuthology.orchestra.run.smithi038.stdout:/usr/bin/ceph: stderr
2024-09-16T00:23:15.501+0000 7fc1daffd640 1 -- 172.21.15.38:0/2269475931 <== mon.0 v2:172.21.15.38:3300/0 2 ==== config(27 keys) ==== 1140+0+0 (secure 0 0 0) 0x7fc1cc032920 con 0x7fc1dc07e640
2024-09-16T00:23:17.569 INFO:teuthology.orchestra.run.smithi038.stdout:/usr/bin/ceph: stderr
2024-09-16T00:23:15.501+0000 7fc1daffd640 1 -- 172.21.15.38:0/2269475931 <== mon.0 v2:172.21.15.38:3300/0 3 ==== mon_map magic: 0 ==== 205+0+0 (secure 0 0 0) 0x7fc1cc030810 con 0x7fc1dc07e640
2024-09-16T00:23:17.569 INFO:teuthology.orchestra.run.smithi038.stdout:/usr/bin/ceph: stderr
2024-09-16T00:23:15.502+0000 7fc1e1a6a640 1 -- 172.21.15.38:0/2269475931 >> [v2:172.21.15.38:3300/0,v1:172.21.15.38:6789/0] conn(0x7fc1dc07e640 msgr2=0x7fc1dc07caf0 secure :-1 s=STATE_CONNECTION_ESTABLISHED l=1).mark_down
2024-09-16T00:23:17.569 INFO:teuthology.orchestra.run.smithi038.stdout:/usr/bin/ceph: stderr
2024-09-16T00:23:15.502+0000 7fc1e1a6a640 1 --2- 172.21.15.38:0/2269475931 >> [v2:172.21.15.38:3300/0,v1:172.21.15.38:6789/0] conn(0x7fc1dc07e640 0x7fc1dc07caf0 secure :-1 s=READY pgs=53 cs=0 l=1 rev1=1 crypto rx=0x7fc1cc009820 tx=0x7fc1cc02a270 comp rx=0 tx=0).stop
2024-09-16T00:23:17.569 INFO:teuthology.orchestra.run.smithi038.stdout:/usr/bin/ceph: stderr
2024-09-16T00:23:15.502+0000 7fc1e1a6a640 1 -- 172.21.15.38:0/2269475931 shutdown_connections
2024-09-16T00:23:17.569 INFO:teuthology.orchestra.run.smithi038.stdout:/usr/bin/ceph: stderr
2024-09-16T00:23:15.502+0000 7fc1e1a6a640 1 --2- 172.21.15.38:0/2269475931 >> [v2:172.21.15.38:3300/0,v1:172.21.15.38:6789/0] conn(0x7fc1dc07e640 0x7fc1dc07caf0 unknown :-1 s=CLOSED pgs=53 cs=0 l=1 rev1=1 crypto rx=0 tx=0 comp rx=0 tx=0).stop
2024-09-16T00:23:17.569 INFO:teuthology.orchestra.run.smithi038.stdout:/usr/bin/ceph: stderr
2024-09-16T00:23:15.502+0000 7fc1e1a6a640 1 -- 172.21.15.38:0/2269475931 >> 172.21.15.38:0/2269475931 conn(0x7fc1dc102e30 msgr2=0x7fc1dc105220 unknown :-1 s=STATE_NONE l=0).mark_down
2024-09-16T00:23:17.569 INFO:teuthology.orchestra.run.smithi038.stdout:/usr/bin/ceph: stderr
2024-09-16T00:23:15.502+0000 7fc1e1a6a640 1 -- 172.21.15.38:0/2269475931 shutdown_connections
2024-09-16T00:23:17.570 INFO:teuthology.orchestra.run.smithi038.stdout:/usr/bin/ceph: stderr
2024-09-16T00:23:15.502+0000 7fc1e1a6a640 1 -- 172.21.15.38:0/2269475931 wait complete.
2024-09-16T00:23:17.570 INFO:teuthology.orchestra.run.smithi038.stdout:/usr/bin/ceph: stderr
2024-09-16T00:23:15.503+0000 7fc1e1a6a640 1 Processor -- start
2024-09-16T00:23:17.570 INFO:teuthology.orchestra.run.smithi038.stdout:/usr/bin/ceph: stderr
2024-09-16T00:23:15.503+0000 7fc1e1a6a640 1 -- start start
2024-09-16T00:23:17.570 INFO:teuthology.orchestra.run.smithi038.stdout:/usr/bin/ceph: stderr
2024-09-16T00:23:15.503+0000 7fc1e1a6a640 1 --2- >> [v2:172.21.15.38:3300/0,v1:172.21.15.38:6789/0] conn(0x7fc1dc07e640 0x7fc1dc19d7c0 unknown :-1 s=NONE pgs=0 cs=0 l=1 rev1=0 crypto rx=0 tx=0 comp rx=0 tx=0).connect
2024-09-16T00:23:17.570 INFO:teuthology.orchestra.run.smithi038.stdout:/usr/bin/ceph: stderr
2024-09-16T00:23:15.503+0000 7fc1e1a6a640 1 -- --> [v2:172.21.15.38:3300/0,v1:172.21.15.38:6789/0] -- mon_getmap magic: 0 -- 0x7fc1dc10dc30 con 0x7fc1dc07e640
2024-09-16T00:23:17.570 INFO:teuthology.orchestra.run.smithi038.stdout:/usr/bin/ceph: stderr
2024-09-16T00:23:15.503+0000 7fc1db7fe640 1 --2- >> [v2:172.21.15.38:3300/0,v1:172.21.15.38:6789/0] conn(0x7fc1dc07e640 0x7fc1dc19d7c0 unknown :-1 s=BANNER_CONNECTING pgs=0 cs=0 l=1 rev1=0 crypto rx=0 tx=0 comp rx=0 tx=0)._handle_peer_banner_payload supported=3 required=0
2024-09-16T00:23:17.570 INFO:teuthology.orchestra.run.smithi038.stdout:/usr/bin/ceph: stderr
2024-09-16T00:23:15.503+0000 7fc1db7fe640 1 --2- >> [v2:172.21.15.38:3300/0,v1:172.21.15.38:6789/0] conn(0x7fc1dc07e640 0x7fc1dc19d7c0 unknown :-1 s=HELLO_CONNECTING pgs=0 cs=0 l=1 rev1=1 crypto rx=0 tx=0 comp rx=0 tx=0).handle_hello peer v2:172.21.15.38:3300/0 says I am v2:172.21.15.38:36002/0 (socket says 172.21.15.38:36002)
2024-09-16T00:23:17.570 INFO:teuthology.orchestra.run.smithi038.stdout:/usr/bin/ceph: stderr
2024-09-16T00:23:15.503+0000 7fc1db7fe640 1 -- 172.21.15.38:0/865242880 learned_addr learned my addr 172.21.15.38:0/865242880 (peer_addr_for_me v2:172.21.15.38:0/0)
2024-09-16T00:23:17.570 INFO:teuthology.orchestra.run.smithi038.stdout:/usr/bin/ceph: stderr
2024-09-16T00:23:15.504+0000 7fc1db7fe640 1 -- 172.21.15.38:0/865242880 --> [v2:172.21.15.38:3300/0,v1:172.21.15.38:6789/0] -- mon_subscribe({config=0+,monmap=0+}) -- 0x7fc1dc19dd00 con 0x7fc1dc07e640
2024-09-16T00:23:17.570 INFO:teuthology.orchestra.run.smithi038.stdout:/usr/bin/ceph: stderr
2024-09-16T00:23:15.504+0000 7fc1db7fe640 1 --2- 172.21.15.38:0/865242880 >> [v2:172.21.15.38:3300/0,v1:172.21.15.38:6789/0] conn(0x7fc1dc07e640 0x7fc1dc19d7c0 secure :-1 s=READY pgs=54 cs=0 l=1 rev1=1 crypto rx=0x7fc1cc0097f0 tx=0x7fc1cc0327b0 comp rx=0 tx=0).ready entity=mon.0 client_cookie=0 server_cookie=0 in_seq=0 out_seq=0
2024-09-16T00:23:17.570 INFO:teuthology.orchestra.run.smithi038.stdout:/usr/bin/ceph: stderr
2024-09-16T00:23:15.504+0000 7fc1d97fa640 1 -- 172.21.15.38:0/865242880 <== mon.0 v2:172.21.15.38:3300/0 1 ==== mon_map magic: 0 ==== 205+0+0 (secure 0 0 0) 0x7fc1cc037040 con 0x7fc1dc07e640
2024-09-16T00:23:17.570 INFO:teuthology.orchestra.run.smithi038.stdout:/usr/bin/ceph: stderr
2024-09-16T00:23:15.504+0000 7fc1d97fa640 1 -- 172.21.15.38:0/865242880 <== mon.0 v2:172.21.15.38:3300/0 2 ==== config(27 keys) ==== 1140+0+0 (secure 0 0 0) 0x7fc1cc030cc0 con 0x7fc1dc07e640
2024-09-16T00:23:17.570 INFO:teuthology.orchestra.run.smithi038.stdout:/usr/bin/ceph: stderr
2024-09-16T00:23:15.504+0000 7fc1e1a6a640 1 -- 172.21.15.38:0/865242880 --> [v2:172.21.15.38:3300/0,v1:172.21.15.38:6789/0] -- mon_subscribe({mgrmap=0+}) -- 0x7fc1dc19df90 con 0x7fc1dc07e640
2024-09-16T00:23:17.571 INFO:teuthology.orchestra.run.smithi038.stdout:/usr/bin/ceph: stderr
2024-09-16T00:23:15.504+0000 7fc1d97fa640 1 -- 172.21.15.38:0/865242880 <== mon.0 v2:172.21.15.38:3300/0 3 ==== mon_map magic: 0 ==== 205+0+0 (secure 0 0 0) 0x7fc1cc03a6b0 con 0x7fc1dc07e640
2024-09-16T00:23:17.571 INFO:teuthology.orchestra.run.smithi038.stdout:/usr/bin/ceph: stderr
2024-09-16T00:23:15.504+0000 7fc1e1a6a640 1 -- 172.21.15.38:0/865242880 --> [v2:172.21.15.38:3300/0,v1:172.21.15.38:6789/0] -- mon_subscribe({osdmap=0}) -- 0x7fc1dc1a0c80 con 0x7fc1dc07e640
2024-09-16T00:23:17.571 INFO:teuthology.orchestra.run.smithi038.stdout:/usr/bin/ceph: stderr
2024-09-16T00:23:15.505+0000 7fc1e1a6a640 1 -- 172.21.15.38:0/865242880 --> [v2:172.21.15.38:3300/0,v1:172.21.15.38:6789/0] -- mon_command({"prefix": "get_command_descriptions"} v 0) -- 0x7fc1dc07cb70 con 0x7fc1dc07e640
2024-09-16T00:23:17.571 INFO:teuthology.orchestra.run.smithi038.stdout:/usr/bin/ceph: stderr
2024-09-16T00:23:15.505+0000 7fc1d97fa640 1 -- 172.21.15.38:0/865242880 <== mon.0 v2:172.21.15.38:3300/0 4 ==== mgrmap(e 8) ==== 46461+0+0 (secure 0 0 0) 0x7fc1cc03baf0 con 0x7fc1dc07e640
2024-09-16T00:23:17.571 INFO:teuthology.orchestra.run.smithi038.stdout:/usr/bin/ceph: stderr
2024-09-16T00:23:15.505+0000 7fc1d97fa640 1 --2- 172.21.15.38:0/865242880 >> [v2:172.21.15.38:6800/1779324916,v1:172.21.15.38:6801/1779324916] conn(0x7fc1c8039200 0x7fc1c803b6c0 unknown :-1 s=NONE pgs=0 cs=0 l=1 rev1=0 crypto rx=0 tx=0 comp rx=0 tx=0).connect
2024-09-16T00:23:17.571 INFO:teuthology.orchestra.run.smithi038.stdout:/usr/bin/ceph: stderr
2024-09-16T00:23:15.506+0000 7fc1d97fa640 1 -- 172.21.15.38:0/865242880 <== mon.0 v2:172.21.15.38:3300/0 5 ==== osd_map(2..2 src has 1..2) ==== 940+0+0 (secure 0 0 0) 0x7fc1cc06c7a0 con 0x7fc1dc07e640
2024-09-16T00:23:17.571 INFO:teuthology.orchestra.run.smithi038.stdout:/usr/bin/ceph: stderr
2024-09-16T00:23:15.506+0000 7fc1d3fff640 1 --2- 172.21.15.38:0/865242880 >> [v2:172.21.15.38:6800/1779324916,v1:172.21.15.38:6801/1779324916] conn(0x7fc1c8039200 0x7fc1c803b6c0 unknown :-1 s=BANNER_CONNECTING pgs=0 cs=0 l=1 rev1=0 crypto rx=0 tx=0 comp rx=0 tx=0)._handle_peer_banner_payload supported=3 required=0
2024-09-16T00:23:17.571 INFO:teuthology.orchestra.run.smithi038.stdout:/usr/bin/ceph: stderr
2024-09-16T00:23:15.506+0000 7fc1d3fff640 1 --2- 172.21.15.38:0/865242880 >> [v2:172.21.15.38:6800/1779324916,v1:172.21.15.38:6801/1779324916] conn(0x7fc1c8039200 0x7fc1c803b6c0 secure :-1 s=READY pgs=16 cs=0 l=1 rev1=1 crypto rx=0x7fc1c40098c0 tx=0x7fc1c4006db0 comp rx=0 tx=0).ready entity=mgr.14118 client_cookie=0 server_cookie=0 in_seq=0 out_seq=0
2024-09-16T00:23:17.571 INFO:teuthology.orchestra.run.smithi038.stdout:/usr/bin/ceph: stderr
2024-09-16T00:23:15.510+0000 7fc1d97fa640 1 -- 172.21.15.38:0/865242880 <== mon.0 v2:172.21.15.38:3300/0 6 ==== mon_command_ack([{"prefix": "get_command_descriptions"}]=0 v0) ==== 72+0+188821 (secure 0 0 0) 0x7fc1cc042dc0 con 0x7fc1dc07e640
2024-09-16T00:23:17.571 INFO:teuthology.orchestra.run.smithi038.stdout:/usr/bin/ceph: stderr
2024-09-16T00:23:15.739+0000 7fc1e1a6a640 1 -- 172.21.15.38:0/865242880 --> [v2:172.21.15.38:3300/0,v1:172.21.15.38:6789/0] -- mon_command({"prefix": "mgr module enable", "module": "dashboard"} v 0) -- 0x7fc1dc1a0e50 con 0x7fc1dc07e640
2024-09-16T00:23:17.571 INFO:teuthology.orchestra.run.smithi038.stdout:/usr/bin/ceph: stderr
2024-09-16T00:23:16.327+0000 7fc1d97fa640 1 -- 172.21.15.38:0/865242880 <== mon.0 v2:172.21.15.38:3300/0 7 ==== mon_command_ack([{"prefix": "mgr module enable", "module": "dashboard"}]=0 v9) ==== 88+0+0 (secure 0 0 0) 0x7fc1cc03b4a0 con 0x7fc1dc07e640
2024-09-16T00:23:17.571 INFO:teuthology.orchestra.run.smithi038.stdout:/usr/bin/ceph: stderr
2024-09-16T00:23:16.329+0000 7fc1d97fa640 1 -- 172.21.15.38:0/865242880 <== mon.0 v2:172.21.15.38:3300/0 8 ==== mgrmap(e 9) ==== 46474+0+0 (secure 0 0 0) 0x7fc1cc03a850 con 0x7fc1dc07e640
2024-09-16T00:23:17.571 INFO:teuthology.orchestra.run.smithi038.stdout:/usr/bin/ceph: stderr
2024-09-16T00:23:16.330+0000 7fc1e1a6a640 1 -- 172.21.15.38:0/865242880 >> [v2:172.21.15.38:6800/1779324916,v1:172.21.15.38:6801/1779324916] conn(0x7fc1c8039200 msgr2=0x7fc1c803b6c0 secure :-1 s=STATE_CONNECTION_ESTABLISHED l=1).mark_down
2024-09-16T00:23:17.572 INFO:teuthology.orchestra.run.smithi038.stdout:/usr/bin/ceph: stderr
2024-09-16T00:23:16.330+0000 7fc1e1a6a640 1 --2- 172.21.15.38:0/865242880 >> [v2:172.21.15.38:6800/1779324916,v1:172.21.15.38:6801/1779324916] conn(0x7fc1c8039200 0x7fc1c803b6c0 secure :-1 s=READY pgs=16 cs=0 l=1 rev1=1 crypto rx=0x7fc1c40098c0 tx=0x7fc1c4006db0 comp rx=0 tx=0).stop
2024-09-16T00:23:17.572 INFO:teuthology.orchestra.run.smithi038.stdout:/usr/bin/ceph: stderr
2024-09-16T00:23:16.330+0000 7fc1e1a6a640 1 -- 172.21.15.38:0/865242880 >> [v2:172.21.15.38:3300/0,v1:172.21.15.38:6789/0] conn(0x7fc1dc07e640 msgr2=0x7fc1dc19d7c0 secure :-1 s=STATE_CONNECTION_ESTABLISHED l=1).mark_down
2024-09-16T00:23:17.572 INFO:teuthology.orchestra.run.smithi038.stdout:/usr/bin/ceph: stderr
2024-09-16T00:23:16.330+0000 7fc1e1a6a640 1 --2- 172.21.15.38:0/865242880 >> [v2:172.21.15.38:3300/0,v1:172.21.15.38:6789/0] conn(0x7fc1dc07e640 0x7fc1dc19d7c0 secure :-1 s=READY pgs=54 cs=0 l=1 rev1=1 crypto rx=0x7fc1cc0097f0 tx=0x7fc1cc0327b0 comp rx=0 tx=0).stop
2024-09-16T00:23:17.572 INFO:teuthology.orchestra.run.smithi038.stdout:/usr/bin/ceph: stderr
2024-09-16T00:23:16.330+0000 7fc1e1a6a640 1 -- 172.21.15.38:0/865242880 shutdown_connections
2024-09-16T00:23:17.572 INFO:teuthology.orchestra.run.smithi038.stdout:/usr/bin/ceph: stderr
2024-09-16T00:23:16.330+0000 7fc1e1a6a640 1 --2- 172.21.15.38:0/865242880 >> [v2:172.21.15.38:6800/1779324916,v1:172.21.15.38:6801/1779324916] conn(0x7fc1c8039200 0x7fc1c803b6c0 unknown :-1 s=CLOSED pgs=16 cs=0 l=1 rev1=1 crypto rx=0 tx=0 comp rx=0 tx=0).stop
2024-09-16T00:23:17.572 INFO:teuthology.orchestra.run.smithi038.stdout:/usr/bin/ceph: stderr
2024-09-16T00:23:16.330+0000 7fc1e1a6a640 1 --2- 172.21.15.38:0/865242880 >> [v2:172.21.15.38:3300/0,v1:172.21.15.38:6789/0] conn(0x7fc1dc07e640 0x7fc1dc19d7c0 unknown :-1 s=CLOSED pgs=54 cs=0 l=1 rev1=1 crypto rx=0 tx=0 comp rx=0 tx=0).stop
2024-09-16T00:23:17.572 INFO:teuthology.orchestra.run.smithi038.stdout:/usr/bin/ceph: stderr
2024-09-16T00:23:16.330+0000 7fc1e1a6a640 1 -- 172.21.15.38:0/865242880 >> 172.21.15.38:0/865242880 conn(0x7fc1dc102e30 msgr2=0x7fc1dc103970 unknown :-1 s=STATE_NONE l=0).mark_down
2024-09-16T00:23:17.572 INFO:teuthology.orchestra.run.smithi038.stdout:/usr/bin/ceph: stderr
2024-09-16T00:23:16.330+0000 7fc1e1a6a640 1 -- 172.21.15.38:0/865242880 shutdown_connections
2024-09-16T00:23:17.572 INFO:teuthology.orchestra.run.smithi038.stdout:/usr/bin/ceph: stderr
2024-09-16T00:23:16.330+0000 7fc1e1a6a640 1 -- 172.21.15.38:0/865242880 wait complete.
2024-09-16T00:23:17.653 INFO:journalctl@ceph.mon.a.smithi038.stdout:Sep 16 00:23:17 smithi038 ceph-mon[30945]: from='client.? 172.21.15.38:0/865242880' entity='client.admin' cmd='[{"prefix": "mgr module enable", "module": "dashboard"}]': finished
2024-09-16T00:23:17.653 INFO:journalctl@ceph.mon.a.smithi038.stdout:Sep 16 00:23:17 smithi038 ceph-mon[30945]: mgrmap e9: x(active, since 19s)
2024-09-16T00:23:17.653 INFO:journalctl@ceph.mgr.x.smithi038.stdout:Sep 16 00:23:17 smithi038 ceph-983b2072-73c1-11ef-bceb-c7b262605968-mgr-x[31172]:
2024-09-16T00:23:17.402+0000 7f1bf5b0a040 -1 mgr[py] Module prometheus has missing NOTIFY_TYPES member
2024-09-16T00:23:17.653 INFO:journalctl@ceph.mgr.x.smithi038.stdout:Sep 16 00:23:17 smithi038 ceph-983b2072-73c1-11ef-bceb-c7b262605968-mgr-x[31172]:
2024-09-16T00:23:17.466+0000 7f1bf5b0a040 -1 mgr[py] Module selftest has missing NOTIFY_TYPES member
2024-09-16T00:23:17.906 INFO:journalctl@ceph.mgr.x.smithi038.stdout:Sep 16 00:23:17 smithi038 ceph-983b2072-73c1-11ef-bceb-c7b262605968-mgr-x[31172]:
2024-09-16T00:23:17.663+0000 7f1bf5b0a040 -1 mgr[py] Module volumes has missing NOTIFY_TYPES member
2024-09-16T00:23:18.459 INFO:journalctl@ceph.mon.a.smithi038.stdout:Sep 16 00:23:18 smithi038 ceph-mon[30945]: from='client.? 172.21.15.38:0/874816139' entity='client.admin' cmd=[{"prefix": "mgr stat"}]: dispatch
2024-09-16T00:23:18.715 INFO:journalctl@ceph.mgr.x.smithi038.stdout:Sep 16 00:23:18 smithi038 ceph-983b2072-73c1-11ef-bceb-c7b262605968-mgr-x[31172]:
2024-09-16T00:23:18.615+0000 7f1bf5b0a040 -1 mgr[py] Module telemetry has missing NOTIFY_TYPES member
2024-09-16T00:23:18.715 INFO:journalctl@ceph.mgr.x.smithi038.stdout:Sep 16 00:23:18 smithi038 ceph-983b2072-73c1-11ef-bceb-c7b262605968-mgr-x[31172]:
2024-09-16T00:23:18.686+0000 7f1bf5b0a040 -1 mgr[py] Module balancer has missing NOTIFY_TYPES member
2024-09-16T00:23:19.045 INFO:teuthology.orchestra.run.smithi038.stdout:/usr/bin/ceph: stdout {
2024-09-16T00:23:19.045 INFO:teuthology.orchestra.run.smithi038.stdout:/usr/bin/ceph: stdout "epoch": 9,
2024-09-16T00:23:19.045 INFO:teuthology.orchestra.run.smithi038.stdout:/usr/bin/ceph: stdout "available": true,
2024-09-16T00:23:19.046 INFO:teuthology.orchestra.run.smithi038.stdout:/usr/bin/ceph: stdout "active_name": "x",
2024-09-16T00:23:19.046 INFO:teuthology.orchestra.run.smithi038.stdout:/usr/bin/ceph: stdout "num_standby": 0
2024-09-16T00:23:19.046 INFO:teuthology.orchestra.run.smithi038.stdout:/usr/bin/ceph: stdout }
2024-09-16T00:23:19.046 INFO:teuthology.orchestra.run.smithi038.stdout:/usr/bin/ceph: stderr
2024-09-16T00:23:17.985+0000 7f4917fb8640 1 Processor -- start
2024-09-16T00:23:19.046 INFO:teuthology.orchestra.run.smithi038.stdout:/usr/bin/ceph: stderr
2024-09-16T00:23:17.985+0000 7f4917fb8640 1 -- start start
2024-09-16T00:23:19.046 INFO:teuthology.orchestra.run.smithi038.stdout:/usr/bin/ceph: stderr
2024-09-16T00:23:17.985+0000 7f4917fb8640 1 --2- >> [v2:172.21.15.38:3300/0,v1:172.21.15.38:6789/0] conn(0x7f4910108100 0x7f491010a4f0 unknown :-1 s=NONE pgs=0 cs=0 l=0 rev1=0 crypto rx=0 tx=0 comp rx=0 tx=0).connect
2024-09-16T00:23:19.046 INFO:teuthology.orchestra.run.smithi038.stdout:/usr/bin/ceph: stderr
2024-09-16T00:23:17.985+0000 7f4917fb8640 1 -- --> [v2:172.21.15.38:3300/0,v1:172.21.15.38:6789/0] -- mon_getmap magic: 0 -- 0x7f491007c6b0 con 0x7f4910108100
2024-09-16T00:23:19.046 INFO:teuthology.orchestra.run.smithi038.stdout:/usr/bin/ceph: stderr
2024-09-16T00:23:17.985+0000 7f4915d54640 1 --2- >> [v2:172.21.15.38:3300/0,v1:172.21.15.38:6789/0] conn(0x7f4910108100 0x7f491010a4f0 unknown :-1 s=BANNER_CONNECTING pgs=0 cs=0 l=0 rev1=0 crypto rx=0 tx=0 comp rx=0 tx=0)._handle_peer_banner_payload supported=3 required=0
2024-09-16T00:23:19.046 INFO:teuthology.orchestra.run.smithi038.stdout:/usr/bin/ceph: stderr
2024-09-16T00:23:17.985+0000 7f4915d54640 1 --2- >> [v2:172.21.15.38:3300/0,v1:172.21.15.38:6789/0] conn(0x7f4910108100 0x7f491010a4f0 unknown :-1 s=HELLO_CONNECTING pgs=0 cs=0 l=0 rev1=1 crypto rx=0 tx=0 comp rx=0 tx=0).handle_hello peer v2:172.21.15.38:3300/0 says I am v2:172.21.15.38:40136/0 (socket says 172.21.15.38:40136)
2024-09-16T00:23:19.046 INFO:teuthology.orchestra.run.smithi038.stdout:/usr/bin/ceph: stderr
2024-09-16T00:23:17.985+0000 7f4915d54640 1 -- 172.21.15.38:0/4115708588 learned_addr learned my addr 172.21.15.38:0/4115708588 (peer_addr_for_me v2:172.21.15.38:0/0)
2024-09-16T00:23:19.046 INFO:teuthology.orchestra.run.smithi038.stdout:/usr/bin/ceph: stderr
2024-09-16T00:23:17.986+0000 7f4915d54640 1 -- 172.21.15.38:0/4115708588 --> [v2:172.21.15.38:3300/0,v1:172.21.15.38:6789/0] -- mon_subscribe({config=0+,monmap=0+}) -- 0x7f491010aa30 con 0x7f4910108100
2024-09-16T00:23:19.046 INFO:teuthology.orchestra.run.smithi038.stdout:/usr/bin/ceph: stderr
2024-09-16T00:23:17.986+0000 7f4915d54640 1 --2- 172.21.15.38:0/4115708588 >> [v2:172.21.15.38:3300/0,v1:172.21.15.38:6789/0] conn(0x7f4910108100 0x7f491010a4f0 secure :-1 s=READY pgs=57 cs=0 l=1 rev1=1 crypto rx=0x7f490c009820 tx=0x7f490c02a270 comp rx=0 tx=0).ready entity=mon.0 client_cookie=71556c807938db24 server_cookie=0 in_seq=0 out_seq=0
2024-09-16T00:23:19.047 INFO:teuthology.orchestra.run.smithi038.stdout:/usr/bin/ceph: stderr
2024-09-16T00:23:17.987+0000 7f4914d52640 1 -- 172.21.15.38:0/4115708588 <== mon.0 v2:172.21.15.38:3300/0 1 ==== mon_map magic: 0 ==== 205+0+0 (secure 0 0 0) 0x7f490c037070 con 0x7f4910108100
2024-09-16T00:23:19.047 INFO:teuthology.orchestra.run.smithi038.stdout:/usr/bin/ceph: stderr
2024-09-16T00:23:17.987+0000 7f4914d52640 1 -- 172.21.15.38:0/4115708588 <== mon.0 v2:172.21.15.38:3300/0 2 ==== config(27 keys) ==== 1140+0+0 (secure 0 0 0) 0x7f490c032920 con 0x7f4910108100
2024-09-16T00:23:19.047 INFO:teuthology.orchestra.run.smithi038.stdout:/usr/bin/ceph: stderr
2024-09-16T00:23:17.987+0000 7f4914d52640 1 -- 172.21.15.38:0/4115708588 <== mon.0 v2:172.21.15.38:3300/0 3 ==== mon_map magic: 0 ==== 205+0+0 (secure 0 0 0) 0x7f490c030810 con 0x7f4910108100
2024-09-16T00:23:19.047 INFO:teuthology.orchestra.run.smithi038.stdout:/usr/bin/ceph: stderr
2024-09-16T00:23:17.987+0000 7f4917fb8640 1 -- 172.21.15.38:0/4115708588 >> [v2:172.21.15.38:3300/0,v1:172.21.15.38:6789/0] conn(0x7f4910108100 msgr2=0x7f491010a4f0 secure :-1 s=STATE_CONNECTION_ESTABLISHED l=1).mark_down
2024-09-16T00:23:19.047 INFO:teuthology.orchestra.run.smithi038.stdout:/usr/bin/ceph: stderr
2024-09-16T00:23:17.987+0000 7f4917fb8640 1 --2- 172.21.15.38:0/4115708588 >> [v2:172.21.15.38:3300/0,v1:172.21.15.38:6789/0] conn(0x7f4910108100 0x7f491010a4f0 secure :-1 s=READY pgs=57 cs=0 l=1 rev1=1 crypto rx=0x7f490c009820 tx=0x7f490c02a270 comp rx=0 tx=0).stop
2024-09-16T00:23:19.047 INFO:teuthology.orchestra.run.smithi038.stdout:/usr/bin/ceph: stderr
2024-09-16T00:23:17.988+0000 7f4917fb8640 1 -- 172.21.15.38:0/4115708588 shutdown_connections
2024-09-16T00:23:19.047 INFO:teuthology.orchestra.run.smithi038.stdout:/usr/bin/ceph: stderr
2024-09-16T00:23:17.988+0000 7f4917fb8640 1 --2- 172.21.15.38:0/4115708588 >> [v2:172.21.15.38:3300/0,v1:172.21.15.38:6789/0] conn(0x7f4910108100 0x7f491010a4f0 unknown :-1 s=CLOSED pgs=57 cs=0 l=1 rev1=1 crypto rx=0 tx=0 comp rx=0 tx=0).stop
2024-09-16T00:23:19.047 INFO:teuthology.orchestra.run.smithi038.stdout:/usr/bin/ceph: stderr
2024-09-16T00:23:17.988+0000 7f4917fb8640 1 -- 172.21.15.38:0/4115708588 >> 172.21.15.38:0/4115708588 conn(0x7f4910101cc0 msgr2=0x7f49101040e0 unknown :-1 s=STATE_NONE l=0).mark_down
2024-09-16T00:23:19.047 INFO:teuthology.orchestra.run.smithi038.stdout:/usr/bin/ceph: stderr
2024-09-16T00:23:17.988+0000 7f4917fb8640 1 -- 172.21.15.38:0/4115708588 shutdown_connections
2024-09-16T00:23:19.047 INFO:teuthology.orchestra.run.smithi038.stdout:/usr/bin/ceph: stderr
2024-09-16T00:23:17.988+0000 7f4917fb8640 1 -- 172.21.15.38:0/4115708588 wait complete.
2024-09-16T00:23:19.047 INFO:teuthology.orchestra.run.smithi038.stdout:/usr/bin/ceph: stderr
2024-09-16T00:23:17.988+0000 7f4917fb8640 1 Processor -- start
2024-09-16T00:23:19.047 INFO:teuthology.orchestra.run.smithi038.stdout:/usr/bin/ceph: stderr
2024-09-16T00:23:17.988+0000 7f4917fb8640 1 -- start start
2024-09-16T00:23:19.048 INFO:teuthology.orchestra.run.smithi038.stdout:/usr/bin/ceph: stderr
2024-09-16T00:23:17.989+0000 7f4917fb8640 1 --2- >> [v2:172.21.15.38:3300/0,v1:172.21.15.38:6789/0] conn(0x7f4910108100 0x7f4910107980 unknown :-1 s=NONE pgs=0 cs=0 l=1 rev1=0 crypto rx=0 tx=0 comp rx=0 tx=0).connect
2024-09-16T00:23:19.048 INFO:teuthology.orchestra.run.smithi038.stdout:/usr/bin/ceph: stderr
2024-09-16T00:23:17.989+0000 7f4917fb8640 1 -- --> [v2:172.21.15.38:3300/0,v1:172.21.15.38:6789/0] -- mon_getmap magic: 0 -- 0x7f491010ba50 con 0x7f4910108100
2024-09-16T00:23:19.048 INFO:teuthology.orchestra.run.smithi038.stdout:/usr/bin/ceph: stderr
2024-09-16T00:23:17.989+0000 7f4915d54640 1 --2- >> [v2:172.21.15.38:3300/0,v1:172.21.15.38:6789/0] conn(0x7f4910108100 0x7f4910107980 unknown :-1 s=BANNER_CONNECTING pgs=0 cs=0 l=1 rev1=0 crypto rx=0 tx=0 comp rx=0 tx=0)._handle_peer_banner_payload supported=3 required=0
2024-09-16T00:23:19.048 INFO:teuthology.orchestra.run.smithi038.stdout:/usr/bin/ceph: stderr
2024-09-16T00:23:17.989+0000 7f4915d54640 1 --2- >> [v2:172.21.15.38:3300/0,v1:172.21.15.38:6789/0] conn(0x7f4910108100 0x7f4910107980 unknown :-1 s=HELLO_CONNECTING pgs=0 cs=0 l=1 rev1=1 crypto rx=0 tx=0 comp rx=0 tx=0).handle_hello peer v2:172.21.15.38:3300/0 says I am v2:172.21.15.38:40148/0 (socket says 172.21.15.38:40148)
2024-09-16T00:23:19.048 INFO:teuthology.orchestra.run.smithi038.stdout:/usr/bin/ceph: stderr
2024-09-16T00:23:17.989+0000 7f4915d54640 1 -- 172.21.15.38:0/874816139 learned_addr learned my addr 172.21.15.38:0/874816139 (peer_addr_for_me v2:172.21.15.38:0/0)
2024-09-16T00:23:19.048 INFO:teuthology.orchestra.run.smithi038.stdout:/usr/bin/ceph: stderr
2024-09-16T00:23:17.989+0000 7f4915d54640 1 -- 172.21.15.38:0/874816139 --> [v2:172.21.15.38:3300/0,v1:172.21.15.38:6789/0] -- mon_subscribe({config=0+,monmap=0+}) -- 0x7f4910107ec0 con 0x7f4910108100
2024-09-16T00:23:19.048 INFO:teuthology.orchestra.run.smithi038.stdout:/usr/bin/ceph: stderr
2024-09-16T00:23:17.989+0000 7f4915d54640 1 --2- 172.21.15.38:0/874816139 >> [v2:172.21.15.38:3300/0,v1:172.21.15.38:6789/0] conn(0x7f4910108100 0x7f4910107980 secure :-1 s=READY pgs=58 cs=0 l=1 rev1=1 crypto rx=0x7f490c0097f0 tx=0x7f490c0327b0 comp rx=0 tx=0).ready entity=mon.0 client_cookie=0 server_cookie=0 in_seq=0 out_seq=0
2024-09-16T00:23:19.048 INFO:teuthology.orchestra.run.smithi038.stdout:/usr/bin/ceph: stderr
2024-09-16T00:23:17.989+0000 7f4906ffd640 1 -- 172.21.15.38:0/874816139 <== mon.0 v2:172.21.15.38:3300/0 1 ==== mon_map magic: 0 ==== 205+0+0 (secure 0 0 0) 0x7f490c037040 con 0x7f4910108100
2024-09-16T00:23:19.048 INFO:teuthology.orchestra.run.smithi038.stdout:/usr/bin/ceph: stderr
2024-09-16T00:23:17.989+0000 7f4906ffd640 1 -- 172.21.15.38:0/874816139 <== mon.0 v2:172.21.15.38:3300/0 2 ==== config(27 keys) ==== 1140+0+0 (secure 0 0 0) 0x7f490c030cc0 con 0x7f4910108100
2024-09-16T00:23:19.048 INFO:teuthology.orchestra.run.smithi038.stdout:/usr/bin/ceph: stderr
2024-09-16T00:23:17.989+0000 7f4917fb8640 1 -- 172.21.15.38:0/874816139 --> [v2:172.21.15.38:3300/0,v1:172.21.15.38:6789/0] -- mon_subscribe({mgrmap=0+}) -- 0x7f49101060b0 con 0x7f4910108100
2024-09-16T00:23:19.048 INFO:teuthology.orchestra.run.smithi038.stdout:/usr/bin/ceph: stderr
2024-09-16T00:23:17.989+0000 7f4906ffd640 1 -- 172.21.15.38:0/874816139 <== mon.0 v2:172.21.15.38:3300/0 3 ==== mon_map magic: 0 ==== 205+0+0 (secure 0 0 0) 0x7f490c03a6b0 con 0x7f4910108100
2024-09-16T00:23:19.048 INFO:teuthology.orchestra.run.smithi038.stdout:/usr/bin/ceph: stderr
2024-09-16T00:23:17.989+0000 7f4917fb8640 1 -- 172.21.15.38:0/874816139 --> [v2:172.21.15.38:3300/0,v1:172.21.15.38:6789/0] -- mon_subscribe({osdmap=0}) -- 0x7f49101065f0 con 0x7f4910108100
2024-09-16T00:23:19.048 INFO:teuthology.orchestra.run.smithi038.stdout:/usr/bin/ceph: stderr
2024-09-16T00:23:17.990+0000 7f4917fb8640 1 -- 172.21.15.38:0/874816139 --> [v2:172.21.15.38:3300/0,v1:172.21.15.38:6789/0] -- mon_command({"prefix": "get_command_descriptions"} v 0) -- 0x7f4910108560 con 0x7f4910108100
2024-09-16T00:23:19.049 INFO:teuthology.orchestra.run.smithi038.stdout:/usr/bin/ceph: stderr
2024-09-16T00:23:17.991+0000 7f4906ffd640 1 -- 172.21.15.38:0/874816139 <== mon.0 v2:172.21.15.38:3300/0 4 ==== mgrmap(e 9) ==== 46474+0+0 (secure 0 0 0) 0x7f490c03a8a0 con 0x7f4910108100
2024-09-16T00:23:19.049 INFO:teuthology.orchestra.run.smithi038.stdout:/usr/bin/ceph: stderr
2024-09-16T00:23:17.991+0000 7f4906ffd640 1 --2- 172.21.15.38:0/874816139 >> [v2:172.21.15.38:6800/1779324916,v1:172.21.15.38:6801/1779324916] conn(0x7f48fc039200 0x7f48fc03b6c0 unknown :-1 s=NONE pgs=0 cs=0 l=1 rev1=0 crypto rx=0 tx=0 comp rx=0 tx=0).connect
2024-09-16T00:23:19.049 INFO:teuthology.orchestra.run.smithi038.stdout:/usr/bin/ceph: stderr
2024-09-16T00:23:17.991+0000 7f4906ffd640 1 -- 172.21.15.38:0/874816139 <== mon.0 v2:172.21.15.38:3300/0 5 ==== osd_map(2..2 src has 1..2) ==== 940+0+0 (secure 0 0 0) 0x7f490c06c970 con 0x7f4910108100
2024-09-16T00:23:19.049 INFO:teuthology.orchestra.run.smithi038.stdout:/usr/bin/ceph: stderr
2024-09-16T00:23:17.991+0000 7f4915553640 1 -- 172.21.15.38:0/874816139 >> [v2:172.21.15.38:6800/1779324916,v1:172.21.15.38:6801/1779324916] conn(0x7f48fc039200 msgr2=0x7f48fc03b6c0 unknown :-1 s=STATE_CONNECTING_RE l=1).process reconnect failed to v2:172.21.15.38:6800/1779324916
2024-09-16T00:23:19.049 INFO:teuthology.orchestra.run.smithi038.stdout:/usr/bin/ceph: stderr
2024-09-16T00:23:17.991+0000 7f4915553640 1 --2- 172.21.15.38:0/874816139 >> [v2:172.21.15.38:6800/1779324916,v1:172.21.15.38:6801/1779324916] conn(0x7f48fc039200 0x7f48fc03b6c0 unknown :-1 s=START_CONNECT pgs=0 cs=0 l=1 rev1=0 crypto rx=0 tx=0 comp rx=0 tx=0)._fault waiting 0.200000
2024-09-16T00:23:19.049 INFO:teuthology.orchestra.run.smithi038.stdout:/usr/bin/ceph: stderr
2024-09-16T00:23:17.996+0000 7f4906ffd640 1 -- 172.21.15.38:0/874816139 <== mon.0 v2:172.21.15.38:3300/0 6 ==== mon_command_ack([{"prefix": "get_command_descriptions"}]=0 v0) ==== 72+0+188821 (secure 0 0 0) 0x7f490c03ace0 con 0x7f4910108100
2024-09-16T00:23:19.049 INFO:teuthology.orchestra.run.smithi038.stdout:/usr/bin/ceph: stderr
2024-09-16T00:23:18.192+0000 7f4915553640 1 -- 172.21.15.38:0/874816139 >> [v2:172.21.15.38:6800/1779324916,v1:172.21.15.38:6801/1779324916] conn(0x7f48fc039200 msgr2=0x7f48fc03b6c0 unknown :-1 s=STATE_CONNECTING_RE l=1).process reconnect failed to v2:172.21.15.38:6800/1779324916
2024-09-16T00:23:19.049 INFO:teuthology.orchestra.run.smithi038.stdout:/usr/bin/ceph: stderr
2024-09-16T00:23:18.192+0000 7f4915553640 1 --2- 172.21.15.38:0/874816139 >> [v2:172.21.15.38:6800/1779324916,v1:172.21.15.38:6801/1779324916] conn(0x7f48fc039200 0x7f48fc03b6c0 unknown :-1 s=START_CONNECT pgs=0 cs=0 l=1 rev1=0 crypto rx=0 tx=0 comp rx=0 tx=0)._fault waiting 0.400000
2024-09-16T00:23:19.049 INFO:teuthology.orchestra.run.smithi038.stdout:/usr/bin/ceph: stderr
2024-09-16T00:23:18.224+0000 7f4917fb8640 1 -- 172.21.15.38:0/874816139 --> [v2:172.21.15.38:3300/0,v1:172.21.15.38:6789/0] -- mon_command({"prefix": "mgr stat"} v 0) -- 0x7f4910106870 con 0x7f4910108100
2024-09-16T00:23:19.049 INFO:teuthology.orchestra.run.smithi038.stdout:/usr/bin/ceph: stderr
2024-09-16T00:23:18.225+0000 7f4906ffd640 1 -- 172.21.15.38:0/874816139 <== mon.0 v2:172.21.15.38:3300/0 7 ==== mon_command_ack([{"prefix": "mgr stat"}]=0 v9) ==== 56+0+88 (secure 0 0 0) 0x7f490c044400 con 0x7f4910108100
2024-09-16T00:23:19.049 INFO:teuthology.orchestra.run.smithi038.stdout:/usr/bin/ceph: stderr
2024-09-16T00:23:18.227+0000 7f4917fb8640 1 -- 172.21.15.38:0/874816139 >> [v2:172.21.15.38:6800/1779324916,v1:172.21.15.38:6801/1779324916] conn(0x7f48fc039200 msgr2=0x7f48fc03b6c0 unknown :-1 s=STATE_CONNECTING l=1).mark_down
2024-09-16T00:23:19.049 INFO:teuthology.orchestra.run.smithi038.stdout:/usr/bin/ceph: stderr
2024-09-16T00:23:18.227+0000 7f4917fb8640 1 --2- 172.21.15.38:0/874816139 >> [v2:172.21.15.38:6800/1779324916,v1:172.21.15.38:6801/1779324916] conn(0x7f48fc039200 0x7f48fc03b6c0 unknown :-1 s=START_CONNECT pgs=0 cs=0 l=1 rev1=0 crypto rx=0 tx=0 comp rx=0 tx=0).stop
2024-09-16T00:23:19.050 INFO:teuthology.orchestra.run.smithi038.stdout:/usr/bin/ceph: stderr
2024-09-16T00:23:18.227+0000 7f4917fb8640 1 -- 172.21.15.38:0/874816139 >> [v2:172.21.15.38:3300/0,v1:172.21.15.38:6789/0] conn(0x7f4910108100 msgr2=0x7f4910107980 secure :-1 s=STATE_CONNECTION_ESTABLISHED l=1).mark_down
2024-09-16T00:23:19.050 INFO:teuthology.orchestra.run.smithi038.stdout:/usr/bin/ceph: stderr
2024-09-16T00:23:18.227+0000 7f4917fb8640 1 --2- 172.21.15.38:0/874816139 >> [v2:172.21.15.38:3300/0,v1:172.21.15.38:6789/0] conn(0x7f4910108100 0x7f4910107980 secure :-1 s=READY pgs=58 cs=0 l=1 rev1=1 crypto rx=0x7f490c0097f0 tx=0x7f490c0327b0 comp rx=0 tx=0).stop
