2024-09-16T00:31:50.331+0000 7fb983fff640 1 -- 172.21.15.31:0/1252129748 <== mon.0 v2:172.21.15.31:3300/0 3 ==== mon_map magic: 0 ==== 205+0+0 (secure 0 0 0) 0x7fb988030810 con 0x7fb98c107510
2024-09-16T00:31:51.054 INFO:teuthology.orchestra.run.smithi031.stdout:/usr/bin/ceph: stderr
2024-09-16T00:31:50.332+0000 7fb9932d3640 1 -- 172.21.15.31:0/1252129748 >> [v2:172.21.15.31:3300/0,v1:172.21.15.31:6789/0] conn(0x7fb98c107510 msgr2=0x7fb98c107910 secure :-1 s=STATE_CONNECTION_ESTABLISHED l=1).mark_down
2024-09-16T00:31:51.054 INFO:teuthology.orchestra.run.smithi031.stdout:/usr/bin/ceph: stderr
2024-09-16T00:31:50.332+0000 7fb9932d3640 1 --2- 172.21.15.31:0/1252129748 >> [v2:172.21.15.31:3300/0,v1:172.21.15.31:6789/0] conn(0x7fb98c107510 0x7fb98c107910 secure :-1 s=READY pgs=51 cs=0 l=1 rev1=1 crypto rx=0x7fb988009820 tx=0x7fb98802a270 comp rx=0 tx=0).stop
2024-09-16T00:31:51.054 INFO:teuthology.orchestra.run.smithi031.stdout:/usr/bin/ceph: stderr
2024-09-16T00:31:50.332+0000 7fb9932d3640 1 -- 172.21.15.31:0/1252129748 shutdown_connections
2024-09-16T00:31:51.054 INFO:teuthology.orchestra.run.smithi031.stdout:/usr/bin/ceph: stderr
2024-09-16T00:31:50.332+0000 7fb9932d3640 1 --2- 172.21.15.31:0/1252129748 >> [v2:172.21.15.31:3300/0,v1:172.21.15.31:6789/0] conn(0x7fb98c107510 0x7fb98c107910 unknown :-1 s=CLOSED pgs=51 cs=0 l=1 rev1=1 crypto rx=0 tx=0 comp rx=0 tx=0).stop
2024-09-16T00:31:51.054 INFO:teuthology.orchestra.run.smithi031.stdout:/usr/bin/ceph: stderr
2024-09-16T00:31:50.332+0000 7fb9932d3640 1 -- 172.21.15.31:0/1252129748 >> 172.21.15.31:0/1252129748 conn(0x7fb98c102ce0 msgr2=0x7fb98c105100 unknown :-1 s=STATE_NONE l=0).mark_down
2024-09-16T00:31:51.054 INFO:teuthology.orchestra.run.smithi031.stdout:/usr/bin/ceph: stderr
2024-09-16T00:31:50.332+0000 7fb9932d3640 1 -- 172.21.15.31:0/1252129748 shutdown_connections
2024-09-16T00:31:51.054 INFO:teuthology.orchestra.run.smithi031.stdout:/usr/bin/ceph: stderr
2024-09-16T00:31:50.332+0000 7fb9932d3640 1 -- 172.21.15.31:0/1252129748 wait complete.
2024-09-16T00:31:51.054 INFO:teuthology.orchestra.run.smithi031.stdout:/usr/bin/ceph: stderr
2024-09-16T00:31:50.333+0000 7fb9932d3640 1 Processor -- start
2024-09-16T00:31:51.054 INFO:teuthology.orchestra.run.smithi031.stdout:/usr/bin/ceph: stderr
2024-09-16T00:31:50.333+0000 7fb9932d3640 1 -- start start
2024-09-16T00:31:51.054 INFO:teuthology.orchestra.run.smithi031.stdout:/usr/bin/ceph: stderr
2024-09-16T00:31:50.333+0000 7fb9932d3640 1 --2- >> [v2:172.21.15.31:3300/0,v1:172.21.15.31:6789/0] conn(0x7fb98c107510 0x7fb98c19b4f0 unknown :-1 s=NONE pgs=0 cs=0 l=1 rev1=0 crypto rx=0 tx=0 comp rx=0 tx=0).connect
2024-09-16T00:31:51.054 INFO:teuthology.orchestra.run.smithi031.stdout:/usr/bin/ceph: stderr
2024-09-16T00:31:50.333+0000 7fb9932d3640 1 -- --> [v2:172.21.15.31:3300/0,v1:172.21.15.31:6789/0] -- mon_getmap magic: 0 -- 0x7fb98c10ba70 con 0x7fb98c107510
2024-09-16T00:31:51.054 INFO:teuthology.orchestra.run.smithi031.stdout:/usr/bin/ceph: stderr
2024-09-16T00:31:50.333+0000 7fb99106f640 1 --2- >> [v2:172.21.15.31:3300/0,v1:172.21.15.31:6789/0] conn(0x7fb98c107510 0x7fb98c19b4f0 unknown :-1 s=BANNER_CONNECTING pgs=0 cs=0 l=1 rev1=0 crypto rx=0 tx=0 comp rx=0 tx=0)._handle_peer_banner_payload supported=3 required=0
2024-09-16T00:31:51.054 INFO:teuthology.orchestra.run.smithi031.stdout:/usr/bin/ceph: stderr
2024-09-16T00:31:50.333+0000 7fb99106f640 1 --2- >> [v2:172.21.15.31:3300/0,v1:172.21.15.31:6789/0] conn(0x7fb98c107510 0x7fb98c19b4f0 unknown :-1 s=HELLO_CONNECTING pgs=0 cs=0 l=1 rev1=1 crypto rx=0 tx=0 comp rx=0 tx=0).handle_hello peer v2:172.21.15.31:3300/0 says I am v2:172.21.15.31:57564/0 (socket says 172.21.15.31:57564)
2024-09-16T00:31:51.054 INFO:teuthology.orchestra.run.smithi031.stdout:/usr/bin/ceph: stderr
2024-09-16T00:31:50.333+0000 7fb99106f640 1 -- 172.21.15.31:0/2338719758 learned_addr learned my addr 172.21.15.31:0/2338719758 (peer_addr_for_me v2:172.21.15.31:0/0)
2024-09-16T00:31:51.055 INFO:teuthology.orchestra.run.smithi031.stdout:/usr/bin/ceph: stderr
2024-09-16T00:31:50.333+0000 7fb99106f640 1 -- 172.21.15.31:0/2338719758 --> [v2:172.21.15.31:3300/0,v1:172.21.15.31:6789/0] -- mon_subscribe({config=0+,monmap=0+}) -- 0x7fb98c19ba30 con 0x7fb98c107510
2024-09-16T00:31:51.055 INFO:teuthology.orchestra.run.smithi031.stdout:/usr/bin/ceph: stderr
2024-09-16T00:31:50.334+0000 7fb99106f640 1 --2- 172.21.15.31:0/2338719758 >> [v2:172.21.15.31:3300/0,v1:172.21.15.31:6789/0] conn(0x7fb98c107510 0x7fb98c19b4f0 secure :-1 s=READY pgs=52 cs=0 l=1 rev1=1 crypto rx=0x7fb9880097f0 tx=0x7fb9880327b0 comp rx=0 tx=0).ready entity=mon.0 client_cookie=0 server_cookie=0 in_seq=0 out_seq=0
2024-09-16T00:31:51.055 INFO:teuthology.orchestra.run.smithi031.stdout:/usr/bin/ceph: stderr
2024-09-16T00:31:50.334+0000 7fb9827fc640 1 -- 172.21.15.31:0/2338719758 <== mon.0 v2:172.21.15.31:3300/0 1 ==== mon_map magic: 0 ==== 205+0+0 (secure 0 0 0) 0x7fb988037040 con 0x7fb98c107510
2024-09-16T00:31:51.055 INFO:teuthology.orchestra.run.smithi031.stdout:/usr/bin/ceph: stderr
2024-09-16T00:31:50.334+0000 7fb9827fc640 1 -- 172.21.15.31:0/2338719758 <== mon.0 v2:172.21.15.31:3300/0 2 ==== config(27 keys) ==== 1140+0+0 (secure 0 0 0) 0x7fb988030cc0 con 0x7fb98c107510
2024-09-16T00:31:51.055 INFO:teuthology.orchestra.run.smithi031.stdout:/usr/bin/ceph: stderr
2024-09-16T00:31:50.334+0000 7fb9932d3640 1 -- 172.21.15.31:0/2338719758 --> [v2:172.21.15.31:3300/0,v1:172.21.15.31:6789/0] -- mon_subscribe({mgrmap=0+}) -- 0x7fb98c19bcc0 con 0x7fb98c107510
2024-09-16T00:31:51.055 INFO:teuthology.orchestra.run.smithi031.stdout:/usr/bin/ceph: stderr
2024-09-16T00:31:50.334+0000 7fb9827fc640 1 -- 172.21.15.31:0/2338719758 <== mon.0 v2:172.21.15.31:3300/0 3 ==== mon_map magic: 0 ==== 205+0+0 (secure 0 0 0) 0x7fb98803a640 con 0x7fb98c107510
2024-09-16T00:31:51.055 INFO:teuthology.orchestra.run.smithi031.stdout:/usr/bin/ceph: stderr
2024-09-16T00:31:50.334+0000 7fb9932d3640 1 -- 172.21.15.31:0/2338719758 --> [v2:172.21.15.31:3300/0,v1:172.21.15.31:6789/0] -- mon_subscribe({osdmap=0}) -- 0x7fb98c19e9b0 con 0x7fb98c107510
2024-09-16T00:31:51.055 INFO:teuthology.orchestra.run.smithi031.stdout:/usr/bin/ceph: stderr
2024-09-16T00:31:50.335+0000 7fb9827fc640 1 -- 172.21.15.31:0/2338719758 <== mon.0 v2:172.21.15.31:3300/0 4 ==== mgrmap(e 8) ==== 46461+0+0 (secure 0 0 0) 0x7fb98803b3f0 con 0x7fb98c107510
2024-09-16T00:31:51.055 INFO:teuthology.orchestra.run.smithi031.stdout:/usr/bin/ceph: stderr
2024-09-16T00:31:50.335+0000 7fb9932d3640 1 -- 172.21.15.31:0/2338719758 --> [v2:172.21.15.31:3300/0,v1:172.21.15.31:6789/0] -- mon_command({"prefix": "get_command_descriptions"} v 0) -- 0x7fb98c10bbf0 con 0x7fb98c107510
2024-09-16T00:31:51.055 INFO:teuthology.orchestra.run.smithi031.stdout:/usr/bin/ceph: stderr
2024-09-16T00:31:50.335+0000 7fb9827fc640 1 --2- 172.21.15.31:0/2338719758 >> [v2:172.21.15.31:6800/4219649043,v1:172.21.15.31:6801/4219649043] conn(0x7fb978039200 0x7fb97803b6c0 unknown :-1 s=NONE pgs=0 cs=0 l=1 rev1=0 crypto rx=0 tx=0 comp rx=0 tx=0).connect
2024-09-16T00:31:51.055 INFO:teuthology.orchestra.run.smithi031.stdout:/usr/bin/ceph: stderr
2024-09-16T00:31:50.335+0000 7fb9827fc640 1 -- 172.21.15.31:0/2338719758 <== mon.0 v2:172.21.15.31:3300/0 5 ==== osd_map(2..2 src has 1..2) ==== 940+0+0 (secure 0 0 0) 0x7fb98806c790 con 0x7fb98c107510
2024-09-16T00:31:51.055 INFO:teuthology.orchestra.run.smithi031.stdout:/usr/bin/ceph: stderr
2024-09-16T00:31:50.335+0000 7fb99086e640 1 --2- 172.21.15.31:0/2338719758 >> [v2:172.21.15.31:6800/4219649043,v1:172.21.15.31:6801/4219649043] conn(0x7fb978039200 0x7fb97803b6c0 unknown :-1 s=BANNER_CONNECTING pgs=0 cs=0 l=1 rev1=0 crypto rx=0 tx=0 comp rx=0 tx=0)._handle_peer_banner_payload supported=3 required=0
2024-09-16T00:31:51.055 INFO:teuthology.orchestra.run.smithi031.stdout:/usr/bin/ceph: stderr
2024-09-16T00:31:50.336+0000 7fb99086e640 1 --2- 172.21.15.31:0/2338719758 >> [v2:172.21.15.31:6800/4219649043,v1:172.21.15.31:6801/4219649043] conn(0x7fb978039200 0x7fb97803b6c0 secure :-1 s=READY pgs=15 cs=0 l=1 rev1=1 crypto rx=0x7fb97c0098c0 tx=0x7fb97c006db0 comp rx=0 tx=0).ready entity=mgr.14118 client_cookie=0 server_cookie=0 in_seq=0 out_seq=0
2024-09-16T00:31:51.055 INFO:teuthology.orchestra.run.smithi031.stdout:/usr/bin/ceph: stderr
2024-09-16T00:31:50.340+0000 7fb9827fc640 1 -- 172.21.15.31:0/2338719758 <== mon.0 v2:172.21.15.31:3300/0 6 ==== mon_command_ack([{"prefix": "get_command_descriptions"}]=0 v0) ==== 72+0+188821 (secure 0 0 0) 0x7fb9880328c0 con 0x7fb98c107510
2024-09-16T00:31:51.056 INFO:teuthology.orchestra.run.smithi031.stdout:/usr/bin/ceph: stderr
2024-09-16T00:31:50.519+0000 7fb9932d3640 1 -- 172.21.15.31:0/2338719758 --> [v2:172.21.15.31:3300/0,v1:172.21.15.31:6789/0] -- mon_command([{prefix=config set, name=mgr/dashboard/ssl_server_port}] v 0) -- 0x7fb98c107990 con 0x7fb98c107510
2024-09-16T00:31:51.056 INFO:teuthology.orchestra.run.smithi031.stdout:/usr/bin/ceph: stderr
2024-09-16T00:31:50.524+0000 7fb9827fc640 1 -- 172.21.15.31:0/2338719758 <== mon.0 v2:172.21.15.31:3300/0 7 ==== mon_command_ack([{prefix=config set, name=mgr/dashboard/ssl_server_port}]=0 v8)=0 v8) ==== 130+0+0 (secure 0 0 0) 0x7fb988042dc0 con 0x7fb98c107510
2024-09-16T00:31:51.056 INFO:teuthology.orchestra.run.smithi031.stdout:/usr/bin/ceph: stderr
2024-09-16T00:31:50.526+0000 7fb9932d3640 1 -- 172.21.15.31:0/2338719758 >> [v2:172.21.15.31:6800/4219649043,v1:172.21.15.31:6801/4219649043] conn(0x7fb978039200 msgr2=0x7fb97803b6c0 secure :-1 s=STATE_CONNECTION_ESTABLISHED l=1).mark_down
2024-09-16T00:31:51.056 INFO:teuthology.orchestra.run.smithi031.stdout:/usr/bin/ceph: stderr
2024-09-16T00:31:50.526+0000 7fb9932d3640 1 --2- 172.21.15.31:0/2338719758 >> [v2:172.21.15.31:6800/4219649043,v1:172.21.15.31:6801/4219649043] conn(0x7fb978039200 0x7fb97803b6c0 secure :-1 s=READY pgs=15 cs=0 l=1 rev1=1 crypto rx=0x7fb97c0098c0 tx=0x7fb97c006db0 comp rx=0 tx=0).stop
2024-09-16T00:31:51.056 INFO:teuthology.orchestra.run.smithi031.stdout:/usr/bin/ceph: stderr
2024-09-16T00:31:50.526+0000 7fb9932d3640 1 -- 172.21.15.31:0/2338719758 >> [v2:172.21.15.31:3300/0,v1:172.21.15.31:6789/0] conn(0x7fb98c107510 msgr2=0x7fb98c19b4f0 secure :-1 s=STATE_CONNECTION_ESTABLISHED l=1).mark_down
2024-09-16T00:31:51.056 INFO:teuthology.orchestra.run.smithi031.stdout:/usr/bin/ceph: stderr
2024-09-16T00:31:50.526+0000 7fb9932d3640 1 --2- 172.21.15.31:0/2338719758 >> [v2:172.21.15.31:3300/0,v1:172.21.15.31:6789/0] conn(0x7fb98c107510 0x7fb98c19b4f0 secure :-1 s=READY pgs=52 cs=0 l=1 rev1=1 crypto rx=0x7fb9880097f0 tx=0x7fb9880327b0 comp rx=0 tx=0).stop
2024-09-16T00:31:51.056 INFO:teuthology.orchestra.run.smithi031.stdout:/usr/bin/ceph: stderr
2024-09-16T00:31:50.526+0000 7fb9932d3640 1 -- 172.21.15.31:0/2338719758 shutdown_connections
2024-09-16T00:31:51.056 INFO:teuthology.orchestra.run.smithi031.stdout:/usr/bin/ceph: stderr
2024-09-16T00:31:50.526+0000 7fb9932d3640 1 --2- 172.21.15.31:0/2338719758 >> [v2:172.21.15.31:6800/4219649043,v1:172.21.15.31:6801/4219649043] conn(0x7fb978039200 0x7fb97803b6c0 unknown :-1 s=CLOSED pgs=15 cs=0 l=1 rev1=1 crypto rx=0 tx=0 comp rx=0 tx=0).stop
2024-09-16T00:31:51.056 INFO:teuthology.orchestra.run.smithi031.stdout:/usr/bin/ceph: stderr
2024-09-16T00:31:50.526+0000 7fb9932d3640 1 --2- 172.21.15.31:0/2338719758 >> [v2:172.21.15.31:3300/0,v1:172.21.15.31:6789/0] conn(0x7fb98c107510 0x7fb98c19b4f0 unknown :-1 s=CLOSED pgs=52 cs=0 l=1 rev1=1 crypto rx=0 tx=0 comp rx=0 tx=0).stop
2024-09-16T00:31:51.056 INFO:teuthology.orchestra.run.smithi031.stdout:/usr/bin/ceph: stderr
2024-09-16T00:31:50.526+0000 7fb9932d3640 1 -- 172.21.15.31:0/2338719758 >> 172.21.15.31:0/2338719758 conn(0x7fb98c102ce0 msgr2=0x7fb98c103840 unknown :-1 s=STATE_NONE l=0).mark_down
2024-09-16T00:31:51.056 INFO:teuthology.orchestra.run.smithi031.stdout:/usr/bin/ceph: stderr
2024-09-16T00:31:50.526+0000 7fb9932d3640 1 -- 172.21.15.31:0/2338719758 shutdown_connections
2024-09-16T00:31:51.056 INFO:teuthology.orchestra.run.smithi031.stdout:/usr/bin/ceph: stderr
2024-09-16T00:31:50.526+0000 7fb9932d3640 1 -- 172.21.15.31:0/2338719758 wait complete.
2024-09-16T00:31:51.056 INFO:teuthology.orchestra.run.smithi031.stdout:Enabling the dashboard module...
2024-09-16T00:31:51.625 INFO:journalctl@ceph.mon.a.smithi031.stdout:Sep 16 00:31:51 smithi031 ceph-mon[30956]: from='mgr.14118 172.21.15.31:0/4096136101' entity='mgr.x'
2024-09-16T00:31:51.625 INFO:journalctl@ceph.mon.a.smithi031.stdout:Sep 16 00:31:51 smithi031 ceph-mon[30956]: from='client.? 172.21.15.31:0/2338719758' entity='client.admin'
2024-09-16T00:31:52.750 INFO:journalctl@ceph.mon.a.smithi031.stdout:Sep 16 00:31:52 smithi031 ceph-mon[30956]: from='client.? 172.21.15.31:0/2642109238' entity='client.admin' cmd=[{"prefix": "mgr module enable", "module": "dashboard"}]: dispatch
2024-09-16T00:31:52.751 INFO:journalctl@ceph.mgr.x.smithi031.stdout:Sep 16 00:31:52 smithi031 ceph-ccb601ea-73c2-11ef-bceb-c7b262605968-mgr-x[31187]: ignoring --setuser ceph since I am not root
2024-09-16T00:31:52.751 INFO:journalctl@ceph.mgr.x.smithi031.stdout:Sep 16 00:31:52 smithi031 ceph-ccb601ea-73c2-11ef-bceb-c7b262605968-mgr-x[31187]: ignoring --setgroup ceph since I am not root
2024-09-16T00:31:52.751 INFO:journalctl@ceph.mgr.x.smithi031.stdout:Sep 16 00:31:52 smithi031 ceph-ccb601ea-73c2-11ef-bceb-c7b262605968-mgr-x[31187]:
2024-09-16T00:31:52.593+0000 7fafe7af1040 -1 mgr[py] Module osd_perf_query has missing NOTIFY_TYPES member
2024-09-16T00:31:52.751 INFO:journalctl@ceph.mgr.x.smithi031.stdout:Sep 16 00:31:52 smithi031 ceph-ccb601ea-73c2-11ef-bceb-c7b262605968-mgr-x[31187]:
2024-09-16T00:31:52.652+0000 7fafe7af1040 -1 mgr[py] Module osd_support has missing NOTIFY_TYPES member
2024-09-16T00:31:53.035 INFO:journalctl@ceph.mgr.x.smithi031.stdout:Sep 16 00:31:52 smithi031 ceph-ccb601ea-73c2-11ef-bceb-c7b262605968-mgr-x[31187]:
2024-09-16T00:31:52.811+0000 7fafe7af1040 -1 mgr[py] Module diskprediction_local has missing NOTIFY_TYPES member
2024-09-16T00:31:53.036 INFO:journalctl@ceph.mgr.x.smithi031.stdout:Sep 16 00:31:52 smithi031 ceph-ccb601ea-73c2-11ef-bceb-c7b262605968-mgr-x[31187]:
2024-09-16T00:31:52.880+0000 7fafe7af1040 -1 mgr[py] Module crash has missing NOTIFY_TYPES member
2024-09-16T00:31:53.036 INFO:journalctl@ceph.mgr.x.smithi031.stdout:Sep 16 00:31:53 smithi031 ceph-ccb601ea-73c2-11ef-bceb-c7b262605968-mgr-x[31187]:
2024-09-16T00:31:53.034+0000 7fafe7af1040 -1 mgr[py] Module test_orchestrator has missing NOTIFY_TYPES member
2024-09-16T00:31:53.067 INFO:teuthology.orchestra.run.smithi031.stdout:/usr/bin/ceph: stderr
2024-09-16T00:31:51.406+0000 7f08f2be3640 1 Processor -- start
2024-09-16T00:31:53.067 INFO:teuthology.orchestra.run.smithi031.stdout:/usr/bin/ceph: stderr
2024-09-16T00:31:51.406+0000 7f08f2be3640 1 -- start start
2024-09-16T00:31:53.067 INFO:teuthology.orchestra.run.smithi031.stdout:/usr/bin/ceph: stderr
2024-09-16T00:31:51.406+0000 7f08f2be3640 1 --2- >> [v2:172.21.15.31:3300/0,v1:172.21.15.31:6789/0] conn(0x7f08ec107510 0x7f08ec107910 unknown :-1 s=NONE pgs=0 cs=0 l=0 rev1=0 crypto rx=0 tx=0 comp rx=0 tx=0).connect
2024-09-16T00:31:53.067 INFO:teuthology.orchestra.run.smithi031.stdout:/usr/bin/ceph: stderr
2024-09-16T00:31:51.406+0000 7f08f2be3640 1 -- --> [v2:172.21.15.31:3300/0,v1:172.21.15.31:6789/0] -- mon_getmap magic: 0 -- 0x7f08ec107ee0 con 0x7f08ec107510
2024-09-16T00:31:53.067 INFO:teuthology.orchestra.run.smithi031.stdout:/usr/bin/ceph: stderr
2024-09-16T00:31:51.407+0000 7f08f097f640 1 --2- >> [v2:172.21.15.31:3300/0,v1:172.21.15.31:6789/0] conn(0x7f08ec107510 0x7f08ec107910 unknown :-1 s=BANNER_CONNECTING pgs=0 cs=0 l=0 rev1=0 crypto rx=0 tx=0 comp rx=0 tx=0)._handle_peer_banner_payload supported=3 required=0
2024-09-16T00:31:53.067 INFO:teuthology.orchestra.run.smithi031.stdout:/usr/bin/ceph: stderr
2024-09-16T00:31:51.407+0000 7f08f097f640 1 --2- >> [v2:172.21.15.31:3300/0,v1:172.21.15.31:6789/0] conn(0x7f08ec107510 0x7f08ec107910 unknown :-1 s=HELLO_CONNECTING pgs=0 cs=0 l=0 rev1=1 crypto rx=0 tx=0 comp rx=0 tx=0).handle_hello peer v2:172.21.15.31:3300/0 says I am v2:172.21.15.31:57570/0 (socket says 172.21.15.31:57570)
2024-09-16T00:31:53.067 INFO:teuthology.orchestra.run.smithi031.stdout:/usr/bin/ceph: stderr
2024-09-16T00:31:51.407+0000 7f08f097f640 1 -- 172.21.15.31:0/1876325821 learned_addr learned my addr 172.21.15.31:0/1876325821 (peer_addr_for_me v2:172.21.15.31:0/0)
2024-09-16T00:31:53.068 INFO:teuthology.orchestra.run.smithi031.stdout:/usr/bin/ceph: stderr
2024-09-16T00:31:51.407+0000 7f08f097f640 1 -- 172.21.15.31:0/1876325821 --> [v2:172.21.15.31:3300/0,v1:172.21.15.31:6789/0] -- mon_subscribe({config=0+,monmap=0+}) -- 0x7f08ec1086c0 con 0x7f08ec107510
2024-09-16T00:31:53.068 INFO:teuthology.orchestra.run.smithi031.stdout:/usr/bin/ceph: stderr
2024-09-16T00:31:51.408+0000 7f08f097f640 1 --2- 172.21.15.31:0/1876325821 >> [v2:172.21.15.31:3300/0,v1:172.21.15.31:6789/0] conn(0x7f08ec107510 0x7f08ec107910 secure :-1 s=READY pgs=53 cs=0 l=1 rev1=1 crypto rx=0x7f08dc009820 tx=0x7f08dc02a270 comp rx=0 tx=0).ready entity=mon.0 client_cookie=961bedb02eb66c0a server_cookie=0 in_seq=0 out_seq=0
2024-09-16T00:31:53.068 INFO:teuthology.orchestra.run.smithi031.stdout:/usr/bin/ceph: stderr
2024-09-16T00:31:51.408+0000 7f08eb7fe640 1 -- 172.21.15.31:0/1876325821 <== mon.0 v2:172.21.15.31:3300/0 1 ==== mon_map magic: 0 ==== 205+0+0 (secure 0 0 0) 0x7f08dc037070 con 0x7f08ec107510
2024-09-16T00:31:53.068 INFO:teuthology.orchestra.run.smithi031.stdout:/usr/bin/ceph: stderr
2024-09-16T00:31:51.408+0000 7f08eb7fe640 1 -- 172.21.15.31:0/1876325821 <== mon.0 v2:172.21.15.31:3300/0 2 ==== config(27 keys) ==== 1140+0+0 (secure 0 0 0) 0x7f08dc032920 con 0x7f08ec107510
2024-09-16T00:31:53.068 INFO:teuthology.orchestra.run.smithi031.stdout:/usr/bin/ceph: stderr
2024-09-16T00:31:51.408+0000 7f08eb7fe640 1 -- 172.21.15.31:0/1876325821 <== mon.0 v2:172.21.15.31:3300/0 3 ==== mon_map magic: 0 ==== 205+0+0 (secure 0 0 0) 0x7f08dc030810 con 0x7f08ec107510
2024-09-16T00:31:53.068 INFO:teuthology.orchestra.run.smithi031.stdout:/usr/bin/ceph: stderr
2024-09-16T00:31:51.408+0000 7f08f2be3640 1 -- 172.21.15.31:0/1876325821 >> [v2:172.21.15.31:3300/0,v1:172.21.15.31:6789/0] conn(0x7f08ec107510 msgr2=0x7f08ec107910 secure :-1 s=STATE_CONNECTION_ESTABLISHED l=1).mark_down
2024-09-16T00:31:53.068 INFO:teuthology.orchestra.run.smithi031.stdout:/usr/bin/ceph: stderr
2024-09-16T00:31:51.408+0000 7f08f2be3640 1 --2- 172.21.15.31:0/1876325821 >> [v2:172.21.15.31:3300/0,v1:172.21.15.31:6789/0] conn(0x7f08ec107510 0x7f08ec107910 secure :-1 s=READY pgs=53 cs=0 l=1 rev1=1 crypto rx=0x7f08dc009820 tx=0x7f08dc02a270 comp rx=0 tx=0).stop
2024-09-16T00:31:53.068 INFO:teuthology.orchestra.run.smithi031.stdout:/usr/bin/ceph: stderr
2024-09-16T00:31:51.408+0000 7f08f2be3640 1 -- 172.21.15.31:0/1876325821 shutdown_connections
2024-09-16T00:31:53.068 INFO:teuthology.orchestra.run.smithi031.stdout:/usr/bin/ceph: stderr
2024-09-16T00:31:51.408+0000 7f08f2be3640 1 --2- 172.21.15.31:0/1876325821 >> [v2:172.21.15.31:3300/0,v1:172.21.15.31:6789/0] conn(0x7f08ec107510 0x7f08ec107910 unknown :-1 s=CLOSED pgs=53 cs=0 l=1 rev1=1 crypto rx=0 tx=0 comp rx=0 tx=0).stop
2024-09-16T00:31:53.068 INFO:teuthology.orchestra.run.smithi031.stdout:/usr/bin/ceph: stderr
2024-09-16T00:31:51.408+0000 7f08f2be3640 1 -- 172.21.15.31:0/1876325821 >> 172.21.15.31:0/1876325821 conn(0x7f08ec102ce0 msgr2=0x7f08ec105100 unknown :-1 s=STATE_NONE l=0).mark_down
2024-09-16T00:31:53.068 INFO:teuthology.orchestra.run.smithi031.stdout:/usr/bin/ceph: stderr
2024-09-16T00:31:51.409+0000 7f08f2be3640 1 -- 172.21.15.31:0/1876325821 shutdown_connections
2024-09-16T00:31:53.068 INFO:teuthology.orchestra.run.smithi031.stdout:/usr/bin/ceph: stderr
2024-09-16T00:31:51.409+0000 7f08f2be3640 1 -- 172.21.15.31:0/1876325821 wait complete.
2024-09-16T00:31:53.068 INFO:teuthology.orchestra.run.smithi031.stdout:/usr/bin/ceph: stderr
2024-09-16T00:31:51.409+0000 7f08f2be3640 1 Processor -- start
2024-09-16T00:31:53.069 INFO:teuthology.orchestra.run.smithi031.stdout:/usr/bin/ceph: stderr
2024-09-16T00:31:51.409+0000 7f08f2be3640 1 -- start start
2024-09-16T00:31:53.069 INFO:teuthology.orchestra.run.smithi031.stdout:/usr/bin/ceph: stderr
2024-09-16T00:31:51.409+0000 7f08f2be3640 1 --2- >> [v2:172.21.15.31:3300/0,v1:172.21.15.31:6789/0] conn(0x7f08ec107510 0x7f08ec19d720 unknown :-1 s=NONE pgs=0 cs=0 l=1 rev1=0 crypto rx=0 tx=0 comp rx=0 tx=0).connect
2024-09-16T00:31:53.069 INFO:teuthology.orchestra.run.smithi031.stdout:/usr/bin/ceph: stderr
2024-09-16T00:31:51.409+0000 7f08f2be3640 1 -- --> [v2:172.21.15.31:3300/0,v1:172.21.15.31:6789/0] -- mon_getmap magic: 0 -- 0x7f08ec10ba70 con 0x7f08ec107510
2024-09-16T00:31:53.069 INFO:teuthology.orchestra.run.smithi031.stdout:/usr/bin/ceph: stderr
2024-09-16T00:31:51.409+0000 7f08f097f640 1 --2- >> [v2:172.21.15.31:3300/0,v1:172.21.15.31:6789/0] conn(0x7f08ec107510 0x7f08ec19d720 unknown :-1 s=BANNER_CONNECTING pgs=0 cs=0 l=1 rev1=0 crypto rx=0 tx=0 comp rx=0 tx=0)._handle_peer_banner_payload supported=3 required=0
2024-09-16T00:31:53.069 INFO:teuthology.orchestra.run.smithi031.stdout:/usr/bin/ceph: stderr
2024-09-16T00:31:51.409+0000 7f08f097f640 1 --2- >> [v2:172.21.15.31:3300/0,v1:172.21.15.31:6789/0] conn(0x7f08ec107510 0x7f08ec19d720 unknown :-1 s=HELLO_CONNECTING pgs=0 cs=0 l=1 rev1=1 crypto rx=0 tx=0 comp rx=0 tx=0).handle_hello peer v2:172.21.15.31:3300/0 says I am v2:172.21.15.31:57574/0 (socket says 172.21.15.31:57574)
2024-09-16T00:31:53.069 INFO:teuthology.orchestra.run.smithi031.stdout:/usr/bin/ceph: stderr
2024-09-16T00:31:51.409+0000 7f08f097f640 1 -- 172.21.15.31:0/2642109238 learned_addr learned my addr 172.21.15.31:0/2642109238 (peer_addr_for_me v2:172.21.15.31:0/0)
2024-09-16T00:31:53.069 INFO:teuthology.orchestra.run.smithi031.stdout:/usr/bin/ceph: stderr
2024-09-16T00:31:51.410+0000 7f08f097f640 1 -- 172.21.15.31:0/2642109238 --> [v2:172.21.15.31:3300/0,v1:172.21.15.31:6789/0] -- mon_subscribe({config=0+,monmap=0+}) -- 0x7f08ec19dc60 con 0x7f08ec107510
2024-09-16T00:31:53.069 INFO:teuthology.orchestra.run.smithi031.stdout:/usr/bin/ceph: stderr
2024-09-16T00:31:51.410+0000 7f08f097f640 1 --2- 172.21.15.31:0/2642109238 >> [v2:172.21.15.31:3300/0,v1:172.21.15.31:6789/0] conn(0x7f08ec107510 0x7f08ec19d720 secure :-1 s=READY pgs=54 cs=0 l=1 rev1=1 crypto rx=0x7f08dc0097f0 tx=0x7f08dc0327b0 comp rx=0 tx=0).ready entity=mon.0 client_cookie=0 server_cookie=0 in_seq=0 out_seq=0
2024-09-16T00:31:53.069 INFO:teuthology.orchestra.run.smithi031.stdout:/usr/bin/ceph: stderr
2024-09-16T00:31:51.410+0000 7f08e9ffb640 1 -- 172.21.15.31:0/2642109238 <== mon.0 v2:172.21.15.31:3300/0 1 ==== mon_map magic: 0 ==== 205+0+0 (secure 0 0 0) 0x7f08dc037040 con 0x7f08ec107510
2024-09-16T00:31:53.069 INFO:teuthology.orchestra.run.smithi031.stdout:/usr/bin/ceph: stderr
2024-09-16T00:31:51.410+0000 7f08f2be3640 1 -- 172.21.15.31:0/2642109238 --> [v2:172.21.15.31:3300/0,v1:172.21.15.31:6789/0] -- mon_subscribe({mgrmap=0+}) -- 0x7f08ec19def0 con 0x7f08ec107510
2024-09-16T00:31:53.069 INFO:teuthology.orchestra.run.smithi031.stdout:/usr/bin/ceph: stderr
2024-09-16T00:31:51.410+0000 7f08e9ffb640 1 -- 172.21.15.31:0/2642109238 <== mon.0 v2:172.21.15.31:3300/0 2 ==== config(27 keys) ==== 1140+0+0 (secure 0 0 0) 0x7f08dc030cc0 con 0x7f08ec107510
2024-09-16T00:31:53.069 INFO:teuthology.orchestra.run.smithi031.stdout:/usr/bin/ceph: stderr
2024-09-16T00:31:51.410+0000 7f08e9ffb640 1 -- 172.21.15.31:0/2642109238 <== mon.0 v2:172.21.15.31:3300/0 3 ==== mon_map magic: 0 ==== 205+0+0 (secure 0 0 0) 0x7f08dc03a640 con 0x7f08ec107510
2024-09-16T00:31:53.069 INFO:teuthology.orchestra.run.smithi031.stdout:/usr/bin/ceph: stderr
2024-09-16T00:31:51.410+0000 7f08f2be3640 1 -- 172.21.15.31:0/2642109238 --> [v2:172.21.15.31:3300/0,v1:172.21.15.31:6789/0] -- mon_subscribe({osdmap=0}) -- 0x7f08ec1a0be0 con 0x7f08ec107510
2024-09-16T00:31:53.070 INFO:teuthology.orchestra.run.smithi031.stdout:/usr/bin/ceph: stderr
2024-09-16T00:31:51.411+0000 7f08e9ffb640 1 -- 172.21.15.31:0/2642109238 <== mon.0 v2:172.21.15.31:3300/0 4 ==== mgrmap(e 8) ==== 46461+0+0 (secure 0 0 0) 0x7f08dc03b3f0 con 0x7f08ec107510
2024-09-16T00:31:53.070 INFO:teuthology.orchestra.run.smithi031.stdout:/usr/bin/ceph: stderr
2024-09-16T00:31:51.411+0000 7f08e9ffb640 1 --2- 172.21.15.31:0/2642109238 >> [v2:172.21.15.31:6800/4219649043,v1:172.21.15.31:6801/4219649043] conn(0x7f08d40391b0 0x7f08d403b670 unknown :-1 s=NONE pgs=0 cs=0 l=1 rev1=0 crypto rx=0 tx=0 comp rx=0 tx=0).connect
2024-09-16T00:31:53.070 INFO:teuthology.orchestra.run.smithi031.stdout:/usr/bin/ceph: stderr
2024-09-16T00:31:51.411+0000 7f08f2be3640 1 -- 172.21.15.31:0/2642109238 --> [v2:172.21.15.31:3300/0,v1:172.21.15.31:6789/0] -- mon_command({"prefix": "get_command_descriptions"} v 0) -- 0x7f08ec10bbf0 con 0x7f08ec107510
2024-09-16T00:31:53.070 INFO:teuthology.orchestra.run.smithi031.stdout:/usr/bin/ceph: stderr
2024-09-16T00:31:51.411+0000 7f08e9ffb640 1 -- 172.21.15.31:0/2642109238 <== mon.0 v2:172.21.15.31:3300/0 5 ==== osd_map(2..2 src has 1..2) ==== 940+0+0 (secure 0 0 0) 0x7f08dc06c7d0 con 0x7f08ec107510
2024-09-16T00:31:53.070 INFO:teuthology.orchestra.run.smithi031.stdout:/usr/bin/ceph: stderr
2024-09-16T00:31:51.412+0000 7f08ebfff640 1 --2- 172.21.15.31:0/2642109238 >> [v2:172.21.15.31:6800/4219649043,v1:172.21.15.31:6801/4219649043] conn(0x7f08d40391b0 0x7f08d403b670 unknown :-1 s=BANNER_CONNECTING pgs=0 cs=0 l=1 rev1=0 crypto rx=0 tx=0 comp rx=0 tx=0)._handle_peer_banner_payload supported=3 required=0
2024-09-16T00:31:53.070 INFO:teuthology.orchestra.run.smithi031.stdout:/usr/bin/ceph: stderr
2024-09-16T00:31:51.412+0000 7f08ebfff640 1 --2- 172.21.15.31:0/2642109238 >> [v2:172.21.15.31:6800/4219649043,v1:172.21.15.31:6801/4219649043] conn(0x7f08d40391b0 0x7f08d403b670 secure :-1 s=READY pgs=16 cs=0 l=1 rev1=1 crypto rx=0x7f08e00098c0 tx=0x7f08e0006db0 comp rx=0 tx=0).ready entity=mgr.14118 client_cookie=0 server_cookie=0 in_seq=0 out_seq=0
2024-09-16T00:31:53.070 INFO:teuthology.orchestra.run.smithi031.stdout:/usr/bin/ceph: stderr
2024-09-16T00:31:51.416+0000 7f08e9ffb640 1 -- 172.21.15.31:0/2642109238 <== mon.0 v2:172.21.15.31:3300/0 6 ==== mon_command_ack([{"prefix": "get_command_descriptions"}]=0 v0) ==== 72+0+188821 (secure 0 0 0) 0x7f08dc042e10 con 0x7f08ec107510
2024-09-16T00:31:53.070 INFO:teuthology.orchestra.run.smithi031.stdout:/usr/bin/ceph: stderr
2024-09-16T00:31:51.643+0000 7f08f2be3640 1 -- 172.21.15.31:0/2642109238 --> [v2:172.21.15.31:3300/0,v1:172.21.15.31:6789/0] -- mon_command({"prefix": "mgr module enable", "module": "dashboard"} v 0) -- 0x7f08ec1a0db0 con 0x7f08ec107510
2024-09-16T00:31:53.070 INFO:teuthology.orchestra.run.smithi031.stdout:/usr/bin/ceph: stderr
2024-09-16T00:31:52.438+0000 7f08e9ffb640 1 -- 172.21.15.31:0/2642109238 <== mon.0 v2:172.21.15.31:3300/0 7 ==== mon_command_ack([{"prefix": "mgr module enable", "module": "dashboard"}]=0 v9) ==== 88+0+0 (secure 0 0 0) 0x7f08dc03b6e0 con 0x7f08ec107510
2024-09-16T00:31:53.070 INFO:teuthology.orchestra.run.smithi031.stdout:/usr/bin/ceph: stderr
2024-09-16T00:31:52.440+0000 7f08e9ffb640 1 -- 172.21.15.31:0/2642109238 <== mon.0 v2:172.21.15.31:3300/0 8 ==== mgrmap(e 9) ==== 46474+0+0 (secure 0 0 0) 0x7f08dc049ca0 con 0x7f08ec107510
2024-09-16T00:31:53.070 INFO:teuthology.orchestra.run.smithi031.stdout:/usr/bin/ceph: stderr
2024-09-16T00:31:52.441+0000 7f08f2be3640 1 -- 172.21.15.31:0/2642109238 >> [v2:172.21.15.31:6800/4219649043,v1:172.21.15.31:6801/4219649043] conn(0x7f08d40391b0 msgr2=0x7f08d403b670 secure :-1 s=STATE_CONNECTION_ESTABLISHED l=1).mark_down
2024-09-16T00:31:53.070 INFO:teuthology.orchestra.run.smithi031.stdout:/usr/bin/ceph: stderr
2024-09-16T00:31:52.441+0000 7f08f2be3640 1 --2- 172.21.15.31:0/2642109238 >> [v2:172.21.15.31:6800/4219649043,v1:172.21.15.31:6801/4219649043] conn(0x7f08d40391b0 0x7f08d403b670 secure :-1 s=READY pgs=16 cs=0 l=1 rev1=1 crypto rx=0x7f08e00098c0 tx=0x7f08e0006db0 comp rx=0 tx=0).stop
2024-09-16T00:31:53.071 INFO:teuthology.orchestra.run.smithi031.stdout:/usr/bin/ceph: stderr
2024-09-16T00:31:52.441+0000 7f08f2be3640 1 -- 172.21.15.31:0/2642109238 >> [v2:172.21.15.31:3300/0,v1:172.21.15.31:6789/0] conn(0x7f08ec107510 msgr2=0x7f08ec19d720 secure :-1 s=STATE_CONNECTION_ESTABLISHED l=1).mark_down
2024-09-16T00:31:53.071 INFO:teuthology.orchestra.run.smithi031.stdout:/usr/bin/ceph: stderr
2024-09-16T00:31:52.441+0000 7f08f2be3640 1 --2- 172.21.15.31:0/2642109238 >> [v2:172.21.15.31:3300/0,v1:172.21.15.31:6789/0] conn(0x7f08ec107510 0x7f08ec19d720 secure :-1 s=READY pgs=54 cs=0 l=1 rev1=1 crypto rx=0x7f08dc0097f0 tx=0x7f08dc0327b0 comp rx=0 tx=0).stop
2024-09-16T00:31:53.071 INFO:teuthology.orchestra.run.smithi031.stdout:/usr/bin/ceph: stderr
2024-09-16T00:31:52.441+0000 7f08f2be3640 1 -- 172.21.15.31:0/2642109238 shutdown_connections
2024-09-16T00:31:53.071 INFO:teuthology.orchestra.run.smithi031.stdout:/usr/bin/ceph: stderr
2024-09-16T00:31:52.441+0000 7f08f2be3640 1 --2- 172.21.15.31:0/2642109238 >> [v2:172.21.15.31:6800/4219649043,v1:172.21.15.31:6801/4219649043] conn(0x7f08d40391b0 0x7f08d403b670 unknown :-1 s=CLOSED pgs=16 cs=0 l=1 rev1=1 crypto rx=0 tx=0 comp rx=0 tx=0).stop
2024-09-16T00:31:53.071 INFO:teuthology.orchestra.run.smithi031.stdout:/usr/bin/ceph: stderr
2024-09-16T00:31:52.441+0000 7f08f2be3640 1 --2- 172.21.15.31:0/2642109238 >> [v2:172.21.15.31:3300/0,v1:172.21.15.31:6789/0] conn(0x7f08ec107510 0x7f08ec19d720 unknown :-1 s=CLOSED pgs=54 cs=0 l=1 rev1=1 crypto rx=0 tx=0 comp rx=0 tx=0).stop
2024-09-16T00:31:53.071 INFO:teuthology.orchestra.run.smithi031.stdout:/usr/bin/ceph: stderr
2024-09-16T00:31:52.441+0000 7f08f2be3640 1 -- 172.21.15.31:0/2642109238 >> 172.21.15.31:0/2642109238 conn(0x7f08ec102ce0 msgr2=0x7f08ec103800 unknown :-1 s=STATE_NONE l=0).mark_down
2024-09-16T00:31:53.071 INFO:teuthology.orchestra.run.smithi031.stdout:/usr/bin/ceph: stderr
2024-09-16T00:31:52.441+0000 7f08f2be3640 1 -- 172.21.15.31:0/2642109238 shutdown_connections
2024-09-16T00:31:53.071 INFO:teuthology.orchestra.run.smithi031.stdout:/usr/bin/ceph: stderr
2024-09-16T00:31:52.441+0000 7f08f2be3640 1 -- 172.21.15.31:0/2642109238 wait complete.
2024-09-16T00:31:53.289 INFO:journalctl@ceph.mgr.x.smithi031.stdout:Sep 16 00:31:53 smithi031 ceph-ccb601ea-73c2-11ef-bceb-c7b262605968-mgr-x[31187]:
2024-09-16T00:31:53.185+0000 7fafe7af1040 -1 mgr[py] Module snap_schedule has missing NOTIFY_TYPES member
2024-09-16T00:31:53.593 INFO:journalctl@ceph.mon.a.smithi031.stdout:Sep 16 00:31:53 smithi031 ceph-mon[30956]: from='client.? 172.21.15.31:0/2642109238' entity='client.admin' cmd='[{"prefix": "mgr module enable", "module": "dashboard"}]': finished
2024-09-16T00:31:53.594 INFO:journalctl@ceph.mon.a.smithi031.stdout:Sep 16 00:31:53 smithi031 ceph-mon[30956]: mgrmap e9: x(active, since 19s)
2024-09-16T00:31:53.594 INFO:journalctl@ceph.mgr.x.smithi031.stdout:Sep 16 00:31:53 smithi031 ceph-ccb601ea-73c2-11ef-bceb-c7b262605968-mgr-x[31187]:
2024-09-16T00:31:53.528+0000 7fafe7af1040 -1 mgr[py] Module prometheus has missing NOTIFY_TYPES member
2024-09-16T00:31:53.594 INFO:journalctl@ceph.mgr.x.smithi031.stdout:Sep 16 00:31:53 smithi031 ceph-ccb601ea-73c2-11ef-bceb-c7b262605968-mgr-x[31187]:
2024-09-16T00:31:53.592+0000 7fafe7af1040 -1 mgr[py] Module selftest has missing NOTIFY_TYPES member
2024-09-16T00:31:53.875 INFO:journalctl@ceph.mgr.x.smithi031.stdout:Sep 16 00:31:53 smithi031 ceph-ccb601ea-73c2-11ef-bceb-c7b262605968-mgr-x[31187]:
2024-09-16T00:31:53.797+0000 7fafe7af1040 -1 mgr[py] Module volumes has missing NOTIFY_TYPES member
2024-09-16T00:31:54.357 INFO:teuthology.orchestra.run.smithi031.stdout:/usr/bin/ceph: stdout {
2024-09-16T00:31:54.357 INFO:teuthology.orchestra.run.smithi031.stdout:/usr/bin/ceph: stdout "epoch": 9,
2024-09-16T00:31:54.358 INFO:teuthology.orchestra.run.smithi031.stdout:/usr/bin/ceph: stdout "available": true,
2024-09-16T00:31:54.358 INFO:teuthology.orchestra.run.smithi031.stdout:/usr/bin/ceph: stdout "active_name": "x",
2024-09-16T00:31:54.358 INFO:teuthology.orchestra.run.smithi031.stdout:/usr/bin/ceph: stdout "num_standby": 0
2024-09-16T00:31:54.358 INFO:teuthology.orchestra.run.smithi031.stdout:/usr/bin/ceph: stdout }
2024-09-16T00:31:54.358 INFO:teuthology.orchestra.run.smithi031.stdout:/usr/bin/ceph: stderr
2024-09-16T00:31:53.458+0000 7fec88f94640 1 Processor -- start
2024-09-16T00:31:54.358 INFO:teuthology.orchestra.run.smithi031.stdout:/usr/bin/ceph: stderr
2024-09-16T00:31:53.458+0000 7fec88f94640 1 -- start start
2024-09-16T00:31:54.358 INFO:teuthology.orchestra.run.smithi031.stdout:/usr/bin/ceph: stderr
2024-09-16T00:31:53.459+0000 7fec88f94640 1 --2- >> [v2:172.21.15.31:3300/0,v1:172.21.15.31:6789/0] conn(0x7fec84107f50 0x7fec8410a340 unknown :-1 s=NONE pgs=0 cs=0 l=0 rev1=0 crypto rx=0 tx=0 comp rx=0 tx=0).connect
2024-09-16T00:31:54.358 INFO:teuthology.orchestra.run.smithi031.stdout:/usr/bin/ceph: stderr
2024-09-16T00:31:53.459+0000 7fec88f94640 1 -- --> [v2:172.21.15.31:3300/0,v1:172.21.15.31:6789/0] -- mon_getmap magic: 0 -- 0x7fec8410a880 con 0x7fec84107f50
2024-09-16T00:31:54.358 INFO:teuthology.orchestra.run.smithi031.stdout:/usr/bin/ceph: stderr
2024-09-16T00:31:53.459+0000 7fec8259c640 1 --2- >> [v2:172.21.15.31:3300/0,v1:172.21.15.31:6789/0] conn(0x7fec84107f50 0x7fec8410a340 unknown :-1 s=BANNER_CONNECTING pgs=0 cs=0 l=0 rev1=0 crypto rx=0 tx=0 comp rx=0 tx=0)._handle_peer_banner_payload supported=3 required=0
2024-09-16T00:31:54.358 INFO:teuthology.orchestra.run.smithi031.stdout:/usr/bin/ceph: stderr
2024-09-16T00:31:53.459+0000 7fec8259c640 1 --2- >> [v2:172.21.15.31:3300/0,v1:172.21.15.31:6789/0] conn(0x7fec84107f50 0x7fec8410a340 unknown :-1 s=HELLO_CONNECTING pgs=0 cs=0 l=0 rev1=1 crypto rx=0 tx=0 comp rx=0 tx=0).handle_hello peer v2:172.21.15.31:3300/0 says I am v2:172.21.15.31:57608/0 (socket says 172.21.15.31:57608)
2024-09-16T00:31:54.358 INFO:teuthology.orchestra.run.smithi031.stdout:/usr/bin/ceph: stderr
2024-09-16T00:31:53.459+0000 7fec8259c640 1 -- 172.21.15.31:0/3017385036 learned_addr learned my addr 172.21.15.31:0/3017385036 (peer_addr_for_me v2:172.21.15.31:0/0)
2024-09-16T00:31:54.358 INFO:teuthology.orchestra.run.smithi031.stdout:/usr/bin/ceph: stderr
2024-09-16T00:31:53.459+0000 7fec8259c640 1 -- 172.21.15.31:0/3017385036 --> [v2:172.21.15.31:3300/0,v1:172.21.15.31:6789/0] -- mon_subscribe({config=0+,monmap=0+}) -- 0x7fec8410aa00 con 0x7fec84107f50
2024-09-16T00:31:54.358 INFO:teuthology.orchestra.run.smithi031.stdout:/usr/bin/ceph: stderr
2024-09-16T00:31:53.460+0000 7fec8259c640 1 --2- 172.21.15.31:0/3017385036 >> [v2:172.21.15.31:3300/0,v1:172.21.15.31:6789/0] conn(0x7fec84107f50 0x7fec8410a340 secure :-1 s=READY pgs=57 cs=0 l=1 rev1=1 crypto rx=0x7fec74009820 tx=0x7fec7402a270 comp rx=0 tx=0).ready entity=mon.0 client_cookie=251da71ee71793af server_cookie=0 in_seq=0 out_seq=0
2024-09-16T00:31:54.359 INFO:teuthology.orchestra.run.smithi031.stdout:/usr/bin/ceph: stderr
2024-09-16T00:31:53.460+0000 7fec81d9b640 1 -- 172.21.15.31:0/3017385036 <== mon.0 v2:172.21.15.31:3300/0 1 ==== mon_map magic: 0 ==== 205+0+0 (secure 0 0 0) 0x7fec74037070 con 0x7fec84107f50
2024-09-16T00:31:54.359 INFO:teuthology.orchestra.run.smithi031.stdout:/usr/bin/ceph: stderr
2024-09-16T00:31:53.460+0000 7fec81d9b640 1 -- 172.21.15.31:0/3017385036 <== mon.0 v2:172.21.15.31:3300/0 2 ==== config(27 keys) ==== 1140+0+0 (secure 0 0 0) 0x7fec74032920 con 0x7fec84107f50
2024-09-16T00:31:54.359 INFO:teuthology.orchestra.run.smithi031.stdout:/usr/bin/ceph: stderr
2024-09-16T00:31:53.460+0000 7fec81d9b640 1 -- 172.21.15.31:0/3017385036 <== mon.0 v2:172.21.15.31:3300/0 3 ==== mon_map magic: 0 ==== 205+0+0 (secure 0 0 0) 0x7fec74030810 con 0x7fec84107f50
2024-09-16T00:31:54.359 INFO:teuthology.orchestra.run.smithi031.stdout:/usr/bin/ceph: stderr
2024-09-16T00:31:53.461+0000 7fec88f94640 1 -- 172.21.15.31:0/3017385036 >> [v2:172.21.15.31:3300/0,v1:172.21.15.31:6789/0] conn(0x7fec84107f50 msgr2=0x7fec8410a340 secure :-1 s=STATE_CONNECTION_ESTABLISHED l=1).mark_down
2024-09-16T00:31:54.359 INFO:teuthology.orchestra.run.smithi031.stdout:/usr/bin/ceph: stderr
2024-09-16T00:31:53.461+0000 7fec88f94640 1 --2- 172.21.15.31:0/3017385036 >> [v2:172.21.15.31:3300/0,v1:172.21.15.31:6789/0] conn(0x7fec84107f50 0x7fec8410a340 secure :-1 s=READY pgs=57 cs=0 l=1 rev1=1 crypto rx=0x7fec74009820 tx=0x7fec7402a270 comp rx=0 tx=0).stop
2024-09-16T00:31:54.359 INFO:teuthology.orchestra.run.smithi031.stdout:/usr/bin/ceph: stderr
2024-09-16T00:31:53.461+0000 7fec88f94640 1 -- 172.21.15.31:0/3017385036 shutdown_connections
2024-09-16T00:31:54.359 INFO:teuthology.orchestra.run.smithi031.stdout:/usr/bin/ceph: stderr
2024-09-16T00:31:53.461+0000 7fec88f94640 1 --2- 172.21.15.31:0/3017385036 >> [v2:172.21.15.31:3300/0,v1:172.21.15.31:6789/0] conn(0x7fec84107f50 0x7fec8410a340 unknown :-1 s=CLOSED pgs=57 cs=0 l=1 rev1=1 crypto rx=0 tx=0 comp rx=0 tx=0).stop
2024-09-16T00:31:54.359 INFO:teuthology.orchestra.run.smithi031.stdout:/usr/bin/ceph: stderr
2024-09-16T00:31:53.461+0000 7fec88f94640 1 -- 172.21.15.31:0/3017385036 >> 172.21.15.31:0/3017385036 conn(0x7fec84101af0 msgr2=0x7fec84103f70 unknown :-1 s=STATE_NONE l=0).mark_down
2024-09-16T00:31:54.359 INFO:teuthology.orchestra.run.smithi031.stdout:/usr/bin/ceph: stderr
2024-09-16T00:31:53.461+0000 7fec88f94640 1 -- 172.21.15.31:0/3017385036 shutdown_connections
2024-09-16T00:31:54.359 INFO:teuthology.orchestra.run.smithi031.stdout:/usr/bin/ceph: stderr
2024-09-16T00:31:53.461+0000 7fec88f94640 1 -- 172.21.15.31:0/3017385036 wait complete.
2024-09-16T00:31:54.359 INFO:teuthology.orchestra.run.smithi031.stdout:/usr/bin/ceph: stderr
2024-09-16T00:31:53.462+0000 7fec88f94640 1 Processor -- start
2024-09-16T00:31:54.359 INFO:teuthology.orchestra.run.smithi031.stdout:/usr/bin/ceph: stderr
2024-09-16T00:31:53.462+0000 7fec88f94640 1 -- start start
2024-09-16T00:31:54.360 INFO:teuthology.orchestra.run.smithi031.stdout:/usr/bin/ceph: stderr
2024-09-16T00:31:53.462+0000 7fec88f94640 1 --2- >> [v2:172.21.15.31:3300/0,v1:172.21.15.31:6789/0] conn(0x7fec84107f50 0x7fec841077d0 unknown :-1 s=NONE pgs=0 cs=0 l=1 rev1=0 crypto rx=0 tx=0 comp rx=0 tx=0).connect
2024-09-16T00:31:54.360 INFO:teuthology.orchestra.run.smithi031.stdout:/usr/bin/ceph: stderr
2024-09-16T00:31:53.462+0000 7fec88f94640 1 -- --> [v2:172.21.15.31:3300/0,v1:172.21.15.31:6789/0] -- mon_getmap magic: 0 -- 0x7fec8410ba20 con 0x7fec84107f50
2024-09-16T00:31:54.360 INFO:teuthology.orchestra.run.smithi031.stdout:/usr/bin/ceph: stderr
2024-09-16T00:31:53.462+0000 7fec8259c640 1 --2- >> [v2:172.21.15.31:3300/0,v1:172.21.15.31:6789/0] conn(0x7fec84107f50 0x7fec841077d0 unknown :-1 s=BANNER_CONNECTING pgs=0 cs=0 l=1 rev1=0 crypto rx=0 tx=0 comp rx=0 tx=0)._handle_peer_banner_payload supported=3 required=0
2024-09-16T00:31:54.360 INFO:teuthology.orchestra.run.smithi031.stdout:/usr/bin/ceph: stderr
2024-09-16T00:31:53.462+0000 7fec8259c640 1 --2- >> [v2:172.21.15.31:3300/0,v1:172.21.15.31:6789/0] conn(0x7fec84107f50 0x7fec841077d0 unknown :-1 s=HELLO_CONNECTING pgs=0 cs=0 l=1 rev1=1 crypto rx=0 tx=0 comp rx=0 tx=0).handle_hello peer v2:172.21.15.31:3300/0 says I am v2:172.21.15.31:57622/0 (socket says 172.21.15.31:57622)
2024-09-16T00:31:54.360 INFO:teuthology.orchestra.run.smithi031.stdout:/usr/bin/ceph: stderr
2024-09-16T00:31:53.462+0000 7fec8259c640 1 -- 172.21.15.31:0/4250239727 learned_addr learned my addr 172.21.15.31:0/4250239727 (peer_addr_for_me v2:172.21.15.31:0/0)
2024-09-16T00:31:54.360 INFO:teuthology.orchestra.run.smithi031.stdout:/usr/bin/ceph: stderr
2024-09-16T00:31:53.462+0000 7fec8259c640 1 -- 172.21.15.31:0/4250239727 --> [v2:172.21.15.31:3300/0,v1:172.21.15.31:6789/0] -- mon_subscribe({config=0+,monmap=0+}) -- 0x7fec84107d10 con 0x7fec84107f50
2024-09-16T00:31:54.360 INFO:teuthology.orchestra.run.smithi031.stdout:/usr/bin/ceph: stderr
2024-09-16T00:31:53.462+0000 7fec8259c640 1 --2- 172.21.15.31:0/4250239727 >> [v2:172.21.15.31:3300/0,v1:172.21.15.31:6789/0] conn(0x7fec84107f50 0x7fec841077d0 secure :-1 s=READY pgs=58 cs=0 l=1 rev1=1 crypto rx=0x7fec74030380 tx=0x7fec74032670 comp rx=0 tx=0).ready entity=mon.0 client_cookie=0 server_cookie=0 in_seq=0 out_seq=0
2024-09-16T00:31:54.360 INFO:teuthology.orchestra.run.smithi031.stdout:/usr/bin/ceph: stderr
2024-09-16T00:31:53.463+0000 7fec7b7fe640 1 -- 172.21.15.31:0/4250239727 <== mon.0 v2:172.21.15.31:3300/0 1 ==== mon_map magic: 0 ==== 205+0+0 (secure 0 0 0) 0x7fec74037040 con 0x7fec84107f50
2024-09-16T00:31:54.360 INFO:teuthology.orchestra.run.smithi031.stdout:/usr/bin/ceph: stderr
2024-09-16T00:31:53.463+0000 7fec88f94640 1 -- 172.21.15.31:0/4250239727 --> [v2:172.21.15.31:3300/0,v1:172.21.15.31:6789/0] -- mon_subscribe({mgrmap=0+}) -- 0x7fec84105f00 con 0x7fec84107f50
2024-09-16T00:31:54.360 INFO:teuthology.orchestra.run.smithi031.stdout:/usr/bin/ceph: stderr
2024-09-16T00:31:53.463+0000 7fec7b7fe640 1 -- 172.21.15.31:0/4250239727 <== mon.0 v2:172.21.15.31:3300/0 2 ==== config(27 keys) ==== 1140+0+0 (secure 0 0 0) 0x7fec74040070 con 0x7fec84107f50
2024-09-16T00:31:54.360 INFO:teuthology.orchestra.run.smithi031.stdout:/usr/bin/ceph: stderr
2024-09-16T00:31:53.463+0000 7fec7b7fe640 1 -- 172.21.15.31:0/4250239727 <== mon.0 v2:172.21.15.31:3300/0 3 ==== mon_map magic: 0 ==== 205+0+0 (secure 0 0 0) 0x7fec7403a7b0 con 0x7fec84107f50
2024-09-16T00:31:54.360 INFO:teuthology.orchestra.run.smithi031.stdout:/usr/bin/ceph: stderr
2024-09-16T00:31:53.463+0000 7fec88f94640 1 -- 172.21.15.31:0/4250239727 --> [v2:172.21.15.31:3300/0,v1:172.21.15.31:6789/0] -- mon_subscribe({osdmap=0}) -- 0x7fec84106440 con 0x7fec84107f50
2024-09-16T00:31:54.360 INFO:teuthology.orchestra.run.smithi031.stdout:/usr/bin/ceph: stderr
2024-09-16T00:31:53.464+0000 7fec88f94640 1 -- 172.21.15.31:0/4250239727 --> [v2:172.21.15.31:3300/0,v1:172.21.15.31:6789/0] -- mon_command({"prefix": "get_command_descriptions"} v 0) -- 0x7fec841083b0 con 0x7fec84107f50
2024-09-16T00:31:54.361 INFO:teuthology.orchestra.run.smithi031.stdout:/usr/bin/ceph: stderr
2024-09-16T00:31:53.464+0000 7fec7b7fe640 1 -- 172.21.15.31:0/4250239727 <== mon.0 v2:172.21.15.31:3300/0 4 ==== mgrmap(e 9) ==== 46474+0+0 (secure 0 0 0) 0x7fec7403aa30 con 0x7fec84107f50
2024-09-16T00:31:54.361 INFO:teuthology.orchestra.run.smithi031.stdout:/usr/bin/ceph: stderr
2024-09-16T00:31:53.464+0000 7fec7b7fe640 1 --2- 172.21.15.31:0/4250239727 >> [v2:172.21.15.31:6800/4219649043,v1:172.21.15.31:6801/4219649043] conn(0x7fec70039200 0x7fec7003b6c0 unknown :-1 s=NONE pgs=0 cs=0 l=1 rev1=0 crypto rx=0 tx=0 comp rx=0 tx=0).connect
2024-09-16T00:31:54.361 INFO:teuthology.orchestra.run.smithi031.stdout:/usr/bin/ceph: stderr
2024-09-16T00:31:53.464+0000 7fec7b7fe640 1 -- 172.21.15.31:0/4250239727 <== mon.0 v2:172.21.15.31:3300/0 5 ==== osd_map(2..2 src has 1..2) ==== 940+0+0 (secure 0 0 0) 0x7fec7406cb20 con 0x7fec84107f50
2024-09-16T00:31:54.361 INFO:teuthology.orchestra.run.smithi031.stdout:/usr/bin/ceph: stderr
2024-09-16T00:31:53.464+0000 7fec7bfff640 1 -- 172.21.15.31:0/4250239727 >> [v2:172.21.15.31:6800/4219649043,v1:172.21.15.31:6801/4219649043] conn(0x7fec70039200 msgr2=0x7fec7003b6c0 unknown :-1 s=STATE_CONNECTING_RE l=1).process reconnect failed to v2:172.21.15.31:6800/4219649043
2024-09-16T00:31:54.361 INFO:teuthology.orchestra.run.smithi031.stdout:/usr/bin/ceph: stderr
2024-09-16T00:31:53.464+0000 7fec7bfff640 1 --2- 172.21.15.31:0/4250239727 >> [v2:172.21.15.31:6800/4219649043,v1:172.21.15.31:6801/4219649043] conn(0x7fec70039200 0x7fec7003b6c0 unknown :-1 s=START_CONNECT pgs=0 cs=0 l=1 rev1=0 crypto rx=0 tx=0 comp rx=0 tx=0)._fault waiting 0.200000
2024-09-16T00:31:54.361 INFO:teuthology.orchestra.run.smithi031.stdout:/usr/bin/ceph: stderr
2024-09-16T00:31:53.473+0000 7fec7b7fe640 1 -- 172.21.15.31:0/4250239727 <== mon.0 v2:172.21.15.31:3300/0 6 ==== mon_command_ack([{"prefix": "get_command_descriptions"}]=0 v0) ==== 72+0+188821 (secure 0 0 0) 0x7fec74045980 con 0x7fec84107f50
2024-09-16T00:31:54.361 INFO:teuthology.orchestra.run.smithi031.stdout:/usr/bin/ceph: stderr
2024-09-16T00:31:53.665+0000 7fec7bfff640 1 -- 172.21.15.31:0/4250239727 >> [v2:172.21.15.31:6800/4219649043,v1:172.21.15.31:6801/4219649043] conn(0x7fec70039200 msgr2=0x7fec7003b6c0 unknown :-1 s=STATE_CONNECTING_RE l=1).process reconnect failed to v2:172.21.15.31:6800/4219649043
2024-09-16T00:31:54.361 INFO:teuthology.orchestra.run.smithi031.stdout:/usr/bin/ceph: stderr
2024-09-16T00:31:53.665+0000 7fec7bfff640 1 --2- 172.21.15.31:0/4250239727 >> [v2:172.21.15.31:6800/4219649043,v1:172.21.15.31:6801/4219649043] conn(0x7fec70039200 0x7fec7003b6c0 unknown :-1 s=START_CONNECT pgs=0 cs=0 l=1 rev1=0 crypto rx=0 tx=0 comp rx=0 tx=0)._fault waiting 0.400000
2024-09-16T00:31:54.361 INFO:teuthology.orchestra.run.smithi031.stdout:/usr/bin/ceph: stderr
2024-09-16T00:31:53.696+0000 7fec88f94640 1 -- 172.21.15.31:0/4250239727 --> [v2:172.21.15.31:3300/0,v1:172.21.15.31:6789/0] -- mon_command({"prefix": "mgr stat"} v 0) -- 0x7fec84106ae0 con 0x7fec84107f50
2024-09-16T00:31:54.361 INFO:teuthology.orchestra.run.smithi031.stdout:/usr/bin/ceph: stderr
2024-09-16T00:31:53.696+0000 7fec7b7fe640 1 -- 172.21.15.31:0/4250239727 <== mon.0 v2:172.21.15.31:3300/0 7 ==== mon_command_ack([{"prefix": "mgr stat"}]=0 v9) ==== 56+0+88 (secure 0 0 0) 0x7fec74045460 con 0x7fec84107f50
2024-09-16T00:31:54.361 INFO:teuthology.orchestra.run.smithi031.stdout:/usr/bin/ceph: stderr
2024-09-16T00:31:53.699+0000 7fec88f94640 1 -- 172.21.15.31:0/4250239727 >> [v2:172.21.15.31:6800/4219649043,v1:172.21.15.31:6801/4219649043] conn(0x7fec70039200 msgr2=0x7fec7003b6c0 unknown :-1 s=STATE_CONNECTING l=1).mark_down
2024-09-16T00:31:54.361 INFO:teuthology.orchestra.run.smithi031.stdout:/usr/bin/ceph: stderr
2024-09-16T00:31:53.699+0000 7fec88f94640 1 --2- 172.21.15.31:0/4250239727 >> [v2:172.21.15.31:6800/4219649043,v1:172.21.15.31:6801/4219649043] conn(0x7fec70039200 0x7fec7003b6c0 unknown :-1 s=START_CONNECT pgs=0 cs=0 l=1 rev1=0 crypto rx=0 tx=0 comp rx=0 tx=0).stop
2024-09-16T00:31:54.362 INFO:teuthology.orchestra.run.smithi031.stdout:/usr/bin/ceph: stderr
2024-09-16T00:31:53.699+0000 7fec88f94640 1 -- 172.21.15.31:0/4250239727 >> [v2:172.21.15.31:3300/0,v1:172.21.15.31:6789/0] conn(0x7fec84107f50 msgr2=0x7fec841077d0 secure :-1 s=STATE_CONNECTION_ESTABLISHED l=1).mark_down
2024-09-16T00:31:54.362 INFO:teuthology.orchestra.run.smithi031.stdout:/usr/bin/ceph: stderr
2024-09-16T00:31:53.699+0000 7fec88f94640 1 --2- 172.21.15.31:0/4250239727 >> [v2:172.21.15.31:3300/0,v1:172.21.15.31:6789/0] conn(0x7fec84107f50 0x7fec841077d0 secure :-1 s=READY pgs=58 cs=0 l=1 rev1=1 crypto rx=0x7fec74030380 tx=0x7fec74032670 comp rx=0 tx=0).stop
2024-09-16T00:31:54.362 INFO:teuthology.orchestra.run.smithi031.stdout:/usr/bin/ceph: stderr
2024-09-16T00:31:53.699+0000 7fec88f94640 1 -- 172.21.15.31:0/4250239727 shutdown_connections
2024-09-16T00:31:54.362 INFO:teuthology.orchestra.run.smithi031.stdout:/usr/bin/ceph: stderr
2024-09-16T00:31:53.699+0000 7fec88f94640 1 --2- 172.21.15.31:0/4250239727 >> [v2:172.21.15.31:6800/4219649043,v1:172.21.15.31:6801/4219649043] conn(0x7fec70039200 0x7fec7003b6c0 unknown :-1 s=CLOSED pgs=0 cs=0 l=1 rev1=0 crypto rx=0 tx=0 comp rx=0 tx=0).stop
2024-09-16T00:31:54.362 INFO:teuthology.orchestra.run.smithi031.stdout:/usr/bin/ceph: stderr
2024-09-16T00:31:53.699+0000 7fec88f94640 1 --2- 172.21.15.31:0/4250239727 >> [v2:172.21.15.31:3300/0,v1:172.21.15.31:6789/0] conn(0x7fec84107f50 0x7fec841077d0 unknown :-1 s=CLOSED pgs=58 cs=0 l=1 rev1=1 crypto rx=0 tx=0 comp rx=0 tx=0).stop
2024-09-16T00:31:54.362 INFO:teuthology.orchestra.run.smithi031.stdout:/usr/bin/ceph: stderr
2024-09-16T00:31:53.699+0000 7fec88f94640 1 -- 172.21.15.31:0/4250239727 >> 172.21.15.31:0/4250239727 conn(0x7fec84101af0 msgr2=0x7fec841026e0 unknown :-1 s=STATE_NONE l=0).mark_down
2024-09-16T00:31:54.362 INFO:teuthology.orchestra.run.smithi031.stdout:/usr/bin/ceph: stderr
2024-09-16T00:31:53.699+0000 7fec88f94640 1 -- 172.21.15.31:0/4250239727 shutdown_connections
2024-09-16T00:31:54.362 INFO:teuthology.orchestra.run.smithi031.stdout:/usr/bin/ceph: stderr
2024-09-16T00:31:53.700+0000 7fec88f94640 1 -- 172.21.15.31:0/4250239727 wait complete.
2024-09-16T00:31:54.362 INFO:teuthology.orchestra.run.smithi031.stdout:Waiting for the mgr to restart...
2024-09-16T00:31:54.362 INFO:teuthology.orchestra.run.smithi031.stdout:Waiting for mgr epoch 9...
2024-09-16T00:31:54.482 INFO:journalctl@ceph.mon.a.smithi031.stdout:Sep 16 00:31:54 smithi031 ceph-mon[30956]: from='client.? 172.21.15.31:0/4250239727' entity='client.admin' cmd=[{"prefix": "mgr stat"}]: dispatch
2024-09-16T00:31:55.015 INFO:journalctl@ceph.mgr.x.smithi031.stdout:Sep 16 00:31:54 smithi031 ceph-ccb601ea-73c2-11ef-bceb-c7b262605968-mgr-x[31187]:
2024-09-16T00:31:54.750+0000 7fafe7af1040 -1 mgr[py] Module telemetry has missing NOTIFY_TYPES member
2024-09-16T00:31:55.015 INFO:journalctl@ceph.mgr.x.smithi031.stdout:Sep 16 00:31:54 smithi031 ceph-ccb601ea-73c2-11ef-bceb-c7b262605968-mgr-x[31187]:
2024-09-16T00:31:54.824+0000 7fafe7af1040 -1 mgr[py] Module balancer has missing NOTIFY_TYPES member
2024-09-16T00:31:55.869 INFO:journalctl@ceph.mgr.x.smithi031.stdout:Sep 16 00:31:55 smithi031 ceph-ccb601ea-73c2-11ef-bceb-c7b262605968-mgr-x[31187]:
2024-09-16T00:31:55.591+0000 7fafe7af1040 -1 mgr[py] Module rook has missing NOTIFY_TYPES member
2024-09-16T00:31:55.869 INFO:journalctl@ceph.mgr.x.smithi031.stdout:Sep 16 00:31:55 smithi031 ceph-ccb601ea-73c2-11ef-bceb-c7b262605968-mgr-x[31187]:
2024-09-16T00:31:55.715+0000 7fafe7af1040 -1 mgr[py] Module iostat has missing NOTIFY_TYPES member
2024-09-16T00:31:56.125 INFO:journalctl@ceph.mgr.x.smithi031.stdout:Sep 16 00:31:55 smithi031 ceph-ccb601ea-73c2-11ef-bceb-c7b262605968-mgr-x[31187]:
2024-09-16T00:31:55.867+0000 7fafe7af1040 -1 mgr[py] Module orchestrator has missing NOTIFY_TYPES member
