2024-09-16T00:31:34.857 INFO:teuthology.orchestra.run.smithi031.stdout:/usr/bin/ceph: stderr
2024-09-16T00:31:34.284+0000 7f22b6ffd640 1 --2- 172.21.15.31:0/1653586576 >> [v2:172.21.15.31:6800/4219649043,v1:172.21.15.31:6801/4219649043] conn(0x7f22a4039cf0 0x7f22a403c0e0 unknown :-1 s=BANNER_CONNECTING pgs=0 cs=0 l=1 rev1=0 crypto rx=0 tx=0 comp rx=0 tx=0)._handle_peer_banner_payload supported=3 required=0
2024-09-16T00:31:34.858 INFO:teuthology.orchestra.run.smithi031.stdout:/usr/bin/ceph: stderr
2024-09-16T00:31:34.285+0000 7f22b6ffd640 1 --2- 172.21.15.31:0/1653586576 >> [v2:172.21.15.31:6800/4219649043,v1:172.21.15.31:6801/4219649043] conn(0x7f22a4039cf0 0x7f22a403c0e0 secure :-1 s=READY pgs=4 cs=0 l=1 rev1=1 crypto rx=0x7f22a00098c0 tx=0x7f22a0006db0 comp rx=0 tx=0).ready entity=mgr.14118 client_cookie=0 server_cookie=0 in_seq=0 out_seq=0
2024-09-16T00:31:34.858 INFO:teuthology.orchestra.run.smithi031.stdout:/usr/bin/ceph: stderr
2024-09-16T00:31:34.285+0000 7f22b4ff9640 1 -- 172.21.15.31:0/1653586576 <== mgr.14118 v2:172.21.15.31:6800/4219649043 1 ==== command_reply(tid 0: 0 ) ==== 8+0+9564 (secure 0 0 0) 0x7f22a800af30 con 0x7f22a4039cf0
2024-09-16T00:31:34.858 INFO:teuthology.orchestra.run.smithi031.stdout:/usr/bin/ceph: stderr
2024-09-16T00:31:34.292+0000 7f22ae7fc640 1 -- 172.21.15.31:0/1653586576 --> [v2:172.21.15.31:6800/4219649043,v1:172.21.15.31:6801/4219649043] -- command(tid 1: {"prefix": "mgr_status"}) -- 0x7f229c002570 con 0x7f22a4039cf0
2024-09-16T00:31:34.858 INFO:teuthology.orchestra.run.smithi031.stdout:/usr/bin/ceph: stderr
2024-09-16T00:31:34.292+0000 7f22b4ff9640 1 -- 172.21.15.31:0/1653586576 <== mgr.14118 v2:172.21.15.31:6800/4219649043 2 ==== command_reply(tid 1: 0 ) ==== 8+0+51 (secure 0 0 0) 0x7f229c002570 con 0x7f22a4039cf0
2024-09-16T00:31:34.858 INFO:teuthology.orchestra.run.smithi031.stdout:/usr/bin/ceph: stderr
2024-09-16T00:31:34.292+0000 7f22ae7fc640 1 -- 172.21.15.31:0/1653586576 >> [v2:172.21.15.31:6800/4219649043,v1:172.21.15.31:6801/4219649043] conn(0x7f22a4039cf0 msgr2=0x7f22a403c0e0 secure :-1 s=STATE_CONNECTION_ESTABLISHED l=1).mark_down
2024-09-16T00:31:34.858 INFO:teuthology.orchestra.run.smithi031.stdout:/usr/bin/ceph: stderr
2024-09-16T00:31:34.292+0000 7f22ae7fc640 1 --2- 172.21.15.31:0/1653586576 >> [v2:172.21.15.31:6800/4219649043,v1:172.21.15.31:6801/4219649043] conn(0x7f22a4039cf0 0x7f22a403c0e0 secure :-1 s=READY pgs=4 cs=0 l=1 rev1=1 crypto rx=0x7f22a00098c0 tx=0x7f22a0006db0 comp rx=0 tx=0).stop
2024-09-16T00:31:34.858 INFO:teuthology.orchestra.run.smithi031.stdout:/usr/bin/ceph: stderr
2024-09-16T00:31:34.292+0000 7f22ae7fc640 1 -- 172.21.15.31:0/1653586576 >> [v2:172.21.15.31:3300/0,v1:172.21.15.31:6789/0] conn(0x7f22b8107510 msgr2=0x7f22b807db40 secure :-1 s=STATE_CONNECTION_ESTABLISHED l=1).mark_down
2024-09-16T00:31:34.858 INFO:teuthology.orchestra.run.smithi031.stdout:/usr/bin/ceph: stderr
2024-09-16T00:31:34.292+0000 7f22ae7fc640 1 --2- 172.21.15.31:0/1653586576 >> [v2:172.21.15.31:3300/0,v1:172.21.15.31:6789/0] conn(0x7f22b8107510 0x7f22b807db40 secure :-1 s=READY pgs=34 cs=0 l=1 rev1=1 crypto rx=0x7f22a80097f0 tx=0x7f22a8030d80 comp rx=0 tx=0).stop
2024-09-16T00:31:34.858 INFO:teuthology.orchestra.run.smithi031.stdout:/usr/bin/ceph: stderr
2024-09-16T00:31:34.293+0000 7f22ae7fc640 1 -- 172.21.15.31:0/1653586576 shutdown_connections
2024-09-16T00:31:34.858 INFO:teuthology.orchestra.run.smithi031.stdout:/usr/bin/ceph: stderr
2024-09-16T00:31:34.293+0000 7f22ae7fc640 1 --2- 172.21.15.31:0/1653586576 >> [v2:172.21.15.31:6800/4219649043,v1:172.21.15.31:6801/4219649043] conn(0x7f22a4039cf0 0x7f22a403c0e0 unknown :-1 s=CLOSED pgs=4 cs=0 l=1 rev1=1 crypto rx=0 tx=0 comp rx=0 tx=0).stop
2024-09-16T00:31:34.858 INFO:teuthology.orchestra.run.smithi031.stdout:/usr/bin/ceph: stderr
2024-09-16T00:31:34.293+0000 7f22ae7fc640 1 --2- 172.21.15.31:0/1653586576 >> [v2:172.21.15.31:3300/0,v1:172.21.15.31:6789/0] conn(0x7f22b8107510 0x7f22b807db40 unknown :-1 s=CLOSED pgs=34 cs=0 l=1 rev1=1 crypto rx=0 tx=0 comp rx=0 tx=0).stop
2024-09-16T00:31:34.859 INFO:teuthology.orchestra.run.smithi031.stdout:/usr/bin/ceph: stderr
2024-09-16T00:31:34.293+0000 7f22ae7fc640 1 -- 172.21.15.31:0/1653586576 >> 172.21.15.31:0/1653586576 conn(0x7f22b8102ce0 msgr2=0x7f22b8103870 unknown :-1 s=STATE_NONE l=0).mark_down
2024-09-16T00:31:34.859 INFO:teuthology.orchestra.run.smithi031.stdout:/usr/bin/ceph: stderr
2024-09-16T00:31:34.293+0000 7f22ae7fc640 1 -- 172.21.15.31:0/1653586576 shutdown_connections
2024-09-16T00:31:34.859 INFO:teuthology.orchestra.run.smithi031.stdout:/usr/bin/ceph: stderr
2024-09-16T00:31:34.293+0000 7f22ae7fc640 1 -- 172.21.15.31:0/1653586576 wait complete.
2024-09-16T00:31:34.859 INFO:teuthology.orchestra.run.smithi031.stdout:mgr epoch 5 is available
2024-09-16T00:31:34.859 INFO:teuthology.orchestra.run.smithi031.stdout:Setting orchestrator backend to cephadm...
2024-09-16T00:31:35.125 INFO:journalctl@ceph.mon.a.smithi031.stdout:Sep 16 00:31:34 smithi031 ceph-mon[30956]: Found migration_current of "None". Setting to last migration.
2024-09-16T00:31:35.125 INFO:journalctl@ceph.mon.a.smithi031.stdout:Sep 16 00:31:34 smithi031 ceph-mon[30956]: mgrmap e7: x(active, since 1.00637s)
2024-09-16T00:31:35.125 INFO:journalctl@ceph.mon.a.smithi031.stdout:Sep 16 00:31:34 smithi031 ceph-mon[30956]: from='mgr.14118 172.21.15.31:0/4096136101' entity='mgr.x'
2024-09-16T00:31:35.125 INFO:journalctl@ceph.mon.a.smithi031.stdout:Sep 16 00:31:34 smithi031 ceph-mon[30956]: from='mgr.14118 172.21.15.31:0/4096136101' entity='mgr.x'
2024-09-16T00:31:35.750 INFO:journalctl@ceph.mgr.x.smithi031.stdout:Sep 16 00:31:35 smithi031 ceph-ccb601ea-73c2-11ef-bceb-c7b262605968-mgr-x[31187]:
2024-09-16T00:31:35.529+0000 7fca15329640 -1 log_channel(cephadm) log [ERR] : [16/Sep/2024:00:31:35] ENGINE Error in HTTPServer.serve
2024-09-16T00:31:35.750 INFO:journalctl@ceph.mgr.x.smithi031.stdout:Sep 16 00:31:35 smithi031 ceph-ccb601ea-73c2-11ef-bceb-c7b262605968-mgr-x[31187]: Traceback (most recent call last):
2024-09-16T00:31:35.751 INFO:journalctl@ceph.mgr.x.smithi031.stdout:Sep 16 00:31:35 smithi031 ceph-ccb601ea-73c2-11ef-bceb-c7b262605968-mgr-x[31187]: File "/lib/python3.9/site-packages/cheroot/server.py", line 1823, in serve
2024-09-16T00:31:35.751 INFO:journalctl@ceph.mgr.x.smithi031.stdout:Sep 16 00:31:35 smithi031 ceph-ccb601ea-73c2-11ef-bceb-c7b262605968-mgr-x[31187]: self._connections.run(self.expiration_interval)
2024-09-16T00:31:35.751 INFO:journalctl@ceph.mgr.x.smithi031.stdout:Sep 16 00:31:35 smithi031 ceph-ccb601ea-73c2-11ef-bceb-c7b262605968-mgr-x[31187]: File "/lib/python3.9/site-packages/cheroot/connections.py", line 203, in run
2024-09-16T00:31:35.751 INFO:journalctl@ceph.mgr.x.smithi031.stdout:Sep 16 00:31:35 smithi031 ceph-ccb601ea-73c2-11ef-bceb-c7b262605968-mgr-x[31187]: self._run(expiration_interval)
2024-09-16T00:31:35.751 INFO:journalctl@ceph.mgr.x.smithi031.stdout:Sep 16 00:31:35 smithi031 ceph-ccb601ea-73c2-11ef-bceb-c7b262605968-mgr-x[31187]: File "/lib/python3.9/site-packages/cheroot/connections.py", line 246, in _run
2024-09-16T00:31:35.751 INFO:journalctl@ceph.mgr.x.smithi031.stdout:Sep 16 00:31:35 smithi031 ceph-ccb601ea-73c2-11ef-bceb-c7b262605968-mgr-x[31187]: new_conn = self._from_server_socket(self.server.socket)
2024-09-16T00:31:35.751 INFO:journalctl@ceph.mgr.x.smithi031.stdout:Sep 16 00:31:35 smithi031 ceph-ccb601ea-73c2-11ef-bceb-c7b262605968-mgr-x[31187]: File "/lib/python3.9/site-packages/cheroot/connections.py", line 300, in _from_server_socket
2024-09-16T00:31:35.751 INFO:journalctl@ceph.mgr.x.smithi031.stdout:Sep 16 00:31:35 smithi031 ceph-ccb601ea-73c2-11ef-bceb-c7b262605968-mgr-x[31187]: s, ssl_env = self.server.ssl_adapter.wrap(s)
2024-09-16T00:31:35.751 INFO:journalctl@ceph.mgr.x.smithi031.stdout:Sep 16 00:31:35 smithi031 ceph-ccb601ea-73c2-11ef-bceb-c7b262605968-mgr-x[31187]: File "/lib/python3.9/site-packages/cheroot/ssl/builtin.py", line 277, in wrap
2024-09-16T00:31:35.751 INFO:journalctl@ceph.mgr.x.smithi031.stdout:Sep 16 00:31:35 smithi031 ceph-ccb601ea-73c2-11ef-bceb-c7b262605968-mgr-x[31187]: s = self.context.wrap_socket(
2024-09-16T00:31:35.751 INFO:journalctl@ceph.mgr.x.smithi031.stdout:Sep 16 00:31:35 smithi031 ceph-ccb601ea-73c2-11ef-bceb-c7b262605968-mgr-x[31187]: File "/lib64/python3.9/ssl.py", line 501, in wrap_socket
2024-09-16T00:31:35.751 INFO:journalctl@ceph.mgr.x.smithi031.stdout:Sep 16 00:31:35 smithi031 ceph-ccb601ea-73c2-11ef-bceb-c7b262605968-mgr-x[31187]: return self.sslsocket_class._create(
2024-09-16T00:31:35.751 INFO:journalctl@ceph.mgr.x.smithi031.stdout:Sep 16 00:31:35 smithi031 ceph-ccb601ea-73c2-11ef-bceb-c7b262605968-mgr-x[31187]: File "/lib64/python3.9/ssl.py", line 1074, in _create
2024-09-16T00:31:35.752 INFO:journalctl@ceph.mgr.x.smithi031.stdout:Sep 16 00:31:35 smithi031 ceph-ccb601ea-73c2-11ef-bceb-c7b262605968-mgr-x[31187]: self.do_handshake()
2024-09-16T00:31:35.752 INFO:journalctl@ceph.mgr.x.smithi031.stdout:Sep 16 00:31:35 smithi031 ceph-ccb601ea-73c2-11ef-bceb-c7b262605968-mgr-x[31187]: File "/lib64/python3.9/ssl.py", line 1343, in do_handshake
2024-09-16T00:31:35.752 INFO:journalctl@ceph.mgr.x.smithi031.stdout:Sep 16 00:31:35 smithi031 ceph-ccb601ea-73c2-11ef-bceb-c7b262605968-mgr-x[31187]: self._sslobj.do_handshake()
2024-09-16T00:31:35.752 INFO:journalctl@ceph.mgr.x.smithi031.stdout:Sep 16 00:31:35 smithi031 ceph-ccb601ea-73c2-11ef-bceb-c7b262605968-mgr-x[31187]: ssl.SSLZeroReturnError: TLS/SSL connection has been closed (EOF) (_ssl.c:1133)
2024-09-16T00:31:35.752 INFO:journalctl@ceph.mgr.x.smithi031.stdout:Sep 16 00:31:35 smithi031 ceph-ccb601ea-73c2-11ef-bceb-c7b262605968-mgr-x[31187]:
2024-09-16T00:31:36.025 INFO:journalctl@ceph.mon.a.smithi031.stdout:Sep 16 00:31:35 smithi031 ceph-mon[30956]: from='client.14128 -' entity='client.admin' cmd=[{"prefix": "get_command_descriptions"}]: dispatch
2024-09-16T00:31:36.053 INFO:journalctl@ceph.mon.a.smithi031.stdout:Sep 16 00:31:35 smithi031 ceph-mon[30956]: from='client.14128 -' entity='client.admin' cmd=[{"prefix": "mgr_status"}]: dispatch
2024-09-16T00:31:36.053 INFO:journalctl@ceph.mon.a.smithi031.stdout:Sep 16 00:31:35 smithi031 ceph-mon[30956]: from='mgr.14118 172.21.15.31:0/4096136101' entity='mgr.x'
2024-09-16T00:31:36.053 INFO:journalctl@ceph.mon.a.smithi031.stdout:Sep 16 00:31:35 smithi031 ceph-mon[30956]: from='mgr.14118 172.21.15.31:0/4096136101' entity='mgr.x' cmd=[{"prefix": "config dump", "format": "json"}]: dispatch
2024-09-16T00:31:36.053 INFO:journalctl@ceph.mon.a.smithi031.stdout:Sep 16 00:31:35 smithi031 ceph-mon[30956]: from='mgr.14118 172.21.15.31:0/4096136101' entity='mgr.x' cmd=[{"prefix": "config dump", "format": "json"}]: dispatch
2024-09-16T00:31:36.058 INFO:teuthology.orchestra.run.smithi031.stdout:/usr/bin/ceph: stderr
2024-09-16T00:31:35.244+0000 7f818e29a640 1 Processor -- start
2024-09-16T00:31:36.058 INFO:teuthology.orchestra.run.smithi031.stdout:/usr/bin/ceph: stderr
2024-09-16T00:31:35.244+0000 7f818e29a640 1 -- start start
2024-09-16T00:31:36.058 INFO:teuthology.orchestra.run.smithi031.stdout:/usr/bin/ceph: stderr
2024-09-16T00:31:35.245+0000 7f818e29a640 1 --2- >> [v2:172.21.15.31:3300/0,v1:172.21.15.31:6789/0] conn(0x7f8188107a80 0x7f8188107e80 unknown :-1 s=NONE pgs=0 cs=0 l=0 rev1=0 crypto rx=0 tx=0 comp rx=0 tx=0).connect
2024-09-16T00:31:36.058 INFO:teuthology.orchestra.run.smithi031.stdout:/usr/bin/ceph: stderr
2024-09-16T00:31:35.245+0000 7f818e29a640 1 -- --> [v2:172.21.15.31:3300/0,v1:172.21.15.31:6789/0] -- mon_getmap magic: 0 -- 0x7f8188105fc0 con 0x7f8188107a80
2024-09-16T00:31:36.058 INFO:teuthology.orchestra.run.smithi031.stdout:/usr/bin/ceph: stderr
2024-09-16T00:31:35.245+0000 7f8187fff640 1 --2- >> [v2:172.21.15.31:3300/0,v1:172.21.15.31:6789/0] conn(0x7f8188107a80 0x7f8188107e80 unknown :-1 s=BANNER_CONNECTING pgs=0 cs=0 l=0 rev1=0 crypto rx=0 tx=0 comp rx=0 tx=0)._handle_peer_banner_payload supported=3 required=0
2024-09-16T00:31:36.059 INFO:teuthology.orchestra.run.smithi031.stdout:/usr/bin/ceph: stderr
2024-09-16T00:31:35.245+0000 7f8187fff640 1 --2- >> [v2:172.21.15.31:3300/0,v1:172.21.15.31:6789/0] conn(0x7f8188107a80 0x7f8188107e80 unknown :-1 s=HELLO_CONNECTING pgs=0 cs=0 l=0 rev1=1 crypto rx=0 tx=0 comp rx=0 tx=0).handle_hello peer v2:172.21.15.31:3300/0 says I am v2:172.21.15.31:42730/0 (socket says 172.21.15.31:42730)
2024-09-16T00:31:36.059 INFO:teuthology.orchestra.run.smithi031.stdout:/usr/bin/ceph: stderr
2024-09-16T00:31:35.245+0000 7f8187fff640 1 -- 172.21.15.31:0/3684142347 learned_addr learned my addr 172.21.15.31:0/3684142347 (peer_addr_for_me v2:172.21.15.31:0/0)
2024-09-16T00:31:36.059 INFO:teuthology.orchestra.run.smithi031.stdout:/usr/bin/ceph: stderr
2024-09-16T00:31:35.245+0000 7f8187fff640 1 -- 172.21.15.31:0/3684142347 --> [v2:172.21.15.31:3300/0,v1:172.21.15.31:6789/0] -- mon_subscribe({config=0+,monmap=0+}) -- 0x7f8188106140 con 0x7f8188107a80
2024-09-16T00:31:36.059 INFO:teuthology.orchestra.run.smithi031.stdout:/usr/bin/ceph: stderr
2024-09-16T00:31:35.246+0000 7f8187fff640 1 --2- 172.21.15.31:0/3684142347 >> [v2:172.21.15.31:3300/0,v1:172.21.15.31:6789/0] conn(0x7f8188107a80 0x7f8188107e80 secure :-1 s=READY pgs=35 cs=0 l=1 rev1=1 crypto rx=0x7f8178009820 tx=0x7f817802a270 comp rx=0 tx=0).ready entity=mon.0 client_cookie=d9a5716212db5c11 server_cookie=0 in_seq=0 out_seq=0
2024-09-16T00:31:36.059 INFO:teuthology.orchestra.run.smithi031.stdout:/usr/bin/ceph: stderr
2024-09-16T00:31:35.246+0000 7f8186ffd640 1 -- 172.21.15.31:0/3684142347 <== mon.0 v2:172.21.15.31:3300/0 1 ==== mon_map magic: 0 ==== 205+0+0 (secure 0 0 0) 0x7f8178037070 con 0x7f8188107a80
2024-09-16T00:31:36.059 INFO:teuthology.orchestra.run.smithi031.stdout:/usr/bin/ceph: stderr
2024-09-16T00:31:35.246+0000 7f8186ffd640 1 -- 172.21.15.31:0/3684142347 <== mon.0 v2:172.21.15.31:3300/0 2 ==== config(27 keys) ==== 1109+0+0 (secure 0 0 0) 0x7f8178032900 con 0x7f8188107a80
2024-09-16T00:31:36.059 INFO:teuthology.orchestra.run.smithi031.stdout:/usr/bin/ceph: stderr
2024-09-16T00:31:35.246+0000 7f8186ffd640 1 -- 172.21.15.31:0/3684142347 <== mon.0 v2:172.21.15.31:3300/0 3 ==== mon_map magic: 0 ==== 205+0+0 (secure 0 0 0) 0x7f8178030850 con 0x7f8188107a80
2024-09-16T00:31:36.059 INFO:teuthology.orchestra.run.smithi031.stdout:/usr/bin/ceph: stderr
2024-09-16T00:31:35.246+0000 7f818e29a640 1 -- 172.21.15.31:0/3684142347 >> [v2:172.21.15.31:3300/0,v1:172.21.15.31:6789/0] conn(0x7f8188107a80 msgr2=0x7f8188107e80 secure :-1 s=STATE_CONNECTION_ESTABLISHED l=1).mark_down
2024-09-16T00:31:36.059 INFO:teuthology.orchestra.run.smithi031.stdout:/usr/bin/ceph: stderr
2024-09-16T00:31:35.246+0000 7f818e29a640 1 --2- 172.21.15.31:0/3684142347 >> [v2:172.21.15.31:3300/0,v1:172.21.15.31:6789/0] conn(0x7f8188107a80 0x7f8188107e80 secure :-1 s=READY pgs=35 cs=0 l=1 rev1=1 crypto rx=0x7f8178009820 tx=0x7f817802a270 comp rx=0 tx=0).stop
2024-09-16T00:31:36.059 INFO:teuthology.orchestra.run.smithi031.stdout:/usr/bin/ceph: stderr
2024-09-16T00:31:35.247+0000 7f818e29a640 1 -- 172.21.15.31:0/3684142347 shutdown_connections
2024-09-16T00:31:36.059 INFO:teuthology.orchestra.run.smithi031.stdout:/usr/bin/ceph: stderr
2024-09-16T00:31:35.247+0000 7f818e29a640 1 --2- 172.21.15.31:0/3684142347 >> [v2:172.21.15.31:3300/0,v1:172.21.15.31:6789/0] conn(0x7f8188107a80 0x7f8188107e80 unknown :-1 s=CLOSED pgs=35 cs=0 l=1 rev1=1 crypto rx=0 tx=0 comp rx=0 tx=0).stop
2024-09-16T00:31:36.059 INFO:teuthology.orchestra.run.smithi031.stdout:/usr/bin/ceph: stderr
2024-09-16T00:31:35.247+0000 7f818e29a640 1 -- 172.21.15.31:0/3684142347 >> 172.21.15.31:0/3684142347 conn(0x7f8188101af0 msgr2=0x7f8188103f70 unknown :-1 s=STATE_NONE l=0).mark_down
2024-09-16T00:31:36.059 INFO:teuthology.orchestra.run.smithi031.stdout:/usr/bin/ceph: stderr
2024-09-16T00:31:35.247+0000 7f818e29a640 1 -- 172.21.15.31:0/3684142347 shutdown_connections
2024-09-16T00:31:36.059 INFO:teuthology.orchestra.run.smithi031.stdout:/usr/bin/ceph: stderr
2024-09-16T00:31:35.247+0000 7f818e29a640 1 -- 172.21.15.31:0/3684142347 wait complete.
2024-09-16T00:31:36.060 INFO:teuthology.orchestra.run.smithi031.stdout:/usr/bin/ceph: stderr
2024-09-16T00:31:35.247+0000 7f818e29a640 1 Processor -- start
2024-09-16T00:31:36.060 INFO:teuthology.orchestra.run.smithi031.stdout:/usr/bin/ceph: stderr
2024-09-16T00:31:35.247+0000 7f818e29a640 1 -- start start
2024-09-16T00:31:36.060 INFO:teuthology.orchestra.run.smithi031.stdout:/usr/bin/ceph: stderr
2024-09-16T00:31:35.248+0000 7f818e29a640 1 --2- >> [v2:172.21.15.31:3300/0,v1:172.21.15.31:6789/0] conn(0x7f8188107a80 0x7f818819a4f0 unknown :-1 s=NONE pgs=0 cs=0 l=1 rev1=0 crypto rx=0 tx=0 comp rx=0 tx=0).connect
2024-09-16T00:31:36.060 INFO:teuthology.orchestra.run.smithi031.stdout:/usr/bin/ceph: stderr
2024-09-16T00:31:35.248+0000 7f818e29a640 1 -- --> [v2:172.21.15.31:3300/0,v1:172.21.15.31:6789/0] -- mon_getmap magic: 0 -- 0x7f818810a950 con 0x7f8188107a80
2024-09-16T00:31:36.060 INFO:teuthology.orchestra.run.smithi031.stdout:/usr/bin/ceph: stderr
2024-09-16T00:31:35.248+0000 7f8187fff640 1 --2- >> [v2:172.21.15.31:3300/0,v1:172.21.15.31:6789/0] conn(0x7f8188107a80 0x7f818819a4f0 unknown :-1 s=BANNER_CONNECTING pgs=0 cs=0 l=1 rev1=0 crypto rx=0 tx=0 comp rx=0 tx=0)._handle_peer_banner_payload supported=3 required=0
2024-09-16T00:31:36.060 INFO:teuthology.orchestra.run.smithi031.stdout:/usr/bin/ceph: stderr
2024-09-16T00:31:35.248+0000 7f8187fff640 1 --2- >> [v2:172.21.15.31:3300/0,v1:172.21.15.31:6789/0] conn(0x7f8188107a80 0x7f818819a4f0 unknown :-1 s=HELLO_CONNECTING pgs=0 cs=0 l=1 rev1=1 crypto rx=0 tx=0 comp rx=0 tx=0).handle_hello peer v2:172.21.15.31:3300/0 says I am v2:172.21.15.31:42732/0 (socket says 172.21.15.31:42732)
2024-09-16T00:31:36.060 INFO:teuthology.orchestra.run.smithi031.stdout:/usr/bin/ceph: stderr
2024-09-16T00:31:35.248+0000 7f8187fff640 1 -- 172.21.15.31:0/203752434 learned_addr learned my addr 172.21.15.31:0/203752434 (peer_addr_for_me v2:172.21.15.31:0/0)
2024-09-16T00:31:36.060 INFO:teuthology.orchestra.run.smithi031.stdout:/usr/bin/ceph: stderr
2024-09-16T00:31:35.248+0000 7f8187fff640 1 -- 172.21.15.31:0/203752434 --> [v2:172.21.15.31:3300/0,v1:172.21.15.31:6789/0] -- mon_subscribe({config=0+,monmap=0+}) -- 0x7f818819aa30 con 0x7f8188107a80
2024-09-16T00:31:36.060 INFO:teuthology.orchestra.run.smithi031.stdout:/usr/bin/ceph: stderr
2024-09-16T00:31:35.248+0000 7f8187fff640 1 --2- 172.21.15.31:0/203752434 >> [v2:172.21.15.31:3300/0,v1:172.21.15.31:6789/0] conn(0x7f8188107a80 0x7f818819a4f0 secure :-1 s=READY pgs=36 cs=0 l=1 rev1=1 crypto rx=0x7f8178009940 tx=0x7f8178032ce0 comp rx=0 tx=0).ready entity=mon.0 client_cookie=0 server_cookie=0 in_seq=0 out_seq=0
2024-09-16T00:31:36.060 INFO:teuthology.orchestra.run.smithi031.stdout:/usr/bin/ceph: stderr
2024-09-16T00:31:35.248+0000 7f81857fa640 1 -- 172.21.15.31:0/203752434 <== mon.0 v2:172.21.15.31:3300/0 1 ==== mon_map magic: 0 ==== 205+0+0 (secure 0 0 0) 0x7f8178042070 con 0x7f8188107a80
2024-09-16T00:31:36.060 INFO:teuthology.orchestra.run.smithi031.stdout:/usr/bin/ceph: stderr
2024-09-16T00:31:35.249+0000 7f81857fa640 1 -- 172.21.15.31:0/203752434 <== mon.0 v2:172.21.15.31:3300/0 2 ==== config(27 keys) ==== 1109+0+0 (secure 0 0 0) 0x7f81780308c0 con 0x7f8188107a80
2024-09-16T00:31:36.060 INFO:teuthology.orchestra.run.smithi031.stdout:/usr/bin/ceph: stderr
2024-09-16T00:31:35.249+0000 7f818e29a640 1 -- 172.21.15.31:0/203752434 --> [v2:172.21.15.31:3300/0,v1:172.21.15.31:6789/0] -- mon_subscribe({mgrmap=0+}) -- 0x7f818819acc0 con 0x7f8188107a80
2024-09-16T00:31:36.061 INFO:teuthology.orchestra.run.smithi031.stdout:/usr/bin/ceph: stderr
2024-09-16T00:31:35.249+0000 7f81857fa640 1 -- 172.21.15.31:0/203752434 <== mon.0 v2:172.21.15.31:3300/0 3 ==== mon_map magic: 0 ==== 205+0+0 (secure 0 0 0) 0x7f8178037040 con 0x7f8188107a80
2024-09-16T00:31:36.061 INFO:teuthology.orchestra.run.smithi031.stdout:/usr/bin/ceph: stderr
2024-09-16T00:31:35.249+0000 7f818e29a640 1 -- 172.21.15.31:0/203752434 --> [v2:172.21.15.31:3300/0,v1:172.21.15.31:6789/0] -- mon_subscribe({osdmap=0}) -- 0x7f818819d9b0 con 0x7f8188107a80
2024-09-16T00:31:36.061 INFO:teuthology.orchestra.run.smithi031.stdout:/usr/bin/ceph: stderr
2024-09-16T00:31:35.250+0000 7f81857fa640 1 -- 172.21.15.31:0/203752434 <== mon.0 v2:172.21.15.31:3300/0 4 ==== mgrmap(e 7) ==== 46355+0+0 (secure 0 0 0) 0x7f8178045070 con 0x7f8188107a80
2024-09-16T00:31:36.061 INFO:teuthology.orchestra.run.smithi031.stdout:/usr/bin/ceph: stderr
2024-09-16T00:31:35.250+0000 7f818e29a640 1 -- 172.21.15.31:0/203752434 --> [v2:172.21.15.31:3300/0,v1:172.21.15.31:6789/0] -- mon_command({"prefix": "get_command_descriptions"} v 0) -- 0x7f8188107f00 con 0x7f8188107a80
2024-09-16T00:31:36.061 INFO:teuthology.orchestra.run.smithi031.stdout:/usr/bin/ceph: stderr
2024-09-16T00:31:35.250+0000 7f81857fa640 1 --2- 172.21.15.31:0/203752434 >> [v2:172.21.15.31:6800/4219649043,v1:172.21.15.31:6801/4219649043] conn(0x7f81700390a0 0x7f817003b560 unknown :-1 s=NONE pgs=0 cs=0 l=1 rev1=0 crypto rx=0 tx=0 comp rx=0 tx=0).connect
2024-09-16T00:31:36.061 INFO:teuthology.orchestra.run.smithi031.stdout:/usr/bin/ceph: stderr
2024-09-16T00:31:35.250+0000 7f81857fa640 1 -- 172.21.15.31:0/203752434 <== mon.0 v2:172.21.15.31:3300/0 5 ==== osd_map(2..2 src has 1..2) ==== 940+0+0 (secure 0 0 0) 0x7f817806c1b0 con 0x7f8188107a80
2024-09-16T00:31:36.061 INFO:teuthology.orchestra.run.smithi031.stdout:/usr/bin/ceph: stderr
2024-09-16T00:31:35.250+0000 7f81877fe640 1 --2- 172.21.15.31:0/203752434 >> [v2:172.21.15.31:6800/4219649043,v1:172.21.15.31:6801/4219649043] conn(0x7f81700390a0 0x7f817003b560 unknown :-1 s=BANNER_CONNECTING pgs=0 cs=0 l=1 rev1=0 crypto rx=0 tx=0 comp rx=0 tx=0)._handle_peer_banner_payload supported=3 required=0
2024-09-16T00:31:36.061 INFO:teuthology.orchestra.run.smithi031.stdout:/usr/bin/ceph: stderr
2024-09-16T00:31:35.250+0000 7f81877fe640 1 --2- 172.21.15.31:0/203752434 >> [v2:172.21.15.31:6800/4219649043,v1:172.21.15.31:6801/4219649043] conn(0x7f81700390a0 0x7f817003b560 secure :-1 s=READY pgs=7 cs=0 l=1 rev1=1 crypto rx=0x7f817c0098c0 tx=0x7f817c006db0 comp rx=0 tx=0).ready entity=mgr.14118 client_cookie=0 server_cookie=0 in_seq=0 out_seq=0
2024-09-16T00:31:36.061 INFO:teuthology.orchestra.run.smithi031.stdout:/usr/bin/ceph: stderr
2024-09-16T00:31:35.259+0000 7f81857fa640 1 -- 172.21.15.31:0/203752434 <== mon.0 v2:172.21.15.31:3300/0 6 ==== mon_command_ack([{"prefix": "get_command_descriptions"}]=0 v0) ==== 72+0+188821 (secure 0 0 0) 0x7f8178045520 con 0x7f8188107a80
2024-09-16T00:31:36.061 INFO:teuthology.orchestra.run.smithi031.stdout:/usr/bin/ceph: stderr
2024-09-16T00:31:35.448+0000 7f818e29a640 1 -- 172.21.15.31:0/203752434 --> [v2:172.21.15.31:6800/4219649043,v1:172.21.15.31:6801/4219649043] -- mgr_command(tid 0: {"prefix": "orch set backend", "module_name": "cephadm", "target": ["mon-mgr", ""]}) -- 0x7f8188102e90 con 0x7f81700390a0
2024-09-16T00:31:36.061 INFO:teuthology.orchestra.run.smithi031.stdout:/usr/bin/ceph: stderr
2024-09-16T00:31:35.452+0000 7f81857fa640 1 -- 172.21.15.31:0/203752434 <== mgr.14118 v2:172.21.15.31:6800/4219649043 1 ==== mgr_command_reply(tid 0: 0 ) ==== 8+0+0 (secure 0 0 0) 0x7f8188102e90 con 0x7f81700390a0
2024-09-16T00:31:36.061 INFO:teuthology.orchestra.run.smithi031.stdout:/usr/bin/ceph: stderr
2024-09-16T00:31:35.455+0000 7f818e29a640 1 -- 172.21.15.31:0/203752434 >> [v2:172.21.15.31:6800/4219649043,v1:172.21.15.31:6801/4219649043] conn(0x7f81700390a0 msgr2=0x7f817003b560 secure :-1 s=STATE_CONNECTION_ESTABLISHED l=1).mark_down
2024-09-16T00:31:36.061 INFO:teuthology.orchestra.run.smithi031.stdout:/usr/bin/ceph: stderr
2024-09-16T00:31:35.455+0000 7f818e29a640 1 --2- 172.21.15.31:0/203752434 >> [v2:172.21.15.31:6800/4219649043,v1:172.21.15.31:6801/4219649043] conn(0x7f81700390a0 0x7f817003b560 secure :-1 s=READY pgs=7 cs=0 l=1 rev1=1 crypto rx=0x7f817c0098c0 tx=0x7f817c006db0 comp rx=0 tx=0).stop
2024-09-16T00:31:36.062 INFO:teuthology.orchestra.run.smithi031.stdout:/usr/bin/ceph: stderr
2024-09-16T00:31:35.455+0000 7f818e29a640 1 -- 172.21.15.31:0/203752434 >> [v2:172.21.15.31:3300/0,v1:172.21.15.31:6789/0] conn(0x7f8188107a80 msgr2=0x7f818819a4f0 secure :-1 s=STATE_CONNECTION_ESTABLISHED l=1).mark_down
2024-09-16T00:31:36.062 INFO:teuthology.orchestra.run.smithi031.stdout:/usr/bin/ceph: stderr
2024-09-16T00:31:35.455+0000 7f818e29a640 1 --2- 172.21.15.31:0/203752434 >> [v2:172.21.15.31:3300/0,v1:172.21.15.31:6789/0] conn(0x7f8188107a80 0x7f818819a4f0 secure :-1 s=READY pgs=36 cs=0 l=1 rev1=1 crypto rx=0x7f8178009940 tx=0x7f8178032ce0 comp rx=0 tx=0).stop
2024-09-16T00:31:36.062 INFO:teuthology.orchestra.run.smithi031.stdout:/usr/bin/ceph: stderr
2024-09-16T00:31:35.455+0000 7f818e29a640 1 -- 172.21.15.31:0/203752434 shutdown_connections
2024-09-16T00:31:36.062 INFO:teuthology.orchestra.run.smithi031.stdout:/usr/bin/ceph: stderr
2024-09-16T00:31:35.455+0000 7f818e29a640 1 --2- 172.21.15.31:0/203752434 >> [v2:172.21.15.31:6800/4219649043,v1:172.21.15.31:6801/4219649043] conn(0x7f81700390a0 0x7f817003b560 unknown :-1 s=CLOSED pgs=7 cs=0 l=1 rev1=1 crypto rx=0 tx=0 comp rx=0 tx=0).stop
2024-09-16T00:31:36.062 INFO:teuthology.orchestra.run.smithi031.stdout:/usr/bin/ceph: stderr
2024-09-16T00:31:35.455+0000 7f818e29a640 1 --2- 172.21.15.31:0/203752434 >> [v2:172.21.15.31:3300/0,v1:172.21.15.31:6789/0] conn(0x7f8188107a80 0x7f818819a4f0 unknown :-1 s=CLOSED pgs=36 cs=0 l=1 rev1=1 crypto rx=0 tx=0 comp rx=0 tx=0).stop
2024-09-16T00:31:36.062 INFO:teuthology.orchestra.run.smithi031.stdout:/usr/bin/ceph: stderr
2024-09-16T00:31:35.455+0000 7f818e29a640 1 -- 172.21.15.31:0/203752434 >> 172.21.15.31:0/203752434 conn(0x7f8188101af0 msgr2=0x7f8188102780 unknown :-1 s=STATE_NONE l=0).mark_down
2024-09-16T00:31:36.062 INFO:teuthology.orchestra.run.smithi031.stdout:/usr/bin/ceph: stderr
2024-09-16T00:31:35.455+0000 7f818e29a640 1 -- 172.21.15.31:0/203752434 shutdown_connections
2024-09-16T00:31:36.062 INFO:teuthology.orchestra.run.smithi031.stdout:/usr/bin/ceph: stderr
2024-09-16T00:31:35.455+0000 7f818e29a640 1 -- 172.21.15.31:0/203752434 wait complete.
2024-09-16T00:31:37.123 INFO:journalctl@ceph.mon.a.smithi031.stdout:Sep 16 00:31:36 smithi031 ceph-mon[30956]: [16/Sep/2024:00:31:35] ENGINE Bus STARTING
2024-09-16T00:31:37.123 INFO:journalctl@ceph.mon.a.smithi031.stdout:Sep 16 00:31:36 smithi031 ceph-mon[30956]: from='client.14130 -' entity='client.admin' cmd=[{"prefix": "orch set backend", "module_name": "cephadm", "target": ["mon-mgr", ""]}]: dispatch
2024-09-16T00:31:37.124 INFO:journalctl@ceph.mon.a.smithi031.stdout:Sep 16 00:31:36 smithi031 ceph-mon[30956]: [16/Sep/2024:00:31:35] ENGINE Serving on https://172.21.15.31:7150
2024-09-16T00:31:37.124 INFO:journalctl@ceph.mon.a.smithi031.stdout:Sep 16 00:31:36 smithi031 ceph-mon[30956]: [16/Sep/2024:00:31:35] ENGINE Error in HTTPServer.serve
2024-09-16T00:31:37.124 INFO:journalctl@ceph.mon.a.smithi031.stdout: Traceback (most recent call last):
2024-09-16T00:31:37.124 INFO:journalctl@ceph.mon.a.smithi031.stdout: File "/lib/python3.9/site-packages/cheroot/server.py", line 1823, in serve
2024-09-16T00:31:37.124 INFO:journalctl@ceph.mon.a.smithi031.stdout: self._connections.run(self.expiration_interval)
2024-09-16T00:31:37.124 INFO:journalctl@ceph.mon.a.smithi031.stdout: File "/lib/python3.9/site-packages/cheroot/connections.py", line 203, in run
2024-09-16T00:31:37.124 INFO:journalctl@ceph.mon.a.smithi031.stdout: self._run(expiration_interval)
2024-09-16T00:31:37.124 INFO:journalctl@ceph.mon.a.smithi031.stdout: File "/lib/python3.9/site-packages/cheroot/connections.py", line 246, in _run
2024-09-16T00:31:37.124 INFO:journalctl@ceph.mon.a.smithi031.stdout: new_conn = self._from_server_socket(self.server.socket)
2024-09-16T00:31:37.124 INFO:journalctl@ceph.mon.a.smithi031.stdout: File "/lib/python3.9/site-packages/cheroot/connections.py", line 300, in _from_server_socket
2024-09-16T00:31:37.124 INFO:journalctl@ceph.mon.a.smithi031.stdout: s, ssl_env = self.server.ssl_adapter.wrap(s)
2024-09-16T00:31:37.124 INFO:journalctl@ceph.mon.a.smithi031.stdout: File "/lib/python3.9/site-packages/cheroot/ssl/builtin.py", line 277, in wrap
2024-09-16T00:31:37.125 INFO:journalctl@ceph.mon.a.smithi031.stdout: s = self.context.wrap_socket(
2024-09-16T00:31:37.125 INFO:journalctl@ceph.mon.a.smithi031.stdout: File "/lib64/python3.9/ssl.py", line 501, in wrap_socket
2024-09-16T00:31:37.125 INFO:journalctl@ceph.mon.a.smithi031.stdout: return self.sslsocket_class._create(
2024-09-16T00:31:37.125 INFO:journalctl@ceph.mon.a.smithi031.stdout: File "/lib64/python3.9/ssl.py", line 1074, in _create
2024-09-16T00:31:37.125 INFO:journalctl@ceph.mon.a.smithi031.stdout: self.do_handshake()
2024-09-16T00:31:37.125 INFO:journalctl@ceph.mon.a.smithi031.stdout: File "/lib64/python3.9/ssl.py", line 1343, in do_handshake
2024-09-16T00:31:37.125 INFO:journalctl@ceph.mon.a.smithi031.stdout: self._sslobj.do_handshake()
2024-09-16T00:31:37.125 INFO:journalctl@ceph.mon.a.smithi031.stdout: ssl.SSLZeroReturnError: TLS/SSL connection has been closed (EOF) (_ssl.c:1133)
2024-09-16T00:31:37.125 INFO:journalctl@ceph.mon.a.smithi031.stdout:Sep 16 00:31:36 smithi031 ceph-mon[30956]: [16/Sep/2024:00:31:35] ENGINE Serving on http://172.21.15.31:8765
2024-09-16T00:31:37.125 INFO:journalctl@ceph.mon.a.smithi031.stdout:Sep 16 00:31:36 smithi031 ceph-mon[30956]: [16/Sep/2024:00:31:35] ENGINE Bus STARTED
2024-09-16T00:31:37.125 INFO:journalctl@ceph.mon.a.smithi031.stdout:Sep 16 00:31:36 smithi031 ceph-mon[30956]: mgrmap e8: x(active, since 2s)
2024-09-16T00:31:37.130 INFO:teuthology.orchestra.run.smithi031.stdout:/usr/bin/ceph: stdout value unchanged
2024-09-16T00:31:37.131 INFO:teuthology.orchestra.run.smithi031.stdout:/usr/bin/ceph: stderr
2024-09-16T00:31:36.392+0000 7f1781ebe640 1 Processor -- start
2024-09-16T00:31:37.131 INFO:teuthology.orchestra.run.smithi031.stdout:/usr/bin/ceph: stderr
2024-09-16T00:31:36.392+0000 7f1781ebe640 1 -- start start
2024-09-16T00:31:37.131 INFO:teuthology.orchestra.run.smithi031.stdout:/usr/bin/ceph: stderr
2024-09-16T00:31:36.392+0000 7f1781ebe640 1 --2- >> [v2:172.21.15.31:3300/0,v1:172.21.15.31:6789/0] conn(0x7f177c109890 0x7f177c109c90 unknown :-1 s=NONE pgs=0 cs=0 l=0 rev1=0 crypto rx=0 tx=0 comp rx=0 tx=0).connect
2024-09-16T00:31:37.131 INFO:teuthology.orchestra.run.smithi031.stdout:/usr/bin/ceph: stderr
2024-09-16T00:31:36.392+0000 7f1781ebe640 1 -- --> [v2:172.21.15.31:3300/0,v1:172.21.15.31:6789/0] -- mon_getmap magic: 0 -- 0x7f177c10a260 con 0x7f177c109890
2024-09-16T00:31:37.131 INFO:teuthology.orchestra.run.smithi031.stdout:/usr/bin/ceph: stderr
2024-09-16T00:31:36.392+0000 7f177b7fe640 1 --2- >> [v2:172.21.15.31:3300/0,v1:172.21.15.31:6789/0] conn(0x7f177c109890 0x7f177c109c90 unknown :-1 s=BANNER_CONNECTING pgs=0 cs=0 l=0 rev1=0 crypto rx=0 tx=0 comp rx=0 tx=0)._handle_peer_banner_payload supported=3 required=0
2024-09-16T00:31:37.131 INFO:teuthology.orchestra.run.smithi031.stdout:/usr/bin/ceph: stderr
2024-09-16T00:31:36.392+0000 7f177b7fe640 1 --2- >> [v2:172.21.15.31:3300/0,v1:172.21.15.31:6789/0] conn(0x7f177c109890 0x7f177c109c90 unknown :-1 s=HELLO_CONNECTING pgs=0 cs=0 l=0 rev1=1 crypto rx=0 tx=0 comp rx=0 tx=0).handle_hello peer v2:172.21.15.31:3300/0 says I am v2:172.21.15.31:42742/0 (socket says 172.21.15.31:42742)
2024-09-16T00:31:37.131 INFO:teuthology.orchestra.run.smithi031.stdout:/usr/bin/ceph: stderr
2024-09-16T00:31:36.393+0000 7f177b7fe640 1 -- 172.21.15.31:0/2115425935 learned_addr learned my addr 172.21.15.31:0/2115425935 (peer_addr_for_me v2:172.21.15.31:0/0)
2024-09-16T00:31:37.131 INFO:teuthology.orchestra.run.smithi031.stdout:/usr/bin/ceph: stderr
2024-09-16T00:31:36.393+0000 7f177b7fe640 1 -- 172.21.15.31:0/2115425935 --> [v2:172.21.15.31:3300/0,v1:172.21.15.31:6789/0] -- mon_subscribe({config=0+,monmap=0+}) -- 0x7f177c10a890 con 0x7f177c109890
2024-09-16T00:31:37.131 INFO:teuthology.orchestra.run.smithi031.stdout:/usr/bin/ceph: stderr
2024-09-16T00:31:36.393+0000 7f177b7fe640 1 --2- 172.21.15.31:0/2115425935 >> [v2:172.21.15.31:3300/0,v1:172.21.15.31:6789/0] conn(0x7f177c109890 0x7f177c109c90 secure :-1 s=READY pgs=37 cs=0 l=1 rev1=1 crypto rx=0x7f176c009820 tx=0x7f176c02a270 comp rx=0 tx=0).ready entity=mon.0 client_cookie=212e9448ed589bca server_cookie=0 in_seq=0 out_seq=0
2024-09-16T00:31:37.131 INFO:teuthology.orchestra.run.smithi031.stdout:/usr/bin/ceph: stderr
2024-09-16T00:31:36.394+0000 7f177a7fc640 1 -- 172.21.15.31:0/2115425935 <== mon.0 v2:172.21.15.31:3300/0 1 ==== mon_map magic: 0 ==== 205+0+0 (secure 0 0 0) 0x7f176c037070 con 0x7f177c109890
2024-09-16T00:31:37.131 INFO:teuthology.orchestra.run.smithi031.stdout:/usr/bin/ceph: stderr
2024-09-16T00:31:36.394+0000 7f177a7fc640 1 -- 172.21.15.31:0/2115425935 <== mon.0 v2:172.21.15.31:3300/0 2 ==== config(27 keys) ==== 1109+0+0 (secure 0 0 0) 0x7f176c032900 con 0x7f177c109890
2024-09-16T00:31:37.131 INFO:teuthology.orchestra.run.smithi031.stdout:/usr/bin/ceph: stderr
2024-09-16T00:31:36.394+0000 7f177a7fc640 1 -- 172.21.15.31:0/2115425935 <== mon.0 v2:172.21.15.31:3300/0 3 ==== mon_map magic: 0 ==== 205+0+0 (secure 0 0 0) 0x7f176c030850 con 0x7f177c109890
2024-09-16T00:31:37.131 INFO:teuthology.orchestra.run.smithi031.stdout:/usr/bin/ceph: stderr
2024-09-16T00:31:36.394+0000 7f1781ebe640 1 -- 172.21.15.31:0/2115425935 >> [v2:172.21.15.31:3300/0,v1:172.21.15.31:6789/0] conn(0x7f177c109890 msgr2=0x7f177c109c90 secure :-1 s=STATE_CONNECTION_ESTABLISHED l=1).mark_down
2024-09-16T00:31:37.132 INFO:teuthology.orchestra.run.smithi031.stdout:/usr/bin/ceph: stderr
2024-09-16T00:31:36.394+0000 7f1781ebe640 1 --2- 172.21.15.31:0/2115425935 >> [v2:172.21.15.31:3300/0,v1:172.21.15.31:6789/0] conn(0x7f177c109890 0x7f177c109c90 secure :-1 s=READY pgs=37 cs=0 l=1 rev1=1 crypto rx=0x7f176c009820 tx=0x7f176c02a270 comp rx=0 tx=0).stop
2024-09-16T00:31:37.132 INFO:teuthology.orchestra.run.smithi031.stdout:/usr/bin/ceph: stderr
2024-09-16T00:31:36.394+0000 7f1781ebe640 1 -- 172.21.15.31:0/2115425935 shutdown_connections
2024-09-16T00:31:37.132 INFO:teuthology.orchestra.run.smithi031.stdout:/usr/bin/ceph: stderr
2024-09-16T00:31:36.394+0000 7f1781ebe640 1 --2- 172.21.15.31:0/2115425935 >> [v2:172.21.15.31:3300/0,v1:172.21.15.31:6789/0] conn(0x7f177c109890 0x7f177c109c90 unknown :-1 s=CLOSED pgs=37 cs=0 l=1 rev1=1 crypto rx=0 tx=0 comp rx=0 tx=0).stop
2024-09-16T00:31:37.132 INFO:teuthology.orchestra.run.smithi031.stdout:/usr/bin/ceph: stderr
2024-09-16T00:31:36.394+0000 7f1781ebe640 1 -- 172.21.15.31:0/2115425935 >> 172.21.15.31:0/2115425935 conn(0x7f177c07ccc0 msgr2=0x7f177c07d0d0 unknown :-1 s=STATE_NONE l=0).mark_down
2024-09-16T00:31:37.132 INFO:teuthology.orchestra.run.smithi031.stdout:/usr/bin/ceph: stderr
2024-09-16T00:31:36.394+0000 7f1781ebe640 1 -- 172.21.15.31:0/2115425935 shutdown_connections
2024-09-16T00:31:37.132 INFO:teuthology.orchestra.run.smithi031.stdout:/usr/bin/ceph: stderr
2024-09-16T00:31:36.394+0000 7f1781ebe640 1 -- 172.21.15.31:0/2115425935 wait complete.
2024-09-16T00:31:37.132 INFO:teuthology.orchestra.run.smithi031.stdout:/usr/bin/ceph: stderr
2024-09-16T00:31:36.395+0000 7f1781ebe640 1 Processor -- start
2024-09-16T00:31:37.132 INFO:teuthology.orchestra.run.smithi031.stdout:/usr/bin/ceph: stderr
2024-09-16T00:31:36.395+0000 7f1781ebe640 1 -- start start
2024-09-16T00:31:37.132 INFO:teuthology.orchestra.run.smithi031.stdout:/usr/bin/ceph: stderr
2024-09-16T00:31:36.395+0000 7f1781ebe640 1 --2- >> [v2:172.21.15.31:3300/0,v1:172.21.15.31:6789/0] conn(0x7f177c109890 0x7f177c19d6e0 unknown :-1 s=NONE pgs=0 cs=0 l=1 rev1=0 crypto rx=0 tx=0 comp rx=0 tx=0).connect
2024-09-16T00:31:37.132 INFO:teuthology.orchestra.run.smithi031.stdout:/usr/bin/ceph: stderr
2024-09-16T00:31:36.395+0000 7f1781ebe640 1 -- --> [v2:172.21.15.31:3300/0,v1:172.21.15.31:6789/0] -- mon_getmap magic: 0 -- 0x7f177c10dc40 con 0x7f177c109890
2024-09-16T00:31:37.132 INFO:teuthology.orchestra.run.smithi031.stdout:/usr/bin/ceph: stderr
2024-09-16T00:31:36.395+0000 7f177b7fe640 1 --2- >> [v2:172.21.15.31:3300/0,v1:172.21.15.31:6789/0] conn(0x7f177c109890 0x7f177c19d6e0 unknown :-1 s=BANNER_CONNECTING pgs=0 cs=0 l=1 rev1=0 crypto rx=0 tx=0 comp rx=0 tx=0)._handle_peer_banner_payload supported=3 required=0
2024-09-16T00:31:37.132 INFO:teuthology.orchestra.run.smithi031.stdout:/usr/bin/ceph: stderr
2024-09-16T00:31:36.395+0000 7f177b7fe640 1 --2- >> [v2:172.21.15.31:3300/0,v1:172.21.15.31:6789/0] conn(0x7f177c109890 0x7f177c19d6e0 unknown :-1 s=HELLO_CONNECTING pgs=0 cs=0 l=1 rev1=1 crypto rx=0 tx=0 comp rx=0 tx=0).handle_hello peer v2:172.21.15.31:3300/0 says I am v2:172.21.15.31:42748/0 (socket says 172.21.15.31:42748)
2024-09-16T00:31:37.133 INFO:teuthology.orchestra.run.smithi031.stdout:/usr/bin/ceph: stderr
2024-09-16T00:31:36.395+0000 7f177b7fe640 1 -- 172.21.15.31:0/4045313460 learned_addr learned my addr 172.21.15.31:0/4045313460 (peer_addr_for_me v2:172.21.15.31:0/0)
2024-09-16T00:31:37.133 INFO:teuthology.orchestra.run.smithi031.stdout:/usr/bin/ceph: stderr
2024-09-16T00:31:36.396+0000 7f177b7fe640 1 -- 172.21.15.31:0/4045313460 --> [v2:172.21.15.31:3300/0,v1:172.21.15.31:6789/0] -- mon_subscribe({config=0+,monmap=0+}) -- 0x7f177c19dc20 con 0x7f177c109890
2024-09-16T00:31:37.133 INFO:teuthology.orchestra.run.smithi031.stdout:/usr/bin/ceph: stderr
2024-09-16T00:31:36.396+0000 7f177b7fe640 1 --2- 172.21.15.31:0/4045313460 >> [v2:172.21.15.31:3300/0,v1:172.21.15.31:6789/0] conn(0x7f177c109890 0x7f177c19d6e0 secure :-1 s=READY pgs=38 cs=0 l=1 rev1=1 crypto rx=0x7f176c0097f0 tx=0x7f176c030d80 comp rx=0 tx=0).ready entity=mon.0 client_cookie=0 server_cookie=0 in_seq=0 out_seq=0
2024-09-16T00:31:37.133 INFO:teuthology.orchestra.run.smithi031.stdout:/usr/bin/ceph: stderr
2024-09-16T00:31:36.396+0000 7f1778ff9640 1 -- 172.21.15.31:0/4045313460 <== mon.0 v2:172.21.15.31:3300/0 1 ==== mon_map magic: 0 ==== 205+0+0 (secure 0 0 0) 0x7f176c037040 con 0x7f177c109890
2024-09-16T00:31:37.133 INFO:teuthology.orchestra.run.smithi031.stdout:/usr/bin/ceph: stderr
2024-09-16T00:31:36.396+0000 7f1778ff9640 1 -- 172.21.15.31:0/4045313460 <== mon.0 v2:172.21.15.31:3300/0 2 ==== config(27 keys) ==== 1109+0+0 (secure 0 0 0) 0x7f176c040070 con 0x7f177c109890
2024-09-16T00:31:37.133 INFO:teuthology.orchestra.run.smithi031.stdout:/usr/bin/ceph: stderr
2024-09-16T00:31:36.396+0000 7f1781ebe640 1 -- 172.21.15.31:0/4045313460 --> [v2:172.21.15.31:3300/0,v1:172.21.15.31:6789/0] -- mon_subscribe({mgrmap=0+}) -- 0x7f177c19deb0 con 0x7f177c109890
2024-09-16T00:31:37.133 INFO:teuthology.orchestra.run.smithi031.stdout:/usr/bin/ceph: stderr
2024-09-16T00:31:36.396+0000 7f1778ff9640 1 -- 172.21.15.31:0/4045313460 <== mon.0 v2:172.21.15.31:3300/0 3 ==== mon_map magic: 0 ==== 205+0+0 (secure 0 0 0) 0x7f176c03a390 con 0x7f177c109890
2024-09-16T00:31:37.133 INFO:teuthology.orchestra.run.smithi031.stdout:/usr/bin/ceph: stderr
2024-09-16T00:31:36.396+0000 7f1781ebe640 1 -- 172.21.15.31:0/4045313460 --> [v2:172.21.15.31:3300/0,v1:172.21.15.31:6789/0] -- mon_subscribe({osdmap=0}) -- 0x7f177c1a0ba0 con 0x7f177c109890
2024-09-16T00:31:37.133 INFO:teuthology.orchestra.run.smithi031.stdout:/usr/bin/ceph: stderr
2024-09-16T00:31:36.397+0000 7f1778ff9640 1 -- 172.21.15.31:0/4045313460 <== mon.0 v2:172.21.15.31:3300/0 4 ==== mgrmap(e 8) ==== 46461+0+0 (secure 0 0 0) 0x7f176c03a630 con 0x7f177c109890
2024-09-16T00:31:37.133 INFO:teuthology.orchestra.run.smithi031.stdout:/usr/bin/ceph: stderr
2024-09-16T00:31:36.397+0000 7f1778ff9640 1 --2- 172.21.15.31:0/4045313460 >> [v2:172.21.15.31:6800/4219649043,v1:172.21.15.31:6801/4219649043] conn(0x7f17640391b0 0x7f176403b670 unknown :-1 s=NONE pgs=0 cs=0 l=1 rev1=0 crypto rx=0 tx=0 comp rx=0 tx=0).connect
2024-09-16T00:31:37.133 INFO:teuthology.orchestra.run.smithi031.stdout:/usr/bin/ceph: stderr
2024-09-16T00:31:36.397+0000 7f1778ff9640 1 -- 172.21.15.31:0/4045313460 <== mon.0 v2:172.21.15.31:3300/0 5 ==== osd_map(2..2 src has 1..2) ==== 940+0+0 (secure 0 0 0) 0x7f176c06ca70 con 0x7f177c109890
2024-09-16T00:31:37.133 INFO:teuthology.orchestra.run.smithi031.stdout:/usr/bin/ceph: stderr
2024-09-16T00:31:36.397+0000 7f1781ebe640 1 -- 172.21.15.31:0/4045313460 --> [v2:172.21.15.31:3300/0,v1:172.21.15.31:6789/0] -- mon_command({"prefix": "get_command_descriptions"} v 0) -- 0x7f177c109c90 con 0x7f177c109890
2024-09-16T00:31:37.133 INFO:teuthology.orchestra.run.smithi031.stdout:/usr/bin/ceph: stderr
2024-09-16T00:31:36.397+0000 7f177affd640 1 --2- 172.21.15.31:0/4045313460 >> [v2:172.21.15.31:6800/4219649043,v1:172.21.15.31:6801/4219649043] conn(0x7f17640391b0 0x7f176403b670 unknown :-1 s=BANNER_CONNECTING pgs=0 cs=0 l=1 rev1=0 crypto rx=0 tx=0 comp rx=0 tx=0)._handle_peer_banner_payload supported=3 required=0
2024-09-16T00:31:37.134 INFO:teuthology.orchestra.run.smithi031.stdout:/usr/bin/ceph: stderr
2024-09-16T00:31:36.398+0000 7f177affd640 1 --2- 172.21.15.31:0/4045313460 >> [v2:172.21.15.31:6800/4219649043,v1:172.21.15.31:6801/4219649043] conn(0x7f17640391b0 0x7f176403b670 secure :-1 s=READY pgs=8 cs=0 l=1 rev1=1 crypto rx=0x7f17700098c0 tx=0x7f1770006db0 comp rx=0 tx=0).ready entity=mgr.14118 client_cookie=0 server_cookie=0 in_seq=0 out_seq=0
2024-09-16T00:31:37.134 INFO:teuthology.orchestra.run.smithi031.stdout:/usr/bin/ceph: stderr
2024-09-16T00:31:36.402+0000 7f1778ff9640 1 -- 172.21.15.31:0/4045313460 <== mon.0 v2:172.21.15.31:3300/0 6 ==== mon_command_ack([{"prefix": "get_command_descriptions"}]=0 v0) ==== 72+0+188821 (secure 0 0 0) 0x7f176c04a200 con 0x7f177c109890
2024-09-16T00:31:37.134 INFO:teuthology.orchestra.run.smithi031.stdout:/usr/bin/ceph: stderr
2024-09-16T00:31:36.578+0000 7f1781ebe640 1 -- 172.21.15.31:0/4045313460 --> [v2:172.21.15.31:6800/4219649043,v1:172.21.15.31:6801/4219649043] -- mgr_command(tid 0: {"prefix": "cephadm set-user", "user": "root", "target": ["mon-mgr", ""]}) -- 0x7f177c107bd0 con 0x7f17640391b0
2024-09-16T00:31:37.134 INFO:teuthology.orchestra.run.smithi031.stdout:/usr/bin/ceph: stderr
2024-09-16T00:31:36.578+0000 7f1778ff9640 1 -- 172.21.15.31:0/4045313460 <== mgr.14118 v2:172.21.15.31:6800/4219649043 1 ==== mgr_command_reply(tid 0: 0 ) ==== 8+0+16 (secure 0 0 0) 0x7f177c107bd0 con 0x7f17640391b0
2024-09-16T00:31:37.134 INFO:teuthology.orchestra.run.smithi031.stdout:/usr/bin/ceph: stderr
2024-09-16T00:31:36.581+0000 7f1781ebe640 1 -- 172.21.15.31:0/4045313460 >> [v2:172.21.15.31:6800/4219649043,v1:172.21.15.31:6801/4219649043] conn(0x7f17640391b0 msgr2=0x7f176403b670 secure :-1 s=STATE_CONNECTION_ESTABLISHED l=1).mark_down
2024-09-16T00:31:37.134 INFO:teuthology.orchestra.run.smithi031.stdout:/usr/bin/ceph: stderr
2024-09-16T00:31:36.581+0000 7f1781ebe640 1 --2- 172.21.15.31:0/4045313460 >> [v2:172.21.15.31:6800/4219649043,v1:172.21.15.31:6801/4219649043] conn(0x7f17640391b0 0x7f176403b670 secure :-1 s=READY pgs=8 cs=0 l=1 rev1=1 crypto rx=0x7f17700098c0 tx=0x7f1770006db0 comp rx=0 tx=0).stop
2024-09-16T00:31:37.134 INFO:teuthology.orchestra.run.smithi031.stdout:/usr/bin/ceph: stderr
2024-09-16T00:31:36.581+0000 7f1781ebe640 1 -- 172.21.15.31:0/4045313460 >> [v2:172.21.15.31:3300/0,v1:172.21.15.31:6789/0] conn(0x7f177c109890 msgr2=0x7f177c19d6e0 secure :-1 s=STATE_CONNECTION_ESTABLISHED l=1).mark_down
2024-09-16T00:31:37.134 INFO:teuthology.orchestra.run.smithi031.stdout:/usr/bin/ceph: stderr
2024-09-16T00:31:36.581+0000 7f1781ebe640 1 --2- 172.21.15.31:0/4045313460 >> [v2:172.21.15.31:3300/0,v1:172.21.15.31:6789/0] conn(0x7f177c109890 0x7f177c19d6e0 secure :-1 s=READY pgs=38 cs=0 l=1 rev1=1 crypto rx=0x7f176c0097f0 tx=0x7f176c030d80 comp rx=0 tx=0).stop
2024-09-16T00:31:37.134 INFO:teuthology.orchestra.run.smithi031.stdout:/usr/bin/ceph: stderr
2024-09-16T00:31:36.581+0000 7f1781ebe640 1 -- 172.21.15.31:0/4045313460 shutdown_connections
2024-09-16T00:31:37.134 INFO:teuthology.orchestra.run.smithi031.stdout:/usr/bin/ceph: stderr
2024-09-16T00:31:36.581+0000 7f1781ebe640 1 --2- 172.21.15.31:0/4045313460 >> [v2:172.21.15.31:6800/4219649043,v1:172.21.15.31:6801/4219649043] conn(0x7f17640391b0 0x7f176403b670 unknown :-1 s=CLOSED pgs=8 cs=0 l=1 rev1=1 crypto rx=0 tx=0 comp rx=0 tx=0).stop
2024-09-16T00:31:37.134 INFO:teuthology.orchestra.run.smithi031.stdout:/usr/bin/ceph: stderr
2024-09-16T00:31:36.581+0000 7f1781ebe640 1 --2- 172.21.15.31:0/4045313460 >> [v2:172.21.15.31:3300/0,v1:172.21.15.31:6789/0] conn(0x7f177c109890 0x7f177c19d6e0 unknown :-1 s=CLOSED pgs=38 cs=0 l=1 rev1=1 crypto rx=0 tx=0 comp rx=0 tx=0).stop
2024-09-16T00:31:37.134 INFO:teuthology.orchestra.run.smithi031.stdout:/usr/bin/ceph: stderr
2024-09-16T00:31:36.581+0000 7f1781ebe640 1 -- 172.21.15.31:0/4045313460 >> 172.21.15.31:0/4045313460 conn(0x7f177c07ccc0 msgr2=0x7f177c1074c0 unknown :-1 s=STATE_NONE l=0).mark_down
2024-09-16T00:31:37.134 INFO:teuthology.orchestra.run.smithi031.stdout:/usr/bin/ceph: stderr
2024-09-16T00:31:36.581+0000 7f1781ebe640 1 -- 172.21.15.31:0/4045313460 shutdown_connections
2024-09-16T00:31:37.134 INFO:teuthology.orchestra.run.smithi031.stdout:/usr/bin/ceph: stderr
2024-09-16T00:31:36.581+0000 7f1781ebe640 1 -- 172.21.15.31:0/4045313460 wait complete.
2024-09-16T00:31:37.135 INFO:teuthology.orchestra.run.smithi031.stdout:Generating ssh key...
2024-09-16T00:31:38.304 INFO:journalctl@ceph.mon.a.smithi031.stdout:Sep 16 00:31:37 smithi031 ceph-mon[30956]: from='client.14132 -' entity='client.admin' cmd=[{"prefix": "cephadm set-user", "user": "root", "target": ["mon-mgr", ""]}]: dispatch
2024-09-16T00:31:38.604 INFO:journalctl@ceph.mgr.x.smithi031.stdout:Sep 16 00:31:38 smithi031 ceph-ccb601ea-73c2-11ef-bceb-c7b262605968-mgr-x[31187]: Generating public/private rsa key pair.
2024-09-16T00:31:38.604 INFO:journalctl@ceph.mgr.x.smithi031.stdout:Sep 16 00:31:38 smithi031 ceph-ccb601ea-73c2-11ef-bceb-c7b262605968-mgr-x[31187]: Your identification has been saved in /tmp/tmpx709qldl/key
2024-09-16T00:31:38.604 INFO:journalctl@ceph.mgr.x.smithi031.stdout:Sep 16 00:31:38 smithi031 ceph-ccb601ea-73c2-11ef-bceb-c7b262605968-mgr-x[31187]: Your public key has been saved in /tmp/tmpx709qldl/key.pub
2024-09-16T00:31:38.604 INFO:journalctl@ceph.mgr.x.smithi031.stdout:Sep 16 00:31:38 smithi031 ceph-ccb601ea-73c2-11ef-bceb-c7b262605968-mgr-x[31187]: The key fingerprint is:
2024-09-16T00:31:38.604 INFO:journalctl@ceph.mgr.x.smithi031.stdout:Sep 16 00:31:38 smithi031 ceph-ccb601ea-73c2-11ef-bceb-c7b262605968-mgr-x[31187]: SHA256:NXnxpl05zlDeGmt/kTaRjJzTDazlvKGG+hfuhnCyCgo ceph-ccb601ea-73c2-11ef-bceb-c7b262605968
2024-09-16T00:31:38.604 INFO:journalctl@ceph.mgr.x.smithi031.stdout:Sep 16 00:31:38 smithi031 ceph-ccb601ea-73c2-11ef-bceb-c7b262605968-mgr-x[31187]: The key's randomart image is:
2024-09-16T00:31:38.604 INFO:journalctl@ceph.mgr.x.smithi031.stdout:Sep 16 00:31:38 smithi031 ceph-ccb601ea-73c2-11ef-bceb-c7b262605968-mgr-x[31187]: +---[RSA 3072]----+
2024-09-16T00:31:38.605 INFO:journalctl@ceph.mgr.x.smithi031.stdout:Sep 16 00:31:38 smithi031 ceph-ccb601ea-73c2-11ef-bceb-c7b262605968-mgr-x[31187]: | .... |
2024-09-16T00:31:38.605 INFO:journalctl@ceph.mgr.x.smithi031.stdout:Sep 16 00:31:38 smithi031 ceph-ccb601ea-73c2-11ef-bceb-c7b262605968-mgr-x[31187]: | ..oX.=|
2024-09-16T00:31:38.605 INFO:journalctl@ceph.mgr.x.smithi031.stdout:Sep 16 00:31:38 smithi031 ceph-ccb601ea-73c2-11ef-bceb-c7b262605968-mgr-x[31187]: | + .@+O+|
2024-09-16T00:31:38.605 INFO:journalctl@ceph.mgr.x.smithi031.stdout:Sep 16 00:31:38 smithi031 ceph-ccb601ea-73c2-11ef-bceb-c7b262605968-mgr-x[31187]: | . o.+O=+|
2024-09-16T00:31:38.605 INFO:journalctl@ceph.mgr.x.smithi031.stdout:Sep 16 00:31:38 smithi031 ceph-ccb601ea-73c2-11ef-bceb-c7b262605968-mgr-x[31187]: | S ...=X |
2024-09-16T00:31:38.605 INFO:journalctl@ceph.mgr.x.smithi031.stdout:Sep 16 00:31:38 smithi031 ceph-ccb601ea-73c2-11ef-bceb-c7b262605968-mgr-x[31187]: | o o +.o.o|
2024-09-16T00:31:38.605 INFO:journalctl@ceph.mgr.x.smithi031.stdout:Sep 16 00:31:38 smithi031 ceph-ccb601ea-73c2-11ef-bceb-c7b262605968-mgr-x[31187]: |E . * + . o|
2024-09-16T00:31:38.605 INFO:journalctl@ceph.mgr.x.smithi031.stdout:Sep 16 00:31:38 smithi031 ceph-ccb601ea-73c2-11ef-bceb-c7b262605968-mgr-x[31187]: | . . . o . + .|
2024-09-16T00:31:38.605 INFO:journalctl@ceph.mgr.x.smithi031.stdout:Sep 16 00:31:38 smithi031 ceph-ccb601ea-73c2-11ef-bceb-c7b262605968-mgr-x[31187]: | . .. ..+. |
2024-09-16T00:31:38.605 INFO:journalctl@ceph.mgr.x.smithi031.stdout:Sep 16 00:31:38 smithi031 ceph-ccb601ea-73c2-11ef-bceb-c7b262605968-mgr-x[31187]: +----[SHA256]-----+
2024-09-16T00:31:38.865 INFO:teuthology.orchestra.run.smithi031.stdout:/usr/bin/ceph: stderr
2024-09-16T00:31:37.480+0000 7f898559e640 1 Processor -- start
2024-09-16T00:31:38.865 INFO:teuthology.orchestra.run.smithi031.stdout:/usr/bin/ceph: stderr
2024-09-16T00:31:37.481+0000 7f898559e640 1 -- start start
2024-09-16T00:31:38.865 INFO:teuthology.orchestra.run.smithi031.stdout:/usr/bin/ceph: stderr
2024-09-16T00:31:37.481+0000 7f898559e640 1 --2- >> [v2:172.21.15.31:3300/0,v1:172.21.15.31:6789/0] conn(0x7f898007de60 0x7f898007c310 unknown :-1 s=NONE pgs=0 cs=0 l=0 rev1=0 crypto rx=0 tx=0 comp rx=0 tx=0).connect
2024-09-16T00:31:38.865 INFO:teuthology.orchestra.run.smithi031.stdout:/usr/bin/ceph: stderr
2024-09-16T00:31:37.481+0000 7f898559e640 1 -- --> [v2:172.21.15.31:3300/0,v1:172.21.15.31:6789/0] -- mon_getmap magic: 0 -- 0x7f898007c8e0 con 0x7f898007de60
2024-09-16T00:31:38.865 INFO:teuthology.orchestra.run.smithi031.stdout:/usr/bin/ceph: stderr
2024-09-16T00:31:37.481+0000 7f897effd640 1 --2- >> [v2:172.21.15.31:3300/0,v1:172.21.15.31:6789/0] conn(0x7f898007de60 0x7f898007c310 unknown :-1 s=BANNER_CONNECTING pgs=0 cs=0 l=0 rev1=0 crypto rx=0 tx=0 comp rx=0 tx=0)._handle_peer_banner_payload supported=3 required=0
2024-09-16T00:31:38.866 INFO:teuthology.orchestra.run.smithi031.stdout:/usr/bin/ceph: stderr
