2024-09-16T00:41:25.081+0000 7fe55548d700 1 -- 172.21.15.53:0/3241928194 learned_addr learned my addr 172.21.15.53:0/3241928194 (peer_addr_for_me v2:172.21.15.53:0/0)
2024-09-16T00:41:26.588 INFO:teuthology.orchestra.run.smithi053.stdout:/usr/bin/ceph: stderr
2024-09-16T00:41:25.081+0000 7fe55548d700 1 -- 172.21.15.53:0/3241928194 --> [v2:172.21.15.53:3300/0,v1:172.21.15.53:6789/0] -- mon_subscribe({config=0+,monmap=0+}) v3 -- 0x7fe550079ee0 con 0x7fe550106690
2024-09-16T00:41:26.588 INFO:teuthology.orchestra.run.smithi053.stdout:/usr/bin/ceph: stderr
2024-09-16T00:41:25.081+0000 7fe55548d700 1 --2- 172.21.15.53:0/3241928194 >> [v2:172.21.15.53:3300/0,v1:172.21.15.53:6789/0] conn(0x7fe550106690 0x7fe550108a70 secure :-1 s=READY pgs=67 cs=0 l=1 rev1=1 crypto rx=0x7fe54c0098a0 tx=0x7fe54c009bb0 comp rx=0 tx=0).ready entity=mon.0 client_cookie=58fc3cb9cbfe1da4 server_cookie=0 in_seq=0 out_seq=0
2024-09-16T00:41:26.589 INFO:teuthology.orchestra.run.smithi053.stdout:/usr/bin/ceph: stderr
2024-09-16T00:41:25.081+0000 7fe547fff700 1 -- 172.21.15.53:0/3241928194 <== mon.0 v2:172.21.15.53:3300/0 1 ==== mon_map magic: 0 v1 ==== 229+0+0 (secure 0 0 0) 0x7fe54c004180 con 0x7fe550106690
2024-09-16T00:41:26.589 INFO:teuthology.orchestra.run.smithi053.stdout:/usr/bin/ceph: stderr
2024-09-16T00:41:25.081+0000 7fe547fff700 1 -- 172.21.15.53:0/3241928194 <== mon.0 v2:172.21.15.53:3300/0 2 ==== config(27 keys) v1 ==== 1101+0+0 (secure 0 0 0) 0x7fe54c0042e0 con 0x7fe550106690
2024-09-16T00:41:26.589 INFO:teuthology.orchestra.run.smithi053.stdout:/usr/bin/ceph: stderr
2024-09-16T00:41:25.081+0000 7fe547fff700 1 -- 172.21.15.53:0/3241928194 <== mon.0 v2:172.21.15.53:3300/0 3 ==== mon_map magic: 0 v1 ==== 229+0+0 (secure 0 0 0) 0x7fe54c011af0 con 0x7fe550106690
2024-09-16T00:41:26.589 INFO:teuthology.orchestra.run.smithi053.stdout:/usr/bin/ceph: stderr
2024-09-16T00:41:25.082+0000 7fe5576f1700 1 -- 172.21.15.53:0/3241928194 >> [v2:172.21.15.53:3300/0,v1:172.21.15.53:6789/0] conn(0x7fe550106690 msgr2=0x7fe550108a70 secure :-1 s=STATE_CONNECTION_ESTABLISHED l=1).mark_down
2024-09-16T00:41:26.589 INFO:teuthology.orchestra.run.smithi053.stdout:/usr/bin/ceph: stderr
2024-09-16T00:41:25.082+0000 7fe5576f1700 1 --2- 172.21.15.53:0/3241928194 >> [v2:172.21.15.53:3300/0,v1:172.21.15.53:6789/0] conn(0x7fe550106690 0x7fe550108a70 secure :-1 s=READY pgs=67 cs=0 l=1 rev1=1 crypto rx=0x7fe54c0098a0 tx=0x7fe54c009bb0 comp rx=0 tx=0).stop
2024-09-16T00:41:26.589 INFO:teuthology.orchestra.run.smithi053.stdout:/usr/bin/ceph: stderr
2024-09-16T00:41:25.082+0000 7fe5576f1700 1 -- 172.21.15.53:0/3241928194 shutdown_connections
2024-09-16T00:41:26.589 INFO:teuthology.orchestra.run.smithi053.stdout:/usr/bin/ceph: stderr
2024-09-16T00:41:25.082+0000 7fe5576f1700 1 --2- 172.21.15.53:0/3241928194 >> [v2:172.21.15.53:3300/0,v1:172.21.15.53:6789/0] conn(0x7fe550106690 0x7fe550108a70 unknown :-1 s=CLOSED pgs=67 cs=0 l=1 rev1=1 crypto rx=0 tx=0 comp rx=0 tx=0).stop
2024-09-16T00:41:26.589 INFO:teuthology.orchestra.run.smithi053.stdout:/usr/bin/ceph: stderr
2024-09-16T00:41:25.082+0000 7fe5576f1700 1 -- 172.21.15.53:0/3241928194 >> 172.21.15.53:0/3241928194 conn(0x7fe5501000f0 msgr2=0x7fe550102500 unknown :-1 s=STATE_NONE l=0).mark_down
2024-09-16T00:41:26.589 INFO:teuthology.orchestra.run.smithi053.stdout:/usr/bin/ceph: stderr
2024-09-16T00:41:25.082+0000 7fe5576f1700 1 -- 172.21.15.53:0/3241928194 shutdown_connections
2024-09-16T00:41:26.589 INFO:teuthology.orchestra.run.smithi053.stdout:/usr/bin/ceph: stderr
2024-09-16T00:41:25.082+0000 7fe5576f1700 1 -- 172.21.15.53:0/3241928194 wait complete.
2024-09-16T00:41:26.589 INFO:teuthology.orchestra.run.smithi053.stdout:/usr/bin/ceph: stderr
2024-09-16T00:41:25.082+0000 7fe5576f1700 1 Processor -- start
2024-09-16T00:41:26.589 INFO:teuthology.orchestra.run.smithi053.stdout:/usr/bin/ceph: stderr
2024-09-16T00:41:25.082+0000 7fe5576f1700 1 -- start start
2024-09-16T00:41:26.589 INFO:teuthology.orchestra.run.smithi053.stdout:/usr/bin/ceph: stderr
2024-09-16T00:41:25.083+0000 7fe5576f1700 1 --2- >> [v2:172.21.15.53:3300/0,v1:172.21.15.53:6789/0] conn(0x7fe550106690 0x7fe550105ff0 unknown :-1 s=NONE pgs=0 cs=0 l=1 rev1=0 crypto rx=0 tx=0 comp rx=0 tx=0).connect
2024-09-16T00:41:26.590 INFO:teuthology.orchestra.run.smithi053.stdout:/usr/bin/ceph: stderr
2024-09-16T00:41:25.083+0000 7fe5576f1700 1 -- --> [v2:172.21.15.53:3300/0,v1:172.21.15.53:6789/0] -- mon_getmap magic: 0 v1 -- 0x7fe550106530 con 0x7fe550106690
2024-09-16T00:41:26.590 INFO:teuthology.orchestra.run.smithi053.stdout:/usr/bin/ceph: stderr
2024-09-16T00:41:25.083+0000 7fe55548d700 1 --2- >> [v2:172.21.15.53:3300/0,v1:172.21.15.53:6789/0] conn(0x7fe550106690 0x7fe550105ff0 unknown :-1 s=BANNER_CONNECTING pgs=0 cs=0 l=1 rev1=0 crypto rx=0 tx=0 comp rx=0 tx=0)._handle_peer_banner_payload supported=3 required=0
2024-09-16T00:41:26.590 INFO:teuthology.orchestra.run.smithi053.stdout:/usr/bin/ceph: stderr
2024-09-16T00:41:25.083+0000 7fe55548d700 1 --2- >> [v2:172.21.15.53:3300/0,v1:172.21.15.53:6789/0] conn(0x7fe550106690 0x7fe550105ff0 unknown :-1 s=HELLO_CONNECTING pgs=0 cs=0 l=1 rev1=1 crypto rx=0 tx=0 comp rx=0 tx=0).handle_hello peer v2:172.21.15.53:3300/0 says I am v2:172.21.15.53:59568/0 (socket says 172.21.15.53:59568)
2024-09-16T00:41:26.590 INFO:teuthology.orchestra.run.smithi053.stdout:/usr/bin/ceph: stderr
2024-09-16T00:41:25.083+0000 7fe55548d700 1 -- 172.21.15.53:0/2205251507 learned_addr learned my addr 172.21.15.53:0/2205251507 (peer_addr_for_me v2:172.21.15.53:0/0)
2024-09-16T00:41:26.590 INFO:teuthology.orchestra.run.smithi053.stdout:/usr/bin/ceph: stderr
2024-09-16T00:41:25.083+0000 7fe55548d700 1 -- 172.21.15.53:0/2205251507 --> [v2:172.21.15.53:3300/0,v1:172.21.15.53:6789/0] -- mon_subscribe({config=0+,monmap=0+}) v3 -- 0x7fe54c009550 con 0x7fe550106690
2024-09-16T00:41:26.590 INFO:teuthology.orchestra.run.smithi053.stdout:/usr/bin/ceph: stderr
2024-09-16T00:41:25.083+0000 7fe55548d700 1 --2- 172.21.15.53:0/2205251507 >> [v2:172.21.15.53:3300/0,v1:172.21.15.53:6789/0] conn(0x7fe550106690 0x7fe550105ff0 secure :-1 s=READY pgs=68 cs=0 l=1 rev1=1 crypto rx=0x7fe54c006ba0 tx=0x7fe54c011b50 comp rx=0 tx=0).ready entity=mon.0 client_cookie=0 server_cookie=0 in_seq=0 out_seq=0
2024-09-16T00:41:26.590 INFO:teuthology.orchestra.run.smithi053.stdout:/usr/bin/ceph: stderr
2024-09-16T00:41:25.083+0000 7fe5467fc700 1 -- 172.21.15.53:0/2205251507 <== mon.0 v2:172.21.15.53:3300/0 1 ==== mon_map magic: 0 v1 ==== 229+0+0 (secure 0 0 0) 0x7fe54c003b00 con 0x7fe550106690
2024-09-16T00:41:26.590 INFO:teuthology.orchestra.run.smithi053.stdout:/usr/bin/ceph: stderr
2024-09-16T00:41:25.083+0000 7fe5467fc700 1 -- 172.21.15.53:0/2205251507 <== mon.0 v2:172.21.15.53:3300/0 2 ==== config(27 keys) v1 ==== 1101+0+0 (secure 0 0 0) 0x7fe54c01a8e0 con 0x7fe550106690
2024-09-16T00:41:26.590 INFO:teuthology.orchestra.run.smithi053.stdout:/usr/bin/ceph: stderr
2024-09-16T00:41:25.083+0000 7fe5576f1700 1 -- 172.21.15.53:0/2205251507 --> [v2:172.21.15.53:3300/0,v1:172.21.15.53:6789/0] -- mon_subscribe({mgrmap=0+}) v3 -- 0x7fe550104640 con 0x7fe550106690
2024-09-16T00:41:26.590 INFO:teuthology.orchestra.run.smithi053.stdout:/usr/bin/ceph: stderr
2024-09-16T00:41:25.083+0000 7fe5467fc700 1 -- 172.21.15.53:0/2205251507 <== mon.0 v2:172.21.15.53:3300/0 3 ==== mon_map magic: 0 v1 ==== 229+0+0 (secure 0 0 0) 0x7fe54c019990 con 0x7fe550106690
2024-09-16T00:41:26.590 INFO:teuthology.orchestra.run.smithi053.stdout:/usr/bin/ceph: stderr
2024-09-16T00:41:25.083+0000 7fe5576f1700 1 -- 172.21.15.53:0/2205251507 --> [v2:172.21.15.53:3300/0,v1:172.21.15.53:6789/0] -- mon_subscribe({osdmap=0}) v3 -- 0x7fe550104a60 con 0x7fe550106690
2024-09-16T00:41:26.590 INFO:teuthology.orchestra.run.smithi053.stdout:/usr/bin/ceph: stderr
2024-09-16T00:41:25.084+0000 7fe5467fc700 1 -- 172.21.15.53:0/2205251507 <== mon.0 v2:172.21.15.53:3300/0 4 ==== mgrmap(e 8) v1 ==== 45084+0+0 (secure 0 0 0) 0x7fe54c019c00 con 0x7fe550106690
2024-09-16T00:41:26.591 INFO:teuthology.orchestra.run.smithi053.stdout:/usr/bin/ceph: stderr
2024-09-16T00:41:25.084+0000 7fe5576f1700 1 -- 172.21.15.53:0/2205251507 --> [v2:172.21.15.53:3300/0,v1:172.21.15.53:6789/0] -- mon_command({"prefix": "get_command_descriptions"} v 0) v1 -- 0x7fe5500623f0 con 0x7fe550106690
2024-09-16T00:41:26.591 INFO:teuthology.orchestra.run.smithi053.stdout:/usr/bin/ceph: stderr
2024-09-16T00:41:25.084+0000 7fe5467fc700 1 --2- 172.21.15.53:0/2205251507 >> [v2:172.21.15.53:6800/2,v1:172.21.15.53:6801/2] conn(0x7fe53c0383f0 0x7fe53c03a8a0 unknown :-1 s=NONE pgs=0 cs=0 l=1 rev1=0 crypto rx=0 tx=0 comp rx=0 tx=0).connect
2024-09-16T00:41:26.591 INFO:teuthology.orchestra.run.smithi053.stdout:/usr/bin/ceph: stderr
2024-09-16T00:41:25.085+0000 7fe5467fc700 1 -- 172.21.15.53:0/2205251507 <== mon.0 v2:172.21.15.53:3300/0 5 ==== osd_map(2..2 src has 1..2) v4 ==== 940+0+0 (secure 0 0 0) 0x7fe54c04c570 con 0x7fe550106690
2024-09-16T00:41:26.591 INFO:teuthology.orchestra.run.smithi053.stdout:/usr/bin/ceph: stderr
2024-09-16T00:41:25.085+0000 7fe554c8c700 1 --2- 172.21.15.53:0/2205251507 >> [v2:172.21.15.53:6800/2,v1:172.21.15.53:6801/2] conn(0x7fe53c0383f0 0x7fe53c03a8a0 unknown :-1 s=BANNER_CONNECTING pgs=0 cs=0 l=1 rev1=0 crypto rx=0 tx=0 comp rx=0 tx=0)._handle_peer_banner_payload supported=3 required=0
2024-09-16T00:41:26.591 INFO:teuthology.orchestra.run.smithi053.stdout:/usr/bin/ceph: stderr
2024-09-16T00:41:25.085+0000 7fe554c8c700 1 --2- 172.21.15.53:0/2205251507 >> [v2:172.21.15.53:6800/2,v1:172.21.15.53:6801/2] conn(0x7fe53c0383f0 0x7fe53c03a8a0 secure :-1 s=READY pgs=22 cs=0 l=1 rev1=1 crypto rx=0x7fe540006fd0 tx=0x7fe540006e40 comp rx=0 tx=0).ready entity=mgr.14120 client_cookie=0 server_cookie=0 in_seq=0 out_seq=0
2024-09-16T00:41:26.591 INFO:teuthology.orchestra.run.smithi053.stdout:/usr/bin/ceph: stderr
2024-09-16T00:41:25.089+0000 7fe5467fc700 1 -- 172.21.15.53:0/2205251507 <== mon.0 v2:172.21.15.53:3300/0 6 ==== mon_command_ack([{"prefix": "get_command_descriptions"}]=0 v0) v1 ==== 72+0+177933 (secure 0 0 0) 0x7fe5500623f0 con 0x7fe550106690
2024-09-16T00:41:26.591 INFO:teuthology.orchestra.run.smithi053.stdout:/usr/bin/ceph: stderr
2024-09-16T00:41:25.350+0000 7fe5576f1700 1 -- 172.21.15.53:0/2205251507 --> [v2:172.21.15.53:3300/0,v1:172.21.15.53:6789/0] -- mon_command({"prefix": "mgr module enable", "module": "dashboard"} v 0) v1 -- 0x7fe550104db0 con 0x7fe550106690
2024-09-16T00:41:26.591 INFO:teuthology.orchestra.run.smithi053.stdout:/usr/bin/ceph: stderr
2024-09-16T00:41:25.981+0000 7fe5467fc700 1 -- 172.21.15.53:0/2205251507 <== mon.0 v2:172.21.15.53:3300/0 7 ==== mgrmap(e 9) v1 ==== 45097+0+0 (secure 0 0 0) 0x7fe54c02d960 con 0x7fe550106690
2024-09-16T00:41:26.591 INFO:teuthology.orchestra.run.smithi053.stdout:/usr/bin/ceph: stderr
2024-09-16T00:41:25.983+0000 7fe5467fc700 1 -- 172.21.15.53:0/2205251507 <== mon.0 v2:172.21.15.53:3300/0 8 ==== mon_command_ack([{"prefix": "mgr module enable", "module": "dashboard"}]=0 v9) v1 ==== 88+0+0 (secure 0 0 0) 0x7fe54c017720 con 0x7fe550106690
2024-09-16T00:41:26.591 INFO:teuthology.orchestra.run.smithi053.stdout:/usr/bin/ceph: stderr
2024-09-16T00:41:25.987+0000 7fe5576f1700 1 -- 172.21.15.53:0/2205251507 >> [v2:172.21.15.53:6800/2,v1:172.21.15.53:6801/2] conn(0x7fe53c0383f0 msgr2=0x7fe53c03a8a0 secure :-1 s=STATE_CONNECTION_ESTABLISHED l=1).mark_down
2024-09-16T00:41:26.591 INFO:teuthology.orchestra.run.smithi053.stdout:/usr/bin/ceph: stderr
2024-09-16T00:41:25.987+0000 7fe5576f1700 1 --2- 172.21.15.53:0/2205251507 >> [v2:172.21.15.53:6800/2,v1:172.21.15.53:6801/2] conn(0x7fe53c0383f0 0x7fe53c03a8a0 secure :-1 s=READY pgs=22 cs=0 l=1 rev1=1 crypto rx=0x7fe540006fd0 tx=0x7fe540006e40 comp rx=0 tx=0).stop
2024-09-16T00:41:26.591 INFO:teuthology.orchestra.run.smithi053.stdout:/usr/bin/ceph: stderr
2024-09-16T00:41:25.987+0000 7fe5576f1700 1 -- 172.21.15.53:0/2205251507 >> [v2:172.21.15.53:3300/0,v1:172.21.15.53:6789/0] conn(0x7fe550106690 msgr2=0x7fe550105ff0 secure :-1 s=STATE_CONNECTION_ESTABLISHED l=1).mark_down
2024-09-16T00:41:26.591 INFO:teuthology.orchestra.run.smithi053.stdout:/usr/bin/ceph: stderr
2024-09-16T00:41:25.987+0000 7fe5576f1700 1 --2- 172.21.15.53:0/2205251507 >> [v2:172.21.15.53:3300/0,v1:172.21.15.53:6789/0] conn(0x7fe550106690 0x7fe550105ff0 secure :-1 s=READY pgs=68 cs=0 l=1 rev1=1 crypto rx=0x7fe54c006ba0 tx=0x7fe54c011b50 comp rx=0 tx=0).stop
2024-09-16T00:41:26.592 INFO:teuthology.orchestra.run.smithi053.stdout:/usr/bin/ceph: stderr
2024-09-16T00:41:25.987+0000 7fe5576f1700 1 -- 172.21.15.53:0/2205251507 shutdown_connections
2024-09-16T00:41:26.592 INFO:teuthology.orchestra.run.smithi053.stdout:/usr/bin/ceph: stderr
2024-09-16T00:41:25.987+0000 7fe5576f1700 1 --2- 172.21.15.53:0/2205251507 >> [v2:172.21.15.53:6800/2,v1:172.21.15.53:6801/2] conn(0x7fe53c0383f0 0x7fe53c03a8a0 unknown :-1 s=CLOSED pgs=22 cs=0 l=1 rev1=1 crypto rx=0 tx=0 comp rx=0 tx=0).stop
2024-09-16T00:41:26.592 INFO:teuthology.orchestra.run.smithi053.stdout:/usr/bin/ceph: stderr
2024-09-16T00:41:25.987+0000 7fe5576f1700 1 --2- 172.21.15.53:0/2205251507 >> [v2:172.21.15.53:3300/0,v1:172.21.15.53:6789/0] conn(0x7fe550106690 0x7fe550105ff0 unknown :-1 s=CLOSED pgs=68 cs=0 l=1 rev1=1 crypto rx=0 tx=0 comp rx=0 tx=0).stop
2024-09-16T00:41:26.592 INFO:teuthology.orchestra.run.smithi053.stdout:/usr/bin/ceph: stderr
2024-09-16T00:41:25.987+0000 7fe5576f1700 1 -- 172.21.15.53:0/2205251507 >> 172.21.15.53:0/2205251507 conn(0x7fe5501000f0 msgr2=0x7fe550101790 unknown :-1 s=STATE_NONE l=0).mark_down
2024-09-16T00:41:26.592 INFO:teuthology.orchestra.run.smithi053.stdout:/usr/bin/ceph: stderr
2024-09-16T00:41:25.987+0000 7fe5576f1700 1 -- 172.21.15.53:0/2205251507 shutdown_connections
2024-09-16T00:41:26.592 INFO:teuthology.orchestra.run.smithi053.stdout:/usr/bin/ceph: stderr
2024-09-16T00:41:25.988+0000 7fe5576f1700 1 -- 172.21.15.53:0/2205251507 wait complete.
2024-09-16T00:41:27.301 INFO:journalctl@ceph.mon.smithi053.smithi053.stdout:Sep 16 00:41:26 smithi053 ceph-mon[27950]: from='client.? 172.21.15.53:0/2205251507' entity='client.admin' cmd='[{"prefix": "mgr module enable", "module": "dashboard"}]': finished
2024-09-16T00:41:27.301 INFO:journalctl@ceph.mon.smithi053.smithi053.stdout:Sep 16 00:41:26 smithi053 ceph-mon[27950]: mgrmap e9: smithi053.cjiiek(active, since 27s)
2024-09-16T00:41:28.003 INFO:teuthology.orchestra.run.smithi053.stdout:/usr/bin/ceph: stdout {
2024-09-16T00:41:28.004 INFO:teuthology.orchestra.run.smithi053.stdout:/usr/bin/ceph: stdout "epoch": 9,
2024-09-16T00:41:28.004 INFO:teuthology.orchestra.run.smithi053.stdout:/usr/bin/ceph: stdout "available": true,
2024-09-16T00:41:28.004 INFO:teuthology.orchestra.run.smithi053.stdout:/usr/bin/ceph: stdout "active_name": "smithi053.cjiiek",
2024-09-16T00:41:28.004 INFO:teuthology.orchestra.run.smithi053.stdout:/usr/bin/ceph: stdout "num_standby": 0
2024-09-16T00:41:28.004 INFO:teuthology.orchestra.run.smithi053.stdout:/usr/bin/ceph: stdout }
2024-09-16T00:41:28.004 INFO:teuthology.orchestra.run.smithi053.stdout:/usr/bin/ceph: stderr
2024-09-16T00:41:27.095+0000 7f79e00a9700 1 Processor -- start
2024-09-16T00:41:28.004 INFO:teuthology.orchestra.run.smithi053.stdout:/usr/bin/ceph: stderr
2024-09-16T00:41:27.095+0000 7f79e00a9700 1 -- start start
2024-09-16T00:41:28.004 INFO:teuthology.orchestra.run.smithi053.stdout:/usr/bin/ceph: stderr
2024-09-16T00:41:27.095+0000 7f79e00a9700 1 --2- >> [v2:172.21.15.53:3300/0,v1:172.21.15.53:6789/0] conn(0x7f79d8105c40 0x7f79d8106050 unknown :-1 s=NONE pgs=0 cs=0 l=0 rev1=0 crypto rx=0 tx=0 comp rx=0 tx=0).connect
2024-09-16T00:41:28.004 INFO:teuthology.orchestra.run.smithi053.stdout:/usr/bin/ceph: stderr
2024-09-16T00:41:27.095+0000 7f79e00a9700 1 -- --> [v2:172.21.15.53:3300/0,v1:172.21.15.53:6789/0] -- mon_getmap magic: 0 v1 -- 0x7f79d8106590 con 0x7f79d8105c40
2024-09-16T00:41:28.004 INFO:teuthology.orchestra.run.smithi053.stdout:/usr/bin/ceph: stderr
2024-09-16T00:41:27.095+0000 7f79dde45700 1 --2- >> [v2:172.21.15.53:3300/0,v1:172.21.15.53:6789/0] conn(0x7f79d8105c40 0x7f79d8106050 unknown :-1 s=BANNER_CONNECTING pgs=0 cs=0 l=0 rev1=0 crypto rx=0 tx=0 comp rx=0 tx=0)._handle_peer_banner_payload supported=3 required=0
2024-09-16T00:41:28.004 INFO:teuthology.orchestra.run.smithi053.stdout:/usr/bin/ceph: stderr
2024-09-16T00:41:27.095+0000 7f79dde45700 1 --2- >> [v2:172.21.15.53:3300/0,v1:172.21.15.53:6789/0] conn(0x7f79d8105c40 0x7f79d8106050 unknown :-1 s=HELLO_CONNECTING pgs=0 cs=0 l=0 rev1=1 crypto rx=0 tx=0 comp rx=0 tx=0).handle_hello peer v2:172.21.15.53:3300/0 says I am v2:172.21.15.53:59586/0 (socket says 172.21.15.53:59586)
2024-09-16T00:41:28.004 INFO:teuthology.orchestra.run.smithi053.stdout:/usr/bin/ceph: stderr
2024-09-16T00:41:27.095+0000 7f79dde45700 1 -- 172.21.15.53:0/714199654 learned_addr learned my addr 172.21.15.53:0/714199654 (peer_addr_for_me v2:172.21.15.53:0/0)
2024-09-16T00:41:28.005 INFO:teuthology.orchestra.run.smithi053.stdout:/usr/bin/ceph: stderr
2024-09-16T00:41:27.096+0000 7f79dde45700 1 -- 172.21.15.53:0/714199654 --> [v2:172.21.15.53:3300/0,v1:172.21.15.53:6789/0] -- mon_subscribe({config=0+,monmap=0+}) v3 -- 0x7f79d81066d0 con 0x7f79d8105c40
2024-09-16T00:41:28.005 INFO:teuthology.orchestra.run.smithi053.stdout:/usr/bin/ceph: stderr
2024-09-16T00:41:27.096+0000 7f79dde45700 1 --2- 172.21.15.53:0/714199654 >> [v2:172.21.15.53:3300/0,v1:172.21.15.53:6789/0] conn(0x7f79d8105c40 0x7f79d8106050 secure :-1 s=READY pgs=71 cs=0 l=1 rev1=1 crypto rx=0x7f79d40098a0 tx=0x7f79d4009bb0 comp rx=0 tx=0).ready entity=mon.0 client_cookie=b609d80c2869a108 server_cookie=0 in_seq=0 out_seq=0
2024-09-16T00:41:28.005 INFO:teuthology.orchestra.run.smithi053.stdout:/usr/bin/ceph: stderr
2024-09-16T00:41:27.096+0000 7f79dce43700 1 -- 172.21.15.53:0/714199654 <== mon.0 v2:172.21.15.53:3300/0 1 ==== mon_map magic: 0 v1 ==== 229+0+0 (secure 0 0 0) 0x7f79d4004180 con 0x7f79d8105c40
2024-09-16T00:41:28.005 INFO:teuthology.orchestra.run.smithi053.stdout:/usr/bin/ceph: stderr
2024-09-16T00:41:27.096+0000 7f79dce43700 1 -- 172.21.15.53:0/714199654 <== mon.0 v2:172.21.15.53:3300/0 2 ==== config(27 keys) v1 ==== 1101+0+0 (secure 0 0 0) 0x7f79d40042e0 con 0x7f79d8105c40
2024-09-16T00:41:28.005 INFO:teuthology.orchestra.run.smithi053.stdout:/usr/bin/ceph: stderr
2024-09-16T00:41:27.096+0000 7f79dce43700 1 -- 172.21.15.53:0/714199654 <== mon.0 v2:172.21.15.53:3300/0 3 ==== mon_map magic: 0 v1 ==== 229+0+0 (secure 0 0 0) 0x7f79d4011af0 con 0x7f79d8105c40
2024-09-16T00:41:28.005 INFO:teuthology.orchestra.run.smithi053.stdout:/usr/bin/ceph: stderr
2024-09-16T00:41:27.097+0000 7f79e00a9700 1 -- 172.21.15.53:0/714199654 >> [v2:172.21.15.53:3300/0,v1:172.21.15.53:6789/0] conn(0x7f79d8105c40 msgr2=0x7f79d8106050 secure :-1 s=STATE_CONNECTION_ESTABLISHED l=1).mark_down
2024-09-16T00:41:28.005 INFO:teuthology.orchestra.run.smithi053.stdout:/usr/bin/ceph: stderr
2024-09-16T00:41:27.097+0000 7f79e00a9700 1 --2- 172.21.15.53:0/714199654 >> [v2:172.21.15.53:3300/0,v1:172.21.15.53:6789/0] conn(0x7f79d8105c40 0x7f79d8106050 secure :-1 s=READY pgs=71 cs=0 l=1 rev1=1 crypto rx=0x7f79d40098a0 tx=0x7f79d4009bb0 comp rx=0 tx=0).stop
2024-09-16T00:41:28.005 INFO:teuthology.orchestra.run.smithi053.stdout:/usr/bin/ceph: stderr
2024-09-16T00:41:27.097+0000 7f79e00a9700 1 -- 172.21.15.53:0/714199654 shutdown_connections
2024-09-16T00:41:28.005 INFO:teuthology.orchestra.run.smithi053.stdout:/usr/bin/ceph: stderr
2024-09-16T00:41:27.097+0000 7f79e00a9700 1 --2- 172.21.15.53:0/714199654 >> [v2:172.21.15.53:3300/0,v1:172.21.15.53:6789/0] conn(0x7f79d8105c40 0x7f79d8106050 unknown :-1 s=CLOSED pgs=71 cs=0 l=1 rev1=1 crypto rx=0 tx=0 comp rx=0 tx=0).stop
2024-09-16T00:41:28.005 INFO:teuthology.orchestra.run.smithi053.stdout:/usr/bin/ceph: stderr
2024-09-16T00:41:27.097+0000 7f79e00a9700 1 -- 172.21.15.53:0/714199654 >> 172.21.15.53:0/714199654 conn(0x7f79d81012b0 msgr2=0x7f79d81036c0 unknown :-1 s=STATE_NONE l=0).mark_down
2024-09-16T00:41:28.005 INFO:teuthology.orchestra.run.smithi053.stdout:/usr/bin/ceph: stderr
2024-09-16T00:41:27.097+0000 7f79e00a9700 1 -- 172.21.15.53:0/714199654 shutdown_connections
2024-09-16T00:41:28.005 INFO:teuthology.orchestra.run.smithi053.stdout:/usr/bin/ceph: stderr
2024-09-16T00:41:27.097+0000 7f79e00a9700 1 -- 172.21.15.53:0/714199654 wait complete.
2024-09-16T00:41:28.005 INFO:teuthology.orchestra.run.smithi053.stdout:/usr/bin/ceph: stderr
2024-09-16T00:41:27.097+0000 7f79e00a9700 1 Processor -- start
2024-09-16T00:41:28.006 INFO:teuthology.orchestra.run.smithi053.stdout:/usr/bin/ceph: stderr
2024-09-16T00:41:27.098+0000 7f79e00a9700 1 -- start start
2024-09-16T00:41:28.006 INFO:teuthology.orchestra.run.smithi053.stdout:/usr/bin/ceph: stderr
2024-09-16T00:41:27.098+0000 7f79e00a9700 1 --2- >> [v2:172.21.15.53:3300/0,v1:172.21.15.53:6789/0] conn(0x7f79d8105c40 0x7f79d8199960 unknown :-1 s=NONE pgs=0 cs=0 l=1 rev1=0 crypto rx=0 tx=0 comp rx=0 tx=0).connect
2024-09-16T00:41:28.006 INFO:teuthology.orchestra.run.smithi053.stdout:/usr/bin/ceph: stderr
2024-09-16T00:41:27.098+0000 7f79e00a9700 1 -- --> [v2:172.21.15.53:3300/0,v1:172.21.15.53:6789/0] -- mon_getmap magic: 0 v1 -- 0x7f79d8199ea0 con 0x7f79d8105c40
2024-09-16T00:41:28.006 INFO:teuthology.orchestra.run.smithi053.stdout:/usr/bin/ceph: stderr
2024-09-16T00:41:27.098+0000 7f79dde45700 1 --2- >> [v2:172.21.15.53:3300/0,v1:172.21.15.53:6789/0] conn(0x7f79d8105c40 0x7f79d8199960 unknown :-1 s=BANNER_CONNECTING pgs=0 cs=0 l=1 rev1=0 crypto rx=0 tx=0 comp rx=0 tx=0)._handle_peer_banner_payload supported=3 required=0
2024-09-16T00:41:28.006 INFO:teuthology.orchestra.run.smithi053.stdout:/usr/bin/ceph: stderr
2024-09-16T00:41:27.098+0000 7f79dde45700 1 --2- >> [v2:172.21.15.53:3300/0,v1:172.21.15.53:6789/0] conn(0x7f79d8105c40 0x7f79d8199960 unknown :-1 s=HELLO_CONNECTING pgs=0 cs=0 l=1 rev1=1 crypto rx=0 tx=0 comp rx=0 tx=0).handle_hello peer v2:172.21.15.53:3300/0 says I am v2:172.21.15.53:59600/0 (socket says 172.21.15.53:59600)
2024-09-16T00:41:28.006 INFO:teuthology.orchestra.run.smithi053.stdout:/usr/bin/ceph: stderr
2024-09-16T00:41:27.098+0000 7f79dde45700 1 -- 172.21.15.53:0/1968482153 learned_addr learned my addr 172.21.15.53:0/1968482153 (peer_addr_for_me v2:172.21.15.53:0/0)
2024-09-16T00:41:28.006 INFO:teuthology.orchestra.run.smithi053.stdout:/usr/bin/ceph: stderr
2024-09-16T00:41:27.098+0000 7f79dde45700 1 -- 172.21.15.53:0/1968482153 --> [v2:172.21.15.53:3300/0,v1:172.21.15.53:6789/0] -- mon_subscribe({config=0+,monmap=0+}) v3 -- 0x7f79d4009550 con 0x7f79d8105c40
2024-09-16T00:41:28.006 INFO:teuthology.orchestra.run.smithi053.stdout:/usr/bin/ceph: stderr
2024-09-16T00:41:27.098+0000 7f79dde45700 1 --2- 172.21.15.53:0/1968482153 >> [v2:172.21.15.53:3300/0,v1:172.21.15.53:6789/0] conn(0x7f79d8105c40 0x7f79d8199960 secure :-1 s=READY pgs=72 cs=0 l=1 rev1=1 crypto rx=0x7f79d4011670 tx=0x7f79d4011b50 comp rx=0 tx=0).ready entity=mon.0 client_cookie=0 server_cookie=0 in_seq=0 out_seq=0
2024-09-16T00:41:28.006 INFO:teuthology.orchestra.run.smithi053.stdout:/usr/bin/ceph: stderr
2024-09-16T00:41:27.098+0000 7f79ceffd700 1 -- 172.21.15.53:0/1968482153 <== mon.0 v2:172.21.15.53:3300/0 1 ==== mon_map magic: 0 v1 ==== 229+0+0 (secure 0 0 0) 0x7f79d4003a40 con 0x7f79d8105c40
2024-09-16T00:41:28.006 INFO:teuthology.orchestra.run.smithi053.stdout:/usr/bin/ceph: stderr
2024-09-16T00:41:27.098+0000 7f79ceffd700 1 -- 172.21.15.53:0/1968482153 <== mon.0 v2:172.21.15.53:3300/0 2 ==== config(27 keys) v1 ==== 1101+0+0 (secure 0 0 0) 0x7f79d4003ba0 con 0x7f79d8105c40
2024-09-16T00:41:28.006 INFO:teuthology.orchestra.run.smithi053.stdout:/usr/bin/ceph: stderr
2024-09-16T00:41:27.098+0000 7f79e00a9700 1 -- 172.21.15.53:0/1968482153 --> [v2:172.21.15.53:3300/0,v1:172.21.15.53:6789/0] -- mon_subscribe({mgrmap=0+}) v3 -- 0x7f79d819a0a0 con 0x7f79d8105c40
2024-09-16T00:41:28.006 INFO:teuthology.orchestra.run.smithi053.stdout:/usr/bin/ceph: stderr
2024-09-16T00:41:27.098+0000 7f79ceffd700 1 -- 172.21.15.53:0/1968482153 <== mon.0 v2:172.21.15.53:3300/0 3 ==== mon_map magic: 0 v1 ==== 229+0+0 (secure 0 0 0) 0x7f79d4024790 con 0x7f79d8105c40
2024-09-16T00:41:28.006 INFO:teuthology.orchestra.run.smithi053.stdout:/usr/bin/ceph: stderr
2024-09-16T00:41:27.098+0000 7f79e00a9700 1 -- 172.21.15.53:0/1968482153 --> [v2:172.21.15.53:3300/0,v1:172.21.15.53:6789/0] -- mon_subscribe({osdmap=0}) v3 -- 0x7f79d819a4c0 con 0x7f79d8105c40
2024-09-16T00:41:28.007 INFO:teuthology.orchestra.run.smithi053.stdout:/usr/bin/ceph: stderr
2024-09-16T00:41:27.100+0000 7f79ceffd700 1 -- 172.21.15.53:0/1968482153 <== mon.0 v2:172.21.15.53:3300/0 4 ==== mgrmap(e 9) v1 ==== 45097+0+0 (secure 0 0 0) 0x7f79d401a430 con 0x7f79d8105c40
2024-09-16T00:41:28.007 INFO:teuthology.orchestra.run.smithi053.stdout:/usr/bin/ceph: stderr
2024-09-16T00:41:27.100+0000 7f79e00a9700 1 -- 172.21.15.53:0/1968482153 --> [v2:172.21.15.53:3300/0,v1:172.21.15.53:6789/0] -- mon_command({"prefix": "get_command_descriptions"} v 0) v1 -- 0x7f79d8062380 con 0x7f79d8105c40
2024-09-16T00:41:28.007 INFO:teuthology.orchestra.run.smithi053.stdout:/usr/bin/ceph: stderr
2024-09-16T00:41:27.100+0000 7f79ceffd700 1 --2- 172.21.15.53:0/1968482153 >> [v2:172.21.15.53:6800/2,v1:172.21.15.53:6801/2] conn(0x7f79c4038440 0x7f79c403a8f0 unknown :-1 s=NONE pgs=0 cs=0 l=1 rev1=0 crypto rx=0 tx=0 comp rx=0 tx=0).connect
2024-09-16T00:41:28.007 INFO:teuthology.orchestra.run.smithi053.stdout:/usr/bin/ceph: stderr
2024-09-16T00:41:27.100+0000 7f79ceffd700 1 -- 172.21.15.53:0/1968482153 <== mon.0 v2:172.21.15.53:3300/0 5 ==== osd_map(2..2 src has 1..2) v4 ==== 940+0+0 (secure 0 0 0) 0x7f79d404c570 con 0x7f79d8105c40
2024-09-16T00:41:28.007 INFO:teuthology.orchestra.run.smithi053.stdout:/usr/bin/ceph: stderr
2024-09-16T00:41:27.100+0000 7f79dd644700 1 -- 172.21.15.53:0/1968482153 >> [v2:172.21.15.53:6800/2,v1:172.21.15.53:6801/2] conn(0x7f79c4038440 msgr2=0x7f79c403a8f0 unknown :-1 s=STATE_CONNECTING_RE l=1).process reconnect failed to v2:172.21.15.53:6800/2
2024-09-16T00:41:28.007 INFO:teuthology.orchestra.run.smithi053.stdout:/usr/bin/ceph: stderr
2024-09-16T00:41:27.100+0000 7f79dd644700 1 --2- 172.21.15.53:0/1968482153 >> [v2:172.21.15.53:6800/2,v1:172.21.15.53:6801/2] conn(0x7f79c4038440 0x7f79c403a8f0 unknown :-1 s=START_CONNECT pgs=0 cs=0 l=1 rev1=0 crypto rx=0 tx=0 comp rx=0 tx=0)._fault waiting 0.200000
2024-09-16T00:41:28.007 INFO:teuthology.orchestra.run.smithi053.stdout:/usr/bin/ceph: stderr
2024-09-16T00:41:27.105+0000 7f79ceffd700 1 -- 172.21.15.53:0/1968482153 <== mon.0 v2:172.21.15.53:3300/0 6 ==== mon_command_ack([{"prefix": "get_command_descriptions"}]=0 v0) v1 ==== 72+0+177933 (secure 0 0 0) 0x7f79d4018b40 con 0x7f79d8105c40
2024-09-16T00:41:28.007 INFO:teuthology.orchestra.run.smithi053.stdout:/usr/bin/ceph: stderr
2024-09-16T00:41:27.301+0000 7f79dd644700 1 -- 172.21.15.53:0/1968482153 >> [v2:172.21.15.53:6800/2,v1:172.21.15.53:6801/2] conn(0x7f79c4038440 msgr2=0x7f79c403a8f0 unknown :-1 s=STATE_CONNECTING_RE l=1).process reconnect failed to v2:172.21.15.53:6800/2
2024-09-16T00:41:28.007 INFO:teuthology.orchestra.run.smithi053.stdout:/usr/bin/ceph: stderr
2024-09-16T00:41:27.301+0000 7f79dd644700 1 --2- 172.21.15.53:0/1968482153 >> [v2:172.21.15.53:6800/2,v1:172.21.15.53:6801/2] conn(0x7f79c4038440 0x7f79c403a8f0 unknown :-1 s=START_CONNECT pgs=0 cs=0 l=1 rev1=0 crypto rx=0 tx=0 comp rx=0 tx=0)._fault waiting 0.400000
2024-09-16T00:41:28.007 INFO:teuthology.orchestra.run.smithi053.stdout:/usr/bin/ceph: stderr
2024-09-16T00:41:27.367+0000 7f79e00a9700 1 -- 172.21.15.53:0/1968482153 --> [v2:172.21.15.53:3300/0,v1:172.21.15.53:6789/0] -- mon_command({"prefix": "mgr stat"} v 0) v1 -- 0x7f79d819d640 con 0x7f79d8105c40
2024-09-16T00:41:28.007 INFO:teuthology.orchestra.run.smithi053.stdout:/usr/bin/ceph: stderr
2024-09-16T00:41:27.367+0000 7f79ceffd700 1 -- 172.21.15.53:0/1968482153 <== mon.0 v2:172.21.15.53:3300/0 7 ==== mon_command_ack([{"prefix": "mgr stat"}]=0 v9) v1 ==== 56+0+103 (secure 0 0 0) 0x7f79d404bee0 con 0x7f79d8105c40
2024-09-16T00:41:28.007 INFO:teuthology.orchestra.run.smithi053.stdout:/usr/bin/ceph: stderr
2024-09-16T00:41:27.369+0000 7f79e00a9700 1 -- 172.21.15.53:0/1968482153 >> [v2:172.21.15.53:6800/2,v1:172.21.15.53:6801/2] conn(0x7f79c4038440 msgr2=0x7f79c403a8f0 unknown :-1 s=STATE_CONNECTING l=1).mark_down
2024-09-16T00:41:28.007 INFO:teuthology.orchestra.run.smithi053.stdout:/usr/bin/ceph: stderr
2024-09-16T00:41:27.369+0000 7f79e00a9700 1 --2- 172.21.15.53:0/1968482153 >> [v2:172.21.15.53:6800/2,v1:172.21.15.53:6801/2] conn(0x7f79c4038440 0x7f79c403a8f0 unknown :-1 s=START_CONNECT pgs=0 cs=0 l=1 rev1=0 crypto rx=0 tx=0 comp rx=0 tx=0).stop
2024-09-16T00:41:28.008 INFO:teuthology.orchestra.run.smithi053.stdout:/usr/bin/ceph: stderr
2024-09-16T00:41:27.369+0000 7f79e00a9700 1 -- 172.21.15.53:0/1968482153 >> [v2:172.21.15.53:3300/0,v1:172.21.15.53:6789/0] conn(0x7f79d8105c40 msgr2=0x7f79d8199960 secure :-1 s=STATE_CONNECTION_ESTABLISHED l=1).mark_down
2024-09-16T00:41:28.008 INFO:teuthology.orchestra.run.smithi053.stdout:/usr/bin/ceph: stderr
2024-09-16T00:41:27.369+0000 7f79e00a9700 1 --2- 172.21.15.53:0/1968482153 >> [v2:172.21.15.53:3300/0,v1:172.21.15.53:6789/0] conn(0x7f79d8105c40 0x7f79d8199960 secure :-1 s=READY pgs=72 cs=0 l=1 rev1=1 crypto rx=0x7f79d4011670 tx=0x7f79d4011b50 comp rx=0 tx=0).stop
2024-09-16T00:41:28.008 INFO:teuthology.orchestra.run.smithi053.stdout:/usr/bin/ceph: stderr
2024-09-16T00:41:27.369+0000 7f79e00a9700 1 -- 172.21.15.53:0/1968482153 shutdown_connections
2024-09-16T00:41:28.008 INFO:teuthology.orchestra.run.smithi053.stdout:/usr/bin/ceph: stderr
2024-09-16T00:41:27.369+0000 7f79e00a9700 1 --2- 172.21.15.53:0/1968482153 >> [v2:172.21.15.53:6800/2,v1:172.21.15.53:6801/2] conn(0x7f79c4038440 0x7f79c403a8f0 unknown :-1 s=CLOSED pgs=0 cs=0 l=1 rev1=0 crypto rx=0 tx=0 comp rx=0 tx=0).stop
2024-09-16T00:41:28.008 INFO:teuthology.orchestra.run.smithi053.stdout:/usr/bin/ceph: stderr
2024-09-16T00:41:27.369+0000 7f79e00a9700 1 --2- 172.21.15.53:0/1968482153 >> [v2:172.21.15.53:3300/0,v1:172.21.15.53:6789/0] conn(0x7f79d8105c40 0x7f79d8199960 unknown :-1 s=CLOSED pgs=72 cs=0 l=1 rev1=1 crypto rx=0 tx=0 comp rx=0 tx=0).stop
2024-09-16T00:41:28.008 INFO:teuthology.orchestra.run.smithi053.stdout:/usr/bin/ceph: stderr
2024-09-16T00:41:27.369+0000 7f79e00a9700 1 -- 172.21.15.53:0/1968482153 >> 172.21.15.53:0/1968482153 conn(0x7f79d81012b0 msgr2=0x7f79d81029c0 unknown :-1 s=STATE_NONE l=0).mark_down
2024-09-16T00:41:28.008 INFO:teuthology.orchestra.run.smithi053.stdout:/usr/bin/ceph: stderr
2024-09-16T00:41:27.369+0000 7f79e00a9700 1 -- 172.21.15.53:0/1968482153 shutdown_connections
2024-09-16T00:41:28.008 INFO:teuthology.orchestra.run.smithi053.stdout:/usr/bin/ceph: stderr
2024-09-16T00:41:27.369+0000 7f79e00a9700 1 -- 172.21.15.53:0/1968482153 wait complete.
2024-09-16T00:41:28.008 INFO:teuthology.orchestra.run.smithi053.stdout:Waiting for the mgr to restart...
2024-09-16T00:41:28.008 INFO:teuthology.orchestra.run.smithi053.stdout:Waiting for mgr epoch 9...
2024-09-16T00:41:28.231 INFO:journalctl@ceph.mon.smithi053.smithi053.stdout:Sep 16 00:41:27 smithi053 ceph-mon[27950]: from='client.? 172.21.15.53:0/1968482153' entity='client.admin' cmd=[{"prefix": "mgr stat"}]: dispatch
2024-09-16T00:41:33.319 INFO:journalctl@ceph.mon.smithi053.smithi053.stdout:Sep 16 00:41:33 smithi053 ceph-mon[27950]: Active manager daemon smithi053.cjiiek restarted
2024-09-16T00:41:33.319 INFO:journalctl@ceph.mon.smithi053.smithi053.stdout:Sep 16 00:41:33 smithi053 ceph-mon[27950]: Activating manager daemon smithi053.cjiiek
2024-09-16T00:41:33.319 INFO:journalctl@ceph.mon.smithi053.smithi053.stdout:Sep 16 00:41:33 smithi053 ceph-mon[27950]: osdmap e3: 0 total, 0 up, 0 in
2024-09-16T00:41:33.319 INFO:journalctl@ceph.mon.smithi053.smithi053.stdout:Sep 16 00:41:33 smithi053 ceph-mon[27950]: mgrmap e10: smithi053.cjiiek(active, starting, since 0.0032965s)
2024-09-16T00:41:33.320 INFO:journalctl@ceph.mon.smithi053.smithi053.stdout:Sep 16 00:41:33 smithi053 ceph-mon[27950]: from='mgr.14164 172.21.15.53:0/2' entity='mgr.smithi053.cjiiek' cmd=[{"prefix": "mon metadata", "id": "smithi053"}]: dispatch
2024-09-16T00:41:33.320 INFO:journalctl@ceph.mon.smithi053.smithi053.stdout:Sep 16 00:41:33 smithi053 ceph-mon[27950]: from='mgr.14164 172.21.15.53:0/2' entity='mgr.smithi053.cjiiek' cmd=[{"prefix": "mgr metadata", "who": "smithi053.cjiiek", "id": "smithi053.cjiiek"}]: dispatch
2024-09-16T00:41:33.320 INFO:journalctl@ceph.mon.smithi053.smithi053.stdout:Sep 16 00:41:33 smithi053 ceph-mon[27950]: from='mgr.14164 172.21.15.53:0/2' entity='mgr.smithi053.cjiiek' cmd=[{"prefix": "mds metadata"}]: dispatch
2024-09-16T00:41:33.320 INFO:journalctl@ceph.mon.smithi053.smithi053.stdout:Sep 16 00:41:33 smithi053 ceph-mon[27950]: from='mgr.14164 172.21.15.53:0/2' entity='mgr.smithi053.cjiiek' cmd=[{"prefix": "osd metadata"}]: dispatch
2024-09-16T00:41:33.320 INFO:journalctl@ceph.mon.smithi053.smithi053.stdout:Sep 16 00:41:33 smithi053 ceph-mon[27950]: from='mgr.14164 172.21.15.53:0/2' entity='mgr.smithi053.cjiiek' cmd=[{"prefix": "mon metadata"}]: dispatch
2024-09-16T00:41:33.320 INFO:journalctl@ceph.mon.smithi053.smithi053.stdout:Sep 16 00:41:33 smithi053 ceph-mon[27950]: Manager daemon smithi053.cjiiek is now available
2024-09-16T00:41:33.320 INFO:journalctl@ceph.mon.smithi053.smithi053.stdout:Sep 16 00:41:33 smithi053 ceph-mon[27950]: from='mgr.14164 172.21.15.53:0/2' entity='mgr.smithi053.cjiiek' cmd=[{"prefix": "config dump", "format": "json"}]: dispatch
2024-09-16T00:41:33.320 INFO:journalctl@ceph.mon.smithi053.smithi053.stdout:Sep 16 00:41:33 smithi053 ceph-mon[27950]: from='mgr.14164 172.21.15.53:0/2' entity='mgr.smithi053.cjiiek' cmd=[{"prefix": "config dump", "format": "json"}]: dispatch
2024-09-16T00:41:33.320 INFO:journalctl@ceph.mon.smithi053.smithi053.stdout:Sep 16 00:41:33 smithi053 ceph-mon[27950]: from='mgr.14164 172.21.15.53:0/2' entity='mgr.smithi053.cjiiek' cmd=[{"prefix":"config rm","who":"mgr","name":"mgr/rbd_support/smithi053.cjiiek/mirror_snapshot_schedule"}]: dispatch
2024-09-16T00:41:33.320 INFO:journalctl@ceph.mon.smithi053.smithi053.stdout:Sep 16 00:41:33 smithi053 ceph-mon[27950]: from='mgr.14164 172.21.15.53:0/2' entity='mgr.smithi053.cjiiek' cmd=[{"prefix":"config rm","who":"mgr","name":"mgr/rbd_support/smithi053.cjiiek/trash_purge_schedule"}]: dispatch
2024-09-16T00:41:34.981 INFO:teuthology.orchestra.run.smithi053.stdout:/usr/bin/ceph: stdout {
2024-09-16T00:41:34.981 INFO:teuthology.orchestra.run.smithi053.stdout:/usr/bin/ceph: stdout "mgrmap_epoch": 11,
2024-09-16T00:41:34.981 INFO:teuthology.orchestra.run.smithi053.stdout:/usr/bin/ceph: stdout "initialized": true
2024-09-16T00:41:34.981 INFO:teuthology.orchestra.run.smithi053.stdout:/usr/bin/ceph: stdout }
2024-09-16T00:41:34.981 INFO:teuthology.orchestra.run.smithi053.stdout:/usr/bin/ceph: stderr
2024-09-16T00:41:28.435+0000 7f93039b5700 1 Processor -- start
2024-09-16T00:41:34.981 INFO:teuthology.orchestra.run.smithi053.stdout:/usr/bin/ceph: stderr
2024-09-16T00:41:28.435+0000 7f93039b5700 1 -- start start
2024-09-16T00:41:34.981 INFO:teuthology.orchestra.run.smithi053.stdout:/usr/bin/ceph: stderr
2024-09-16T00:41:28.435+0000 7f93039b5700 1 --2- >> [v2:172.21.15.53:3300/0,v1:172.21.15.53:6789/0] conn(0x7f92fc104a80 0x7f92fc104e90 unknown :-1 s=NONE pgs=0 cs=0 l=0 rev1=0 crypto rx=0 tx=0 comp rx=0 tx=0).connect
2024-09-16T00:41:34.981 INFO:teuthology.orchestra.run.smithi053.stdout:/usr/bin/ceph: stderr
2024-09-16T00:41:28.435+0000 7f93039b5700 1 -- --> [v2:172.21.15.53:3300/0,v1:172.21.15.53:6789/0] -- mon_getmap magic: 0 v1 -- 0x7f92fc1053d0 con 0x7f92fc104a80
2024-09-16T00:41:34.982 INFO:teuthology.orchestra.run.smithi053.stdout:/usr/bin/ceph: stderr
2024-09-16T00:41:28.435+0000 7f9301751700 1 --2- >> [v2:172.21.15.53:3300/0,v1:172.21.15.53:6789/0] conn(0x7f92fc104a80 0x7f92fc104e90 unknown :-1 s=BANNER_CONNECTING pgs=0 cs=0 l=0 rev1=0 crypto rx=0 tx=0 comp rx=0 tx=0)._handle_peer_banner_payload supported=3 required=0
2024-09-16T00:41:34.982 INFO:teuthology.orchestra.run.smithi053.stdout:/usr/bin/ceph: stderr
2024-09-16T00:41:28.435+0000 7f9301751700 1 --2- >> [v2:172.21.15.53:3300/0,v1:172.21.15.53:6789/0] conn(0x7f92fc104a80 0x7f92fc104e90 unknown :-1 s=HELLO_CONNECTING pgs=0 cs=0 l=0 rev1=1 crypto rx=0 tx=0 comp rx=0 tx=0).handle_hello peer v2:172.21.15.53:3300/0 says I am v2:172.21.15.53:59616/0 (socket says 172.21.15.53:59616)
2024-09-16T00:41:34.982 INFO:teuthology.orchestra.run.smithi053.stdout:/usr/bin/ceph: stderr
2024-09-16T00:41:28.435+0000 7f9301751700 1 -- 172.21.15.53:0/1971925746 learned_addr learned my addr 172.21.15.53:0/1971925746 (peer_addr_for_me v2:172.21.15.53:0/0)
2024-09-16T00:41:34.982 INFO:teuthology.orchestra.run.smithi053.stdout:/usr/bin/ceph: stderr
2024-09-16T00:41:28.436+0000 7f9301751700 1 -- 172.21.15.53:0/1971925746 --> [v2:172.21.15.53:3300/0,v1:172.21.15.53:6789/0] -- mon_subscribe({config=0+,monmap=0+}) v3 -- 0x7f92fc105510 con 0x7f92fc104a80
2024-09-16T00:41:34.982 INFO:teuthology.orchestra.run.smithi053.stdout:/usr/bin/ceph: stderr
2024-09-16T00:41:28.436+0000 7f9301751700 1 --2- 172.21.15.53:0/1971925746 >> [v2:172.21.15.53:3300/0,v1:172.21.15.53:6789/0] conn(0x7f92fc104a80 0x7f92fc104e90 secure :-1 s=READY pgs=73 cs=0 l=1 rev1=1 crypto rx=0x7f92f80098a0 tx=0x7f92f8009bb0 comp rx=0 tx=0).ready entity=mon.0 client_cookie=966f2a265eb6487b server_cookie=0 in_seq=0 out_seq=0
2024-09-16T00:41:34.982 INFO:teuthology.orchestra.run.smithi053.stdout:/usr/bin/ceph: stderr
2024-09-16T00:41:28.436+0000 7f92f3fff700 1 -- 172.21.15.53:0/1971925746 <== mon.0 v2:172.21.15.53:3300/0 1 ==== mon_map magic: 0 v1 ==== 229+0+0 (secure 0 0 0) 0x7f92f8004180 con 0x7f92fc104a80
2024-09-16T00:41:34.982 INFO:teuthology.orchestra.run.smithi053.stdout:/usr/bin/ceph: stderr
2024-09-16T00:41:28.436+0000 7f92f3fff700 1 -- 172.21.15.53:0/1971925746 <== mon.0 v2:172.21.15.53:3300/0 2 ==== config(27 keys) v1 ==== 1101+0+0 (secure 0 0 0) 0x7f92f80042e0 con 0x7f92fc104a80
2024-09-16T00:41:34.982 INFO:teuthology.orchestra.run.smithi053.stdout:/usr/bin/ceph: stderr
2024-09-16T00:41:28.436+0000 7f92f3fff700 1 -- 172.21.15.53:0/1971925746 <== mon.0 v2:172.21.15.53:3300/0 3 ==== mon_map magic: 0 v1 ==== 229+0+0 (secure 0 0 0) 0x7f92f8011af0 con 0x7f92fc104a80
2024-09-16T00:41:34.982 INFO:teuthology.orchestra.run.smithi053.stdout:/usr/bin/ceph: stderr
2024-09-16T00:41:28.437+0000 7f93039b5700 1 -- 172.21.15.53:0/1971925746 >> [v2:172.21.15.53:3300/0,v1:172.21.15.53:6789/0] conn(0x7f92fc104a80 msgr2=0x7f92fc104e90 secure :-1 s=STATE_CONNECTION_ESTABLISHED l=1).mark_down
2024-09-16T00:41:34.982 INFO:teuthology.orchestra.run.smithi053.stdout:/usr/bin/ceph: stderr
2024-09-16T00:41:28.437+0000 7f93039b5700 1 --2- 172.21.15.53:0/1971925746 >> [v2:172.21.15.53:3300/0,v1:172.21.15.53:6789/0] conn(0x7f92fc104a80 0x7f92fc104e90 secure :-1 s=READY pgs=73 cs=0 l=1 rev1=1 crypto rx=0x7f92f80098a0 tx=0x7f92f8009bb0 comp rx=0 tx=0).stop
2024-09-16T00:41:34.982 INFO:teuthology.orchestra.run.smithi053.stdout:/usr/bin/ceph: stderr
2024-09-16T00:41:28.437+0000 7f93039b5700 1 -- 172.21.15.53:0/1971925746 shutdown_connections
2024-09-16T00:41:34.982 INFO:teuthology.orchestra.run.smithi053.stdout:/usr/bin/ceph: stderr
2024-09-16T00:41:28.437+0000 7f93039b5700 1 --2- 172.21.15.53:0/1971925746 >> [v2:172.21.15.53:3300/0,v1:172.21.15.53:6789/0] conn(0x7f92fc104a80 0x7f92fc104e90 unknown :-1 s=CLOSED pgs=73 cs=0 l=1 rev1=1 crypto rx=0 tx=0 comp rx=0 tx=0).stop
2024-09-16T00:41:34.982 INFO:teuthology.orchestra.run.smithi053.stdout:/usr/bin/ceph: stderr
2024-09-16T00:41:28.437+0000 7f93039b5700 1 -- 172.21.15.53:0/1971925746 >> 172.21.15.53:0/1971925746 conn(0x7f92fc100110 msgr2=0x7f92fc102520 unknown :-1 s=STATE_NONE l=0).mark_down
2024-09-16T00:41:34.983 INFO:teuthology.orchestra.run.smithi053.stdout:/usr/bin/ceph: stderr
2024-09-16T00:41:28.437+0000 7f93039b5700 1 -- 172.21.15.53:0/1971925746 shutdown_connections
2024-09-16T00:41:34.983 INFO:teuthology.orchestra.run.smithi053.stdout:/usr/bin/ceph: stderr
2024-09-16T00:41:28.437+0000 7f93039b5700 1 -- 172.21.15.53:0/1971925746 wait complete.
2024-09-16T00:41:34.983 INFO:teuthology.orchestra.run.smithi053.stdout:/usr/bin/ceph: stderr
2024-09-16T00:41:28.438+0000 7f93039b5700 1 Processor -- start
2024-09-16T00:41:34.983 INFO:teuthology.orchestra.run.smithi053.stdout:/usr/bin/ceph: stderr
2024-09-16T00:41:28.438+0000 7f93039b5700 1 -- start start
2024-09-16T00:41:34.983 INFO:teuthology.orchestra.run.smithi053.stdout:/usr/bin/ceph: stderr
2024-09-16T00:41:28.438+0000 7f93039b5700 1 --2- >> [v2:172.21.15.53:3300/0,v1:172.21.15.53:6789/0] conn(0x7f92fc104a80 0x7f92fc074250 unknown :-1 s=NONE pgs=0 cs=0 l=1 rev1=0 crypto rx=0 tx=0 comp rx=0 tx=0).connect
2024-09-16T00:41:34.983 INFO:teuthology.orchestra.run.smithi053.stdout:/usr/bin/ceph: stderr
2024-09-16T00:41:28.438+0000 7f93039b5700 1 -- --> [v2:172.21.15.53:3300/0,v1:172.21.15.53:6789/0] -- mon_getmap magic: 0 v1 -- 0x7f92fc19c650 con 0x7f92fc104a80
2024-09-16T00:41:34.983 INFO:teuthology.orchestra.run.smithi053.stdout:/usr/bin/ceph: stderr
2024-09-16T00:41:28.438+0000 7f9301751700 1 --2- >> [v2:172.21.15.53:3300/0,v1:172.21.15.53:6789/0] conn(0x7f92fc104a80 0x7f92fc074250 unknown :-1 s=BANNER_CONNECTING pgs=0 cs=0 l=1 rev1=0 crypto rx=0 tx=0 comp rx=0 tx=0)._handle_peer_banner_payload supported=3 required=0
2024-09-16T00:41:34.983 INFO:teuthology.orchestra.run.smithi053.stdout:/usr/bin/ceph: stderr
2024-09-16T00:41:28.438+0000 7f9301751700 1 --2- >> [v2:172.21.15.53:3300/0,v1:172.21.15.53:6789/0] conn(0x7f92fc104a80 0x7f92fc074250 unknown :-1 s=HELLO_CONNECTING pgs=0 cs=0 l=1 rev1=1 crypto rx=0 tx=0 comp rx=0 tx=0).handle_hello peer v2:172.21.15.53:3300/0 says I am v2:172.21.15.53:59632/0 (socket says 172.21.15.53:59632)
2024-09-16T00:41:34.983 INFO:teuthology.orchestra.run.smithi053.stdout:/usr/bin/ceph: stderr
2024-09-16T00:41:28.438+0000 7f9301751700 1 -- 172.21.15.53:0/2399553834 learned_addr learned my addr 172.21.15.53:0/2399553834 (peer_addr_for_me v2:172.21.15.53:0/0)
2024-09-16T00:41:34.983 INFO:teuthology.orchestra.run.smithi053.stdout:/usr/bin/ceph: stderr
2024-09-16T00:41:28.438+0000 7f9301751700 1 -- 172.21.15.53:0/2399553834 --> [v2:172.21.15.53:3300/0,v1:172.21.15.53:6789/0] -- mon_subscribe({config=0+,monmap=0+}) v3 -- 0x7f92f8009550 con 0x7f92fc104a80
2024-09-16T00:41:34.983 INFO:teuthology.orchestra.run.smithi053.stdout:/usr/bin/ceph: stderr
2024-09-16T00:41:28.439+0000 7f9301751700 1 --2- 172.21.15.53:0/2399553834 >> [v2:172.21.15.53:3300/0,v1:172.21.15.53:6789/0] conn(0x7f92fc104a80 0x7f92fc074250 secure :-1 s=READY pgs=74 cs=0 l=1 rev1=1 crypto rx=0x7f92f8011ad0 tx=0x7f92f8011bb0 comp rx=0 tx=0).ready entity=mon.0 client_cookie=0 server_cookie=0 in_seq=0 out_seq=0
2024-09-16T00:41:34.983 INFO:teuthology.orchestra.run.smithi053.stdout:/usr/bin/ceph: stderr
2024-09-16T00:41:28.439+0000 7f92f27fc700 1 -- 172.21.15.53:0/2399553834 <== mon.0 v2:172.21.15.53:3300/0 1 ==== mon_map magic: 0 v1 ==== 229+0+0 (secure 0 0 0) 0x7f92f8003ab0 con 0x7f92fc104a80
2024-09-16T00:41:34.983 INFO:teuthology.orchestra.run.smithi053.stdout:/usr/bin/ceph: stderr
2024-09-16T00:41:28.439+0000 7f93039b5700 1 -- 172.21.15.53:0/2399553834 --> [v2:172.21.15.53:3300/0,v1:172.21.15.53:6789/0] -- mon_subscribe({mgrmap=0+}) v3 -- 0x7f92fc19c790 con 0x7f92fc104a80
2024-09-16T00:41:34.983 INFO:teuthology.orchestra.run.smithi053.stdout:/usr/bin/ceph: stderr
2024-09-16T00:41:28.439+0000 7f92f27fc700 1 -- 172.21.15.53:0/2399553834 <== mon.0 v2:172.21.15.53:3300/0 2 ==== config(27 keys) v1 ==== 1101+0+0 (secure 0 0 0) 0x7f92f8003c10 con 0x7f92fc104a80
2024-09-16T00:41:34.984 INFO:teuthology.orchestra.run.smithi053.stdout:/usr/bin/ceph: stderr
2024-09-16T00:41:28.439+0000 7f92f27fc700 1 -- 172.21.15.53:0/2399553834 <== mon.0 v2:172.21.15.53:3300/0 3 ==== mon_map magic: 0 v1 ==== 229+0+0 (secure 0 0 0) 0x7f92f80198e0 con 0x7f92fc104a80
2024-09-16T00:41:34.984 INFO:teuthology.orchestra.run.smithi053.stdout:/usr/bin/ceph: stderr
2024-09-16T00:41:28.439+0000 7f93039b5700 1 -- 172.21.15.53:0/2399553834 --> [v2:172.21.15.53:3300/0,v1:172.21.15.53:6789/0] -- mon_subscribe({osdmap=0}) v3 -- 0x7f92fc19cbb0 con 0x7f92fc104a80
2024-09-16T00:41:34.984 INFO:teuthology.orchestra.run.smithi053.stdout:/usr/bin/ceph: stderr
2024-09-16T00:41:28.440+0000 7f92f27fc700 1 -- 172.21.15.53:0/2399553834 <== mon.0 v2:172.21.15.53:3300/0 4 ==== mgrmap(e 9) v1 ==== 45097+0+0 (secure 0 0 0) 0x7f92f8019b70 con 0x7f92fc104a80
2024-09-16T00:41:34.984 INFO:teuthology.orchestra.run.smithi053.stdout:/usr/bin/ceph: stderr
2024-09-16T00:41:28.440+0000 7f92f27fc700 1 --2- 172.21.15.53:0/2399553834 >> [v2:172.21.15.53:6800/2,v1:172.21.15.53:6801/2] conn(0x7f92e8038490 0x7f92e803a940 unknown :-1 s=NONE pgs=0 cs=0 l=1 rev1=0 crypto rx=0 tx=0 comp rx=0 tx=0).connect
2024-09-16T00:41:34.984 INFO:teuthology.orchestra.run.smithi053.stdout:/usr/bin/ceph: stderr
2024-09-16T00:41:28.440+0000 7f92f27fc700 1 -- 172.21.15.53:0/2399553834 --> [v2:172.21.15.53:6800/2,v1:172.21.15.53:6801/2] -- command(tid 0: {"prefix": "get_command_descriptions"}) v1 -- 0x7f92e803b050 con 0x7f92e8038490
2024-09-16T00:41:34.984 INFO:teuthology.orchestra.run.smithi053.stdout:/usr/bin/ceph: stderr
2024-09-16T00:41:28.440+0000 7f92f27fc700 1 -- 172.21.15.53:0/2399553834 <== mon.0 v2:172.21.15.53:3300/0 5 ==== osd_map(2..2 src has 1..2) v4 ==== 940+0+0 (secure 0 0 0) 0x7f92f804c350 con 0x7f92fc104a80
2024-09-16T00:41:34.984 INFO:teuthology.orchestra.run.smithi053.stdout:/usr/bin/ceph: stderr
2024-09-16T00:41:28.440+0000 7f9300f50700 1 -- 172.21.15.53:0/2399553834 >> [v2:172.21.15.53:6800/2,v1:172.21.15.53:6801/2] conn(0x7f92e8038490 msgr2=0x7f92e803a940 unknown :-1 s=STATE_CONNECTING_RE l=1).process reconnect failed to v2:172.21.15.53:6800/2
2024-09-16T00:41:34.984 INFO:teuthology.orchestra.run.smithi053.stdout:/usr/bin/ceph: stderr
2024-09-16T00:41:28.440+0000 7f9300f50700 1 --2- 172.21.15.53:0/2399553834 >> [v2:172.21.15.53:6800/2,v1:172.21.15.53:6801/2] conn(0x7f92e8038490 0x7f92e803a940 unknown :-1 s=START_CONNECT pgs=0 cs=0 l=1 rev1=0 crypto rx=0 tx=0 comp rx=0 tx=0)._fault waiting 0.200000
2024-09-16T00:41:34.984 INFO:teuthology.orchestra.run.smithi053.stdout:/usr/bin/ceph: stderr
2024-09-16T00:41:28.641+0000 7f9300f50700 1 -- 172.21.15.53:0/2399553834 >> [v2:172.21.15.53:6800/2,v1:172.21.15.53:6801/2] conn(0x7f92e8038490 msgr2=0x7f92e803a940 unknown :-1 s=STATE_CONNECTING_RE l=1).process reconnect failed to v2:172.21.15.53:6800/2
2024-09-16T00:41:34.984 INFO:teuthology.orchestra.run.smithi053.stdout:/usr/bin/ceph: stderr
2024-09-16T00:41:28.641+0000 7f9300f50700 1 --2- 172.21.15.53:0/2399553834 >> [v2:172.21.15.53:6800/2,v1:172.21.15.53:6801/2] conn(0x7f92e8038490 0x7f92e803a940 unknown :-1 s=START_CONNECT pgs=0 cs=0 l=1 rev1=0 crypto rx=0 tx=0 comp rx=0 tx=0)._fault waiting 0.400000
2024-09-16T00:41:34.984 INFO:teuthology.orchestra.run.smithi053.stdout:/usr/bin/ceph: stderr
2024-09-16T00:41:29.042+0000 7f9300f50700 1 -- 172.21.15.53:0/2399553834 >> [v2:172.21.15.53:6800/2,v1:172.21.15.53:6801/2] conn(0x7f92e8038490 msgr2=0x7f92e803a940 unknown :-1 s=STATE_CONNECTING_RE l=1).process reconnect failed to v2:172.21.15.53:6800/2
2024-09-16T00:41:34.984 INFO:teuthology.orchestra.run.smithi053.stdout:/usr/bin/ceph: stderr
2024-09-16T00:41:29.042+0000 7f9300f50700 1 --2- 172.21.15.53:0/2399553834 >> [v2:172.21.15.53:6800/2,v1:172.21.15.53:6801/2] conn(0x7f92e8038490 0x7f92e803a940 unknown :-1 s=START_CONNECT pgs=0 cs=0 l=1 rev1=0 crypto rx=0 tx=0 comp rx=0 tx=0)._fault waiting 0.800000
2024-09-16T00:41:34.984 INFO:teuthology.orchestra.run.smithi053.stdout:/usr/bin/ceph: stderr
2024-09-16T00:41:29.843+0000 7f9300f50700 1 -- 172.21.15.53:0/2399553834 >> [v2:172.21.15.53:6800/2,v1:172.21.15.53:6801/2] conn(0x7f92e8038490 msgr2=0x7f92e803a940 unknown :-1 s=STATE_CONNECTING_RE l=1).process reconnect failed to v2:172.21.15.53:6800/2
2024-09-16T00:41:34.985 INFO:teuthology.orchestra.run.smithi053.stdout:/usr/bin/ceph: stderr
2024-09-16T00:41:29.843+0000 7f9300f50700 1 --2- 172.21.15.53:0/2399553834 >> [v2:172.21.15.53:6800/2,v1:172.21.15.53:6801/2] conn(0x7f92e8038490 0x7f92e803a940 unknown :-1 s=START_CONNECT pgs=0 cs=0 l=1 rev1=0 crypto rx=0 tx=0 comp rx=0 tx=0)._fault waiting 1.600000
2024-09-16T00:41:34.985 INFO:teuthology.orchestra.run.smithi053.stdout:/usr/bin/ceph: stderr
2024-09-16T00:41:31.444+0000 7f9300f50700 1 -- 172.21.15.53:0/2399553834 >> [v2:172.21.15.53:6800/2,v1:172.21.15.53:6801/2] conn(0x7f92e8038490 msgr2=0x7f92e803a940 unknown :-1 s=STATE_CONNECTING_RE l=1).process reconnect failed to v2:172.21.15.53:6800/2
2024-09-16T00:41:34.985 INFO:teuthology.orchestra.run.smithi053.stdout:/usr/bin/ceph: stderr
2024-09-16T00:41:31.444+0000 7f9300f50700 1 --2- 172.21.15.53:0/2399553834 >> [v2:172.21.15.53:6800/2,v1:172.21.15.53:6801/2] conn(0x7f92e8038490 0x7f92e803a940 unknown :-1 s=START_CONNECT pgs=0 cs=0 l=1 rev1=0 crypto rx=0 tx=0 comp rx=0 tx=0)._fault waiting 3.200000
2024-09-16T00:41:34.985 INFO:teuthology.orchestra.run.smithi053.stdout:/usr/bin/ceph: stderr
2024-09-16T00:41:32.996+0000 7f92f27fc700 1 -- 172.21.15.53:0/2399553834 <== mon.0 v2:172.21.15.53:3300/0 6 ==== mgrmap(e 10) v1 ==== 44864+0+0 (secure 0 0 0) 0x7f92f800b3e0 con 0x7f92fc104a80
2024-09-16T00:41:34.985 INFO:teuthology.orchestra.run.smithi053.stdout:/usr/bin/ceph: stderr
2024-09-16T00:41:32.996+0000 7f92f27fc700 1 -- 172.21.15.53:0/2399553834 >> [v2:172.21.15.53:6800/2,v1:172.21.15.53:6801/2] conn(0x7f92e8038490 msgr2=0x7f92e803a940 unknown :-1 s=STATE_CONNECTING l=1).mark_down
2024-09-16T00:41:34.985 INFO:teuthology.orchestra.run.smithi053.stdout:/usr/bin/ceph: stderr
2024-09-16T00:41:32.996+0000 7f92f27fc700 1 --2- 172.21.15.53:0/2399553834 >> [v2:172.21.15.53:6800/2,v1:172.21.15.53:6801/2] conn(0x7f92e8038490 0x7f92e803a940 unknown :-1 s=START_CONNECT pgs=0 cs=0 l=1 rev1=0 crypto rx=0 tx=0 comp rx=0 tx=0).stop
