2024-09-16T00:41:04.522 INFO:teuthology.orchestra.run.smithi053.stdout:/usr/bin/ceph: stderr
2024-09-16T00:41:03.957+0000 7fcaad1bf700 1 -- 172.21.15.53:0/1778888367 shutdown_connections
2024-09-16T00:41:04.522 INFO:teuthology.orchestra.run.smithi053.stdout:/usr/bin/ceph: stderr
2024-09-16T00:41:03.957+0000 7fcaad1bf700 1 --2- 172.21.15.53:0/1778888367 >> [v2:172.21.15.53:6800/2,v1:172.21.15.53:6801/2] conn(0x7fca940383b0 0x7fca9403a860 unknown :-1 s=CLOSED pgs=9 cs=0 l=1 rev1=1 crypto rx=0 tx=0 comp rx=0 tx=0).stop
2024-09-16T00:41:04.522 INFO:teuthology.orchestra.run.smithi053.stdout:/usr/bin/ceph: stderr
2024-09-16T00:41:03.957+0000 7fcaad1bf700 1 --2- 172.21.15.53:0/1778888367 >> [v2:172.21.15.53:3300/0,v1:172.21.15.53:6789/0] conn(0x7fcaa8105b70 0x7fcaa81998b0 unknown :-1 s=CLOSED pgs=42 cs=0 l=1 rev1=1 crypto rx=0 tx=0 comp rx=0 tx=0).stop
2024-09-16T00:41:04.522 INFO:teuthology.orchestra.run.smithi053.stdout:/usr/bin/ceph: stderr
2024-09-16T00:41:03.957+0000 7fcaad1bf700 1 -- 172.21.15.53:0/1778888367 >> 172.21.15.53:0/1778888367 conn(0x7fcaa8101220 msgr2=0x7fcaa8101ff0 unknown :-1 s=STATE_NONE l=0).mark_down
2024-09-16T00:41:04.522 INFO:teuthology.orchestra.run.smithi053.stdout:/usr/bin/ceph: stderr
2024-09-16T00:41:03.957+0000 7fcaad1bf700 1 -- 172.21.15.53:0/1778888367 shutdown_connections
2024-09-16T00:41:04.522 INFO:teuthology.orchestra.run.smithi053.stdout:/usr/bin/ceph: stderr
2024-09-16T00:41:03.957+0000 7fcaad1bf700 1 -- 172.21.15.53:0/1778888367 wait complete.
2024-09-16T00:41:05.064 INFO:journalctl@ceph.mon.smithi053.smithi053.stdout:Sep 16 00:41:04 smithi053 ceph-mon[27950]: from='client.14136 -' entity='client.admin' cmd=[{"prefix": "cephadm generate-key", "target": ["mon-mgr", ""]}]: dispatch
2024-09-16T00:41:05.064 INFO:journalctl@ceph.mon.smithi053.smithi053.stdout:Sep 16 00:41:04 smithi053 ceph-mon[27950]: Generating ssh key...
2024-09-16T00:41:05.064 INFO:journalctl@ceph.mon.smithi053.smithi053.stdout:Sep 16 00:41:04 smithi053 ceph-mon[27950]: from='mgr.14120 172.21.15.53:0/2' entity='mgr.smithi053.cjiiek'
2024-09-16T00:41:05.064 INFO:journalctl@ceph.mon.smithi053.smithi053.stdout:Sep 16 00:41:04 smithi053 ceph-mon[27950]: from='mgr.14120 172.21.15.53:0/2' entity='mgr.smithi053.cjiiek'
2024-09-16T00:41:05.977 INFO:teuthology.orchestra.run.smithi053.stdout:/usr/bin/ceph: stdout ssh-rsa AAAAB3NzaC1yc2EAAAADAQABAAABgQDTpiJgjMKSvbASZqQNJ+d8sw1Uumz++dZbklMh5dwtRSSa1p2cUY4zIyzv5hxG5AyWbiCrrs+xgvr6IwFU3L9XUVnC9g7tB1ue4Eof54i+P+cwAq1Ocj5Xrez2p29pWrqZA6OmPb2m4Q1ISWhD0qsgQ5Wb28Haxr+2Kcz4fo8UCHPeO0HbSDvF1Bqu4pM6qcaHaE20kvel793xW4PJWsKtsIL/NTcGFUtSdHVZnLQIZcyKN+zRa2u3o6FwuG2MP+Z72PWGLjE9WeCRFt06cWjAk4yxMNssLh3SY+6Go4xJUeuRzVeRB25Hkn3IiiV4gQWf1V83AwMRYhSYq41UBVu5QlXys1SWyd9hqqj8wOjA5EAnsIfEJTwiJRT7Ufgj7I8nwaKjDZTTJdAA/Vic+Nh4mQe9apNiXz4yZFRlFOnW7/aw67PJhrKWK7IzMtkDDDSkP4o/cUu84jTKNn5Z76nTGt5zxNHsQHKqFmFz8S+Bq0VYp6RUVzgDMr64h9/9h/k= ceph-31d96aac-73c4-11ef-bceb-c7b262605968
2024-09-16T00:41:05.977 INFO:teuthology.orchestra.run.smithi053.stdout:/usr/bin/ceph: stderr
2024-09-16T00:41:05.093+0000 7efc97ffe700 1 Processor -- start
2024-09-16T00:41:05.977 INFO:teuthology.orchestra.run.smithi053.stdout:/usr/bin/ceph: stderr
2024-09-16T00:41:05.094+0000 7efc97ffe700 1 -- start start
2024-09-16T00:41:05.977 INFO:teuthology.orchestra.run.smithi053.stdout:/usr/bin/ceph: stderr
2024-09-16T00:41:05.094+0000 7efc97ffe700 1 --2- >> [v2:172.21.15.53:3300/0,v1:172.21.15.53:6789/0] conn(0x7efc901066f0 0x7efc90108ad0 unknown :-1 s=NONE pgs=0 cs=0 l=0 rev1=0 crypto rx=0 tx=0 comp rx=0 tx=0).connect
2024-09-16T00:41:05.977 INFO:teuthology.orchestra.run.smithi053.stdout:/usr/bin/ceph: stderr
2024-09-16T00:41:05.094+0000 7efc97ffe700 1 -- --> [v2:172.21.15.53:3300/0,v1:172.21.15.53:6789/0] -- mon_getmap magic: 0 v1 -- 0x7efc90079d40 con 0x7efc901066f0
2024-09-16T00:41:05.977 INFO:teuthology.orchestra.run.smithi053.stdout:/usr/bin/ceph: stderr
2024-09-16T00:41:05.094+0000 7efc95d9a700 1 --2- >> [v2:172.21.15.53:3300/0,v1:172.21.15.53:6789/0] conn(0x7efc901066f0 0x7efc90108ad0 unknown :-1 s=BANNER_CONNECTING pgs=0 cs=0 l=0 rev1=0 crypto rx=0 tx=0 comp rx=0 tx=0)._handle_peer_banner_payload supported=3 required=0
2024-09-16T00:41:05.977 INFO:teuthology.orchestra.run.smithi053.stdout:/usr/bin/ceph: stderr
2024-09-16T00:41:05.094+0000 7efc95d9a700 1 --2- >> [v2:172.21.15.53:3300/0,v1:172.21.15.53:6789/0] conn(0x7efc901066f0 0x7efc90108ad0 unknown :-1 s=HELLO_CONNECTING pgs=0 cs=0 l=0 rev1=1 crypto rx=0 tx=0 comp rx=0 tx=0).handle_hello peer v2:172.21.15.53:3300/0 says I am v2:172.21.15.53:39618/0 (socket says 172.21.15.53:39618)
2024-09-16T00:41:05.977 INFO:teuthology.orchestra.run.smithi053.stdout:/usr/bin/ceph: stderr
2024-09-16T00:41:05.094+0000 7efc95d9a700 1 -- 172.21.15.53:0/174616150 learned_addr learned my addr 172.21.15.53:0/174616150 (peer_addr_for_me v2:172.21.15.53:0/0)
2024-09-16T00:41:05.977 INFO:teuthology.orchestra.run.smithi053.stdout:/usr/bin/ceph: stderr
2024-09-16T00:41:05.094+0000 7efc95d9a700 1 -- 172.21.15.53:0/174616150 --> [v2:172.21.15.53:3300/0,v1:172.21.15.53:6789/0] -- mon_subscribe({config=0+,monmap=0+}) v3 -- 0x7efc90079e80 con 0x7efc901066f0
2024-09-16T00:41:05.977 INFO:teuthology.orchestra.run.smithi053.stdout:/usr/bin/ceph: stderr
2024-09-16T00:41:05.094+0000 7efc95d9a700 1 --2- 172.21.15.53:0/174616150 >> [v2:172.21.15.53:3300/0,v1:172.21.15.53:6789/0] conn(0x7efc901066f0 0x7efc90108ad0 secure :-1 s=READY pgs=43 cs=0 l=1 rev1=1 crypto rx=0x7efc8c0098a0 tx=0x7efc8c009bb0 comp rx=0 tx=0).ready entity=mon.0 client_cookie=92d5149a7b256651 server_cookie=0 in_seq=0 out_seq=0
2024-09-16T00:41:05.977 INFO:teuthology.orchestra.run.smithi053.stdout:/usr/bin/ceph: stderr
2024-09-16T00:41:05.095+0000 7efc94d98700 1 -- 172.21.15.53:0/174616150 <== mon.0 v2:172.21.15.53:3300/0 1 ==== mon_map magic: 0 v1 ==== 229+0+0 (secure 0 0 0) 0x7efc8c004180 con 0x7efc901066f0
2024-09-16T00:41:05.977 INFO:teuthology.orchestra.run.smithi053.stdout:/usr/bin/ceph: stderr
2024-09-16T00:41:05.095+0000 7efc94d98700 1 -- 172.21.15.53:0/174616150 <== mon.0 v2:172.21.15.53:3300/0 2 ==== config(27 keys) v1 ==== 1037+0+0 (secure 0 0 0) 0x7efc8c0042e0 con 0x7efc901066f0
2024-09-16T00:41:05.977 INFO:teuthology.orchestra.run.smithi053.stdout:/usr/bin/ceph: stderr
2024-09-16T00:41:05.095+0000 7efc94d98700 1 -- 172.21.15.53:0/174616150 <== mon.0 v2:172.21.15.53:3300/0 3 ==== mon_map magic: 0 v1 ==== 229+0+0 (secure 0 0 0) 0x7efc8c011a50 con 0x7efc901066f0
2024-09-16T00:41:05.978 INFO:teuthology.orchestra.run.smithi053.stdout:/usr/bin/ceph: stderr
2024-09-16T00:41:05.095+0000 7efc97ffe700 1 -- 172.21.15.53:0/174616150 >> [v2:172.21.15.53:3300/0,v1:172.21.15.53:6789/0] conn(0x7efc901066f0 msgr2=0x7efc90108ad0 secure :-1 s=STATE_CONNECTION_ESTABLISHED l=1).mark_down
2024-09-16T00:41:05.978 INFO:teuthology.orchestra.run.smithi053.stdout:/usr/bin/ceph: stderr
2024-09-16T00:41:05.095+0000 7efc97ffe700 1 --2- 172.21.15.53:0/174616150 >> [v2:172.21.15.53:3300/0,v1:172.21.15.53:6789/0] conn(0x7efc901066f0 0x7efc90108ad0 secure :-1 s=READY pgs=43 cs=0 l=1 rev1=1 crypto rx=0x7efc8c0098a0 tx=0x7efc8c009bb0 comp rx=0 tx=0).stop
2024-09-16T00:41:05.978 INFO:teuthology.orchestra.run.smithi053.stdout:/usr/bin/ceph: stderr
2024-09-16T00:41:05.095+0000 7efc97ffe700 1 -- 172.21.15.53:0/174616150 shutdown_connections
2024-09-16T00:41:05.978 INFO:teuthology.orchestra.run.smithi053.stdout:/usr/bin/ceph: stderr
2024-09-16T00:41:05.095+0000 7efc97ffe700 1 --2- 172.21.15.53:0/174616150 >> [v2:172.21.15.53:3300/0,v1:172.21.15.53:6789/0] conn(0x7efc901066f0 0x7efc90108ad0 unknown :-1 s=CLOSED pgs=43 cs=0 l=1 rev1=1 crypto rx=0 tx=0 comp rx=0 tx=0).stop
2024-09-16T00:41:05.978 INFO:teuthology.orchestra.run.smithi053.stdout:/usr/bin/ceph: stderr
2024-09-16T00:41:05.095+0000 7efc97ffe700 1 -- 172.21.15.53:0/174616150 >> 172.21.15.53:0/174616150 conn(0x7efc901000f0 msgr2=0x7efc90102500 unknown :-1 s=STATE_NONE l=0).mark_down
2024-09-16T00:41:05.978 INFO:teuthology.orchestra.run.smithi053.stdout:/usr/bin/ceph: stderr
2024-09-16T00:41:05.095+0000 7efc97ffe700 1 -- 172.21.15.53:0/174616150 shutdown_connections
2024-09-16T00:41:05.978 INFO:teuthology.orchestra.run.smithi053.stdout:/usr/bin/ceph: stderr
2024-09-16T00:41:05.095+0000 7efc97ffe700 1 -- 172.21.15.53:0/174616150 wait complete.
2024-09-16T00:41:05.978 INFO:teuthology.orchestra.run.smithi053.stdout:/usr/bin/ceph: stderr
2024-09-16T00:41:05.096+0000 7efc97ffe700 1 Processor -- start
2024-09-16T00:41:05.978 INFO:teuthology.orchestra.run.smithi053.stdout:/usr/bin/ceph: stderr
2024-09-16T00:41:05.096+0000 7efc97ffe700 1 -- start start
2024-09-16T00:41:05.978 INFO:teuthology.orchestra.run.smithi053.stdout:/usr/bin/ceph: stderr
2024-09-16T00:41:05.096+0000 7efc97ffe700 1 --2- >> [v2:172.21.15.53:3300/0,v1:172.21.15.53:6789/0] conn(0x7efc901066f0 0x7efc901998e0 unknown :-1 s=NONE pgs=0 cs=0 l=1 rev1=0 crypto rx=0 tx=0 comp rx=0 tx=0).connect
2024-09-16T00:41:05.978 INFO:teuthology.orchestra.run.smithi053.stdout:/usr/bin/ceph: stderr
2024-09-16T00:41:05.096+0000 7efc97ffe700 1 -- --> [v2:172.21.15.53:3300/0,v1:172.21.15.53:6789/0] -- mon_getmap magic: 0 v1 -- 0x7efc90199e20 con 0x7efc901066f0
2024-09-16T00:41:05.978 INFO:teuthology.orchestra.run.smithi053.stdout:/usr/bin/ceph: stderr
2024-09-16T00:41:05.096+0000 7efc95d9a700 1 --2- >> [v2:172.21.15.53:3300/0,v1:172.21.15.53:6789/0] conn(0x7efc901066f0 0x7efc901998e0 unknown :-1 s=BANNER_CONNECTING pgs=0 cs=0 l=1 rev1=0 crypto rx=0 tx=0 comp rx=0 tx=0)._handle_peer_banner_payload supported=3 required=0
2024-09-16T00:41:05.978 INFO:teuthology.orchestra.run.smithi053.stdout:/usr/bin/ceph: stderr
2024-09-16T00:41:05.096+0000 7efc95d9a700 1 --2- >> [v2:172.21.15.53:3300/0,v1:172.21.15.53:6789/0] conn(0x7efc901066f0 0x7efc901998e0 unknown :-1 s=HELLO_CONNECTING pgs=0 cs=0 l=1 rev1=1 crypto rx=0 tx=0 comp rx=0 tx=0).handle_hello peer v2:172.21.15.53:3300/0 says I am v2:172.21.15.53:39634/0 (socket says 172.21.15.53:39634)
2024-09-16T00:41:05.978 INFO:teuthology.orchestra.run.smithi053.stdout:/usr/bin/ceph: stderr
2024-09-16T00:41:05.096+0000 7efc95d9a700 1 -- 172.21.15.53:0/3276203057 learned_addr learned my addr 172.21.15.53:0/3276203057 (peer_addr_for_me v2:172.21.15.53:0/0)
2024-09-16T00:41:05.978 INFO:teuthology.orchestra.run.smithi053.stdout:/usr/bin/ceph: stderr
2024-09-16T00:41:05.097+0000 7efc95d9a700 1 -- 172.21.15.53:0/3276203057 --> [v2:172.21.15.53:3300/0,v1:172.21.15.53:6789/0] -- mon_subscribe({config=0+,monmap=0+}) v3 -- 0x7efc8c009550 con 0x7efc901066f0
2024-09-16T00:41:05.979 INFO:teuthology.orchestra.run.smithi053.stdout:/usr/bin/ceph: stderr
2024-09-16T00:41:05.097+0000 7efc95d9a700 1 --2- 172.21.15.53:0/3276203057 >> [v2:172.21.15.53:3300/0,v1:172.21.15.53:6789/0] conn(0x7efc901066f0 0x7efc901998e0 secure :-1 s=READY pgs=44 cs=0 l=1 rev1=1 crypto rx=0x7efc8c006af0 tx=0x7efc8c011a90 comp rx=0 tx=0).ready entity=mon.0 client_cookie=0 server_cookie=0 in_seq=0 out_seq=0
2024-09-16T00:41:05.979 INFO:teuthology.orchestra.run.smithi053.stdout:/usr/bin/ceph: stderr
2024-09-16T00:41:05.097+0000 7efc86ffd700 1 -- 172.21.15.53:0/3276203057 <== mon.0 v2:172.21.15.53:3300/0 1 ==== mon_map magic: 0 v1 ==== 229+0+0 (secure 0 0 0) 0x7efc8c003b90 con 0x7efc901066f0
2024-09-16T00:41:05.979 INFO:teuthology.orchestra.run.smithi053.stdout:/usr/bin/ceph: stderr
2024-09-16T00:41:05.097+0000 7efc86ffd700 1 -- 172.21.15.53:0/3276203057 <== mon.0 v2:172.21.15.53:3300/0 2 ==== config(27 keys) v1 ==== 1037+0+0 (secure 0 0 0) 0x7efc8c01a8a0 con 0x7efc901066f0
2024-09-16T00:41:05.979 INFO:teuthology.orchestra.run.smithi053.stdout:/usr/bin/ceph: stderr
2024-09-16T00:41:05.097+0000 7efc86ffd700 1 -- 172.21.15.53:0/3276203057 <== mon.0 v2:172.21.15.53:3300/0 3 ==== mon_map magic: 0 v1 ==== 229+0+0 (secure 0 0 0) 0x7efc8c019880 con 0x7efc901066f0
2024-09-16T00:41:05.979 INFO:teuthology.orchestra.run.smithi053.stdout:/usr/bin/ceph: stderr
2024-09-16T00:41:05.097+0000 7efc97ffe700 1 -- 172.21.15.53:0/3276203057 --> [v2:172.21.15.53:3300/0,v1:172.21.15.53:6789/0] -- mon_subscribe({mgrmap=0+}) v3 -- 0x7efc9019a020 con 0x7efc901066f0
2024-09-16T00:41:05.979 INFO:teuthology.orchestra.run.smithi053.stdout:/usr/bin/ceph: stderr
2024-09-16T00:41:05.097+0000 7efc97ffe700 1 -- 172.21.15.53:0/3276203057 --> [v2:172.21.15.53:3300/0,v1:172.21.15.53:6789/0] -- mon_subscribe({osdmap=0}) v3 -- 0x7efc9019a440 con 0x7efc901066f0
2024-09-16T00:41:05.979 INFO:teuthology.orchestra.run.smithi053.stdout:/usr/bin/ceph: stderr
2024-09-16T00:41:05.098+0000 7efc86ffd700 1 -- 172.21.15.53:0/3276203057 <== mon.0 v2:172.21.15.53:3300/0 4 ==== mgrmap(e 8) v1 ==== 45084+0+0 (secure 0 0 0) 0x7efc8c019af0 con 0x7efc901066f0
2024-09-16T00:41:05.979 INFO:teuthology.orchestra.run.smithi053.stdout:/usr/bin/ceph: stderr
2024-09-16T00:41:05.098+0000 7efc86ffd700 1 --2- 172.21.15.53:0/3276203057 >> [v2:172.21.15.53:6800/2,v1:172.21.15.53:6801/2] conn(0x7efc7c038400 0x7efc7c03a8b0 unknown :-1 s=NONE pgs=0 cs=0 l=1 rev1=0 crypto rx=0 tx=0 comp rx=0 tx=0).connect
2024-09-16T00:41:05.979 INFO:teuthology.orchestra.run.smithi053.stdout:/usr/bin/ceph: stderr
2024-09-16T00:41:05.098+0000 7efc86ffd700 1 -- 172.21.15.53:0/3276203057 <== mon.0 v2:172.21.15.53:3300/0 5 ==== osd_map(2..2 src has 1..2) v4 ==== 940+0+0 (secure 0 0 0) 0x7efc8c04c890 con 0x7efc901066f0
2024-09-16T00:41:05.979 INFO:teuthology.orchestra.run.smithi053.stdout:/usr/bin/ceph: stderr
2024-09-16T00:41:05.098+0000 7efc97ffe700 1 -- 172.21.15.53:0/3276203057 --> [v2:172.21.15.53:3300/0,v1:172.21.15.53:6789/0] -- mon_command({"prefix": "get_command_descriptions"} v 0) v1 -- 0x7efc90062380 con 0x7efc901066f0
2024-09-16T00:41:05.980 INFO:teuthology.orchestra.run.smithi053.stdout:/usr/bin/ceph: stderr
2024-09-16T00:41:05.098+0000 7efc95599700 1 --2- 172.21.15.53:0/3276203057 >> [v2:172.21.15.53:6800/2,v1:172.21.15.53:6801/2] conn(0x7efc7c038400 0x7efc7c03a8b0 unknown :-1 s=BANNER_CONNECTING pgs=0 cs=0 l=1 rev1=0 crypto rx=0 tx=0 comp rx=0 tx=0)._handle_peer_banner_payload supported=3 required=0
2024-09-16T00:41:05.980 INFO:teuthology.orchestra.run.smithi053.stdout:/usr/bin/ceph: stderr
2024-09-16T00:41:05.099+0000 7efc95599700 1 --2- 172.21.15.53:0/3276203057 >> [v2:172.21.15.53:6800/2,v1:172.21.15.53:6801/2] conn(0x7efc7c038400 0x7efc7c03a8b0 secure :-1 s=READY pgs=10 cs=0 l=1 rev1=1 crypto rx=0x7efc80006fd0 tx=0x7efc80006e40 comp rx=0 tx=0).ready entity=mgr.14120 client_cookie=0 server_cookie=0 in_seq=0 out_seq=0
2024-09-16T00:41:05.980 INFO:teuthology.orchestra.run.smithi053.stdout:/usr/bin/ceph: stderr
2024-09-16T00:41:05.103+0000 7efc86ffd700 1 -- 172.21.15.53:0/3276203057 <== mon.0 v2:172.21.15.53:3300/0 6 ==== mon_command_ack([{"prefix": "get_command_descriptions"}]=0 v0) v1 ==== 72+0+177933 (secure 0 0 0) 0x7efc8c02c3a0 con 0x7efc901066f0
2024-09-16T00:41:05.980 INFO:teuthology.orchestra.run.smithi053.stdout:/usr/bin/ceph: stderr
2024-09-16T00:41:05.306+0000 7efc97ffe700 1 -- 172.21.15.53:0/3276203057 --> [v2:172.21.15.53:6800/2,v1:172.21.15.53:6801/2] -- mgr_command(tid 0: {"prefix": "cephadm get-pub-key", "target": ["mon-mgr", ""]}) v1 -- 0x7efc901023b0 con 0x7efc7c038400
2024-09-16T00:41:05.980 INFO:teuthology.orchestra.run.smithi053.stdout:/usr/bin/ceph: stderr
2024-09-16T00:41:05.307+0000 7efc86ffd700 1 -- 172.21.15.53:0/3276203057 <== mgr.14120 v2:172.21.15.53:6800/2 1 ==== mgr_command_reply(tid 0: 0 ) v1 ==== 8+0+595 (secure 0 0 0) 0x7efc901023b0 con 0x7efc7c038400
2024-09-16T00:41:05.980 INFO:teuthology.orchestra.run.smithi053.stdout:/usr/bin/ceph: stderr
2024-09-16T00:41:05.309+0000 7efc97ffe700 1 -- 172.21.15.53:0/3276203057 >> [v2:172.21.15.53:6800/2,v1:172.21.15.53:6801/2] conn(0x7efc7c038400 msgr2=0x7efc7c03a8b0 secure :-1 s=STATE_CONNECTION_ESTABLISHED l=1).mark_down
2024-09-16T00:41:05.980 INFO:teuthology.orchestra.run.smithi053.stdout:/usr/bin/ceph: stderr
2024-09-16T00:41:05.309+0000 7efc97ffe700 1 --2- 172.21.15.53:0/3276203057 >> [v2:172.21.15.53:6800/2,v1:172.21.15.53:6801/2] conn(0x7efc7c038400 0x7efc7c03a8b0 secure :-1 s=READY pgs=10 cs=0 l=1 rev1=1 crypto rx=0x7efc80006fd0 tx=0x7efc80006e40 comp rx=0 tx=0).stop
2024-09-16T00:41:05.980 INFO:teuthology.orchestra.run.smithi053.stdout:/usr/bin/ceph: stderr
2024-09-16T00:41:05.309+0000 7efc97ffe700 1 -- 172.21.15.53:0/3276203057 >> [v2:172.21.15.53:3300/0,v1:172.21.15.53:6789/0] conn(0x7efc901066f0 msgr2=0x7efc901998e0 secure :-1 s=STATE_CONNECTION_ESTABLISHED l=1).mark_down
2024-09-16T00:41:05.980 INFO:teuthology.orchestra.run.smithi053.stdout:/usr/bin/ceph: stderr
2024-09-16T00:41:05.309+0000 7efc97ffe700 1 --2- 172.21.15.53:0/3276203057 >> [v2:172.21.15.53:3300/0,v1:172.21.15.53:6789/0] conn(0x7efc901066f0 0x7efc901998e0 secure :-1 s=READY pgs=44 cs=0 l=1 rev1=1 crypto rx=0x7efc8c006af0 tx=0x7efc8c011a90 comp rx=0 tx=0).stop
2024-09-16T00:41:05.980 INFO:teuthology.orchestra.run.smithi053.stdout:/usr/bin/ceph: stderr
2024-09-16T00:41:05.309+0000 7efc97ffe700 1 -- 172.21.15.53:0/3276203057 shutdown_connections
2024-09-16T00:41:05.980 INFO:teuthology.orchestra.run.smithi053.stdout:/usr/bin/ceph: stderr
2024-09-16T00:41:05.309+0000 7efc97ffe700 1 --2- 172.21.15.53:0/3276203057 >> [v2:172.21.15.53:6800/2,v1:172.21.15.53:6801/2] conn(0x7efc7c038400 0x7efc7c03a8b0 unknown :-1 s=CLOSED pgs=10 cs=0 l=1 rev1=1 crypto rx=0 tx=0 comp rx=0 tx=0).stop
2024-09-16T00:41:05.980 INFO:teuthology.orchestra.run.smithi053.stdout:/usr/bin/ceph: stderr
2024-09-16T00:41:05.309+0000 7efc97ffe700 1 --2- 172.21.15.53:0/3276203057 >> [v2:172.21.15.53:3300/0,v1:172.21.15.53:6789/0] conn(0x7efc901066f0 0x7efc901998e0 unknown :-1 s=CLOSED pgs=44 cs=0 l=1 rev1=1 crypto rx=0 tx=0 comp rx=0 tx=0).stop
2024-09-16T00:41:05.980 INFO:teuthology.orchestra.run.smithi053.stdout:/usr/bin/ceph: stderr
2024-09-16T00:41:05.309+0000 7efc97ffe700 1 -- 172.21.15.53:0/3276203057 >> 172.21.15.53:0/3276203057 conn(0x7efc901000f0 msgr2=0x7efc90101750 unknown :-1 s=STATE_NONE l=0).mark_down
2024-09-16T00:41:05.980 INFO:teuthology.orchestra.run.smithi053.stdout:/usr/bin/ceph: stderr
2024-09-16T00:41:05.309+0000 7efc97ffe700 1 -- 172.21.15.53:0/3276203057 shutdown_connections
2024-09-16T00:41:05.981 INFO:teuthology.orchestra.run.smithi053.stdout:/usr/bin/ceph: stderr
2024-09-16T00:41:05.309+0000 7efc97ffe700 1 -- 172.21.15.53:0/3276203057 wait complete.
2024-09-16T00:41:05.981 INFO:teuthology.orchestra.run.smithi053.stdout:Wrote public SSH key to /home/ubuntu/cephtest/ceph.pub
2024-09-16T00:41:05.981 INFO:teuthology.orchestra.run.smithi053.stdout:Adding key to root@localhost authorized_keys...
2024-09-16T00:41:05.984 INFO:teuthology.orchestra.run.smithi053.stdout:Adding host smithi053...
2024-09-16T00:41:06.961 INFO:journalctl@ceph.mon.smithi053.smithi053.stdout:Sep 16 00:41:06 smithi053 ceph-mon[27950]: from='client.14138 -' entity='client.admin' cmd=[{"prefix": "cephadm get-pub-key", "target": ["mon-mgr", ""]}]: dispatch
2024-09-16T00:41:07.818 INFO:journalctl@ceph.mon.smithi053.smithi053.stdout:Sep 16 00:41:07 smithi053 ceph-mon[27950]: from='client.14140 -' entity='client.admin' cmd=[{"prefix": "orch host add", "hostname": "smithi053", "addr": "172.21.15.53", "target": ["mon-mgr", ""]}]: dispatch
2024-09-16T00:41:09.017 INFO:journalctl@ceph.mon.smithi053.smithi053.stdout:Sep 16 00:41:08 smithi053 ceph-mon[27950]: Deploying cephadm binary to smithi053
2024-09-16T00:41:09.543 INFO:teuthology.orchestra.run.smithi053.stdout:/usr/bin/ceph: stdout Added host 'smithi053' with addr '172.21.15.53'
2024-09-16T00:41:09.543 INFO:teuthology.orchestra.run.smithi053.stdout:/usr/bin/ceph: stderr
2024-09-16T00:41:06.409+0000 7fe9d2f2a700 1 Processor -- start
2024-09-16T00:41:09.543 INFO:teuthology.orchestra.run.smithi053.stdout:/usr/bin/ceph: stderr
2024-09-16T00:41:06.409+0000 7fe9d2f2a700 1 -- start start
2024-09-16T00:41:09.543 INFO:teuthology.orchestra.run.smithi053.stdout:/usr/bin/ceph: stderr
2024-09-16T00:41:06.409+0000 7fe9d2f2a700 1 --2- >> [v2:172.21.15.53:3300/0,v1:172.21.15.53:6789/0] conn(0x7fe9cc105ba0 0x7fe9cc105fb0 unknown :-1 s=NONE pgs=0 cs=0 l=0 rev1=0 crypto rx=0 tx=0 comp rx=0 tx=0).connect
2024-09-16T00:41:09.543 INFO:teuthology.orchestra.run.smithi053.stdout:/usr/bin/ceph: stderr
2024-09-16T00:41:06.409+0000 7fe9d2f2a700 1 -- --> [v2:172.21.15.53:3300/0,v1:172.21.15.53:6789/0] -- mon_getmap magic: 0 v1 -- 0x7fe9cc1064f0 con 0x7fe9cc105ba0
2024-09-16T00:41:09.544 INFO:teuthology.orchestra.run.smithi053.stdout:/usr/bin/ceph: stderr
2024-09-16T00:41:06.409+0000 7fe9d0cc6700 1 --2- >> [v2:172.21.15.53:3300/0,v1:172.21.15.53:6789/0] conn(0x7fe9cc105ba0 0x7fe9cc105fb0 unknown :-1 s=BANNER_CONNECTING pgs=0 cs=0 l=0 rev1=0 crypto rx=0 tx=0 comp rx=0 tx=0)._handle_peer_banner_payload supported=3 required=0
2024-09-16T00:41:09.544 INFO:teuthology.orchestra.run.smithi053.stdout:/usr/bin/ceph: stderr
2024-09-16T00:41:06.409+0000 7fe9d0cc6700 1 --2- >> [v2:172.21.15.53:3300/0,v1:172.21.15.53:6789/0] conn(0x7fe9cc105ba0 0x7fe9cc105fb0 unknown :-1 s=HELLO_CONNECTING pgs=0 cs=0 l=0 rev1=1 crypto rx=0 tx=0 comp rx=0 tx=0).handle_hello peer v2:172.21.15.53:3300/0 says I am v2:172.21.15.53:39644/0 (socket says 172.21.15.53:39644)
2024-09-16T00:41:09.544 INFO:teuthology.orchestra.run.smithi053.stdout:/usr/bin/ceph: stderr
2024-09-16T00:41:06.409+0000 7fe9d0cc6700 1 -- 172.21.15.53:0/1609299619 learned_addr learned my addr 172.21.15.53:0/1609299619 (peer_addr_for_me v2:172.21.15.53:0/0)
2024-09-16T00:41:09.544 INFO:teuthology.orchestra.run.smithi053.stdout:/usr/bin/ceph: stderr
2024-09-16T00:41:06.410+0000 7fe9d0cc6700 1 -- 172.21.15.53:0/1609299619 --> [v2:172.21.15.53:3300/0,v1:172.21.15.53:6789/0] -- mon_subscribe({config=0+,monmap=0+}) v3 -- 0x7fe9cc106630 con 0x7fe9cc105ba0
2024-09-16T00:41:09.544 INFO:teuthology.orchestra.run.smithi053.stdout:/usr/bin/ceph: stderr
2024-09-16T00:41:06.410+0000 7fe9d0cc6700 1 --2- 172.21.15.53:0/1609299619 >> [v2:172.21.15.53:3300/0,v1:172.21.15.53:6789/0] conn(0x7fe9cc105ba0 0x7fe9cc105fb0 secure :-1 s=READY pgs=45 cs=0 l=1 rev1=1 crypto rx=0x7fe9bc0098a0 tx=0x7fe9bc009bb0 comp rx=0 tx=0).ready entity=mon.0 client_cookie=cbacfce3656ce5ac server_cookie=0 in_seq=0 out_seq=0
2024-09-16T00:41:09.544 INFO:teuthology.orchestra.run.smithi053.stdout:/usr/bin/ceph: stderr
2024-09-16T00:41:06.410+0000 7fe9cb7fe700 1 -- 172.21.15.53:0/1609299619 <== mon.0 v2:172.21.15.53:3300/0 1 ==== mon_map magic: 0 v1 ==== 229+0+0 (secure 0 0 0) 0x7fe9bc004180 con 0x7fe9cc105ba0
2024-09-16T00:41:09.544 INFO:teuthology.orchestra.run.smithi053.stdout:/usr/bin/ceph: stderr
2024-09-16T00:41:06.410+0000 7fe9cb7fe700 1 -- 172.21.15.53:0/1609299619 <== mon.0 v2:172.21.15.53:3300/0 2 ==== config(27 keys) v1 ==== 1037+0+0 (secure 0 0 0) 0x7fe9bc0042e0 con 0x7fe9cc105ba0
2024-09-16T00:41:09.544 INFO:teuthology.orchestra.run.smithi053.stdout:/usr/bin/ceph: stderr
2024-09-16T00:41:06.410+0000 7fe9cb7fe700 1 -- 172.21.15.53:0/1609299619 <== mon.0 v2:172.21.15.53:3300/0 3 ==== mon_map magic: 0 v1 ==== 229+0+0 (secure 0 0 0) 0x7fe9bc011a50 con 0x7fe9cc105ba0
2024-09-16T00:41:09.544 INFO:teuthology.orchestra.run.smithi053.stdout:/usr/bin/ceph: stderr
2024-09-16T00:41:06.411+0000 7fe9d2f2a700 1 -- 172.21.15.53:0/1609299619 >> [v2:172.21.15.53:3300/0,v1:172.21.15.53:6789/0] conn(0x7fe9cc105ba0 msgr2=0x7fe9cc105fb0 secure :-1 s=STATE_CONNECTION_ESTABLISHED l=1).mark_down
2024-09-16T00:41:09.544 INFO:teuthology.orchestra.run.smithi053.stdout:/usr/bin/ceph: stderr
2024-09-16T00:41:06.411+0000 7fe9d2f2a700 1 --2- 172.21.15.53:0/1609299619 >> [v2:172.21.15.53:3300/0,v1:172.21.15.53:6789/0] conn(0x7fe9cc105ba0 0x7fe9cc105fb0 secure :-1 s=READY pgs=45 cs=0 l=1 rev1=1 crypto rx=0x7fe9bc0098a0 tx=0x7fe9bc009bb0 comp rx=0 tx=0).stop
2024-09-16T00:41:09.544 INFO:teuthology.orchestra.run.smithi053.stdout:/usr/bin/ceph: stderr
2024-09-16T00:41:06.411+0000 7fe9d2f2a700 1 -- 172.21.15.53:0/1609299619 shutdown_connections
2024-09-16T00:41:09.544 INFO:teuthology.orchestra.run.smithi053.stdout:/usr/bin/ceph: stderr
2024-09-16T00:41:06.411+0000 7fe9d2f2a700 1 --2- 172.21.15.53:0/1609299619 >> [v2:172.21.15.53:3300/0,v1:172.21.15.53:6789/0] conn(0x7fe9cc105ba0 0x7fe9cc105fb0 unknown :-1 s=CLOSED pgs=45 cs=0 l=1 rev1=1 crypto rx=0 tx=0 comp rx=0 tx=0).stop
2024-09-16T00:41:09.544 INFO:teuthology.orchestra.run.smithi053.stdout:/usr/bin/ceph: stderr
2024-09-16T00:41:06.411+0000 7fe9d2f2a700 1 -- 172.21.15.53:0/1609299619 >> 172.21.15.53:0/1609299619 conn(0x7fe9cc101210 msgr2=0x7fe9cc103620 unknown :-1 s=STATE_NONE l=0).mark_down
2024-09-16T00:41:09.545 INFO:teuthology.orchestra.run.smithi053.stdout:/usr/bin/ceph: stderr
2024-09-16T00:41:06.411+0000 7fe9d2f2a700 1 -- 172.21.15.53:0/1609299619 shutdown_connections
2024-09-16T00:41:09.545 INFO:teuthology.orchestra.run.smithi053.stdout:/usr/bin/ceph: stderr
2024-09-16T00:41:06.411+0000 7fe9d2f2a700 1 -- 172.21.15.53:0/1609299619 wait complete.
2024-09-16T00:41:09.545 INFO:teuthology.orchestra.run.smithi053.stdout:/usr/bin/ceph: stderr
2024-09-16T00:41:06.411+0000 7fe9d2f2a700 1 Processor -- start
2024-09-16T00:41:09.545 INFO:teuthology.orchestra.run.smithi053.stdout:/usr/bin/ceph: stderr
2024-09-16T00:41:06.412+0000 7fe9d2f2a700 1 -- start start
2024-09-16T00:41:09.545 INFO:teuthology.orchestra.run.smithi053.stdout:/usr/bin/ceph: stderr
2024-09-16T00:41:06.412+0000 7fe9d2f2a700 1 --2- >> [v2:172.21.15.53:3300/0,v1:172.21.15.53:6789/0] conn(0x7fe9cc105ba0 0x7fe9cc199910 unknown :-1 s=NONE pgs=0 cs=0 l=1 rev1=0 crypto rx=0 tx=0 comp rx=0 tx=0).connect
2024-09-16T00:41:09.545 INFO:teuthology.orchestra.run.smithi053.stdout:/usr/bin/ceph: stderr
2024-09-16T00:41:06.412+0000 7fe9d2f2a700 1 -- --> [v2:172.21.15.53:3300/0,v1:172.21.15.53:6789/0] -- mon_getmap magic: 0 v1 -- 0x7fe9cc199e50 con 0x7fe9cc105ba0
2024-09-16T00:41:09.545 INFO:teuthology.orchestra.run.smithi053.stdout:/usr/bin/ceph: stderr
2024-09-16T00:41:06.412+0000 7fe9d0cc6700 1 --2- >> [v2:172.21.15.53:3300/0,v1:172.21.15.53:6789/0] conn(0x7fe9cc105ba0 0x7fe9cc199910 unknown :-1 s=BANNER_CONNECTING pgs=0 cs=0 l=1 rev1=0 crypto rx=0 tx=0 comp rx=0 tx=0)._handle_peer_banner_payload supported=3 required=0
2024-09-16T00:41:09.545 INFO:teuthology.orchestra.run.smithi053.stdout:/usr/bin/ceph: stderr
2024-09-16T00:41:06.412+0000 7fe9d0cc6700 1 --2- >> [v2:172.21.15.53:3300/0,v1:172.21.15.53:6789/0] conn(0x7fe9cc105ba0 0x7fe9cc199910 unknown :-1 s=HELLO_CONNECTING pgs=0 cs=0 l=1 rev1=1 crypto rx=0 tx=0 comp rx=0 tx=0).handle_hello peer v2:172.21.15.53:3300/0 says I am v2:172.21.15.53:39648/0 (socket says 172.21.15.53:39648)
2024-09-16T00:41:09.545 INFO:teuthology.orchestra.run.smithi053.stdout:/usr/bin/ceph: stderr
2024-09-16T00:41:06.412+0000 7fe9d0cc6700 1 -- 172.21.15.53:0/1265313010 learned_addr learned my addr 172.21.15.53:0/1265313010 (peer_addr_for_me v2:172.21.15.53:0/0)
2024-09-16T00:41:09.545 INFO:teuthology.orchestra.run.smithi053.stdout:/usr/bin/ceph: stderr
2024-09-16T00:41:06.412+0000 7fe9d0cc6700 1 -- 172.21.15.53:0/1265313010 --> [v2:172.21.15.53:3300/0,v1:172.21.15.53:6789/0] -- mon_subscribe({config=0+,monmap=0+}) v3 -- 0x7fe9bc009550 con 0x7fe9cc105ba0
2024-09-16T00:41:09.545 INFO:teuthology.orchestra.run.smithi053.stdout:/usr/bin/ceph: stderr
2024-09-16T00:41:06.412+0000 7fe9d0cc6700 1 --2- 172.21.15.53:0/1265313010 >> [v2:172.21.15.53:3300/0,v1:172.21.15.53:6789/0] conn(0x7fe9cc105ba0 0x7fe9cc199910 secure :-1 s=READY pgs=46 cs=0 l=1 rev1=1 crypto rx=0x7fe9bc003de0 tx=0x7fe9bc011ab0 comp rx=0 tx=0).ready entity=mon.0 client_cookie=0 server_cookie=0 in_seq=0 out_seq=0
2024-09-16T00:41:09.545 INFO:teuthology.orchestra.run.smithi053.stdout:/usr/bin/ceph: stderr
2024-09-16T00:41:06.412+0000 7fe9c9ffb700 1 -- 172.21.15.53:0/1265313010 <== mon.0 v2:172.21.15.53:3300/0 1 ==== mon_map magic: 0 v1 ==== 229+0+0 (secure 0 0 0) 0x7fe9bc003930 con 0x7fe9cc105ba0
2024-09-16T00:41:09.545 INFO:teuthology.orchestra.run.smithi053.stdout:/usr/bin/ceph: stderr
2024-09-16T00:41:06.412+0000 7fe9c9ffb700 1 -- 172.21.15.53:0/1265313010 <== mon.0 v2:172.21.15.53:3300/0 2 ==== config(27 keys) v1 ==== 1037+0+0 (secure 0 0 0) 0x7fe9bc003a90 con 0x7fe9cc105ba0
2024-09-16T00:41:09.545 INFO:teuthology.orchestra.run.smithi053.stdout:/usr/bin/ceph: stderr
2024-09-16T00:41:06.412+0000 7fe9d2f2a700 1 -- 172.21.15.53:0/1265313010 --> [v2:172.21.15.53:3300/0,v1:172.21.15.53:6789/0] -- mon_subscribe({mgrmap=0+}) v3 -- 0x7fe9cc19a050 con 0x7fe9cc105ba0
2024-09-16T00:41:09.546 INFO:teuthology.orchestra.run.smithi053.stdout:/usr/bin/ceph: stderr
2024-09-16T00:41:06.413+0000 7fe9c9ffb700 1 -- 172.21.15.53:0/1265313010 <== mon.0 v2:172.21.15.53:3300/0 3 ==== mon_map magic: 0 v1 ==== 229+0+0 (secure 0 0 0) 0x7fe9bc019730 con 0x7fe9cc105ba0
2024-09-16T00:41:09.546 INFO:teuthology.orchestra.run.smithi053.stdout:/usr/bin/ceph: stderr
2024-09-16T00:41:06.413+0000 7fe9d2f2a700 1 -- 172.21.15.53:0/1265313010 --> [v2:172.21.15.53:3300/0,v1:172.21.15.53:6789/0] -- mon_subscribe({osdmap=0}) v3 -- 0x7fe9cc19a470 con 0x7fe9cc105ba0
2024-09-16T00:41:09.546 INFO:teuthology.orchestra.run.smithi053.stdout:/usr/bin/ceph: stderr
2024-09-16T00:41:06.414+0000 7fe9c9ffb700 1 -- 172.21.15.53:0/1265313010 <== mon.0 v2:172.21.15.53:3300/0 4 ==== mgrmap(e 8) v1 ==== 45084+0+0 (secure 0 0 0) 0x7fe9bc01a430 con 0x7fe9cc105ba0
2024-09-16T00:41:09.546 INFO:teuthology.orchestra.run.smithi053.stdout:/usr/bin/ceph: stderr
2024-09-16T00:41:06.414+0000 7fe9d2f2a700 1 -- 172.21.15.53:0/1265313010 --> [v2:172.21.15.53:3300/0,v1:172.21.15.53:6789/0] -- mon_command({"prefix": "get_command_descriptions"} v 0) v1 -- 0x7fe9cc062380 con 0x7fe9cc105ba0
2024-09-16T00:41:09.546 INFO:teuthology.orchestra.run.smithi053.stdout:/usr/bin/ceph: stderr
2024-09-16T00:41:06.414+0000 7fe9c9ffb700 1 --2- 172.21.15.53:0/1265313010 >> [v2:172.21.15.53:6800/2,v1:172.21.15.53:6801/2] conn(0x7fe9b4038440 0x7fe9b403a8f0 unknown :-1 s=NONE pgs=0 cs=0 l=1 rev1=0 crypto rx=0 tx=0 comp rx=0 tx=0).connect
2024-09-16T00:41:09.546 INFO:teuthology.orchestra.run.smithi053.stdout:/usr/bin/ceph: stderr
2024-09-16T00:41:06.414+0000 7fe9c9ffb700 1 -- 172.21.15.53:0/1265313010 <== mon.0 v2:172.21.15.53:3300/0 5 ==== osd_map(2..2 src has 1..2) v4 ==== 940+0+0 (secure 0 0 0) 0x7fe9bc04c420 con 0x7fe9cc105ba0
2024-09-16T00:41:09.546 INFO:teuthology.orchestra.run.smithi053.stdout:/usr/bin/ceph: stderr
2024-09-16T00:41:06.414+0000 7fe9cbfff700 1 --2- 172.21.15.53:0/1265313010 >> [v2:172.21.15.53:6800/2,v1:172.21.15.53:6801/2] conn(0x7fe9b4038440 0x7fe9b403a8f0 unknown :-1 s=BANNER_CONNECTING pgs=0 cs=0 l=1 rev1=0 crypto rx=0 tx=0 comp rx=0 tx=0)._handle_peer_banner_payload supported=3 required=0
2024-09-16T00:41:09.546 INFO:teuthology.orchestra.run.smithi053.stdout:/usr/bin/ceph: stderr
2024-09-16T00:41:06.415+0000 7fe9cbfff700 1 --2- 172.21.15.53:0/1265313010 >> [v2:172.21.15.53:6800/2,v1:172.21.15.53:6801/2] conn(0x7fe9b4038440 0x7fe9b403a8f0 secure :-1 s=READY pgs=11 cs=0 l=1 rev1=1 crypto rx=0x7fe9c0006fd0 tx=0x7fe9c0006e40 comp rx=0 tx=0).ready entity=mgr.14120 client_cookie=0 server_cookie=0 in_seq=0 out_seq=0
2024-09-16T00:41:09.546 INFO:teuthology.orchestra.run.smithi053.stdout:/usr/bin/ceph: stderr
2024-09-16T00:41:06.419+0000 7fe9c9ffb700 1 -- 172.21.15.53:0/1265313010 <== mon.0 v2:172.21.15.53:3300/0 6 ==== mon_command_ack([{"prefix": "get_command_descriptions"}]=0 v0) v1 ==== 72+0+177933 (secure 0 0 0) 0x7fe9bc010560 con 0x7fe9cc105ba0
2024-09-16T00:41:09.546 INFO:teuthology.orchestra.run.smithi053.stdout:/usr/bin/ceph: stderr
2024-09-16T00:41:06.623+0000 7fe9d2f2a700 1 -- 172.21.15.53:0/1265313010 --> [v2:172.21.15.53:6800/2,v1:172.21.15.53:6801/2] -- mgr_command(tid 0: {"prefix": "orch host add", "hostname": "smithi053", "addr": "172.21.15.53", "target": ["mon-mgr", ""]}) v1 -- 0x7fe9cc1034c0 con 0x7fe9b4038440
2024-09-16T00:41:09.546 INFO:teuthology.orchestra.run.smithi053.stdout:/usr/bin/ceph: stderr
2024-09-16T00:41:09.015+0000 7fe9c9ffb700 1 -- 172.21.15.53:0/1265313010 <== mgr.14120 v2:172.21.15.53:6800/2 1 ==== mgr_command_reply(tid 0: 0 ) v1 ==== 8+0+48 (secure 0 0 0) 0x7fe9cc1034c0 con 0x7fe9b4038440
2024-09-16T00:41:09.546 INFO:teuthology.orchestra.run.smithi053.stdout:/usr/bin/ceph: stderr
2024-09-16T00:41:09.018+0000 7fe9d2f2a700 1 -- 172.21.15.53:0/1265313010 >> [v2:172.21.15.53:6800/2,v1:172.21.15.53:6801/2] conn(0x7fe9b4038440 msgr2=0x7fe9b403a8f0 secure :-1 s=STATE_CONNECTION_ESTABLISHED l=1).mark_down
2024-09-16T00:41:09.546 INFO:teuthology.orchestra.run.smithi053.stdout:/usr/bin/ceph: stderr
2024-09-16T00:41:09.018+0000 7fe9d2f2a700 1 --2- 172.21.15.53:0/1265313010 >> [v2:172.21.15.53:6800/2,v1:172.21.15.53:6801/2] conn(0x7fe9b4038440 0x7fe9b403a8f0 secure :-1 s=READY pgs=11 cs=0 l=1 rev1=1 crypto rx=0x7fe9c0006fd0 tx=0x7fe9c0006e40 comp rx=0 tx=0).stop
2024-09-16T00:41:09.546 INFO:teuthology.orchestra.run.smithi053.stdout:/usr/bin/ceph: stderr
2024-09-16T00:41:09.018+0000 7fe9d2f2a700 1 -- 172.21.15.53:0/1265313010 >> [v2:172.21.15.53:3300/0,v1:172.21.15.53:6789/0] conn(0x7fe9cc105ba0 msgr2=0x7fe9cc199910 secure :-1 s=STATE_CONNECTION_ESTABLISHED l=1).mark_down
2024-09-16T00:41:09.547 INFO:teuthology.orchestra.run.smithi053.stdout:/usr/bin/ceph: stderr
2024-09-16T00:41:09.018+0000 7fe9d2f2a700 1 --2- 172.21.15.53:0/1265313010 >> [v2:172.21.15.53:3300/0,v1:172.21.15.53:6789/0] conn(0x7fe9cc105ba0 0x7fe9cc199910 secure :-1 s=READY pgs=46 cs=0 l=1 rev1=1 crypto rx=0x7fe9bc003de0 tx=0x7fe9bc011ab0 comp rx=0 tx=0).stop
2024-09-16T00:41:09.547 INFO:teuthology.orchestra.run.smithi053.stdout:/usr/bin/ceph: stderr
2024-09-16T00:41:09.018+0000 7fe9d2f2a700 1 -- 172.21.15.53:0/1265313010 shutdown_connections
2024-09-16T00:41:09.547 INFO:teuthology.orchestra.run.smithi053.stdout:/usr/bin/ceph: stderr
2024-09-16T00:41:09.018+0000 7fe9d2f2a700 1 --2- 172.21.15.53:0/1265313010 >> [v2:172.21.15.53:6800/2,v1:172.21.15.53:6801/2] conn(0x7fe9b4038440 0x7fe9b403a8f0 unknown :-1 s=CLOSED pgs=11 cs=0 l=1 rev1=1 crypto rx=0 tx=0 comp rx=0 tx=0).stop
2024-09-16T00:41:09.547 INFO:teuthology.orchestra.run.smithi053.stdout:/usr/bin/ceph: stderr
2024-09-16T00:41:09.018+0000 7fe9d2f2a700 1 --2- 172.21.15.53:0/1265313010 >> [v2:172.21.15.53:3300/0,v1:172.21.15.53:6789/0] conn(0x7fe9cc105ba0 0x7fe9cc199910 unknown :-1 s=CLOSED pgs=46 cs=0 l=1 rev1=1 crypto rx=0 tx=0 comp rx=0 tx=0).stop
2024-09-16T00:41:09.547 INFO:teuthology.orchestra.run.smithi053.stdout:/usr/bin/ceph: stderr
2024-09-16T00:41:09.018+0000 7fe9d2f2a700 1 -- 172.21.15.53:0/1265313010 >> 172.21.15.53:0/1265313010 conn(0x7fe9cc101210 msgr2=0x7fe9cc102860 unknown :-1 s=STATE_NONE l=0).mark_down
2024-09-16T00:41:09.547 INFO:teuthology.orchestra.run.smithi053.stdout:/usr/bin/ceph: stderr
2024-09-16T00:41:09.018+0000 7fe9d2f2a700 1 -- 172.21.15.53:0/1265313010 shutdown_connections
2024-09-16T00:41:09.547 INFO:teuthology.orchestra.run.smithi053.stdout:/usr/bin/ceph: stderr
2024-09-16T00:41:09.018+0000 7fe9d2f2a700 1 -- 172.21.15.53:0/1265313010 wait complete.
2024-09-16T00:41:09.547 INFO:teuthology.orchestra.run.smithi053.stdout:Deploying mon service with default placement...
2024-09-16T00:41:10.231 INFO:journalctl@ceph.mon.smithi053.smithi053.stdout:Sep 16 00:41:10 smithi053 ceph-mon[27950]: from='mgr.14120 172.21.15.53:0/2' entity='mgr.smithi053.cjiiek'
2024-09-16T00:41:10.231 INFO:journalctl@ceph.mon.smithi053.smithi053.stdout:Sep 16 00:41:10 smithi053 ceph-mon[27950]: Added host smithi053
2024-09-16T00:41:10.231 INFO:journalctl@ceph.mon.smithi053.smithi053.stdout:Sep 16 00:41:10 smithi053 ceph-mon[27950]: from='mgr.14120 172.21.15.53:0/2' entity='mgr.smithi053.cjiiek' cmd=[{"prefix": "config dump", "format": "json"}]: dispatch
2024-09-16T00:41:11.438 INFO:teuthology.orchestra.run.smithi053.stdout:/usr/bin/ceph: stdout Scheduled mon update...
2024-09-16T00:41:11.438 INFO:teuthology.orchestra.run.smithi053.stdout:/usr/bin/ceph: stderr
2024-09-16T00:41:09.992+0000 7f92f270e700 1 Processor -- start
2024-09-16T00:41:11.438 INFO:teuthology.orchestra.run.smithi053.stdout:/usr/bin/ceph: stderr
2024-09-16T00:41:09.992+0000 7f92f270e700 1 -- start start
2024-09-16T00:41:11.438 INFO:teuthology.orchestra.run.smithi053.stdout:/usr/bin/ceph: stderr
2024-09-16T00:41:09.992+0000 7f92f270e700 1 --2- >> [v2:172.21.15.53:3300/0,v1:172.21.15.53:6789/0] conn(0x7f92ec104a80 0x7f92ec104e90 unknown :-1 s=NONE pgs=0 cs=0 l=0 rev1=0 crypto rx=0 tx=0 comp rx=0 tx=0).connect
2024-09-16T00:41:11.438 INFO:teuthology.orchestra.run.smithi053.stdout:/usr/bin/ceph: stderr
2024-09-16T00:41:09.992+0000 7f92f270e700 1 -- --> [v2:172.21.15.53:3300/0,v1:172.21.15.53:6789/0] -- mon_getmap magic: 0 v1 -- 0x7f92ec1053d0 con 0x7f92ec104a80
2024-09-16T00:41:11.439 INFO:teuthology.orchestra.run.smithi053.stdout:/usr/bin/ceph: stderr
2024-09-16T00:41:09.993+0000 7f92ebfff700 1 --2- >> [v2:172.21.15.53:3300/0,v1:172.21.15.53:6789/0] conn(0x7f92ec104a80 0x7f92ec104e90 unknown :-1 s=BANNER_CONNECTING pgs=0 cs=0 l=0 rev1=0 crypto rx=0 tx=0 comp rx=0 tx=0)._handle_peer_banner_payload supported=3 required=0
2024-09-16T00:41:11.439 INFO:teuthology.orchestra.run.smithi053.stdout:/usr/bin/ceph: stderr
2024-09-16T00:41:09.993+0000 7f92ebfff700 1 --2- >> [v2:172.21.15.53:3300/0,v1:172.21.15.53:6789/0] conn(0x7f92ec104a80 0x7f92ec104e90 unknown :-1 s=HELLO_CONNECTING pgs=0 cs=0 l=0 rev1=1 crypto rx=0 tx=0 comp rx=0 tx=0).handle_hello peer v2:172.21.15.53:3300/0 says I am v2:172.21.15.53:39654/0 (socket says 172.21.15.53:39654)
2024-09-16T00:41:11.439 INFO:teuthology.orchestra.run.smithi053.stdout:/usr/bin/ceph: stderr
2024-09-16T00:41:09.993+0000 7f92ebfff700 1 -- 172.21.15.53:0/611499227 learned_addr learned my addr 172.21.15.53:0/611499227 (peer_addr_for_me v2:172.21.15.53:0/0)
2024-09-16T00:41:11.439 INFO:teuthology.orchestra.run.smithi053.stdout:/usr/bin/ceph: stderr
2024-09-16T00:41:09.993+0000 7f92ebfff700 1 -- 172.21.15.53:0/611499227 --> [v2:172.21.15.53:3300/0,v1:172.21.15.53:6789/0] -- mon_subscribe({config=0+,monmap=0+}) v3 -- 0x7f92ec105510 con 0x7f92ec104a80
2024-09-16T00:41:11.439 INFO:teuthology.orchestra.run.smithi053.stdout:/usr/bin/ceph: stderr
2024-09-16T00:41:09.993+0000 7f92ebfff700 1 --2- 172.21.15.53:0/611499227 >> [v2:172.21.15.53:3300/0,v1:172.21.15.53:6789/0] conn(0x7f92ec104a80 0x7f92ec104e90 secure :-1 s=READY pgs=47 cs=0 l=1 rev1=1 crypto rx=0x7f92dc0098a0 tx=0x7f92dc009bb0 comp rx=0 tx=0).ready entity=mon.0 client_cookie=e4f0aaedd50cae1f server_cookie=0 in_seq=0 out_seq=0
2024-09-16T00:41:11.439 INFO:teuthology.orchestra.run.smithi053.stdout:/usr/bin/ceph: stderr
2024-09-16T00:41:09.993+0000 7f92eb7fe700 1 -- 172.21.15.53:0/611499227 <== mon.0 v2:172.21.15.53:3300/0 1 ==== mon_map magic: 0 v1 ==== 229+0+0 (secure 0 0 0) 0x7f92dc004180 con 0x7f92ec104a80
2024-09-16T00:41:11.439 INFO:teuthology.orchestra.run.smithi053.stdout:/usr/bin/ceph: stderr
2024-09-16T00:41:09.993+0000 7f92eb7fe700 1 -- 172.21.15.53:0/611499227 <== mon.0 v2:172.21.15.53:3300/0 2 ==== config(27 keys) v1 ==== 1037+0+0 (secure 0 0 0) 0x7f92dc0042e0 con 0x7f92ec104a80
2024-09-16T00:41:11.439 INFO:teuthology.orchestra.run.smithi053.stdout:/usr/bin/ceph: stderr
2024-09-16T00:41:09.993+0000 7f92eb7fe700 1 -- 172.21.15.53:0/611499227 <== mon.0 v2:172.21.15.53:3300/0 3 ==== mon_map magic: 0 v1 ==== 229+0+0 (secure 0 0 0) 0x7f92dc011a50 con 0x7f92ec104a80
2024-09-16T00:41:11.439 INFO:teuthology.orchestra.run.smithi053.stdout:/usr/bin/ceph: stderr
2024-09-16T00:41:09.994+0000 7f92f270e700 1 -- 172.21.15.53:0/611499227 >> [v2:172.21.15.53:3300/0,v1:172.21.15.53:6789/0] conn(0x7f92ec104a80 msgr2=0x7f92ec104e90 secure :-1 s=STATE_CONNECTION_ESTABLISHED l=1).mark_down
2024-09-16T00:41:11.439 INFO:teuthology.orchestra.run.smithi053.stdout:/usr/bin/ceph: stderr
2024-09-16T00:41:09.994+0000 7f92f270e700 1 --2- 172.21.15.53:0/611499227 >> [v2:172.21.15.53:3300/0,v1:172.21.15.53:6789/0] conn(0x7f92ec104a80 0x7f92ec104e90 secure :-1 s=READY pgs=47 cs=0 l=1 rev1=1 crypto rx=0x7f92dc0098a0 tx=0x7f92dc009bb0 comp rx=0 tx=0).stop
2024-09-16T00:41:11.439 INFO:teuthology.orchestra.run.smithi053.stdout:/usr/bin/ceph: stderr
2024-09-16T00:41:09.994+0000 7f92f270e700 1 -- 172.21.15.53:0/611499227 shutdown_connections
2024-09-16T00:41:11.439 INFO:teuthology.orchestra.run.smithi053.stdout:/usr/bin/ceph: stderr
2024-09-16T00:41:09.994+0000 7f92f270e700 1 --2- 172.21.15.53:0/611499227 >> [v2:172.21.15.53:3300/0,v1:172.21.15.53:6789/0] conn(0x7f92ec104a80 0x7f92ec104e90 unknown :-1 s=CLOSED pgs=47 cs=0 l=1 rev1=1 crypto rx=0 tx=0 comp rx=0 tx=0).stop
2024-09-16T00:41:11.439 INFO:teuthology.orchestra.run.smithi053.stdout:/usr/bin/ceph: stderr
2024-09-16T00:41:09.994+0000 7f92f270e700 1 -- 172.21.15.53:0/611499227 >> 172.21.15.53:0/611499227 conn(0x7f92ec1000f0 msgr2=0x7f92ec102500 unknown :-1 s=STATE_NONE l=0).mark_down
2024-09-16T00:41:11.440 INFO:teuthology.orchestra.run.smithi053.stdout:/usr/bin/ceph: stderr
2024-09-16T00:41:09.994+0000 7f92f270e700 1 -- 172.21.15.53:0/611499227 shutdown_connections
2024-09-16T00:41:11.440 INFO:teuthology.orchestra.run.smithi053.stdout:/usr/bin/ceph: stderr
2024-09-16T00:41:09.994+0000 7f92f270e700 1 -- 172.21.15.53:0/611499227 wait complete.
2024-09-16T00:41:11.440 INFO:teuthology.orchestra.run.smithi053.stdout:/usr/bin/ceph: stderr
2024-09-16T00:41:09.995+0000 7f92f270e700 1 Processor -- start
2024-09-16T00:41:11.440 INFO:teuthology.orchestra.run.smithi053.stdout:/usr/bin/ceph: stderr
2024-09-16T00:41:09.995+0000 7f92f270e700 1 -- start start
2024-09-16T00:41:11.440 INFO:teuthology.orchestra.run.smithi053.stdout:/usr/bin/ceph: stderr
2024-09-16T00:41:09.995+0000 7f92f270e700 1 --2- >> [v2:172.21.15.53:3300/0,v1:172.21.15.53:6789/0] conn(0x7f92ec104a80 0x7f92ec1998d0 unknown :-1 s=NONE pgs=0 cs=0 l=1 rev1=0 crypto rx=0 tx=0 comp rx=0 tx=0).connect
2024-09-16T00:41:11.440 INFO:teuthology.orchestra.run.smithi053.stdout:/usr/bin/ceph: stderr
2024-09-16T00:41:09.995+0000 7f92f270e700 1 -- --> [v2:172.21.15.53:3300/0,v1:172.21.15.53:6789/0] -- mon_getmap magic: 0 v1 -- 0x7f92ec199e10 con 0x7f92ec104a80
2024-09-16T00:41:11.440 INFO:teuthology.orchestra.run.smithi053.stdout:/usr/bin/ceph: stderr
2024-09-16T00:41:09.995+0000 7f92ebfff700 1 --2- >> [v2:172.21.15.53:3300/0,v1:172.21.15.53:6789/0] conn(0x7f92ec104a80 0x7f92ec1998d0 unknown :-1 s=BANNER_CONNECTING pgs=0 cs=0 l=1 rev1=0 crypto rx=0 tx=0 comp rx=0 tx=0)._handle_peer_banner_payload supported=3 required=0
2024-09-16T00:41:11.440 INFO:teuthology.orchestra.run.smithi053.stdout:/usr/bin/ceph: stderr
2024-09-16T00:41:09.995+0000 7f92ebfff700 1 --2- >> [v2:172.21.15.53:3300/0,v1:172.21.15.53:6789/0] conn(0x7f92ec104a80 0x7f92ec1998d0 unknown :-1 s=HELLO_CONNECTING pgs=0 cs=0 l=1 rev1=1 crypto rx=0 tx=0 comp rx=0 tx=0).handle_hello peer v2:172.21.15.53:3300/0 says I am v2:172.21.15.53:39660/0 (socket says 172.21.15.53:39660)
2024-09-16T00:41:11.440 INFO:teuthology.orchestra.run.smithi053.stdout:/usr/bin/ceph: stderr
2024-09-16T00:41:09.995+0000 7f92ebfff700 1 -- 172.21.15.53:0/1468327868 learned_addr learned my addr 172.21.15.53:0/1468327868 (peer_addr_for_me v2:172.21.15.53:0/0)
2024-09-16T00:41:11.440 INFO:teuthology.orchestra.run.smithi053.stdout:/usr/bin/ceph: stderr
2024-09-16T00:41:09.995+0000 7f92ebfff700 1 -- 172.21.15.53:0/1468327868 --> [v2:172.21.15.53:3300/0,v1:172.21.15.53:6789/0] -- mon_subscribe({config=0+,monmap=0+}) v3 -- 0x7f92dc009550 con 0x7f92ec104a80
2024-09-16T00:41:11.440 INFO:teuthology.orchestra.run.smithi053.stdout:/usr/bin/ceph: stderr
2024-09-16T00:41:09.995+0000 7f92ebfff700 1 --2- 172.21.15.53:0/1468327868 >> [v2:172.21.15.53:3300/0,v1:172.21.15.53:6789/0] conn(0x7f92ec104a80 0x7f92ec1998d0 secure :-1 s=READY pgs=48 cs=0 l=1 rev1=1 crypto rx=0x7f92dc0119e0 tx=0x7f92dc011ac0 comp rx=0 tx=0).ready entity=mon.0 client_cookie=0 server_cookie=0 in_seq=0 out_seq=0
2024-09-16T00:41:11.440 INFO:teuthology.orchestra.run.smithi053.stdout:/usr/bin/ceph: stderr
2024-09-16T00:41:09.995+0000 7f92e9ffb700 1 -- 172.21.15.53:0/1468327868 <== mon.0 v2:172.21.15.53:3300/0 1 ==== mon_map magic: 0 v1 ==== 229+0+0 (secure 0 0 0) 0x7f92dc003b90 con 0x7f92ec104a80
2024-09-16T00:41:11.440 INFO:teuthology.orchestra.run.smithi053.stdout:/usr/bin/ceph: stderr
2024-09-16T00:41:09.996+0000 7f92f270e700 1 -- 172.21.15.53:0/1468327868 --> [v2:172.21.15.53:3300/0,v1:172.21.15.53:6789/0] -- mon_subscribe({mgrmap=0+}) v3 -- 0x7f92ec19a010 con 0x7f92ec104a80
2024-09-16T00:41:11.440 INFO:teuthology.orchestra.run.smithi053.stdout:/usr/bin/ceph: stderr
2024-09-16T00:41:09.996+0000 7f92e9ffb700 1 -- 172.21.15.53:0/1468327868 <== mon.0 v2:172.21.15.53:3300/0 2 ==== config(27 keys) v1 ==== 1037+0+0 (secure 0 0 0) 0x7f92dc01a8a0 con 0x7f92ec104a80
2024-09-16T00:41:11.441 INFO:teuthology.orchestra.run.smithi053.stdout:/usr/bin/ceph: stderr
2024-09-16T00:41:09.996+0000 7f92e9ffb700 1 -- 172.21.15.53:0/1468327868 <== mon.0 v2:172.21.15.53:3300/0 3 ==== mon_map magic: 0 v1 ==== 229+0+0 (secure 0 0 0) 0x7f92dc019930 con 0x7f92ec104a80
2024-09-16T00:41:11.441 INFO:teuthology.orchestra.run.smithi053.stdout:/usr/bin/ceph: stderr
2024-09-16T00:41:09.996+0000 7f92f270e700 1 -- 172.21.15.53:0/1468327868 --> [v2:172.21.15.53:3300/0,v1:172.21.15.53:6789/0] -- mon_subscribe({osdmap=0}) v3 -- 0x7f92ec19a430 con 0x7f92ec104a80
2024-09-16T00:41:11.441 INFO:teuthology.orchestra.run.smithi053.stdout:/usr/bin/ceph: stderr
2024-09-16T00:41:09.996+0000 7f92e9ffb700 1 -- 172.21.15.53:0/1468327868 <== mon.0 v2:172.21.15.53:3300/0 4 ==== mgrmap(e 8) v1 ==== 45084+0+0 (secure 0 0 0) 0x7f92dc019ba0 con 0x7f92ec104a80
2024-09-16T00:41:11.441 INFO:teuthology.orchestra.run.smithi053.stdout:/usr/bin/ceph: stderr
2024-09-16T00:41:09.996+0000 7f92f270e700 1 -- 172.21.15.53:0/1468327868 --> [v2:172.21.15.53:3300/0,v1:172.21.15.53:6789/0] -- mon_command({"prefix": "get_command_descriptions"} v 0) v1 -- 0x7f92ec108f10 con 0x7f92ec104a80
2024-09-16T00:41:11.441 INFO:teuthology.orchestra.run.smithi053.stdout:/usr/bin/ceph: stderr
2024-09-16T00:41:09.997+0000 7f92e9ffb700 1 --2- 172.21.15.53:0/1468327868 >> [v2:172.21.15.53:6800/2,v1:172.21.15.53:6801/2] conn(0x7f92d8038400 0x7f92d803a8b0 unknown :-1 s=NONE pgs=0 cs=0 l=1 rev1=0 crypto rx=0 tx=0 comp rx=0 tx=0).connect
2024-09-16T00:41:11.441 INFO:teuthology.orchestra.run.smithi053.stdout:/usr/bin/ceph: stderr
2024-09-16T00:41:09.997+0000 7f92e9ffb700 1 -- 172.21.15.53:0/1468327868 <== mon.0 v2:172.21.15.53:3300/0 5 ==== osd_map(2..2 src has 1..2) v4 ==== 940+0+0 (secure 0 0 0) 0x7f92dc04c6d0 con 0x7f92ec104a80
2024-09-16T00:41:11.441 INFO:teuthology.orchestra.run.smithi053.stdout:/usr/bin/ceph: stderr
2024-09-16T00:41:09.997+0000 7f92e3fff700 1 --2- 172.21.15.53:0/1468327868 >> [v2:172.21.15.53:6800/2,v1:172.21.15.53:6801/2] conn(0x7f92d8038400 0x7f92d803a8b0 unknown :-1 s=BANNER_CONNECTING pgs=0 cs=0 l=1 rev1=0 crypto rx=0 tx=0 comp rx=0 tx=0)._handle_peer_banner_payload supported=3 required=0
2024-09-16T00:41:11.441 INFO:teuthology.orchestra.run.smithi053.stdout:/usr/bin/ceph: stderr
2024-09-16T00:41:09.997+0000 7f92e3fff700 1 --2- 172.21.15.53:0/1468327868 >> [v2:172.21.15.53:6800/2,v1:172.21.15.53:6801/2] conn(0x7f92d8038400 0x7f92d803a8b0 secure :-1 s=READY pgs=12 cs=0 l=1 rev1=1 crypto rx=0x7f92d4006fd0 tx=0x7f92d4006e40 comp rx=0 tx=0).ready entity=mgr.14120 client_cookie=0 server_cookie=0 in_seq=0 out_seq=0
2024-09-16T00:41:11.441 INFO:teuthology.orchestra.run.smithi053.stdout:/usr/bin/ceph: stderr
2024-09-16T00:41:10.001+0000 7f92e9ffb700 1 -- 172.21.15.53:0/1468327868 <== mon.0 v2:172.21.15.53:3300/0 6 ==== mon_command_ack([{"prefix": "get_command_descriptions"}]=0 v0) v1 ==== 72+0+177933 (secure 0 0 0) 0x7f92dc01a430 con 0x7f92ec104a80
2024-09-16T00:41:11.441 INFO:teuthology.orchestra.run.smithi053.stdout:/usr/bin/ceph: stderr
2024-09-16T00:41:10.230+0000 7f92f270e700 1 -- 172.21.15.53:0/1468327868 --> [v2:172.21.15.53:6800/2,v1:172.21.15.53:6801/2] -- mgr_command(tid 0: {"prefix": "orch apply", "service_type": "mon", "target": ["mon-mgr", ""]}) v1 -- 0x7f92ec102290 con 0x7f92d8038400
2024-09-16T00:41:11.441 INFO:teuthology.orchestra.run.smithi053.stdout:/usr/bin/ceph: stderr
2024-09-16T00:41:10.235+0000 7f92e9ffb700 1 -- 172.21.15.53:0/1468327868 <== mgr.14120 v2:172.21.15.53:6800/2 1 ==== mgr_command_reply(tid 0: 0 ) v1 ==== 8+0+24 (secure 0 0 0) 0x7f92ec102290 con 0x7f92d8038400
2024-09-16T00:41:11.441 INFO:teuthology.orchestra.run.smithi053.stdout:/usr/bin/ceph: stderr
2024-09-16T00:41:10.237+0000 7f92f270e700 1 -- 172.21.15.53:0/1468327868 >> [v2:172.21.15.53:6800/2,v1:172.21.15.53:6801/2] conn(0x7f92d8038400 msgr2=0x7f92d803a8b0 secure :-1 s=STATE_CONNECTION_ESTABLISHED l=1).mark_down
2024-09-16T00:41:11.441 INFO:teuthology.orchestra.run.smithi053.stdout:/usr/bin/ceph: stderr
2024-09-16T00:41:10.237+0000 7f92f270e700 1 --2- 172.21.15.53:0/1468327868 >> [v2:172.21.15.53:6800/2,v1:172.21.15.53:6801/2] conn(0x7f92d8038400 0x7f92d803a8b0 secure :-1 s=READY pgs=12 cs=0 l=1 rev1=1 crypto rx=0x7f92d4006fd0 tx=0x7f92d4006e40 comp rx=0 tx=0).stop
2024-09-16T00:41:11.441 INFO:teuthology.orchestra.run.smithi053.stdout:/usr/bin/ceph: stderr
2024-09-16T00:41:10.237+0000 7f92f270e700 1 -- 172.21.15.53:0/1468327868 >> [v2:172.21.15.53:3300/0,v1:172.21.15.53:6789/0] conn(0x7f92ec104a80 msgr2=0x7f92ec1998d0 secure :-1 s=STATE_CONNECTION_ESTABLISHED l=1).mark_down
2024-09-16T00:41:11.442 INFO:teuthology.orchestra.run.smithi053.stdout:/usr/bin/ceph: stderr
2024-09-16T00:41:10.237+0000 7f92f270e700 1 --2- 172.21.15.53:0/1468327868 >> [v2:172.21.15.53:3300/0,v1:172.21.15.53:6789/0] conn(0x7f92ec104a80 0x7f92ec1998d0 secure :-1 s=READY pgs=48 cs=0 l=1 rev1=1 crypto rx=0x7f92dc0119e0 tx=0x7f92dc011ac0 comp rx=0 tx=0).stop
2024-09-16T00:41:11.442 INFO:teuthology.orchestra.run.smithi053.stdout:/usr/bin/ceph: stderr
2024-09-16T00:41:10.237+0000 7f92f270e700 1 -- 172.21.15.53:0/1468327868 shutdown_connections
2024-09-16T00:41:11.442 INFO:teuthology.orchestra.run.smithi053.stdout:/usr/bin/ceph: stderr
2024-09-16T00:41:10.237+0000 7f92f270e700 1 --2- 172.21.15.53:0/1468327868 >> [v2:172.21.15.53:6800/2,v1:172.21.15.53:6801/2] conn(0x7f92d8038400 0x7f92d803a8b0 unknown :-1 s=CLOSED pgs=12 cs=0 l=1 rev1=1 crypto rx=0 tx=0 comp rx=0 tx=0).stop
