2024-09-16T00:41:38.867+0000 7f927e7fc700 1 -- 172.21.15.53:0/3546794226 <== mon.0 v2:172.21.15.53:3300/0 4 ==== mgrmap(e 12) v1 ==== 45097+0+0 (secure 0 0 0) 0x7f9284019c00 con 0x7f9288106030
2024-09-16T00:41:39.766 INFO:teuthology.orchestra.run.smithi053.stdout:/usr/bin/ceph: stderr
2024-09-16T00:41:38.867+0000 7f928f7c6700 1 -- 172.21.15.53:0/3546794226 --> [v2:172.21.15.53:3300/0,v1:172.21.15.53:6789/0] -- mon_command({"prefix": "get_command_descriptions"} v 0) v1 -- 0x7f9288062380 con 0x7f9288106030
2024-09-16T00:41:39.766 INFO:teuthology.orchestra.run.smithi053.stdout:/usr/bin/ceph: stderr
2024-09-16T00:41:38.867+0000 7f927e7fc700 1 --2- 172.21.15.53:0/3546794226 >> [v2:172.21.15.53:6800/2,v1:172.21.15.53:6801/2] conn(0x7f9274038440 0x7f927403a8f0 unknown :-1 s=NONE pgs=0 cs=0 l=1 rev1=0 crypto rx=0 tx=0 comp rx=0 tx=0).connect
2024-09-16T00:41:39.766 INFO:teuthology.orchestra.run.smithi053.stdout:/usr/bin/ceph: stderr
2024-09-16T00:41:38.868+0000 7f927e7fc700 1 -- 172.21.15.53:0/3546794226 <== mon.0 v2:172.21.15.53:3300/0 5 ==== osd_map(3..3 src has 1..3) v4 ==== 1069+0+0 (secure 0 0 0) 0x7f928404c670 con 0x7f9288106030
2024-09-16T00:41:39.766 INFO:teuthology.orchestra.run.smithi053.stdout:/usr/bin/ceph: stderr
2024-09-16T00:41:38.868+0000 7f928cd61700 1 --2- 172.21.15.53:0/3546794226 >> [v2:172.21.15.53:6800/2,v1:172.21.15.53:6801/2] conn(0x7f9274038440 0x7f927403a8f0 unknown :-1 s=BANNER_CONNECTING pgs=0 cs=0 l=1 rev1=0 crypto rx=0 tx=0 comp rx=0 tx=0)._handle_peer_banner_payload supported=3 required=0
2024-09-16T00:41:39.767 INFO:teuthology.orchestra.run.smithi053.stdout:/usr/bin/ceph: stderr
2024-09-16T00:41:38.868+0000 7f928cd61700 1 --2- 172.21.15.53:0/3546794226 >> [v2:172.21.15.53:6800/2,v1:172.21.15.53:6801/2] conn(0x7f9274038440 0x7f927403a8f0 secure :-1 s=READY pgs=9 cs=0 l=1 rev1=1 crypto rx=0x7f9278006fd0 tx=0x7f9278006e40 comp rx=0 tx=0).ready entity=mgr.14164 client_cookie=0 server_cookie=0 in_seq=0 out_seq=0
2024-09-16T00:41:39.767 INFO:teuthology.orchestra.run.smithi053.stdout:/usr/bin/ceph: stderr
2024-09-16T00:41:38.872+0000 7f927e7fc700 1 -- 172.21.15.53:0/3546794226 <== mon.0 v2:172.21.15.53:3300/0 6 ==== mon_command_ack([{"prefix": "get_command_descriptions"}]=0 v0) v1 ==== 72+0+177933 (secure 0 0 0) 0x7f9284018710 con 0x7f9288106030
2024-09-16T00:41:39.767 INFO:teuthology.orchestra.run.smithi053.stdout:/usr/bin/ceph: stderr
2024-09-16T00:41:39.001+0000 7f927e7fc700 1 -- 172.21.15.53:0/3546794226 <== mon.0 v2:172.21.15.53:3300/0 7 ==== mgrmap(e 13) v1 ==== 45140+0+0 (secure 0 0 0) 0x7f928402d440 con 0x7f9288106030
2024-09-16T00:41:39.767 INFO:teuthology.orchestra.run.smithi053.stdout:/usr/bin/ceph: stderr
2024-09-16T00:41:39.074+0000 7f928f7c6700 1 -- 172.21.15.53:0/3546794226 --> [v2:172.21.15.53:3300/0,v1:172.21.15.53:6789/0] -- mon_command({"prefix": "config get", "who": "mgr", "key": "mgr/dashboard/ssl_server_port"} v 0) v1 -- 0x7f9288105320 con 0x7f9288106030
2024-09-16T00:41:39.767 INFO:teuthology.orchestra.run.smithi053.stdout:/usr/bin/ceph: stderr
2024-09-16T00:41:39.075+0000 7f927e7fc700 1 -- 172.21.15.53:0/3546794226 <== mon.0 v2:172.21.15.53:3300/0 8 ==== mon_command_ack([{"prefix": "config get", "who": "mgr", "key": "mgr/dashboard/ssl_server_port"}]=0 v8) v1 ==== 112+0+5 (secure 0 0 0) 0x7f9284018710 con 0x7f9288106030
2024-09-16T00:41:39.767 INFO:teuthology.orchestra.run.smithi053.stdout:/usr/bin/ceph: stderr
2024-09-16T00:41:39.077+0000 7f928f7c6700 1 -- 172.21.15.53:0/3546794226 >> [v2:172.21.15.53:6800/2,v1:172.21.15.53:6801/2] conn(0x7f9274038440 msgr2=0x7f927403a8f0 secure :-1 s=STATE_CONNECTION_ESTABLISHED l=1).mark_down
2024-09-16T00:41:39.767 INFO:teuthology.orchestra.run.smithi053.stdout:/usr/bin/ceph: stderr
2024-09-16T00:41:39.077+0000 7f928f7c6700 1 --2- 172.21.15.53:0/3546794226 >> [v2:172.21.15.53:6800/2,v1:172.21.15.53:6801/2] conn(0x7f9274038440 0x7f927403a8f0 secure :-1 s=READY pgs=9 cs=0 l=1 rev1=1 crypto rx=0x7f9278006fd0 tx=0x7f9278006e40 comp rx=0 tx=0).stop
2024-09-16T00:41:39.767 INFO:teuthology.orchestra.run.smithi053.stdout:/usr/bin/ceph: stderr
2024-09-16T00:41:39.077+0000 7f928f7c6700 1 -- 172.21.15.53:0/3546794226 >> [v2:172.21.15.53:3300/0,v1:172.21.15.53:6789/0] conn(0x7f9288106030 msgr2=0x7f92881046c0 secure :-1 s=STATE_CONNECTION_ESTABLISHED l=1).mark_down
2024-09-16T00:41:39.767 INFO:teuthology.orchestra.run.smithi053.stdout:/usr/bin/ceph: stderr
2024-09-16T00:41:39.077+0000 7f928f7c6700 1 --2- 172.21.15.53:0/3546794226 >> [v2:172.21.15.53:3300/0,v1:172.21.15.53:6789/0] conn(0x7f9288106030 0x7f92881046c0 secure :-1 s=READY pgs=87 cs=0 l=1 rev1=1 crypto rx=0x7f9284006ba0 tx=0x7f9284011b50 comp rx=0 tx=0).stop
2024-09-16T00:41:39.767 INFO:teuthology.orchestra.run.smithi053.stdout:/usr/bin/ceph: stderr
2024-09-16T00:41:39.077+0000 7f928f7c6700 1 -- 172.21.15.53:0/3546794226 shutdown_connections
2024-09-16T00:41:39.767 INFO:teuthology.orchestra.run.smithi053.stdout:/usr/bin/ceph: stderr
2024-09-16T00:41:39.077+0000 7f928f7c6700 1 --2- 172.21.15.53:0/3546794226 >> [v2:172.21.15.53:6800/2,v1:172.21.15.53:6801/2] conn(0x7f9274038440 0x7f927403a8f0 unknown :-1 s=CLOSED pgs=9 cs=0 l=1 rev1=1 crypto rx=0 tx=0 comp rx=0 tx=0).stop
2024-09-16T00:41:39.767 INFO:teuthology.orchestra.run.smithi053.stdout:/usr/bin/ceph: stderr
2024-09-16T00:41:39.077+0000 7f928f7c6700 1 --2- 172.21.15.53:0/3546794226 >> [v2:172.21.15.53:3300/0,v1:172.21.15.53:6789/0] conn(0x7f9288106030 0x7f92881046c0 unknown :-1 s=CLOSED pgs=87 cs=0 l=1 rev1=1 crypto rx=0 tx=0 comp rx=0 tx=0).stop
2024-09-16T00:41:39.767 INFO:teuthology.orchestra.run.smithi053.stdout:/usr/bin/ceph: stderr
2024-09-16T00:41:39.077+0000 7f928f7c6700 1 -- 172.21.15.53:0/3546794226 >> 172.21.15.53:0/3546794226 conn(0x7f92881000f0 msgr2=0x7f9288101770 unknown :-1 s=STATE_NONE l=0).mark_down
2024-09-16T00:41:39.768 INFO:teuthology.orchestra.run.smithi053.stdout:/usr/bin/ceph: stderr
2024-09-16T00:41:39.077+0000 7f928f7c6700 1 -- 172.21.15.53:0/3546794226 shutdown_connections
2024-09-16T00:41:39.768 INFO:teuthology.orchestra.run.smithi053.stdout:/usr/bin/ceph: stderr
2024-09-16T00:41:39.077+0000 7f928f7c6700 1 -- 172.21.15.53:0/3546794226 wait complete.
2024-09-16T00:41:39.774 INFO:teuthology.orchestra.run.smithi053.stdout:Non-zero exit code 1 from systemctl is-enabled firewalld.service
2024-09-16T00:41:39.774 INFO:teuthology.orchestra.run.smithi053.stdout:systemctl: stdout disabled
2024-09-16T00:41:39.783 INFO:teuthology.orchestra.run.smithi053.stdout:Non-zero exit code 3 from systemctl is-active firewalld.service
2024-09-16T00:41:39.783 INFO:teuthology.orchestra.run.smithi053.stdout:systemctl: stdout inactive
2024-09-16T00:41:39.783 INFO:teuthology.orchestra.run.smithi053.stdout:firewalld.service is not enabled
2024-09-16T00:41:39.783 INFO:teuthology.orchestra.run.smithi053.stdout:Not possible to open ports <[8443]>. firewalld.service is not available
2024-09-16T00:41:39.785 INFO:teuthology.orchestra.run.smithi053.stdout:Ceph Dashboard is now available at:
2024-09-16T00:41:39.786 INFO:teuthology.orchestra.run.smithi053.stdout:
2024-09-16T00:41:39.786 INFO:teuthology.orchestra.run.smithi053.stdout: URL: https://smithi053.front.sepia.ceph.com:8443/
2024-09-16T00:41:39.786 INFO:teuthology.orchestra.run.smithi053.stdout: User: admin
2024-09-16T00:41:39.786 INFO:teuthology.orchestra.run.smithi053.stdout: Password: sv1xoucbez
2024-09-16T00:41:39.786 INFO:teuthology.orchestra.run.smithi053.stdout:
2024-09-16T00:41:39.786 INFO:teuthology.orchestra.run.smithi053.stdout:Saving cluster configuration to /var/lib/ceph/31d96aac-73c4-11ef-bceb-c7b262605968/config directory
2024-09-16T00:41:39.787 INFO:teuthology.orchestra.run.smithi053.stdout:Enabling autotune for osd_memory_target
2024-09-16T00:41:40.033 INFO:journalctl@ceph.mon.smithi053.smithi053.stdout:Sep 16 00:41:40 smithi053 ceph-mon[27950]: mgrmap e13: smithi053.cjiiek(active, since 6s)
2024-09-16T00:41:40.034 INFO:journalctl@ceph.mon.smithi053.smithi053.stdout:Sep 16 00:41:40 smithi053 ceph-mon[27950]: from='client.? 172.21.15.53:0/3546794226' entity='client.admin' cmd=[{"prefix": "config get", "who": "mgr", "key": "mgr/dashboard/ssl_server_port"}]: dispatch
2024-09-16T00:41:41.002 INFO:teuthology.orchestra.run.smithi053.stdout:/usr/bin/ceph: stderr
2024-09-16T00:41:40.229+0000 7f06c8653700 1 Processor -- start
2024-09-16T00:41:41.002 INFO:teuthology.orchestra.run.smithi053.stdout:/usr/bin/ceph: stderr
2024-09-16T00:41:40.229+0000 7f06c8653700 1 -- start start
2024-09-16T00:41:41.002 INFO:teuthology.orchestra.run.smithi053.stdout:/usr/bin/ceph: stderr
2024-09-16T00:41:40.230+0000 7f06c8653700 1 --2- >> [v2:172.21.15.53:3300/0,v1:172.21.15.53:6789/0] conn(0x7f06c0105b70 0x7f06c0105f80 unknown :-1 s=NONE pgs=0 cs=0 l=0 rev1=0 crypto rx=0 tx=0 comp rx=0 tx=0).connect
2024-09-16T00:41:41.003 INFO:teuthology.orchestra.run.smithi053.stdout:/usr/bin/ceph: stderr
2024-09-16T00:41:40.230+0000 7f06c8653700 1 -- --> [v2:172.21.15.53:3300/0,v1:172.21.15.53:6789/0] -- mon_getmap magic: 0 v1 -- 0x7f06c01064c0 con 0x7f06c0105b70
2024-09-16T00:41:41.003 INFO:teuthology.orchestra.run.smithi053.stdout:/usr/bin/ceph: stderr
2024-09-16T00:41:40.230+0000 7f06c63ef700 1 --2- >> [v2:172.21.15.53:3300/0,v1:172.21.15.53:6789/0] conn(0x7f06c0105b70 0x7f06c0105f80 unknown :-1 s=BANNER_CONNECTING pgs=0 cs=0 l=0 rev1=0 crypto rx=0 tx=0 comp rx=0 tx=0)._handle_peer_banner_payload supported=3 required=0
2024-09-16T00:41:41.003 INFO:teuthology.orchestra.run.smithi053.stdout:/usr/bin/ceph: stderr
2024-09-16T00:41:40.230+0000 7f06c63ef700 1 --2- >> [v2:172.21.15.53:3300/0,v1:172.21.15.53:6789/0] conn(0x7f06c0105b70 0x7f06c0105f80 unknown :-1 s=HELLO_CONNECTING pgs=0 cs=0 l=0 rev1=1 crypto rx=0 tx=0 comp rx=0 tx=0).handle_hello peer v2:172.21.15.53:3300/0 says I am v2:172.21.15.53:47740/0 (socket says 172.21.15.53:47740)
2024-09-16T00:41:41.003 INFO:teuthology.orchestra.run.smithi053.stdout:/usr/bin/ceph: stderr
2024-09-16T00:41:40.230+0000 7f06c63ef700 1 -- 172.21.15.53:0/4288807886 learned_addr learned my addr 172.21.15.53:0/4288807886 (peer_addr_for_me v2:172.21.15.53:0/0)
2024-09-16T00:41:41.003 INFO:teuthology.orchestra.run.smithi053.stdout:/usr/bin/ceph: stderr
2024-09-16T00:41:40.230+0000 7f06c63ef700 1 -- 172.21.15.53:0/4288807886 --> [v2:172.21.15.53:3300/0,v1:172.21.15.53:6789/0] -- mon_subscribe({config=0+,monmap=0+}) v3 -- 0x7f06c0106600 con 0x7f06c0105b70
2024-09-16T00:41:41.003 INFO:teuthology.orchestra.run.smithi053.stdout:/usr/bin/ceph: stderr
2024-09-16T00:41:40.230+0000 7f06c63ef700 1 --2- 172.21.15.53:0/4288807886 >> [v2:172.21.15.53:3300/0,v1:172.21.15.53:6789/0] conn(0x7f06c0105b70 0x7f06c0105f80 secure :-1 s=READY pgs=88 cs=0 l=1 rev1=1 crypto rx=0x7f06b0009e80 tx=0x7f06b000b330 comp rx=0 tx=0).ready entity=mon.0 client_cookie=5a9d65b6bc8d6f72 server_cookie=0 in_seq=0 out_seq=0
2024-09-16T00:41:41.003 INFO:teuthology.orchestra.run.smithi053.stdout:/usr/bin/ceph: stderr
2024-09-16T00:41:40.231+0000 7f06c53ed700 1 -- 172.21.15.53:0/4288807886 <== mon.0 v2:172.21.15.53:3300/0 1 ==== mon_map magic: 0 v1 ==== 229+0+0 (secure 0 0 0) 0x7f06b000e070 con 0x7f06c0105b70
2024-09-16T00:41:41.003 INFO:teuthology.orchestra.run.smithi053.stdout:/usr/bin/ceph: stderr
2024-09-16T00:41:40.231+0000 7f06c53ed700 1 -- 172.21.15.53:0/4288807886 <== mon.0 v2:172.21.15.53:3300/0 2 ==== config(27 keys) v1 ==== 1101+0+0 (secure 0 0 0) 0x7f06b000b8c0 con 0x7f06c0105b70
2024-09-16T00:41:41.003 INFO:teuthology.orchestra.run.smithi053.stdout:/usr/bin/ceph: stderr
2024-09-16T00:41:40.231+0000 7f06c53ed700 1 -- 172.21.15.53:0/4288807886 <== mon.0 v2:172.21.15.53:3300/0 3 ==== mon_map magic: 0 v1 ==== 229+0+0 (secure 0 0 0) 0x7f06b00044d0 con 0x7f06c0105b70
2024-09-16T00:41:41.003 INFO:teuthology.orchestra.run.smithi053.stdout:/usr/bin/ceph: stderr
2024-09-16T00:41:40.231+0000 7f06c8653700 1 -- 172.21.15.53:0/4288807886 >> [v2:172.21.15.53:3300/0,v1:172.21.15.53:6789/0] conn(0x7f06c0105b70 msgr2=0x7f06c0105f80 secure :-1 s=STATE_CONNECTION_ESTABLISHED l=1).mark_down
2024-09-16T00:41:41.003 INFO:teuthology.orchestra.run.smithi053.stdout:/usr/bin/ceph: stderr
2024-09-16T00:41:40.231+0000 7f06c8653700 1 --2- 172.21.15.53:0/4288807886 >> [v2:172.21.15.53:3300/0,v1:172.21.15.53:6789/0] conn(0x7f06c0105b70 0x7f06c0105f80 secure :-1 s=READY pgs=88 cs=0 l=1 rev1=1 crypto rx=0x7f06b0009e80 tx=0x7f06b000b330 comp rx=0 tx=0).stop
2024-09-16T00:41:41.003 INFO:teuthology.orchestra.run.smithi053.stdout:/usr/bin/ceph: stderr
2024-09-16T00:41:40.231+0000 7f06c8653700 1 -- 172.21.15.53:0/4288807886 shutdown_connections
2024-09-16T00:41:41.003 INFO:teuthology.orchestra.run.smithi053.stdout:/usr/bin/ceph: stderr
2024-09-16T00:41:40.231+0000 7f06c8653700 1 --2- 172.21.15.53:0/4288807886 >> [v2:172.21.15.53:3300/0,v1:172.21.15.53:6789/0] conn(0x7f06c0105b70 0x7f06c0105f80 unknown :-1 s=CLOSED pgs=88 cs=0 l=1 rev1=1 crypto rx=0 tx=0 comp rx=0 tx=0).stop
2024-09-16T00:41:41.004 INFO:teuthology.orchestra.run.smithi053.stdout:/usr/bin/ceph: stderr
2024-09-16T00:41:40.231+0000 7f06c8653700 1 -- 172.21.15.53:0/4288807886 >> 172.21.15.53:0/4288807886 conn(0x7f06c0101220 msgr2=0x7f06c0103630 unknown :-1 s=STATE_NONE l=0).mark_down
2024-09-16T00:41:41.004 INFO:teuthology.orchestra.run.smithi053.stdout:/usr/bin/ceph: stderr
2024-09-16T00:41:40.231+0000 7f06c8653700 1 -- 172.21.15.53:0/4288807886 shutdown_connections
2024-09-16T00:41:41.004 INFO:teuthology.orchestra.run.smithi053.stdout:/usr/bin/ceph: stderr
2024-09-16T00:41:40.232+0000 7f06c8653700 1 -- 172.21.15.53:0/4288807886 wait complete.
2024-09-16T00:41:41.004 INFO:teuthology.orchestra.run.smithi053.stdout:/usr/bin/ceph: stderr
2024-09-16T00:41:40.232+0000 7f06c8653700 1 Processor -- start
2024-09-16T00:41:41.004 INFO:teuthology.orchestra.run.smithi053.stdout:/usr/bin/ceph: stderr
2024-09-16T00:41:40.232+0000 7f06c8653700 1 -- start start
2024-09-16T00:41:41.004 INFO:teuthology.orchestra.run.smithi053.stdout:/usr/bin/ceph: stderr
2024-09-16T00:41:40.232+0000 7f06c8653700 1 --2- >> [v2:172.21.15.53:3300/0,v1:172.21.15.53:6789/0] conn(0x7f06c0105b70 0x7f06c01998a0 unknown :-1 s=NONE pgs=0 cs=0 l=1 rev1=0 crypto rx=0 tx=0 comp rx=0 tx=0).connect
2024-09-16T00:41:41.004 INFO:teuthology.orchestra.run.smithi053.stdout:/usr/bin/ceph: stderr
2024-09-16T00:41:40.232+0000 7f06c8653700 1 -- --> [v2:172.21.15.53:3300/0,v1:172.21.15.53:6789/0] -- mon_getmap magic: 0 v1 -- 0x7f06c0199de0 con 0x7f06c0105b70
2024-09-16T00:41:41.004 INFO:teuthology.orchestra.run.smithi053.stdout:/usr/bin/ceph: stderr
2024-09-16T00:41:40.232+0000 7f06c63ef700 1 --2- >> [v2:172.21.15.53:3300/0,v1:172.21.15.53:6789/0] conn(0x7f06c0105b70 0x7f06c01998a0 unknown :-1 s=BANNER_CONNECTING pgs=0 cs=0 l=1 rev1=0 crypto rx=0 tx=0 comp rx=0 tx=0)._handle_peer_banner_payload supported=3 required=0
2024-09-16T00:41:41.004 INFO:teuthology.orchestra.run.smithi053.stdout:/usr/bin/ceph: stderr
2024-09-16T00:41:40.232+0000 7f06c63ef700 1 --2- >> [v2:172.21.15.53:3300/0,v1:172.21.15.53:6789/0] conn(0x7f06c0105b70 0x7f06c01998a0 unknown :-1 s=HELLO_CONNECTING pgs=0 cs=0 l=1 rev1=1 crypto rx=0 tx=0 comp rx=0 tx=0).handle_hello peer v2:172.21.15.53:3300/0 says I am v2:172.21.15.53:47748/0 (socket says 172.21.15.53:47748)
2024-09-16T00:41:41.004 INFO:teuthology.orchestra.run.smithi053.stdout:/usr/bin/ceph: stderr
2024-09-16T00:41:40.232+0000 7f06c63ef700 1 -- 172.21.15.53:0/3100846520 learned_addr learned my addr 172.21.15.53:0/3100846520 (peer_addr_for_me v2:172.21.15.53:0/0)
2024-09-16T00:41:41.004 INFO:teuthology.orchestra.run.smithi053.stdout:/usr/bin/ceph: stderr
2024-09-16T00:41:40.233+0000 7f06c63ef700 1 -- 172.21.15.53:0/3100846520 --> [v2:172.21.15.53:3300/0,v1:172.21.15.53:6789/0] -- mon_subscribe({config=0+,monmap=0+}) v3 -- 0x7f06b0009b30 con 0x7f06c0105b70
2024-09-16T00:41:41.004 INFO:teuthology.orchestra.run.smithi053.stdout:/usr/bin/ceph: stderr
2024-09-16T00:41:40.233+0000 7f06c63ef700 1 --2- 172.21.15.53:0/3100846520 >> [v2:172.21.15.53:3300/0,v1:172.21.15.53:6789/0] conn(0x7f06c0105b70 0x7f06c01998a0 secure :-1 s=READY pgs=89 cs=0 l=1 rev1=1 crypto rx=0x7f06b0004070 tx=0x7f06b00049f0 comp rx=0 tx=0).ready entity=mon.0 client_cookie=0 server_cookie=0 in_seq=0 out_seq=0
2024-09-16T00:41:41.004 INFO:teuthology.orchestra.run.smithi053.stdout:/usr/bin/ceph: stderr
2024-09-16T00:41:40.233+0000 7f06bf7fe700 1 -- 172.21.15.53:0/3100846520 <== mon.0 v2:172.21.15.53:3300/0 1 ==== mon_map magic: 0 v1 ==== 229+0+0 (secure 0 0 0) 0x7f06b000e040 con 0x7f06c0105b70
2024-09-16T00:41:41.004 INFO:teuthology.orchestra.run.smithi053.stdout:/usr/bin/ceph: stderr
2024-09-16T00:41:40.233+0000 7f06bf7fe700 1 -- 172.21.15.53:0/3100846520 <== mon.0 v2:172.21.15.53:3300/0 2 ==== config(27 keys) v1 ==== 1101+0+0 (secure 0 0 0) 0x7f06b000be00 con 0x7f06c0105b70
2024-09-16T00:41:41.005 INFO:teuthology.orchestra.run.smithi053.stdout:/usr/bin/ceph: stderr
2024-09-16T00:41:40.233+0000 7f06c8653700 1 -- 172.21.15.53:0/3100846520 --> [v2:172.21.15.53:3300/0,v1:172.21.15.53:6789/0] -- mon_subscribe({mgrmap=0+}) v3 -- 0x7f06c0199fe0 con 0x7f06c0105b70
2024-09-16T00:41:41.005 INFO:teuthology.orchestra.run.smithi053.stdout:/usr/bin/ceph: stderr
2024-09-16T00:41:40.233+0000 7f06bf7fe700 1 -- 172.21.15.53:0/3100846520 <== mon.0 v2:172.21.15.53:3300/0 3 ==== mon_map magic: 0 v1 ==== 229+0+0 (secure 0 0 0) 0x7f06b0012770 con 0x7f06c0105b70
2024-09-16T00:41:41.005 INFO:teuthology.orchestra.run.smithi053.stdout:/usr/bin/ceph: stderr
2024-09-16T00:41:40.233+0000 7f06c8653700 1 -- 172.21.15.53:0/3100846520 --> [v2:172.21.15.53:3300/0,v1:172.21.15.53:6789/0] -- mon_subscribe({osdmap=0}) v3 -- 0x7f06c019a460 con 0x7f06c0105b70
2024-09-16T00:41:41.005 INFO:teuthology.orchestra.run.smithi053.stdout:/usr/bin/ceph: stderr
2024-09-16T00:41:40.234+0000 7f06bf7fe700 1 -- 172.21.15.53:0/3100846520 <== mon.0 v2:172.21.15.53:3300/0 4 ==== mgrmap(e 13) v1 ==== 45140+0+0 (secure 0 0 0) 0x7f06b0019040 con 0x7f06c0105b70
2024-09-16T00:41:41.005 INFO:teuthology.orchestra.run.smithi053.stdout:/usr/bin/ceph: stderr
2024-09-16T00:41:40.234+0000 7f06c8653700 1 -- 172.21.15.53:0/3100846520 --> [v2:172.21.15.53:3300/0,v1:172.21.15.53:6789/0] -- mon_command({"prefix": "get_command_descriptions"} v 0) v1 -- 0x7f06c0062380 con 0x7f06c0105b70
2024-09-16T00:41:41.005 INFO:teuthology.orchestra.run.smithi053.stdout:/usr/bin/ceph: stderr
2024-09-16T00:41:40.234+0000 7f06bf7fe700 1 --2- 172.21.15.53:0/3100846520 >> [v2:172.21.15.53:6800/2,v1:172.21.15.53:6801/2] conn(0x7f06a80384e0 0x7f06a803a990 unknown :-1 s=NONE pgs=0 cs=0 l=1 rev1=0 crypto rx=0 tx=0 comp rx=0 tx=0).connect
2024-09-16T00:41:41.005 INFO:teuthology.orchestra.run.smithi053.stdout:/usr/bin/ceph: stderr
2024-09-16T00:41:40.234+0000 7f06bf7fe700 1 -- 172.21.15.53:0/3100846520 <== mon.0 v2:172.21.15.53:3300/0 5 ==== osd_map(3..3 src has 1..3) v4 ==== 1069+0+0 (secure 0 0 0) 0x7f06b004c0a0 con 0x7f06c0105b70
2024-09-16T00:41:41.005 INFO:teuthology.orchestra.run.smithi053.stdout:/usr/bin/ceph: stderr
2024-09-16T00:41:40.234+0000 7f06c5bee700 1 --2- 172.21.15.53:0/3100846520 >> [v2:172.21.15.53:6800/2,v1:172.21.15.53:6801/2] conn(0x7f06a80384e0 0x7f06a803a990 unknown :-1 s=BANNER_CONNECTING pgs=0 cs=0 l=1 rev1=0 crypto rx=0 tx=0 comp rx=0 tx=0)._handle_peer_banner_payload supported=3 required=0
2024-09-16T00:41:41.005 INFO:teuthology.orchestra.run.smithi053.stdout:/usr/bin/ceph: stderr
2024-09-16T00:41:40.235+0000 7f06c5bee700 1 --2- 172.21.15.53:0/3100846520 >> [v2:172.21.15.53:6800/2,v1:172.21.15.53:6801/2] conn(0x7f06a80384e0 0x7f06a803a990 secure :-1 s=READY pgs=10 cs=0 l=1 rev1=1 crypto rx=0x7f06b4006fd0 tx=0x7f06b4006e40 comp rx=0 tx=0).ready entity=mgr.14164 client_cookie=0 server_cookie=0 in_seq=0 out_seq=0
2024-09-16T00:41:41.005 INFO:teuthology.orchestra.run.smithi053.stdout:/usr/bin/ceph: stderr
2024-09-16T00:41:40.239+0000 7f06bf7fe700 1 -- 172.21.15.53:0/3100846520 <== mon.0 v2:172.21.15.53:3300/0 6 ==== mon_command_ack([{"prefix": "get_command_descriptions"}]=0 v0) v1 ==== 72+0+177933 (secure 0 0 0) 0x7f06b0011390 con 0x7f06c0105b70
2024-09-16T00:41:41.005 INFO:teuthology.orchestra.run.smithi053.stdout:/usr/bin/ceph: stderr
2024-09-16T00:41:40.466+0000 7f06c8653700 1 -- 172.21.15.53:0/3100846520 --> [v2:172.21.15.53:3300/0,v1:172.21.15.53:6789/0] -- mon_command([{prefix=config set, name=osd_memory_target_autotune}] v 0) v1 -- 0x7f06c0107a20 con 0x7f06c0105b70
2024-09-16T00:41:41.006 INFO:teuthology.orchestra.run.smithi053.stdout:/usr/bin/ceph: stderr
2024-09-16T00:41:40.466+0000 7f06bf7fe700 1 -- 172.21.15.53:0/3100846520 <== mon.0 v2:172.21.15.53:3300/0 7 ==== mon_command_ack([{prefix=config set, name=osd_memory_target_autotune}]=0 v8)=0 v8) v1 ==== 127+0+0 (secure 0 0 0) 0x7f06b001f070 con 0x7f06c0105b70
2024-09-16T00:41:41.006 INFO:teuthology.orchestra.run.smithi053.stdout:/usr/bin/ceph: stderr
2024-09-16T00:41:40.468+0000 7f06c8653700 1 -- 172.21.15.53:0/3100846520 >> [v2:172.21.15.53:6800/2,v1:172.21.15.53:6801/2] conn(0x7f06a80384e0 msgr2=0x7f06a803a990 secure :-1 s=STATE_CONNECTION_ESTABLISHED l=1).mark_down
2024-09-16T00:41:41.006 INFO:teuthology.orchestra.run.smithi053.stdout:/usr/bin/ceph: stderr
2024-09-16T00:41:40.468+0000 7f06c8653700 1 --2- 172.21.15.53:0/3100846520 >> [v2:172.21.15.53:6800/2,v1:172.21.15.53:6801/2] conn(0x7f06a80384e0 0x7f06a803a990 secure :-1 s=READY pgs=10 cs=0 l=1 rev1=1 crypto rx=0x7f06b4006fd0 tx=0x7f06b4006e40 comp rx=0 tx=0).stop
2024-09-16T00:41:41.006 INFO:teuthology.orchestra.run.smithi053.stdout:/usr/bin/ceph: stderr
2024-09-16T00:41:40.468+0000 7f06c8653700 1 -- 172.21.15.53:0/3100846520 >> [v2:172.21.15.53:3300/0,v1:172.21.15.53:6789/0] conn(0x7f06c0105b70 msgr2=0x7f06c01998a0 secure :-1 s=STATE_CONNECTION_ESTABLISHED l=1).mark_down
2024-09-16T00:41:41.006 INFO:teuthology.orchestra.run.smithi053.stdout:/usr/bin/ceph: stderr
2024-09-16T00:41:40.468+0000 7f06c8653700 1 --2- 172.21.15.53:0/3100846520 >> [v2:172.21.15.53:3300/0,v1:172.21.15.53:6789/0] conn(0x7f06c0105b70 0x7f06c01998a0 secure :-1 s=READY pgs=89 cs=0 l=1 rev1=1 crypto rx=0x7f06b0004070 tx=0x7f06b00049f0 comp rx=0 tx=0).stop
2024-09-16T00:41:41.006 INFO:teuthology.orchestra.run.smithi053.stdout:/usr/bin/ceph: stderr
2024-09-16T00:41:40.468+0000 7f06c8653700 1 -- 172.21.15.53:0/3100846520 shutdown_connections
2024-09-16T00:41:41.006 INFO:teuthology.orchestra.run.smithi053.stdout:/usr/bin/ceph: stderr
2024-09-16T00:41:40.468+0000 7f06c8653700 1 --2- 172.21.15.53:0/3100846520 >> [v2:172.21.15.53:6800/2,v1:172.21.15.53:6801/2] conn(0x7f06a80384e0 0x7f06a803a990 unknown :-1 s=CLOSED pgs=10 cs=0 l=1 rev1=1 crypto rx=0 tx=0 comp rx=0 tx=0).stop
2024-09-16T00:41:41.006 INFO:teuthology.orchestra.run.smithi053.stdout:/usr/bin/ceph: stderr
2024-09-16T00:41:40.468+0000 7f06c8653700 1 --2- 172.21.15.53:0/3100846520 >> [v2:172.21.15.53:3300/0,v1:172.21.15.53:6789/0] conn(0x7f06c0105b70 0x7f06c01998a0 unknown :-1 s=CLOSED pgs=89 cs=0 l=1 rev1=1 crypto rx=0 tx=0 comp rx=0 tx=0).stop
2024-09-16T00:41:41.006 INFO:teuthology.orchestra.run.smithi053.stdout:/usr/bin/ceph: stderr
2024-09-16T00:41:40.468+0000 7f06c8653700 1 -- 172.21.15.53:0/3100846520 >> 172.21.15.53:0/3100846520 conn(0x7f06c0101220 msgr2=0x7f06c0101f60 unknown :-1 s=STATE_NONE l=0).mark_down
2024-09-16T00:41:41.006 INFO:teuthology.orchestra.run.smithi053.stdout:/usr/bin/ceph: stderr
2024-09-16T00:41:40.468+0000 7f06c8653700 1 -- 172.21.15.53:0/3100846520 shutdown_connections
2024-09-16T00:41:41.006 INFO:teuthology.orchestra.run.smithi053.stdout:/usr/bin/ceph: stderr
2024-09-16T00:41:40.468+0000 7f06c8653700 1 -- 172.21.15.53:0/3100846520 wait complete.
2024-09-16T00:41:42.309 INFO:teuthology.orchestra.run.smithi053.stdout:/usr/bin/ceph: stderr
2024-09-16T00:41:41.431+0000 7fce83ffa700 1 Processor -- start
2024-09-16T00:41:42.309 INFO:teuthology.orchestra.run.smithi053.stdout:/usr/bin/ceph: stderr
2024-09-16T00:41:41.431+0000 7fce83ffa700 1 -- start start
2024-09-16T00:41:42.309 INFO:teuthology.orchestra.run.smithi053.stdout:/usr/bin/ceph: stderr
2024-09-16T00:41:41.431+0000 7fce83ffa700 1 --2- >> [v2:172.21.15.53:3300/0,v1:172.21.15.53:6789/0] conn(0x7fce7c1066f0 0x7fce7c108ad0 unknown :-1 s=NONE pgs=0 cs=0 l=0 rev1=0 crypto rx=0 tx=0 comp rx=0 tx=0).connect
2024-09-16T00:41:42.309 INFO:teuthology.orchestra.run.smithi053.stdout:/usr/bin/ceph: stderr
2024-09-16T00:41:41.431+0000 7fce83ffa700 1 -- --> [v2:172.21.15.53:3300/0,v1:172.21.15.53:6789/0] -- mon_getmap magic: 0 v1 -- 0x7fce7c079d40 con 0x7fce7c1066f0
2024-09-16T00:41:42.309 INFO:teuthology.orchestra.run.smithi053.stdout:/usr/bin/ceph: stderr
2024-09-16T00:41:41.431+0000 7fce81d96700 1 --2- >> [v2:172.21.15.53:3300/0,v1:172.21.15.53:6789/0] conn(0x7fce7c1066f0 0x7fce7c108ad0 unknown :-1 s=BANNER_CONNECTING pgs=0 cs=0 l=0 rev1=0 crypto rx=0 tx=0 comp rx=0 tx=0)._handle_peer_banner_payload supported=3 required=0
2024-09-16T00:41:42.310 INFO:teuthology.orchestra.run.smithi053.stdout:/usr/bin/ceph: stderr
2024-09-16T00:41:41.431+0000 7fce81d96700 1 --2- >> [v2:172.21.15.53:3300/0,v1:172.21.15.53:6789/0] conn(0x7fce7c1066f0 0x7fce7c108ad0 unknown :-1 s=HELLO_CONNECTING pgs=0 cs=0 l=0 rev1=1 crypto rx=0 tx=0 comp rx=0 tx=0).handle_hello peer v2:172.21.15.53:3300/0 says I am v2:172.21.15.53:47764/0 (socket says 172.21.15.53:47764)
2024-09-16T00:41:42.310 INFO:teuthology.orchestra.run.smithi053.stdout:/usr/bin/ceph: stderr
2024-09-16T00:41:41.431+0000 7fce81d96700 1 -- 172.21.15.53:0/4256890988 learned_addr learned my addr 172.21.15.53:0/4256890988 (peer_addr_for_me v2:172.21.15.53:0/0)
2024-09-16T00:41:42.310 INFO:teuthology.orchestra.run.smithi053.stdout:/usr/bin/ceph: stderr
2024-09-16T00:41:41.432+0000 7fce81d96700 1 -- 172.21.15.53:0/4256890988 --> [v2:172.21.15.53:3300/0,v1:172.21.15.53:6789/0] -- mon_subscribe({config=0+,monmap=0+}) v3 -- 0x7fce7c079e80 con 0x7fce7c1066f0
2024-09-16T00:41:42.310 INFO:teuthology.orchestra.run.smithi053.stdout:/usr/bin/ceph: stderr
2024-09-16T00:41:41.432+0000 7fce81d96700 1 --2- 172.21.15.53:0/4256890988 >> [v2:172.21.15.53:3300/0,v1:172.21.15.53:6789/0] conn(0x7fce7c1066f0 0x7fce7c108ad0 secure :-1 s=READY pgs=90 cs=0 l=1 rev1=1 crypto rx=0x7fce780098a0 tx=0x7fce78009bb0 comp rx=0 tx=0).ready entity=mon.0 client_cookie=18a95634c8106545 server_cookie=0 in_seq=0 out_seq=0
2024-09-16T00:41:42.310 INFO:teuthology.orchestra.run.smithi053.stdout:/usr/bin/ceph: stderr
2024-09-16T00:41:41.432+0000 7fce80d94700 1 -- 172.21.15.53:0/4256890988 <== mon.0 v2:172.21.15.53:3300/0 1 ==== mon_map magic: 0 v1 ==== 229+0+0 (secure 0 0 0) 0x7fce78004180 con 0x7fce7c1066f0
2024-09-16T00:41:42.310 INFO:teuthology.orchestra.run.smithi053.stdout:/usr/bin/ceph: stderr
2024-09-16T00:41:41.432+0000 7fce80d94700 1 -- 172.21.15.53:0/4256890988 <== mon.0 v2:172.21.15.53:3300/0 2 ==== config(27 keys) v1 ==== 1101+0+0 (secure 0 0 0) 0x7fce780042e0 con 0x7fce7c1066f0
2024-09-16T00:41:42.310 INFO:teuthology.orchestra.run.smithi053.stdout:/usr/bin/ceph: stderr
2024-09-16T00:41:41.432+0000 7fce80d94700 1 -- 172.21.15.53:0/4256890988 <== mon.0 v2:172.21.15.53:3300/0 3 ==== mon_map magic: 0 v1 ==== 229+0+0 (secure 0 0 0) 0x7fce78011af0 con 0x7fce7c1066f0
2024-09-16T00:41:42.310 INFO:teuthology.orchestra.run.smithi053.stdout:/usr/bin/ceph: stderr
2024-09-16T00:41:41.433+0000 7fce83ffa700 1 -- 172.21.15.53:0/4256890988 >> [v2:172.21.15.53:3300/0,v1:172.21.15.53:6789/0] conn(0x7fce7c1066f0 msgr2=0x7fce7c108ad0 secure :-1 s=STATE_CONNECTION_ESTABLISHED l=1).mark_down
2024-09-16T00:41:42.310 INFO:teuthology.orchestra.run.smithi053.stdout:/usr/bin/ceph: stderr
2024-09-16T00:41:41.433+0000 7fce83ffa700 1 --2- 172.21.15.53:0/4256890988 >> [v2:172.21.15.53:3300/0,v1:172.21.15.53:6789/0] conn(0x7fce7c1066f0 0x7fce7c108ad0 secure :-1 s=READY pgs=90 cs=0 l=1 rev1=1 crypto rx=0x7fce780098a0 tx=0x7fce78009bb0 comp rx=0 tx=0).stop
2024-09-16T00:41:42.310 INFO:teuthology.orchestra.run.smithi053.stdout:/usr/bin/ceph: stderr
2024-09-16T00:41:41.433+0000 7fce83ffa700 1 -- 172.21.15.53:0/4256890988 shutdown_connections
2024-09-16T00:41:42.310 INFO:teuthology.orchestra.run.smithi053.stdout:/usr/bin/ceph: stderr
2024-09-16T00:41:41.433+0000 7fce83ffa700 1 --2- 172.21.15.53:0/4256890988 >> [v2:172.21.15.53:3300/0,v1:172.21.15.53:6789/0] conn(0x7fce7c1066f0 0x7fce7c108ad0 unknown :-1 s=CLOSED pgs=90 cs=0 l=1 rev1=1 crypto rx=0 tx=0 comp rx=0 tx=0).stop
2024-09-16T00:41:42.310 INFO:teuthology.orchestra.run.smithi053.stdout:/usr/bin/ceph: stderr
2024-09-16T00:41:41.433+0000 7fce83ffa700 1 -- 172.21.15.53:0/4256890988 >> 172.21.15.53:0/4256890988 conn(0x7fce7c1000f0 msgr2=0x7fce7c102500 unknown :-1 s=STATE_NONE l=0).mark_down
2024-09-16T00:41:42.311 INFO:teuthology.orchestra.run.smithi053.stdout:/usr/bin/ceph: stderr
2024-09-16T00:41:41.433+0000 7fce83ffa700 1 -- 172.21.15.53:0/4256890988 shutdown_connections
2024-09-16T00:41:42.311 INFO:teuthology.orchestra.run.smithi053.stdout:/usr/bin/ceph: stderr
2024-09-16T00:41:41.433+0000 7fce83ffa700 1 -- 172.21.15.53:0/4256890988 wait complete.
2024-09-16T00:41:42.311 INFO:teuthology.orchestra.run.smithi053.stdout:/usr/bin/ceph: stderr
2024-09-16T00:41:41.433+0000 7fce83ffa700 1 Processor -- start
2024-09-16T00:41:42.311 INFO:teuthology.orchestra.run.smithi053.stdout:/usr/bin/ceph: stderr
2024-09-16T00:41:41.434+0000 7fce83ffa700 1 -- start start
2024-09-16T00:41:42.311 INFO:teuthology.orchestra.run.smithi053.stdout:/usr/bin/ceph: stderr
2024-09-16T00:41:41.434+0000 7fce83ffa700 1 --2- >> [v2:172.21.15.53:3300/0,v1:172.21.15.53:6789/0] conn(0x7fce7c1066f0 0x7fce7c199920 unknown :-1 s=NONE pgs=0 cs=0 l=1 rev1=0 crypto rx=0 tx=0 comp rx=0 tx=0).connect
2024-09-16T00:41:42.311 INFO:teuthology.orchestra.run.smithi053.stdout:/usr/bin/ceph: stderr
2024-09-16T00:41:41.434+0000 7fce83ffa700 1 -- --> [v2:172.21.15.53:3300/0,v1:172.21.15.53:6789/0] -- mon_getmap magic: 0 v1 -- 0x7fce7c199e60 con 0x7fce7c1066f0
2024-09-16T00:41:42.311 INFO:teuthology.orchestra.run.smithi053.stdout:/usr/bin/ceph: stderr
2024-09-16T00:41:41.434+0000 7fce81d96700 1 --2- >> [v2:172.21.15.53:3300/0,v1:172.21.15.53:6789/0] conn(0x7fce7c1066f0 0x7fce7c199920 unknown :-1 s=BANNER_CONNECTING pgs=0 cs=0 l=1 rev1=0 crypto rx=0 tx=0 comp rx=0 tx=0)._handle_peer_banner_payload supported=3 required=0
2024-09-16T00:41:42.311 INFO:teuthology.orchestra.run.smithi053.stdout:/usr/bin/ceph: stderr
2024-09-16T00:41:41.434+0000 7fce81d96700 1 --2- >> [v2:172.21.15.53:3300/0,v1:172.21.15.53:6789/0] conn(0x7fce7c1066f0 0x7fce7c199920 unknown :-1 s=HELLO_CONNECTING pgs=0 cs=0 l=1 rev1=1 crypto rx=0 tx=0 comp rx=0 tx=0).handle_hello peer v2:172.21.15.53:3300/0 says I am v2:172.21.15.53:47768/0 (socket says 172.21.15.53:47768)
2024-09-16T00:41:42.311 INFO:teuthology.orchestra.run.smithi053.stdout:/usr/bin/ceph: stderr
2024-09-16T00:41:41.434+0000 7fce81d96700 1 -- 172.21.15.53:0/531794420 learned_addr learned my addr 172.21.15.53:0/531794420 (peer_addr_for_me v2:172.21.15.53:0/0)
2024-09-16T00:41:42.311 INFO:teuthology.orchestra.run.smithi053.stdout:/usr/bin/ceph: stderr
2024-09-16T00:41:41.434+0000 7fce81d96700 1 -- 172.21.15.53:0/531794420 --> [v2:172.21.15.53:3300/0,v1:172.21.15.53:6789/0] -- mon_subscribe({config=0+,monmap=0+}) v3 -- 0x7fce78009550 con 0x7fce7c1066f0
2024-09-16T00:41:42.311 INFO:teuthology.orchestra.run.smithi053.stdout:/usr/bin/ceph: stderr
2024-09-16T00:41:41.434+0000 7fce81d96700 1 --2- 172.21.15.53:0/531794420 >> [v2:172.21.15.53:3300/0,v1:172.21.15.53:6789/0] conn(0x7fce7c1066f0 0x7fce7c199920 secure :-1 s=READY pgs=91 cs=0 l=1 rev1=1 crypto rx=0x7fce78000c00 tx=0x7fce78011b50 comp rx=0 tx=0).ready entity=mon.0 client_cookie=0 server_cookie=0 in_seq=0 out_seq=0
2024-09-16T00:41:42.311 INFO:teuthology.orchestra.run.smithi053.stdout:/usr/bin/ceph: stderr
2024-09-16T00:41:41.434+0000 7fce72ffd700 1 -- 172.21.15.53:0/531794420 <== mon.0 v2:172.21.15.53:3300/0 1 ==== mon_map magic: 0 v1 ==== 229+0+0 (secure 0 0 0) 0x7fce78003a70 con 0x7fce7c1066f0
2024-09-16T00:41:42.311 INFO:teuthology.orchestra.run.smithi053.stdout:/usr/bin/ceph: stderr
2024-09-16T00:41:41.434+0000 7fce72ffd700 1 -- 172.21.15.53:0/531794420 <== mon.0 v2:172.21.15.53:3300/0 2 ==== config(27 keys) v1 ==== 1101+0+0 (secure 0 0 0) 0x7fce78003bd0 con 0x7fce7c1066f0
2024-09-16T00:41:42.311 INFO:teuthology.orchestra.run.smithi053.stdout:/usr/bin/ceph: stderr
2024-09-16T00:41:41.434+0000 7fce83ffa700 1 -- 172.21.15.53:0/531794420 --> [v2:172.21.15.53:3300/0,v1:172.21.15.53:6789/0] -- mon_subscribe({mgrmap=0+}) v3 -- 0x7fce7c19a060 con 0x7fce7c1066f0
2024-09-16T00:41:42.311 INFO:teuthology.orchestra.run.smithi053.stdout:/usr/bin/ceph: stderr
2024-09-16T00:41:41.434+0000 7fce72ffd700 1 -- 172.21.15.53:0/531794420 <== mon.0 v2:172.21.15.53:3300/0 3 ==== mon_map magic: 0 v1 ==== 229+0+0 (secure 0 0 0) 0x7fce780238c0 con 0x7fce7c1066f0
2024-09-16T00:41:42.312 INFO:teuthology.orchestra.run.smithi053.stdout:/usr/bin/ceph: stderr
2024-09-16T00:41:41.434+0000 7fce83ffa700 1 -- 172.21.15.53:0/531794420 --> [v2:172.21.15.53:3300/0,v1:172.21.15.53:6789/0] -- mon_subscribe({osdmap=0}) v3 -- 0x7fce7c19a480 con 0x7fce7c1066f0
2024-09-16T00:41:42.312 INFO:teuthology.orchestra.run.smithi053.stdout:/usr/bin/ceph: stderr
2024-09-16T00:41:41.435+0000 7fce72ffd700 1 -- 172.21.15.53:0/531794420 <== mon.0 v2:172.21.15.53:3300/0 4 ==== mgrmap(e 13) v1 ==== 45140+0+0 (secure 0 0 0) 0x7fce78023b30 con 0x7fce7c1066f0
2024-09-16T00:41:42.312 INFO:teuthology.orchestra.run.smithi053.stdout:/usr/bin/ceph: stderr
2024-09-16T00:41:41.435+0000 7fce83ffa700 1 -- 172.21.15.53:0/531794420 --> [v2:172.21.15.53:3300/0,v1:172.21.15.53:6789/0] -- mon_command({"prefix": "get_command_descriptions"} v 0) v1 -- 0x7fce7c062380 con 0x7fce7c1066f0
2024-09-16T00:41:42.312 INFO:teuthology.orchestra.run.smithi053.stdout:/usr/bin/ceph: stderr
2024-09-16T00:41:41.436+0000 7fce72ffd700 1 --2- 172.21.15.53:0/531794420 >> [v2:172.21.15.53:6800/2,v1:172.21.15.53:6801/2] conn(0x7fce68038530 0x7fce6803a9e0 unknown :-1 s=NONE pgs=0 cs=0 l=1 rev1=0 crypto rx=0 tx=0 comp rx=0 tx=0).connect
2024-09-16T00:41:42.312 INFO:teuthology.orchestra.run.smithi053.stdout:/usr/bin/ceph: stderr
2024-09-16T00:41:41.436+0000 7fce72ffd700 1 -- 172.21.15.53:0/531794420 <== mon.0 v2:172.21.15.53:3300/0 5 ==== osd_map(3..3 src has 1..3) v4 ==== 1069+0+0 (secure 0 0 0) 0x7fce7804c3b0 con 0x7fce7c1066f0
2024-09-16T00:41:42.312 INFO:teuthology.orchestra.run.smithi053.stdout:/usr/bin/ceph: stderr
2024-09-16T00:41:41.436+0000 7fce81595700 1 --2- 172.21.15.53:0/531794420 >> [v2:172.21.15.53:6800/2,v1:172.21.15.53:6801/2] conn(0x7fce68038530 0x7fce6803a9e0 unknown :-1 s=BANNER_CONNECTING pgs=0 cs=0 l=1 rev1=0 crypto rx=0 tx=0 comp rx=0 tx=0)._handle_peer_banner_payload supported=3 required=0
2024-09-16T00:41:42.312 INFO:teuthology.orchestra.run.smithi053.stdout:/usr/bin/ceph: stderr
2024-09-16T00:41:41.436+0000 7fce81595700 1 --2- 172.21.15.53:0/531794420 >> [v2:172.21.15.53:6800/2,v1:172.21.15.53:6801/2] conn(0x7fce68038530 0x7fce6803a9e0 secure :-1 s=READY pgs=11 cs=0 l=1 rev1=1 crypto rx=0x7fce6c006fd0 tx=0x7fce6c006e40 comp rx=0 tx=0).ready entity=mgr.14164 client_cookie=0 server_cookie=0 in_seq=0 out_seq=0
2024-09-16T00:41:42.312 INFO:teuthology.orchestra.run.smithi053.stdout:/usr/bin/ceph: stderr
2024-09-16T00:41:41.440+0000 7fce72ffd700 1 -- 172.21.15.53:0/531794420 <== mon.0 v2:172.21.15.53:3300/0 6 ==== mon_command_ack([{"prefix": "get_command_descriptions"}]=0 v0) v1 ==== 72+0+177933 (secure 0 0 0) 0x7fce78010970 con 0x7fce7c1066f0
2024-09-16T00:41:42.312 INFO:teuthology.orchestra.run.smithi053.stdout:/usr/bin/ceph: stderr
2024-09-16T00:41:41.752+0000 7fce83ffa700 1 -- 172.21.15.53:0/531794420 --> [v2:172.21.15.53:3300/0,v1:172.21.15.53:6789/0] -- mon_command([{prefix=config-key set, key=mgr/dashboard/cluster/status}] v 0) v1 -- 0x7fce7c19d370 con 0x7fce7c1066f0
2024-09-16T00:41:42.312 INFO:teuthology.orchestra.run.smithi053.stdout:/usr/bin/ceph: stderr
2024-09-16T00:41:41.754+0000 7fce72ffd700 1 -- 172.21.15.53:0/531794420 <== mon.0 v2:172.21.15.53:3300/0 7 ==== mon_command_ack([{prefix=config-key set, key=mgr/dashboard/cluster/status}]=0 set mgr/dashboard/cluster/status v34)=0 set mgr/dashboard/cluster/status v34) v1 ==== 153+0+0 (secure 0 0 0) 0x7fce7802c350 con 0x7fce7c1066f0
2024-09-16T00:41:42.312 INFO:teuthology.orchestra.run.smithi053.stdout:/usr/bin/ceph: stderr
2024-09-16T00:41:41.756+0000 7fce83ffa700 1 -- 172.21.15.53:0/531794420 >> [v2:172.21.15.53:6800/2,v1:172.21.15.53:6801/2] conn(0x7fce68038530 msgr2=0x7fce6803a9e0 secure :-1 s=STATE_CONNECTION_ESTABLISHED l=1).mark_down
2024-09-16T00:41:42.312 INFO:teuthology.orchestra.run.smithi053.stdout:/usr/bin/ceph: stderr
2024-09-16T00:41:41.756+0000 7fce83ffa700 1 --2- 172.21.15.53:0/531794420 >> [v2:172.21.15.53:6800/2,v1:172.21.15.53:6801/2] conn(0x7fce68038530 0x7fce6803a9e0 secure :-1 s=READY pgs=11 cs=0 l=1 rev1=1 crypto rx=0x7fce6c006fd0 tx=0x7fce6c006e40 comp rx=0 tx=0).stop
2024-09-16T00:41:42.312 INFO:teuthology.orchestra.run.smithi053.stdout:/usr/bin/ceph: stderr
2024-09-16T00:41:41.756+0000 7fce83ffa700 1 -- 172.21.15.53:0/531794420 >> [v2:172.21.15.53:3300/0,v1:172.21.15.53:6789/0] conn(0x7fce7c1066f0 msgr2=0x7fce7c199920 secure :-1 s=STATE_CONNECTION_ESTABLISHED l=1).mark_down
2024-09-16T00:41:42.312 INFO:teuthology.orchestra.run.smithi053.stdout:/usr/bin/ceph: stderr
2024-09-16T00:41:41.756+0000 7fce83ffa700 1 --2- 172.21.15.53:0/531794420 >> [v2:172.21.15.53:3300/0,v1:172.21.15.53:6789/0] conn(0x7fce7c1066f0 0x7fce7c199920 secure :-1 s=READY pgs=91 cs=0 l=1 rev1=1 crypto rx=0x7fce78000c00 tx=0x7fce78011b50 comp rx=0 tx=0).stop
2024-09-16T00:41:42.312 INFO:teuthology.orchestra.run.smithi053.stdout:/usr/bin/ceph: stderr
2024-09-16T00:41:41.756+0000 7fce83ffa700 1 -- 172.21.15.53:0/531794420 shutdown_connections
2024-09-16T00:41:42.313 INFO:teuthology.orchestra.run.smithi053.stdout:/usr/bin/ceph: stderr
2024-09-16T00:41:41.756+0000 7fce83ffa700 1 --2- 172.21.15.53:0/531794420 >> [v2:172.21.15.53:6800/2,v1:172.21.15.53:6801/2] conn(0x7fce68038530 0x7fce6803a9e0 unknown :-1 s=CLOSED pgs=11 cs=0 l=1 rev1=1 crypto rx=0 tx=0 comp rx=0 tx=0).stop
2024-09-16T00:41:42.313 INFO:teuthology.orchestra.run.smithi053.stdout:/usr/bin/ceph: stderr
2024-09-16T00:41:41.756+0000 7fce83ffa700 1 --2- 172.21.15.53:0/531794420 >> [v2:172.21.15.53:3300/0,v1:172.21.15.53:6789/0] conn(0x7fce7c1066f0 0x7fce7c199920 unknown :-1 s=CLOSED pgs=91 cs=0 l=1 rev1=1 crypto rx=0 tx=0 comp rx=0 tx=0).stop
2024-09-16T00:41:42.313 INFO:teuthology.orchestra.run.smithi053.stdout:/usr/bin/ceph: stderr
2024-09-16T00:41:41.756+0000 7fce83ffa700 1 -- 172.21.15.53:0/531794420 >> 172.21.15.53:0/531794420 conn(0x7fce7c1000f0 msgr2=0x7fce7c101750 unknown :-1 s=STATE_NONE l=0).mark_down
2024-09-16T00:41:42.313 INFO:teuthology.orchestra.run.smithi053.stdout:/usr/bin/ceph: stderr
2024-09-16T00:41:41.757+0000 7fce83ffa700 1 -- 172.21.15.53:0/531794420 shutdown_connections
2024-09-16T00:41:42.313 INFO:teuthology.orchestra.run.smithi053.stdout:/usr/bin/ceph: stderr
2024-09-16T00:41:41.757+0000 7fce83ffa700 1 -- 172.21.15.53:0/531794420 wait complete.
2024-09-16T00:41:42.313 INFO:teuthology.orchestra.run.smithi053.stdout:/usr/bin/ceph: stderr set mgr/dashboard/cluster/status
2024-09-16T00:41:42.313 INFO:teuthology.orchestra.run.smithi053.stdout:You can access the Ceph CLI as following in case of multi-cluster or non-default config:
2024-09-16T00:41:42.313 INFO:teuthology.orchestra.run.smithi053.stdout:
2024-09-16T00:41:42.313 INFO:teuthology.orchestra.run.smithi053.stdout: sudo /home/ubuntu/cephtest/cephadm shell --fsid 31d96aac-73c4-11ef-bceb-c7b262605968 -c /etc/ceph/ceph.conf -k /etc/ceph/ceph.client.admin.keyring
2024-09-16T00:41:42.313 INFO:teuthology.orchestra.run.smithi053.stdout:
2024-09-16T00:41:42.313 INFO:teuthology.orchestra.run.smithi053.stdout:Or, if you are only running a single cluster on this host:
2024-09-16T00:41:42.313 INFO:teuthology.orchestra.run.smithi053.stdout:
2024-09-16T00:41:42.313 INFO:teuthology.orchestra.run.smithi053.stdout: sudo /home/ubuntu/cephtest/cephadm shell
2024-09-16T00:41:42.313 INFO:teuthology.orchestra.run.smithi053.stdout:
2024-09-16T00:41:42.313 INFO:teuthology.orchestra.run.smithi053.stdout:Please consider enabling telemetry to help improve Ceph:
2024-09-16T00:41:42.313 INFO:teuthology.orchestra.run.smithi053.stdout:
2024-09-16T00:41:42.314 INFO:teuthology.orchestra.run.smithi053.stdout: ceph telemetry on
2024-09-16T00:41:42.314 INFO:teuthology.orchestra.run.smithi053.stdout:
2024-09-16T00:41:42.314 INFO:teuthology.orchestra.run.smithi053.stdout:For more information see:
2024-09-16T00:41:42.314 INFO:teuthology.orchestra.run.smithi053.stdout:
2024-09-16T00:41:42.314 INFO:teuthology.orchestra.run.smithi053.stdout: https://docs.ceph.com/en/latest/mgr/telemetry/
2024-09-16T00:41:42.314 INFO:teuthology.orchestra.run.smithi053.stdout:
2024-09-16T00:41:42.314 INFO:teuthology.orchestra.run.smithi053.stdout:Bootstrap complete.
2024-09-16T00:41:42.342 INFO:tasks.cephadm:Fetching config...
2024-09-16T00:41:42.342 DEBUG:teuthology.orchestra.run.smithi053:> set -ex
2024-09-16T00:41:42.342 DEBUG:teuthology.orchestra.run.smithi053:> dd if=/etc/ceph/ceph.conf of=/dev/stdout
2024-09-16T00:41:42.359 INFO:tasks.cephadm:Fetching client.admin keyring...
2024-09-16T00:41:42.359 DEBUG:teuthology.orchestra.run.smithi053:> set -ex
2024-09-16T00:41:42.359 DEBUG:teuthology.orchestra.run.smithi053:> dd if=/etc/ceph/ceph.client.admin.keyring of=/dev/stdout
2024-09-16T00:41:42.415 INFO:tasks.cephadm:Fetching mon keyring...
2024-09-16T00:41:42.415 DEBUG:teuthology.orchestra.run.smithi053:> set -ex
2024-09-16T00:41:42.415 DEBUG:teuthology.orchestra.run.smithi053:> sudo dd if=/var/lib/ceph/31d96aac-73c4-11ef-bceb-c7b262605968/mon.smithi053/keyring of=/dev/stdout
2024-09-16T00:41:42.481 INFO:tasks.cephadm:Fetching pub ssh key...
2024-09-16T00:41:42.481 DEBUG:teuthology.orchestra.run.smithi053:> set -ex
2024-09-16T00:41:42.481 DEBUG:teuthology.orchestra.run.smithi053:> dd if=/home/ubuntu/cephtest/ceph.pub of=/dev/stdout
2024-09-16T00:41:42.537 INFO:tasks.cephadm:Installing pub ssh key for root users...
2024-09-16T00:41:42.537 DEBUG:teuthology.orchestra.run.smithi053:> sudo install -d -m 0700 /root/.ssh && echo 'ssh-rsa AAAAB3NzaC1yc2EAAAADAQABAAABgQDTpiJgjMKSvbASZqQNJ+d8sw1Uumz++dZbklMh5dwtRSSa1p2cUY4zIyzv5hxG5AyWbiCrrs+xgvr6IwFU3L9XUVnC9g7tB1ue4Eof54i+P+cwAq1Ocj5Xrez2p29pWrqZA6OmPb2m4Q1ISWhD0qsgQ5Wb28Haxr+2Kcz4fo8UCHPeO0HbSDvF1Bqu4pM6qcaHaE20kvel793xW4PJWsKtsIL/NTcGFUtSdHVZnLQIZcyKN+zRa2u3o6FwuG2MP+Z72PWGLjE9WeCRFt06cWjAk4yxMNssLh3SY+6Go4xJUeuRzVeRB25Hkn3IiiV4gQWf1V83AwMRYhSYq41UBVu5QlXys1SWyd9hqqj8wOjA5EAnsIfEJTwiJRT7Ufgj7I8nwaKjDZTTJdAA/Vic+Nh4mQe9apNiXz4yZFRlFOnW7/aw67PJhrKWK7IzMtkDDDSkP4o/cUu84jTKNn5Z76nTGt5zxNHsQHKqFmFz8S+Bq0VYp6RUVzgDMr64h9/9h/k= ceph-31d96aac-73c4-11ef-bceb-c7b262605968' | sudo tee -a /root/.ssh/authorized_keys && sudo chmod 0600 /root/.ssh/authorized_keys
2024-09-16T00:41:42.629 INFO:teuthology.orchestra.run.smithi053.stdout:ssh-rsa AAAAB3NzaC1yc2EAAAADAQABAAABgQDTpiJgjMKSvbASZqQNJ+d8sw1Uumz++dZbklMh5dwtRSSa1p2cUY4zIyzv5hxG5AyWbiCrrs+xgvr6IwFU3L9XUVnC9g7tB1ue4Eof54i+P+cwAq1Ocj5Xrez2p29pWrqZA6OmPb2m4Q1ISWhD0qsgQ5Wb28Haxr+2Kcz4fo8UCHPeO0HbSDvF1Bqu4pM6qcaHaE20kvel793xW4PJWsKtsIL/NTcGFUtSdHVZnLQIZcyKN+zRa2u3o6FwuG2MP+Z72PWGLjE9WeCRFt06cWjAk4yxMNssLh3SY+6Go4xJUeuRzVeRB25Hkn3IiiV4gQWf1V83AwMRYhSYq41UBVu5QlXys1SWyd9hqqj8wOjA5EAnsIfEJTwiJRT7Ufgj7I8nwaKjDZTTJdAA/Vic+Nh4mQe9apNiXz4yZFRlFOnW7/aw67PJhrKWK7IzMtkDDDSkP4o/cUu84jTKNn5Z76nTGt5zxNHsQHKqFmFz8S+Bq0VYp6RUVzgDMr64h9/9h/k= ceph-31d96aac-73c4-11ef-bceb-c7b262605968
2024-09-16T00:41:42.642 DEBUG:teuthology.orchestra.run.smithi152:> sudo install -d -m 0700 /root/.ssh && echo 'ssh-rsa AAAAB3NzaC1yc2EAAAADAQABAAABgQDTpiJgjMKSvbASZqQNJ+d8sw1Uumz++dZbklMh5dwtRSSa1p2cUY4zIyzv5hxG5AyWbiCrrs+xgvr6IwFU3L9XUVnC9g7tB1ue4Eof54i+P+cwAq1Ocj5Xrez2p29pWrqZA6OmPb2m4Q1ISWhD0qsgQ5Wb28Haxr+2Kcz4fo8UCHPeO0HbSDvF1Bqu4pM6qcaHaE20kvel793xW4PJWsKtsIL/NTcGFUtSdHVZnLQIZcyKN+zRa2u3o6FwuG2MP+Z72PWGLjE9WeCRFt06cWjAk4yxMNssLh3SY+6Go4xJUeuRzVeRB25Hkn3IiiV4gQWf1V83AwMRYhSYq41UBVu5QlXys1SWyd9hqqj8wOjA5EAnsIfEJTwiJRT7Ufgj7I8nwaKjDZTTJdAA/Vic+Nh4mQe9apNiXz4yZFRlFOnW7/aw67PJhrKWK7IzMtkDDDSkP4o/cUu84jTKNn5Z76nTGt5zxNHsQHKqFmFz8S+Bq0VYp6RUVzgDMr64h9/9h/k= ceph-31d96aac-73c4-11ef-bceb-c7b262605968' | sudo tee -a /root/.ssh/authorized_keys && sudo chmod 0600 /root/.ssh/authorized_keys
2024-09-16T00:41:42.690 INFO:teuthology.orchestra.run.smithi152.stdout:ssh-rsa AAAAB3NzaC1yc2EAAAADAQABAAABgQDTpiJgjMKSvbASZqQNJ+d8sw1Uumz++dZbklMh5dwtRSSa1p2cUY4zIyzv5hxG5AyWbiCrrs+xgvr6IwFU3L9XUVnC9g7tB1ue4Eof54i+P+cwAq1Ocj5Xrez2p29pWrqZA6OmPb2m4Q1ISWhD0qsgQ5Wb28Haxr+2Kcz4fo8UCHPeO0HbSDvF1Bqu4pM6qcaHaE20kvel793xW4PJWsKtsIL/NTcGFUtSdHVZnLQIZcyKN+zRa2u3o6FwuG2MP+Z72PWGLjE9WeCRFt06cWjAk4yxMNssLh3SY+6Go4xJUeuRzVeRB25Hkn3IiiV4gQWf1V83AwMRYhSYq41UBVu5QlXys1SWyd9hqqj8wOjA5EAnsIfEJTwiJRT7Ufgj7I8nwaKjDZTTJdAA/Vic+Nh4mQe9apNiXz4yZFRlFOnW7/aw67PJhrKWK7IzMtkDDDSkP4o/cUu84jTKNn5Z76nTGt5zxNHsQHKqFmFz8S+Bq0VYp6RUVzgDMr64h9/9h/k= ceph-31d96aac-73c4-11ef-bceb-c7b262605968
2024-09-16T00:41:42.703 DEBUG:teuthology.orchestra.run.smithi053:> sudo /home/ubuntu/cephtest/cephadm --image quay.io/ceph/ceph:v18.2.0 shell -c /etc/ceph/ceph.conf -k /etc/ceph/ceph.client.admin.keyring --fsid 31d96aac-73c4-11ef-bceb-c7b262605968 -- ceph config set mgr mgr/cephadm/allow_ptrace true
2024-09-16T00:41:42.854 INFO:journalctl@ceph.mon.smithi053.smithi053.stdout:Sep 16 00:41:42 smithi053 ceph-mon[27950]: from='client.? 172.21.15.53:0/531794420' entity='client.admin'
2024-09-16T00:41:42.925 INFO:teuthology.orchestra.run.smithi053.stderr:Inferring config /var/lib/ceph/31d96aac-73c4-11ef-bceb-c7b262605968/mon.smithi053/config
2024-09-16T00:41:45.602 INFO:teuthology.orchestra.run.smithi053.stderr:2024-09-16T00:41:45.597+0000 7f9da829c700 1 -- 172.21.15.53:0/2029452789 >> [v2:172.21.15.53:3300/0,v1:172.21.15.53:6789/0] conn(0x7f9da00ffe30 msgr2=0x7f9da0100240 secure :-1 s=STATE_CONNECTION_ESTABLISHED l=1).mark_down
2024-09-16T00:41:45.602 INFO:teuthology.orchestra.run.smithi053.stderr:2024-09-16T00:41:45.597+0000 7f9da829c700 1 --2- 172.21.15.53:0/2029452789 >> [v2:172.21.15.53:3300/0,v1:172.21.15.53:6789/0] conn(0x7f9da00ffe30 0x7f9da0100240 secure :-1 s=READY pgs=92 cs=0 l=1 rev1=1 crypto rx=0x7f9d9c009910 tx=0x7f9d9c009c20 comp rx=0 tx=0).stop
2024-09-16T00:41:45.602 INFO:teuthology.orchestra.run.smithi053.stderr:2024-09-16T00:41:45.597+0000 7f9da829c700 1 -- 172.21.15.53:0/2029452789 shutdown_connections
2024-09-16T00:41:45.603 INFO:teuthology.orchestra.run.smithi053.stderr:2024-09-16T00:41:45.597+0000 7f9da829c700 1 --2- 172.21.15.53:0/2029452789 >> [v2:172.21.15.53:3300/0,v1:172.21.15.53:6789/0] conn(0x7f9da00ffe30 0x7f9da0100240 unknown :-1 s=CLOSED pgs=92 cs=0 l=1 rev1=1 crypto rx=0 tx=0 comp rx=0 tx=0).stop
2024-09-16T00:41:45.603 INFO:teuthology.orchestra.run.smithi053.stderr:2024-09-16T00:41:45.597+0000 7f9da829c700 1 -- 172.21.15.53:0/2029452789 >> 172.21.15.53:0/2029452789 conn(0x7f9da00fb3c0 msgr2=0x7f9da00fd810 unknown :-1 s=STATE_NONE l=0).mark_down
2024-09-16T00:41:45.603 INFO:teuthology.orchestra.run.smithi053.stderr:2024-09-16T00:41:45.597+0000 7f9da829c700 1 -- 172.21.15.53:0/2029452789 shutdown_connections
2024-09-16T00:41:45.603 INFO:teuthology.orchestra.run.smithi053.stderr:2024-09-16T00:41:45.597+0000 7f9da829c700 1 -- 172.21.15.53:0/2029452789 wait complete.
2024-09-16T00:41:45.603 INFO:teuthology.orchestra.run.smithi053.stderr:2024-09-16T00:41:45.598+0000 7f9da829c700 1 Processor -- start
2024-09-16T00:41:45.603 INFO:teuthology.orchestra.run.smithi053.stderr:2024-09-16T00:41:45.598+0000 7f9da829c700 1 -- start start
2024-09-16T00:41:45.603 INFO:teuthology.orchestra.run.smithi053.stderr:2024-09-16T00:41:45.598+0000 7f9da829c700 1 --2- >> [v2:172.21.15.53:3300/0,v1:172.21.15.53:6789/0] conn(0x7f9da00ffe30 0x7f9da0074af0 unknown :-1 s=NONE pgs=0 cs=0 l=1 rev1=0 crypto rx=0 tx=0 comp rx=0 tx=0).connect
2024-09-16T00:41:45.603 INFO:teuthology.orchestra.run.smithi053.stderr:2024-09-16T00:41:45.598+0000 7f9da829c700 1 -- --> [v2:172.21.15.53:3300/0,v1:172.21.15.53:6789/0] -- mon_getmap magic: 0 v1 -- 0x7f9da0075030 con 0x7f9da00ffe30
2024-09-16T00:41:45.603 INFO:teuthology.orchestra.run.smithi053.stderr:2024-09-16T00:41:45.598+0000 7f9da6038700 1 --2- >> [v2:172.21.15.53:3300/0,v1:172.21.15.53:6789/0] conn(0x7f9da00ffe30 0x7f9da0074af0 unknown :-1 s=BANNER_CONNECTING pgs=0 cs=0 l=1 rev1=0 crypto rx=0 tx=0 comp rx=0 tx=0)._handle_peer_banner_payload supported=3 required=0
2024-09-16T00:41:45.603 INFO:teuthology.orchestra.run.smithi053.stderr:2024-09-16T00:41:45.598+0000 7f9da6038700 1 --2- >> [v2:172.21.15.53:3300/0,v1:172.21.15.53:6789/0] conn(0x7f9da00ffe30 0x7f9da0074af0 unknown :-1 s=HELLO_CONNECTING pgs=0 cs=0 l=1 rev1=1 crypto rx=0 tx=0 comp rx=0 tx=0).handle_hello peer v2:172.21.15.53:3300/0 says I am v2:172.21.15.53:41920/0 (socket says 172.21.15.53:41920)
2024-09-16T00:41:45.603 INFO:teuthology.orchestra.run.smithi053.stderr:2024-09-16T00:41:45.598+0000 7f9da6038700 1 -- 172.21.15.53:0/4200264481 learned_addr learned my addr 172.21.15.53:0/4200264481 (peer_addr_for_me v2:172.21.15.53:0/0)
2024-09-16T00:41:45.603 INFO:teuthology.orchestra.run.smithi053.stderr:2024-09-16T00:41:45.598+0000 7f9da6038700 1 -- 172.21.15.53:0/4200264481 --> [v2:172.21.15.53:3300/0,v1:172.21.15.53:6789/0] -- mon_subscribe({config=0+,monmap=0+}) v3 -- 0x7f9d9c0095f0 con 0x7f9da00ffe30
2024-09-16T00:41:45.603 INFO:teuthology.orchestra.run.smithi053.stderr:2024-09-16T00:41:45.599+0000 7f9da6038700 1 --2- 172.21.15.53:0/4200264481 >> [v2:172.21.15.53:3300/0,v1:172.21.15.53:6789/0] conn(0x7f9da00ffe30 0x7f9da0074af0 secure :-1 s=READY pgs=93 cs=0 l=1 rev1=1 crypto rx=0x7f9d9c0092e0 tx=0x7f9d9c009e60 comp rx=0 tx=0).ready entity=mon.0 client_cookie=0 server_cookie=0 in_seq=0 out_seq=0
2024-09-16T00:41:45.603 INFO:teuthology.orchestra.run.smithi053.stderr:2024-09-16T00:41:45.599+0000 7f9d977fe700 1 -- 172.21.15.53:0/4200264481 <== mon.0 v2:172.21.15.53:3300/0 1 ==== mon_map magic: 0 v1 ==== 229+0+0 (secure 0 0 0) 0x7f9d9c01d070 con 0x7f9da00ffe30
