2024-09-16T00:41:34.985 INFO:teuthology.orchestra.run.smithi053.stdout:/usr/bin/ceph: stderr
2024-09-16T00:41:33.998+0000 7f92f27fc700 1 -- 172.21.15.53:0/2399553834 <== mon.0 v2:172.21.15.53:3300/0 7 ==== mgrmap(e 11) v1 ==== 44991+0+0 (secure 0 0 0) 0x7f92f8010380 con 0x7f92fc104a80
2024-09-16T00:41:34.985 INFO:teuthology.orchestra.run.smithi053.stdout:/usr/bin/ceph: stderr
2024-09-16T00:41:33.998+0000 7f92f27fc700 1 --2- 172.21.15.53:0/2399553834 >> [v2:172.21.15.53:6800/2,v1:172.21.15.53:6801/2] conn(0x7f92e8038490 0x7f92e803a940 unknown :-1 s=NONE pgs=0 cs=0 l=1 rev1=0 crypto rx=0 tx=0 comp rx=0 tx=0).connect
2024-09-16T00:41:34.985 INFO:teuthology.orchestra.run.smithi053.stdout:/usr/bin/ceph: stderr
2024-09-16T00:41:33.998+0000 7f92f27fc700 1 -- 172.21.15.53:0/2399553834 --> [v2:172.21.15.53:6800/2,v1:172.21.15.53:6801/2] -- command(tid 0: {"prefix": "get_command_descriptions"}) v1 -- 0x7f92e803b050 con 0x7f92e8038490
2024-09-16T00:41:34.985 INFO:teuthology.orchestra.run.smithi053.stdout:/usr/bin/ceph: stderr
2024-09-16T00:41:33.998+0000 7f9300f50700 1 --2- 172.21.15.53:0/2399553834 >> [v2:172.21.15.53:6800/2,v1:172.21.15.53:6801/2] conn(0x7f92e8038490 0x7f92e803a940 unknown :-1 s=BANNER_CONNECTING pgs=0 cs=0 l=1 rev1=0 crypto rx=0 tx=0 comp rx=0 tx=0)._handle_peer_banner_payload supported=3 required=0
2024-09-16T00:41:34.988 INFO:teuthology.orchestra.run.smithi053.stdout:/usr/bin/ceph: stderr
2024-09-16T00:41:33.999+0000 7f9300f50700 1 --2- 172.21.15.53:0/2399553834 >> [v2:172.21.15.53:6800/2,v1:172.21.15.53:6801/2] conn(0x7f92e8038490 0x7f92e803a940 secure :-1 s=READY pgs=1 cs=0 l=1 rev1=1 crypto rx=0x7f92ec003a10 tx=0x7f92ec009270 comp rx=0 tx=0).ready entity=mgr.14164 client_cookie=0 server_cookie=0 in_seq=0 out_seq=0
2024-09-16T00:41:34.988 INFO:teuthology.orchestra.run.smithi053.stdout:/usr/bin/ceph: stderr
2024-09-16T00:41:34.000+0000 7f92f27fc700 1 -- 172.21.15.53:0/2399553834 <== mgr.14164 v2:172.21.15.53:6800/2 1 ==== command_reply(tid 0: 0 ) v1 ==== 8+0+6910 (secure 0 0 0) 0x7f92e803b050 con 0x7f92e8038490
2024-09-16T00:41:34.988 INFO:teuthology.orchestra.run.smithi053.stdout:/usr/bin/ceph: stderr
2024-09-16T00:41:34.006+0000 7f93039b5700 1 -- 172.21.15.53:0/2399553834 --> [v2:172.21.15.53:6800/2,v1:172.21.15.53:6801/2] -- command(tid 1: {"prefix": "mgr_status"}) v1 -- 0x7f92fc073df0 con 0x7f92e8038490
2024-09-16T00:41:34.988 INFO:teuthology.orchestra.run.smithi053.stdout:/usr/bin/ceph: stderr
2024-09-16T00:41:34.007+0000 7f92f27fc700 1 -- 172.21.15.53:0/2399553834 <== mgr.14164 v2:172.21.15.53:6800/2 2 ==== command_reply(tid 1: 0 ) v1 ==== 8+0+52 (secure 0 0 0) 0x7f92fc073df0 con 0x7f92e8038490
2024-09-16T00:41:34.988 INFO:teuthology.orchestra.run.smithi053.stdout:/usr/bin/ceph: stderr
2024-09-16T00:41:34.007+0000 7f93039b5700 1 -- 172.21.15.53:0/2399553834 >> [v2:172.21.15.53:6800/2,v1:172.21.15.53:6801/2] conn(0x7f92e8038490 msgr2=0x7f92e803a940 secure :-1 s=STATE_CONNECTION_ESTABLISHED l=1).mark_down
2024-09-16T00:41:34.988 INFO:teuthology.orchestra.run.smithi053.stdout:/usr/bin/ceph: stderr
2024-09-16T00:41:34.007+0000 7f93039b5700 1 --2- 172.21.15.53:0/2399553834 >> [v2:172.21.15.53:6800/2,v1:172.21.15.53:6801/2] conn(0x7f92e8038490 0x7f92e803a940 secure :-1 s=READY pgs=1 cs=0 l=1 rev1=1 crypto rx=0x7f92ec003a10 tx=0x7f92ec009270 comp rx=0 tx=0).stop
2024-09-16T00:41:34.988 INFO:teuthology.orchestra.run.smithi053.stdout:/usr/bin/ceph: stderr
2024-09-16T00:41:34.007+0000 7f93039b5700 1 -- 172.21.15.53:0/2399553834 >> [v2:172.21.15.53:3300/0,v1:172.21.15.53:6789/0] conn(0x7f92fc104a80 msgr2=0x7f92fc074250 secure :-1 s=STATE_CONNECTION_ESTABLISHED l=1).mark_down
2024-09-16T00:41:34.988 INFO:teuthology.orchestra.run.smithi053.stdout:/usr/bin/ceph: stderr
2024-09-16T00:41:34.007+0000 7f93039b5700 1 --2- 172.21.15.53:0/2399553834 >> [v2:172.21.15.53:3300/0,v1:172.21.15.53:6789/0] conn(0x7f92fc104a80 0x7f92fc074250 secure :-1 s=READY pgs=74 cs=0 l=1 rev1=1 crypto rx=0x7f92f8011ad0 tx=0x7f92f8011bb0 comp rx=0 tx=0).stop
2024-09-16T00:41:34.989 INFO:teuthology.orchestra.run.smithi053.stdout:/usr/bin/ceph: stderr
2024-09-16T00:41:34.007+0000 7f93039b5700 1 -- 172.21.15.53:0/2399553834 shutdown_connections
2024-09-16T00:41:34.989 INFO:teuthology.orchestra.run.smithi053.stdout:/usr/bin/ceph: stderr
2024-09-16T00:41:34.007+0000 7f93039b5700 1 --2- 172.21.15.53:0/2399553834 >> [v2:172.21.15.53:6800/2,v1:172.21.15.53:6801/2] conn(0x7f92e8038490 0x7f92e803a940 unknown :-1 s=CLOSED pgs=1 cs=0 l=1 rev1=1 crypto rx=0 tx=0 comp rx=0 tx=0).stop
2024-09-16T00:41:34.989 INFO:teuthology.orchestra.run.smithi053.stdout:/usr/bin/ceph: stderr
2024-09-16T00:41:34.007+0000 7f93039b5700 1 --2- 172.21.15.53:0/2399553834 >> [v2:172.21.15.53:3300/0,v1:172.21.15.53:6789/0] conn(0x7f92fc104a80 0x7f92fc074250 unknown :-1 s=CLOSED pgs=74 cs=0 l=1 rev1=1 crypto rx=0 tx=0 comp rx=0 tx=0).stop
2024-09-16T00:41:34.989 INFO:teuthology.orchestra.run.smithi053.stdout:/usr/bin/ceph: stderr
2024-09-16T00:41:34.007+0000 7f93039b5700 1 -- 172.21.15.53:0/2399553834 >> 172.21.15.53:0/2399553834 conn(0x7f92fc100110 msgr2=0x7f92fc100eb0 unknown :-1 s=STATE_NONE l=0).mark_down
2024-09-16T00:41:34.989 INFO:teuthology.orchestra.run.smithi053.stdout:/usr/bin/ceph: stderr
2024-09-16T00:41:34.007+0000 7f93039b5700 1 -- 172.21.15.53:0/2399553834 shutdown_connections
2024-09-16T00:41:34.989 INFO:teuthology.orchestra.run.smithi053.stdout:/usr/bin/ceph: stderr
2024-09-16T00:41:34.007+0000 7f93039b5700 1 -- 172.21.15.53:0/2399553834 wait complete.
2024-09-16T00:41:34.989 INFO:teuthology.orchestra.run.smithi053.stdout:mgr epoch 9 is available
2024-09-16T00:41:34.989 INFO:teuthology.orchestra.run.smithi053.stdout:Generating a dashboard self-signed certificate...
2024-09-16T00:41:35.229 INFO:journalctl@ceph.mon.smithi053.smithi053.stdout:Sep 16 00:41:34 smithi053 ceph-mon[27950]: from='client.14168 -' entity='client.admin' cmd=[{"prefix": "get_command_descriptions"}]: dispatch
2024-09-16T00:41:35.230 INFO:journalctl@ceph.mon.smithi053.smithi053.stdout:Sep 16 00:41:34 smithi053 ceph-mon[27950]: mgrmap e11: smithi053.cjiiek(active, since 1.00593s)
2024-09-16T00:41:35.230 INFO:journalctl@ceph.mon.smithi053.smithi053.stdout:Sep 16 00:41:34 smithi053 ceph-mon[27950]: from='client.14168 -' entity='client.admin' cmd=[{"prefix": "mgr_status"}]: dispatch
2024-09-16T00:41:35.230 INFO:journalctl@ceph.mon.smithi053.smithi053.stdout:Sep 16 00:41:34 smithi053 ceph-mon[27950]: from='mgr.14164 172.21.15.53:0/2' entity='mgr.smithi053.cjiiek'
2024-09-16T00:41:36.269 INFO:journalctl@ceph.mon.smithi053.smithi053.stdout:Sep 16 00:41:35 smithi053 ceph-mon[27950]: [16/Sep/2024:00:41:34] ENGINE Bus STARTING
2024-09-16T00:41:36.270 INFO:journalctl@ceph.mon.smithi053.smithi053.stdout:Sep 16 00:41:35 smithi053 ceph-mon[27950]: [16/Sep/2024:00:41:34] ENGINE Serving on https://172.21.15.53:7150
2024-09-16T00:41:36.270 INFO:journalctl@ceph.mon.smithi053.smithi053.stdout:Sep 16 00:41:35 smithi053 ceph-mon[27950]: [16/Sep/2024:00:41:34] ENGINE Serving on http://172.21.15.53:8765
2024-09-16T00:41:36.270 INFO:journalctl@ceph.mon.smithi053.smithi053.stdout:Sep 16 00:41:35 smithi053 ceph-mon[27950]: [16/Sep/2024:00:41:34] ENGINE Bus STARTED
2024-09-16T00:41:36.270 INFO:journalctl@ceph.mon.smithi053.smithi053.stdout:Sep 16 00:41:35 smithi053 ceph-mon[27950]: mgrmap e12: smithi053.cjiiek(active, since 2s)
2024-09-16T00:41:36.270 INFO:journalctl@ceph.mon.smithi053.smithi053.stdout:Sep 16 00:41:35 smithi053 ceph-mon[27950]: from='mgr.14164 172.21.15.53:0/2' entity='mgr.smithi053.cjiiek'
2024-09-16T00:41:36.270 INFO:journalctl@ceph.mon.smithi053.smithi053.stdout:Sep 16 00:41:35 smithi053 ceph-mon[27950]: from='mgr.14164 172.21.15.53:0/2' entity='mgr.smithi053.cjiiek'
2024-09-16T00:41:36.276 INFO:teuthology.orchestra.run.smithi053.stdout:/usr/bin/ceph: stdout Self-signed certificate created
2024-09-16T00:41:36.276 INFO:teuthology.orchestra.run.smithi053.stdout:/usr/bin/ceph: stderr
2024-09-16T00:41:35.449+0000 7fd35ac60700 1 Processor -- start
2024-09-16T00:41:36.276 INFO:teuthology.orchestra.run.smithi053.stdout:/usr/bin/ceph: stderr
2024-09-16T00:41:35.449+0000 7fd35ac60700 1 -- start start
2024-09-16T00:41:36.276 INFO:teuthology.orchestra.run.smithi053.stdout:/usr/bin/ceph: stderr
2024-09-16T00:41:35.450+0000 7fd35ac60700 1 --2- >> [v2:172.21.15.53:3300/0,v1:172.21.15.53:6789/0] conn(0x7fd354105b90 0x7fd354105fa0 unknown :-1 s=NONE pgs=0 cs=0 l=0 rev1=0 crypto rx=0 tx=0 comp rx=0 tx=0).connect
2024-09-16T00:41:36.276 INFO:teuthology.orchestra.run.smithi053.stdout:/usr/bin/ceph: stderr
2024-09-16T00:41:35.450+0000 7fd35ac60700 1 -- --> [v2:172.21.15.53:3300/0,v1:172.21.15.53:6789/0] -- mon_getmap magic: 0 v1 -- 0x7fd3541064e0 con 0x7fd354105b90
2024-09-16T00:41:36.277 INFO:teuthology.orchestra.run.smithi053.stdout:/usr/bin/ceph: stderr
2024-09-16T00:41:35.450+0000 7fd3589fc700 1 --2- >> [v2:172.21.15.53:3300/0,v1:172.21.15.53:6789/0] conn(0x7fd354105b90 0x7fd354105fa0 unknown :-1 s=BANNER_CONNECTING pgs=0 cs=0 l=0 rev1=0 crypto rx=0 tx=0 comp rx=0 tx=0)._handle_peer_banner_payload supported=3 required=0
2024-09-16T00:41:36.277 INFO:teuthology.orchestra.run.smithi053.stdout:/usr/bin/ceph: stderr
2024-09-16T00:41:35.450+0000 7fd3589fc700 1 --2- >> [v2:172.21.15.53:3300/0,v1:172.21.15.53:6789/0] conn(0x7fd354105b90 0x7fd354105fa0 unknown :-1 s=HELLO_CONNECTING pgs=0 cs=0 l=0 rev1=1 crypto rx=0 tx=0 comp rx=0 tx=0).handle_hello peer v2:172.21.15.53:3300/0 says I am v2:172.21.15.53:47688/0 (socket says 172.21.15.53:47688)
2024-09-16T00:41:36.277 INFO:teuthology.orchestra.run.smithi053.stdout:/usr/bin/ceph: stderr
2024-09-16T00:41:35.450+0000 7fd3589fc700 1 -- 172.21.15.53:0/2174169606 learned_addr learned my addr 172.21.15.53:0/2174169606 (peer_addr_for_me v2:172.21.15.53:0/0)
2024-09-16T00:41:36.277 INFO:teuthology.orchestra.run.smithi053.stdout:/usr/bin/ceph: stderr
2024-09-16T00:41:35.450+0000 7fd3589fc700 1 -- 172.21.15.53:0/2174169606 --> [v2:172.21.15.53:3300/0,v1:172.21.15.53:6789/0] -- mon_subscribe({config=0+,monmap=0+}) v3 -- 0x7fd354106620 con 0x7fd354105b90
2024-09-16T00:41:36.277 INFO:teuthology.orchestra.run.smithi053.stdout:/usr/bin/ceph: stderr
2024-09-16T00:41:35.450+0000 7fd3589fc700 1 --2- 172.21.15.53:0/2174169606 >> [v2:172.21.15.53:3300/0,v1:172.21.15.53:6789/0] conn(0x7fd354105b90 0x7fd354105fa0 secure :-1 s=READY pgs=82 cs=0 l=1 rev1=1 crypto rx=0x7fd348009e80 tx=0x7fd34800b330 comp rx=0 tx=0).ready entity=mon.0 client_cookie=72a43c6b2e673e1 server_cookie=0 in_seq=0 out_seq=0
2024-09-16T00:41:36.277 INFO:teuthology.orchestra.run.smithi053.stdout:/usr/bin/ceph: stderr
2024-09-16T00:41:35.450+0000 7fd3537fe700 1 -- 172.21.15.53:0/2174169606 <== mon.0 v2:172.21.15.53:3300/0 1 ==== mon_map magic: 0 v1 ==== 229+0+0 (secure 0 0 0) 0x7fd34800e070 con 0x7fd354105b90
2024-09-16T00:41:36.277 INFO:teuthology.orchestra.run.smithi053.stdout:/usr/bin/ceph: stderr
2024-09-16T00:41:35.451+0000 7fd3537fe700 1 -- 172.21.15.53:0/2174169606 <== mon.0 v2:172.21.15.53:3300/0 2 ==== config(27 keys) v1 ==== 1101+0+0 (secure 0 0 0) 0x7fd34800b8c0 con 0x7fd354105b90
2024-09-16T00:41:36.277 INFO:teuthology.orchestra.run.smithi053.stdout:/usr/bin/ceph: stderr
2024-09-16T00:41:35.451+0000 7fd3537fe700 1 -- 172.21.15.53:0/2174169606 <== mon.0 v2:172.21.15.53:3300/0 3 ==== mon_map magic: 0 v1 ==== 229+0+0 (secure 0 0 0) 0x7fd3480044d0 con 0x7fd354105b90
2024-09-16T00:41:36.277 INFO:teuthology.orchestra.run.smithi053.stdout:/usr/bin/ceph: stderr
2024-09-16T00:41:35.451+0000 7fd35ac60700 1 -- 172.21.15.53:0/2174169606 >> [v2:172.21.15.53:3300/0,v1:172.21.15.53:6789/0] conn(0x7fd354105b90 msgr2=0x7fd354105fa0 secure :-1 s=STATE_CONNECTION_ESTABLISHED l=1).mark_down
2024-09-16T00:41:36.277 INFO:teuthology.orchestra.run.smithi053.stdout:/usr/bin/ceph: stderr
2024-09-16T00:41:35.451+0000 7fd35ac60700 1 --2- 172.21.15.53:0/2174169606 >> [v2:172.21.15.53:3300/0,v1:172.21.15.53:6789/0] conn(0x7fd354105b90 0x7fd354105fa0 secure :-1 s=READY pgs=82 cs=0 l=1 rev1=1 crypto rx=0x7fd348009e80 tx=0x7fd34800b330 comp rx=0 tx=0).stop
2024-09-16T00:41:36.277 INFO:teuthology.orchestra.run.smithi053.stdout:/usr/bin/ceph: stderr
2024-09-16T00:41:35.451+0000 7fd35ac60700 1 -- 172.21.15.53:0/2174169606 shutdown_connections
2024-09-16T00:41:36.277 INFO:teuthology.orchestra.run.smithi053.stdout:/usr/bin/ceph: stderr
2024-09-16T00:41:35.451+0000 7fd35ac60700 1 --2- 172.21.15.53:0/2174169606 >> [v2:172.21.15.53:3300/0,v1:172.21.15.53:6789/0] conn(0x7fd354105b90 0x7fd354105fa0 unknown :-1 s=CLOSED pgs=82 cs=0 l=1 rev1=1 crypto rx=0 tx=0 comp rx=0 tx=0).stop
2024-09-16T00:41:36.278 INFO:teuthology.orchestra.run.smithi053.stdout:/usr/bin/ceph: stderr
2024-09-16T00:41:35.451+0000 7fd35ac60700 1 -- 172.21.15.53:0/2174169606 >> 172.21.15.53:0/2174169606 conn(0x7fd354101200 msgr2=0x7fd354103610 unknown :-1 s=STATE_NONE l=0).mark_down
2024-09-16T00:41:36.278 INFO:teuthology.orchestra.run.smithi053.stdout:/usr/bin/ceph: stderr
2024-09-16T00:41:35.451+0000 7fd35ac60700 1 -- 172.21.15.53:0/2174169606 shutdown_connections
2024-09-16T00:41:36.278 INFO:teuthology.orchestra.run.smithi053.stdout:/usr/bin/ceph: stderr
2024-09-16T00:41:35.451+0000 7fd35ac60700 1 -- 172.21.15.53:0/2174169606 wait complete.
2024-09-16T00:41:36.278 INFO:teuthology.orchestra.run.smithi053.stdout:/usr/bin/ceph: stderr
2024-09-16T00:41:35.452+0000 7fd35ac60700 1 Processor -- start
2024-09-16T00:41:36.278 INFO:teuthology.orchestra.run.smithi053.stdout:/usr/bin/ceph: stderr
2024-09-16T00:41:35.452+0000 7fd35ac60700 1 -- start start
2024-09-16T00:41:36.278 INFO:teuthology.orchestra.run.smithi053.stdout:/usr/bin/ceph: stderr
2024-09-16T00:41:35.452+0000 7fd35ac60700 1 --2- >> [v2:172.21.15.53:3300/0,v1:172.21.15.53:6789/0] conn(0x7fd354105b90 0x7fd354199920 unknown :-1 s=NONE pgs=0 cs=0 l=1 rev1=0 crypto rx=0 tx=0 comp rx=0 tx=0).connect
2024-09-16T00:41:36.278 INFO:teuthology.orchestra.run.smithi053.stdout:/usr/bin/ceph: stderr
2024-09-16T00:41:35.452+0000 7fd35ac60700 1 -- --> [v2:172.21.15.53:3300/0,v1:172.21.15.53:6789/0] -- mon_getmap magic: 0 v1 -- 0x7fd354199e60 con 0x7fd354105b90
2024-09-16T00:41:36.278 INFO:teuthology.orchestra.run.smithi053.stdout:/usr/bin/ceph: stderr
2024-09-16T00:41:35.452+0000 7fd3589fc700 1 --2- >> [v2:172.21.15.53:3300/0,v1:172.21.15.53:6789/0] conn(0x7fd354105b90 0x7fd354199920 unknown :-1 s=BANNER_CONNECTING pgs=0 cs=0 l=1 rev1=0 crypto rx=0 tx=0 comp rx=0 tx=0)._handle_peer_banner_payload supported=3 required=0
2024-09-16T00:41:36.278 INFO:teuthology.orchestra.run.smithi053.stdout:/usr/bin/ceph: stderr
2024-09-16T00:41:35.452+0000 7fd3589fc700 1 --2- >> [v2:172.21.15.53:3300/0,v1:172.21.15.53:6789/0] conn(0x7fd354105b90 0x7fd354199920 unknown :-1 s=HELLO_CONNECTING pgs=0 cs=0 l=1 rev1=1 crypto rx=0 tx=0 comp rx=0 tx=0).handle_hello peer v2:172.21.15.53:3300/0 says I am v2:172.21.15.53:47696/0 (socket says 172.21.15.53:47696)
2024-09-16T00:41:36.278 INFO:teuthology.orchestra.run.smithi053.stdout:/usr/bin/ceph: stderr
2024-09-16T00:41:35.452+0000 7fd3589fc700 1 -- 172.21.15.53:0/2297386468 learned_addr learned my addr 172.21.15.53:0/2297386468 (peer_addr_for_me v2:172.21.15.53:0/0)
2024-09-16T00:41:36.278 INFO:teuthology.orchestra.run.smithi053.stdout:/usr/bin/ceph: stderr
2024-09-16T00:41:35.453+0000 7fd3589fc700 1 -- 172.21.15.53:0/2297386468 --> [v2:172.21.15.53:3300/0,v1:172.21.15.53:6789/0] -- mon_subscribe({config=0+,monmap=0+}) v3 -- 0x7fd348009b30 con 0x7fd354105b90
2024-09-16T00:41:36.278 INFO:teuthology.orchestra.run.smithi053.stdout:/usr/bin/ceph: stderr
2024-09-16T00:41:35.453+0000 7fd3589fc700 1 --2- 172.21.15.53:0/2297386468 >> [v2:172.21.15.53:3300/0,v1:172.21.15.53:6789/0] conn(0x7fd354105b90 0x7fd354199920 secure :-1 s=READY pgs=83 cs=0 l=1 rev1=1 crypto rx=0x7fd348000f80 tx=0x7fd3480049f0 comp rx=0 tx=0).ready entity=mon.0 client_cookie=0 server_cookie=0 in_seq=0 out_seq=0
2024-09-16T00:41:36.278 INFO:teuthology.orchestra.run.smithi053.stdout:/usr/bin/ceph: stderr
2024-09-16T00:41:35.453+0000 7fd351ffb700 1 -- 172.21.15.53:0/2297386468 <== mon.0 v2:172.21.15.53:3300/0 1 ==== mon_map magic: 0 v1 ==== 229+0+0 (secure 0 0 0) 0x7fd34800e040 con 0x7fd354105b90
2024-09-16T00:41:36.278 INFO:teuthology.orchestra.run.smithi053.stdout:/usr/bin/ceph: stderr
2024-09-16T00:41:35.453+0000 7fd351ffb700 1 -- 172.21.15.53:0/2297386468 <== mon.0 v2:172.21.15.53:3300/0 2 ==== config(27 keys) v1 ==== 1101+0+0 (secure 0 0 0) 0x7fd34800bd00 con 0x7fd354105b90
2024-09-16T00:41:36.279 INFO:teuthology.orchestra.run.smithi053.stdout:/usr/bin/ceph: stderr
2024-09-16T00:41:35.453+0000 7fd35ac60700 1 -- 172.21.15.53:0/2297386468 --> [v2:172.21.15.53:3300/0,v1:172.21.15.53:6789/0] -- mon_subscribe({mgrmap=0+}) v3 -- 0x7fd35419a060 con 0x7fd354105b90
2024-09-16T00:41:36.279 INFO:teuthology.orchestra.run.smithi053.stdout:/usr/bin/ceph: stderr
2024-09-16T00:41:35.453+0000 7fd351ffb700 1 -- 172.21.15.53:0/2297386468 <== mon.0 v2:172.21.15.53:3300/0 3 ==== mon_map magic: 0 v1 ==== 229+0+0 (secure 0 0 0) 0x7fd348012770 con 0x7fd354105b90
2024-09-16T00:41:36.279 INFO:teuthology.orchestra.run.smithi053.stdout:/usr/bin/ceph: stderr
2024-09-16T00:41:35.453+0000 7fd35ac60700 1 -- 172.21.15.53:0/2297386468 --> [v2:172.21.15.53:3300/0,v1:172.21.15.53:6789/0] -- mon_subscribe({osdmap=0}) v3 -- 0x7fd35419a4e0 con 0x7fd354105b90
2024-09-16T00:41:36.279 INFO:teuthology.orchestra.run.smithi053.stdout:/usr/bin/ceph: stderr
2024-09-16T00:41:35.454+0000 7fd351ffb700 1 -- 172.21.15.53:0/2297386468 <== mon.0 v2:172.21.15.53:3300/0 4 ==== mgrmap(e 12) v1 ==== 45097+0+0 (secure 0 0 0) 0x7fd348019040 con 0x7fd354105b90
2024-09-16T00:41:36.279 INFO:teuthology.orchestra.run.smithi053.stdout:/usr/bin/ceph: stderr
2024-09-16T00:41:35.454+0000 7fd35ac60700 1 -- 172.21.15.53:0/2297386468 --> [v2:172.21.15.53:3300/0,v1:172.21.15.53:6789/0] -- mon_command({"prefix": "get_command_descriptions"} v 0) v1 -- 0x7fd35410a020 con 0x7fd354105b90
2024-09-16T00:41:36.279 INFO:teuthology.orchestra.run.smithi053.stdout:/usr/bin/ceph: stderr
2024-09-16T00:41:35.454+0000 7fd351ffb700 1 --2- 172.21.15.53:0/2297386468 >> [v2:172.21.15.53:6800/2,v1:172.21.15.53:6801/2] conn(0x7fd344038440 0x7fd34403a8f0 unknown :-1 s=NONE pgs=0 cs=0 l=1 rev1=0 crypto rx=0 tx=0 comp rx=0 tx=0).connect
2024-09-16T00:41:36.279 INFO:teuthology.orchestra.run.smithi053.stdout:/usr/bin/ceph: stderr
2024-09-16T00:41:35.454+0000 7fd351ffb700 1 -- 172.21.15.53:0/2297386468 <== mon.0 v2:172.21.15.53:3300/0 5 ==== osd_map(3..3 src has 1..3) v4 ==== 1069+0+0 (secure 0 0 0) 0x7fd34804c0a0 con 0x7fd354105b90
2024-09-16T00:41:36.279 INFO:teuthology.orchestra.run.smithi053.stdout:/usr/bin/ceph: stderr
2024-09-16T00:41:35.454+0000 7fd353fff700 1 --2- 172.21.15.53:0/2297386468 >> [v2:172.21.15.53:6800/2,v1:172.21.15.53:6801/2] conn(0x7fd344038440 0x7fd34403a8f0 unknown :-1 s=BANNER_CONNECTING pgs=0 cs=0 l=1 rev1=0 crypto rx=0 tx=0 comp rx=0 tx=0)._handle_peer_banner_payload supported=3 required=0
2024-09-16T00:41:36.279 INFO:teuthology.orchestra.run.smithi053.stdout:/usr/bin/ceph: stderr
2024-09-16T00:41:35.455+0000 7fd353fff700 1 --2- 172.21.15.53:0/2297386468 >> [v2:172.21.15.53:6800/2,v1:172.21.15.53:6801/2] conn(0x7fd344038440 0x7fd34403a8f0 secure :-1 s=READY pgs=7 cs=0 l=1 rev1=1 crypto rx=0x7fd340006fd0 tx=0x7fd340006e40 comp rx=0 tx=0).ready entity=mgr.14164 client_cookie=0 server_cookie=0 in_seq=0 out_seq=0
2024-09-16T00:41:36.279 INFO:teuthology.orchestra.run.smithi053.stdout:/usr/bin/ceph: stderr
2024-09-16T00:41:35.459+0000 7fd351ffb700 1 -- 172.21.15.53:0/2297386468 <== mon.0 v2:172.21.15.53:3300/0 6 ==== mon_command_ack([{"prefix": "get_command_descriptions"}]=0 v0) v1 ==== 72+0+177933 (secure 0 0 0) 0x7fd348011750 con 0x7fd354105b90
2024-09-16T00:41:36.279 INFO:teuthology.orchestra.run.smithi053.stdout:/usr/bin/ceph: stderr
2024-09-16T00:41:35.678+0000 7fd35ac60700 1 -- 172.21.15.53:0/2297386468 --> [v2:172.21.15.53:6800/2,v1:172.21.15.53:6801/2] -- mgr_command(tid 0: {"prefix": "dashboard create-self-signed-cert", "target": ["mon-mgr", ""]}) v1 -- 0x7fd3541034a0 con 0x7fd344038440
2024-09-16T00:41:36.279 INFO:teuthology.orchestra.run.smithi053.stdout:/usr/bin/ceph: stderr
2024-09-16T00:41:35.719+0000 7fd351ffb700 1 -- 172.21.15.53:0/2297386468 <== mgr.14164 v2:172.21.15.53:6800/2 1 ==== mgr_command_reply(tid 0: 0 ) v1 ==== 8+0+32 (secure 0 0 0) 0x7fd3541034a0 con 0x7fd344038440
2024-09-16T00:41:36.280 INFO:teuthology.orchestra.run.smithi053.stdout:/usr/bin/ceph: stderr
2024-09-16T00:41:35.721+0000 7fd35ac60700 1 -- 172.21.15.53:0/2297386468 >> [v2:172.21.15.53:6800/2,v1:172.21.15.53:6801/2] conn(0x7fd344038440 msgr2=0x7fd34403a8f0 secure :-1 s=STATE_CONNECTION_ESTABLISHED l=1).mark_down
2024-09-16T00:41:36.280 INFO:teuthology.orchestra.run.smithi053.stdout:/usr/bin/ceph: stderr
2024-09-16T00:41:35.721+0000 7fd35ac60700 1 --2- 172.21.15.53:0/2297386468 >> [v2:172.21.15.53:6800/2,v1:172.21.15.53:6801/2] conn(0x7fd344038440 0x7fd34403a8f0 secure :-1 s=READY pgs=7 cs=0 l=1 rev1=1 crypto rx=0x7fd340006fd0 tx=0x7fd340006e40 comp rx=0 tx=0).stop
2024-09-16T00:41:36.280 INFO:teuthology.orchestra.run.smithi053.stdout:/usr/bin/ceph: stderr
2024-09-16T00:41:35.721+0000 7fd35ac60700 1 -- 172.21.15.53:0/2297386468 >> [v2:172.21.15.53:3300/0,v1:172.21.15.53:6789/0] conn(0x7fd354105b90 msgr2=0x7fd354199920 secure :-1 s=STATE_CONNECTION_ESTABLISHED l=1).mark_down
2024-09-16T00:41:36.280 INFO:teuthology.orchestra.run.smithi053.stdout:/usr/bin/ceph: stderr
2024-09-16T00:41:35.721+0000 7fd35ac60700 1 --2- 172.21.15.53:0/2297386468 >> [v2:172.21.15.53:3300/0,v1:172.21.15.53:6789/0] conn(0x7fd354105b90 0x7fd354199920 secure :-1 s=READY pgs=83 cs=0 l=1 rev1=1 crypto rx=0x7fd348000f80 tx=0x7fd3480049f0 comp rx=0 tx=0).stop
2024-09-16T00:41:36.280 INFO:teuthology.orchestra.run.smithi053.stdout:/usr/bin/ceph: stderr
2024-09-16T00:41:35.722+0000 7fd35ac60700 1 -- 172.21.15.53:0/2297386468 shutdown_connections
2024-09-16T00:41:36.280 INFO:teuthology.orchestra.run.smithi053.stdout:/usr/bin/ceph: stderr
2024-09-16T00:41:35.722+0000 7fd35ac60700 1 --2- 172.21.15.53:0/2297386468 >> [v2:172.21.15.53:6800/2,v1:172.21.15.53:6801/2] conn(0x7fd344038440 0x7fd34403a8f0 unknown :-1 s=CLOSED pgs=7 cs=0 l=1 rev1=1 crypto rx=0 tx=0 comp rx=0 tx=0).stop
2024-09-16T00:41:36.280 INFO:teuthology.orchestra.run.smithi053.stdout:/usr/bin/ceph: stderr
2024-09-16T00:41:35.722+0000 7fd35ac60700 1 --2- 172.21.15.53:0/2297386468 >> [v2:172.21.15.53:3300/0,v1:172.21.15.53:6789/0] conn(0x7fd354105b90 0x7fd354199920 unknown :-1 s=CLOSED pgs=83 cs=0 l=1 rev1=1 crypto rx=0 tx=0 comp rx=0 tx=0).stop
2024-09-16T00:41:36.280 INFO:teuthology.orchestra.run.smithi053.stdout:/usr/bin/ceph: stderr
2024-09-16T00:41:35.722+0000 7fd35ac60700 1 -- 172.21.15.53:0/2297386468 >> 172.21.15.53:0/2297386468 conn(0x7fd354101200 msgr2=0x7fd354102880 unknown :-1 s=STATE_NONE l=0).mark_down
2024-09-16T00:41:36.280 INFO:teuthology.orchestra.run.smithi053.stdout:/usr/bin/ceph: stderr
2024-09-16T00:41:35.722+0000 7fd35ac60700 1 -- 172.21.15.53:0/2297386468 shutdown_connections
2024-09-16T00:41:36.280 INFO:teuthology.orchestra.run.smithi053.stdout:/usr/bin/ceph: stderr
2024-09-16T00:41:35.722+0000 7fd35ac60700 1 -- 172.21.15.53:0/2297386468 wait complete.
2024-09-16T00:41:36.280 INFO:teuthology.orchestra.run.smithi053.stdout:Creating initial admin user...
2024-09-16T00:41:37.168 INFO:journalctl@ceph.mon.smithi053.smithi053.stdout:Sep 16 00:41:36 smithi053 ceph-mon[27950]: from='client.14176 -' entity='client.admin' cmd=[{"prefix": "dashboard create-self-signed-cert", "target": ["mon-mgr", ""]}]: dispatch
2024-09-16T00:41:37.168 INFO:journalctl@ceph.mon.smithi053.smithi053.stdout:Sep 16 00:41:36 smithi053 ceph-mon[27950]: from='mgr.14164 172.21.15.53:0/2' entity='mgr.smithi053.cjiiek'
2024-09-16T00:41:38.293 INFO:journalctl@ceph.mon.smithi053.smithi053.stdout:Sep 16 00:41:38 smithi053 ceph-mon[27950]: from='client.14178 -' entity='client.admin' cmd=[{"prefix": "dashboard ac-user-create", "username": "admin", "rolename": "administrator", "force_password": true, "pwd_update_required": true, "target": ["mon-mgr", ""]}]: dispatch
2024-09-16T00:41:38.294 INFO:journalctl@ceph.mon.smithi053.smithi053.stdout:Sep 16 00:41:38 smithi053 ceph-mon[27950]: from='mgr.14164 172.21.15.53:0/2' entity='mgr.smithi053.cjiiek'
2024-09-16T00:41:38.428 INFO:teuthology.orchestra.run.smithi053.stdout:/usr/bin/ceph: stdout {"username": "admin", "password": "$2b$12$5gkwHARn2ldaq1Mf2r9zcebEhWpumt.CLFBy41RAnQETvOg7Pxx5i", "roles": ["administrator"], "name": null, "email": null, "lastUpdate": 1726447297, "enabled": true, "pwdExpirationDate": null, "pwdUpdateRequired": true}
2024-09-16T00:41:38.429 INFO:teuthology.orchestra.run.smithi053.stdout:/usr/bin/ceph: stderr
2024-09-16T00:41:36.689+0000 7fe658bb0700 1 Processor -- start
2024-09-16T00:41:38.429 INFO:teuthology.orchestra.run.smithi053.stdout:/usr/bin/ceph: stderr
2024-09-16T00:41:36.689+0000 7fe658bb0700 1 -- start start
2024-09-16T00:41:38.429 INFO:teuthology.orchestra.run.smithi053.stdout:/usr/bin/ceph: stderr
2024-09-16T00:41:36.689+0000 7fe658bb0700 1 --2- >> [v2:172.21.15.53:3300/0,v1:172.21.15.53:6789/0] conn(0x7fe654104a80 0x7fe654104e90 unknown :-1 s=NONE pgs=0 cs=0 l=0 rev1=0 crypto rx=0 tx=0 comp rx=0 tx=0).connect
2024-09-16T00:41:38.429 INFO:teuthology.orchestra.run.smithi053.stdout:/usr/bin/ceph: stderr
2024-09-16T00:41:36.689+0000 7fe658bb0700 1 -- --> [v2:172.21.15.53:3300/0,v1:172.21.15.53:6789/0] -- mon_getmap magic: 0 v1 -- 0x7fe6541053d0 con 0x7fe654104a80
2024-09-16T00:41:38.429 INFO:teuthology.orchestra.run.smithi053.stdout:/usr/bin/ceph: stderr
2024-09-16T00:41:36.689+0000 7fe65259c700 1 --2- >> [v2:172.21.15.53:3300/0,v1:172.21.15.53:6789/0] conn(0x7fe654104a80 0x7fe654104e90 unknown :-1 s=BANNER_CONNECTING pgs=0 cs=0 l=0 rev1=0 crypto rx=0 tx=0 comp rx=0 tx=0)._handle_peer_banner_payload supported=3 required=0
2024-09-16T00:41:38.429 INFO:teuthology.orchestra.run.smithi053.stdout:/usr/bin/ceph: stderr
2024-09-16T00:41:36.689+0000 7fe65259c700 1 --2- >> [v2:172.21.15.53:3300/0,v1:172.21.15.53:6789/0] conn(0x7fe654104a80 0x7fe654104e90 unknown :-1 s=HELLO_CONNECTING pgs=0 cs=0 l=0 rev1=1 crypto rx=0 tx=0 comp rx=0 tx=0).handle_hello peer v2:172.21.15.53:3300/0 says I am v2:172.21.15.53:47700/0 (socket says 172.21.15.53:47700)
2024-09-16T00:41:38.429 INFO:teuthology.orchestra.run.smithi053.stdout:/usr/bin/ceph: stderr
2024-09-16T00:41:36.689+0000 7fe65259c700 1 -- 172.21.15.53:0/2076352383 learned_addr learned my addr 172.21.15.53:0/2076352383 (peer_addr_for_me v2:172.21.15.53:0/0)
2024-09-16T00:41:38.429 INFO:teuthology.orchestra.run.smithi053.stdout:/usr/bin/ceph: stderr
2024-09-16T00:41:36.690+0000 7fe65259c700 1 -- 172.21.15.53:0/2076352383 --> [v2:172.21.15.53:3300/0,v1:172.21.15.53:6789/0] -- mon_subscribe({config=0+,monmap=0+}) v3 -- 0x7fe654105510 con 0x7fe654104a80
2024-09-16T00:41:38.429 INFO:teuthology.orchestra.run.smithi053.stdout:/usr/bin/ceph: stderr
2024-09-16T00:41:36.690+0000 7fe65259c700 1 --2- 172.21.15.53:0/2076352383 >> [v2:172.21.15.53:3300/0,v1:172.21.15.53:6789/0] conn(0x7fe654104a80 0x7fe654104e90 secure :-1 s=READY pgs=84 cs=0 l=1 rev1=1 crypto rx=0x7fe6440098a0 tx=0x7fe644009bb0 comp rx=0 tx=0).ready entity=mon.0 client_cookie=744da93edc0fe8c1 server_cookie=0 in_seq=0 out_seq=0
2024-09-16T00:41:38.429 INFO:teuthology.orchestra.run.smithi053.stdout:/usr/bin/ceph: stderr
2024-09-16T00:41:36.690+0000 7fe65159a700 1 -- 172.21.15.53:0/2076352383 <== mon.0 v2:172.21.15.53:3300/0 1 ==== mon_map magic: 0 v1 ==== 229+0+0 (secure 0 0 0) 0x7fe644004180 con 0x7fe654104a80
2024-09-16T00:41:38.429 INFO:teuthology.orchestra.run.smithi053.stdout:/usr/bin/ceph: stderr
2024-09-16T00:41:36.690+0000 7fe65159a700 1 -- 172.21.15.53:0/2076352383 <== mon.0 v2:172.21.15.53:3300/0 2 ==== config(27 keys) v1 ==== 1101+0+0 (secure 0 0 0) 0x7fe6440042e0 con 0x7fe654104a80
2024-09-16T00:41:38.429 INFO:teuthology.orchestra.run.smithi053.stdout:/usr/bin/ceph: stderr
2024-09-16T00:41:36.690+0000 7fe65159a700 1 -- 172.21.15.53:0/2076352383 <== mon.0 v2:172.21.15.53:3300/0 3 ==== mon_map magic: 0 v1 ==== 229+0+0 (secure 0 0 0) 0x7fe644011af0 con 0x7fe654104a80
2024-09-16T00:41:38.430 INFO:teuthology.orchestra.run.smithi053.stdout:/usr/bin/ceph: stderr
2024-09-16T00:41:36.691+0000 7fe658bb0700 1 -- 172.21.15.53:0/2076352383 >> [v2:172.21.15.53:3300/0,v1:172.21.15.53:6789/0] conn(0x7fe654104a80 msgr2=0x7fe654104e90 secure :-1 s=STATE_CONNECTION_ESTABLISHED l=1).mark_down
2024-09-16T00:41:38.430 INFO:teuthology.orchestra.run.smithi053.stdout:/usr/bin/ceph: stderr
2024-09-16T00:41:36.691+0000 7fe658bb0700 1 --2- 172.21.15.53:0/2076352383 >> [v2:172.21.15.53:3300/0,v1:172.21.15.53:6789/0] conn(0x7fe654104a80 0x7fe654104e90 secure :-1 s=READY pgs=84 cs=0 l=1 rev1=1 crypto rx=0x7fe6440098a0 tx=0x7fe644009bb0 comp rx=0 tx=0).stop
2024-09-16T00:41:38.430 INFO:teuthology.orchestra.run.smithi053.stdout:/usr/bin/ceph: stderr
2024-09-16T00:41:36.691+0000 7fe658bb0700 1 -- 172.21.15.53:0/2076352383 shutdown_connections
2024-09-16T00:41:38.430 INFO:teuthology.orchestra.run.smithi053.stdout:/usr/bin/ceph: stderr
2024-09-16T00:41:36.691+0000 7fe658bb0700 1 --2- 172.21.15.53:0/2076352383 >> [v2:172.21.15.53:3300/0,v1:172.21.15.53:6789/0] conn(0x7fe654104a80 0x7fe654104e90 unknown :-1 s=CLOSED pgs=84 cs=0 l=1 rev1=1 crypto rx=0 tx=0 comp rx=0 tx=0).stop
2024-09-16T00:41:38.430 INFO:teuthology.orchestra.run.smithi053.stdout:/usr/bin/ceph: stderr
2024-09-16T00:41:36.691+0000 7fe658bb0700 1 -- 172.21.15.53:0/2076352383 >> 172.21.15.53:0/2076352383 conn(0x7fe6541000f0 msgr2=0x7fe654102500 unknown :-1 s=STATE_NONE l=0).mark_down
2024-09-16T00:41:38.430 INFO:teuthology.orchestra.run.smithi053.stdout:/usr/bin/ceph: stderr
2024-09-16T00:41:36.691+0000 7fe658bb0700 1 -- 172.21.15.53:0/2076352383 shutdown_connections
2024-09-16T00:41:38.430 INFO:teuthology.orchestra.run.smithi053.stdout:/usr/bin/ceph: stderr
2024-09-16T00:41:36.691+0000 7fe658bb0700 1 -- 172.21.15.53:0/2076352383 wait complete.
2024-09-16T00:41:38.430 INFO:teuthology.orchestra.run.smithi053.stdout:/usr/bin/ceph: stderr
2024-09-16T00:41:36.691+0000 7fe658bb0700 1 Processor -- start
2024-09-16T00:41:38.430 INFO:teuthology.orchestra.run.smithi053.stdout:/usr/bin/ceph: stderr
2024-09-16T00:41:36.692+0000 7fe658bb0700 1 -- start start
2024-09-16T00:41:38.430 INFO:teuthology.orchestra.run.smithi053.stdout:/usr/bin/ceph: stderr
2024-09-16T00:41:36.692+0000 7fe658bb0700 1 --2- >> [v2:172.21.15.53:3300/0,v1:172.21.15.53:6789/0] conn(0x7fe654104a80 0x7fe65418fc60 unknown :-1 s=NONE pgs=0 cs=0 l=1 rev1=0 crypto rx=0 tx=0 comp rx=0 tx=0).connect
2024-09-16T00:41:38.430 INFO:teuthology.orchestra.run.smithi053.stdout:/usr/bin/ceph: stderr
2024-09-16T00:41:36.692+0000 7fe658bb0700 1 -- --> [v2:172.21.15.53:3300/0,v1:172.21.15.53:6789/0] -- mon_getmap magic: 0 v1 -- 0x7fe6541901a0 con 0x7fe654104a80
2024-09-16T00:41:38.430 INFO:teuthology.orchestra.run.smithi053.stdout:/usr/bin/ceph: stderr
2024-09-16T00:41:36.692+0000 7fe65259c700 1 --2- >> [v2:172.21.15.53:3300/0,v1:172.21.15.53:6789/0] conn(0x7fe654104a80 0x7fe65418fc60 unknown :-1 s=BANNER_CONNECTING pgs=0 cs=0 l=1 rev1=0 crypto rx=0 tx=0 comp rx=0 tx=0)._handle_peer_banner_payload supported=3 required=0
2024-09-16T00:41:38.430 INFO:teuthology.orchestra.run.smithi053.stdout:/usr/bin/ceph: stderr
2024-09-16T00:41:36.692+0000 7fe65259c700 1 --2- >> [v2:172.21.15.53:3300/0,v1:172.21.15.53:6789/0] conn(0x7fe654104a80 0x7fe65418fc60 unknown :-1 s=HELLO_CONNECTING pgs=0 cs=0 l=1 rev1=1 crypto rx=0 tx=0 comp rx=0 tx=0).handle_hello peer v2:172.21.15.53:3300/0 says I am v2:172.21.15.53:47704/0 (socket says 172.21.15.53:47704)
2024-09-16T00:41:38.431 INFO:teuthology.orchestra.run.smithi053.stdout:/usr/bin/ceph: stderr
2024-09-16T00:41:36.692+0000 7fe65259c700 1 -- 172.21.15.53:0/2271828920 learned_addr learned my addr 172.21.15.53:0/2271828920 (peer_addr_for_me v2:172.21.15.53:0/0)
2024-09-16T00:41:38.431 INFO:teuthology.orchestra.run.smithi053.stdout:/usr/bin/ceph: stderr
2024-09-16T00:41:36.692+0000 7fe65259c700 1 -- 172.21.15.53:0/2271828920 --> [v2:172.21.15.53:3300/0,v1:172.21.15.53:6789/0] -- mon_subscribe({config=0+,monmap=0+}) v3 -- 0x7fe644009550 con 0x7fe654104a80
2024-09-16T00:41:38.431 INFO:teuthology.orchestra.run.smithi053.stdout:/usr/bin/ceph: stderr
2024-09-16T00:41:36.692+0000 7fe65259c700 1 --2- 172.21.15.53:0/2271828920 >> [v2:172.21.15.53:3300/0,v1:172.21.15.53:6789/0] conn(0x7fe654104a80 0x7fe65418fc60 secure :-1 s=READY pgs=85 cs=0 l=1 rev1=1 crypto rx=0x7fe644006ba0 tx=0x7fe644011b50 comp rx=0 tx=0).ready entity=mon.0 client_cookie=0 server_cookie=0 in_seq=0 out_seq=0
2024-09-16T00:41:38.431 INFO:teuthology.orchestra.run.smithi053.stdout:/usr/bin/ceph: stderr
2024-09-16T00:41:36.692+0000 7fe6437fe700 1 -- 172.21.15.53:0/2271828920 <== mon.0 v2:172.21.15.53:3300/0 1 ==== mon_map magic: 0 v1 ==== 229+0+0 (secure 0 0 0) 0x7fe644003b00 con 0x7fe654104a80
2024-09-16T00:41:38.431 INFO:teuthology.orchestra.run.smithi053.stdout:/usr/bin/ceph: stderr
2024-09-16T00:41:36.692+0000 7fe6437fe700 1 -- 172.21.15.53:0/2271828920 <== mon.0 v2:172.21.15.53:3300/0 2 ==== config(27 keys) v1 ==== 1101+0+0 (secure 0 0 0) 0x7fe64401a8e0 con 0x7fe654104a80
2024-09-16T00:41:38.431 INFO:teuthology.orchestra.run.smithi053.stdout:/usr/bin/ceph: stderr
2024-09-16T00:41:36.692+0000 7fe658bb0700 1 -- 172.21.15.53:0/2271828920 --> [v2:172.21.15.53:3300/0,v1:172.21.15.53:6789/0] -- mon_subscribe({mgrmap=0+}) v3 -- 0x7fe65418e2b0 con 0x7fe654104a80
2024-09-16T00:41:38.431 INFO:teuthology.orchestra.run.smithi053.stdout:/usr/bin/ceph: stderr
2024-09-16T00:41:36.692+0000 7fe6437fe700 1 -- 172.21.15.53:0/2271828920 <== mon.0 v2:172.21.15.53:3300/0 3 ==== mon_map magic: 0 v1 ==== 229+0+0 (secure 0 0 0) 0x7fe6440199c0 con 0x7fe654104a80
2024-09-16T00:41:38.431 INFO:teuthology.orchestra.run.smithi053.stdout:/usr/bin/ceph: stderr
2024-09-16T00:41:36.693+0000 7fe658bb0700 1 -- 172.21.15.53:0/2271828920 --> [v2:172.21.15.53:3300/0,v1:172.21.15.53:6789/0] -- mon_subscribe({osdmap=0}) v3 -- 0x7fe65418e6d0 con 0x7fe654104a80
2024-09-16T00:41:38.431 INFO:teuthology.orchestra.run.smithi053.stdout:/usr/bin/ceph: stderr
2024-09-16T00:41:36.693+0000 7fe6437fe700 1 -- 172.21.15.53:0/2271828920 <== mon.0 v2:172.21.15.53:3300/0 4 ==== mgrmap(e 12) v1 ==== 45097+0+0 (secure 0 0 0) 0x7fe644019c80 con 0x7fe654104a80
2024-09-16T00:41:38.431 INFO:teuthology.orchestra.run.smithi053.stdout:/usr/bin/ceph: stderr
2024-09-16T00:41:36.693+0000 7fe658bb0700 1 -- 172.21.15.53:0/2271828920 --> [v2:172.21.15.53:3300/0,v1:172.21.15.53:6789/0] -- mon_command({"prefix": "get_command_descriptions"} v 0) v1 -- 0x7fe654062380 con 0x7fe654104a80
2024-09-16T00:41:38.431 INFO:teuthology.orchestra.run.smithi053.stdout:/usr/bin/ceph: stderr
2024-09-16T00:41:36.693+0000 7fe6437fe700 1 --2- 172.21.15.53:0/2271828920 >> [v2:172.21.15.53:6800/2,v1:172.21.15.53:6801/2] conn(0x7fe63c0383f0 0x7fe63c03a8a0 unknown :-1 s=NONE pgs=0 cs=0 l=1 rev1=0 crypto rx=0 tx=0 comp rx=0 tx=0).connect
2024-09-16T00:41:38.431 INFO:teuthology.orchestra.run.smithi053.stdout:/usr/bin/ceph: stderr
2024-09-16T00:41:36.694+0000 7fe6437fe700 1 -- 172.21.15.53:0/2271828920 <== mon.0 v2:172.21.15.53:3300/0 5 ==== osd_map(3..3 src has 1..3) v4 ==== 1069+0+0 (secure 0 0 0) 0x7fe64404c8d0 con 0x7fe654104a80
2024-09-16T00:41:38.431 INFO:teuthology.orchestra.run.smithi053.stdout:/usr/bin/ceph: stderr
2024-09-16T00:41:36.694+0000 7fe651d9b700 1 --2- 172.21.15.53:0/2271828920 >> [v2:172.21.15.53:6800/2,v1:172.21.15.53:6801/2] conn(0x7fe63c0383f0 0x7fe63c03a8a0 unknown :-1 s=BANNER_CONNECTING pgs=0 cs=0 l=1 rev1=0 crypto rx=0 tx=0 comp rx=0 tx=0)._handle_peer_banner_payload supported=3 required=0
2024-09-16T00:41:38.431 INFO:teuthology.orchestra.run.smithi053.stdout:/usr/bin/ceph: stderr
2024-09-16T00:41:36.694+0000 7fe651d9b700 1 --2- 172.21.15.53:0/2271828920 >> [v2:172.21.15.53:6800/2,v1:172.21.15.53:6801/2] conn(0x7fe63c0383f0 0x7fe63c03a8a0 secure :-1 s=READY pgs=8 cs=0 l=1 rev1=1 crypto rx=0x7fe648006fd0 tx=0x7fe648006e40 comp rx=0 tx=0).ready entity=mgr.14164 client_cookie=0 server_cookie=0 in_seq=0 out_seq=0
2024-09-16T00:41:38.432 INFO:teuthology.orchestra.run.smithi053.stdout:/usr/bin/ceph: stderr
2024-09-16T00:41:36.698+0000 7fe6437fe700 1 -- 172.21.15.53:0/2271828920 <== mon.0 v2:172.21.15.53:3300/0 6 ==== mon_command_ack([{"prefix": "get_command_descriptions"}]=0 v0) v1 ==== 72+0+177933 (secure 0 0 0) 0x7fe64402b340 con 0x7fe654104a80
2024-09-16T00:41:38.432 INFO:teuthology.orchestra.run.smithi053.stdout:/usr/bin/ceph: stderr
2024-09-16T00:41:36.917+0000 7fe658bb0700 1 -- 172.21.15.53:0/2271828920 --> [v2:172.21.15.53:6800/2,v1:172.21.15.53:6801/2] -- mgr_command(tid 0: {"prefix": "dashboard ac-user-create", "username": "admin", "rolename": "administrator", "force_password": true, "pwd_update_required": true, "target": ["mon-mgr", ""]}) v1 -- 0x7fe6540621a0 con 0x7fe63c0383f0
2024-09-16T00:41:38.432 INFO:teuthology.orchestra.run.smithi053.stdout:/usr/bin/ceph: stderr
2024-09-16T00:41:37.165+0000 7fe6437fe700 1 -- 172.21.15.53:0/2271828920 <== mgr.14164 v2:172.21.15.53:6800/2 1 ==== mgr_command_reply(tid 0: 0 ) v1 ==== 8+0+252 (secure 0 0 0) 0x7fe6540621a0 con 0x7fe63c0383f0
2024-09-16T00:41:38.432 INFO:teuthology.orchestra.run.smithi053.stdout:/usr/bin/ceph: stderr
2024-09-16T00:41:37.167+0000 7fe658bb0700 1 -- 172.21.15.53:0/2271828920 >> [v2:172.21.15.53:6800/2,v1:172.21.15.53:6801/2] conn(0x7fe63c0383f0 msgr2=0x7fe63c03a8a0 secure :-1 s=STATE_CONNECTION_ESTABLISHED l=1).mark_down
2024-09-16T00:41:38.432 INFO:teuthology.orchestra.run.smithi053.stdout:/usr/bin/ceph: stderr
2024-09-16T00:41:37.167+0000 7fe658bb0700 1 --2- 172.21.15.53:0/2271828920 >> [v2:172.21.15.53:6800/2,v1:172.21.15.53:6801/2] conn(0x7fe63c0383f0 0x7fe63c03a8a0 secure :-1 s=READY pgs=8 cs=0 l=1 rev1=1 crypto rx=0x7fe648006fd0 tx=0x7fe648006e40 comp rx=0 tx=0).stop
2024-09-16T00:41:38.432 INFO:teuthology.orchestra.run.smithi053.stdout:/usr/bin/ceph: stderr
2024-09-16T00:41:37.167+0000 7fe658bb0700 1 -- 172.21.15.53:0/2271828920 >> [v2:172.21.15.53:3300/0,v1:172.21.15.53:6789/0] conn(0x7fe654104a80 msgr2=0x7fe65418fc60 secure :-1 s=STATE_CONNECTION_ESTABLISHED l=1).mark_down
2024-09-16T00:41:38.432 INFO:teuthology.orchestra.run.smithi053.stdout:/usr/bin/ceph: stderr
2024-09-16T00:41:37.167+0000 7fe658bb0700 1 --2- 172.21.15.53:0/2271828920 >> [v2:172.21.15.53:3300/0,v1:172.21.15.53:6789/0] conn(0x7fe654104a80 0x7fe65418fc60 secure :-1 s=READY pgs=85 cs=0 l=1 rev1=1 crypto rx=0x7fe644006ba0 tx=0x7fe644011b50 comp rx=0 tx=0).stop
2024-09-16T00:41:38.432 INFO:teuthology.orchestra.run.smithi053.stdout:/usr/bin/ceph: stderr
2024-09-16T00:41:37.167+0000 7fe658bb0700 1 -- 172.21.15.53:0/2271828920 shutdown_connections
2024-09-16T00:41:38.432 INFO:teuthology.orchestra.run.smithi053.stdout:/usr/bin/ceph: stderr
2024-09-16T00:41:37.167+0000 7fe658bb0700 1 --2- 172.21.15.53:0/2271828920 >> [v2:172.21.15.53:6800/2,v1:172.21.15.53:6801/2] conn(0x7fe63c0383f0 0x7fe63c03a8a0 unknown :-1 s=CLOSED pgs=8 cs=0 l=1 rev1=1 crypto rx=0 tx=0 comp rx=0 tx=0).stop
2024-09-16T00:41:38.432 INFO:teuthology.orchestra.run.smithi053.stdout:/usr/bin/ceph: stderr
2024-09-16T00:41:37.167+0000 7fe658bb0700 1 --2- 172.21.15.53:0/2271828920 >> [v2:172.21.15.53:3300/0,v1:172.21.15.53:6789/0] conn(0x7fe654104a80 0x7fe65418fc60 unknown :-1 s=CLOSED pgs=85 cs=0 l=1 rev1=1 crypto rx=0 tx=0 comp rx=0 tx=0).stop
2024-09-16T00:41:38.432 INFO:teuthology.orchestra.run.smithi053.stdout:/usr/bin/ceph: stderr
2024-09-16T00:41:37.167+0000 7fe658bb0700 1 -- 172.21.15.53:0/2271828920 >> 172.21.15.53:0/2271828920 conn(0x7fe6541000f0 msgr2=0x7fe654079900 unknown :-1 s=STATE_NONE l=0).mark_down
2024-09-16T00:41:38.432 INFO:teuthology.orchestra.run.smithi053.stdout:/usr/bin/ceph: stderr
2024-09-16T00:41:37.167+0000 7fe658bb0700 1 -- 172.21.15.53:0/2271828920 shutdown_connections
2024-09-16T00:41:38.432 INFO:teuthology.orchestra.run.smithi053.stdout:/usr/bin/ceph: stderr
2024-09-16T00:41:37.168+0000 7fe658bb0700 1 -- 172.21.15.53:0/2271828920 wait complete.
2024-09-16T00:41:38.432 INFO:teuthology.orchestra.run.smithi053.stdout:Fetching dashboard port number...
2024-09-16T00:41:39.763 INFO:teuthology.orchestra.run.smithi053.stdout:/usr/bin/ceph: stdout 8443
2024-09-16T00:41:39.764 INFO:teuthology.orchestra.run.smithi053.stdout:/usr/bin/ceph: stderr
2024-09-16T00:41:38.862+0000 7f928f7c6700 1 Processor -- start
2024-09-16T00:41:39.764 INFO:teuthology.orchestra.run.smithi053.stdout:/usr/bin/ceph: stderr
2024-09-16T00:41:38.863+0000 7f928f7c6700 1 -- start start
2024-09-16T00:41:39.764 INFO:teuthology.orchestra.run.smithi053.stdout:/usr/bin/ceph: stderr
2024-09-16T00:41:38.863+0000 7f928f7c6700 1 --2- >> [v2:172.21.15.53:3300/0,v1:172.21.15.53:6789/0] conn(0x7f9288079d20 0x7f9288108720 unknown :-1 s=NONE pgs=0 cs=0 l=0 rev1=0 crypto rx=0 tx=0 comp rx=0 tx=0).connect
2024-09-16T00:41:39.764 INFO:teuthology.orchestra.run.smithi053.stdout:/usr/bin/ceph: stderr
2024-09-16T00:41:38.863+0000 7f928f7c6700 1 -- --> [v2:172.21.15.53:3300/0,v1:172.21.15.53:6789/0] -- mon_getmap magic: 0 v1 -- 0x7f9288108c60 con 0x7f9288079d20
2024-09-16T00:41:39.764 INFO:teuthology.orchestra.run.smithi053.stdout:/usr/bin/ceph: stderr
2024-09-16T00:41:38.863+0000 7f928d562700 1 --2- >> [v2:172.21.15.53:3300/0,v1:172.21.15.53:6789/0] conn(0x7f9288079d20 0x7f9288108720 unknown :-1 s=BANNER_CONNECTING pgs=0 cs=0 l=0 rev1=0 crypto rx=0 tx=0 comp rx=0 tx=0)._handle_peer_banner_payload supported=3 required=0
2024-09-16T00:41:39.764 INFO:teuthology.orchestra.run.smithi053.stdout:/usr/bin/ceph: stderr
2024-09-16T00:41:38.863+0000 7f928d562700 1 --2- >> [v2:172.21.15.53:3300/0,v1:172.21.15.53:6789/0] conn(0x7f9288079d20 0x7f9288108720 unknown :-1 s=HELLO_CONNECTING pgs=0 cs=0 l=0 rev1=1 crypto rx=0 tx=0 comp rx=0 tx=0).handle_hello peer v2:172.21.15.53:3300/0 says I am v2:172.21.15.53:47720/0 (socket says 172.21.15.53:47720)
2024-09-16T00:41:39.764 INFO:teuthology.orchestra.run.smithi053.stdout:/usr/bin/ceph: stderr
2024-09-16T00:41:38.863+0000 7f928d562700 1 -- 172.21.15.53:0/1863686347 learned_addr learned my addr 172.21.15.53:0/1863686347 (peer_addr_for_me v2:172.21.15.53:0/0)
2024-09-16T00:41:39.764 INFO:teuthology.orchestra.run.smithi053.stdout:/usr/bin/ceph: stderr
2024-09-16T00:41:38.863+0000 7f928d562700 1 -- 172.21.15.53:0/1863686347 --> [v2:172.21.15.53:3300/0,v1:172.21.15.53:6789/0] -- mon_subscribe({config=0+,monmap=0+}) v3 -- 0x7f9288108da0 con 0x7f9288079d20
2024-09-16T00:41:39.764 INFO:teuthology.orchestra.run.smithi053.stdout:/usr/bin/ceph: stderr
2024-09-16T00:41:38.864+0000 7f928d562700 1 --2- 172.21.15.53:0/1863686347 >> [v2:172.21.15.53:3300/0,v1:172.21.15.53:6789/0] conn(0x7f9288079d20 0x7f9288108720 secure :-1 s=READY pgs=86 cs=0 l=1 rev1=1 crypto rx=0x7f92840098a0 tx=0x7f9284009bb0 comp rx=0 tx=0).ready entity=mon.0 client_cookie=218a7011895dff43 server_cookie=0 in_seq=0 out_seq=0
2024-09-16T00:41:39.764 INFO:teuthology.orchestra.run.smithi053.stdout:/usr/bin/ceph: stderr
2024-09-16T00:41:38.864+0000 7f927ffff700 1 -- 172.21.15.53:0/1863686347 <== mon.0 v2:172.21.15.53:3300/0 1 ==== mon_map magic: 0 v1 ==== 229+0+0 (secure 0 0 0) 0x7f9284004180 con 0x7f9288079d20
2024-09-16T00:41:39.764 INFO:teuthology.orchestra.run.smithi053.stdout:/usr/bin/ceph: stderr
2024-09-16T00:41:38.864+0000 7f927ffff700 1 -- 172.21.15.53:0/1863686347 <== mon.0 v2:172.21.15.53:3300/0 2 ==== config(27 keys) v1 ==== 1101+0+0 (secure 0 0 0) 0x7f92840042e0 con 0x7f9288079d20
2024-09-16T00:41:39.764 INFO:teuthology.orchestra.run.smithi053.stdout:/usr/bin/ceph: stderr
2024-09-16T00:41:38.864+0000 7f927ffff700 1 -- 172.21.15.53:0/1863686347 <== mon.0 v2:172.21.15.53:3300/0 3 ==== mon_map magic: 0 v1 ==== 229+0+0 (secure 0 0 0) 0x7f9284011af0 con 0x7f9288079d20
2024-09-16T00:41:39.765 INFO:teuthology.orchestra.run.smithi053.stdout:/usr/bin/ceph: stderr
2024-09-16T00:41:38.864+0000 7f928f7c6700 1 -- 172.21.15.53:0/1863686347 >> [v2:172.21.15.53:3300/0,v1:172.21.15.53:6789/0] conn(0x7f9288079d20 msgr2=0x7f9288108720 secure :-1 s=STATE_CONNECTION_ESTABLISHED l=1).mark_down
2024-09-16T00:41:39.765 INFO:teuthology.orchestra.run.smithi053.stdout:/usr/bin/ceph: stderr
2024-09-16T00:41:38.864+0000 7f928f7c6700 1 --2- 172.21.15.53:0/1863686347 >> [v2:172.21.15.53:3300/0,v1:172.21.15.53:6789/0] conn(0x7f9288079d20 0x7f9288108720 secure :-1 s=READY pgs=86 cs=0 l=1 rev1=1 crypto rx=0x7f92840098a0 tx=0x7f9284009bb0 comp rx=0 tx=0).stop
2024-09-16T00:41:39.765 INFO:teuthology.orchestra.run.smithi053.stdout:/usr/bin/ceph: stderr
2024-09-16T00:41:38.864+0000 7f928f7c6700 1 -- 172.21.15.53:0/1863686347 shutdown_connections
2024-09-16T00:41:39.765 INFO:teuthology.orchestra.run.smithi053.stdout:/usr/bin/ceph: stderr
2024-09-16T00:41:38.864+0000 7f928f7c6700 1 --2- 172.21.15.53:0/1863686347 >> [v2:172.21.15.53:3300/0,v1:172.21.15.53:6789/0] conn(0x7f9288079d20 0x7f9288108720 unknown :-1 s=CLOSED pgs=86 cs=0 l=1 rev1=1 crypto rx=0 tx=0 comp rx=0 tx=0).stop
2024-09-16T00:41:39.765 INFO:teuthology.orchestra.run.smithi053.stdout:/usr/bin/ceph: stderr
2024-09-16T00:41:38.864+0000 7f928f7c6700 1 -- 172.21.15.53:0/1863686347 >> 172.21.15.53:0/1863686347 conn(0x7f92881000f0 msgr2=0x7f9288102500 unknown :-1 s=STATE_NONE l=0).mark_down
2024-09-16T00:41:39.765 INFO:teuthology.orchestra.run.smithi053.stdout:/usr/bin/ceph: stderr
2024-09-16T00:41:38.865+0000 7f928f7c6700 1 -- 172.21.15.53:0/1863686347 shutdown_connections
2024-09-16T00:41:39.765 INFO:teuthology.orchestra.run.smithi053.stdout:/usr/bin/ceph: stderr
2024-09-16T00:41:38.865+0000 7f928f7c6700 1 -- 172.21.15.53:0/1863686347 wait complete.
2024-09-16T00:41:39.765 INFO:teuthology.orchestra.run.smithi053.stdout:/usr/bin/ceph: stderr
2024-09-16T00:41:38.865+0000 7f928f7c6700 1 Processor -- start
2024-09-16T00:41:39.765 INFO:teuthology.orchestra.run.smithi053.stdout:/usr/bin/ceph: stderr
2024-09-16T00:41:38.865+0000 7f928f7c6700 1 -- start start
2024-09-16T00:41:39.765 INFO:teuthology.orchestra.run.smithi053.stdout:/usr/bin/ceph: stderr
2024-09-16T00:41:38.866+0000 7f928f7c6700 1 --2- >> [v2:172.21.15.53:3300/0,v1:172.21.15.53:6789/0] conn(0x7f9288106030 0x7f92881046c0 unknown :-1 s=NONE pgs=0 cs=0 l=1 rev1=0 crypto rx=0 tx=0 comp rx=0 tx=0).connect
2024-09-16T00:41:39.765 INFO:teuthology.orchestra.run.smithi053.stdout:/usr/bin/ceph: stderr
2024-09-16T00:41:38.866+0000 7f928f7c6700 1 -- --> [v2:172.21.15.53:3300/0,v1:172.21.15.53:6789/0] -- mon_getmap magic: 0 v1 -- 0x7f9288106440 con 0x7f9288106030
2024-09-16T00:41:39.765 INFO:teuthology.orchestra.run.smithi053.stdout:/usr/bin/ceph: stderr
2024-09-16T00:41:38.866+0000 7f928d562700 1 --2- >> [v2:172.21.15.53:3300/0,v1:172.21.15.53:6789/0] conn(0x7f9288106030 0x7f92881046c0 unknown :-1 s=BANNER_CONNECTING pgs=0 cs=0 l=1 rev1=0 crypto rx=0 tx=0 comp rx=0 tx=0)._handle_peer_banner_payload supported=3 required=0
2024-09-16T00:41:39.765 INFO:teuthology.orchestra.run.smithi053.stdout:/usr/bin/ceph: stderr
2024-09-16T00:41:38.866+0000 7f928d562700 1 --2- >> [v2:172.21.15.53:3300/0,v1:172.21.15.53:6789/0] conn(0x7f9288106030 0x7f92881046c0 unknown :-1 s=HELLO_CONNECTING pgs=0 cs=0 l=1 rev1=1 crypto rx=0 tx=0 comp rx=0 tx=0).handle_hello peer v2:172.21.15.53:3300/0 says I am v2:172.21.15.53:47724/0 (socket says 172.21.15.53:47724)
2024-09-16T00:41:39.766 INFO:teuthology.orchestra.run.smithi053.stdout:/usr/bin/ceph: stderr
2024-09-16T00:41:38.866+0000 7f928d562700 1 -- 172.21.15.53:0/3546794226 learned_addr learned my addr 172.21.15.53:0/3546794226 (peer_addr_for_me v2:172.21.15.53:0/0)
2024-09-16T00:41:39.766 INFO:teuthology.orchestra.run.smithi053.stdout:/usr/bin/ceph: stderr
2024-09-16T00:41:38.866+0000 7f928d562700 1 -- 172.21.15.53:0/3546794226 --> [v2:172.21.15.53:3300/0,v1:172.21.15.53:6789/0] -- mon_subscribe({config=0+,monmap=0+}) v3 -- 0x7f9284009550 con 0x7f9288106030
2024-09-16T00:41:39.766 INFO:teuthology.orchestra.run.smithi053.stdout:/usr/bin/ceph: stderr
2024-09-16T00:41:38.866+0000 7f928d562700 1 --2- 172.21.15.53:0/3546794226 >> [v2:172.21.15.53:3300/0,v1:172.21.15.53:6789/0] conn(0x7f9288106030 0x7f92881046c0 secure :-1 s=READY pgs=87 cs=0 l=1 rev1=1 crypto rx=0x7f9284006ba0 tx=0x7f9284011b50 comp rx=0 tx=0).ready entity=mon.0 client_cookie=0 server_cookie=0 in_seq=0 out_seq=0
2024-09-16T00:41:39.766 INFO:teuthology.orchestra.run.smithi053.stdout:/usr/bin/ceph: stderr
2024-09-16T00:41:38.866+0000 7f927e7fc700 1 -- 172.21.15.53:0/3546794226 <== mon.0 v2:172.21.15.53:3300/0 1 ==== mon_map magic: 0 v1 ==== 229+0+0 (secure 0 0 0) 0x7f9284003b00 con 0x7f9288106030
2024-09-16T00:41:39.766 INFO:teuthology.orchestra.run.smithi053.stdout:/usr/bin/ceph: stderr
2024-09-16T00:41:38.866+0000 7f927e7fc700 1 -- 172.21.15.53:0/3546794226 <== mon.0 v2:172.21.15.53:3300/0 2 ==== config(27 keys) v1 ==== 1101+0+0 (secure 0 0 0) 0x7f928401a8e0 con 0x7f9288106030
2024-09-16T00:41:39.766 INFO:teuthology.orchestra.run.smithi053.stdout:/usr/bin/ceph: stderr
2024-09-16T00:41:38.866+0000 7f928f7c6700 1 -- 172.21.15.53:0/3546794226 --> [v2:172.21.15.53:3300/0,v1:172.21.15.53:6789/0] -- mon_subscribe({mgrmap=0+}) v3 -- 0x7f9288104c00 con 0x7f9288106030
2024-09-16T00:41:39.766 INFO:teuthology.orchestra.run.smithi053.stdout:/usr/bin/ceph: stderr
2024-09-16T00:41:38.866+0000 7f927e7fc700 1 -- 172.21.15.53:0/3546794226 <== mon.0 v2:172.21.15.53:3300/0 3 ==== mon_map magic: 0 v1 ==== 229+0+0 (secure 0 0 0) 0x7f9284019990 con 0x7f9288106030
2024-09-16T00:41:39.766 INFO:teuthology.orchestra.run.smithi053.stdout:/usr/bin/ceph: stderr
2024-09-16T00:41:38.866+0000 7f928f7c6700 1 -- 172.21.15.53:0/3546794226 --> [v2:172.21.15.53:3300/0,v1:172.21.15.53:6789/0] -- mon_subscribe({osdmap=0}) v3 -- 0x7f9288105020 con 0x7f9288106030
2024-09-16T00:41:39.766 INFO:teuthology.orchestra.run.smithi053.stdout:/usr/bin/ceph: stderr
