2024-09-16T00:53:15.817 INFO:teuthology.orchestra.run.smithi017.stdout:/usr/bin/ceph: stderr
2024-09-16T00:53:15.048+0000 7f9d32d30640 1 Processor -- start
2024-09-16T00:53:15.817 INFO:teuthology.orchestra.run.smithi017.stdout:/usr/bin/ceph: stderr
2024-09-16T00:53:15.048+0000 7f9d32d30640 1 -- start start
2024-09-16T00:53:15.817 INFO:teuthology.orchestra.run.smithi017.stdout:/usr/bin/ceph: stderr
2024-09-16T00:53:15.048+0000 7f9d32d30640 1 --2- >> [v2:172.21.15.17:3300/0,v1:172.21.15.17:6789/0] conn(0x7f9d2c07dd80 0x7f9d2c07c2f0 unknown :-1 s=NONE pgs=0 cs=0 l=0 rev1=0 crypto rx=0 tx=0 comp rx=0 tx=0).connect
2024-09-16T00:53:15.817 INFO:teuthology.orchestra.run.smithi017.stdout:/usr/bin/ceph: stderr
2024-09-16T00:53:15.048+0000 7f9d32d30640 1 -- --> [v2:172.21.15.17:3300/0,v1:172.21.15.17:6789/0] -- mon_getmap magic: 0 -- 0x7f9d2c07c830 con 0x7f9d2c07dd80
2024-09-16T00:53:15.817 INFO:teuthology.orchestra.run.smithi017.stdout:/usr/bin/ceph: stderr
2024-09-16T00:53:15.048+0000 7f9d30acc640 1 --2- >> [v2:172.21.15.17:3300/0,v1:172.21.15.17:6789/0] conn(0x7f9d2c07dd80 0x7f9d2c07c2f0 unknown :-1 s=BANNER_CONNECTING pgs=0 cs=0 l=0 rev1=0 crypto rx=0 tx=0 comp rx=0 tx=0)._handle_peer_banner_payload supported=3 required=0
2024-09-16T00:53:15.817 INFO:teuthology.orchestra.run.smithi017.stdout:/usr/bin/ceph: stderr
2024-09-16T00:53:15.048+0000 7f9d30acc640 1 --2- >> [v2:172.21.15.17:3300/0,v1:172.21.15.17:6789/0] conn(0x7f9d2c07dd80 0x7f9d2c07c2f0 unknown :-1 s=HELLO_CONNECTING pgs=0 cs=0 l=0 rev1=1 crypto rx=0 tx=0 comp rx=0 tx=0).handle_hello peer v2:172.21.15.17:3300/0 says I am v2:172.21.15.17:48820/0 (socket says 172.21.15.17:48820)
2024-09-16T00:53:15.817 INFO:teuthology.orchestra.run.smithi017.stdout:/usr/bin/ceph: stderr
2024-09-16T00:53:15.048+0000 7f9d30acc640 1 -- 172.21.15.17:0/2816103535 learned_addr learned my addr 172.21.15.17:0/2816103535 (peer_addr_for_me v2:172.21.15.17:0/0)
2024-09-16T00:53:15.817 INFO:teuthology.orchestra.run.smithi017.stdout:/usr/bin/ceph: stderr
2024-09-16T00:53:15.049+0000 7f9d30acc640 1 -- 172.21.15.17:0/2816103535 --> [v2:172.21.15.17:3300/0,v1:172.21.15.17:6789/0] -- mon_subscribe({config=0+,monmap=0+}) -- 0x7f9d2c07c9b0 con 0x7f9d2c07dd80
2024-09-16T00:53:15.817 INFO:teuthology.orchestra.run.smithi017.stdout:/usr/bin/ceph: stderr
2024-09-16T00:53:15.049+0000 7f9d30acc640 1 --2- 172.21.15.17:0/2816103535 >> [v2:172.21.15.17:3300/0,v1:172.21.15.17:6789/0] conn(0x7f9d2c07dd80 0x7f9d2c07c2f0 secure :-1 s=READY pgs=41 cs=0 l=1 rev1=1 crypto rx=0x7f9d20009820 tx=0x7f9d2002a270 comp rx=0 tx=0).ready entity=mon.0 client_cookie=a99169b16d211cef server_cookie=0 in_seq=0 out_seq=0
2024-09-16T00:53:15.817 INFO:teuthology.orchestra.run.smithi017.stdout:/usr/bin/ceph: stderr
2024-09-16T00:53:15.050+0000 7f9d2b7fe640 1 -- 172.21.15.17:0/2816103535 <== mon.0 v2:172.21.15.17:3300/0 1 ==== mon_map magic: 0 ==== 205+0+0 (secure 0 0 0) 0x7f9d20037070 con 0x7f9d2c07dd80
2024-09-16T00:53:15.818 INFO:teuthology.orchestra.run.smithi017.stdout:/usr/bin/ceph: stderr
2024-09-16T00:53:15.050+0000 7f9d2b7fe640 1 -- 172.21.15.17:0/2816103535 <== mon.0 v2:172.21.15.17:3300/0 2 ==== config(26 keys) ==== 1071+0+0 (secure 0 0 0) 0x7f9d200328d0 con 0x7f9d2c07dd80
2024-09-16T00:53:15.818 INFO:teuthology.orchestra.run.smithi017.stdout:/usr/bin/ceph: stderr
2024-09-16T00:53:15.050+0000 7f9d2b7fe640 1 -- 172.21.15.17:0/2816103535 <== mon.0 v2:172.21.15.17:3300/0 3 ==== mon_map magic: 0 ==== 205+0+0 (secure 0 0 0) 0x7f9d200307d0 con 0x7f9d2c07dd80
2024-09-16T00:53:15.818 INFO:teuthology.orchestra.run.smithi017.stdout:/usr/bin/ceph: stderr
2024-09-16T00:53:15.050+0000 7f9d32d30640 1 -- 172.21.15.17:0/2816103535 >> [v2:172.21.15.17:3300/0,v1:172.21.15.17:6789/0] conn(0x7f9d2c07dd80 msgr2=0x7f9d2c07c2f0 secure :-1 s=STATE_CONNECTION_ESTABLISHED l=1).mark_down
2024-09-16T00:53:15.818 INFO:teuthology.orchestra.run.smithi017.stdout:/usr/bin/ceph: stderr
2024-09-16T00:53:15.050+0000 7f9d32d30640 1 --2- 172.21.15.17:0/2816103535 >> [v2:172.21.15.17:3300/0,v1:172.21.15.17:6789/0] conn(0x7f9d2c07dd80 0x7f9d2c07c2f0 secure :-1 s=READY pgs=41 cs=0 l=1 rev1=1 crypto rx=0x7f9d20009820 tx=0x7f9d2002a270 comp rx=0 tx=0).stop
2024-09-16T00:53:15.818 INFO:teuthology.orchestra.run.smithi017.stdout:/usr/bin/ceph: stderr
2024-09-16T00:53:15.050+0000 7f9d32d30640 1 -- 172.21.15.17:0/2816103535 shutdown_connections
2024-09-16T00:53:15.818 INFO:teuthology.orchestra.run.smithi017.stdout:/usr/bin/ceph: stderr
2024-09-16T00:53:15.050+0000 7f9d32d30640 1 --2- 172.21.15.17:0/2816103535 >> [v2:172.21.15.17:3300/0,v1:172.21.15.17:6789/0] conn(0x7f9d2c07dd80 0x7f9d2c07c2f0 unknown :-1 s=CLOSED pgs=41 cs=0 l=1 rev1=1 crypto rx=0 tx=0 comp rx=0 tx=0).stop
2024-09-16T00:53:15.818 INFO:teuthology.orchestra.run.smithi017.stdout:/usr/bin/ceph: stderr
2024-09-16T00:53:15.050+0000 7f9d32d30640 1 -- 172.21.15.17:0/2816103535 >> 172.21.15.17:0/2816103535 conn(0x7f9d2c102f00 msgr2=0x7f9d2c105320 unknown :-1 s=STATE_NONE l=0).mark_down
2024-09-16T00:53:15.818 INFO:teuthology.orchestra.run.smithi017.stdout:/usr/bin/ceph: stderr
2024-09-16T00:53:15.050+0000 7f9d32d30640 1 -- 172.21.15.17:0/2816103535 shutdown_connections
2024-09-16T00:53:15.818 INFO:teuthology.orchestra.run.smithi017.stdout:/usr/bin/ceph: stderr
2024-09-16T00:53:15.050+0000 7f9d32d30640 1 -- 172.21.15.17:0/2816103535 wait complete.
2024-09-16T00:53:15.818 INFO:teuthology.orchestra.run.smithi017.stdout:/usr/bin/ceph: stderr
2024-09-16T00:53:15.051+0000 7f9d32d30640 1 Processor -- start
2024-09-16T00:53:15.818 INFO:teuthology.orchestra.run.smithi017.stdout:/usr/bin/ceph: stderr
2024-09-16T00:53:15.051+0000 7f9d32d30640 1 -- start start
2024-09-16T00:53:15.818 INFO:teuthology.orchestra.run.smithi017.stdout:/usr/bin/ceph: stderr
2024-09-16T00:53:15.051+0000 7f9d32d30640 1 --2- >> [v2:172.21.15.17:3300/0,v1:172.21.15.17:6789/0] conn(0x7f9d2c07dd80 0x7f9d2c19d7a0 unknown :-1 s=NONE pgs=0 cs=0 l=1 rev1=0 crypto rx=0 tx=0 comp rx=0 tx=0).connect
2024-09-16T00:53:15.818 INFO:teuthology.orchestra.run.smithi017.stdout:/usr/bin/ceph: stderr
2024-09-16T00:53:15.051+0000 7f9d32d30640 1 -- --> [v2:172.21.15.17:3300/0,v1:172.21.15.17:6789/0] -- mon_getmap magic: 0 -- 0x7f9d2c10db70 con 0x7f9d2c07dd80
2024-09-16T00:53:15.819 INFO:teuthology.orchestra.run.smithi017.stdout:/usr/bin/ceph: stderr
2024-09-16T00:53:15.051+0000 7f9d30acc640 1 --2- >> [v2:172.21.15.17:3300/0,v1:172.21.15.17:6789/0] conn(0x7f9d2c07dd80 0x7f9d2c19d7a0 unknown :-1 s=BANNER_CONNECTING pgs=0 cs=0 l=1 rev1=0 crypto rx=0 tx=0 comp rx=0 tx=0)._handle_peer_banner_payload supported=3 required=0
2024-09-16T00:53:15.819 INFO:teuthology.orchestra.run.smithi017.stdout:/usr/bin/ceph: stderr
2024-09-16T00:53:15.051+0000 7f9d30acc640 1 --2- >> [v2:172.21.15.17:3300/0,v1:172.21.15.17:6789/0] conn(0x7f9d2c07dd80 0x7f9d2c19d7a0 unknown :-1 s=HELLO_CONNECTING pgs=0 cs=0 l=1 rev1=1 crypto rx=0 tx=0 comp rx=0 tx=0).handle_hello peer v2:172.21.15.17:3300/0 says I am v2:172.21.15.17:48836/0 (socket says 172.21.15.17:48836)
2024-09-16T00:53:15.819 INFO:teuthology.orchestra.run.smithi017.stdout:/usr/bin/ceph: stderr
2024-09-16T00:53:15.051+0000 7f9d30acc640 1 -- 172.21.15.17:0/686706264 learned_addr learned my addr 172.21.15.17:0/686706264 (peer_addr_for_me v2:172.21.15.17:0/0)
2024-09-16T00:53:15.819 INFO:teuthology.orchestra.run.smithi017.stdout:/usr/bin/ceph: stderr
2024-09-16T00:53:15.051+0000 7f9d30acc640 1 -- 172.21.15.17:0/686706264 --> [v2:172.21.15.17:3300/0,v1:172.21.15.17:6789/0] -- mon_subscribe({config=0+,monmap=0+}) -- 0x7f9d2c19dce0 con 0x7f9d2c07dd80
2024-09-16T00:53:15.819 INFO:teuthology.orchestra.run.smithi017.stdout:/usr/bin/ceph: stderr
2024-09-16T00:53:15.052+0000 7f9d30acc640 1 --2- 172.21.15.17:0/686706264 >> [v2:172.21.15.17:3300/0,v1:172.21.15.17:6789/0] conn(0x7f9d2c07dd80 0x7f9d2c19d7a0 secure :-1 s=READY pgs=42 cs=0 l=1 rev1=1 crypto rx=0x7f9d20032e10 tx=0x7f9d20032e40 comp rx=0 tx=0).ready entity=mon.0 client_cookie=0 server_cookie=0 in_seq=0 out_seq=0
2024-09-16T00:53:15.819 INFO:teuthology.orchestra.run.smithi017.stdout:/usr/bin/ceph: stderr
2024-09-16T00:53:15.052+0000 7f9d29ffb640 1 -- 172.21.15.17:0/686706264 <== mon.0 v2:172.21.15.17:3300/0 1 ==== mon_map magic: 0 ==== 205+0+0 (secure 0 0 0) 0x7f9d20042070 con 0x7f9d2c07dd80
2024-09-16T00:53:15.819 INFO:teuthology.orchestra.run.smithi017.stdout:/usr/bin/ceph: stderr
2024-09-16T00:53:15.052+0000 7f9d29ffb640 1 -- 172.21.15.17:0/686706264 <== mon.0 v2:172.21.15.17:3300/0 2 ==== config(26 keys) ==== 1071+0+0 (secure 0 0 0) 0x7f9d20030c80 con 0x7f9d2c07dd80
2024-09-16T00:53:15.819 INFO:teuthology.orchestra.run.smithi017.stdout:/usr/bin/ceph: stderr
2024-09-16T00:53:15.052+0000 7f9d29ffb640 1 -- 172.21.15.17:0/686706264 <== mon.0 v2:172.21.15.17:3300/0 3 ==== mon_map magic: 0 ==== 205+0+0 (secure 0 0 0) 0x7f9d20037040 con 0x7f9d2c07dd80
2024-09-16T00:53:15.819 INFO:teuthology.orchestra.run.smithi017.stdout:/usr/bin/ceph: stderr
2024-09-16T00:53:15.052+0000 7f9d32d30640 1 -- 172.21.15.17:0/686706264 --> [v2:172.21.15.17:3300/0,v1:172.21.15.17:6789/0] -- mon_subscribe({mgrmap=0+}) -- 0x7f9d2c19df70 con 0x7f9d2c07dd80
2024-09-16T00:53:15.819 INFO:teuthology.orchestra.run.smithi017.stdout:/usr/bin/ceph: stderr
2024-09-16T00:53:15.052+0000 7f9d32d30640 1 -- 172.21.15.17:0/686706264 --> [v2:172.21.15.17:3300/0,v1:172.21.15.17:6789/0] -- mon_subscribe({osdmap=0}) -- 0x7f9d2c1a0c60 con 0x7f9d2c07dd80
2024-09-16T00:53:15.819 INFO:teuthology.orchestra.run.smithi017.stdout:/usr/bin/ceph: stderr
2024-09-16T00:53:15.053+0000 7f9d29ffb640 1 -- 172.21.15.17:0/686706264 <== mon.0 v2:172.21.15.17:3300/0 4 ==== mgrmap(e 8) ==== 46461+0+0 (secure 0 0 0) 0x7f9d20045070 con 0x7f9d2c07dd80
2024-09-16T00:53:15.819 INFO:teuthology.orchestra.run.smithi017.stdout:/usr/bin/ceph: stderr
2024-09-16T00:53:15.053+0000 7f9d32d30640 1 -- 172.21.15.17:0/686706264 --> [v2:172.21.15.17:3300/0,v1:172.21.15.17:6789/0] -- mon_command({"prefix": "get_command_descriptions"} v 0) -- 0x7f9d2c07c370 con 0x7f9d2c07dd80
2024-09-16T00:53:15.819 INFO:teuthology.orchestra.run.smithi017.stdout:/usr/bin/ceph: stderr
2024-09-16T00:53:15.053+0000 7f9d29ffb640 1 --2- 172.21.15.17:0/686706264 >> [v2:172.21.15.17:6800/944475972,v1:172.21.15.17:6801/944475972] conn(0x7f9d1c039200 0x7f9d1c03b6c0 unknown :-1 s=NONE pgs=0 cs=0 l=1 rev1=0 crypto rx=0 tx=0 comp rx=0 tx=0).connect
2024-09-16T00:53:15.819 INFO:teuthology.orchestra.run.smithi017.stdout:/usr/bin/ceph: stderr
2024-09-16T00:53:15.053+0000 7f9d29ffb640 1 -- 172.21.15.17:0/686706264 <== mon.0 v2:172.21.15.17:3300/0 5 ==== osd_map(2..2 src has 1..2) ==== 940+0+0 (secure 0 0 0) 0x7f9d2006c1f0 con 0x7f9d2c07dd80
2024-09-16T00:53:15.820 INFO:teuthology.orchestra.run.smithi017.stdout:/usr/bin/ceph: stderr
2024-09-16T00:53:15.053+0000 7f9d2bfff640 1 --2- 172.21.15.17:0/686706264 >> [v2:172.21.15.17:6800/944475972,v1:172.21.15.17:6801/944475972] conn(0x7f9d1c039200 0x7f9d1c03b6c0 unknown :-1 s=BANNER_CONNECTING pgs=0 cs=0 l=1 rev1=0 crypto rx=0 tx=0 comp rx=0 tx=0)._handle_peer_banner_payload supported=3 required=0
2024-09-16T00:53:15.820 INFO:teuthology.orchestra.run.smithi017.stdout:/usr/bin/ceph: stderr
2024-09-16T00:53:15.054+0000 7f9d2bfff640 1 --2- 172.21.15.17:0/686706264 >> [v2:172.21.15.17:6800/944475972,v1:172.21.15.17:6801/944475972] conn(0x7f9d1c039200 0x7f9d1c03b6c0 secure :-1 s=READY pgs=10 cs=0 l=1 rev1=1 crypto rx=0x7f9d180098c0 tx=0x7f9d18006db0 comp rx=0 tx=0).ready entity=mgr.14118 client_cookie=0 server_cookie=0 in_seq=0 out_seq=0
2024-09-16T00:53:15.820 INFO:teuthology.orchestra.run.smithi017.stdout:/usr/bin/ceph: stderr
2024-09-16T00:53:15.058+0000 7f9d29ffb640 1 -- 172.21.15.17:0/686706264 <== mon.0 v2:172.21.15.17:3300/0 6 ==== mon_command_ack([{"prefix": "get_command_descriptions"}]=0 v0) ==== 72+0+188821 (secure 0 0 0) 0x7f9d2002e200 con 0x7f9d2c07dd80
2024-09-16T00:53:15.820 INFO:teuthology.orchestra.run.smithi017.stdout:/usr/bin/ceph: stderr
2024-09-16T00:53:15.236+0000 7f9d32d30640 1 -- 172.21.15.17:0/686706264 --> [v2:172.21.15.17:6800/944475972,v1:172.21.15.17:6801/944475972] -- mgr_command(tid 0: {"prefix": "cephadm get-pub-key", "target": ["mon-mgr", ""]}) -- 0x7f9d2c1041c0 con 0x7f9d1c039200
2024-09-16T00:53:15.820 INFO:teuthology.orchestra.run.smithi017.stdout:/usr/bin/ceph: stderr
2024-09-16T00:53:15.237+0000 7f9d29ffb640 1 -- 172.21.15.17:0/686706264 <== mgr.14118 v2:172.21.15.17:6800/944475972 1 ==== mgr_command_reply(tid 0: 0 ) ==== 8+0+595 (secure 0 0 0) 0x7f9d2c1041c0 con 0x7f9d1c039200
2024-09-16T00:53:15.820 INFO:teuthology.orchestra.run.smithi017.stdout:/usr/bin/ceph: stderr
2024-09-16T00:53:15.239+0000 7f9d32d30640 1 -- 172.21.15.17:0/686706264 >> [v2:172.21.15.17:6800/944475972,v1:172.21.15.17:6801/944475972] conn(0x7f9d1c039200 msgr2=0x7f9d1c03b6c0 secure :-1 s=STATE_CONNECTION_ESTABLISHED l=1).mark_down
2024-09-16T00:53:15.820 INFO:teuthology.orchestra.run.smithi017.stdout:/usr/bin/ceph: stderr
2024-09-16T00:53:15.239+0000 7f9d32d30640 1 --2- 172.21.15.17:0/686706264 >> [v2:172.21.15.17:6800/944475972,v1:172.21.15.17:6801/944475972] conn(0x7f9d1c039200 0x7f9d1c03b6c0 secure :-1 s=READY pgs=10 cs=0 l=1 rev1=1 crypto rx=0x7f9d180098c0 tx=0x7f9d18006db0 comp rx=0 tx=0).stop
2024-09-16T00:53:15.820 INFO:teuthology.orchestra.run.smithi017.stdout:/usr/bin/ceph: stderr
2024-09-16T00:53:15.239+0000 7f9d32d30640 1 -- 172.21.15.17:0/686706264 >> [v2:172.21.15.17:3300/0,v1:172.21.15.17:6789/0] conn(0x7f9d2c07dd80 msgr2=0x7f9d2c19d7a0 secure :-1 s=STATE_CONNECTION_ESTABLISHED l=1).mark_down
2024-09-16T00:53:15.820 INFO:teuthology.orchestra.run.smithi017.stdout:/usr/bin/ceph: stderr
2024-09-16T00:53:15.239+0000 7f9d32d30640 1 --2- 172.21.15.17:0/686706264 >> [v2:172.21.15.17:3300/0,v1:172.21.15.17:6789/0] conn(0x7f9d2c07dd80 0x7f9d2c19d7a0 secure :-1 s=READY pgs=42 cs=0 l=1 rev1=1 crypto rx=0x7f9d20032e10 tx=0x7f9d20032e40 comp rx=0 tx=0).stop
2024-09-16T00:53:15.820 INFO:teuthology.orchestra.run.smithi017.stdout:/usr/bin/ceph: stderr
2024-09-16T00:53:15.239+0000 7f9d32d30640 1 -- 172.21.15.17:0/686706264 shutdown_connections
2024-09-16T00:53:15.820 INFO:teuthology.orchestra.run.smithi017.stdout:/usr/bin/ceph: stderr
2024-09-16T00:53:15.239+0000 7f9d32d30640 1 --2- 172.21.15.17:0/686706264 >> [v2:172.21.15.17:6800/944475972,v1:172.21.15.17:6801/944475972] conn(0x7f9d1c039200 0x7f9d1c03b6c0 unknown :-1 s=CLOSED pgs=10 cs=0 l=1 rev1=1 crypto rx=0 tx=0 comp rx=0 tx=0).stop
2024-09-16T00:53:15.820 INFO:teuthology.orchestra.run.smithi017.stdout:/usr/bin/ceph: stderr
2024-09-16T00:53:15.239+0000 7f9d32d30640 1 --2- 172.21.15.17:0/686706264 >> [v2:172.21.15.17:3300/0,v1:172.21.15.17:6789/0] conn(0x7f9d2c07dd80 0x7f9d2c19d7a0 unknown :-1 s=CLOSED pgs=42 cs=0 l=1 rev1=1 crypto rx=0 tx=0 comp rx=0 tx=0).stop
2024-09-16T00:53:15.821 INFO:teuthology.orchestra.run.smithi017.stdout:/usr/bin/ceph: stderr
2024-09-16T00:53:15.239+0000 7f9d32d30640 1 -- 172.21.15.17:0/686706264 >> 172.21.15.17:0/686706264 conn(0x7f9d2c102f00 msgr2=0x7f9d2c103ab0 unknown :-1 s=STATE_NONE l=0).mark_down
2024-09-16T00:53:15.821 INFO:teuthology.orchestra.run.smithi017.stdout:/usr/bin/ceph: stderr
2024-09-16T00:53:15.239+0000 7f9d32d30640 1 -- 172.21.15.17:0/686706264 shutdown_connections
2024-09-16T00:53:15.821 INFO:teuthology.orchestra.run.smithi017.stdout:/usr/bin/ceph: stderr
2024-09-16T00:53:15.239+0000 7f9d32d30640 1 -- 172.21.15.17:0/686706264 wait complete.
2024-09-16T00:53:15.821 INFO:teuthology.orchestra.run.smithi017.stdout:Wrote public SSH key to /home/ubuntu/cephtest/ceph.pub
2024-09-16T00:53:15.821 INFO:teuthology.orchestra.run.smithi017.stdout:Adding key to root@localhost authorized_keys...
2024-09-16T00:53:15.822 INFO:teuthology.orchestra.run.smithi017.stdout:Adding host smithi017...
2024-09-16T00:53:16.436 INFO:journalctl@ceph.mon.a.smithi017.stdout:Sep 16 00:53:16 smithi017 ceph-mon[31211]: from='client.14136 -' entity='client.admin' cmd=[{"prefix": "cephadm get-pub-key", "target": ["mon-mgr", ""]}]: dispatch
2024-09-16T00:53:17.437 INFO:journalctl@ceph.mon.a.smithi017.stdout:Sep 16 00:53:17 smithi017 ceph-mon[31211]: from='client.14138 -' entity='client.admin' cmd=[{"prefix": "orch host add", "hostname": "smithi017", "addr": "172.21.15.17", "target": ["mon-mgr", ""]}]: dispatch
2024-09-16T00:53:18.416 INFO:journalctl@ceph.mon.a.smithi017.stdout:Sep 16 00:53:18 smithi017 ceph-mon[31211]: Deploying cephadm binary to smithi017
2024-09-16T00:53:20.974 INFO:teuthology.orchestra.run.smithi017.stdout:/usr/bin/ceph: stdout Added host 'smithi017' with addr '172.21.15.17'
2024-09-16T00:53:20.974 INFO:teuthology.orchestra.run.smithi017.stdout:/usr/bin/ceph: stderr
2024-09-16T00:53:16.253+0000 7f604dd76640 1 Processor -- start
2024-09-16T00:53:20.974 INFO:teuthology.orchestra.run.smithi017.stdout:/usr/bin/ceph: stderr
2024-09-16T00:53:16.253+0000 7f604dd76640 1 -- start start
2024-09-16T00:53:20.974 INFO:teuthology.orchestra.run.smithi017.stdout:/usr/bin/ceph: stderr
2024-09-16T00:53:16.253+0000 7f604dd76640 1 --2- >> [v2:172.21.15.17:3300/0,v1:172.21.15.17:6789/0] conn(0x7f6048108040 0x7f604810a430 unknown :-1 s=NONE pgs=0 cs=0 l=0 rev1=0 crypto rx=0 tx=0 comp rx=0 tx=0).connect
2024-09-16T00:53:20.974 INFO:teuthology.orchestra.run.smithi017.stdout:/usr/bin/ceph: stderr
2024-09-16T00:53:16.254+0000 7f604dd76640 1 -- --> [v2:172.21.15.17:3300/0,v1:172.21.15.17:6789/0] -- mon_getmap magic: 0 -- 0x7f604807be50 con 0x7f6048108040
2024-09-16T00:53:20.974 INFO:teuthology.orchestra.run.smithi017.stdout:/usr/bin/ceph: stderr
2024-09-16T00:53:16.254+0000 7f60477fe640 1 --2- >> [v2:172.21.15.17:3300/0,v1:172.21.15.17:6789/0] conn(0x7f6048108040 0x7f604810a430 unknown :-1 s=BANNER_CONNECTING pgs=0 cs=0 l=0 rev1=0 crypto rx=0 tx=0 comp rx=0 tx=0)._handle_peer_banner_payload supported=3 required=0
2024-09-16T00:53:20.974 INFO:teuthology.orchestra.run.smithi017.stdout:/usr/bin/ceph: stderr
2024-09-16T00:53:16.254+0000 7f60477fe640 1 --2- >> [v2:172.21.15.17:3300/0,v1:172.21.15.17:6789/0] conn(0x7f6048108040 0x7f604810a430 unknown :-1 s=HELLO_CONNECTING pgs=0 cs=0 l=0 rev1=1 crypto rx=0 tx=0 comp rx=0 tx=0).handle_hello peer v2:172.21.15.17:3300/0 says I am v2:172.21.15.17:48846/0 (socket says 172.21.15.17:48846)
2024-09-16T00:53:20.974 INFO:teuthology.orchestra.run.smithi017.stdout:/usr/bin/ceph: stderr
2024-09-16T00:53:16.254+0000 7f60477fe640 1 -- 172.21.15.17:0/549771081 learned_addr learned my addr 172.21.15.17:0/549771081 (peer_addr_for_me v2:172.21.15.17:0/0)
2024-09-16T00:53:20.974 INFO:teuthology.orchestra.run.smithi017.stdout:/usr/bin/ceph: stderr
2024-09-16T00:53:16.254+0000 7f60477fe640 1 -- 172.21.15.17:0/549771081 --> [v2:172.21.15.17:3300/0,v1:172.21.15.17:6789/0] -- mon_subscribe({config=0+,monmap=0+}) -- 0x7f604810a970 con 0x7f6048108040
2024-09-16T00:53:20.974 INFO:teuthology.orchestra.run.smithi017.stdout:/usr/bin/ceph: stderr
2024-09-16T00:53:16.255+0000 7f60477fe640 1 --2- 172.21.15.17:0/549771081 >> [v2:172.21.15.17:3300/0,v1:172.21.15.17:6789/0] conn(0x7f6048108040 0x7f604810a430 secure :-1 s=READY pgs=43 cs=0 l=1 rev1=1 crypto rx=0x7f6038009820 tx=0x7f603802a270 comp rx=0 tx=0).ready entity=mon.0 client_cookie=5032d0c3af85bbdf server_cookie=0 in_seq=0 out_seq=0
2024-09-16T00:53:20.975 INFO:teuthology.orchestra.run.smithi017.stdout:/usr/bin/ceph: stderr
2024-09-16T00:53:16.255+0000 7f60467fc640 1 -- 172.21.15.17:0/549771081 <== mon.0 v2:172.21.15.17:3300/0 1 ==== mon_map magic: 0 ==== 205+0+0 (secure 0 0 0) 0x7f6038037070 con 0x7f6048108040
2024-09-16T00:53:20.975 INFO:teuthology.orchestra.run.smithi017.stdout:/usr/bin/ceph: stderr
2024-09-16T00:53:16.255+0000 7f60467fc640 1 -- 172.21.15.17:0/549771081 <== mon.0 v2:172.21.15.17:3300/0 2 ==== config(26 keys) ==== 1071+0+0 (secure 0 0 0) 0x7f60380328d0 con 0x7f6048108040
2024-09-16T00:53:20.975 INFO:teuthology.orchestra.run.smithi017.stdout:/usr/bin/ceph: stderr
2024-09-16T00:53:16.255+0000 7f60467fc640 1 -- 172.21.15.17:0/549771081 <== mon.0 v2:172.21.15.17:3300/0 3 ==== mon_map magic: 0 ==== 205+0+0 (secure 0 0 0) 0x7f60380307d0 con 0x7f6048108040
2024-09-16T00:53:20.975 INFO:teuthology.orchestra.run.smithi017.stdout:/usr/bin/ceph: stderr
2024-09-16T00:53:16.255+0000 7f604dd76640 1 -- 172.21.15.17:0/549771081 >> [v2:172.21.15.17:3300/0,v1:172.21.15.17:6789/0] conn(0x7f6048108040 msgr2=0x7f604810a430 secure :-1 s=STATE_CONNECTION_ESTABLISHED l=1).mark_down
2024-09-16T00:53:20.975 INFO:teuthology.orchestra.run.smithi017.stdout:/usr/bin/ceph: stderr
2024-09-16T00:53:16.255+0000 7f604dd76640 1 --2- 172.21.15.17:0/549771081 >> [v2:172.21.15.17:3300/0,v1:172.21.15.17:6789/0] conn(0x7f6048108040 0x7f604810a430 secure :-1 s=READY pgs=43 cs=0 l=1 rev1=1 crypto rx=0x7f6038009820 tx=0x7f603802a270 comp rx=0 tx=0).stop
2024-09-16T00:53:20.975 INFO:teuthology.orchestra.run.smithi017.stdout:/usr/bin/ceph: stderr
2024-09-16T00:53:16.255+0000 7f604dd76640 1 -- 172.21.15.17:0/549771081 shutdown_connections
2024-09-16T00:53:20.975 INFO:teuthology.orchestra.run.smithi017.stdout:/usr/bin/ceph: stderr
2024-09-16T00:53:16.255+0000 7f604dd76640 1 --2- 172.21.15.17:0/549771081 >> [v2:172.21.15.17:3300/0,v1:172.21.15.17:6789/0] conn(0x7f6048108040 0x7f604810a430 unknown :-1 s=CLOSED pgs=43 cs=0 l=1 rev1=1 crypto rx=0 tx=0 comp rx=0 tx=0).stop
2024-09-16T00:53:20.975 INFO:teuthology.orchestra.run.smithi017.stdout:/usr/bin/ceph: stderr
2024-09-16T00:53:16.255+0000 7f604dd76640 1 -- 172.21.15.17:0/549771081 >> 172.21.15.17:0/549771081 conn(0x7f6048101ce0 msgr2=0x7f6048104100 unknown :-1 s=STATE_NONE l=0).mark_down
2024-09-16T00:53:20.975 INFO:teuthology.orchestra.run.smithi017.stdout:/usr/bin/ceph: stderr
2024-09-16T00:53:16.256+0000 7f604dd76640 1 -- 172.21.15.17:0/549771081 shutdown_connections
2024-09-16T00:53:20.975 INFO:teuthology.orchestra.run.smithi017.stdout:/usr/bin/ceph: stderr
2024-09-16T00:53:16.256+0000 7f604dd76640 1 -- 172.21.15.17:0/549771081 wait complete.
2024-09-16T00:53:20.975 INFO:teuthology.orchestra.run.smithi017.stdout:/usr/bin/ceph: stderr
2024-09-16T00:53:16.256+0000 7f604dd76640 1 Processor -- start
2024-09-16T00:53:20.975 INFO:teuthology.orchestra.run.smithi017.stdout:/usr/bin/ceph: stderr
2024-09-16T00:53:16.256+0000 7f604dd76640 1 -- start start
2024-09-16T00:53:20.975 INFO:teuthology.orchestra.run.smithi017.stdout:/usr/bin/ceph: stderr
2024-09-16T00:53:16.257+0000 7f604dd76640 1 --2- >> [v2:172.21.15.17:3300/0,v1:172.21.15.17:6789/0] conn(0x7f6048108040 0x7f60481078c0 unknown :-1 s=NONE pgs=0 cs=0 l=1 rev1=0 crypto rx=0 tx=0 comp rx=0 tx=0).connect
2024-09-16T00:53:20.976 INFO:teuthology.orchestra.run.smithi017.stdout:/usr/bin/ceph: stderr
2024-09-16T00:53:16.257+0000 7f604dd76640 1 -- --> [v2:172.21.15.17:3300/0,v1:172.21.15.17:6789/0] -- mon_getmap magic: 0 -- 0x7f604810b950 con 0x7f6048108040
2024-09-16T00:53:20.976 INFO:teuthology.orchestra.run.smithi017.stdout:/usr/bin/ceph: stderr
2024-09-16T00:53:16.257+0000 7f60477fe640 1 --2- >> [v2:172.21.15.17:3300/0,v1:172.21.15.17:6789/0] conn(0x7f6048108040 0x7f60481078c0 unknown :-1 s=BANNER_CONNECTING pgs=0 cs=0 l=1 rev1=0 crypto rx=0 tx=0 comp rx=0 tx=0)._handle_peer_banner_payload supported=3 required=0
2024-09-16T00:53:20.976 INFO:teuthology.orchestra.run.smithi017.stdout:/usr/bin/ceph: stderr
2024-09-16T00:53:16.257+0000 7f60477fe640 1 --2- >> [v2:172.21.15.17:3300/0,v1:172.21.15.17:6789/0] conn(0x7f6048108040 0x7f60481078c0 unknown :-1 s=HELLO_CONNECTING pgs=0 cs=0 l=1 rev1=1 crypto rx=0 tx=0 comp rx=0 tx=0).handle_hello peer v2:172.21.15.17:3300/0 says I am v2:172.21.15.17:48858/0 (socket says 172.21.15.17:48858)
2024-09-16T00:53:20.976 INFO:teuthology.orchestra.run.smithi017.stdout:/usr/bin/ceph: stderr
2024-09-16T00:53:16.257+0000 7f60477fe640 1 -- 172.21.15.17:0/2178600901 learned_addr learned my addr 172.21.15.17:0/2178600901 (peer_addr_for_me v2:172.21.15.17:0/0)
2024-09-16T00:53:20.976 INFO:teuthology.orchestra.run.smithi017.stdout:/usr/bin/ceph: stderr
2024-09-16T00:53:16.257+0000 7f60477fe640 1 -- 172.21.15.17:0/2178600901 --> [v2:172.21.15.17:3300/0,v1:172.21.15.17:6789/0] -- mon_subscribe({config=0+,monmap=0+}) -- 0x7f6048107e00 con 0x7f6048108040
2024-09-16T00:53:20.976 INFO:teuthology.orchestra.run.smithi017.stdout:/usr/bin/ceph: stderr
2024-09-16T00:53:16.257+0000 7f60477fe640 1 --2- 172.21.15.17:0/2178600901 >> [v2:172.21.15.17:3300/0,v1:172.21.15.17:6789/0] conn(0x7f6048108040 0x7f60481078c0 secure :-1 s=READY pgs=44 cs=0 l=1 rev1=1 crypto rx=0x7f60380097f0 tx=0x7f6038030d00 comp rx=0 tx=0).ready entity=mon.0 client_cookie=0 server_cookie=0 in_seq=0 out_seq=0
2024-09-16T00:53:20.976 INFO:teuthology.orchestra.run.smithi017.stdout:/usr/bin/ceph: stderr
2024-09-16T00:53:16.257+0000 7f6044ff9640 1 -- 172.21.15.17:0/2178600901 <== mon.0 v2:172.21.15.17:3300/0 1 ==== mon_map magic: 0 ==== 205+0+0 (secure 0 0 0) 0x7f6038037040 con 0x7f6048108040
2024-09-16T00:53:20.976 INFO:teuthology.orchestra.run.smithi017.stdout:/usr/bin/ceph: stderr
2024-09-16T00:53:16.257+0000 7f6044ff9640 1 -- 172.21.15.17:0/2178600901 <== mon.0 v2:172.21.15.17:3300/0 2 ==== config(26 keys) ==== 1071+0+0 (secure 0 0 0) 0x7f6038032bb0 con 0x7f6048108040
2024-09-16T00:53:20.976 INFO:teuthology.orchestra.run.smithi017.stdout:/usr/bin/ceph: stderr
2024-09-16T00:53:16.257+0000 7f604dd76640 1 -- 172.21.15.17:0/2178600901 --> [v2:172.21.15.17:3300/0,v1:172.21.15.17:6789/0] -- mon_subscribe({mgrmap=0+}) -- 0x7f6048105ff0 con 0x7f6048108040
2024-09-16T00:53:20.976 INFO:teuthology.orchestra.run.smithi017.stdout:/usr/bin/ceph: stderr
2024-09-16T00:53:16.257+0000 7f6044ff9640 1 -- 172.21.15.17:0/2178600901 <== mon.0 v2:172.21.15.17:3300/0 3 ==== mon_map magic: 0 ==== 205+0+0 (secure 0 0 0) 0x7f603803a390 con 0x7f6048108040
2024-09-16T00:53:20.976 INFO:teuthology.orchestra.run.smithi017.stdout:/usr/bin/ceph: stderr
2024-09-16T00:53:16.257+0000 7f604dd76640 1 -- 172.21.15.17:0/2178600901 --> [v2:172.21.15.17:3300/0,v1:172.21.15.17:6789/0] -- mon_subscribe({osdmap=0}) -- 0x7f6048106530 con 0x7f6048108040
2024-09-16T00:53:20.976 INFO:teuthology.orchestra.run.smithi017.stdout:/usr/bin/ceph: stderr
2024-09-16T00:53:16.258+0000 7f6044ff9640 1 -- 172.21.15.17:0/2178600901 <== mon.0 v2:172.21.15.17:3300/0 4 ==== mgrmap(e 8) ==== 46461+0+0 (secure 0 0 0) 0x7f603803a580 con 0x7f6048108040
2024-09-16T00:53:20.976 INFO:teuthology.orchestra.run.smithi017.stdout:/usr/bin/ceph: stderr
2024-09-16T00:53:16.259+0000 7f6044ff9640 1 --2- 172.21.15.17:0/2178600901 >> [v2:172.21.15.17:6800/944475972,v1:172.21.15.17:6801/944475972] conn(0x7f6030039200 0x7f603003b6c0 unknown :-1 s=NONE pgs=0 cs=0 l=1 rev1=0 crypto rx=0 tx=0 comp rx=0 tx=0).connect
2024-09-16T00:53:20.977 INFO:teuthology.orchestra.run.smithi017.stdout:/usr/bin/ceph: stderr
2024-09-16T00:53:16.258+0000 7f604dd76640 1 -- 172.21.15.17:0/2178600901 --> [v2:172.21.15.17:3300/0,v1:172.21.15.17:6789/0] -- mon_command({"prefix": "get_command_descriptions"} v 0) -- 0x7f60481084a0 con 0x7f6048108040
2024-09-16T00:53:20.977 INFO:teuthology.orchestra.run.smithi017.stdout:/usr/bin/ceph: stderr
2024-09-16T00:53:16.259+0000 7f6046ffd640 1 --2- 172.21.15.17:0/2178600901 >> [v2:172.21.15.17:6800/944475972,v1:172.21.15.17:6801/944475972] conn(0x7f6030039200 0x7f603003b6c0 unknown :-1 s=BANNER_CONNECTING pgs=0 cs=0 l=1 rev1=0 crypto rx=0 tx=0 comp rx=0 tx=0)._handle_peer_banner_payload supported=3 required=0
2024-09-16T00:53:20.977 INFO:teuthology.orchestra.run.smithi017.stdout:/usr/bin/ceph: stderr
2024-09-16T00:53:16.259+0000 7f6044ff9640 1 -- 172.21.15.17:0/2178600901 <== mon.0 v2:172.21.15.17:3300/0 5 ==== osd_map(2..2 src has 1..2) ==== 940+0+0 (secure 0 0 0) 0x7f603806c5f0 con 0x7f6048108040
2024-09-16T00:53:20.977 INFO:teuthology.orchestra.run.smithi017.stdout:/usr/bin/ceph: stderr
2024-09-16T00:53:16.259+0000 7f6046ffd640 1 --2- 172.21.15.17:0/2178600901 >> [v2:172.21.15.17:6800/944475972,v1:172.21.15.17:6801/944475972] conn(0x7f6030039200 0x7f603003b6c0 secure :-1 s=READY pgs=11 cs=0 l=1 rev1=1 crypto rx=0x7f603c0098c0 tx=0x7f603c006db0 comp rx=0 tx=0).ready entity=mgr.14118 client_cookie=0 server_cookie=0 in_seq=0 out_seq=0
2024-09-16T00:53:20.977 INFO:teuthology.orchestra.run.smithi017.stdout:/usr/bin/ceph: stderr
2024-09-16T00:53:16.263+0000 7f6044ff9640 1 -- 172.21.15.17:0/2178600901 <== mon.0 v2:172.21.15.17:3300/0 6 ==== mon_command_ack([{"prefix": "get_command_descriptions"}]=0 v0) ==== 72+0+188821 (secure 0 0 0) 0x7f6038049d80 con 0x7f6048108040
2024-09-16T00:53:20.977 INFO:teuthology.orchestra.run.smithi017.stdout:/usr/bin/ceph: stderr
2024-09-16T00:53:16.447+0000 7f604dd76640 1 -- 172.21.15.17:0/2178600901 --> [v2:172.21.15.17:6800/944475972,v1:172.21.15.17:6801/944475972] -- mgr_command(tid 0: {"prefix": "orch host add", "hostname": "smithi017", "addr": "172.21.15.17", "target": ["mon-mgr", ""]}) -- 0x7f6048106e80 con 0x7f6030039200
2024-09-16T00:53:20.977 INFO:teuthology.orchestra.run.smithi017.stdout:/usr/bin/ceph: stderr
2024-09-16T00:53:20.380+0000 7f6044ff9640 1 -- 172.21.15.17:0/2178600901 <== mgr.14118 v2:172.21.15.17:6800/944475972 1 ==== mgr_command_reply(tid 0: 0 ) ==== 8+0+48 (secure 0 0 0) 0x7f6048106e80 con 0x7f6030039200
2024-09-16T00:53:20.977 INFO:teuthology.orchestra.run.smithi017.stdout:/usr/bin/ceph: stderr
2024-09-16T00:53:20.383+0000 7f604dd76640 1 -- 172.21.15.17:0/2178600901 >> [v2:172.21.15.17:6800/944475972,v1:172.21.15.17:6801/944475972] conn(0x7f6030039200 msgr2=0x7f603003b6c0 secure :-1 s=STATE_CONNECTION_ESTABLISHED l=1).mark_down
2024-09-16T00:53:20.977 INFO:teuthology.orchestra.run.smithi017.stdout:/usr/bin/ceph: stderr
2024-09-16T00:53:20.383+0000 7f604dd76640 1 --2- 172.21.15.17:0/2178600901 >> [v2:172.21.15.17:6800/944475972,v1:172.21.15.17:6801/944475972] conn(0x7f6030039200 0x7f603003b6c0 secure :-1 s=READY pgs=11 cs=0 l=1 rev1=1 crypto rx=0x7f603c0098c0 tx=0x7f603c006db0 comp rx=0 tx=0).stop
2024-09-16T00:53:20.977 INFO:teuthology.orchestra.run.smithi017.stdout:/usr/bin/ceph: stderr
2024-09-16T00:53:20.384+0000 7f604dd76640 1 -- 172.21.15.17:0/2178600901 >> [v2:172.21.15.17:3300/0,v1:172.21.15.17:6789/0] conn(0x7f6048108040 msgr2=0x7f60481078c0 secure :-1 s=STATE_CONNECTION_ESTABLISHED l=1).mark_down
2024-09-16T00:53:20.977 INFO:teuthology.orchestra.run.smithi017.stdout:/usr/bin/ceph: stderr
2024-09-16T00:53:20.384+0000 7f604dd76640 1 --2- 172.21.15.17:0/2178600901 >> [v2:172.21.15.17:3300/0,v1:172.21.15.17:6789/0] conn(0x7f6048108040 0x7f60481078c0 secure :-1 s=READY pgs=44 cs=0 l=1 rev1=1 crypto rx=0x7f60380097f0 tx=0x7f6038030d00 comp rx=0 tx=0).stop
2024-09-16T00:53:20.977 INFO:teuthology.orchestra.run.smithi017.stdout:/usr/bin/ceph: stderr
2024-09-16T00:53:20.384+0000 7f604dd76640 1 -- 172.21.15.17:0/2178600901 shutdown_connections
2024-09-16T00:53:20.977 INFO:teuthology.orchestra.run.smithi017.stdout:/usr/bin/ceph: stderr
2024-09-16T00:53:20.384+0000 7f604dd76640 1 --2- 172.21.15.17:0/2178600901 >> [v2:172.21.15.17:6800/944475972,v1:172.21.15.17:6801/944475972] conn(0x7f6030039200 0x7f603003b6c0 unknown :-1 s=CLOSED pgs=11 cs=0 l=1 rev1=1 crypto rx=0 tx=0 comp rx=0 tx=0).stop
2024-09-16T00:53:20.978 INFO:teuthology.orchestra.run.smithi017.stdout:/usr/bin/ceph: stderr
2024-09-16T00:53:20.384+0000 7f604dd76640 1 --2- 172.21.15.17:0/2178600901 >> [v2:172.21.15.17:3300/0,v1:172.21.15.17:6789/0] conn(0x7f6048108040 0x7f60481078c0 unknown :-1 s=CLOSED pgs=44 cs=0 l=1 rev1=1 crypto rx=0 tx=0 comp rx=0 tx=0).stop
2024-09-16T00:53:20.978 INFO:teuthology.orchestra.run.smithi017.stdout:/usr/bin/ceph: stderr
2024-09-16T00:53:20.384+0000 7f604dd76640 1 -- 172.21.15.17:0/2178600901 >> 172.21.15.17:0/2178600901 conn(0x7f6048101ce0 msgr2=0x7f60481028c0 unknown :-1 s=STATE_NONE l=0).mark_down
2024-09-16T00:53:20.978 INFO:teuthology.orchestra.run.smithi017.stdout:/usr/bin/ceph: stderr
2024-09-16T00:53:20.384+0000 7f604dd76640 1 -- 172.21.15.17:0/2178600901 shutdown_connections
2024-09-16T00:53:20.978 INFO:teuthology.orchestra.run.smithi017.stdout:/usr/bin/ceph: stderr
2024-09-16T00:53:20.384+0000 7f604dd76640 1 -- 172.21.15.17:0/2178600901 wait complete.
2024-09-16T00:53:20.978 INFO:teuthology.orchestra.run.smithi017.stdout:Deploying unmanaged mon service...
2024-09-16T00:53:21.523 INFO:journalctl@ceph.mon.a.smithi017.stdout:Sep 16 00:53:21 smithi017 ceph-mon[31211]: from='mgr.14118 172.21.15.17:0/1966043375' entity='mgr.x'
2024-09-16T00:53:21.523 INFO:journalctl@ceph.mon.a.smithi017.stdout:Sep 16 00:53:21 smithi017 ceph-mon[31211]: Added host smithi017
2024-09-16T00:53:21.523 INFO:journalctl@ceph.mon.a.smithi017.stdout:Sep 16 00:53:21 smithi017 ceph-mon[31211]: from='mgr.14118 172.21.15.17:0/1966043375' entity='mgr.x' cmd=[{"prefix": "config dump", "format": "json"}]: dispatch
2024-09-16T00:53:22.268 INFO:teuthology.orchestra.run.smithi017.stdout:/usr/bin/ceph: stdout Scheduled mon update...
2024-09-16T00:53:22.269 INFO:teuthology.orchestra.run.smithi017.stdout:/usr/bin/ceph: stderr
2024-09-16T00:53:21.439+0000 7f3acedde640 1 Processor -- start
2024-09-16T00:53:22.269 INFO:teuthology.orchestra.run.smithi017.stdout:/usr/bin/ceph: stderr
2024-09-16T00:53:21.439+0000 7f3acedde640 1 -- start start
2024-09-16T00:53:22.269 INFO:teuthology.orchestra.run.smithi017.stdout:/usr/bin/ceph: stderr
2024-09-16T00:53:21.439+0000 7f3acedde640 1 --2- >> [v2:172.21.15.17:3300/0,v1:172.21.15.17:6789/0] conn(0x7f3ac8108110 0x7f3ac810a500 unknown :-1 s=NONE pgs=0 cs=0 l=0 rev1=0 crypto rx=0 tx=0 comp rx=0 tx=0).connect
2024-09-16T00:53:22.269 INFO:teuthology.orchestra.run.smithi017.stdout:/usr/bin/ceph: stderr
2024-09-16T00:53:21.439+0000 7f3acedde640 1 -- --> [v2:172.21.15.17:3300/0,v1:172.21.15.17:6789/0] -- mon_getmap magic: 0 -- 0x7f3ac807bdf0 con 0x7f3ac8108110
2024-09-16T00:53:22.269 INFO:teuthology.orchestra.run.smithi017.stdout:/usr/bin/ceph: stderr
2024-09-16T00:53:21.439+0000 7f3accb7a640 1 --2- >> [v2:172.21.15.17:3300/0,v1:172.21.15.17:6789/0] conn(0x7f3ac8108110 0x7f3ac810a500 unknown :-1 s=BANNER_CONNECTING pgs=0 cs=0 l=0 rev1=0 crypto rx=0 tx=0 comp rx=0 tx=0)._handle_peer_banner_payload supported=3 required=0
2024-09-16T00:53:22.269 INFO:teuthology.orchestra.run.smithi017.stdout:/usr/bin/ceph: stderr
2024-09-16T00:53:21.439+0000 7f3accb7a640 1 --2- >> [v2:172.21.15.17:3300/0,v1:172.21.15.17:6789/0] conn(0x7f3ac8108110 0x7f3ac810a500 unknown :-1 s=HELLO_CONNECTING pgs=0 cs=0 l=0 rev1=1 crypto rx=0 tx=0 comp rx=0 tx=0).handle_hello peer v2:172.21.15.17:3300/0 says I am v2:172.21.15.17:46350/0 (socket says 172.21.15.17:46350)
2024-09-16T00:53:22.269 INFO:teuthology.orchestra.run.smithi017.stdout:/usr/bin/ceph: stderr
2024-09-16T00:53:21.439+0000 7f3accb7a640 1 -- 172.21.15.17:0/4036925603 learned_addr learned my addr 172.21.15.17:0/4036925603 (peer_addr_for_me v2:172.21.15.17:0/0)
2024-09-16T00:53:22.269 INFO:teuthology.orchestra.run.smithi017.stdout:/usr/bin/ceph: stderr
2024-09-16T00:53:21.439+0000 7f3accb7a640 1 -- 172.21.15.17:0/4036925603 --> [v2:172.21.15.17:3300/0,v1:172.21.15.17:6789/0] -- mon_subscribe({config=0+,monmap=0+}) -- 0x7f3ac810aa40 con 0x7f3ac8108110
2024-09-16T00:53:22.269 INFO:teuthology.orchestra.run.smithi017.stdout:/usr/bin/ceph: stderr
2024-09-16T00:53:21.440+0000 7f3accb7a640 1 --2- 172.21.15.17:0/4036925603 >> [v2:172.21.15.17:3300/0,v1:172.21.15.17:6789/0] conn(0x7f3ac8108110 0x7f3ac810a500 secure :-1 s=READY pgs=45 cs=0 l=1 rev1=1 crypto rx=0x7f3abc009820 tx=0x7f3abc02a270 comp rx=0 tx=0).ready entity=mon.0 client_cookie=4dc85c93834b9385 server_cookie=0 in_seq=0 out_seq=0
2024-09-16T00:53:22.269 INFO:teuthology.orchestra.run.smithi017.stdout:/usr/bin/ceph: stderr
2024-09-16T00:53:21.440+0000 7f3ac77fe640 1 -- 172.21.15.17:0/4036925603 <== mon.0 v2:172.21.15.17:3300/0 1 ==== mon_map magic: 0 ==== 205+0+0 (secure 0 0 0) 0x7f3abc037070 con 0x7f3ac8108110
2024-09-16T00:53:22.269 INFO:teuthology.orchestra.run.smithi017.stdout:/usr/bin/ceph: stderr
2024-09-16T00:53:21.440+0000 7f3ac77fe640 1 -- 172.21.15.17:0/4036925603 <== mon.0 v2:172.21.15.17:3300/0 2 ==== config(26 keys) ==== 1071+0+0 (secure 0 0 0) 0x7f3abc0328d0 con 0x7f3ac8108110
2024-09-16T00:53:22.270 INFO:teuthology.orchestra.run.smithi017.stdout:/usr/bin/ceph: stderr
2024-09-16T00:53:21.440+0000 7f3ac77fe640 1 -- 172.21.15.17:0/4036925603 <== mon.0 v2:172.21.15.17:3300/0 3 ==== mon_map magic: 0 ==== 205+0+0 (secure 0 0 0) 0x7f3abc0307d0 con 0x7f3ac8108110
2024-09-16T00:53:22.270 INFO:teuthology.orchestra.run.smithi017.stdout:/usr/bin/ceph: stderr
2024-09-16T00:53:21.441+0000 7f3acedde640 1 -- 172.21.15.17:0/4036925603 >> [v2:172.21.15.17:3300/0,v1:172.21.15.17:6789/0] conn(0x7f3ac8108110 msgr2=0x7f3ac810a500 secure :-1 s=STATE_CONNECTION_ESTABLISHED l=1).mark_down
2024-09-16T00:53:22.270 INFO:teuthology.orchestra.run.smithi017.stdout:/usr/bin/ceph: stderr
2024-09-16T00:53:21.441+0000 7f3acedde640 1 --2- 172.21.15.17:0/4036925603 >> [v2:172.21.15.17:3300/0,v1:172.21.15.17:6789/0] conn(0x7f3ac8108110 0x7f3ac810a500 secure :-1 s=READY pgs=45 cs=0 l=1 rev1=1 crypto rx=0x7f3abc009820 tx=0x7f3abc02a270 comp rx=0 tx=0).stop
2024-09-16T00:53:22.270 INFO:teuthology.orchestra.run.smithi017.stdout:/usr/bin/ceph: stderr
2024-09-16T00:53:21.441+0000 7f3acedde640 1 -- 172.21.15.17:0/4036925603 shutdown_connections
2024-09-16T00:53:22.270 INFO:teuthology.orchestra.run.smithi017.stdout:/usr/bin/ceph: stderr
2024-09-16T00:53:21.441+0000 7f3acedde640 1 --2- 172.21.15.17:0/4036925603 >> [v2:172.21.15.17:3300/0,v1:172.21.15.17:6789/0] conn(0x7f3ac8108110 0x7f3ac810a500 unknown :-1 s=CLOSED pgs=45 cs=0 l=1 rev1=1 crypto rx=0 tx=0 comp rx=0 tx=0).stop
2024-09-16T00:53:22.270 INFO:teuthology.orchestra.run.smithi017.stdout:/usr/bin/ceph: stderr
2024-09-16T00:53:21.441+0000 7f3acedde640 1 -- 172.21.15.17:0/4036925603 >> 172.21.15.17:0/4036925603 conn(0x7f3ac8101d90 msgr2=0x7f3ac81041b0 unknown :-1 s=STATE_NONE l=0).mark_down
2024-09-16T00:53:22.270 INFO:teuthology.orchestra.run.smithi017.stdout:/usr/bin/ceph: stderr
2024-09-16T00:53:21.441+0000 7f3acedde640 1 -- 172.21.15.17:0/4036925603 shutdown_connections
2024-09-16T00:53:22.270 INFO:teuthology.orchestra.run.smithi017.stdout:/usr/bin/ceph: stderr
2024-09-16T00:53:21.441+0000 7f3acedde640 1 -- 172.21.15.17:0/4036925603 wait complete.
2024-09-16T00:53:22.270 INFO:teuthology.orchestra.run.smithi017.stdout:/usr/bin/ceph: stderr
2024-09-16T00:53:21.442+0000 7f3acedde640 1 Processor -- start
2024-09-16T00:53:22.270 INFO:teuthology.orchestra.run.smithi017.stdout:/usr/bin/ceph: stderr
2024-09-16T00:53:21.442+0000 7f3acedde640 1 -- start start
2024-09-16T00:53:22.270 INFO:teuthology.orchestra.run.smithi017.stdout:/usr/bin/ceph: stderr
2024-09-16T00:53:21.442+0000 7f3acedde640 1 --2- >> [v2:172.21.15.17:3300/0,v1:172.21.15.17:6789/0] conn(0x7f3ac8108110 0x7f3ac819b550 unknown :-1 s=NONE pgs=0 cs=0 l=1 rev1=0 crypto rx=0 tx=0 comp rx=0 tx=0).connect
2024-09-16T00:53:22.270 INFO:teuthology.orchestra.run.smithi017.stdout:/usr/bin/ceph: stderr
2024-09-16T00:53:21.442+0000 7f3acedde640 1 -- --> [v2:172.21.15.17:3300/0,v1:172.21.15.17:6789/0] -- mon_getmap magic: 0 -- 0x7f3ac810b9c0 con 0x7f3ac8108110
2024-09-16T00:53:22.270 INFO:teuthology.orchestra.run.smithi017.stdout:/usr/bin/ceph: stderr
2024-09-16T00:53:21.442+0000 7f3accb7a640 1 --2- >> [v2:172.21.15.17:3300/0,v1:172.21.15.17:6789/0] conn(0x7f3ac8108110 0x7f3ac819b550 unknown :-1 s=BANNER_CONNECTING pgs=0 cs=0 l=1 rev1=0 crypto rx=0 tx=0 comp rx=0 tx=0)._handle_peer_banner_payload supported=3 required=0
2024-09-16T00:53:22.271 INFO:teuthology.orchestra.run.smithi017.stdout:/usr/bin/ceph: stderr
2024-09-16T00:53:21.442+0000 7f3accb7a640 1 --2- >> [v2:172.21.15.17:3300/0,v1:172.21.15.17:6789/0] conn(0x7f3ac8108110 0x7f3ac819b550 unknown :-1 s=HELLO_CONNECTING pgs=0 cs=0 l=1 rev1=1 crypto rx=0 tx=0 comp rx=0 tx=0).handle_hello peer v2:172.21.15.17:3300/0 says I am v2:172.21.15.17:46360/0 (socket says 172.21.15.17:46360)
2024-09-16T00:53:22.271 INFO:teuthology.orchestra.run.smithi017.stdout:/usr/bin/ceph: stderr
2024-09-16T00:53:21.442+0000 7f3accb7a640 1 -- 172.21.15.17:0/3051538083 learned_addr learned my addr 172.21.15.17:0/3051538083 (peer_addr_for_me v2:172.21.15.17:0/0)
2024-09-16T00:53:22.271 INFO:teuthology.orchestra.run.smithi017.stdout:/usr/bin/ceph: stderr
2024-09-16T00:53:21.442+0000 7f3accb7a640 1 -- 172.21.15.17:0/3051538083 --> [v2:172.21.15.17:3300/0,v1:172.21.15.17:6789/0] -- mon_subscribe({config=0+,monmap=0+}) -- 0x7f3ac819ba90 con 0x7f3ac8108110
2024-09-16T00:53:22.271 INFO:teuthology.orchestra.run.smithi017.stdout:/usr/bin/ceph: stderr
2024-09-16T00:53:21.442+0000 7f3accb7a640 1 --2- 172.21.15.17:0/3051538083 >> [v2:172.21.15.17:3300/0,v1:172.21.15.17:6789/0] conn(0x7f3ac8108110 0x7f3ac819b550 secure :-1 s=READY pgs=46 cs=0 l=1 rev1=1 crypto rx=0x7f3abc0097f0 tx=0x7f3abc030d00 comp rx=0 tx=0).ready entity=mon.0 client_cookie=0 server_cookie=0 in_seq=0 out_seq=0
2024-09-16T00:53:22.271 INFO:teuthology.orchestra.run.smithi017.stdout:/usr/bin/ceph: stderr
2024-09-16T00:53:21.442+0000 7f3ac5ffb640 1 -- 172.21.15.17:0/3051538083 <== mon.0 v2:172.21.15.17:3300/0 1 ==== mon_map magic: 0 ==== 205+0+0 (secure 0 0 0) 0x7f3abc037040 con 0x7f3ac8108110
2024-09-16T00:53:22.271 INFO:teuthology.orchestra.run.smithi017.stdout:/usr/bin/ceph: stderr
2024-09-16T00:53:21.443+0000 7f3ac5ffb640 1 -- 172.21.15.17:0/3051538083 <== mon.0 v2:172.21.15.17:3300/0 2 ==== config(26 keys) ==== 1071+0+0 (secure 0 0 0) 0x7f3abc032bb0 con 0x7f3ac8108110
2024-09-16T00:53:22.271 INFO:teuthology.orchestra.run.smithi017.stdout:/usr/bin/ceph: stderr
2024-09-16T00:53:21.443+0000 7f3acedde640 1 -- 172.21.15.17:0/3051538083 --> [v2:172.21.15.17:3300/0,v1:172.21.15.17:6789/0] -- mon_subscribe({mgrmap=0+}) -- 0x7f3ac819bd20 con 0x7f3ac8108110
2024-09-16T00:53:22.271 INFO:teuthology.orchestra.run.smithi017.stdout:/usr/bin/ceph: stderr
2024-09-16T00:53:21.443+0000 7f3ac5ffb640 1 -- 172.21.15.17:0/3051538083 <== mon.0 v2:172.21.15.17:3300/0 3 ==== mon_map magic: 0 ==== 205+0+0 (secure 0 0 0) 0x7f3abc03a390 con 0x7f3ac8108110
2024-09-16T00:53:22.271 INFO:teuthology.orchestra.run.smithi017.stdout:/usr/bin/ceph: stderr
2024-09-16T00:53:21.443+0000 7f3acedde640 1 -- 172.21.15.17:0/3051538083 --> [v2:172.21.15.17:3300/0,v1:172.21.15.17:6789/0] -- mon_subscribe({osdmap=0}) -- 0x7f3ac819ea10 con 0x7f3ac8108110
2024-09-16T00:53:22.271 INFO:teuthology.orchestra.run.smithi017.stdout:/usr/bin/ceph: stderr
2024-09-16T00:53:21.444+0000 7f3ac5ffb640 1 -- 172.21.15.17:0/3051538083 <== mon.0 v2:172.21.15.17:3300/0 4 ==== mgrmap(e 8) ==== 46461+0+0 (secure 0 0 0) 0x7f3abc03b3f0 con 0x7f3ac8108110
2024-09-16T00:53:22.271 INFO:teuthology.orchestra.run.smithi017.stdout:/usr/bin/ceph: stderr
2024-09-16T00:53:21.444+0000 7f3acedde640 1 -- 172.21.15.17:0/3051538083 --> [v2:172.21.15.17:3300/0,v1:172.21.15.17:6789/0] -- mon_command({"prefix": "get_command_descriptions"} v 0) -- 0x7f3ac8108570 con 0x7f3ac8108110
2024-09-16T00:53:22.271 INFO:teuthology.orchestra.run.smithi017.stdout:/usr/bin/ceph: stderr
2024-09-16T00:53:21.444+0000 7f3ac5ffb640 1 --2- 172.21.15.17:0/3051538083 >> [v2:172.21.15.17:6800/944475972,v1:172.21.15.17:6801/944475972] conn(0x7f3ab8039200 0x7f3ab803b6c0 unknown :-1 s=NONE pgs=0 cs=0 l=1 rev1=0 crypto rx=0 tx=0 comp rx=0 tx=0).connect
2024-09-16T00:53:22.271 INFO:teuthology.orchestra.run.smithi017.stdout:/usr/bin/ceph: stderr
2024-09-16T00:53:21.444+0000 7f3ac5ffb640 1 -- 172.21.15.17:0/3051538083 <== mon.0 v2:172.21.15.17:3300/0 5 ==== osd_map(2..2 src has 1..2) ==== 940+0+0 (secure 0 0 0) 0x7f3abc06c590 con 0x7f3ac8108110
2024-09-16T00:53:22.272 INFO:teuthology.orchestra.run.smithi017.stdout:/usr/bin/ceph: stderr
2024-09-16T00:53:21.444+0000 7f3ac7fff640 1 --2- 172.21.15.17:0/3051538083 >> [v2:172.21.15.17:6800/944475972,v1:172.21.15.17:6801/944475972] conn(0x7f3ab8039200 0x7f3ab803b6c0 unknown :-1 s=BANNER_CONNECTING pgs=0 cs=0 l=1 rev1=0 crypto rx=0 tx=0 comp rx=0 tx=0)._handle_peer_banner_payload supported=3 required=0
2024-09-16T00:53:22.272 INFO:teuthology.orchestra.run.smithi017.stdout:/usr/bin/ceph: stderr
2024-09-16T00:53:21.444+0000 7f3ac7fff640 1 --2- 172.21.15.17:0/3051538083 >> [v2:172.21.15.17:6800/944475972,v1:172.21.15.17:6801/944475972] conn(0x7f3ab8039200 0x7f3ab803b6c0 secure :-1 s=READY pgs=12 cs=0 l=1 rev1=1 crypto rx=0x7f3ab40098c0 tx=0x7f3ab4006db0 comp rx=0 tx=0).ready entity=mgr.14118 client_cookie=0 server_cookie=0 in_seq=0 out_seq=0
2024-09-16T00:53:22.272 INFO:teuthology.orchestra.run.smithi017.stdout:/usr/bin/ceph: stderr
2024-09-16T00:53:21.449+0000 7f3ac5ffb640 1 -- 172.21.15.17:0/3051538083 <== mon.0 v2:172.21.15.17:3300/0 6 ==== mon_command_ack([{"prefix": "get_command_descriptions"}]=0 v0) ==== 72+0+188821 (secure 0 0 0) 0x7f3abc040210 con 0x7f3ac8108110
2024-09-16T00:53:22.272 INFO:teuthology.orchestra.run.smithi017.stdout:/usr/bin/ceph: stderr
2024-09-16T00:53:21.639+0000 7f3acedde640 1 -- 172.21.15.17:0/3051538083 --> [v2:172.21.15.17:6800/944475972,v1:172.21.15.17:6801/944475972] -- mgr_command(tid 0: {"prefix": "orch apply", "service_type": "mon", "unmanaged": true, "target": ["mon-mgr", ""]}) -- 0x7f3ac8103030 con 0x7f3ab8039200
2024-09-16T00:53:22.272 INFO:teuthology.orchestra.run.smithi017.stdout:/usr/bin/ceph: stderr
2024-09-16T00:53:21.644+0000 7f3ac5ffb640 1 -- 172.21.15.17:0/3051538083 <== mgr.14118 v2:172.21.15.17:6800/944475972 1 ==== mgr_command_reply(tid 0: 0 ) ==== 8+0+24 (secure 0 0 0) 0x7f3ac8103030 con 0x7f3ab8039200
2024-09-16T00:53:22.272 INFO:teuthology.orchestra.run.smithi017.stdout:/usr/bin/ceph: stderr
2024-09-16T00:53:21.647+0000 7f3acedde640 1 -- 172.21.15.17:0/3051538083 >> [v2:172.21.15.17:6800/944475972,v1:172.21.15.17:6801/944475972] conn(0x7f3ab8039200 msgr2=0x7f3ab803b6c0 secure :-1 s=STATE_CONNECTION_ESTABLISHED l=1).mark_down
2024-09-16T00:53:22.272 INFO:teuthology.orchestra.run.smithi017.stdout:/usr/bin/ceph: stderr
2024-09-16T00:53:21.647+0000 7f3acedde640 1 --2- 172.21.15.17:0/3051538083 >> [v2:172.21.15.17:6800/944475972,v1:172.21.15.17:6801/944475972] conn(0x7f3ab8039200 0x7f3ab803b6c0 secure :-1 s=READY pgs=12 cs=0 l=1 rev1=1 crypto rx=0x7f3ab40098c0 tx=0x7f3ab4006db0 comp rx=0 tx=0).stop
2024-09-16T00:53:22.272 INFO:teuthology.orchestra.run.smithi017.stdout:/usr/bin/ceph: stderr
2024-09-16T00:53:21.647+0000 7f3acedde640 1 -- 172.21.15.17:0/3051538083 >> [v2:172.21.15.17:3300/0,v1:172.21.15.17:6789/0] conn(0x7f3ac8108110 msgr2=0x7f3ac819b550 secure :-1 s=STATE_CONNECTION_ESTABLISHED l=1).mark_down
2024-09-16T00:53:22.272 INFO:teuthology.orchestra.run.smithi017.stdout:/usr/bin/ceph: stderr
2024-09-16T00:53:21.647+0000 7f3acedde640 1 --2- 172.21.15.17:0/3051538083 >> [v2:172.21.15.17:3300/0,v1:172.21.15.17:6789/0] conn(0x7f3ac8108110 0x7f3ac819b550 secure :-1 s=READY pgs=46 cs=0 l=1 rev1=1 crypto rx=0x7f3abc0097f0 tx=0x7f3abc030d00 comp rx=0 tx=0).stop
2024-09-16T00:53:22.272 INFO:teuthology.orchestra.run.smithi017.stdout:/usr/bin/ceph: stderr
2024-09-16T00:53:21.647+0000 7f3acedde640 1 -- 172.21.15.17:0/3051538083 shutdown_connections
2024-09-16T00:53:22.272 INFO:teuthology.orchestra.run.smithi017.stdout:/usr/bin/ceph: stderr
2024-09-16T00:53:21.647+0000 7f3acedde640 1 --2- 172.21.15.17:0/3051538083 >> [v2:172.21.15.17:6800/944475972,v1:172.21.15.17:6801/944475972] conn(0x7f3ab8039200 0x7f3ab803b6c0 unknown :-1 s=CLOSED pgs=12 cs=0 l=1 rev1=1 crypto rx=0 tx=0 comp rx=0 tx=0).stop
2024-09-16T00:53:22.272 INFO:teuthology.orchestra.run.smithi017.stdout:/usr/bin/ceph: stderr
2024-09-16T00:53:21.647+0000 7f3acedde640 1 --2- 172.21.15.17:0/3051538083 >> [v2:172.21.15.17:3300/0,v1:172.21.15.17:6789/0] conn(0x7f3ac8108110 0x7f3ac819b550 unknown :-1 s=CLOSED pgs=46 cs=0 l=1 rev1=1 crypto rx=0 tx=0 comp rx=0 tx=0).stop
2024-09-16T00:53:22.273 INFO:teuthology.orchestra.run.smithi017.stdout:/usr/bin/ceph: stderr
2024-09-16T00:53:21.647+0000 7f3acedde640 1 -- 172.21.15.17:0/3051538083 >> 172.21.15.17:0/3051538083 conn(0x7f3ac8101d90 msgr2=0x7f3ac8102920 unknown :-1 s=STATE_NONE l=0).mark_down
2024-09-16T00:53:22.273 INFO:teuthology.orchestra.run.smithi017.stdout:/usr/bin/ceph: stderr
2024-09-16T00:53:21.647+0000 7f3acedde640 1 -- 172.21.15.17:0/3051538083 shutdown_connections
2024-09-16T00:53:22.273 INFO:teuthology.orchestra.run.smithi017.stdout:/usr/bin/ceph: stderr
2024-09-16T00:53:21.647+0000 7f3acedde640 1 -- 172.21.15.17:0/3051538083 wait complete.
2024-09-16T00:53:22.273 INFO:teuthology.orchestra.run.smithi017.stdout:Deploying unmanaged mgr service...
2024-09-16T00:53:22.850 INFO:journalctl@ceph.mon.a.smithi017.stdout:Sep 16 00:53:22 smithi017 ceph-mon[31211]: from='client.14140 -' entity='client.admin' cmd=[{"prefix": "orch apply", "service_type": "mon", "unmanaged": true, "target": ["mon-mgr", ""]}]: dispatch
2024-09-16T00:53:22.851 INFO:journalctl@ceph.mon.a.smithi017.stdout:Sep 16 00:53:22 smithi017 ceph-mon[31211]: Saving service mon spec with placement count:5
2024-09-16T00:53:22.851 INFO:journalctl@ceph.mon.a.smithi017.stdout:Sep 16 00:53:22 smithi017 ceph-mon[31211]: from='mgr.14118 172.21.15.17:0/1966043375' entity='mgr.x'
2024-09-16T00:53:23.476 INFO:teuthology.orchestra.run.smithi017.stdout:/usr/bin/ceph: stdout Scheduled mgr update...
2024-09-16T00:53:23.476 INFO:teuthology.orchestra.run.smithi017.stdout:/usr/bin/ceph: stderr
2024-09-16T00:53:22.647+0000 7f9899836640 1 Processor -- start
2024-09-16T00:53:23.476 INFO:teuthology.orchestra.run.smithi017.stdout:/usr/bin/ceph: stderr
2024-09-16T00:53:22.647+0000 7f9899836640 1 -- start start
2024-09-16T00:53:23.476 INFO:teuthology.orchestra.run.smithi017.stdout:/usr/bin/ceph: stderr
2024-09-16T00:53:22.648+0000 7f9899836640 1 --2- >> [v2:172.21.15.17:3300/0,v1:172.21.15.17:6789/0] conn(0x7f9894107650 0x7f9894107a50 unknown :-1 s=NONE pgs=0 cs=0 l=0 rev1=0 crypto rx=0 tx=0 comp rx=0 tx=0).connect
2024-09-16T00:53:23.476 INFO:teuthology.orchestra.run.smithi017.stdout:/usr/bin/ceph: stderr
2024-09-16T00:53:22.648+0000 7f9899836640 1 -- --> [v2:172.21.15.17:3300/0,v1:172.21.15.17:6789/0] -- mon_getmap magic: 0 -- 0x7f9894107f90 con 0x7f9894107650
2024-09-16T00:53:23.477 INFO:teuthology.orchestra.run.smithi017.stdout:/usr/bin/ceph: stderr
