2024-09-16T00:53:00.733+0000 7ff3cdffb640 1 -- 172.21.15.17:0/779463714 <== mon.0 v2:172.21.15.17:3300/0 2 ==== config(26 keys) ==== 1071+0+0 (secure 0 0 0) 0x7ff3c0030c80 con 0x7ff3d0107650
2024-09-16T00:53:01.555 INFO:teuthology.orchestra.run.smithi017.stdout:/usr/bin/ceph: stderr
2024-09-16T00:53:00.733+0000 7ff3d6b7a640 1 -- 172.21.15.17:0/779463714 --> [v2:172.21.15.17:3300/0,v1:172.21.15.17:6789/0] -- mon_subscribe({mgrmap=0+}) -- 0x7ff3d019bd20 con 0x7ff3d0107650
2024-09-16T00:53:01.556 INFO:teuthology.orchestra.run.smithi017.stdout:/usr/bin/ceph: stderr
2024-09-16T00:53:00.733+0000 7ff3cdffb640 1 -- 172.21.15.17:0/779463714 <== mon.0 v2:172.21.15.17:3300/0 3 ==== mon_map magic: 0 ==== 205+0+0 (secure 0 0 0) 0x7ff3c0037040 con 0x7ff3d0107650
2024-09-16T00:53:01.556 INFO:teuthology.orchestra.run.smithi017.stdout:/usr/bin/ceph: stderr
2024-09-16T00:53:00.733+0000 7ff3d6b7a640 1 -- 172.21.15.17:0/779463714 --> [v2:172.21.15.17:3300/0,v1:172.21.15.17:6789/0] -- mon_subscribe({osdmap=0}) -- 0x7ff3d019ea10 con 0x7ff3d0107650
2024-09-16T00:53:01.556 INFO:teuthology.orchestra.run.smithi017.stdout:/usr/bin/ceph: stderr
2024-09-16T00:53:00.734+0000 7ff3cdffb640 1 -- 172.21.15.17:0/779463714 <== mon.0 v2:172.21.15.17:3300/0 4 ==== mgrmap(e 3) ==== 46344+0+0 (secure 0 0 0) 0x7ff3c0045070 con 0x7ff3d0107650
2024-09-16T00:53:01.556 INFO:teuthology.orchestra.run.smithi017.stdout:/usr/bin/ceph: stderr
2024-09-16T00:53:00.734+0000 7ff3cdffb640 1 --2- 172.21.15.17:0/779463714 >> [v2:172.21.15.17:6800/930560743,v1:172.21.15.17:6801/930560743] conn(0x7ff3b80390a0 0x7ff3b803b560 unknown :-1 s=NONE pgs=0 cs=0 l=1 rev1=0 crypto rx=0 tx=0 comp rx=0 tx=0).connect
2024-09-16T00:53:01.556 INFO:teuthology.orchestra.run.smithi017.stdout:/usr/bin/ceph: stderr
2024-09-16T00:53:00.734+0000 7ff3cdffb640 1 -- 172.21.15.17:0/779463714 <== mon.0 v2:172.21.15.17:3300/0 5 ==== osd_map(1..1 src has 1..1) ==== 725+0+0 (secure 0 0 0) 0x7ff3c006bf10 con 0x7ff3d0107650
2024-09-16T00:53:01.556 INFO:teuthology.orchestra.run.smithi017.stdout:/usr/bin/ceph: stderr
2024-09-16T00:53:00.734+0000 7ff3d6b7a640 1 -- 172.21.15.17:0/779463714 --> [v2:172.21.15.17:3300/0,v1:172.21.15.17:6789/0] -- mon_command({"prefix": "get_command_descriptions"} v 0) -- 0x7ff3d010bc40 con 0x7ff3d0107650
2024-09-16T00:53:01.556 INFO:teuthology.orchestra.run.smithi017.stdout:/usr/bin/ceph: stderr
2024-09-16T00:53:00.734+0000 7ff3cffff640 1 --2- 172.21.15.17:0/779463714 >> [v2:172.21.15.17:6800/930560743,v1:172.21.15.17:6801/930560743] conn(0x7ff3b80390a0 0x7ff3b803b560 unknown :-1 s=BANNER_CONNECTING pgs=0 cs=0 l=1 rev1=0 crypto rx=0 tx=0 comp rx=0 tx=0)._handle_peer_banner_payload supported=3 required=0
2024-09-16T00:53:01.556 INFO:teuthology.orchestra.run.smithi017.stdout:/usr/bin/ceph: stderr
2024-09-16T00:53:00.735+0000 7ff3cffff640 1 --2- 172.21.15.17:0/779463714 >> [v2:172.21.15.17:6800/930560743,v1:172.21.15.17:6801/930560743] conn(0x7ff3b80390a0 0x7ff3b803b560 secure :-1 s=READY pgs=6 cs=0 l=1 rev1=1 crypto rx=0x7ff3c40098c0 tx=0x7ff3c4006db0 comp rx=0 tx=0).ready entity=mgr.14100 client_cookie=0 server_cookie=0 in_seq=0 out_seq=0
2024-09-16T00:53:01.556 INFO:teuthology.orchestra.run.smithi017.stdout:/usr/bin/ceph: stderr
2024-09-16T00:53:00.739+0000 7ff3cdffb640 1 -- 172.21.15.17:0/779463714 <== mon.0 v2:172.21.15.17:3300/0 6 ==== mon_command_ack([{"prefix": "get_command_descriptions"}]=0 v0) ==== 72+0+188821 (secure 0 0 0) 0x7ff3c0045360 con 0x7ff3d0107650
2024-09-16T00:53:01.556 INFO:teuthology.orchestra.run.smithi017.stdout:/usr/bin/ceph: stderr
2024-09-16T00:53:00.982+0000 7ff3d6b7a640 1 -- 172.21.15.17:0/779463714 --> [v2:172.21.15.17:3300/0,v1:172.21.15.17:6789/0] -- mon_command({"prefix": "status", "format": "json-pretty"} v 0) -- 0x7ff3d019ebe0 con 0x7ff3d0107650
2024-09-16T00:53:01.557 INFO:teuthology.orchestra.run.smithi017.stdout:/usr/bin/ceph: stderr
2024-09-16T00:53:00.983+0000 7ff3cdffb640 1 -- 172.21.15.17:0/779463714 <== mon.0 v2:172.21.15.17:3300/0 7 ==== mon_command_ack([{"prefix": "status", "format": "json-pretty"}]=0 v0) ==== 79+0+1290 (secure 0 0 0) 0x7ff3c002ed70 con 0x7ff3d0107650
2024-09-16T00:53:01.557 INFO:teuthology.orchestra.run.smithi017.stdout:/usr/bin/ceph: stderr
2024-09-16T00:53:00.985+0000 7ff3d6b7a640 1 -- 172.21.15.17:0/779463714 >> [v2:172.21.15.17:6800/930560743,v1:172.21.15.17:6801/930560743] conn(0x7ff3b80390a0 msgr2=0x7ff3b803b560 secure :-1 s=STATE_CONNECTION_ESTABLISHED l=1).mark_down
2024-09-16T00:53:01.557 INFO:teuthology.orchestra.run.smithi017.stdout:/usr/bin/ceph: stderr
2024-09-16T00:53:00.985+0000 7ff3d6b7a640 1 --2- 172.21.15.17:0/779463714 >> [v2:172.21.15.17:6800/930560743,v1:172.21.15.17:6801/930560743] conn(0x7ff3b80390a0 0x7ff3b803b560 secure :-1 s=READY pgs=6 cs=0 l=1 rev1=1 crypto rx=0x7ff3c40098c0 tx=0x7ff3c4006db0 comp rx=0 tx=0).stop
2024-09-16T00:53:01.557 INFO:teuthology.orchestra.run.smithi017.stdout:/usr/bin/ceph: stderr
2024-09-16T00:53:00.985+0000 7ff3d6b7a640 1 -- 172.21.15.17:0/779463714 >> [v2:172.21.15.17:3300/0,v1:172.21.15.17:6789/0] conn(0x7ff3d0107650 msgr2=0x7ff3d019b550 secure :-1 s=STATE_CONNECTION_ESTABLISHED l=1).mark_down
2024-09-16T00:53:01.557 INFO:teuthology.orchestra.run.smithi017.stdout:/usr/bin/ceph: stderr
2024-09-16T00:53:00.985+0000 7ff3d6b7a640 1 --2- 172.21.15.17:0/779463714 >> [v2:172.21.15.17:3300/0,v1:172.21.15.17:6789/0] conn(0x7ff3d0107650 0x7ff3d019b550 secure :-1 s=READY pgs=17 cs=0 l=1 rev1=1 crypto rx=0x7ff3c0032e10 tx=0x7ff3c0032e40 comp rx=0 tx=0).stop
2024-09-16T00:53:01.557 INFO:teuthology.orchestra.run.smithi017.stdout:/usr/bin/ceph: stderr
2024-09-16T00:53:00.985+0000 7ff3d6b7a640 1 -- 172.21.15.17:0/779463714 shutdown_connections
2024-09-16T00:53:01.557 INFO:teuthology.orchestra.run.smithi017.stdout:/usr/bin/ceph: stderr
2024-09-16T00:53:00.985+0000 7ff3d6b7a640 1 --2- 172.21.15.17:0/779463714 >> [v2:172.21.15.17:6800/930560743,v1:172.21.15.17:6801/930560743] conn(0x7ff3b80390a0 0x7ff3b803b560 unknown :-1 s=CLOSED pgs=6 cs=0 l=1 rev1=1 crypto rx=0 tx=0 comp rx=0 tx=0).stop
2024-09-16T00:53:01.557 INFO:teuthology.orchestra.run.smithi017.stdout:/usr/bin/ceph: stderr
2024-09-16T00:53:00.985+0000 7ff3d6b7a640 1 --2- 172.21.15.17:0/779463714 >> [v2:172.21.15.17:3300/0,v1:172.21.15.17:6789/0] conn(0x7ff3d0107650 0x7ff3d019b550 unknown :-1 s=CLOSED pgs=17 cs=0 l=1 rev1=1 crypto rx=0 tx=0 comp rx=0 tx=0).stop
2024-09-16T00:53:01.557 INFO:teuthology.orchestra.run.smithi017.stdout:/usr/bin/ceph: stderr
2024-09-16T00:53:00.985+0000 7ff3d6b7a640 1 -- 172.21.15.17:0/779463714 >> 172.21.15.17:0/779463714 conn(0x7ff3d0102f00 msgr2=0x7ff3d0103a90 unknown :-1 s=STATE_NONE l=0).mark_down
2024-09-16T00:53:01.557 INFO:teuthology.orchestra.run.smithi017.stdout:/usr/bin/ceph: stderr
2024-09-16T00:53:00.985+0000 7ff3d6b7a640 1 -- 172.21.15.17:0/779463714 shutdown_connections
2024-09-16T00:53:01.557 INFO:teuthology.orchestra.run.smithi017.stdout:/usr/bin/ceph: stderr
2024-09-16T00:53:00.985+0000 7ff3d6b7a640 1 -- 172.21.15.17:0/779463714 wait complete.
2024-09-16T00:53:01.557 INFO:teuthology.orchestra.run.smithi017.stdout:mgr is available
2024-09-16T00:53:02.187 INFO:journalctl@ceph.mon.a.smithi017.stdout:Sep 16 00:53:02 smithi017 ceph-mon[31211]: mgrmap e4: x(active, since 2s)
2024-09-16T00:53:02.742 INFO:teuthology.orchestra.run.smithi017.stdout:/usr/bin/ceph: stdout
2024-09-16T00:53:02.742 INFO:teuthology.orchestra.run.smithi017.stdout:/usr/bin/ceph: stdout [global]
2024-09-16T00:53:02.742 INFO:teuthology.orchestra.run.smithi017.stdout:/usr/bin/ceph: stdout fsid = d67bb9a6-73c5-11ef-bceb-c7b262605968
2024-09-16T00:53:02.742 INFO:teuthology.orchestra.run.smithi017.stdout:/usr/bin/ceph: stdout mon_host = [v2:172.21.15.17:3300,v1:172.21.15.17:6789]
2024-09-16T00:53:02.742 INFO:teuthology.orchestra.run.smithi017.stdout:/usr/bin/ceph: stdout mon_osd_allow_pg_remap = true
2024-09-16T00:53:02.742 INFO:teuthology.orchestra.run.smithi017.stdout:/usr/bin/ceph: stdout mon_osd_allow_primary_affinity = true
2024-09-16T00:53:02.742 INFO:teuthology.orchestra.run.smithi017.stdout:/usr/bin/ceph: stdout mon_warn_on_no_sortbitwise = false
2024-09-16T00:53:02.742 INFO:teuthology.orchestra.run.smithi017.stdout:/usr/bin/ceph: stdout osd_crush_chooseleaf_type = 0
2024-09-16T00:53:02.743 INFO:teuthology.orchestra.run.smithi017.stdout:/usr/bin/ceph: stdout
2024-09-16T00:53:02.743 INFO:teuthology.orchestra.run.smithi017.stdout:/usr/bin/ceph: stdout [mgr]
2024-09-16T00:53:02.743 INFO:teuthology.orchestra.run.smithi017.stdout:/usr/bin/ceph: stdout mgr/telemetry/nag = false
2024-09-16T00:53:02.743 INFO:teuthology.orchestra.run.smithi017.stdout:/usr/bin/ceph: stdout
2024-09-16T00:53:02.743 INFO:teuthology.orchestra.run.smithi017.stdout:/usr/bin/ceph: stdout [osd]
2024-09-16T00:53:02.743 INFO:teuthology.orchestra.run.smithi017.stdout:/usr/bin/ceph: stdout mon_osd_backfillfull_ratio = 0.85
2024-09-16T00:53:02.743 INFO:teuthology.orchestra.run.smithi017.stdout:/usr/bin/ceph: stdout mon_osd_full_ratio = 0.9
2024-09-16T00:53:02.743 INFO:teuthology.orchestra.run.smithi017.stdout:/usr/bin/ceph: stdout mon_osd_nearfull_ratio = 0.8
2024-09-16T00:53:02.743 INFO:teuthology.orchestra.run.smithi017.stdout:/usr/bin/ceph: stdout osd_map_max_advance = 10
2024-09-16T00:53:02.743 INFO:teuthology.orchestra.run.smithi017.stdout:/usr/bin/ceph: stdout osd_sloppy_crc = true
2024-09-16T00:53:02.744 INFO:teuthology.orchestra.run.smithi017.stdout:/usr/bin/ceph: stderr
2024-09-16T00:53:01.935+0000 7fdd80f52640 1 Processor -- start
2024-09-16T00:53:02.744 INFO:teuthology.orchestra.run.smithi017.stdout:/usr/bin/ceph: stderr
2024-09-16T00:53:01.935+0000 7fdd80f52640 1 -- start start
2024-09-16T00:53:02.744 INFO:teuthology.orchestra.run.smithi017.stdout:/usr/bin/ceph: stderr
2024-09-16T00:53:01.935+0000 7fdd80f52640 1 --2- >> [v2:172.21.15.17:3300/0,v1:172.21.15.17:6789/0] conn(0x7fdd7c105f20 0x7fdd7c106320 unknown :-1 s=NONE pgs=0 cs=0 l=0 rev1=0 crypto rx=0 tx=0 comp rx=0 tx=0).connect
2024-09-16T00:53:02.744 INFO:teuthology.orchestra.run.smithi017.stdout:/usr/bin/ceph: stderr
2024-09-16T00:53:01.935+0000 7fdd80f52640 1 -- --> [v2:172.21.15.17:3300/0,v1:172.21.15.17:6789/0] -- mon_getmap magic: 0 -- 0x7fdd7c07bdd0 con 0x7fdd7c105f20
2024-09-16T00:53:02.744 INFO:teuthology.orchestra.run.smithi017.stdout:/usr/bin/ceph: stderr
2024-09-16T00:53:01.935+0000 7fdd7a59c640 1 --2- >> [v2:172.21.15.17:3300/0,v1:172.21.15.17:6789/0] conn(0x7fdd7c105f20 0x7fdd7c106320 unknown :-1 s=BANNER_CONNECTING pgs=0 cs=0 l=0 rev1=0 crypto rx=0 tx=0 comp rx=0 tx=0)._handle_peer_banner_payload supported=3 required=0
2024-09-16T00:53:02.744 INFO:teuthology.orchestra.run.smithi017.stdout:/usr/bin/ceph: stderr
2024-09-16T00:53:01.935+0000 7fdd7a59c640 1 --2- >> [v2:172.21.15.17:3300/0,v1:172.21.15.17:6789/0] conn(0x7fdd7c105f20 0x7fdd7c106320 unknown :-1 s=HELLO_CONNECTING pgs=0 cs=0 l=0 rev1=1 crypto rx=0 tx=0 comp rx=0 tx=0).handle_hello peer v2:172.21.15.17:3300/0 says I am v2:172.21.15.17:55826/0 (socket says 172.21.15.17:55826)
2024-09-16T00:53:02.744 INFO:teuthology.orchestra.run.smithi017.stdout:/usr/bin/ceph: stderr
2024-09-16T00:53:01.935+0000 7fdd7a59c640 1 -- 172.21.15.17:0/1214898909 learned_addr learned my addr 172.21.15.17:0/1214898909 (peer_addr_for_me v2:172.21.15.17:0/0)
2024-09-16T00:53:02.744 INFO:teuthology.orchestra.run.smithi017.stdout:/usr/bin/ceph: stderr
2024-09-16T00:53:01.936+0000 7fdd7a59c640 1 -- 172.21.15.17:0/1214898909 --> [v2:172.21.15.17:3300/0,v1:172.21.15.17:6789/0] -- mon_subscribe({config=0+,monmap=0+}) -- 0x7fdd7c106860 con 0x7fdd7c105f20
2024-09-16T00:53:02.744 INFO:teuthology.orchestra.run.smithi017.stdout:/usr/bin/ceph: stderr
2024-09-16T00:53:01.937+0000 7fdd7a59c640 1 --2- 172.21.15.17:0/1214898909 >> [v2:172.21.15.17:3300/0,v1:172.21.15.17:6789/0] conn(0x7fdd7c105f20 0x7fdd7c106320 secure :-1 s=READY pgs=18 cs=0 l=1 rev1=1 crypto rx=0x7fdd6c009820 tx=0x7fdd6c02a270 comp rx=0 tx=0).ready entity=mon.0 client_cookie=9d2d554121bd9634 server_cookie=0 in_seq=0 out_seq=0
2024-09-16T00:53:02.744 INFO:teuthology.orchestra.run.smithi017.stdout:/usr/bin/ceph: stderr
2024-09-16T00:53:01.937+0000 7fdd79d9b640 1 -- 172.21.15.17:0/1214898909 <== mon.0 v2:172.21.15.17:3300/0 1 ==== mon_map magic: 0 ==== 205+0+0 (secure 0 0 0) 0x7fdd6c037070 con 0x7fdd7c105f20
2024-09-16T00:53:02.744 INFO:teuthology.orchestra.run.smithi017.stdout:/usr/bin/ceph: stderr
2024-09-16T00:53:01.937+0000 7fdd79d9b640 1 -- 172.21.15.17:0/1214898909 <== mon.0 v2:172.21.15.17:3300/0 2 ==== config(26 keys) ==== 1071+0+0 (secure 0 0 0) 0x7fdd6c0328d0 con 0x7fdd7c105f20
2024-09-16T00:53:02.744 INFO:teuthology.orchestra.run.smithi017.stdout:/usr/bin/ceph: stderr
2024-09-16T00:53:01.937+0000 7fdd79d9b640 1 -- 172.21.15.17:0/1214898909 <== mon.0 v2:172.21.15.17:3300/0 3 ==== mon_map magic: 0 ==== 205+0+0 (secure 0 0 0) 0x7fdd6c0307d0 con 0x7fdd7c105f20
2024-09-16T00:53:02.744 INFO:teuthology.orchestra.run.smithi017.stdout:/usr/bin/ceph: stderr
2024-09-16T00:53:01.937+0000 7fdd80f52640 1 -- 172.21.15.17:0/1214898909 >> [v2:172.21.15.17:3300/0,v1:172.21.15.17:6789/0] conn(0x7fdd7c105f20 msgr2=0x7fdd7c106320 secure :-1 s=STATE_CONNECTION_ESTABLISHED l=1).mark_down
2024-09-16T00:53:02.745 INFO:teuthology.orchestra.run.smithi017.stdout:/usr/bin/ceph: stderr
2024-09-16T00:53:01.937+0000 7fdd80f52640 1 --2- 172.21.15.17:0/1214898909 >> [v2:172.21.15.17:3300/0,v1:172.21.15.17:6789/0] conn(0x7fdd7c105f20 0x7fdd7c106320 secure :-1 s=READY pgs=18 cs=0 l=1 rev1=1 crypto rx=0x7fdd6c009820 tx=0x7fdd6c02a270 comp rx=0 tx=0).stop
2024-09-16T00:53:02.745 INFO:teuthology.orchestra.run.smithi017.stdout:/usr/bin/ceph: stderr
2024-09-16T00:53:01.937+0000 7fdd80f52640 1 -- 172.21.15.17:0/1214898909 shutdown_connections
2024-09-16T00:53:02.745 INFO:teuthology.orchestra.run.smithi017.stdout:/usr/bin/ceph: stderr
2024-09-16T00:53:01.937+0000 7fdd80f52640 1 --2- 172.21.15.17:0/1214898909 >> [v2:172.21.15.17:3300/0,v1:172.21.15.17:6789/0] conn(0x7fdd7c105f20 0x7fdd7c106320 unknown :-1 s=CLOSED pgs=18 cs=0 l=1 rev1=1 crypto rx=0 tx=0 comp rx=0 tx=0).stop
2024-09-16T00:53:02.745 INFO:teuthology.orchestra.run.smithi017.stdout:/usr/bin/ceph: stderr
2024-09-16T00:53:01.937+0000 7fdd80f52640 1 -- 172.21.15.17:0/1214898909 >> 172.21.15.17:0/1214898909 conn(0x7fdd7c101d90 msgr2=0x7fdd7c1041b0 unknown :-1 s=STATE_NONE l=0).mark_down
2024-09-16T00:53:02.745 INFO:teuthology.orchestra.run.smithi017.stdout:/usr/bin/ceph: stderr
2024-09-16T00:53:01.938+0000 7fdd80f52640 1 -- 172.21.15.17:0/1214898909 shutdown_connections
2024-09-16T00:53:02.745 INFO:teuthology.orchestra.run.smithi017.stdout:/usr/bin/ceph: stderr
2024-09-16T00:53:01.938+0000 7fdd80f52640 1 -- 172.21.15.17:0/1214898909 wait complete.
2024-09-16T00:53:02.745 INFO:teuthology.orchestra.run.smithi017.stdout:/usr/bin/ceph: stderr
2024-09-16T00:53:01.938+0000 7fdd80f52640 1 Processor -- start
2024-09-16T00:53:02.745 INFO:teuthology.orchestra.run.smithi017.stdout:/usr/bin/ceph: stderr
2024-09-16T00:53:01.938+0000 7fdd80f52640 1 -- start start
2024-09-16T00:53:02.745 INFO:teuthology.orchestra.run.smithi017.stdout:/usr/bin/ceph: stderr
2024-09-16T00:53:01.938+0000 7fdd80f52640 1 --2- >> [v2:172.21.15.17:3300/0,v1:172.21.15.17:6789/0] conn(0x7fdd7c105f20 0x7fdd7c19d6f0 unknown :-1 s=NONE pgs=0 cs=0 l=1 rev1=0 crypto rx=0 tx=0 comp rx=0 tx=0).connect
2024-09-16T00:53:02.745 INFO:teuthology.orchestra.run.smithi017.stdout:/usr/bin/ceph: stderr
2024-09-16T00:53:01.939+0000 7fdd80f52640 1 -- --> [v2:172.21.15.17:3300/0,v1:172.21.15.17:6789/0] -- mon_getmap magic: 0 -- 0x7fdd7c107780 con 0x7fdd7c105f20
2024-09-16T00:53:02.745 INFO:teuthology.orchestra.run.smithi017.stdout:/usr/bin/ceph: stderr
2024-09-16T00:53:01.939+0000 7fdd7a59c640 1 --2- >> [v2:172.21.15.17:3300/0,v1:172.21.15.17:6789/0] conn(0x7fdd7c105f20 0x7fdd7c19d6f0 unknown :-1 s=BANNER_CONNECTING pgs=0 cs=0 l=1 rev1=0 crypto rx=0 tx=0 comp rx=0 tx=0)._handle_peer_banner_payload supported=3 required=0
2024-09-16T00:53:02.745 INFO:teuthology.orchestra.run.smithi017.stdout:/usr/bin/ceph: stderr
2024-09-16T00:53:01.939+0000 7fdd7a59c640 1 --2- >> [v2:172.21.15.17:3300/0,v1:172.21.15.17:6789/0] conn(0x7fdd7c105f20 0x7fdd7c19d6f0 unknown :-1 s=HELLO_CONNECTING pgs=0 cs=0 l=1 rev1=1 crypto rx=0 tx=0 comp rx=0 tx=0).handle_hello peer v2:172.21.15.17:3300/0 says I am v2:172.21.15.17:55842/0 (socket says 172.21.15.17:55842)
2024-09-16T00:53:02.745 INFO:teuthology.orchestra.run.smithi017.stdout:/usr/bin/ceph: stderr
2024-09-16T00:53:01.939+0000 7fdd7a59c640 1 -- 172.21.15.17:0/1651181837 learned_addr learned my addr 172.21.15.17:0/1651181837 (peer_addr_for_me v2:172.21.15.17:0/0)
2024-09-16T00:53:02.745 INFO:teuthology.orchestra.run.smithi017.stdout:/usr/bin/ceph: stderr
2024-09-16T00:53:01.939+0000 7fdd7a59c640 1 -- 172.21.15.17:0/1651181837 --> [v2:172.21.15.17:3300/0,v1:172.21.15.17:6789/0] -- mon_subscribe({config=0+,monmap=0+}) -- 0x7fdd7c19dc30 con 0x7fdd7c105f20
2024-09-16T00:53:02.746 INFO:teuthology.orchestra.run.smithi017.stdout:/usr/bin/ceph: stderr
2024-09-16T00:53:01.939+0000 7fdd7a59c640 1 --2- 172.21.15.17:0/1651181837 >> [v2:172.21.15.17:3300/0,v1:172.21.15.17:6789/0] conn(0x7fdd7c105f20 0x7fdd7c19d6f0 secure :-1 s=READY pgs=19 cs=0 l=1 rev1=1 crypto rx=0x7fdd6c0097f0 tx=0x7fdd6c030d00 comp rx=0 tx=0).ready entity=mon.0 client_cookie=0 server_cookie=0 in_seq=0 out_seq=0
2024-09-16T00:53:02.746 INFO:teuthology.orchestra.run.smithi017.stdout:/usr/bin/ceph: stderr
2024-09-16T00:53:01.939+0000 7fdd737fe640 1 -- 172.21.15.17:0/1651181837 <== mon.0 v2:172.21.15.17:3300/0 1 ==== mon_map magic: 0 ==== 205+0+0 (secure 0 0 0) 0x7fdd6c037040 con 0x7fdd7c105f20
2024-09-16T00:53:02.746 INFO:teuthology.orchestra.run.smithi017.stdout:/usr/bin/ceph: stderr
2024-09-16T00:53:01.939+0000 7fdd80f52640 1 -- 172.21.15.17:0/1651181837 --> [v2:172.21.15.17:3300/0,v1:172.21.15.17:6789/0] -- mon_subscribe({mgrmap=0+}) -- 0x7fdd7c19dec0 con 0x7fdd7c105f20
2024-09-16T00:53:02.746 INFO:teuthology.orchestra.run.smithi017.stdout:/usr/bin/ceph: stderr
2024-09-16T00:53:01.939+0000 7fdd737fe640 1 -- 172.21.15.17:0/1651181837 <== mon.0 v2:172.21.15.17:3300/0 2 ==== config(26 keys) ==== 1071+0+0 (secure 0 0 0) 0x7fdd6c032bb0 con 0x7fdd7c105f20
2024-09-16T00:53:02.746 INFO:teuthology.orchestra.run.smithi017.stdout:/usr/bin/ceph: stderr
2024-09-16T00:53:01.939+0000 7fdd737fe640 1 -- 172.21.15.17:0/1651181837 <== mon.0 v2:172.21.15.17:3300/0 3 ==== mon_map magic: 0 ==== 205+0+0 (secure 0 0 0) 0x7fdd6c03a390 con 0x7fdd7c105f20
2024-09-16T00:53:02.746 INFO:teuthology.orchestra.run.smithi017.stdout:/usr/bin/ceph: stderr
2024-09-16T00:53:01.939+0000 7fdd80f52640 1 -- 172.21.15.17:0/1651181837 --> [v2:172.21.15.17:3300/0,v1:172.21.15.17:6789/0] -- mon_subscribe({osdmap=0}) -- 0x7fdd7c1a0bb0 con 0x7fdd7c105f20
2024-09-16T00:53:02.746 INFO:teuthology.orchestra.run.smithi017.stdout:/usr/bin/ceph: stderr
2024-09-16T00:53:01.940+0000 7fdd737fe640 1 -- 172.21.15.17:0/1651181837 <== mon.0 v2:172.21.15.17:3300/0 4 ==== mgrmap(e 4) ==== 46450+0+0 (secure 0 0 0) 0x7fdd6c03a600 con 0x7fdd7c105f20
2024-09-16T00:53:02.746 INFO:teuthology.orchestra.run.smithi017.stdout:/usr/bin/ceph: stderr
2024-09-16T00:53:01.940+0000 7fdd737fe640 1 --2- 172.21.15.17:0/1651181837 >> [v2:172.21.15.17:6800/930560743,v1:172.21.15.17:6801/930560743] conn(0x7fdd680391b0 0x7fdd6803b670 unknown :-1 s=NONE pgs=0 cs=0 l=1 rev1=0 crypto rx=0 tx=0 comp rx=0 tx=0).connect
2024-09-16T00:53:02.746 INFO:teuthology.orchestra.run.smithi017.stdout:/usr/bin/ceph: stderr
2024-09-16T00:53:01.940+0000 7fdd737fe640 1 -- 172.21.15.17:0/1651181837 <== mon.0 v2:172.21.15.17:3300/0 5 ==== osd_map(1..1 src has 1..1) ==== 725+0+0 (secure 0 0 0) 0x7fdd6c06c490 con 0x7fdd7c105f20
2024-09-16T00:53:02.746 INFO:teuthology.orchestra.run.smithi017.stdout:/usr/bin/ceph: stderr
2024-09-16T00:53:01.940+0000 7fdd73fff640 1 --2- 172.21.15.17:0/1651181837 >> [v2:172.21.15.17:6800/930560743,v1:172.21.15.17:6801/930560743] conn(0x7fdd680391b0 0x7fdd6803b670 unknown :-1 s=BANNER_CONNECTING pgs=0 cs=0 l=1 rev1=0 crypto rx=0 tx=0 comp rx=0 tx=0)._handle_peer_banner_payload supported=3 required=0
2024-09-16T00:53:02.746 INFO:teuthology.orchestra.run.smithi017.stdout:/usr/bin/ceph: stderr
2024-09-16T00:53:01.940+0000 7fdd80f52640 1 -- 172.21.15.17:0/1651181837 --> [v2:172.21.15.17:3300/0,v1:172.21.15.17:6789/0] -- mon_command({"prefix": "get_command_descriptions"} v 0) -- 0x7fdd7c107e50 con 0x7fdd7c105f20
2024-09-16T00:53:02.746 INFO:teuthology.orchestra.run.smithi017.stdout:/usr/bin/ceph: stderr
2024-09-16T00:53:01.941+0000 7fdd73fff640 1 --2- 172.21.15.17:0/1651181837 >> [v2:172.21.15.17:6800/930560743,v1:172.21.15.17:6801/930560743] conn(0x7fdd680391b0 0x7fdd6803b670 secure :-1 s=READY pgs=7 cs=0 l=1 rev1=1 crypto rx=0x7fdd640098c0 tx=0x7fdd64006db0 comp rx=0 tx=0).ready entity=mgr.14100 client_cookie=0 server_cookie=0 in_seq=0 out_seq=0
2024-09-16T00:53:02.746 INFO:teuthology.orchestra.run.smithi017.stdout:/usr/bin/ceph: stderr
2024-09-16T00:53:01.945+0000 7fdd737fe640 1 -- 172.21.15.17:0/1651181837 <== mon.0 v2:172.21.15.17:3300/0 6 ==== mon_command_ack([{"prefix": "get_command_descriptions"}]=0 v0) ==== 72+0+188821 (secure 0 0 0) 0x7fdd6c06beb0 con 0x7fdd7c105f20
2024-09-16T00:53:02.747 INFO:teuthology.orchestra.run.smithi017.stdout:/usr/bin/ceph: stderr
2024-09-16T00:53:02.123+0000 7fdd80f52640 1 -- 172.21.15.17:0/1651181837 --> [v2:172.21.15.17:3300/0,v1:172.21.15.17:6789/0] -- mon_command({"prefix": "config assimilate-conf"} v 0) -- 0x7fdd7c1a21c0 con 0x7fdd7c105f20
2024-09-16T00:53:02.747 INFO:teuthology.orchestra.run.smithi017.stdout:/usr/bin/ceph: stderr
2024-09-16T00:53:02.123+0000 7fdd737fe640 1 -- 172.21.15.17:0/1651181837 <== mon.0 v2:172.21.15.17:3300/0 7 ==== mon_command_ack([{"prefix": "config assimilate-conf"}]=0 v3) ==== 70+0+429 (secure 0 0 0) 0x7fdd6c02c030 con 0x7fdd7c105f20
2024-09-16T00:53:02.747 INFO:teuthology.orchestra.run.smithi017.stdout:/usr/bin/ceph: stderr
2024-09-16T00:53:02.125+0000 7fdd80f52640 1 -- 172.21.15.17:0/1651181837 >> [v2:172.21.15.17:6800/930560743,v1:172.21.15.17:6801/930560743] conn(0x7fdd680391b0 msgr2=0x7fdd6803b670 secure :-1 s=STATE_CONNECTION_ESTABLISHED l=1).mark_down
2024-09-16T00:53:02.747 INFO:teuthology.orchestra.run.smithi017.stdout:/usr/bin/ceph: stderr
2024-09-16T00:53:02.125+0000 7fdd80f52640 1 --2- 172.21.15.17:0/1651181837 >> [v2:172.21.15.17:6800/930560743,v1:172.21.15.17:6801/930560743] conn(0x7fdd680391b0 0x7fdd6803b670 secure :-1 s=READY pgs=7 cs=0 l=1 rev1=1 crypto rx=0x7fdd640098c0 tx=0x7fdd64006db0 comp rx=0 tx=0).stop
2024-09-16T00:53:02.747 INFO:teuthology.orchestra.run.smithi017.stdout:/usr/bin/ceph: stderr
2024-09-16T00:53:02.125+0000 7fdd80f52640 1 -- 172.21.15.17:0/1651181837 >> [v2:172.21.15.17:3300/0,v1:172.21.15.17:6789/0] conn(0x7fdd7c105f20 msgr2=0x7fdd7c19d6f0 secure :-1 s=STATE_CONNECTION_ESTABLISHED l=1).mark_down
2024-09-16T00:53:02.747 INFO:teuthology.orchestra.run.smithi017.stdout:/usr/bin/ceph: stderr
2024-09-16T00:53:02.125+0000 7fdd80f52640 1 --2- 172.21.15.17:0/1651181837 >> [v2:172.21.15.17:3300/0,v1:172.21.15.17:6789/0] conn(0x7fdd7c105f20 0x7fdd7c19d6f0 secure :-1 s=READY pgs=19 cs=0 l=1 rev1=1 crypto rx=0x7fdd6c0097f0 tx=0x7fdd6c030d00 comp rx=0 tx=0).stop
2024-09-16T00:53:02.747 INFO:teuthology.orchestra.run.smithi017.stdout:/usr/bin/ceph: stderr
2024-09-16T00:53:02.126+0000 7fdd80f52640 1 -- 172.21.15.17:0/1651181837 shutdown_connections
2024-09-16T00:53:02.747 INFO:teuthology.orchestra.run.smithi017.stdout:/usr/bin/ceph: stderr
2024-09-16T00:53:02.126+0000 7fdd80f52640 1 --2- 172.21.15.17:0/1651181837 >> [v2:172.21.15.17:6800/930560743,v1:172.21.15.17:6801/930560743] conn(0x7fdd680391b0 0x7fdd6803b670 unknown :-1 s=CLOSED pgs=7 cs=0 l=1 rev1=1 crypto rx=0 tx=0 comp rx=0 tx=0).stop
2024-09-16T00:53:02.747 INFO:teuthology.orchestra.run.smithi017.stdout:/usr/bin/ceph: stderr
2024-09-16T00:53:02.126+0000 7fdd80f52640 1 --2- 172.21.15.17:0/1651181837 >> [v2:172.21.15.17:3300/0,v1:172.21.15.17:6789/0] conn(0x7fdd7c105f20 0x7fdd7c19d6f0 unknown :-1 s=CLOSED pgs=19 cs=0 l=1 rev1=1 crypto rx=0 tx=0 comp rx=0 tx=0).stop
2024-09-16T00:53:02.747 INFO:teuthology.orchestra.run.smithi017.stdout:/usr/bin/ceph: stderr
2024-09-16T00:53:02.126+0000 7fdd80f52640 1 -- 172.21.15.17:0/1651181837 >> 172.21.15.17:0/1651181837 conn(0x7fdd7c101d90 msgr2=0x7fdd7c191b50 unknown :-1 s=STATE_NONE l=0).mark_down
2024-09-16T00:53:02.747 INFO:teuthology.orchestra.run.smithi017.stdout:/usr/bin/ceph: stderr
2024-09-16T00:53:02.126+0000 7fdd80f52640 1 -- 172.21.15.17:0/1651181837 shutdown_connections
2024-09-16T00:53:02.747 INFO:teuthology.orchestra.run.smithi017.stdout:/usr/bin/ceph: stderr
2024-09-16T00:53:02.126+0000 7fdd80f52640 1 -- 172.21.15.17:0/1651181837 wait complete.
2024-09-16T00:53:02.747 INFO:teuthology.orchestra.run.smithi017.stdout:Enabling cephadm module...
2024-09-16T00:53:03.414 INFO:journalctl@ceph.mon.a.smithi017.stdout:Sep 16 00:53:03 smithi017 ceph-mon[31211]: from='client.? 172.21.15.17:0/1651181837' entity='client.admin' cmd=[{"prefix": "config assimilate-conf"}]: dispatch
2024-09-16T00:53:04.322 INFO:journalctl@ceph.mon.a.smithi017.stdout:Sep 16 00:53:04 smithi017 ceph-mon[31211]: from='client.? 172.21.15.17:0/933154293' entity='client.admin' cmd=[{"prefix": "mgr module enable", "module": "cephadm"}]: dispatch
2024-09-16T00:53:04.322 INFO:journalctl@ceph.mgr.x.smithi017.stdout:Sep 16 00:53:04 smithi017 ceph-d67bb9a6-73c5-11ef-bceb-c7b262605968-mgr-x[31439]: ignoring --setuser ceph since I am not root
2024-09-16T00:53:04.322 INFO:journalctl@ceph.mgr.x.smithi017.stdout:Sep 16 00:53:04 smithi017 ceph-d67bb9a6-73c5-11ef-bceb-c7b262605968-mgr-x[31439]: ignoring --setgroup ceph since I am not root
2024-09-16T00:53:04.322 INFO:journalctl@ceph.mgr.x.smithi017.stdout:Sep 16 00:53:04 smithi017 ceph-d67bb9a6-73c5-11ef-bceb-c7b262605968-mgr-x[31439]:
2024-09-16T00:53:04.156+0000 7fcda2425040 -1 mgr[py] Module osd_perf_query has missing NOTIFY_TYPES member
2024-09-16T00:53:04.322 INFO:journalctl@ceph.mgr.x.smithi017.stdout:Sep 16 00:53:04 smithi017 ceph-d67bb9a6-73c5-11ef-bceb-c7b262605968-mgr-x[31439]:
2024-09-16T00:53:04.215+0000 7fcda2425040 -1 mgr[py] Module osd_support has missing NOTIFY_TYPES member
2024-09-16T00:53:04.563 INFO:teuthology.orchestra.run.smithi017.stdout:/usr/bin/ceph: stderr
2024-09-16T00:53:03.180+0000 7f7c0b9fa640 1 Processor -- start
2024-09-16T00:53:04.563 INFO:teuthology.orchestra.run.smithi017.stdout:/usr/bin/ceph: stderr
2024-09-16T00:53:03.180+0000 7f7c0b9fa640 1 -- start start
2024-09-16T00:53:04.563 INFO:teuthology.orchestra.run.smithi017.stdout:/usr/bin/ceph: stderr
2024-09-16T00:53:03.180+0000 7f7c0b9fa640 1 --2- >> [v2:172.21.15.17:3300/0,v1:172.21.15.17:6789/0] conn(0x7f7c0407dd80 0x7f7c0407c2f0 unknown :-1 s=NONE pgs=0 cs=0 l=0 rev1=0 crypto rx=0 tx=0 comp rx=0 tx=0).connect
2024-09-16T00:53:04.563 INFO:teuthology.orchestra.run.smithi017.stdout:/usr/bin/ceph: stderr
2024-09-16T00:53:03.180+0000 7f7c0b9fa640 1 -- --> [v2:172.21.15.17:3300/0,v1:172.21.15.17:6789/0] -- mon_getmap magic: 0 -- 0x7f7c0407c830 con 0x7f7c0407dd80
2024-09-16T00:53:04.563 INFO:teuthology.orchestra.run.smithi017.stdout:/usr/bin/ceph: stderr
2024-09-16T00:53:03.180+0000 7f7c09796640 1 --2- >> [v2:172.21.15.17:3300/0,v1:172.21.15.17:6789/0] conn(0x7f7c0407dd80 0x7f7c0407c2f0 unknown :-1 s=BANNER_CONNECTING pgs=0 cs=0 l=0 rev1=0 crypto rx=0 tx=0 comp rx=0 tx=0)._handle_peer_banner_payload supported=3 required=0
2024-09-16T00:53:04.563 INFO:teuthology.orchestra.run.smithi017.stdout:/usr/bin/ceph: stderr
2024-09-16T00:53:03.181+0000 7f7c09796640 1 --2- >> [v2:172.21.15.17:3300/0,v1:172.21.15.17:6789/0] conn(0x7f7c0407dd80 0x7f7c0407c2f0 unknown :-1 s=HELLO_CONNECTING pgs=0 cs=0 l=0 rev1=1 crypto rx=0 tx=0 comp rx=0 tx=0).handle_hello peer v2:172.21.15.17:3300/0 says I am v2:172.21.15.17:55844/0 (socket says 172.21.15.17:55844)
2024-09-16T00:53:04.563 INFO:teuthology.orchestra.run.smithi017.stdout:/usr/bin/ceph: stderr
2024-09-16T00:53:03.181+0000 7f7c09796640 1 -- 172.21.15.17:0/2424476688 learned_addr learned my addr 172.21.15.17:0/2424476688 (peer_addr_for_me v2:172.21.15.17:0/0)
2024-09-16T00:53:04.563 INFO:teuthology.orchestra.run.smithi017.stdout:/usr/bin/ceph: stderr
2024-09-16T00:53:03.181+0000 7f7c09796640 1 -- 172.21.15.17:0/2424476688 --> [v2:172.21.15.17:3300/0,v1:172.21.15.17:6789/0] -- mon_subscribe({config=0+,monmap=0+}) -- 0x7f7c0407c9b0 con 0x7f7c0407dd80
2024-09-16T00:53:04.564 INFO:teuthology.orchestra.run.smithi017.stdout:/usr/bin/ceph: stderr
2024-09-16T00:53:03.181+0000 7f7c09796640 1 --2- 172.21.15.17:0/2424476688 >> [v2:172.21.15.17:3300/0,v1:172.21.15.17:6789/0] conn(0x7f7c0407dd80 0x7f7c0407c2f0 secure :-1 s=READY pgs=20 cs=0 l=1 rev1=1 crypto rx=0x7f7c00009820 tx=0x7f7c0002a270 comp rx=0 tx=0).ready entity=mon.0 client_cookie=97d4d7cecdf7b61f server_cookie=0 in_seq=0 out_seq=0
2024-09-16T00:53:04.564 INFO:teuthology.orchestra.run.smithi017.stdout:/usr/bin/ceph: stderr
2024-09-16T00:53:03.182+0000 7f7bfbfff640 1 -- 172.21.15.17:0/2424476688 <== mon.0 v2:172.21.15.17:3300/0 1 ==== mon_map magic: 0 ==== 205+0+0 (secure 0 0 0) 0x7f7c00037070 con 0x7f7c0407dd80
2024-09-16T00:53:04.564 INFO:teuthology.orchestra.run.smithi017.stdout:/usr/bin/ceph: stderr
2024-09-16T00:53:03.182+0000 7f7bfbfff640 1 -- 172.21.15.17:0/2424476688 <== mon.0 v2:172.21.15.17:3300/0 2 ==== config(26 keys) ==== 1071+0+0 (secure 0 0 0) 0x7f7c000328d0 con 0x7f7c0407dd80
2024-09-16T00:53:04.564 INFO:teuthology.orchestra.run.smithi017.stdout:/usr/bin/ceph: stderr
2024-09-16T00:53:03.182+0000 7f7bfbfff640 1 -- 172.21.15.17:0/2424476688 <== mon.0 v2:172.21.15.17:3300/0 3 ==== mon_map magic: 0 ==== 205+0+0 (secure 0 0 0) 0x7f7c000307d0 con 0x7f7c0407dd80
2024-09-16T00:53:04.564 INFO:teuthology.orchestra.run.smithi017.stdout:/usr/bin/ceph: stderr
2024-09-16T00:53:03.182+0000 7f7c0b9fa640 1 -- 172.21.15.17:0/2424476688 >> [v2:172.21.15.17:3300/0,v1:172.21.15.17:6789/0] conn(0x7f7c0407dd80 msgr2=0x7f7c0407c2f0 secure :-1 s=STATE_CONNECTION_ESTABLISHED l=1).mark_down
2024-09-16T00:53:04.564 INFO:teuthology.orchestra.run.smithi017.stdout:/usr/bin/ceph: stderr
2024-09-16T00:53:03.182+0000 7f7c0b9fa640 1 --2- 172.21.15.17:0/2424476688 >> [v2:172.21.15.17:3300/0,v1:172.21.15.17:6789/0] conn(0x7f7c0407dd80 0x7f7c0407c2f0 secure :-1 s=READY pgs=20 cs=0 l=1 rev1=1 crypto rx=0x7f7c00009820 tx=0x7f7c0002a270 comp rx=0 tx=0).stop
2024-09-16T00:53:04.564 INFO:teuthology.orchestra.run.smithi017.stdout:/usr/bin/ceph: stderr
2024-09-16T00:53:03.182+0000 7f7c0b9fa640 1 -- 172.21.15.17:0/2424476688 shutdown_connections
2024-09-16T00:53:04.564 INFO:teuthology.orchestra.run.smithi017.stdout:/usr/bin/ceph: stderr
2024-09-16T00:53:03.182+0000 7f7c0b9fa640 1 --2- 172.21.15.17:0/2424476688 >> [v2:172.21.15.17:3300/0,v1:172.21.15.17:6789/0] conn(0x7f7c0407dd80 0x7f7c0407c2f0 unknown :-1 s=CLOSED pgs=20 cs=0 l=1 rev1=1 crypto rx=0 tx=0 comp rx=0 tx=0).stop
2024-09-16T00:53:04.564 INFO:teuthology.orchestra.run.smithi017.stdout:/usr/bin/ceph: stderr
2024-09-16T00:53:03.182+0000 7f7c0b9fa640 1 -- 172.21.15.17:0/2424476688 >> 172.21.15.17:0/2424476688 conn(0x7f7c04102f00 msgr2=0x7f7c04105320 unknown :-1 s=STATE_NONE l=0).mark_down
2024-09-16T00:53:04.564 INFO:teuthology.orchestra.run.smithi017.stdout:/usr/bin/ceph: stderr
2024-09-16T00:53:03.182+0000 7f7c0b9fa640 1 -- 172.21.15.17:0/2424476688 shutdown_connections
2024-09-16T00:53:04.564 INFO:teuthology.orchestra.run.smithi017.stdout:/usr/bin/ceph: stderr
2024-09-16T00:53:03.183+0000 7f7c0b9fa640 1 -- 172.21.15.17:0/2424476688 wait complete.
2024-09-16T00:53:04.564 INFO:teuthology.orchestra.run.smithi017.stdout:/usr/bin/ceph: stderr
2024-09-16T00:53:03.183+0000 7f7c0b9fa640 1 Processor -- start
2024-09-16T00:53:04.565 INFO:teuthology.orchestra.run.smithi017.stdout:/usr/bin/ceph: stderr
2024-09-16T00:53:03.183+0000 7f7c0b9fa640 1 -- start start
2024-09-16T00:53:04.565 INFO:teuthology.orchestra.run.smithi017.stdout:/usr/bin/ceph: stderr
2024-09-16T00:53:03.183+0000 7f7c0b9fa640 1 --2- >> [v2:172.21.15.17:3300/0,v1:172.21.15.17:6789/0] conn(0x7f7c0407dd80 0x7f7c0419d7a0 unknown :-1 s=NONE pgs=0 cs=0 l=1 rev1=0 crypto rx=0 tx=0 comp rx=0 tx=0).connect
2024-09-16T00:53:04.565 INFO:teuthology.orchestra.run.smithi017.stdout:/usr/bin/ceph: stderr
2024-09-16T00:53:03.183+0000 7f7c0b9fa640 1 -- --> [v2:172.21.15.17:3300/0,v1:172.21.15.17:6789/0] -- mon_getmap magic: 0 -- 0x7f7c0410db70 con 0x7f7c0407dd80
2024-09-16T00:53:04.565 INFO:teuthology.orchestra.run.smithi017.stdout:/usr/bin/ceph: stderr
2024-09-16T00:53:03.183+0000 7f7c09796640 1 --2- >> [v2:172.21.15.17:3300/0,v1:172.21.15.17:6789/0] conn(0x7f7c0407dd80 0x7f7c0419d7a0 unknown :-1 s=BANNER_CONNECTING pgs=0 cs=0 l=1 rev1=0 crypto rx=0 tx=0 comp rx=0 tx=0)._handle_peer_banner_payload supported=3 required=0
2024-09-16T00:53:04.565 INFO:teuthology.orchestra.run.smithi017.stdout:/usr/bin/ceph: stderr
2024-09-16T00:53:03.183+0000 7f7c09796640 1 --2- >> [v2:172.21.15.17:3300/0,v1:172.21.15.17:6789/0] conn(0x7f7c0407dd80 0x7f7c0419d7a0 unknown :-1 s=HELLO_CONNECTING pgs=0 cs=0 l=1 rev1=1 crypto rx=0 tx=0 comp rx=0 tx=0).handle_hello peer v2:172.21.15.17:3300/0 says I am v2:172.21.15.17:55854/0 (socket says 172.21.15.17:55854)
2024-09-16T00:53:04.565 INFO:teuthology.orchestra.run.smithi017.stdout:/usr/bin/ceph: stderr
2024-09-16T00:53:03.183+0000 7f7c09796640 1 -- 172.21.15.17:0/933154293 learned_addr learned my addr 172.21.15.17:0/933154293 (peer_addr_for_me v2:172.21.15.17:0/0)
2024-09-16T00:53:04.565 INFO:teuthology.orchestra.run.smithi017.stdout:/usr/bin/ceph: stderr
2024-09-16T00:53:03.184+0000 7f7c09796640 1 -- 172.21.15.17:0/933154293 --> [v2:172.21.15.17:3300/0,v1:172.21.15.17:6789/0] -- mon_subscribe({config=0+,monmap=0+}) -- 0x7f7c0419dce0 con 0x7f7c0407dd80
2024-09-16T00:53:04.565 INFO:teuthology.orchestra.run.smithi017.stdout:/usr/bin/ceph: stderr
2024-09-16T00:53:03.184+0000 7f7c09796640 1 --2- 172.21.15.17:0/933154293 >> [v2:172.21.15.17:3300/0,v1:172.21.15.17:6789/0] conn(0x7f7c0407dd80 0x7f7c0419d7a0 secure :-1 s=READY pgs=21 cs=0 l=1 rev1=1 crypto rx=0x7f7c000097f0 tx=0x7f7c00030d00 comp rx=0 tx=0).ready entity=mon.0 client_cookie=0 server_cookie=0 in_seq=0 out_seq=0
2024-09-16T00:53:04.565 INFO:teuthology.orchestra.run.smithi017.stdout:/usr/bin/ceph: stderr
2024-09-16T00:53:03.184+0000 7f7bfa7fc640 1 -- 172.21.15.17:0/933154293 <== mon.0 v2:172.21.15.17:3300/0 1 ==== mon_map magic: 0 ==== 205+0+0 (secure 0 0 0) 0x7f7c00037040 con 0x7f7c0407dd80
2024-09-16T00:53:04.565 INFO:teuthology.orchestra.run.smithi017.stdout:/usr/bin/ceph: stderr
2024-09-16T00:53:03.184+0000 7f7bfa7fc640 1 -- 172.21.15.17:0/933154293 <== mon.0 v2:172.21.15.17:3300/0 2 ==== config(26 keys) ==== 1071+0+0 (secure 0 0 0) 0x7f7c00032bb0 con 0x7f7c0407dd80
2024-09-16T00:53:04.565 INFO:teuthology.orchestra.run.smithi017.stdout:/usr/bin/ceph: stderr
2024-09-16T00:53:03.184+0000 7f7c0b9fa640 1 -- 172.21.15.17:0/933154293 --> [v2:172.21.15.17:3300/0,v1:172.21.15.17:6789/0] -- mon_subscribe({mgrmap=0+}) -- 0x7f7c0419df70 con 0x7f7c0407dd80
2024-09-16T00:53:04.565 INFO:teuthology.orchestra.run.smithi017.stdout:/usr/bin/ceph: stderr
2024-09-16T00:53:03.184+0000 7f7c0b9fa640 1 -- 172.21.15.17:0/933154293 --> [v2:172.21.15.17:3300/0,v1:172.21.15.17:6789/0] -- mon_subscribe({osdmap=0}) -- 0x7f7c041a0c60 con 0x7f7c0407dd80
2024-09-16T00:53:04.565 INFO:teuthology.orchestra.run.smithi017.stdout:/usr/bin/ceph: stderr
2024-09-16T00:53:03.184+0000 7f7bfa7fc640 1 -- 172.21.15.17:0/933154293 <== mon.0 v2:172.21.15.17:3300/0 3 ==== mon_map magic: 0 ==== 205+0+0 (secure 0 0 0) 0x7f7c0003a390 con 0x7f7c0407dd80
2024-09-16T00:53:04.566 INFO:teuthology.orchestra.run.smithi017.stdout:/usr/bin/ceph: stderr
2024-09-16T00:53:03.185+0000 7f7bfa7fc640 1 -- 172.21.15.17:0/933154293 <== mon.0 v2:172.21.15.17:3300/0 4 ==== mgrmap(e 4) ==== 46450+0+0 (secure 0 0 0) 0x7f7c0003a670 con 0x7f7c0407dd80
2024-09-16T00:53:04.566 INFO:teuthology.orchestra.run.smithi017.stdout:/usr/bin/ceph: stderr
2024-09-16T00:53:03.185+0000 7f7c0b9fa640 1 -- 172.21.15.17:0/933154293 --> [v2:172.21.15.17:3300/0,v1:172.21.15.17:6789/0] -- mon_command({"prefix": "get_command_descriptions"} v 0) -- 0x7f7be80052c0 con 0x7f7c0407dd80
2024-09-16T00:53:04.566 INFO:teuthology.orchestra.run.smithi017.stdout:/usr/bin/ceph: stderr
2024-09-16T00:53:03.185+0000 7f7bfa7fc640 1 --2- 172.21.15.17:0/933154293 >> [v2:172.21.15.17:6800/930560743,v1:172.21.15.17:6801/930560743] conn(0x7f7bf00391b0 0x7f7bf003b670 unknown :-1 s=NONE pgs=0 cs=0 l=1 rev1=0 crypto rx=0 tx=0 comp rx=0 tx=0).connect
2024-09-16T00:53:04.566 INFO:teuthology.orchestra.run.smithi017.stdout:/usr/bin/ceph: stderr
2024-09-16T00:53:03.186+0000 7f7bfa7fc640 1 -- 172.21.15.17:0/933154293 <== mon.0 v2:172.21.15.17:3300/0 5 ==== osd_map(1..1 src has 1..1) ==== 725+0+0 (secure 0 0 0) 0x7f7c0006c680 con 0x7f7c0407dd80
2024-09-16T00:53:04.566 INFO:teuthology.orchestra.run.smithi017.stdout:/usr/bin/ceph: stderr
2024-09-16T00:53:03.186+0000 7f7c08f95640 1 --2- 172.21.15.17:0/933154293 >> [v2:172.21.15.17:6800/930560743,v1:172.21.15.17:6801/930560743] conn(0x7f7bf00391b0 0x7f7bf003b670 unknown :-1 s=BANNER_CONNECTING pgs=0 cs=0 l=1 rev1=0 crypto rx=0 tx=0 comp rx=0 tx=0)._handle_peer_banner_payload supported=3 required=0
2024-09-16T00:53:04.566 INFO:teuthology.orchestra.run.smithi017.stdout:/usr/bin/ceph: stderr
2024-09-16T00:53:03.186+0000 7f7c08f95640 1 --2- 172.21.15.17:0/933154293 >> [v2:172.21.15.17:6800/930560743,v1:172.21.15.17:6801/930560743] conn(0x7f7bf00391b0 0x7f7bf003b670 secure :-1 s=READY pgs=8 cs=0 l=1 rev1=1 crypto rx=0x7f7bf40098c0 tx=0x7f7bf4006db0 comp rx=0 tx=0).ready entity=mgr.14100 client_cookie=0 server_cookie=0 in_seq=0 out_seq=0
2024-09-16T00:53:04.566 INFO:teuthology.orchestra.run.smithi017.stdout:/usr/bin/ceph: stderr
2024-09-16T00:53:03.191+0000 7f7bfa7fc640 1 -- 172.21.15.17:0/933154293 <== mon.0 v2:172.21.15.17:3300/0 6 ==== mon_command_ack([{"prefix": "get_command_descriptions"}]=0 v0) ==== 72+0+188821 (secure 0 0 0) 0x7f7c00032dd0 con 0x7f7c0407dd80
2024-09-16T00:53:04.566 INFO:teuthology.orchestra.run.smithi017.stdout:/usr/bin/ceph: stderr
2024-09-16T00:53:03.413+0000 7f7c0b9fa640 1 -- 172.21.15.17:0/933154293 --> [v2:172.21.15.17:3300/0,v1:172.21.15.17:6789/0] -- mon_command({"prefix": "mgr module enable", "module": "cephadm"} v 0) -- 0x7f7be80055b0 con 0x7f7c0407dd80
2024-09-16T00:53:04.566 INFO:teuthology.orchestra.run.smithi017.stdout:/usr/bin/ceph: stderr
2024-09-16T00:53:04.005+0000 7f7bfa7fc640 1 -- 172.21.15.17:0/933154293 <== mon.0 v2:172.21.15.17:3300/0 7 ==== mon_command_ack([{"prefix": "mgr module enable", "module": "cephadm"}]=0 v5) ==== 86+0+0 (secure 0 0 0) 0x7f7c000319e0 con 0x7f7c0407dd80
2024-09-16T00:53:04.566 INFO:teuthology.orchestra.run.smithi017.stdout:/usr/bin/ceph: stderr
2024-09-16T00:53:04.007+0000 7f7bfa7fc640 1 -- 172.21.15.17:0/933154293 <== mon.0 v2:172.21.15.17:3300/0 8 ==== mgrmap(e 5) ==== 46461+0+0 (secure 0 0 0) 0x7f7c00044780 con 0x7f7c0407dd80
2024-09-16T00:53:04.566 INFO:teuthology.orchestra.run.smithi017.stdout:/usr/bin/ceph: stderr
2024-09-16T00:53:04.009+0000 7f7c0b9fa640 1 -- 172.21.15.17:0/933154293 >> [v2:172.21.15.17:6800/930560743,v1:172.21.15.17:6801/930560743] conn(0x7f7bf00391b0 msgr2=0x7f7bf003b670 secure :-1 s=STATE_CONNECTION_ESTABLISHED l=1).mark_down
2024-09-16T00:53:04.566 INFO:teuthology.orchestra.run.smithi017.stdout:/usr/bin/ceph: stderr
2024-09-16T00:53:04.009+0000 7f7c0b9fa640 1 --2- 172.21.15.17:0/933154293 >> [v2:172.21.15.17:6800/930560743,v1:172.21.15.17:6801/930560743] conn(0x7f7bf00391b0 0x7f7bf003b670 secure :-1 s=READY pgs=8 cs=0 l=1 rev1=1 crypto rx=0x7f7bf40098c0 tx=0x7f7bf4006db0 comp rx=0 tx=0).stop
2024-09-16T00:53:04.566 INFO:teuthology.orchestra.run.smithi017.stdout:/usr/bin/ceph: stderr
2024-09-16T00:53:04.009+0000 7f7c0b9fa640 1 -- 172.21.15.17:0/933154293 >> [v2:172.21.15.17:3300/0,v1:172.21.15.17:6789/0] conn(0x7f7c0407dd80 msgr2=0x7f7c0419d7a0 secure :-1 s=STATE_CONNECTION_ESTABLISHED l=1).mark_down
2024-09-16T00:53:04.567 INFO:teuthology.orchestra.run.smithi017.stdout:/usr/bin/ceph: stderr
2024-09-16T00:53:04.009+0000 7f7c0b9fa640 1 --2- 172.21.15.17:0/933154293 >> [v2:172.21.15.17:3300/0,v1:172.21.15.17:6789/0] conn(0x7f7c0407dd80 0x7f7c0419d7a0 secure :-1 s=READY pgs=21 cs=0 l=1 rev1=1 crypto rx=0x7f7c000097f0 tx=0x7f7c00030d00 comp rx=0 tx=0).stop
2024-09-16T00:53:04.567 INFO:teuthology.orchestra.run.smithi017.stdout:/usr/bin/ceph: stderr
2024-09-16T00:53:04.009+0000 7f7c0b9fa640 1 -- 172.21.15.17:0/933154293 shutdown_connections
2024-09-16T00:53:04.567 INFO:teuthology.orchestra.run.smithi017.stdout:/usr/bin/ceph: stderr
2024-09-16T00:53:04.009+0000 7f7c0b9fa640 1 --2- 172.21.15.17:0/933154293 >> [v2:172.21.15.17:6800/930560743,v1:172.21.15.17:6801/930560743] conn(0x7f7bf00391b0 0x7f7bf003b670 unknown :-1 s=CLOSED pgs=8 cs=0 l=1 rev1=1 crypto rx=0 tx=0 comp rx=0 tx=0).stop
2024-09-16T00:53:04.567 INFO:teuthology.orchestra.run.smithi017.stdout:/usr/bin/ceph: stderr
2024-09-16T00:53:04.009+0000 7f7c0b9fa640 1 --2- 172.21.15.17:0/933154293 >> [v2:172.21.15.17:3300/0,v1:172.21.15.17:6789/0] conn(0x7f7c0407dd80 0x7f7c0419d7a0 unknown :-1 s=CLOSED pgs=21 cs=0 l=1 rev1=1 crypto rx=0 tx=0 comp rx=0 tx=0).stop
2024-09-16T00:53:04.567 INFO:teuthology.orchestra.run.smithi017.stdout:/usr/bin/ceph: stderr
2024-09-16T00:53:04.009+0000 7f7c0b9fa640 1 -- 172.21.15.17:0/933154293 >> 172.21.15.17:0/933154293 conn(0x7f7c04102f00 msgr2=0x7f7c04103ab0 unknown :-1 s=STATE_NONE l=0).mark_down
2024-09-16T00:53:04.567 INFO:teuthology.orchestra.run.smithi017.stdout:/usr/bin/ceph: stderr
2024-09-16T00:53:04.009+0000 7f7c0b9fa640 1 -- 172.21.15.17:0/933154293 shutdown_connections
2024-09-16T00:53:04.567 INFO:teuthology.orchestra.run.smithi017.stdout:/usr/bin/ceph: stderr
2024-09-16T00:53:04.009+0000 7f7c0b9fa640 1 -- 172.21.15.17:0/933154293 wait complete.
2024-09-16T00:53:04.605 INFO:journalctl@ceph.mgr.x.smithi017.stdout:Sep 16 00:53:04 smithi017 ceph-d67bb9a6-73c5-11ef-bceb-c7b262605968-mgr-x[31439]:
2024-09-16T00:53:04.372+0000 7fcda2425040 -1 mgr[py] Module diskprediction_local has missing NOTIFY_TYPES member
2024-09-16T00:53:04.605 INFO:journalctl@ceph.mgr.x.smithi017.stdout:Sep 16 00:53:04 smithi017 ceph-d67bb9a6-73c5-11ef-bceb-c7b262605968-mgr-x[31439]:
2024-09-16T00:53:04.441+0000 7fcda2425040 -1 mgr[py] Module crash has missing NOTIFY_TYPES member
2024-09-16T00:53:04.606 INFO:journalctl@ceph.mgr.x.smithi017.stdout:Sep 16 00:53:04 smithi017 ceph-d67bb9a6-73c5-11ef-bceb-c7b262605968-mgr-x[31439]:
2024-09-16T00:53:04.604+0000 7fcda2425040 -1 mgr[py] Module test_orchestrator has missing NOTIFY_TYPES member
2024-09-16T00:53:04.916 INFO:journalctl@ceph.mgr.x.smithi017.stdout:Sep 16 00:53:04 smithi017 ceph-d67bb9a6-73c5-11ef-bceb-c7b262605968-mgr-x[31439]:
2024-09-16T00:53:04.752+0000 7fcda2425040 -1 mgr[py] Module snap_schedule has missing NOTIFY_TYPES member
2024-09-16T00:53:05.187 INFO:journalctl@ceph.mon.a.smithi017.stdout:Sep 16 00:53:05 smithi017 ceph-mon[31211]: from='client.? 172.21.15.17:0/933154293' entity='client.admin' cmd='[{"prefix": "mgr module enable", "module": "cephadm"}]': finished
2024-09-16T00:53:05.187 INFO:journalctl@ceph.mon.a.smithi017.stdout:Sep 16 00:53:05 smithi017 ceph-mon[31211]: mgrmap e5: x(active, since 5s)
2024-09-16T00:53:05.187 INFO:journalctl@ceph.mgr.x.smithi017.stdout:Sep 16 00:53:05 smithi017 ceph-d67bb9a6-73c5-11ef-bceb-c7b262605968-mgr-x[31439]:
2024-09-16T00:53:05.088+0000 7fcda2425040 -1 mgr[py] Module prometheus has missing NOTIFY_TYPES member
2024-09-16T00:53:05.187 INFO:journalctl@ceph.mgr.x.smithi017.stdout:Sep 16 00:53:05 smithi017 ceph-d67bb9a6-73c5-11ef-bceb-c7b262605968-mgr-x[31439]:
2024-09-16T00:53:05.151+0000 7fcda2425040 -1 mgr[py] Module selftest has missing NOTIFY_TYPES member
2024-09-16T00:53:05.578 INFO:journalctl@ceph.mgr.x.smithi017.stdout:Sep 16 00:53:05 smithi017 ceph-d67bb9a6-73c5-11ef-bceb-c7b262605968-mgr-x[31439]:
2024-09-16T00:53:05.348+0000 7fcda2425040 -1 mgr[py] Module volumes has missing NOTIFY_TYPES member
2024-09-16T00:53:05.888 INFO:teuthology.orchestra.run.smithi017.stdout:/usr/bin/ceph: stdout {
2024-09-16T00:53:05.888 INFO:teuthology.orchestra.run.smithi017.stdout:/usr/bin/ceph: stdout "epoch": 5,
2024-09-16T00:53:05.888 INFO:teuthology.orchestra.run.smithi017.stdout:/usr/bin/ceph: stdout "available": true,
2024-09-16T00:53:05.888 INFO:teuthology.orchestra.run.smithi017.stdout:/usr/bin/ceph: stdout "active_name": "x",
2024-09-16T00:53:05.888 INFO:teuthology.orchestra.run.smithi017.stdout:/usr/bin/ceph: stdout "num_standby": 0
2024-09-16T00:53:05.888 INFO:teuthology.orchestra.run.smithi017.stdout:/usr/bin/ceph: stdout }
2024-09-16T00:53:05.889 INFO:teuthology.orchestra.run.smithi017.stdout:/usr/bin/ceph: stderr
2024-09-16T00:53:04.994+0000 7f412f463640 1 Processor -- start
2024-09-16T00:53:05.889 INFO:teuthology.orchestra.run.smithi017.stdout:/usr/bin/ceph: stderr
2024-09-16T00:53:04.994+0000 7f412f463640 1 -- start start
2024-09-16T00:53:05.889 INFO:teuthology.orchestra.run.smithi017.stdout:/usr/bin/ceph: stderr
2024-09-16T00:53:04.995+0000 7f412f463640 1 --2- >> [v2:172.21.15.17:3300/0,v1:172.21.15.17:6789/0] conn(0x7f41281080f0 0x7f412810a4e0 unknown :-1 s=NONE pgs=0 cs=0 l=0 rev1=0 crypto rx=0 tx=0 comp rx=0 tx=0).connect
2024-09-16T00:53:05.889 INFO:teuthology.orchestra.run.smithi017.stdout:/usr/bin/ceph: stderr
2024-09-16T00:53:04.995+0000 7f412f463640 1 -- --> [v2:172.21.15.17:3300/0,v1:172.21.15.17:6789/0] -- mon_getmap magic: 0 -- 0x7f412807be10 con 0x7f41281080f0
2024-09-16T00:53:05.889 INFO:teuthology.orchestra.run.smithi017.stdout:/usr/bin/ceph: stderr
2024-09-16T00:53:04.995+0000 7f412d1ff640 1 --2- >> [v2:172.21.15.17:3300/0,v1:172.21.15.17:6789/0] conn(0x7f41281080f0 0x7f412810a4e0 unknown :-1 s=BANNER_CONNECTING pgs=0 cs=0 l=0 rev1=0 crypto rx=0 tx=0 comp rx=0 tx=0)._handle_peer_banner_payload supported=3 required=0
2024-09-16T00:53:05.889 INFO:teuthology.orchestra.run.smithi017.stdout:/usr/bin/ceph: stderr
2024-09-16T00:53:04.995+0000 7f412d1ff640 1 --2- >> [v2:172.21.15.17:3300/0,v1:172.21.15.17:6789/0] conn(0x7f41281080f0 0x7f412810a4e0 unknown :-1 s=HELLO_CONNECTING pgs=0 cs=0 l=0 rev1=1 crypto rx=0 tx=0 comp rx=0 tx=0).handle_hello peer v2:172.21.15.17:3300/0 says I am v2:172.21.15.17:55880/0 (socket says 172.21.15.17:55880)
2024-09-16T00:53:05.889 INFO:teuthology.orchestra.run.smithi017.stdout:/usr/bin/ceph: stderr
2024-09-16T00:53:04.995+0000 7f412d1ff640 1 -- 172.21.15.17:0/1585109646 learned_addr learned my addr 172.21.15.17:0/1585109646 (peer_addr_for_me v2:172.21.15.17:0/0)
2024-09-16T00:53:05.889 INFO:teuthology.orchestra.run.smithi017.stdout:/usr/bin/ceph: stderr
2024-09-16T00:53:04.995+0000 7f412d1ff640 1 -- 172.21.15.17:0/1585109646 --> [v2:172.21.15.17:3300/0,v1:172.21.15.17:6789/0] -- mon_subscribe({config=0+,monmap=0+}) -- 0x7f412810aa20 con 0x7f41281080f0
2024-09-16T00:53:05.889 INFO:teuthology.orchestra.run.smithi017.stdout:/usr/bin/ceph: stderr
2024-09-16T00:53:04.996+0000 7f412d1ff640 1 --2- 172.21.15.17:0/1585109646 >> [v2:172.21.15.17:3300/0,v1:172.21.15.17:6789/0] conn(0x7f41281080f0 0x7f412810a4e0 secure :-1 s=READY pgs=24 cs=0 l=1 rev1=1 crypto rx=0x7f4124009820 tx=0x7f412402a270 comp rx=0 tx=0).ready entity=mon.0 client_cookie=8901d7558bbb574b server_cookie=0 in_seq=0 out_seq=0
2024-09-16T00:53:05.889 INFO:teuthology.orchestra.run.smithi017.stdout:/usr/bin/ceph: stderr
2024-09-16T00:53:04.996+0000 7f411bfff640 1 -- 172.21.15.17:0/1585109646 <== mon.0 v2:172.21.15.17:3300/0 1 ==== mon_map magic: 0 ==== 205+0+0 (secure 0 0 0) 0x7f4124037070 con 0x7f41281080f0
2024-09-16T00:53:05.889 INFO:teuthology.orchestra.run.smithi017.stdout:/usr/bin/ceph: stderr
2024-09-16T00:53:04.996+0000 7f411bfff640 1 -- 172.21.15.17:0/1585109646 <== mon.0 v2:172.21.15.17:3300/0 2 ==== config(26 keys) ==== 1071+0+0 (secure 0 0 0) 0x7f41240328d0 con 0x7f41281080f0
2024-09-16T00:53:05.889 INFO:teuthology.orchestra.run.smithi017.stdout:/usr/bin/ceph: stderr
2024-09-16T00:53:04.996+0000 7f411bfff640 1 -- 172.21.15.17:0/1585109646 <== mon.0 v2:172.21.15.17:3300/0 3 ==== mon_map magic: 0 ==== 205+0+0 (secure 0 0 0) 0x7f41240307d0 con 0x7f41281080f0
2024-09-16T00:53:05.890 INFO:teuthology.orchestra.run.smithi017.stdout:/usr/bin/ceph: stderr
2024-09-16T00:53:04.997+0000 7f412f463640 1 -- 172.21.15.17:0/1585109646 >> [v2:172.21.15.17:3300/0,v1:172.21.15.17:6789/0] conn(0x7f41281080f0 msgr2=0x7f412810a4e0 secure :-1 s=STATE_CONNECTION_ESTABLISHED l=1).mark_down
2024-09-16T00:53:05.890 INFO:teuthology.orchestra.run.smithi017.stdout:/usr/bin/ceph: stderr
2024-09-16T00:53:04.997+0000 7f412f463640 1 --2- 172.21.15.17:0/1585109646 >> [v2:172.21.15.17:3300/0,v1:172.21.15.17:6789/0] conn(0x7f41281080f0 0x7f412810a4e0 secure :-1 s=READY pgs=24 cs=0 l=1 rev1=1 crypto rx=0x7f4124009820 tx=0x7f412402a270 comp rx=0 tx=0).stop
2024-09-16T00:53:05.890 INFO:teuthology.orchestra.run.smithi017.stdout:/usr/bin/ceph: stderr
2024-09-16T00:53:04.997+0000 7f412f463640 1 -- 172.21.15.17:0/1585109646 shutdown_connections
2024-09-16T00:53:05.890 INFO:teuthology.orchestra.run.smithi017.stdout:/usr/bin/ceph: stderr
2024-09-16T00:53:04.997+0000 7f412f463640 1 --2- 172.21.15.17:0/1585109646 >> [v2:172.21.15.17:3300/0,v1:172.21.15.17:6789/0] conn(0x7f41281080f0 0x7f412810a4e0 unknown :-1 s=CLOSED pgs=24 cs=0 l=1 rev1=1 crypto rx=0 tx=0 comp rx=0 tx=0).stop
2024-09-16T00:53:05.890 INFO:teuthology.orchestra.run.smithi017.stdout:/usr/bin/ceph: stderr
2024-09-16T00:53:04.997+0000 7f412f463640 1 -- 172.21.15.17:0/1585109646 >> 172.21.15.17:0/1585109646 conn(0x7f4128101cf0 msgr2=0x7f4128104110 unknown :-1 s=STATE_NONE l=0).mark_down
2024-09-16T00:53:05.890 INFO:teuthology.orchestra.run.smithi017.stdout:/usr/bin/ceph: stderr
2024-09-16T00:53:04.997+0000 7f412f463640 1 -- 172.21.15.17:0/1585109646 shutdown_connections
2024-09-16T00:53:05.890 INFO:teuthology.orchestra.run.smithi017.stdout:/usr/bin/ceph: stderr
2024-09-16T00:53:04.997+0000 7f412f463640 1 -- 172.21.15.17:0/1585109646 wait complete.
