2024-09-16T00:53:22.648+0000 7f9892ffd640 1 --2- >> [v2:172.21.15.17:3300/0,v1:172.21.15.17:6789/0] conn(0x7f9894107650 0x7f9894107a50 unknown :-1 s=BANNER_CONNECTING pgs=0 cs=0 l=0 rev1=0 crypto rx=0 tx=0 comp rx=0 tx=0)._handle_peer_banner_payload supported=3 required=0
2024-09-16T00:53:23.477 INFO:teuthology.orchestra.run.smithi017.stdout:/usr/bin/ceph: stderr
2024-09-16T00:53:22.648+0000 7f9892ffd640 1 --2- >> [v2:172.21.15.17:3300/0,v1:172.21.15.17:6789/0] conn(0x7f9894107650 0x7f9894107a50 unknown :-1 s=HELLO_CONNECTING pgs=0 cs=0 l=0 rev1=1 crypto rx=0 tx=0 comp rx=0 tx=0).handle_hello peer v2:172.21.15.17:3300/0 says I am v2:172.21.15.17:46366/0 (socket says 172.21.15.17:46366)
2024-09-16T00:53:23.477 INFO:teuthology.orchestra.run.smithi017.stdout:/usr/bin/ceph: stderr
2024-09-16T00:53:22.648+0000 7f9892ffd640 1 -- 172.21.15.17:0/1523937857 learned_addr learned my addr 172.21.15.17:0/1523937857 (peer_addr_for_me v2:172.21.15.17:0/0)
2024-09-16T00:53:23.477 INFO:teuthology.orchestra.run.smithi017.stdout:/usr/bin/ceph: stderr
2024-09-16T00:53:22.648+0000 7f9892ffd640 1 -- 172.21.15.17:0/1523937857 --> [v2:172.21.15.17:3300/0,v1:172.21.15.17:6789/0] -- mon_subscribe({config=0+,monmap=0+}) -- 0x7f9894108110 con 0x7f9894107650
2024-09-16T00:53:23.477 INFO:teuthology.orchestra.run.smithi017.stdout:/usr/bin/ceph: stderr
2024-09-16T00:53:22.649+0000 7f9892ffd640 1 --2- 172.21.15.17:0/1523937857 >> [v2:172.21.15.17:3300/0,v1:172.21.15.17:6789/0] conn(0x7f9894107650 0x7f9894107a50 secure :-1 s=READY pgs=47 cs=0 l=1 rev1=1 crypto rx=0x7f9884009820 tx=0x7f988402a270 comp rx=0 tx=0).ready entity=mon.0 client_cookie=763a0e1461fe50f1 server_cookie=0 in_seq=0 out_seq=0
2024-09-16T00:53:23.477 INFO:teuthology.orchestra.run.smithi017.stdout:/usr/bin/ceph: stderr
2024-09-16T00:53:22.649+0000 7f9891ffb640 1 -- 172.21.15.17:0/1523937857 <== mon.0 v2:172.21.15.17:3300/0 1 ==== mon_map magic: 0 ==== 205+0+0 (secure 0 0 0) 0x7f9884037070 con 0x7f9894107650
2024-09-16T00:53:23.477 INFO:teuthology.orchestra.run.smithi017.stdout:/usr/bin/ceph: stderr
2024-09-16T00:53:22.649+0000 7f9891ffb640 1 -- 172.21.15.17:0/1523937857 <== mon.0 v2:172.21.15.17:3300/0 2 ==== config(26 keys) ==== 1071+0+0 (secure 0 0 0) 0x7f98840328d0 con 0x7f9894107650
2024-09-16T00:53:23.477 INFO:teuthology.orchestra.run.smithi017.stdout:/usr/bin/ceph: stderr
2024-09-16T00:53:22.649+0000 7f9891ffb640 1 -- 172.21.15.17:0/1523937857 <== mon.0 v2:172.21.15.17:3300/0 3 ==== mon_map magic: 0 ==== 205+0+0 (secure 0 0 0) 0x7f98840307d0 con 0x7f9894107650
2024-09-16T00:53:23.477 INFO:teuthology.orchestra.run.smithi017.stdout:/usr/bin/ceph: stderr
2024-09-16T00:53:22.650+0000 7f9899836640 1 -- 172.21.15.17:0/1523937857 >> [v2:172.21.15.17:3300/0,v1:172.21.15.17:6789/0] conn(0x7f9894107650 msgr2=0x7f9894107a50 secure :-1 s=STATE_CONNECTION_ESTABLISHED l=1).mark_down
2024-09-16T00:53:23.477 INFO:teuthology.orchestra.run.smithi017.stdout:/usr/bin/ceph: stderr
2024-09-16T00:53:22.650+0000 7f9899836640 1 --2- 172.21.15.17:0/1523937857 >> [v2:172.21.15.17:3300/0,v1:172.21.15.17:6789/0] conn(0x7f9894107650 0x7f9894107a50 secure :-1 s=READY pgs=47 cs=0 l=1 rev1=1 crypto rx=0x7f9884009820 tx=0x7f988402a270 comp rx=0 tx=0).stop
2024-09-16T00:53:23.477 INFO:teuthology.orchestra.run.smithi017.stdout:/usr/bin/ceph: stderr
2024-09-16T00:53:22.650+0000 7f9899836640 1 -- 172.21.15.17:0/1523937857 shutdown_connections
2024-09-16T00:53:23.477 INFO:teuthology.orchestra.run.smithi017.stdout:/usr/bin/ceph: stderr
2024-09-16T00:53:22.650+0000 7f9899836640 1 --2- 172.21.15.17:0/1523937857 >> [v2:172.21.15.17:3300/0,v1:172.21.15.17:6789/0] conn(0x7f9894107650 0x7f9894107a50 unknown :-1 s=CLOSED pgs=47 cs=0 l=1 rev1=1 crypto rx=0 tx=0 comp rx=0 tx=0).stop
2024-09-16T00:53:23.477 INFO:teuthology.orchestra.run.smithi017.stdout:/usr/bin/ceph: stderr
2024-09-16T00:53:22.650+0000 7f9899836640 1 -- 172.21.15.17:0/1523937857 >> 172.21.15.17:0/1523937857 conn(0x7f9894102e60 msgr2=0x7f98941052c0 unknown :-1 s=STATE_NONE l=0).mark_down
2024-09-16T00:53:23.478 INFO:teuthology.orchestra.run.smithi017.stdout:/usr/bin/ceph: stderr
2024-09-16T00:53:22.650+0000 7f9899836640 1 -- 172.21.15.17:0/1523937857 shutdown_connections
2024-09-16T00:53:23.478 INFO:teuthology.orchestra.run.smithi017.stdout:/usr/bin/ceph: stderr
2024-09-16T00:53:22.650+0000 7f9899836640 1 -- 172.21.15.17:0/1523937857 wait complete.
2024-09-16T00:53:23.478 INFO:teuthology.orchestra.run.smithi017.stdout:/usr/bin/ceph: stderr
2024-09-16T00:53:22.650+0000 7f9899836640 1 Processor -- start
2024-09-16T00:53:23.478 INFO:teuthology.orchestra.run.smithi017.stdout:/usr/bin/ceph: stderr
2024-09-16T00:53:22.650+0000 7f9899836640 1 -- start start
2024-09-16T00:53:23.478 INFO:teuthology.orchestra.run.smithi017.stdout:/usr/bin/ceph: stderr
2024-09-16T00:53:22.651+0000 7f9899836640 1 --2- >> [v2:172.21.15.17:3300/0,v1:172.21.15.17:6789/0] conn(0x7f9894107650 0x7f989407db60 unknown :-1 s=NONE pgs=0 cs=0 l=1 rev1=0 crypto rx=0 tx=0 comp rx=0 tx=0).connect
2024-09-16T00:53:23.478 INFO:teuthology.orchestra.run.smithi017.stdout:/usr/bin/ceph: stderr
2024-09-16T00:53:22.651+0000 7f9899836640 1 -- --> [v2:172.21.15.17:3300/0,v1:172.21.15.17:6789/0] -- mon_getmap magic: 0 -- 0x7f989410bac0 con 0x7f9894107650
2024-09-16T00:53:23.478 INFO:teuthology.orchestra.run.smithi017.stdout:/usr/bin/ceph: stderr
2024-09-16T00:53:22.651+0000 7f9892ffd640 1 --2- >> [v2:172.21.15.17:3300/0,v1:172.21.15.17:6789/0] conn(0x7f9894107650 0x7f989407db60 unknown :-1 s=BANNER_CONNECTING pgs=0 cs=0 l=1 rev1=0 crypto rx=0 tx=0 comp rx=0 tx=0)._handle_peer_banner_payload supported=3 required=0
2024-09-16T00:53:23.478 INFO:teuthology.orchestra.run.smithi017.stdout:/usr/bin/ceph: stderr
2024-09-16T00:53:22.651+0000 7f9892ffd640 1 --2- >> [v2:172.21.15.17:3300/0,v1:172.21.15.17:6789/0] conn(0x7f9894107650 0x7f989407db60 unknown :-1 s=HELLO_CONNECTING pgs=0 cs=0 l=1 rev1=1 crypto rx=0 tx=0 comp rx=0 tx=0).handle_hello peer v2:172.21.15.17:3300/0 says I am v2:172.21.15.17:46370/0 (socket says 172.21.15.17:46370)
2024-09-16T00:53:23.478 INFO:teuthology.orchestra.run.smithi017.stdout:/usr/bin/ceph: stderr
2024-09-16T00:53:22.651+0000 7f9892ffd640 1 -- 172.21.15.17:0/4005527233 learned_addr learned my addr 172.21.15.17:0/4005527233 (peer_addr_for_me v2:172.21.15.17:0/0)
2024-09-16T00:53:23.478 INFO:teuthology.orchestra.run.smithi017.stdout:/usr/bin/ceph: stderr
2024-09-16T00:53:22.651+0000 7f9892ffd640 1 -- 172.21.15.17:0/4005527233 --> [v2:172.21.15.17:3300/0,v1:172.21.15.17:6789/0] -- mon_subscribe({config=0+,monmap=0+}) -- 0x7f989407e0a0 con 0x7f9894107650
2024-09-16T00:53:23.478 INFO:teuthology.orchestra.run.smithi017.stdout:/usr/bin/ceph: stderr
2024-09-16T00:53:22.651+0000 7f9892ffd640 1 --2- 172.21.15.17:0/4005527233 >> [v2:172.21.15.17:3300/0,v1:172.21.15.17:6789/0] conn(0x7f9894107650 0x7f989407db60 secure :-1 s=READY pgs=48 cs=0 l=1 rev1=1 crypto rx=0x7f9884032e10 tx=0x7f9884032e40 comp rx=0 tx=0).ready entity=mon.0 client_cookie=0 server_cookie=0 in_seq=0 out_seq=0
2024-09-16T00:53:23.478 INFO:teuthology.orchestra.run.smithi017.stdout:/usr/bin/ceph: stderr
2024-09-16T00:53:22.651+0000 7f9898834640 1 -- 172.21.15.17:0/4005527233 <== mon.0 v2:172.21.15.17:3300/0 1 ==== mon_map magic: 0 ==== 205+0+0 (secure 0 0 0) 0x7f9884042070 con 0x7f9894107650
2024-09-16T00:53:23.479 INFO:teuthology.orchestra.run.smithi017.stdout:/usr/bin/ceph: stderr
2024-09-16T00:53:22.651+0000 7f9898834640 1 -- 172.21.15.17:0/4005527233 <== mon.0 v2:172.21.15.17:3300/0 2 ==== config(26 keys) ==== 1071+0+0 (secure 0 0 0) 0x7f9884030c80 con 0x7f9894107650
2024-09-16T00:53:23.479 INFO:teuthology.orchestra.run.smithi017.stdout:/usr/bin/ceph: stderr
2024-09-16T00:53:22.651+0000 7f9899836640 1 -- 172.21.15.17:0/4005527233 --> [v2:172.21.15.17:3300/0,v1:172.21.15.17:6789/0] -- mon_subscribe({mgrmap=0+}) -- 0x7f989407c290 con 0x7f9894107650
2024-09-16T00:53:23.479 INFO:teuthology.orchestra.run.smithi017.stdout:/usr/bin/ceph: stderr
2024-09-16T00:53:22.652+0000 7f9898834640 1 -- 172.21.15.17:0/4005527233 <== mon.0 v2:172.21.15.17:3300/0 3 ==== mon_map magic: 0 ==== 205+0+0 (secure 0 0 0) 0x7f9884037040 con 0x7f9894107650
2024-09-16T00:53:23.479 INFO:teuthology.orchestra.run.smithi017.stdout:/usr/bin/ceph: stderr
2024-09-16T00:53:22.652+0000 7f9899836640 1 -- 172.21.15.17:0/4005527233 --> [v2:172.21.15.17:3300/0,v1:172.21.15.17:6789/0] -- mon_subscribe({osdmap=0}) -- 0x7f989407c7d0 con 0x7f9894107650
2024-09-16T00:53:23.479 INFO:teuthology.orchestra.run.smithi017.stdout:/usr/bin/ceph: stderr
2024-09-16T00:53:22.652+0000 7f9898834640 1 -- 172.21.15.17:0/4005527233 <== mon.0 v2:172.21.15.17:3300/0 4 ==== mgrmap(e 8) ==== 46461+0+0 (secure 0 0 0) 0x7f9884045070 con 0x7f9894107650
2024-09-16T00:53:23.479 INFO:teuthology.orchestra.run.smithi017.stdout:/usr/bin/ceph: stderr
2024-09-16T00:53:22.653+0000 7f9898834640 1 --2- 172.21.15.17:0/4005527233 >> [v2:172.21.15.17:6800/944475972,v1:172.21.15.17:6801/944475972] conn(0x7f987c039200 0x7f987c03b6c0 unknown :-1 s=NONE pgs=0 cs=0 l=1 rev1=0 crypto rx=0 tx=0 comp rx=0 tx=0).connect
2024-09-16T00:53:23.479 INFO:teuthology.orchestra.run.smithi017.stdout:/usr/bin/ceph: stderr
2024-09-16T00:53:22.653+0000 7f9898834640 1 -- 172.21.15.17:0/4005527233 <== mon.0 v2:172.21.15.17:3300/0 5 ==== osd_map(2..2 src has 1..2) ==== 940+0+0 (secure 0 0 0) 0x7f988406c210 con 0x7f9894107650
2024-09-16T00:53:23.479 INFO:teuthology.orchestra.run.smithi017.stdout:/usr/bin/ceph: stderr
2024-09-16T00:53:22.653+0000 7f98927fc640 1 --2- 172.21.15.17:0/4005527233 >> [v2:172.21.15.17:6800/944475972,v1:172.21.15.17:6801/944475972] conn(0x7f987c039200 0x7f987c03b6c0 unknown :-1 s=BANNER_CONNECTING pgs=0 cs=0 l=1 rev1=0 crypto rx=0 tx=0 comp rx=0 tx=0)._handle_peer_banner_payload supported=3 required=0
2024-09-16T00:53:23.479 INFO:teuthology.orchestra.run.smithi017.stdout:/usr/bin/ceph: stderr
2024-09-16T00:53:22.653+0000 7f9899836640 1 -- 172.21.15.17:0/4005527233 --> [v2:172.21.15.17:3300/0,v1:172.21.15.17:6789/0] -- mon_command({"prefix": "get_command_descriptions"} v 0) -- 0x7f989410bc40 con 0x7f9894107650
2024-09-16T00:53:23.479 INFO:teuthology.orchestra.run.smithi017.stdout:/usr/bin/ceph: stderr
2024-09-16T00:53:22.653+0000 7f98927fc640 1 --2- 172.21.15.17:0/4005527233 >> [v2:172.21.15.17:6800/944475972,v1:172.21.15.17:6801/944475972] conn(0x7f987c039200 0x7f987c03b6c0 secure :-1 s=READY pgs=13 cs=0 l=1 rev1=1 crypto rx=0x7f98880098c0 tx=0x7f9888006db0 comp rx=0 tx=0).ready entity=mgr.14118 client_cookie=0 server_cookie=0 in_seq=0 out_seq=0
2024-09-16T00:53:23.479 INFO:teuthology.orchestra.run.smithi017.stdout:/usr/bin/ceph: stderr
2024-09-16T00:53:22.658+0000 7f9898834640 1 -- 172.21.15.17:0/4005527233 <== mon.0 v2:172.21.15.17:3300/0 6 ==== mon_command_ack([{"prefix": "get_command_descriptions"}]=0 v0) ==== 72+0+188821 (secure 0 0 0) 0x7f9884045360 con 0x7f9894107650
2024-09-16T00:53:23.479 INFO:teuthology.orchestra.run.smithi017.stdout:/usr/bin/ceph: stderr
2024-09-16T00:53:22.850+0000 7f9899836640 1 -- 172.21.15.17:0/4005527233 --> [v2:172.21.15.17:6800/944475972,v1:172.21.15.17:6801/944475972] -- mgr_command(tid 0: {"prefix": "orch apply", "service_type": "mgr", "unmanaged": true, "target": ["mon-mgr", ""]}) -- 0x7f989407cf50 con 0x7f987c039200
2024-09-16T00:53:23.480 INFO:teuthology.orchestra.run.smithi017.stdout:/usr/bin/ceph: stderr
2024-09-16T00:53:22.854+0000 7f9898834640 1 -- 172.21.15.17:0/4005527233 <== mgr.14118 v2:172.21.15.17:6800/944475972 1 ==== mgr_command_reply(tid 0: 0 ) ==== 8+0+24 (secure 0 0 0) 0x7f989407cf50 con 0x7f987c039200
2024-09-16T00:53:23.480 INFO:teuthology.orchestra.run.smithi017.stdout:/usr/bin/ceph: stderr
2024-09-16T00:53:22.856+0000 7f9899836640 1 -- 172.21.15.17:0/4005527233 >> [v2:172.21.15.17:6800/944475972,v1:172.21.15.17:6801/944475972] conn(0x7f987c039200 msgr2=0x7f987c03b6c0 secure :-1 s=STATE_CONNECTION_ESTABLISHED l=1).mark_down
2024-09-16T00:53:23.480 INFO:teuthology.orchestra.run.smithi017.stdout:/usr/bin/ceph: stderr
2024-09-16T00:53:22.856+0000 7f9899836640 1 --2- 172.21.15.17:0/4005527233 >> [v2:172.21.15.17:6800/944475972,v1:172.21.15.17:6801/944475972] conn(0x7f987c039200 0x7f987c03b6c0 secure :-1 s=READY pgs=13 cs=0 l=1 rev1=1 crypto rx=0x7f98880098c0 tx=0x7f9888006db0 comp rx=0 tx=0).stop
2024-09-16T00:53:23.480 INFO:teuthology.orchestra.run.smithi017.stdout:/usr/bin/ceph: stderr
2024-09-16T00:53:22.856+0000 7f9899836640 1 -- 172.21.15.17:0/4005527233 >> [v2:172.21.15.17:3300/0,v1:172.21.15.17:6789/0] conn(0x7f9894107650 msgr2=0x7f989407db60 secure :-1 s=STATE_CONNECTION_ESTABLISHED l=1).mark_down
2024-09-16T00:53:23.480 INFO:teuthology.orchestra.run.smithi017.stdout:/usr/bin/ceph: stderr
2024-09-16T00:53:22.856+0000 7f9899836640 1 --2- 172.21.15.17:0/4005527233 >> [v2:172.21.15.17:3300/0,v1:172.21.15.17:6789/0] conn(0x7f9894107650 0x7f989407db60 secure :-1 s=READY pgs=48 cs=0 l=1 rev1=1 crypto rx=0x7f9884032e10 tx=0x7f9884032e40 comp rx=0 tx=0).stop
2024-09-16T00:53:23.480 INFO:teuthology.orchestra.run.smithi017.stdout:/usr/bin/ceph: stderr
2024-09-16T00:53:22.856+0000 7f9899836640 1 -- 172.21.15.17:0/4005527233 shutdown_connections
2024-09-16T00:53:23.480 INFO:teuthology.orchestra.run.smithi017.stdout:/usr/bin/ceph: stderr
2024-09-16T00:53:22.856+0000 7f9899836640 1 --2- 172.21.15.17:0/4005527233 >> [v2:172.21.15.17:6800/944475972,v1:172.21.15.17:6801/944475972] conn(0x7f987c039200 0x7f987c03b6c0 unknown :-1 s=CLOSED pgs=13 cs=0 l=1 rev1=1 crypto rx=0 tx=0 comp rx=0 tx=0).stop
2024-09-16T00:53:23.480 INFO:teuthology.orchestra.run.smithi017.stdout:/usr/bin/ceph: stderr
2024-09-16T00:53:22.856+0000 7f9899836640 1 --2- 172.21.15.17:0/4005527233 >> [v2:172.21.15.17:3300/0,v1:172.21.15.17:6789/0] conn(0x7f9894107650 0x7f989407db60 unknown :-1 s=CLOSED pgs=48 cs=0 l=1 rev1=1 crypto rx=0 tx=0 comp rx=0 tx=0).stop
2024-09-16T00:53:23.480 INFO:teuthology.orchestra.run.smithi017.stdout:/usr/bin/ceph: stderr
2024-09-16T00:53:22.856+0000 7f9899836640 1 -- 172.21.15.17:0/4005527233 >> 172.21.15.17:0/4005527233 conn(0x7f9894102e60 msgr2=0x7f98941039a0 unknown :-1 s=STATE_NONE l=0).mark_down
2024-09-16T00:53:23.480 INFO:teuthology.orchestra.run.smithi017.stdout:/usr/bin/ceph: stderr
2024-09-16T00:53:22.856+0000 7f9899836640 1 -- 172.21.15.17:0/4005527233 shutdown_connections
2024-09-16T00:53:23.480 INFO:teuthology.orchestra.run.smithi017.stdout:/usr/bin/ceph: stderr
2024-09-16T00:53:22.856+0000 7f9899836640 1 -- 172.21.15.17:0/4005527233 wait complete.
2024-09-16T00:53:24.114 INFO:journalctl@ceph.mon.a.smithi017.stdout:Sep 16 00:53:23 smithi017 ceph-mon[31211]: from='client.14142 -' entity='client.admin' cmd=[{"prefix": "orch apply", "service_type": "mgr", "unmanaged": true, "target": ["mon-mgr", ""]}]: dispatch
2024-09-16T00:53:24.114 INFO:journalctl@ceph.mon.a.smithi017.stdout:Sep 16 00:53:23 smithi017 ceph-mon[31211]: Saving service mgr spec with placement count:2
2024-09-16T00:53:24.114 INFO:journalctl@ceph.mon.a.smithi017.stdout:Sep 16 00:53:23 smithi017 ceph-mon[31211]: from='mgr.14118 172.21.15.17:0/1966043375' entity='mgr.x'
2024-09-16T00:53:25.337 INFO:teuthology.orchestra.run.smithi017.stdout:/usr/bin/ceph: stderr
2024-09-16T00:53:24.310+0000 7f526783b640 1 Processor -- start
2024-09-16T00:53:25.337 INFO:teuthology.orchestra.run.smithi017.stdout:/usr/bin/ceph: stderr
2024-09-16T00:53:24.310+0000 7f526783b640 1 -- start start
2024-09-16T00:53:25.337 INFO:teuthology.orchestra.run.smithi017.stdout:/usr/bin/ceph: stderr
2024-09-16T00:53:24.310+0000 7f526783b640 1 --2- >> [v2:172.21.15.17:3300/0,v1:172.21.15.17:6789/0] conn(0x7f52601064d0 0x7f52601068d0 unknown :-1 s=NONE pgs=0 cs=0 l=0 rev1=0 crypto rx=0 tx=0 comp rx=0 tx=0).connect
2024-09-16T00:53:25.337 INFO:teuthology.orchestra.run.smithi017.stdout:/usr/bin/ceph: stderr
2024-09-16T00:53:24.310+0000 7f526783b640 1 -- --> [v2:172.21.15.17:3300/0,v1:172.21.15.17:6789/0] -- mon_getmap magic: 0 -- 0x7f5260106ea0 con 0x7f52601064d0
2024-09-16T00:53:25.337 INFO:teuthology.orchestra.run.smithi017.stdout:/usr/bin/ceph: stderr
2024-09-16T00:53:24.310+0000 7f52655d7640 1 --2- >> [v2:172.21.15.17:3300/0,v1:172.21.15.17:6789/0] conn(0x7f52601064d0 0x7f52601068d0 unknown :-1 s=BANNER_CONNECTING pgs=0 cs=0 l=0 rev1=0 crypto rx=0 tx=0 comp rx=0 tx=0)._handle_peer_banner_payload supported=3 required=0
2024-09-16T00:53:25.337 INFO:teuthology.orchestra.run.smithi017.stdout:/usr/bin/ceph: stderr
2024-09-16T00:53:24.310+0000 7f52655d7640 1 --2- >> [v2:172.21.15.17:3300/0,v1:172.21.15.17:6789/0] conn(0x7f52601064d0 0x7f52601068d0 unknown :-1 s=HELLO_CONNECTING pgs=0 cs=0 l=0 rev1=1 crypto rx=0 tx=0 comp rx=0 tx=0).handle_hello peer v2:172.21.15.17:3300/0 says I am v2:172.21.15.17:46384/0 (socket says 172.21.15.17:46384)
2024-09-16T00:53:25.337 INFO:teuthology.orchestra.run.smithi017.stdout:/usr/bin/ceph: stderr
2024-09-16T00:53:24.310+0000 7f52655d7640 1 -- 172.21.15.17:0/2673253405 learned_addr learned my addr 172.21.15.17:0/2673253405 (peer_addr_for_me v2:172.21.15.17:0/0)
2024-09-16T00:53:25.338 INFO:teuthology.orchestra.run.smithi017.stdout:/usr/bin/ceph: stderr
2024-09-16T00:53:24.310+0000 7f52655d7640 1 -- 172.21.15.17:0/2673253405 --> [v2:172.21.15.17:3300/0,v1:172.21.15.17:6789/0] -- mon_subscribe({config=0+,monmap=0+}) -- 0x7f5260107680 con 0x7f52601064d0
2024-09-16T00:53:25.338 INFO:teuthology.orchestra.run.smithi017.stdout:/usr/bin/ceph: stderr
2024-09-16T00:53:24.311+0000 7f52655d7640 1 --2- 172.21.15.17:0/2673253405 >> [v2:172.21.15.17:3300/0,v1:172.21.15.17:6789/0] conn(0x7f52601064d0 0x7f52601068d0 secure :-1 s=READY pgs=49 cs=0 l=1 rev1=1 crypto rx=0x7f525c009820 tx=0x7f525c02a270 comp rx=0 tx=0).ready entity=mon.0 client_cookie=e68819d84894bf0a server_cookie=0 in_seq=0 out_seq=0
2024-09-16T00:53:25.338 INFO:teuthology.orchestra.run.smithi017.stdout:/usr/bin/ceph: stderr
2024-09-16T00:53:24.311+0000 7f5257fff640 1 -- 172.21.15.17:0/2673253405 <== mon.0 v2:172.21.15.17:3300/0 1 ==== mon_map magic: 0 ==== 205+0+0 (secure 0 0 0) 0x7f525c037070 con 0x7f52601064d0
2024-09-16T00:53:25.338 INFO:teuthology.orchestra.run.smithi017.stdout:/usr/bin/ceph: stderr
2024-09-16T00:53:24.311+0000 7f5257fff640 1 -- 172.21.15.17:0/2673253405 <== mon.0 v2:172.21.15.17:3300/0 2 ==== config(26 keys) ==== 1071+0+0 (secure 0 0 0) 0x7f525c0328d0 con 0x7f52601064d0
2024-09-16T00:53:25.338 INFO:teuthology.orchestra.run.smithi017.stdout:/usr/bin/ceph: stderr
2024-09-16T00:53:24.311+0000 7f5257fff640 1 -- 172.21.15.17:0/2673253405 <== mon.0 v2:172.21.15.17:3300/0 3 ==== mon_map magic: 0 ==== 205+0+0 (secure 0 0 0) 0x7f525c0307d0 con 0x7f52601064d0
2024-09-16T00:53:25.338 INFO:teuthology.orchestra.run.smithi017.stdout:/usr/bin/ceph: stderr
2024-09-16T00:53:24.312+0000 7f526783b640 1 -- 172.21.15.17:0/2673253405 >> [v2:172.21.15.17:3300/0,v1:172.21.15.17:6789/0] conn(0x7f52601064d0 msgr2=0x7f52601068d0 secure :-1 s=STATE_CONNECTION_ESTABLISHED l=1).mark_down
2024-09-16T00:53:25.338 INFO:teuthology.orchestra.run.smithi017.stdout:/usr/bin/ceph: stderr
2024-09-16T00:53:24.312+0000 7f526783b640 1 --2- 172.21.15.17:0/2673253405 >> [v2:172.21.15.17:3300/0,v1:172.21.15.17:6789/0] conn(0x7f52601064d0 0x7f52601068d0 secure :-1 s=READY pgs=49 cs=0 l=1 rev1=1 crypto rx=0x7f525c009820 tx=0x7f525c02a270 comp rx=0 tx=0).stop
2024-09-16T00:53:25.338 INFO:teuthology.orchestra.run.smithi017.stdout:/usr/bin/ceph: stderr
2024-09-16T00:53:24.312+0000 7f526783b640 1 -- 172.21.15.17:0/2673253405 shutdown_connections
2024-09-16T00:53:25.338 INFO:teuthology.orchestra.run.smithi017.stdout:/usr/bin/ceph: stderr
2024-09-16T00:53:24.312+0000 7f526783b640 1 --2- 172.21.15.17:0/2673253405 >> [v2:172.21.15.17:3300/0,v1:172.21.15.17:6789/0] conn(0x7f52601064d0 0x7f52601068d0 unknown :-1 s=CLOSED pgs=49 cs=0 l=1 rev1=1 crypto rx=0 tx=0 comp rx=0 tx=0).stop
2024-09-16T00:53:25.338 INFO:teuthology.orchestra.run.smithi017.stdout:/usr/bin/ceph: stderr
2024-09-16T00:53:24.312+0000 7f526783b640 1 -- 172.21.15.17:0/2673253405 >> 172.21.15.17:0/2673253405 conn(0x7f5260101ce0 msgr2=0x7f5260104100 unknown :-1 s=STATE_NONE l=0).mark_down
2024-09-16T00:53:25.338 INFO:teuthology.orchestra.run.smithi017.stdout:/usr/bin/ceph: stderr
2024-09-16T00:53:24.312+0000 7f526783b640 1 -- 172.21.15.17:0/2673253405 shutdown_connections
2024-09-16T00:53:25.338 INFO:teuthology.orchestra.run.smithi017.stdout:/usr/bin/ceph: stderr
2024-09-16T00:53:24.312+0000 7f526783b640 1 -- 172.21.15.17:0/2673253405 wait complete.
2024-09-16T00:53:25.339 INFO:teuthology.orchestra.run.smithi017.stdout:/usr/bin/ceph: stderr
2024-09-16T00:53:24.313+0000 7f526783b640 1 Processor -- start
2024-09-16T00:53:25.339 INFO:teuthology.orchestra.run.smithi017.stdout:/usr/bin/ceph: stderr
2024-09-16T00:53:24.313+0000 7f526783b640 1 -- start start
2024-09-16T00:53:25.339 INFO:teuthology.orchestra.run.smithi017.stdout:/usr/bin/ceph: stderr
2024-09-16T00:53:24.313+0000 7f526783b640 1 --2- >> [v2:172.21.15.17:3300/0,v1:172.21.15.17:6789/0] conn(0x7f52601064d0 0x7f52601916b0 unknown :-1 s=NONE pgs=0 cs=0 l=1 rev1=0 crypto rx=0 tx=0 comp rx=0 tx=0).connect
2024-09-16T00:53:25.339 INFO:teuthology.orchestra.run.smithi017.stdout:/usr/bin/ceph: stderr
2024-09-16T00:53:24.313+0000 7f526783b640 1 -- --> [v2:172.21.15.17:3300/0,v1:172.21.15.17:6789/0] -- mon_getmap magic: 0 -- 0x7f526010aa30 con 0x7f52601064d0
2024-09-16T00:53:25.339 INFO:teuthology.orchestra.run.smithi017.stdout:/usr/bin/ceph: stderr
2024-09-16T00:53:24.313+0000 7f52655d7640 1 --2- >> [v2:172.21.15.17:3300/0,v1:172.21.15.17:6789/0] conn(0x7f52601064d0 0x7f52601916b0 unknown :-1 s=BANNER_CONNECTING pgs=0 cs=0 l=1 rev1=0 crypto rx=0 tx=0 comp rx=0 tx=0)._handle_peer_banner_payload supported=3 required=0
2024-09-16T00:53:25.339 INFO:teuthology.orchestra.run.smithi017.stdout:/usr/bin/ceph: stderr
2024-09-16T00:53:24.313+0000 7f52655d7640 1 --2- >> [v2:172.21.15.17:3300/0,v1:172.21.15.17:6789/0] conn(0x7f52601064d0 0x7f52601916b0 unknown :-1 s=HELLO_CONNECTING pgs=0 cs=0 l=1 rev1=1 crypto rx=0 tx=0 comp rx=0 tx=0).handle_hello peer v2:172.21.15.17:3300/0 says I am v2:172.21.15.17:46392/0 (socket says 172.21.15.17:46392)
2024-09-16T00:53:25.339 INFO:teuthology.orchestra.run.smithi017.stdout:/usr/bin/ceph: stderr
2024-09-16T00:53:24.313+0000 7f52655d7640 1 -- 172.21.15.17:0/653499662 learned_addr learned my addr 172.21.15.17:0/653499662 (peer_addr_for_me v2:172.21.15.17:0/0)
2024-09-16T00:53:25.339 INFO:teuthology.orchestra.run.smithi017.stdout:/usr/bin/ceph: stderr
2024-09-16T00:53:24.313+0000 7f52655d7640 1 -- 172.21.15.17:0/653499662 --> [v2:172.21.15.17:3300/0,v1:172.21.15.17:6789/0] -- mon_subscribe({config=0+,monmap=0+}) -- 0x7f5260191bf0 con 0x7f52601064d0
2024-09-16T00:53:25.339 INFO:teuthology.orchestra.run.smithi017.stdout:/usr/bin/ceph: stderr
2024-09-16T00:53:24.314+0000 7f52655d7640 1 --2- 172.21.15.17:0/653499662 >> [v2:172.21.15.17:3300/0,v1:172.21.15.17:6789/0] conn(0x7f52601064d0 0x7f52601916b0 secure :-1 s=READY pgs=50 cs=0 l=1 rev1=1 crypto rx=0x7f525c009940 tx=0x7f525c032e10 comp rx=0 tx=0).ready entity=mon.0 client_cookie=0 server_cookie=0 in_seq=0 out_seq=0
2024-09-16T00:53:25.339 INFO:teuthology.orchestra.run.smithi017.stdout:/usr/bin/ceph: stderr
2024-09-16T00:53:24.314+0000 7f52567fc640 1 -- 172.21.15.17:0/653499662 <== mon.0 v2:172.21.15.17:3300/0 1 ==== mon_map magic: 0 ==== 205+0+0 (secure 0 0 0) 0x7f525c042070 con 0x7f52601064d0
2024-09-16T00:53:25.339 INFO:teuthology.orchestra.run.smithi017.stdout:/usr/bin/ceph: stderr
2024-09-16T00:53:24.314+0000 7f526783b640 1 -- 172.21.15.17:0/653499662 --> [v2:172.21.15.17:3300/0,v1:172.21.15.17:6789/0] -- mon_subscribe({mgrmap=0+}) -- 0x7f526018fde0 con 0x7f52601064d0
2024-09-16T00:53:25.339 INFO:teuthology.orchestra.run.smithi017.stdout:/usr/bin/ceph: stderr
2024-09-16T00:53:24.314+0000 7f52567fc640 1 -- 172.21.15.17:0/653499662 <== mon.0 v2:172.21.15.17:3300/0 2 ==== config(26 keys) ==== 1071+0+0 (secure 0 0 0) 0x7f525c030c80 con 0x7f52601064d0
2024-09-16T00:53:25.340 INFO:teuthology.orchestra.run.smithi017.stdout:/usr/bin/ceph: stderr
2024-09-16T00:53:24.314+0000 7f52567fc640 1 -- 172.21.15.17:0/653499662 <== mon.0 v2:172.21.15.17:3300/0 3 ==== mon_map magic: 0 ==== 205+0+0 (secure 0 0 0) 0x7f525c037040 con 0x7f52601064d0
2024-09-16T00:53:25.340 INFO:teuthology.orchestra.run.smithi017.stdout:/usr/bin/ceph: stderr
2024-09-16T00:53:24.314+0000 7f526783b640 1 -- 172.21.15.17:0/653499662 --> [v2:172.21.15.17:3300/0,v1:172.21.15.17:6789/0] -- mon_subscribe({osdmap=0}) -- 0x7f5260190320 con 0x7f52601064d0
2024-09-16T00:53:25.340 INFO:teuthology.orchestra.run.smithi017.stdout:/usr/bin/ceph: stderr
2024-09-16T00:53:24.315+0000 7f52567fc640 1 -- 172.21.15.17:0/653499662 <== mon.0 v2:172.21.15.17:3300/0 4 ==== mgrmap(e 8) ==== 46461+0+0 (secure 0 0 0) 0x7f525c045070 con 0x7f52601064d0
2024-09-16T00:53:25.340 INFO:teuthology.orchestra.run.smithi017.stdout:/usr/bin/ceph: stderr
2024-09-16T00:53:24.315+0000 7f526783b640 1 -- 172.21.15.17:0/653499662 --> [v2:172.21.15.17:3300/0,v1:172.21.15.17:6789/0] -- mon_command({"prefix": "get_command_descriptions"} v 0) -- 0x7f526010abb0 con 0x7f52601064d0
2024-09-16T00:53:25.340 INFO:teuthology.orchestra.run.smithi017.stdout:/usr/bin/ceph: stderr
2024-09-16T00:53:24.315+0000 7f52567fc640 1 --2- 172.21.15.17:0/653499662 >> [v2:172.21.15.17:6800/944475972,v1:172.21.15.17:6801/944475972] conn(0x7f524c0391b0 0x7f524c03b670 unknown :-1 s=NONE pgs=0 cs=0 l=1 rev1=0 crypto rx=0 tx=0 comp rx=0 tx=0).connect
2024-09-16T00:53:25.340 INFO:teuthology.orchestra.run.smithi017.stdout:/usr/bin/ceph: stderr
2024-09-16T00:53:24.315+0000 7f52567fc640 1 -- 172.21.15.17:0/653499662 <== mon.0 v2:172.21.15.17:3300/0 5 ==== osd_map(2..2 src has 1..2) ==== 940+0+0 (secure 0 0 0) 0x7f525c06c350 con 0x7f52601064d0
2024-09-16T00:53:25.340 INFO:teuthology.orchestra.run.smithi017.stdout:/usr/bin/ceph: stderr
2024-09-16T00:53:24.315+0000 7f5264dd6640 1 --2- 172.21.15.17:0/653499662 >> [v2:172.21.15.17:6800/944475972,v1:172.21.15.17:6801/944475972] conn(0x7f524c0391b0 0x7f524c03b670 unknown :-1 s=BANNER_CONNECTING pgs=0 cs=0 l=1 rev1=0 crypto rx=0 tx=0 comp rx=0 tx=0)._handle_peer_banner_payload supported=3 required=0
2024-09-16T00:53:25.340 INFO:teuthology.orchestra.run.smithi017.stdout:/usr/bin/ceph: stderr
2024-09-16T00:53:24.316+0000 7f5264dd6640 1 --2- 172.21.15.17:0/653499662 >> [v2:172.21.15.17:6800/944475972,v1:172.21.15.17:6801/944475972] conn(0x7f524c0391b0 0x7f524c03b670 secure :-1 s=READY pgs=14 cs=0 l=1 rev1=1 crypto rx=0x7f52500098c0 tx=0x7f5250006db0 comp rx=0 tx=0).ready entity=mgr.14118 client_cookie=0 server_cookie=0 in_seq=0 out_seq=0
2024-09-16T00:53:25.340 INFO:teuthology.orchestra.run.smithi017.stdout:/usr/bin/ceph: stderr
2024-09-16T00:53:24.320+0000 7f52567fc640 1 -- 172.21.15.17:0/653499662 <== mon.0 v2:172.21.15.17:3300/0 6 ==== mon_command_ack([{"prefix": "get_command_descriptions"}]=0 v0) ==== 72+0+188821 (secure 0 0 0) 0x7f525c046bd0 con 0x7f52601064d0
2024-09-16T00:53:25.340 INFO:teuthology.orchestra.run.smithi017.stdout:/usr/bin/ceph: stderr
2024-09-16T00:53:24.496+0000 7f526783b640 1 -- 172.21.15.17:0/653499662 --> [v2:172.21.15.17:3300/0,v1:172.21.15.17:6789/0] -- mon_command([{prefix=config set, name=mgr/cephadm/container_init}] v 0) -- 0x7f5260106950 con 0x7f52601064d0
2024-09-16T00:53:25.340 INFO:teuthology.orchestra.run.smithi017.stdout:/usr/bin/ceph: stderr
2024-09-16T00:53:24.499+0000 7f52567fc640 1 -- 172.21.15.17:0/653499662 <== mon.0 v2:172.21.15.17:3300/0 7 ==== mon_command_ack([{prefix=config set, name=mgr/cephadm/container_init}]=0 v6)=0 v6) ==== 142+0+0 (secure 0 0 0) 0x7f525c046db0 con 0x7f52601064d0
2024-09-16T00:53:25.340 INFO:teuthology.orchestra.run.smithi017.stdout:/usr/bin/ceph: stderr
2024-09-16T00:53:24.501+0000 7f526783b640 1 -- 172.21.15.17:0/653499662 >> [v2:172.21.15.17:6800/944475972,v1:172.21.15.17:6801/944475972] conn(0x7f524c0391b0 msgr2=0x7f524c03b670 secure :-1 s=STATE_CONNECTION_ESTABLISHED l=1).mark_down
2024-09-16T00:53:25.341 INFO:teuthology.orchestra.run.smithi017.stdout:/usr/bin/ceph: stderr
2024-09-16T00:53:24.501+0000 7f526783b640 1 --2- 172.21.15.17:0/653499662 >> [v2:172.21.15.17:6800/944475972,v1:172.21.15.17:6801/944475972] conn(0x7f524c0391b0 0x7f524c03b670 secure :-1 s=READY pgs=14 cs=0 l=1 rev1=1 crypto rx=0x7f52500098c0 tx=0x7f5250006db0 comp rx=0 tx=0).stop
2024-09-16T00:53:25.341 INFO:teuthology.orchestra.run.smithi017.stdout:/usr/bin/ceph: stderr
2024-09-16T00:53:24.501+0000 7f526783b640 1 -- 172.21.15.17:0/653499662 >> [v2:172.21.15.17:3300/0,v1:172.21.15.17:6789/0] conn(0x7f52601064d0 msgr2=0x7f52601916b0 secure :-1 s=STATE_CONNECTION_ESTABLISHED l=1).mark_down
2024-09-16T00:53:25.341 INFO:teuthology.orchestra.run.smithi017.stdout:/usr/bin/ceph: stderr
2024-09-16T00:53:24.501+0000 7f526783b640 1 --2- 172.21.15.17:0/653499662 >> [v2:172.21.15.17:3300/0,v1:172.21.15.17:6789/0] conn(0x7f52601064d0 0x7f52601916b0 secure :-1 s=READY pgs=50 cs=0 l=1 rev1=1 crypto rx=0x7f525c009940 tx=0x7f525c032e10 comp rx=0 tx=0).stop
2024-09-16T00:53:25.341 INFO:teuthology.orchestra.run.smithi017.stdout:/usr/bin/ceph: stderr
2024-09-16T00:53:24.501+0000 7f526783b640 1 -- 172.21.15.17:0/653499662 shutdown_connections
2024-09-16T00:53:25.341 INFO:teuthology.orchestra.run.smithi017.stdout:/usr/bin/ceph: stderr
2024-09-16T00:53:24.501+0000 7f526783b640 1 --2- 172.21.15.17:0/653499662 >> [v2:172.21.15.17:6800/944475972,v1:172.21.15.17:6801/944475972] conn(0x7f524c0391b0 0x7f524c03b670 unknown :-1 s=CLOSED pgs=14 cs=0 l=1 rev1=1 crypto rx=0 tx=0 comp rx=0 tx=0).stop
2024-09-16T00:53:25.341 INFO:teuthology.orchestra.run.smithi017.stdout:/usr/bin/ceph: stderr
2024-09-16T00:53:24.501+0000 7f526783b640 1 --2- 172.21.15.17:0/653499662 >> [v2:172.21.15.17:3300/0,v1:172.21.15.17:6789/0] conn(0x7f52601064d0 0x7f52601916b0 unknown :-1 s=CLOSED pgs=50 cs=0 l=1 rev1=1 crypto rx=0 tx=0 comp rx=0 tx=0).stop
2024-09-16T00:53:25.341 INFO:teuthology.orchestra.run.smithi017.stdout:/usr/bin/ceph: stderr
2024-09-16T00:53:24.501+0000 7f526783b640 1 -- 172.21.15.17:0/653499662 >> 172.21.15.17:0/653499662 conn(0x7f5260101ce0 msgr2=0x7f5260102bd0 unknown :-1 s=STATE_NONE l=0).mark_down
2024-09-16T00:53:25.341 INFO:teuthology.orchestra.run.smithi017.stdout:/usr/bin/ceph: stderr
2024-09-16T00:53:24.501+0000 7f526783b640 1 -- 172.21.15.17:0/653499662 shutdown_connections
2024-09-16T00:53:25.341 INFO:teuthology.orchestra.run.smithi017.stdout:/usr/bin/ceph: stderr
2024-09-16T00:53:24.501+0000 7f526783b640 1 -- 172.21.15.17:0/653499662 wait complete.
2024-09-16T00:53:25.623 INFO:journalctl@ceph.mon.a.smithi017.stdout:Sep 16 00:53:25 smithi017 ceph-mon[31211]: from='client.? 172.21.15.17:0/653499662' entity='client.admin'
2024-09-16T00:53:25.623 INFO:journalctl@ceph.mon.a.smithi017.stdout:Sep 16 00:53:25 smithi017 ceph-mon[31211]: from='mgr.14118 172.21.15.17:0/1966043375' entity='mgr.x'
2024-09-16T00:53:26.484 INFO:teuthology.orchestra.run.smithi017.stdout:/usr/bin/ceph: stderr
2024-09-16T00:53:25.706+0000 7ff9a9a3f640 1 Processor -- start
2024-09-16T00:53:26.484 INFO:teuthology.orchestra.run.smithi017.stdout:/usr/bin/ceph: stderr
2024-09-16T00:53:25.706+0000 7ff9a9a3f640 1 -- start start
2024-09-16T00:53:26.484 INFO:teuthology.orchestra.run.smithi017.stdout:/usr/bin/ceph: stderr
2024-09-16T00:53:25.707+0000 7ff9a9a3f640 1 --2- >> [v2:172.21.15.17:3300/0,v1:172.21.15.17:6789/0] conn(0x7ff9a4108110 0x7ff9a410a500 unknown :-1 s=NONE pgs=0 cs=0 l=0 rev1=0 crypto rx=0 tx=0 comp rx=0 tx=0).connect
2024-09-16T00:53:26.484 INFO:teuthology.orchestra.run.smithi017.stdout:/usr/bin/ceph: stderr
2024-09-16T00:53:25.707+0000 7ff9a9a3f640 1 -- --> [v2:172.21.15.17:3300/0,v1:172.21.15.17:6789/0] -- mon_getmap magic: 0 -- 0x7ff9a407bdf0 con 0x7ff9a4108110
2024-09-16T00:53:26.484 INFO:teuthology.orchestra.run.smithi017.stdout:/usr/bin/ceph: stderr
2024-09-16T00:53:25.707+0000 7ff9a2ffd640 1 --2- >> [v2:172.21.15.17:3300/0,v1:172.21.15.17:6789/0] conn(0x7ff9a4108110 0x7ff9a410a500 unknown :-1 s=BANNER_CONNECTING pgs=0 cs=0 l=0 rev1=0 crypto rx=0 tx=0 comp rx=0 tx=0)._handle_peer_banner_payload supported=3 required=0
2024-09-16T00:53:26.484 INFO:teuthology.orchestra.run.smithi017.stdout:/usr/bin/ceph: stderr
2024-09-16T00:53:25.707+0000 7ff9a2ffd640 1 --2- >> [v2:172.21.15.17:3300/0,v1:172.21.15.17:6789/0] conn(0x7ff9a4108110 0x7ff9a410a500 unknown :-1 s=HELLO_CONNECTING pgs=0 cs=0 l=0 rev1=1 crypto rx=0 tx=0 comp rx=0 tx=0).handle_hello peer v2:172.21.15.17:3300/0 says I am v2:172.21.15.17:46402/0 (socket says 172.21.15.17:46402)
2024-09-16T00:53:26.484 INFO:teuthology.orchestra.run.smithi017.stdout:/usr/bin/ceph: stderr
2024-09-16T00:53:25.707+0000 7ff9a2ffd640 1 -- 172.21.15.17:0/1355226359 learned_addr learned my addr 172.21.15.17:0/1355226359 (peer_addr_for_me v2:172.21.15.17:0/0)
2024-09-16T00:53:26.484 INFO:teuthology.orchestra.run.smithi017.stdout:/usr/bin/ceph: stderr
2024-09-16T00:53:25.707+0000 7ff9a2ffd640 1 -- 172.21.15.17:0/1355226359 --> [v2:172.21.15.17:3300/0,v1:172.21.15.17:6789/0] -- mon_subscribe({config=0+,monmap=0+}) -- 0x7ff9a410aa40 con 0x7ff9a4108110
2024-09-16T00:53:26.484 INFO:teuthology.orchestra.run.smithi017.stdout:/usr/bin/ceph: stderr
2024-09-16T00:53:25.708+0000 7ff9a2ffd640 1 --2- 172.21.15.17:0/1355226359 >> [v2:172.21.15.17:3300/0,v1:172.21.15.17:6789/0] conn(0x7ff9a4108110 0x7ff9a410a500 secure :-1 s=READY pgs=51 cs=0 l=1 rev1=1 crypto rx=0x7ff994009820 tx=0x7ff99402a270 comp rx=0 tx=0).ready entity=mon.0 client_cookie=878504dd3df2d56f server_cookie=0 in_seq=0 out_seq=0
2024-09-16T00:53:26.484 INFO:teuthology.orchestra.run.smithi017.stdout:/usr/bin/ceph: stderr
2024-09-16T00:53:25.708+0000 7ff9a1ffb640 1 -- 172.21.15.17:0/1355226359 <== mon.0 v2:172.21.15.17:3300/0 1 ==== mon_map magic: 0 ==== 205+0+0 (secure 0 0 0) 0x7ff994037070 con 0x7ff9a4108110
2024-09-16T00:53:26.485 INFO:teuthology.orchestra.run.smithi017.stdout:/usr/bin/ceph: stderr
2024-09-16T00:53:25.708+0000 7ff9a1ffb640 1 -- 172.21.15.17:0/1355226359 <== mon.0 v2:172.21.15.17:3300/0 2 ==== config(26 keys) ==== 1102+0+0 (secure 0 0 0) 0x7ff9940328f0 con 0x7ff9a4108110
2024-09-16T00:53:26.485 INFO:teuthology.orchestra.run.smithi017.stdout:/usr/bin/ceph: stderr
2024-09-16T00:53:25.708+0000 7ff9a1ffb640 1 -- 172.21.15.17:0/1355226359 <== mon.0 v2:172.21.15.17:3300/0 3 ==== mon_map magic: 0 ==== 205+0+0 (secure 0 0 0) 0x7ff994030740 con 0x7ff9a4108110
2024-09-16T00:53:26.485 INFO:teuthology.orchestra.run.smithi017.stdout:/usr/bin/ceph: stderr
2024-09-16T00:53:25.709+0000 7ff9a9a3f640 1 -- 172.21.15.17:0/1355226359 >> [v2:172.21.15.17:3300/0,v1:172.21.15.17:6789/0] conn(0x7ff9a4108110 msgr2=0x7ff9a410a500 secure :-1 s=STATE_CONNECTION_ESTABLISHED l=1).mark_down
2024-09-16T00:53:26.485 INFO:teuthology.orchestra.run.smithi017.stdout:/usr/bin/ceph: stderr
2024-09-16T00:53:25.709+0000 7ff9a9a3f640 1 --2- 172.21.15.17:0/1355226359 >> [v2:172.21.15.17:3300/0,v1:172.21.15.17:6789/0] conn(0x7ff9a4108110 0x7ff9a410a500 secure :-1 s=READY pgs=51 cs=0 l=1 rev1=1 crypto rx=0x7ff994009820 tx=0x7ff99402a270 comp rx=0 tx=0).stop
2024-09-16T00:53:26.485 INFO:teuthology.orchestra.run.smithi017.stdout:/usr/bin/ceph: stderr
2024-09-16T00:53:25.709+0000 7ff9a9a3f640 1 -- 172.21.15.17:0/1355226359 shutdown_connections
2024-09-16T00:53:26.485 INFO:teuthology.orchestra.run.smithi017.stdout:/usr/bin/ceph: stderr
2024-09-16T00:53:25.709+0000 7ff9a9a3f640 1 --2- 172.21.15.17:0/1355226359 >> [v2:172.21.15.17:3300/0,v1:172.21.15.17:6789/0] conn(0x7ff9a4108110 0x7ff9a410a500 unknown :-1 s=CLOSED pgs=51 cs=0 l=1 rev1=1 crypto rx=0 tx=0 comp rx=0 tx=0).stop
2024-09-16T00:53:26.485 INFO:teuthology.orchestra.run.smithi017.stdout:/usr/bin/ceph: stderr
2024-09-16T00:53:25.709+0000 7ff9a9a3f640 1 -- 172.21.15.17:0/1355226359 >> 172.21.15.17:0/1355226359 conn(0x7ff9a4101d90 msgr2=0x7ff9a41041b0 unknown :-1 s=STATE_NONE l=0).mark_down
2024-09-16T00:53:26.485 INFO:teuthology.orchestra.run.smithi017.stdout:/usr/bin/ceph: stderr
2024-09-16T00:53:25.709+0000 7ff9a9a3f640 1 -- 172.21.15.17:0/1355226359 shutdown_connections
2024-09-16T00:53:26.485 INFO:teuthology.orchestra.run.smithi017.stdout:/usr/bin/ceph: stderr
2024-09-16T00:53:25.709+0000 7ff9a9a3f640 1 -- 172.21.15.17:0/1355226359 wait complete.
2024-09-16T00:53:26.485 INFO:teuthology.orchestra.run.smithi017.stdout:/usr/bin/ceph: stderr
2024-09-16T00:53:25.710+0000 7ff9a9a3f640 1 Processor -- start
2024-09-16T00:53:26.485 INFO:teuthology.orchestra.run.smithi017.stdout:/usr/bin/ceph: stderr
2024-09-16T00:53:25.710+0000 7ff9a9a3f640 1 -- start start
2024-09-16T00:53:26.485 INFO:teuthology.orchestra.run.smithi017.stdout:/usr/bin/ceph: stderr
2024-09-16T00:53:25.710+0000 7ff9a9a3f640 1 --2- >> [v2:172.21.15.17:3300/0,v1:172.21.15.17:6789/0] conn(0x7ff9a4108110 0x7ff9a4107990 unknown :-1 s=NONE pgs=0 cs=0 l=1 rev1=0 crypto rx=0 tx=0 comp rx=0 tx=0).connect
2024-09-16T00:53:26.485 INFO:teuthology.orchestra.run.smithi017.stdout:/usr/bin/ceph: stderr
2024-09-16T00:53:25.710+0000 7ff9a9a3f640 1 -- --> [v2:172.21.15.17:3300/0,v1:172.21.15.17:6789/0] -- mon_getmap magic: 0 -- 0x7ff9a410ba00 con 0x7ff9a4108110
2024-09-16T00:53:26.486 INFO:teuthology.orchestra.run.smithi017.stdout:/usr/bin/ceph: stderr
2024-09-16T00:53:25.710+0000 7ff9a2ffd640 1 --2- >> [v2:172.21.15.17:3300/0,v1:172.21.15.17:6789/0] conn(0x7ff9a4108110 0x7ff9a4107990 unknown :-1 s=BANNER_CONNECTING pgs=0 cs=0 l=1 rev1=0 crypto rx=0 tx=0 comp rx=0 tx=0)._handle_peer_banner_payload supported=3 required=0
2024-09-16T00:53:26.486 INFO:teuthology.orchestra.run.smithi017.stdout:/usr/bin/ceph: stderr
2024-09-16T00:53:25.710+0000 7ff9a2ffd640 1 --2- >> [v2:172.21.15.17:3300/0,v1:172.21.15.17:6789/0] conn(0x7ff9a4108110 0x7ff9a4107990 unknown :-1 s=HELLO_CONNECTING pgs=0 cs=0 l=1 rev1=1 crypto rx=0 tx=0 comp rx=0 tx=0).handle_hello peer v2:172.21.15.17:3300/0 says I am v2:172.21.15.17:46418/0 (socket says 172.21.15.17:46418)
2024-09-16T00:53:26.486 INFO:teuthology.orchestra.run.smithi017.stdout:/usr/bin/ceph: stderr
2024-09-16T00:53:25.710+0000 7ff9a2ffd640 1 -- 172.21.15.17:0/2763914969 learned_addr learned my addr 172.21.15.17:0/2763914969 (peer_addr_for_me v2:172.21.15.17:0/0)
2024-09-16T00:53:26.486 INFO:teuthology.orchestra.run.smithi017.stdout:/usr/bin/ceph: stderr
2024-09-16T00:53:25.711+0000 7ff9a2ffd640 1 -- 172.21.15.17:0/2763914969 --> [v2:172.21.15.17:3300/0,v1:172.21.15.17:6789/0] -- mon_subscribe({config=0+,monmap=0+}) -- 0x7ff9a4107ed0 con 0x7ff9a4108110
2024-09-16T00:53:26.486 INFO:teuthology.orchestra.run.smithi017.stdout:/usr/bin/ceph: stderr
2024-09-16T00:53:25.711+0000 7ff9a2ffd640 1 --2- 172.21.15.17:0/2763914969 >> [v2:172.21.15.17:3300/0,v1:172.21.15.17:6789/0] conn(0x7ff9a4108110 0x7ff9a4107990 secure :-1 s=READY pgs=52 cs=0 l=1 rev1=1 crypto rx=0x7ff9940097f0 tx=0x7ff994030c70 comp rx=0 tx=0).ready entity=mon.0 client_cookie=0 server_cookie=0 in_seq=0 out_seq=0
2024-09-16T00:53:26.486 INFO:teuthology.orchestra.run.smithi017.stdout:/usr/bin/ceph: stderr
2024-09-16T00:53:25.711+0000 7ff9a8a3d640 1 -- 172.21.15.17:0/2763914969 <== mon.0 v2:172.21.15.17:3300/0 1 ==== mon_map magic: 0 ==== 205+0+0 (secure 0 0 0) 0x7ff994042070 con 0x7ff9a4108110
2024-09-16T00:53:26.486 INFO:teuthology.orchestra.run.smithi017.stdout:/usr/bin/ceph: stderr
2024-09-16T00:53:25.711+0000 7ff9a8a3d640 1 -- 172.21.15.17:0/2763914969 <== mon.0 v2:172.21.15.17:3300/0 2 ==== config(26 keys) ==== 1102+0+0 (secure 0 0 0) 0x7ff994030d80 con 0x7ff9a4108110
2024-09-16T00:53:26.486 INFO:teuthology.orchestra.run.smithi017.stdout:/usr/bin/ceph: stderr
2024-09-16T00:53:25.711+0000 7ff9a8a3d640 1 -- 172.21.15.17:0/2763914969 <== mon.0 v2:172.21.15.17:3300/0 3 ==== mon_map magic: 0 ==== 205+0+0 (secure 0 0 0) 0x7ff994037040 con 0x7ff9a4108110
2024-09-16T00:53:26.486 INFO:teuthology.orchestra.run.smithi017.stdout:/usr/bin/ceph: stderr
2024-09-16T00:53:25.711+0000 7ff9a9a3f640 1 -- 172.21.15.17:0/2763914969 --> [v2:172.21.15.17:3300/0,v1:172.21.15.17:6789/0] -- mon_subscribe({mgrmap=0+}) -- 0x7ff9a41060c0 con 0x7ff9a4108110
2024-09-16T00:53:26.486 INFO:teuthology.orchestra.run.smithi017.stdout:/usr/bin/ceph: stderr
2024-09-16T00:53:25.711+0000 7ff9a9a3f640 1 -- 172.21.15.17:0/2763914969 --> [v2:172.21.15.17:3300/0,v1:172.21.15.17:6789/0] -- mon_subscribe({osdmap=0}) -- 0x7ff9a4106600 con 0x7ff9a4108110
2024-09-16T00:53:26.486 INFO:teuthology.orchestra.run.smithi017.stdout:/usr/bin/ceph: stderr
2024-09-16T00:53:25.712+0000 7ff9a9a3f640 1 -- 172.21.15.17:0/2763914969 --> [v2:172.21.15.17:3300/0,v1:172.21.15.17:6789/0] -- mon_command({"prefix": "get_command_descriptions"} v 0) -- 0x7ff9a4108570 con 0x7ff9a4108110
2024-09-16T00:53:26.486 INFO:teuthology.orchestra.run.smithi017.stdout:/usr/bin/ceph: stderr
2024-09-16T00:53:25.712+0000 7ff9a8a3d640 1 -- 172.21.15.17:0/2763914969 <== mon.0 v2:172.21.15.17:3300/0 4 ==== mgrmap(e 8) ==== 46461+0+0 (secure 0 0 0) 0x7ff994045070 con 0x7ff9a4108110
2024-09-16T00:53:26.486 INFO:teuthology.orchestra.run.smithi017.stdout:/usr/bin/ceph: stderr
2024-09-16T00:53:25.712+0000 7ff9a8a3d640 1 --2- 172.21.15.17:0/2763914969 >> [v2:172.21.15.17:6800/944475972,v1:172.21.15.17:6801/944475972] conn(0x7ff98c0391b0 0x7ff98c03b670 unknown :-1 s=NONE pgs=0 cs=0 l=1 rev1=0 crypto rx=0 tx=0 comp rx=0 tx=0).connect
2024-09-16T00:53:26.486 INFO:teuthology.orchestra.run.smithi017.stdout:/usr/bin/ceph: stderr
2024-09-16T00:53:25.713+0000 7ff9a8a3d640 1 -- 172.21.15.17:0/2763914969 <== mon.0 v2:172.21.15.17:3300/0 5 ==== osd_map(2..2 src has 1..2) ==== 940+0+0 (secure 0 0 0) 0x7ff99406c460 con 0x7ff9a4108110
2024-09-16T00:53:26.487 INFO:teuthology.orchestra.run.smithi017.stdout:/usr/bin/ceph: stderr
2024-09-16T00:53:25.713+0000 7ff9a27fc640 1 --2- 172.21.15.17:0/2763914969 >> [v2:172.21.15.17:6800/944475972,v1:172.21.15.17:6801/944475972] conn(0x7ff98c0391b0 0x7ff98c03b670 unknown :-1 s=BANNER_CONNECTING pgs=0 cs=0 l=1 rev1=0 crypto rx=0 tx=0 comp rx=0 tx=0)._handle_peer_banner_payload supported=3 required=0
2024-09-16T00:53:26.487 INFO:teuthology.orchestra.run.smithi017.stdout:/usr/bin/ceph: stderr
2024-09-16T00:53:25.713+0000 7ff9a27fc640 1 --2- 172.21.15.17:0/2763914969 >> [v2:172.21.15.17:6800/944475972,v1:172.21.15.17:6801/944475972] conn(0x7ff98c0391b0 0x7ff98c03b670 secure :-1 s=READY pgs=15 cs=0 l=1 rev1=1 crypto rx=0x7ff9980098c0 tx=0x7ff998006db0 comp rx=0 tx=0).ready entity=mgr.14118 client_cookie=0 server_cookie=0 in_seq=0 out_seq=0
2024-09-16T00:53:26.487 INFO:teuthology.orchestra.run.smithi017.stdout:/usr/bin/ceph: stderr
2024-09-16T00:53:25.717+0000 7ff9a8a3d640 1 -- 172.21.15.17:0/2763914969 <== mon.0 v2:172.21.15.17:3300/0 6 ==== mon_command_ack([{"prefix": "get_command_descriptions"}]=0 v0) ==== 72+0+188821 (secure 0 0 0) 0x7ff99403be10 con 0x7ff9a4108110
2024-09-16T00:53:26.487 INFO:teuthology.orchestra.run.smithi017.stdout:/usr/bin/ceph: stderr
2024-09-16T00:53:25.900+0000 7ff9a9a3f640 1 -- 172.21.15.17:0/2763914969 --> [v2:172.21.15.17:3300/0,v1:172.21.15.17:6789/0] -- mon_command([{prefix=config set, name=mgr/dashboard/ssl_server_port}] v 0) -- 0x7ff9a4106e10 con 0x7ff9a4108110
2024-09-16T00:53:26.487 INFO:teuthology.orchestra.run.smithi017.stdout:/usr/bin/ceph: stderr
2024-09-16T00:53:25.903+0000 7ff9a8a3d640 1 -- 172.21.15.17:0/2763914969 <== mon.0 v2:172.21.15.17:3300/0 7 ==== mon_command_ack([{prefix=config set, name=mgr/dashboard/ssl_server_port}]=0 v8)=0 v8) ==== 130+0+0 (secure 0 0 0) 0x7ff99403cc50 con 0x7ff9a4108110
2024-09-16T00:53:26.487 INFO:teuthology.orchestra.run.smithi017.stdout:/usr/bin/ceph: stderr
2024-09-16T00:53:25.905+0000 7ff9a9a3f640 1 -- 172.21.15.17:0/2763914969 >> [v2:172.21.15.17:6800/944475972,v1:172.21.15.17:6801/944475972] conn(0x7ff98c0391b0 msgr2=0x7ff98c03b670 secure :-1 s=STATE_CONNECTION_ESTABLISHED l=1).mark_down
2024-09-16T00:53:26.487 INFO:teuthology.orchestra.run.smithi017.stdout:/usr/bin/ceph: stderr
2024-09-16T00:53:25.905+0000 7ff9a9a3f640 1 --2- 172.21.15.17:0/2763914969 >> [v2:172.21.15.17:6800/944475972,v1:172.21.15.17:6801/944475972] conn(0x7ff98c0391b0 0x7ff98c03b670 secure :-1 s=READY pgs=15 cs=0 l=1 rev1=1 crypto rx=0x7ff9980098c0 tx=0x7ff998006db0 comp rx=0 tx=0).stop
2024-09-16T00:53:26.487 INFO:teuthology.orchestra.run.smithi017.stdout:/usr/bin/ceph: stderr
2024-09-16T00:53:25.905+0000 7ff9a9a3f640 1 -- 172.21.15.17:0/2763914969 >> [v2:172.21.15.17:3300/0,v1:172.21.15.17:6789/0] conn(0x7ff9a4108110 msgr2=0x7ff9a4107990 secure :-1 s=STATE_CONNECTION_ESTABLISHED l=1).mark_down
2024-09-16T00:53:26.487 INFO:teuthology.orchestra.run.smithi017.stdout:/usr/bin/ceph: stderr
2024-09-16T00:53:25.905+0000 7ff9a9a3f640 1 --2- 172.21.15.17:0/2763914969 >> [v2:172.21.15.17:3300/0,v1:172.21.15.17:6789/0] conn(0x7ff9a4108110 0x7ff9a4107990 secure :-1 s=READY pgs=52 cs=0 l=1 rev1=1 crypto rx=0x7ff9940097f0 tx=0x7ff994030c70 comp rx=0 tx=0).stop
2024-09-16T00:53:26.487 INFO:teuthology.orchestra.run.smithi017.stdout:/usr/bin/ceph: stderr
2024-09-16T00:53:25.905+0000 7ff9a9a3f640 1 -- 172.21.15.17:0/2763914969 shutdown_connections
2024-09-16T00:53:26.487 INFO:teuthology.orchestra.run.smithi017.stdout:/usr/bin/ceph: stderr
2024-09-16T00:53:25.905+0000 7ff9a9a3f640 1 --2- 172.21.15.17:0/2763914969 >> [v2:172.21.15.17:6800/944475972,v1:172.21.15.17:6801/944475972] conn(0x7ff98c0391b0 0x7ff98c03b670 unknown :-1 s=CLOSED pgs=15 cs=0 l=1 rev1=1 crypto rx=0 tx=0 comp rx=0 tx=0).stop
2024-09-16T00:53:26.487 INFO:teuthology.orchestra.run.smithi017.stdout:/usr/bin/ceph: stderr
2024-09-16T00:53:25.905+0000 7ff9a9a3f640 1 --2- 172.21.15.17:0/2763914969 >> [v2:172.21.15.17:3300/0,v1:172.21.15.17:6789/0] conn(0x7ff9a4108110 0x7ff9a4107990 unknown :-1 s=CLOSED pgs=52 cs=0 l=1 rev1=1 crypto rx=0 tx=0 comp rx=0 tx=0).stop
2024-09-16T00:53:26.487 INFO:teuthology.orchestra.run.smithi017.stdout:/usr/bin/ceph: stderr
2024-09-16T00:53:25.905+0000 7ff9a9a3f640 1 -- 172.21.15.17:0/2763914969 >> 172.21.15.17:0/2763914969 conn(0x7ff9a4101d90 msgr2=0x7ff9a4102920 unknown :-1 s=STATE_NONE l=0).mark_down
2024-09-16T00:53:26.488 INFO:teuthology.orchestra.run.smithi017.stdout:/usr/bin/ceph: stderr
2024-09-16T00:53:25.906+0000 7ff9a9a3f640 1 -- 172.21.15.17:0/2763914969 shutdown_connections
2024-09-16T00:53:26.488 INFO:teuthology.orchestra.run.smithi017.stdout:/usr/bin/ceph: stderr
2024-09-16T00:53:25.906+0000 7ff9a9a3f640 1 -- 172.21.15.17:0/2763914969 wait complete.
2024-09-16T00:53:26.488 INFO:teuthology.orchestra.run.smithi017.stdout:Enabling the dashboard module...
2024-09-16T00:53:27.184 INFO:journalctl@ceph.mon.a.smithi017.stdout:Sep 16 00:53:26 smithi017 ceph-mon[31211]: from='mgr.14118 172.21.15.17:0/1966043375' entity='mgr.x'
2024-09-16T00:53:27.184 INFO:journalctl@ceph.mon.a.smithi017.stdout:Sep 16 00:53:26 smithi017 ceph-mon[31211]: from='client.? 172.21.15.17:0/2763914969' entity='client.admin'
2024-09-16T00:53:28.095 INFO:journalctl@ceph.mon.a.smithi017.stdout:Sep 16 00:53:27 smithi017 ceph-mon[31211]: from='client.? 172.21.15.17:0/1988368741' entity='client.admin' cmd=[{"prefix": "mgr module enable", "module": "dashboard"}]: dispatch
2024-09-16T00:53:28.095 INFO:journalctl@ceph.mgr.x.smithi017.stdout:Sep 16 00:53:27 smithi017 ceph-d67bb9a6-73c5-11ef-bceb-c7b262605968-mgr-x[31439]: ignoring --setuser ceph since I am not root
2024-09-16T00:53:28.095 INFO:journalctl@ceph.mgr.x.smithi017.stdout:Sep 16 00:53:27 smithi017 ceph-d67bb9a6-73c5-11ef-bceb-c7b262605968-mgr-x[31439]: ignoring --setgroup ceph since I am not root
2024-09-16T00:53:28.095 INFO:journalctl@ceph.mgr.x.smithi017.stdout:Sep 16 00:53:27 smithi017 ceph-d67bb9a6-73c5-11ef-bceb-c7b262605968-mgr-x[31439]:
2024-09-16T00:53:27.928+0000 7ffae35a9040 -1 mgr[py] Module osd_perf_query has missing NOTIFY_TYPES member
2024-09-16T00:53:28.095 INFO:journalctl@ceph.mgr.x.smithi017.stdout:Sep 16 00:53:27 smithi017 ceph-d67bb9a6-73c5-11ef-bceb-c7b262605968-mgr-x[31439]:
2024-09-16T00:53:27.987+0000 7ffae35a9040 -1 mgr[py] Module osd_support has missing NOTIFY_TYPES member
2024-09-16T00:53:28.367 INFO:journalctl@ceph.mgr.x.smithi017.stdout:Sep 16 00:53:28 smithi017 ceph-d67bb9a6-73c5-11ef-bceb-c7b262605968-mgr-x[31439]:
2024-09-16T00:53:28.144+0000 7ffae35a9040 -1 mgr[py] Module diskprediction_local has missing NOTIFY_TYPES member
2024-09-16T00:53:28.367 INFO:journalctl@ceph.mgr.x.smithi017.stdout:Sep 16 00:53:28 smithi017 ceph-d67bb9a6-73c5-11ef-bceb-c7b262605968-mgr-x[31439]:
2024-09-16T00:53:28.213+0000 7ffae35a9040 -1 mgr[py] Module crash has missing NOTIFY_TYPES member
2024-09-16T00:53:28.368 INFO:journalctl@ceph.mgr.x.smithi017.stdout:Sep 16 00:53:28 smithi017 ceph-d67bb9a6-73c5-11ef-bceb-c7b262605968-mgr-x[31439]:
2024-09-16T00:53:28.367+0000 7ffae35a9040 -1 mgr[py] Module test_orchestrator has missing NOTIFY_TYPES member
2024-09-16T00:53:28.431 INFO:teuthology.orchestra.run.smithi017.stdout:/usr/bin/ceph: stderr
2024-09-16T00:53:26.937+0000 7f357c1d1640 1 Processor -- start
2024-09-16T00:53:28.432 INFO:teuthology.orchestra.run.smithi017.stdout:/usr/bin/ceph: stderr
2024-09-16T00:53:26.937+0000 7f357c1d1640 1 -- start start
2024-09-16T00:53:28.432 INFO:teuthology.orchestra.run.smithi017.stdout:/usr/bin/ceph: stderr
2024-09-16T00:53:26.937+0000 7f357c1d1640 1 --2- >> [v2:172.21.15.17:3300/0,v1:172.21.15.17:6789/0] conn(0x7f3574109860 0x7f3574109c60 unknown :-1 s=NONE pgs=0 cs=0 l=0 rev1=0 crypto rx=0 tx=0 comp rx=0 tx=0).connect
2024-09-16T00:53:28.432 INFO:teuthology.orchestra.run.smithi017.stdout:/usr/bin/ceph: stderr
2024-09-16T00:53:26.937+0000 7f357c1d1640 1 -- --> [v2:172.21.15.17:3300/0,v1:172.21.15.17:6789/0] -- mon_getmap magic: 0 -- 0x7f357410a230 con 0x7f3574109860
2024-09-16T00:53:28.432 INFO:teuthology.orchestra.run.smithi017.stdout:/usr/bin/ceph: stderr
2024-09-16T00:53:26.937+0000 7f3579f6d640 1 --2- >> [v2:172.21.15.17:3300/0,v1:172.21.15.17:6789/0] conn(0x7f3574109860 0x7f3574109c60 unknown :-1 s=BANNER_CONNECTING pgs=0 cs=0 l=0 rev1=0 crypto rx=0 tx=0 comp rx=0 tx=0)._handle_peer_banner_payload supported=3 required=0
2024-09-16T00:53:28.432 INFO:teuthology.orchestra.run.smithi017.stdout:/usr/bin/ceph: stderr
