2024-09-16T00:56:36.712 INFO:journalctl@ceph.mgr.x.smithi139.stdout:Sep 16 00:56:36 smithi139 ceph-2d4bda22-73c6-11ef-bceb-c7b262605968-mgr-x[31139]: | **.B * +. |
2024-09-16T00:56:36.712 INFO:journalctl@ceph.mgr.x.smithi139.stdout:Sep 16 00:56:36 smithi139 ceph-2d4bda22-73c6-11ef-bceb-c7b262605968-mgr-x[31139]: |+o+. * o.o |
2024-09-16T00:56:36.712 INFO:journalctl@ceph.mgr.x.smithi139.stdout:Sep 16 00:56:36 smithi139 ceph-2d4bda22-73c6-11ef-bceb-c7b262605968-mgr-x[31139]: |++E =. o . |
2024-09-16T00:56:36.712 INFO:journalctl@ceph.mgr.x.smithi139.stdout:Sep 16 00:56:36 smithi139 ceph-2d4bda22-73c6-11ef-bceb-c7b262605968-mgr-x[31139]: |*=*X..o |
2024-09-16T00:56:36.712 INFO:journalctl@ceph.mgr.x.smithi139.stdout:Sep 16 00:56:36 smithi139 ceph-2d4bda22-73c6-11ef-bceb-c7b262605968-mgr-x[31139]: +----[SHA256]-----+
2024-09-16T00:56:36.972 INFO:journalctl@ceph.mon.a.smithi139.stdout:Sep 16 00:56:36 smithi139 ceph-mon[30909]: from='client.14132 -' entity='client.admin' cmd=[{"prefix": "cephadm set-user", "user": "root", "target": ["mon-mgr", ""]}]: dispatch
2024-09-16T00:56:36.972 INFO:journalctl@ceph.mon.a.smithi139.stdout:Sep 16 00:56:36 smithi139 ceph-mon[30909]: from='mgr.14118 172.21.15.139:0/723092603' entity='mgr.x'
2024-09-16T00:56:36.973 INFO:journalctl@ceph.mon.a.smithi139.stdout:Sep 16 00:56:36 smithi139 ceph-mon[30909]: from='mgr.14118 172.21.15.139:0/723092603' entity='mgr.x'
2024-09-16T00:56:36.980 INFO:teuthology.orchestra.run.smithi139.stdout:/usr/bin/ceph: stderr
2024-09-16T00:56:35.961+0000 7f1b3b242640 1 Processor -- start
2024-09-16T00:56:36.980 INFO:teuthology.orchestra.run.smithi139.stdout:/usr/bin/ceph: stderr
2024-09-16T00:56:35.961+0000 7f1b3b242640 1 -- start start
2024-09-16T00:56:36.980 INFO:teuthology.orchestra.run.smithi139.stdout:/usr/bin/ceph: stderr
2024-09-16T00:56:35.961+0000 7f1b3b242640 1 --2- >> [v2:172.21.15.139:3300/0,v1:172.21.15.139:6789/0] conn(0x7f1b34108440 0x7f1b3410a830 unknown :-1 s=NONE pgs=0 cs=0 l=0 rev1=0 crypto rx=0 tx=0 comp rx=0 tx=0).connect
2024-09-16T00:56:36.980 INFO:teuthology.orchestra.run.smithi139.stdout:/usr/bin/ceph: stderr
2024-09-16T00:56:35.961+0000 7f1b3b242640 1 -- --> [v2:172.21.15.139:3300/0,v1:172.21.15.139:6789/0] -- mon_getmap magic: 0 -- 0x7f1b3407bdc0 con 0x7f1b34108440
2024-09-16T00:56:36.980 INFO:teuthology.orchestra.run.smithi139.stdout:/usr/bin/ceph: stderr
2024-09-16T00:56:35.962+0000 7f1b38fde640 1 --2- >> [v2:172.21.15.139:3300/0,v1:172.21.15.139:6789/0] conn(0x7f1b34108440 0x7f1b3410a830 unknown :-1 s=BANNER_CONNECTING pgs=0 cs=0 l=0 rev1=0 crypto rx=0 tx=0 comp rx=0 tx=0)._handle_peer_banner_payload supported=3 required=0
2024-09-16T00:56:36.981 INFO:teuthology.orchestra.run.smithi139.stdout:/usr/bin/ceph: stderr
2024-09-16T00:56:35.962+0000 7f1b38fde640 1 --2- >> [v2:172.21.15.139:3300/0,v1:172.21.15.139:6789/0] conn(0x7f1b34108440 0x7f1b3410a830 unknown :-1 s=HELLO_CONNECTING pgs=0 cs=0 l=0 rev1=1 crypto rx=0 tx=0 comp rx=0 tx=0).handle_hello peer v2:172.21.15.139:3300/0 says I am v2:172.21.15.139:51602/0 (socket says 172.21.15.139:51602)
2024-09-16T00:56:36.981 INFO:teuthology.orchestra.run.smithi139.stdout:/usr/bin/ceph: stderr
2024-09-16T00:56:35.962+0000 7f1b38fde640 1 -- 172.21.15.139:0/1586725102 learned_addr learned my addr 172.21.15.139:0/1586725102 (peer_addr_for_me v2:172.21.15.139:0/0)
2024-09-16T00:56:36.981 INFO:teuthology.orchestra.run.smithi139.stdout:/usr/bin/ceph: stderr
2024-09-16T00:56:35.962+0000 7f1b38fde640 1 -- 172.21.15.139:0/1586725102 --> [v2:172.21.15.139:3300/0,v1:172.21.15.139:6789/0] -- mon_subscribe({config=0+,monmap=0+}) -- 0x7f1b3410ad70 con 0x7f1b34108440
2024-09-16T00:56:36.981 INFO:teuthology.orchestra.run.smithi139.stdout:/usr/bin/ceph: stderr
2024-09-16T00:56:35.962+0000 7f1b38fde640 1 --2- 172.21.15.139:0/1586725102 >> [v2:172.21.15.139:3300/0,v1:172.21.15.139:6789/0] conn(0x7f1b34108440 0x7f1b3410a830 secure :-1 s=READY pgs=39 cs=0 l=1 rev1=1 crypto rx=0x7f1b28009820 tx=0x7f1b2802a270 comp rx=0 tx=0).ready entity=mon.0 client_cookie=926d1e0ea9ee7d6e server_cookie=0 in_seq=0 out_seq=0
2024-09-16T00:56:36.981 INFO:teuthology.orchestra.run.smithi139.stdout:/usr/bin/ceph: stderr
2024-09-16T00:56:35.963+0000 7f1b337fe640 1 -- 172.21.15.139:0/1586725102 <== mon.0 v2:172.21.15.139:3300/0 1 ==== mon_map magic: 0 ==== 205+0+0 (secure 0 0 0) 0x7f1b28037070 con 0x7f1b34108440
2024-09-16T00:56:36.981 INFO:teuthology.orchestra.run.smithi139.stdout:/usr/bin/ceph: stderr
2024-09-16T00:56:35.963+0000 7f1b337fe640 1 -- 172.21.15.139:0/1586725102 <== mon.0 v2:172.21.15.139:3300/0 2 ==== config(29 keys) ==== 1178+0+0 (secure 0 0 0) 0x7f1b28032940 con 0x7f1b34108440
2024-09-16T00:56:36.981 INFO:teuthology.orchestra.run.smithi139.stdout:/usr/bin/ceph: stderr
2024-09-16T00:56:35.963+0000 7f1b337fe640 1 -- 172.21.15.139:0/1586725102 <== mon.0 v2:172.21.15.139:3300/0 3 ==== mon_map magic: 0 ==== 205+0+0 (secure 0 0 0) 0x7f1b280309c0 con 0x7f1b34108440
2024-09-16T00:56:36.981 INFO:teuthology.orchestra.run.smithi139.stdout:/usr/bin/ceph: stderr
2024-09-16T00:56:35.963+0000 7f1b3b242640 1 -- 172.21.15.139:0/1586725102 >> [v2:172.21.15.139:3300/0,v1:172.21.15.139:6789/0] conn(0x7f1b34108440 msgr2=0x7f1b3410a830 secure :-1 s=STATE_CONNECTION_ESTABLISHED l=1).mark_down
2024-09-16T00:56:36.981 INFO:teuthology.orchestra.run.smithi139.stdout:/usr/bin/ceph: stderr
2024-09-16T00:56:35.963+0000 7f1b3b242640 1 --2- 172.21.15.139:0/1586725102 >> [v2:172.21.15.139:3300/0,v1:172.21.15.139:6789/0] conn(0x7f1b34108440 0x7f1b3410a830 secure :-1 s=READY pgs=39 cs=0 l=1 rev1=1 crypto rx=0x7f1b28009820 tx=0x7f1b2802a270 comp rx=0 tx=0).stop
2024-09-16T00:56:36.982 INFO:teuthology.orchestra.run.smithi139.stdout:/usr/bin/ceph: stderr
2024-09-16T00:56:35.963+0000 7f1b3b242640 1 -- 172.21.15.139:0/1586725102 shutdown_connections
2024-09-16T00:56:36.982 INFO:teuthology.orchestra.run.smithi139.stdout:/usr/bin/ceph: stderr
2024-09-16T00:56:35.963+0000 7f1b3b242640 1 --2- 172.21.15.139:0/1586725102 >> [v2:172.21.15.139:3300/0,v1:172.21.15.139:6789/0] conn(0x7f1b34108440 0x7f1b3410a830 unknown :-1 s=CLOSED pgs=39 cs=0 l=1 rev1=1 crypto rx=0 tx=0 comp rx=0 tx=0).stop
2024-09-16T00:56:36.982 INFO:teuthology.orchestra.run.smithi139.stdout:/usr/bin/ceph: stderr
2024-09-16T00:56:35.963+0000 7f1b3b242640 1 -- 172.21.15.139:0/1586725102 >> 172.21.15.139:0/1586725102 conn(0x7f1b34102000 msgr2=0x7f1b34104440 unknown :-1 s=STATE_NONE l=0).mark_down
2024-09-16T00:56:36.982 INFO:teuthology.orchestra.run.smithi139.stdout:/usr/bin/ceph: stderr
2024-09-16T00:56:35.963+0000 7f1b3b242640 1 -- 172.21.15.139:0/1586725102 shutdown_connections
2024-09-16T00:56:36.982 INFO:teuthology.orchestra.run.smithi139.stdout:/usr/bin/ceph: stderr
2024-09-16T00:56:35.963+0000 7f1b3b242640 1 -- 172.21.15.139:0/1586725102 wait complete.
2024-09-16T00:56:36.982 INFO:teuthology.orchestra.run.smithi139.stdout:/usr/bin/ceph: stderr
2024-09-16T00:56:35.964+0000 7f1b3b242640 1 Processor -- start
2024-09-16T00:56:36.982 INFO:teuthology.orchestra.run.smithi139.stdout:/usr/bin/ceph: stderr
2024-09-16T00:56:35.964+0000 7f1b3b242640 1 -- start start
2024-09-16T00:56:36.982 INFO:teuthology.orchestra.run.smithi139.stdout:/usr/bin/ceph: stderr
2024-09-16T00:56:35.964+0000 7f1b3b242640 1 --2- >> [v2:172.21.15.139:3300/0,v1:172.21.15.139:6789/0] conn(0x7f1b34108440 0x7f1b34107cc0 unknown :-1 s=NONE pgs=0 cs=0 l=1 rev1=0 crypto rx=0 tx=0 comp rx=0 tx=0).connect
2024-09-16T00:56:36.982 INFO:teuthology.orchestra.run.smithi139.stdout:/usr/bin/ceph: stderr
2024-09-16T00:56:35.964+0000 7f1b3b242640 1 -- --> [v2:172.21.15.139:3300/0,v1:172.21.15.139:6789/0] -- mon_getmap magic: 0 -- 0x7f1b3410be10 con 0x7f1b34108440
2024-09-16T00:56:36.983 INFO:teuthology.orchestra.run.smithi139.stdout:/usr/bin/ceph: stderr
2024-09-16T00:56:35.964+0000 7f1b38fde640 1 --2- >> [v2:172.21.15.139:3300/0,v1:172.21.15.139:6789/0] conn(0x7f1b34108440 0x7f1b34107cc0 unknown :-1 s=BANNER_CONNECTING pgs=0 cs=0 l=1 rev1=0 crypto rx=0 tx=0 comp rx=0 tx=0)._handle_peer_banner_payload supported=3 required=0
2024-09-16T00:56:36.983 INFO:teuthology.orchestra.run.smithi139.stdout:/usr/bin/ceph: stderr
2024-09-16T00:56:35.964+0000 7f1b38fde640 1 --2- >> [v2:172.21.15.139:3300/0,v1:172.21.15.139:6789/0] conn(0x7f1b34108440 0x7f1b34107cc0 unknown :-1 s=HELLO_CONNECTING pgs=0 cs=0 l=1 rev1=1 crypto rx=0 tx=0 comp rx=0 tx=0).handle_hello peer v2:172.21.15.139:3300/0 says I am v2:172.21.15.139:51612/0 (socket says 172.21.15.139:51612)
2024-09-16T00:56:36.983 INFO:teuthology.orchestra.run.smithi139.stdout:/usr/bin/ceph: stderr
2024-09-16T00:56:35.964+0000 7f1b38fde640 1 -- 172.21.15.139:0/3430770761 learned_addr learned my addr 172.21.15.139:0/3430770761 (peer_addr_for_me v2:172.21.15.139:0/0)
2024-09-16T00:56:36.983 INFO:teuthology.orchestra.run.smithi139.stdout:/usr/bin/ceph: stderr
2024-09-16T00:56:35.964+0000 7f1b38fde640 1 -- 172.21.15.139:0/3430770761 --> [v2:172.21.15.139:3300/0,v1:172.21.15.139:6789/0] -- mon_subscribe({config=0+,monmap=0+}) -- 0x7f1b34108200 con 0x7f1b34108440
2024-09-16T00:56:36.983 INFO:teuthology.orchestra.run.smithi139.stdout:/usr/bin/ceph: stderr
2024-09-16T00:56:35.964+0000 7f1b38fde640 1 --2- 172.21.15.139:0/3430770761 >> [v2:172.21.15.139:3300/0,v1:172.21.15.139:6789/0] conn(0x7f1b34108440 0x7f1b34107cc0 secure :-1 s=READY pgs=40 cs=0 l=1 rev1=1 crypto rx=0x7f1b28032d90 tx=0x7f1b28032dc0 comp rx=0 tx=0).ready entity=mon.0 client_cookie=0 server_cookie=0 in_seq=0 out_seq=0
2024-09-16T00:56:36.983 INFO:teuthology.orchestra.run.smithi139.stdout:/usr/bin/ceph: stderr
2024-09-16T00:56:35.965+0000 7f1b31ffb640 1 -- 172.21.15.139:0/3430770761 <== mon.0 v2:172.21.15.139:3300/0 1 ==== mon_map magic: 0 ==== 205+0+0 (secure 0 0 0) 0x7f1b28042070 con 0x7f1b34108440
2024-09-16T00:56:36.983 INFO:teuthology.orchestra.run.smithi139.stdout:/usr/bin/ceph: stderr
2024-09-16T00:56:35.965+0000 7f1b31ffb640 1 -- 172.21.15.139:0/3430770761 <== mon.0 v2:172.21.15.139:3300/0 2 ==== config(29 keys) ==== 1178+0+0 (secure 0 0 0) 0x7f1b280325f0 con 0x7f1b34108440
2024-09-16T00:56:36.983 INFO:teuthology.orchestra.run.smithi139.stdout:/usr/bin/ceph: stderr
2024-09-16T00:56:35.965+0000 7f1b31ffb640 1 -- 172.21.15.139:0/3430770761 <== mon.0 v2:172.21.15.139:3300/0 3 ==== mon_map magic: 0 ==== 205+0+0 (secure 0 0 0) 0x7f1b28037040 con 0x7f1b34108440
2024-09-16T00:56:36.983 INFO:teuthology.orchestra.run.smithi139.stdout:/usr/bin/ceph: stderr
2024-09-16T00:56:35.965+0000 7f1b3b242640 1 -- 172.21.15.139:0/3430770761 --> [v2:172.21.15.139:3300/0,v1:172.21.15.139:6789/0] -- mon_subscribe({mgrmap=0+}) -- 0x7f1b341063f0 con 0x7f1b34108440
2024-09-16T00:56:36.983 INFO:teuthology.orchestra.run.smithi139.stdout:/usr/bin/ceph: stderr
2024-09-16T00:56:35.965+0000 7f1b3b242640 1 -- 172.21.15.139:0/3430770761 --> [v2:172.21.15.139:3300/0,v1:172.21.15.139:6789/0] -- mon_subscribe({osdmap=0}) -- 0x7f1b34106930 con 0x7f1b34108440
2024-09-16T00:56:36.983 INFO:teuthology.orchestra.run.smithi139.stdout:/usr/bin/ceph: stderr
2024-09-16T00:56:35.966+0000 7f1b31ffb640 1 -- 172.21.15.139:0/3430770761 <== mon.0 v2:172.21.15.139:3300/0 4 ==== mgrmap(e 8) ==== 46461+0+0 (secure 0 0 0) 0x7f1b28045070 con 0x7f1b34108440
2024-09-16T00:56:36.983 INFO:teuthology.orchestra.run.smithi139.stdout:/usr/bin/ceph: stderr
2024-09-16T00:56:35.966+0000 7f1b31ffb640 1 --2- 172.21.15.139:0/3430770761 >> [v2:172.21.15.139:6800/3635226392,v1:172.21.15.139:6801/3635226392] conn(0x7f1b24039200 0x7f1b2403b6c0 unknown :-1 s=NONE pgs=0 cs=0 l=1 rev1=0 crypto rx=0 tx=0 comp rx=0 tx=0).connect
2024-09-16T00:56:36.983 INFO:teuthology.orchestra.run.smithi139.stdout:/usr/bin/ceph: stderr
2024-09-16T00:56:35.966+0000 7f1b31ffb640 1 -- 172.21.15.139:0/3430770761 <== mon.0 v2:172.21.15.139:3300/0 5 ==== osd_map(2..2 src has 1..2) ==== 940+0+0 (secure 0 0 0) 0x7f1b2806c1d0 con 0x7f1b34108440
2024-09-16T00:56:36.984 INFO:teuthology.orchestra.run.smithi139.stdout:/usr/bin/ceph: stderr
2024-09-16T00:56:35.966+0000 7f1b3b242640 1 -- 172.21.15.139:0/3430770761 --> [v2:172.21.15.139:3300/0,v1:172.21.15.139:6789/0] -- mon_command({"prefix": "get_command_descriptions"} v 0) -- 0x7f1b341088a0 con 0x7f1b34108440
2024-09-16T00:56:36.984 INFO:teuthology.orchestra.run.smithi139.stdout:/usr/bin/ceph: stderr
2024-09-16T00:56:35.966+0000 7f1b33fff640 1 --2- 172.21.15.139:0/3430770761 >> [v2:172.21.15.139:6800/3635226392,v1:172.21.15.139:6801/3635226392] conn(0x7f1b24039200 0x7f1b2403b6c0 unknown :-1 s=BANNER_CONNECTING pgs=0 cs=0 l=1 rev1=0 crypto rx=0 tx=0 comp rx=0 tx=0)._handle_peer_banner_payload supported=3 required=0
2024-09-16T00:56:36.984 INFO:teuthology.orchestra.run.smithi139.stdout:/usr/bin/ceph: stderr
2024-09-16T00:56:35.966+0000 7f1b33fff640 1 --2- 172.21.15.139:0/3430770761 >> [v2:172.21.15.139:6800/3635226392,v1:172.21.15.139:6801/3635226392] conn(0x7f1b24039200 0x7f1b2403b6c0 secure :-1 s=READY pgs=9 cs=0 l=1 rev1=1 crypto rx=0x7f1b200098c0 tx=0x7f1b20006db0 comp rx=0 tx=0).ready entity=mgr.14118 client_cookie=0 server_cookie=0 in_seq=0 out_seq=0
2024-09-16T00:56:36.984 INFO:teuthology.orchestra.run.smithi139.stdout:/usr/bin/ceph: stderr
2024-09-16T00:56:35.971+0000 7f1b31ffb640 1 -- 172.21.15.139:0/3430770761 <== mon.0 v2:172.21.15.139:3300/0 6 ==== mon_command_ack([{"prefix": "get_command_descriptions"}]=0 v0) ==== 72+0+188821 (secure 0 0 0) 0x7f1b28045360 con 0x7f1b34108440
2024-09-16T00:56:36.984 INFO:teuthology.orchestra.run.smithi139.stdout:/usr/bin/ceph: stderr
2024-09-16T00:56:36.137+0000 7f1b3b242640 1 -- 172.21.15.139:0/3430770761 --> [v2:172.21.15.139:6800/3635226392,v1:172.21.15.139:6801/3635226392] -- mgr_command(tid 0: {"prefix": "cephadm generate-key", "target": ["mon-mgr", ""]}) -- 0x7f1b34107230 con 0x7f1b24039200
2024-09-16T00:56:36.984 INFO:teuthology.orchestra.run.smithi139.stdout:/usr/bin/ceph: stderr
2024-09-16T00:56:36.453+0000 7f1b31ffb640 1 -- 172.21.15.139:0/3430770761 <== mgr.14118 v2:172.21.15.139:6800/3635226392 1 ==== mgr_command_reply(tid 0: 0 ) ==== 8+0+0 (secure 0 0 0) 0x7f1b34107230 con 0x7f1b24039200
2024-09-16T00:56:36.984 INFO:teuthology.orchestra.run.smithi139.stdout:/usr/bin/ceph: stderr
2024-09-16T00:56:36.455+0000 7f1b3b242640 1 -- 172.21.15.139:0/3430770761 >> [v2:172.21.15.139:6800/3635226392,v1:172.21.15.139:6801/3635226392] conn(0x7f1b24039200 msgr2=0x7f1b2403b6c0 secure :-1 s=STATE_CONNECTION_ESTABLISHED l=1).mark_down
2024-09-16T00:56:36.984 INFO:teuthology.orchestra.run.smithi139.stdout:/usr/bin/ceph: stderr
2024-09-16T00:56:36.455+0000 7f1b3b242640 1 --2- 172.21.15.139:0/3430770761 >> [v2:172.21.15.139:6800/3635226392,v1:172.21.15.139:6801/3635226392] conn(0x7f1b24039200 0x7f1b2403b6c0 secure :-1 s=READY pgs=9 cs=0 l=1 rev1=1 crypto rx=0x7f1b200098c0 tx=0x7f1b20006db0 comp rx=0 tx=0).stop
2024-09-16T00:56:36.985 INFO:teuthology.orchestra.run.smithi139.stdout:/usr/bin/ceph: stderr
2024-09-16T00:56:36.455+0000 7f1b3b242640 1 -- 172.21.15.139:0/3430770761 >> [v2:172.21.15.139:3300/0,v1:172.21.15.139:6789/0] conn(0x7f1b34108440 msgr2=0x7f1b34107cc0 secure :-1 s=STATE_CONNECTION_ESTABLISHED l=1).mark_down
2024-09-16T00:56:36.985 INFO:teuthology.orchestra.run.smithi139.stdout:/usr/bin/ceph: stderr
2024-09-16T00:56:36.455+0000 7f1b3b242640 1 --2- 172.21.15.139:0/3430770761 >> [v2:172.21.15.139:3300/0,v1:172.21.15.139:6789/0] conn(0x7f1b34108440 0x7f1b34107cc0 secure :-1 s=READY pgs=40 cs=0 l=1 rev1=1 crypto rx=0x7f1b28032d90 tx=0x7f1b28032dc0 comp rx=0 tx=0).stop
2024-09-16T00:56:36.985 INFO:teuthology.orchestra.run.smithi139.stdout:/usr/bin/ceph: stderr
2024-09-16T00:56:36.455+0000 7f1b3b242640 1 -- 172.21.15.139:0/3430770761 shutdown_connections
2024-09-16T00:56:36.985 INFO:teuthology.orchestra.run.smithi139.stdout:/usr/bin/ceph: stderr
2024-09-16T00:56:36.455+0000 7f1b3b242640 1 --2- 172.21.15.139:0/3430770761 >> [v2:172.21.15.139:6800/3635226392,v1:172.21.15.139:6801/3635226392] conn(0x7f1b24039200 0x7f1b2403b6c0 unknown :-1 s=CLOSED pgs=9 cs=0 l=1 rev1=1 crypto rx=0 tx=0 comp rx=0 tx=0).stop
2024-09-16T00:56:36.985 INFO:teuthology.orchestra.run.smithi139.stdout:/usr/bin/ceph: stderr
2024-09-16T00:56:36.455+0000 7f1b3b242640 1 --2- 172.21.15.139:0/3430770761 >> [v2:172.21.15.139:3300/0,v1:172.21.15.139:6789/0] conn(0x7f1b34108440 0x7f1b34107cc0 unknown :-1 s=CLOSED pgs=40 cs=0 l=1 rev1=1 crypto rx=0 tx=0 comp rx=0 tx=0).stop
2024-09-16T00:56:36.985 INFO:teuthology.orchestra.run.smithi139.stdout:/usr/bin/ceph: stderr
2024-09-16T00:56:36.455+0000 7f1b3b242640 1 -- 172.21.15.139:0/3430770761 >> 172.21.15.139:0/3430770761 conn(0x7f1b34102000 msgr2=0x7f1b34102bd0 unknown :-1 s=STATE_NONE l=0).mark_down
2024-09-16T00:56:36.985 INFO:teuthology.orchestra.run.smithi139.stdout:/usr/bin/ceph: stderr
2024-09-16T00:56:36.455+0000 7f1b3b242640 1 -- 172.21.15.139:0/3430770761 shutdown_connections
2024-09-16T00:56:36.985 INFO:teuthology.orchestra.run.smithi139.stdout:/usr/bin/ceph: stderr
2024-09-16T00:56:36.456+0000 7f1b3b242640 1 -- 172.21.15.139:0/3430770761 wait complete.
2024-09-16T00:56:37.980 INFO:journalctl@ceph.mon.a.smithi139.stdout:Sep 16 00:56:37 smithi139 ceph-mon[30909]: from='client.14134 -' entity='client.admin' cmd=[{"prefix": "cephadm generate-key", "target": ["mon-mgr", ""]}]: dispatch
2024-09-16T00:56:37.980 INFO:journalctl@ceph.mon.a.smithi139.stdout:Sep 16 00:56:37 smithi139 ceph-mon[30909]: Generating ssh key...
2024-09-16T00:56:38.152 INFO:teuthology.orchestra.run.smithi139.stdout:/usr/bin/ceph: stdout ssh-rsa AAAAB3NzaC1yc2EAAAADAQABAAABgQDYj3LkLe+gqSiFJ4M5TqXxVSMxFtflhEMKx8OQnJi3fPmCnYMAYvMkKad/0ywrfa97OKschDSRwbj9eNRkaXhS3uTxuIb8mSlyU+NOjaqJmIDiICu4JkUzNSaPUi3OeAqcbDty1ma8YwCdL8BfSqtclugsyOERsWTMA2aKV0PHIc6afZza/8D1FPvS1l2zuAgf3jlA+QuCs/TIFzneNKf3oHlJoXlboe042D48fN/EOiK8J1uNLgQqNQh4MvdwGoW/EWNp05xkOVGelga5htyeB35xvPAaNSX109rS3YXzqev379Xnop+Xrj5mywX+TN4N1G3wZpDs81Cu5XMPgM3+QSU/IbDR0fskKPw5++Sj33fVC4E1IUlhhkLK8q2fXqhXPlfx8duE6t8wLTOVSK86kU85Lgs+/7Bhey6cMi5+y4HfOrGfU4fb+taKrzlK40nwjoaYf/vvIMp5r+RkoYpyFsPw99hY1IG3tdAeuyf2T67bZH2ofgycJPk3vDn/xaE= ceph-2d4bda22-73c6-11ef-bceb-c7b262605968
2024-09-16T00:56:38.152 INFO:teuthology.orchestra.run.smithi139.stdout:/usr/bin/ceph: stderr
2024-09-16T00:56:37.386+0000 7f217a5d3640 1 Processor -- start
2024-09-16T00:56:38.153 INFO:teuthology.orchestra.run.smithi139.stdout:/usr/bin/ceph: stderr
2024-09-16T00:56:37.386+0000 7f217a5d3640 1 -- start start
2024-09-16T00:56:38.153 INFO:teuthology.orchestra.run.smithi139.stdout:/usr/bin/ceph: stderr
2024-09-16T00:56:37.386+0000 7f217a5d3640 1 --2- >> [v2:172.21.15.139:3300/0,v1:172.21.15.139:6789/0] conn(0x7f2174105bf0 0x7f2174105ff0 unknown :-1 s=NONE pgs=0 cs=0 l=0 rev1=0 crypto rx=0 tx=0 comp rx=0 tx=0).connect
2024-09-16T00:56:38.153 INFO:teuthology.orchestra.run.smithi139.stdout:/usr/bin/ceph: stderr
2024-09-16T00:56:37.387+0000 7f217a5d3640 1 -- --> [v2:172.21.15.139:3300/0,v1:172.21.15.139:6789/0] -- mon_getmap magic: 0 -- 0x7f21741065c0 con 0x7f2174105bf0
2024-09-16T00:56:38.153 INFO:teuthology.orchestra.run.smithi139.stdout:/usr/bin/ceph: stderr
2024-09-16T00:56:37.387+0000 7f2173fff640 1 --2- >> [v2:172.21.15.139:3300/0,v1:172.21.15.139:6789/0] conn(0x7f2174105bf0 0x7f2174105ff0 unknown :-1 s=BANNER_CONNECTING pgs=0 cs=0 l=0 rev1=0 crypto rx=0 tx=0 comp rx=0 tx=0)._handle_peer_banner_payload supported=3 required=0
2024-09-16T00:56:38.153 INFO:teuthology.orchestra.run.smithi139.stdout:/usr/bin/ceph: stderr
2024-09-16T00:56:37.387+0000 7f2173fff640 1 --2- >> [v2:172.21.15.139:3300/0,v1:172.21.15.139:6789/0] conn(0x7f2174105bf0 0x7f2174105ff0 unknown :-1 s=HELLO_CONNECTING pgs=0 cs=0 l=0 rev1=1 crypto rx=0 tx=0 comp rx=0 tx=0).handle_hello peer v2:172.21.15.139:3300/0 says I am v2:172.21.15.139:51622/0 (socket says 172.21.15.139:51622)
2024-09-16T00:56:38.153 INFO:teuthology.orchestra.run.smithi139.stdout:/usr/bin/ceph: stderr
2024-09-16T00:56:37.387+0000 7f2173fff640 1 -- 172.21.15.139:0/1116653409 learned_addr learned my addr 172.21.15.139:0/1116653409 (peer_addr_for_me v2:172.21.15.139:0/0)
2024-09-16T00:56:38.153 INFO:teuthology.orchestra.run.smithi139.stdout:/usr/bin/ceph: stderr
2024-09-16T00:56:37.387+0000 7f2173fff640 1 -- 172.21.15.139:0/1116653409 --> [v2:172.21.15.139:3300/0,v1:172.21.15.139:6789/0] -- mon_subscribe({config=0+,monmap=0+}) -- 0x7f2174108bd0 con 0x7f2174105bf0
2024-09-16T00:56:38.153 INFO:teuthology.orchestra.run.smithi139.stdout:/usr/bin/ceph: stderr
2024-09-16T00:56:37.388+0000 7f2173fff640 1 --2- 172.21.15.139:0/1116653409 >> [v2:172.21.15.139:3300/0,v1:172.21.15.139:6789/0] conn(0x7f2174105bf0 0x7f2174105ff0 secure :-1 s=READY pgs=41 cs=0 l=1 rev1=1 crypto rx=0x7f2164009820 tx=0x7f216402a270 comp rx=0 tx=0).ready entity=mon.0 client_cookie=f882cb68c3e95866 server_cookie=0 in_seq=0 out_seq=0
2024-09-16T00:56:38.153 INFO:teuthology.orchestra.run.smithi139.stdout:/usr/bin/ceph: stderr
2024-09-16T00:56:37.388+0000 7f2172ffd640 1 -- 172.21.15.139:0/1116653409 <== mon.0 v2:172.21.15.139:3300/0 1 ==== mon_map magic: 0 ==== 205+0+0 (secure 0 0 0) 0x7f2164037070 con 0x7f2174105bf0
2024-09-16T00:56:38.153 INFO:teuthology.orchestra.run.smithi139.stdout:/usr/bin/ceph: stderr
2024-09-16T00:56:37.388+0000 7f2172ffd640 1 -- 172.21.15.139:0/1116653409 <== mon.0 v2:172.21.15.139:3300/0 2 ==== config(29 keys) ==== 1178+0+0 (secure 0 0 0) 0x7f2164032940 con 0x7f2174105bf0
2024-09-16T00:56:38.153 INFO:teuthology.orchestra.run.smithi139.stdout:/usr/bin/ceph: stderr
2024-09-16T00:56:37.388+0000 7f2172ffd640 1 -- 172.21.15.139:0/1116653409 <== mon.0 v2:172.21.15.139:3300/0 3 ==== mon_map magic: 0 ==== 205+0+0 (secure 0 0 0) 0x7f21640309c0 con 0x7f2174105bf0
2024-09-16T00:56:38.153 INFO:teuthology.orchestra.run.smithi139.stdout:/usr/bin/ceph: stderr
2024-09-16T00:56:37.388+0000 7f217a5d3640 1 -- 172.21.15.139:0/1116653409 >> [v2:172.21.15.139:3300/0,v1:172.21.15.139:6789/0] conn(0x7f2174105bf0 msgr2=0x7f2174105ff0 secure :-1 s=STATE_CONNECTION_ESTABLISHED l=1).mark_down
2024-09-16T00:56:38.154 INFO:teuthology.orchestra.run.smithi139.stdout:/usr/bin/ceph: stderr
2024-09-16T00:56:37.388+0000 7f217a5d3640 1 --2- 172.21.15.139:0/1116653409 >> [v2:172.21.15.139:3300/0,v1:172.21.15.139:6789/0] conn(0x7f2174105bf0 0x7f2174105ff0 secure :-1 s=READY pgs=41 cs=0 l=1 rev1=1 crypto rx=0x7f2164009820 tx=0x7f216402a270 comp rx=0 tx=0).stop
2024-09-16T00:56:38.154 INFO:teuthology.orchestra.run.smithi139.stdout:/usr/bin/ceph: stderr
2024-09-16T00:56:37.388+0000 7f217a5d3640 1 -- 172.21.15.139:0/1116653409 shutdown_connections
2024-09-16T00:56:38.154 INFO:teuthology.orchestra.run.smithi139.stdout:/usr/bin/ceph: stderr
2024-09-16T00:56:37.388+0000 7f217a5d3640 1 --2- 172.21.15.139:0/1116653409 >> [v2:172.21.15.139:3300/0,v1:172.21.15.139:6789/0] conn(0x7f2174105bf0 0x7f2174105ff0 unknown :-1 s=CLOSED pgs=41 cs=0 l=1 rev1=1 crypto rx=0 tx=0 comp rx=0 tx=0).stop
2024-09-16T00:56:38.154 INFO:teuthology.orchestra.run.smithi139.stdout:/usr/bin/ceph: stderr
2024-09-16T00:56:37.388+0000 7f217a5d3640 1 -- 172.21.15.139:0/1116653409 >> 172.21.15.139:0/1116653409 conn(0x7f21741017e0 msgr2=0x7f2174103c00 unknown :-1 s=STATE_NONE l=0).mark_down
2024-09-16T00:56:38.154 INFO:teuthology.orchestra.run.smithi139.stdout:/usr/bin/ceph: stderr
2024-09-16T00:56:37.388+0000 7f217a5d3640 1 -- 172.21.15.139:0/1116653409 shutdown_connections
2024-09-16T00:56:38.154 INFO:teuthology.orchestra.run.smithi139.stdout:/usr/bin/ceph: stderr
2024-09-16T00:56:37.388+0000 7f217a5d3640 1 -- 172.21.15.139:0/1116653409 wait complete.
2024-09-16T00:56:38.154 INFO:teuthology.orchestra.run.smithi139.stdout:/usr/bin/ceph: stderr
2024-09-16T00:56:37.389+0000 7f217a5d3640 1 Processor -- start
2024-09-16T00:56:38.154 INFO:teuthology.orchestra.run.smithi139.stdout:/usr/bin/ceph: stderr
2024-09-16T00:56:37.389+0000 7f217a5d3640 1 -- start start
2024-09-16T00:56:38.154 INFO:teuthology.orchestra.run.smithi139.stdout:/usr/bin/ceph: stderr
2024-09-16T00:56:37.389+0000 7f217a5d3640 1 --2- >> [v2:172.21.15.139:3300/0,v1:172.21.15.139:6789/0] conn(0x7f2174105bf0 0x7f217419b9d0 unknown :-1 s=NONE pgs=0 cs=0 l=1 rev1=0 crypto rx=0 tx=0 comp rx=0 tx=0).connect
2024-09-16T00:56:38.154 INFO:teuthology.orchestra.run.smithi139.stdout:/usr/bin/ceph: stderr
2024-09-16T00:56:37.389+0000 7f217a5d3640 1 -- --> [v2:172.21.15.139:3300/0,v1:172.21.15.139:6789/0] -- mon_getmap magic: 0 -- 0x7f217410bf80 con 0x7f2174105bf0
2024-09-16T00:56:38.154 INFO:teuthology.orchestra.run.smithi139.stdout:/usr/bin/ceph: stderr
2024-09-16T00:56:37.389+0000 7f2173fff640 1 --2- >> [v2:172.21.15.139:3300/0,v1:172.21.15.139:6789/0] conn(0x7f2174105bf0 0x7f217419b9d0 unknown :-1 s=BANNER_CONNECTING pgs=0 cs=0 l=1 rev1=0 crypto rx=0 tx=0 comp rx=0 tx=0)._handle_peer_banner_payload supported=3 required=0
2024-09-16T00:56:38.154 INFO:teuthology.orchestra.run.smithi139.stdout:/usr/bin/ceph: stderr
2024-09-16T00:56:37.389+0000 7f2173fff640 1 --2- >> [v2:172.21.15.139:3300/0,v1:172.21.15.139:6789/0] conn(0x7f2174105bf0 0x7f217419b9d0 unknown :-1 s=HELLO_CONNECTING pgs=0 cs=0 l=1 rev1=1 crypto rx=0 tx=0 comp rx=0 tx=0).handle_hello peer v2:172.21.15.139:3300/0 says I am v2:172.21.15.139:51628/0 (socket says 172.21.15.139:51628)
2024-09-16T00:56:38.154 INFO:teuthology.orchestra.run.smithi139.stdout:/usr/bin/ceph: stderr
2024-09-16T00:56:37.389+0000 7f2173fff640 1 -- 172.21.15.139:0/3480665656 learned_addr learned my addr 172.21.15.139:0/3480665656 (peer_addr_for_me v2:172.21.15.139:0/0)
2024-09-16T00:56:38.154 INFO:teuthology.orchestra.run.smithi139.stdout:/usr/bin/ceph: stderr
2024-09-16T00:56:37.390+0000 7f2173fff640 1 -- 172.21.15.139:0/3480665656 --> [v2:172.21.15.139:3300/0,v1:172.21.15.139:6789/0] -- mon_subscribe({config=0+,monmap=0+}) -- 0x7f217419bf10 con 0x7f2174105bf0
2024-09-16T00:56:38.155 INFO:teuthology.orchestra.run.smithi139.stdout:/usr/bin/ceph: stderr
2024-09-16T00:56:37.390+0000 7f2173fff640 1 --2- 172.21.15.139:0/3480665656 >> [v2:172.21.15.139:3300/0,v1:172.21.15.139:6789/0] conn(0x7f2174105bf0 0x7f217419b9d0 secure :-1 s=READY pgs=42 cs=0 l=1 rev1=1 crypto rx=0x7f2164032e60 tx=0x7f2164032e90 comp rx=0 tx=0).ready entity=mon.0 client_cookie=0 server_cookie=0 in_seq=0 out_seq=0
2024-09-16T00:56:38.155 INFO:teuthology.orchestra.run.smithi139.stdout:/usr/bin/ceph: stderr
2024-09-16T00:56:37.390+0000 7f21717fa640 1 -- 172.21.15.139:0/3480665656 <== mon.0 v2:172.21.15.139:3300/0 1 ==== mon_map magic: 0 ==== 205+0+0 (secure 0 0 0) 0x7f2164042070 con 0x7f2174105bf0
2024-09-16T00:56:38.155 INFO:teuthology.orchestra.run.smithi139.stdout:/usr/bin/ceph: stderr
2024-09-16T00:56:37.390+0000 7f21717fa640 1 -- 172.21.15.139:0/3480665656 <== mon.0 v2:172.21.15.139:3300/0 2 ==== config(29 keys) ==== 1178+0+0 (secure 0 0 0) 0x7f2164032570 con 0x7f2174105bf0
2024-09-16T00:56:38.155 INFO:teuthology.orchestra.run.smithi139.stdout:/usr/bin/ceph: stderr
2024-09-16T00:56:37.390+0000 7f21717fa640 1 -- 172.21.15.139:0/3480665656 <== mon.0 v2:172.21.15.139:3300/0 3 ==== mon_map magic: 0 ==== 205+0+0 (secure 0 0 0) 0x7f2164037040 con 0x7f2174105bf0
2024-09-16T00:56:38.155 INFO:teuthology.orchestra.run.smithi139.stdout:/usr/bin/ceph: stderr
2024-09-16T00:56:37.390+0000 7f217a5d3640 1 -- 172.21.15.139:0/3480665656 --> [v2:172.21.15.139:3300/0,v1:172.21.15.139:6789/0] -- mon_subscribe({mgrmap=0+}) -- 0x7f217419c1a0 con 0x7f2174105bf0
2024-09-16T00:56:38.155 INFO:teuthology.orchestra.run.smithi139.stdout:/usr/bin/ceph: stderr
2024-09-16T00:56:37.390+0000 7f217a5d3640 1 -- 172.21.15.139:0/3480665656 --> [v2:172.21.15.139:3300/0,v1:172.21.15.139:6789/0] -- mon_subscribe({osdmap=0}) -- 0x7f217419ee90 con 0x7f2174105bf0
2024-09-16T00:56:38.155 INFO:teuthology.orchestra.run.smithi139.stdout:/usr/bin/ceph: stderr
2024-09-16T00:56:37.391+0000 7f21717fa640 1 -- 172.21.15.139:0/3480665656 <== mon.0 v2:172.21.15.139:3300/0 4 ==== mgrmap(e 8) ==== 46461+0+0 (secure 0 0 0) 0x7f2164045070 con 0x7f2174105bf0
2024-09-16T00:56:38.155 INFO:teuthology.orchestra.run.smithi139.stdout:/usr/bin/ceph: stderr
2024-09-16T00:56:37.391+0000 7f21717fa640 1 --2- 172.21.15.139:0/3480665656 >> [v2:172.21.15.139:6800/3635226392,v1:172.21.15.139:6801/3635226392] conn(0x7f215c039200 0x7f215c03b6c0 unknown :-1 s=NONE pgs=0 cs=0 l=1 rev1=0 crypto rx=0 tx=0 comp rx=0 tx=0).connect
2024-09-16T00:56:38.155 INFO:teuthology.orchestra.run.smithi139.stdout:/usr/bin/ceph: stderr
2024-09-16T00:56:37.391+0000 7f21717fa640 1 -- 172.21.15.139:0/3480665656 <== mon.0 v2:172.21.15.139:3300/0 5 ==== osd_map(2..2 src has 1..2) ==== 940+0+0 (secure 0 0 0) 0x7f216406c1a0 con 0x7f2174105bf0
2024-09-16T00:56:38.155 INFO:teuthology.orchestra.run.smithi139.stdout:/usr/bin/ceph: stderr
2024-09-16T00:56:37.391+0000 7f217a5d3640 1 -- 172.21.15.139:0/3480665656 --> [v2:172.21.15.139:3300/0,v1:172.21.15.139:6789/0] -- mon_command({"prefix": "get_command_descriptions"} v 0) -- 0x7f217410c100 con 0x7f2174105bf0
2024-09-16T00:56:38.155 INFO:teuthology.orchestra.run.smithi139.stdout:/usr/bin/ceph: stderr
2024-09-16T00:56:37.391+0000 7f21737fe640 1 --2- 172.21.15.139:0/3480665656 >> [v2:172.21.15.139:6800/3635226392,v1:172.21.15.139:6801/3635226392] conn(0x7f215c039200 0x7f215c03b6c0 unknown :-1 s=BANNER_CONNECTING pgs=0 cs=0 l=1 rev1=0 crypto rx=0 tx=0 comp rx=0 tx=0)._handle_peer_banner_payload supported=3 required=0
2024-09-16T00:56:38.155 INFO:teuthology.orchestra.run.smithi139.stdout:/usr/bin/ceph: stderr
2024-09-16T00:56:37.392+0000 7f21737fe640 1 --2- 172.21.15.139:0/3480665656 >> [v2:172.21.15.139:6800/3635226392,v1:172.21.15.139:6801/3635226392] conn(0x7f215c039200 0x7f215c03b6c0 secure :-1 s=READY pgs=10 cs=0 l=1 rev1=1 crypto rx=0x7f21680098c0 tx=0x7f2168006db0 comp rx=0 tx=0).ready entity=mgr.14118 client_cookie=0 server_cookie=0 in_seq=0 out_seq=0
2024-09-16T00:56:38.156 INFO:teuthology.orchestra.run.smithi139.stdout:/usr/bin/ceph: stderr
2024-09-16T00:56:37.396+0000 7f21717fa640 1 -- 172.21.15.139:0/3480665656 <== mon.0 v2:172.21.15.139:3300/0 6 ==== mon_command_ack([{"prefix": "get_command_descriptions"}]=0 v0) ==== 72+0+188821 (secure 0 0 0) 0x7f216403dbf0 con 0x7f2174105bf0
2024-09-16T00:56:38.156 INFO:teuthology.orchestra.run.smithi139.stdout:/usr/bin/ceph: stderr
2024-09-16T00:56:37.564+0000 7f217a5d3640 1 -- 172.21.15.139:0/3480665656 --> [v2:172.21.15.139:6800/3635226392,v1:172.21.15.139:6801/3635226392] -- mgr_command(tid 0: {"prefix": "cephadm get-pub-key", "target": ["mon-mgr", ""]}) -- 0x7f2174102a60 con 0x7f215c039200
2024-09-16T00:56:38.156 INFO:teuthology.orchestra.run.smithi139.stdout:/usr/bin/ceph: stderr
2024-09-16T00:56:37.564+0000 7f21717fa640 1 -- 172.21.15.139:0/3480665656 <== mgr.14118 v2:172.21.15.139:6800/3635226392 1 ==== mgr_command_reply(tid 0: 0 ) ==== 8+0+595 (secure 0 0 0) 0x7f2174102a60 con 0x7f215c039200
2024-09-16T00:56:38.156 INFO:teuthology.orchestra.run.smithi139.stdout:/usr/bin/ceph: stderr
2024-09-16T00:56:37.567+0000 7f217a5d3640 1 -- 172.21.15.139:0/3480665656 >> [v2:172.21.15.139:6800/3635226392,v1:172.21.15.139:6801/3635226392] conn(0x7f215c039200 msgr2=0x7f215c03b6c0 secure :-1 s=STATE_CONNECTION_ESTABLISHED l=1).mark_down
2024-09-16T00:56:38.156 INFO:teuthology.orchestra.run.smithi139.stdout:/usr/bin/ceph: stderr
2024-09-16T00:56:37.567+0000 7f217a5d3640 1 --2- 172.21.15.139:0/3480665656 >> [v2:172.21.15.139:6800/3635226392,v1:172.21.15.139:6801/3635226392] conn(0x7f215c039200 0x7f215c03b6c0 secure :-1 s=READY pgs=10 cs=0 l=1 rev1=1 crypto rx=0x7f21680098c0 tx=0x7f2168006db0 comp rx=0 tx=0).stop
2024-09-16T00:56:38.156 INFO:teuthology.orchestra.run.smithi139.stdout:/usr/bin/ceph: stderr
2024-09-16T00:56:37.567+0000 7f217a5d3640 1 -- 172.21.15.139:0/3480665656 >> [v2:172.21.15.139:3300/0,v1:172.21.15.139:6789/0] conn(0x7f2174105bf0 msgr2=0x7f217419b9d0 secure :-1 s=STATE_CONNECTION_ESTABLISHED l=1).mark_down
2024-09-16T00:56:38.156 INFO:teuthology.orchestra.run.smithi139.stdout:/usr/bin/ceph: stderr
2024-09-16T00:56:37.567+0000 7f217a5d3640 1 --2- 172.21.15.139:0/3480665656 >> [v2:172.21.15.139:3300/0,v1:172.21.15.139:6789/0] conn(0x7f2174105bf0 0x7f217419b9d0 secure :-1 s=READY pgs=42 cs=0 l=1 rev1=1 crypto rx=0x7f2164032e60 tx=0x7f2164032e90 comp rx=0 tx=0).stop
2024-09-16T00:56:38.156 INFO:teuthology.orchestra.run.smithi139.stdout:/usr/bin/ceph: stderr
2024-09-16T00:56:37.567+0000 7f217a5d3640 1 -- 172.21.15.139:0/3480665656 shutdown_connections
2024-09-16T00:56:38.156 INFO:teuthology.orchestra.run.smithi139.stdout:/usr/bin/ceph: stderr
2024-09-16T00:56:37.567+0000 7f217a5d3640 1 --2- 172.21.15.139:0/3480665656 >> [v2:172.21.15.139:6800/3635226392,v1:172.21.15.139:6801/3635226392] conn(0x7f215c039200 0x7f215c03b6c0 unknown :-1 s=CLOSED pgs=10 cs=0 l=1 rev1=1 crypto rx=0 tx=0 comp rx=0 tx=0).stop
2024-09-16T00:56:38.156 INFO:teuthology.orchestra.run.smithi139.stdout:/usr/bin/ceph: stderr
2024-09-16T00:56:37.567+0000 7f217a5d3640 1 --2- 172.21.15.139:0/3480665656 >> [v2:172.21.15.139:3300/0,v1:172.21.15.139:6789/0] conn(0x7f2174105bf0 0x7f217419b9d0 unknown :-1 s=CLOSED pgs=42 cs=0 l=1 rev1=1 crypto rx=0 tx=0 comp rx=0 tx=0).stop
2024-09-16T00:56:38.156 INFO:teuthology.orchestra.run.smithi139.stdout:/usr/bin/ceph: stderr
2024-09-16T00:56:37.567+0000 7f217a5d3640 1 -- 172.21.15.139:0/3480665656 >> 172.21.15.139:0/3480665656 conn(0x7f21741017e0 msgr2=0x7f2174102350 unknown :-1 s=STATE_NONE l=0).mark_down
2024-09-16T00:56:38.156 INFO:teuthology.orchestra.run.smithi139.stdout:/usr/bin/ceph: stderr
2024-09-16T00:56:37.567+0000 7f217a5d3640 1 -- 172.21.15.139:0/3480665656 shutdown_connections
2024-09-16T00:56:38.157 INFO:teuthology.orchestra.run.smithi139.stdout:/usr/bin/ceph: stderr
2024-09-16T00:56:37.567+0000 7f217a5d3640 1 -- 172.21.15.139:0/3480665656 wait complete.
2024-09-16T00:56:38.157 INFO:teuthology.orchestra.run.smithi139.stdout:Wrote public SSH key to /home/ubuntu/cephtest/ceph.pub
2024-09-16T00:56:38.157 INFO:teuthology.orchestra.run.smithi139.stdout:Adding key to root@localhost authorized_keys...
2024-09-16T00:56:38.157 INFO:teuthology.orchestra.run.smithi139.stdout:Adding host smithi139...
2024-09-16T00:56:38.980 INFO:journalctl@ceph.mon.a.smithi139.stdout:Sep 16 00:56:38 smithi139 ceph-mon[30909]: from='client.14136 -' entity='client.admin' cmd=[{"prefix": "cephadm get-pub-key", "target": ["mon-mgr", ""]}]: dispatch
2024-09-16T00:56:39.795 INFO:journalctl@ceph.mon.a.smithi139.stdout:Sep 16 00:56:39 smithi139 ceph-mon[30909]: from='client.14138 -' entity='client.admin' cmd=[{"prefix": "orch host add", "hostname": "smithi139", "addr": "172.21.15.139", "target": ["mon-mgr", ""]}]: dispatch
2024-09-16T00:56:40.980 INFO:journalctl@ceph.mon.a.smithi139.stdout:Sep 16 00:56:40 smithi139 ceph-mon[30909]: Deploying cephadm binary to smithi139
2024-09-16T00:56:42.451 INFO:teuthology.orchestra.run.smithi139.stdout:/usr/bin/ceph: stdout Added host 'smithi139' with addr '172.21.15.139'
2024-09-16T00:56:42.452 INFO:teuthology.orchestra.run.smithi139.stdout:/usr/bin/ceph: stderr
2024-09-16T00:56:38.545+0000 7f0aa27df640 1 Processor -- start
2024-09-16T00:56:42.452 INFO:teuthology.orchestra.run.smithi139.stdout:/usr/bin/ceph: stderr
2024-09-16T00:56:38.545+0000 7f0aa27df640 1 -- start start
2024-09-16T00:56:42.452 INFO:teuthology.orchestra.run.smithi139.stdout:/usr/bin/ceph: stderr
2024-09-16T00:56:38.545+0000 7f0aa27df640 1 --2- >> [v2:172.21.15.139:3300/0,v1:172.21.15.139:6789/0] conn(0x7f0a9c1079a0 0x7f0a9c107da0 unknown :-1 s=NONE pgs=0 cs=0 l=0 rev1=0 crypto rx=0 tx=0 comp rx=0 tx=0).connect
2024-09-16T00:56:42.452 INFO:teuthology.orchestra.run.smithi139.stdout:/usr/bin/ceph: stderr
2024-09-16T00:56:38.545+0000 7f0aa27df640 1 -- --> [v2:172.21.15.139:3300/0,v1:172.21.15.139:6789/0] -- mon_getmap magic: 0 -- 0x7f0a9c1082e0 con 0x7f0a9c1079a0
2024-09-16T00:56:42.452 INFO:teuthology.orchestra.run.smithi139.stdout:/usr/bin/ceph: stderr
2024-09-16T00:56:38.545+0000 7f0a9bfff640 1 --2- >> [v2:172.21.15.139:3300/0,v1:172.21.15.139:6789/0] conn(0x7f0a9c1079a0 0x7f0a9c107da0 unknown :-1 s=BANNER_CONNECTING pgs=0 cs=0 l=0 rev1=0 crypto rx=0 tx=0 comp rx=0 tx=0)._handle_peer_banner_payload supported=3 required=0
2024-09-16T00:56:42.452 INFO:teuthology.orchestra.run.smithi139.stdout:/usr/bin/ceph: stderr
2024-09-16T00:56:38.545+0000 7f0a9bfff640 1 --2- >> [v2:172.21.15.139:3300/0,v1:172.21.15.139:6789/0] conn(0x7f0a9c1079a0 0x7f0a9c107da0 unknown :-1 s=HELLO_CONNECTING pgs=0 cs=0 l=0 rev1=1 crypto rx=0 tx=0 comp rx=0 tx=0).handle_hello peer v2:172.21.15.139:3300/0 says I am v2:172.21.15.139:51630/0 (socket says 172.21.15.139:51630)
2024-09-16T00:56:42.452 INFO:teuthology.orchestra.run.smithi139.stdout:/usr/bin/ceph: stderr
2024-09-16T00:56:38.545+0000 7f0a9bfff640 1 -- 172.21.15.139:0/2240061337 learned_addr learned my addr 172.21.15.139:0/2240061337 (peer_addr_for_me v2:172.21.15.139:0/0)
2024-09-16T00:56:42.452 INFO:teuthology.orchestra.run.smithi139.stdout:/usr/bin/ceph: stderr
2024-09-16T00:56:38.546+0000 7f0a9bfff640 1 -- 172.21.15.139:0/2240061337 --> [v2:172.21.15.139:3300/0,v1:172.21.15.139:6789/0] -- mon_subscribe({config=0+,monmap=0+}) -- 0x7f0a9c108460 con 0x7f0a9c1079a0
2024-09-16T00:56:42.452 INFO:teuthology.orchestra.run.smithi139.stdout:/usr/bin/ceph: stderr
2024-09-16T00:56:38.546+0000 7f0a9bfff640 1 --2- 172.21.15.139:0/2240061337 >> [v2:172.21.15.139:3300/0,v1:172.21.15.139:6789/0] conn(0x7f0a9c1079a0 0x7f0a9c107da0 secure :-1 s=READY pgs=43 cs=0 l=1 rev1=1 crypto rx=0x7f0a8c009820 tx=0x7f0a8c02a270 comp rx=0 tx=0).ready entity=mon.0 client_cookie=53aee786b10a1cd0 server_cookie=0 in_seq=0 out_seq=0
2024-09-16T00:56:42.452 INFO:teuthology.orchestra.run.smithi139.stdout:/usr/bin/ceph: stderr
2024-09-16T00:56:38.547+0000 7f0a9affd640 1 -- 172.21.15.139:0/2240061337 <== mon.0 v2:172.21.15.139:3300/0 1 ==== mon_map magic: 0 ==== 205+0+0 (secure 0 0 0) 0x7f0a8c037070 con 0x7f0a9c1079a0
2024-09-16T00:56:42.452 INFO:teuthology.orchestra.run.smithi139.stdout:/usr/bin/ceph: stderr
2024-09-16T00:56:38.547+0000 7f0a9affd640 1 -- 172.21.15.139:0/2240061337 <== mon.0 v2:172.21.15.139:3300/0 2 ==== config(29 keys) ==== 1178+0+0 (secure 0 0 0) 0x7f0a8c032940 con 0x7f0a9c1079a0
2024-09-16T00:56:42.453 INFO:teuthology.orchestra.run.smithi139.stdout:/usr/bin/ceph: stderr
2024-09-16T00:56:38.547+0000 7f0a9affd640 1 -- 172.21.15.139:0/2240061337 <== mon.0 v2:172.21.15.139:3300/0 3 ==== mon_map magic: 0 ==== 205+0+0 (secure 0 0 0) 0x7f0a8c0309c0 con 0x7f0a9c1079a0
2024-09-16T00:56:42.453 INFO:teuthology.orchestra.run.smithi139.stdout:/usr/bin/ceph: stderr
2024-09-16T00:56:38.547+0000 7f0aa27df640 1 -- 172.21.15.139:0/2240061337 >> [v2:172.21.15.139:3300/0,v1:172.21.15.139:6789/0] conn(0x7f0a9c1079a0 msgr2=0x7f0a9c107da0 secure :-1 s=STATE_CONNECTION_ESTABLISHED l=1).mark_down
2024-09-16T00:56:42.453 INFO:teuthology.orchestra.run.smithi139.stdout:/usr/bin/ceph: stderr
2024-09-16T00:56:38.547+0000 7f0aa27df640 1 --2- 172.21.15.139:0/2240061337 >> [v2:172.21.15.139:3300/0,v1:172.21.15.139:6789/0] conn(0x7f0a9c1079a0 0x7f0a9c107da0 secure :-1 s=READY pgs=43 cs=0 l=1 rev1=1 crypto rx=0x7f0a8c009820 tx=0x7f0a8c02a270 comp rx=0 tx=0).stop
2024-09-16T00:56:42.453 INFO:teuthology.orchestra.run.smithi139.stdout:/usr/bin/ceph: stderr
2024-09-16T00:56:38.547+0000 7f0aa27df640 1 -- 172.21.15.139:0/2240061337 shutdown_connections
2024-09-16T00:56:42.453 INFO:teuthology.orchestra.run.smithi139.stdout:/usr/bin/ceph: stderr
2024-09-16T00:56:38.547+0000 7f0aa27df640 1 --2- 172.21.15.139:0/2240061337 >> [v2:172.21.15.139:3300/0,v1:172.21.15.139:6789/0] conn(0x7f0a9c1079a0 0x7f0a9c107da0 unknown :-1 s=CLOSED pgs=43 cs=0 l=1 rev1=1 crypto rx=0 tx=0 comp rx=0 tx=0).stop
2024-09-16T00:56:42.453 INFO:teuthology.orchestra.run.smithi139.stdout:/usr/bin/ceph: stderr
2024-09-16T00:56:38.547+0000 7f0aa27df640 1 -- 172.21.15.139:0/2240061337 >> 172.21.15.139:0/2240061337 conn(0x7f0a9c103250 msgr2=0x7f0a9c105670 unknown :-1 s=STATE_NONE l=0).mark_down
2024-09-16T00:56:42.453 INFO:teuthology.orchestra.run.smithi139.stdout:/usr/bin/ceph: stderr
2024-09-16T00:56:38.547+0000 7f0aa27df640 1 -- 172.21.15.139:0/2240061337 shutdown_connections
2024-09-16T00:56:42.453 INFO:teuthology.orchestra.run.smithi139.stdout:/usr/bin/ceph: stderr
2024-09-16T00:56:38.547+0000 7f0aa27df640 1 -- 172.21.15.139:0/2240061337 wait complete.
2024-09-16T00:56:42.453 INFO:teuthology.orchestra.run.smithi139.stdout:/usr/bin/ceph: stderr
2024-09-16T00:56:38.548+0000 7f0aa27df640 1 Processor -- start
2024-09-16T00:56:42.453 INFO:teuthology.orchestra.run.smithi139.stdout:/usr/bin/ceph: stderr
2024-09-16T00:56:38.548+0000 7f0aa27df640 1 -- start start
2024-09-16T00:56:42.453 INFO:teuthology.orchestra.run.smithi139.stdout:/usr/bin/ceph: stderr
2024-09-16T00:56:38.548+0000 7f0aa27df640 1 --2- >> [v2:172.21.15.139:3300/0,v1:172.21.15.139:6789/0] conn(0x7f0a9c1079a0 0x7f0a9c19b950 unknown :-1 s=NONE pgs=0 cs=0 l=1 rev1=0 crypto rx=0 tx=0 comp rx=0 tx=0).connect
2024-09-16T00:56:42.453 INFO:teuthology.orchestra.run.smithi139.stdout:/usr/bin/ceph: stderr
2024-09-16T00:56:38.548+0000 7f0aa27df640 1 -- --> [v2:172.21.15.139:3300/0,v1:172.21.15.139:6789/0] -- mon_getmap magic: 0 -- 0x7f0a9c10bdc0 con 0x7f0a9c1079a0
2024-09-16T00:56:42.454 INFO:teuthology.orchestra.run.smithi139.stdout:/usr/bin/ceph: stderr
2024-09-16T00:56:38.548+0000 7f0a9bfff640 1 --2- >> [v2:172.21.15.139:3300/0,v1:172.21.15.139:6789/0] conn(0x7f0a9c1079a0 0x7f0a9c19b950 unknown :-1 s=BANNER_CONNECTING pgs=0 cs=0 l=1 rev1=0 crypto rx=0 tx=0 comp rx=0 tx=0)._handle_peer_banner_payload supported=3 required=0
2024-09-16T00:56:42.454 INFO:teuthology.orchestra.run.smithi139.stdout:/usr/bin/ceph: stderr
2024-09-16T00:56:38.548+0000 7f0a9bfff640 1 --2- >> [v2:172.21.15.139:3300/0,v1:172.21.15.139:6789/0] conn(0x7f0a9c1079a0 0x7f0a9c19b950 unknown :-1 s=HELLO_CONNECTING pgs=0 cs=0 l=1 rev1=1 crypto rx=0 tx=0 comp rx=0 tx=0).handle_hello peer v2:172.21.15.139:3300/0 says I am v2:172.21.15.139:51646/0 (socket says 172.21.15.139:51646)
2024-09-16T00:56:42.454 INFO:teuthology.orchestra.run.smithi139.stdout:/usr/bin/ceph: stderr
2024-09-16T00:56:38.548+0000 7f0a9bfff640 1 -- 172.21.15.139:0/2176916941 learned_addr learned my addr 172.21.15.139:0/2176916941 (peer_addr_for_me v2:172.21.15.139:0/0)
2024-09-16T00:56:42.454 INFO:teuthology.orchestra.run.smithi139.stdout:/usr/bin/ceph: stderr
2024-09-16T00:56:38.549+0000 7f0a9bfff640 1 -- 172.21.15.139:0/2176916941 --> [v2:172.21.15.139:3300/0,v1:172.21.15.139:6789/0] -- mon_subscribe({config=0+,monmap=0+}) -- 0x7f0a9c19be90 con 0x7f0a9c1079a0
2024-09-16T00:56:42.454 INFO:teuthology.orchestra.run.smithi139.stdout:/usr/bin/ceph: stderr
2024-09-16T00:56:38.549+0000 7f0a9bfff640 1 --2- 172.21.15.139:0/2176916941 >> [v2:172.21.15.139:3300/0,v1:172.21.15.139:6789/0] conn(0x7f0a9c1079a0 0x7f0a9c19b950 secure :-1 s=READY pgs=44 cs=0 l=1 rev1=1 crypto rx=0x7f0a8c009940 tx=0x7f0a8c032e60 comp rx=0 tx=0).ready entity=mon.0 client_cookie=0 server_cookie=0 in_seq=0 out_seq=0
2024-09-16T00:56:42.454 INFO:teuthology.orchestra.run.smithi139.stdout:/usr/bin/ceph: stderr
2024-09-16T00:56:38.549+0000 7f0a997fa640 1 -- 172.21.15.139:0/2176916941 <== mon.0 v2:172.21.15.139:3300/0 1 ==== mon_map magic: 0 ==== 205+0+0 (secure 0 0 0) 0x7f0a8c042070 con 0x7f0a9c1079a0
2024-09-16T00:56:42.454 INFO:teuthology.orchestra.run.smithi139.stdout:/usr/bin/ceph: stderr
2024-09-16T00:56:38.549+0000 7f0aa27df640 1 -- 172.21.15.139:0/2176916941 --> [v2:172.21.15.139:3300/0,v1:172.21.15.139:6789/0] -- mon_subscribe({mgrmap=0+}) -- 0x7f0a9c19c120 con 0x7f0a9c1079a0
2024-09-16T00:56:42.454 INFO:teuthology.orchestra.run.smithi139.stdout:/usr/bin/ceph: stderr
2024-09-16T00:56:38.549+0000 7f0a997fa640 1 -- 172.21.15.139:0/2176916941 <== mon.0 v2:172.21.15.139:3300/0 2 ==== config(29 keys) ==== 1178+0+0 (secure 0 0 0) 0x7f0a8c0326b0 con 0x7f0a9c1079a0
2024-09-16T00:56:42.454 INFO:teuthology.orchestra.run.smithi139.stdout:/usr/bin/ceph: stderr
2024-09-16T00:56:38.549+0000 7f0a997fa640 1 -- 172.21.15.139:0/2176916941 <== mon.0 v2:172.21.15.139:3300/0 3 ==== mon_map magic: 0 ==== 205+0+0 (secure 0 0 0) 0x7f0a8c037040 con 0x7f0a9c1079a0
2024-09-16T00:56:42.454 INFO:teuthology.orchestra.run.smithi139.stdout:/usr/bin/ceph: stderr
2024-09-16T00:56:38.549+0000 7f0aa27df640 1 -- 172.21.15.139:0/2176916941 --> [v2:172.21.15.139:3300/0,v1:172.21.15.139:6789/0] -- mon_subscribe({osdmap=0}) -- 0x7f0a9c19ee10 con 0x7f0a9c1079a0
2024-09-16T00:56:42.454 INFO:teuthology.orchestra.run.smithi139.stdout:/usr/bin/ceph: stderr
2024-09-16T00:56:38.550+0000 7f0a997fa640 1 -- 172.21.15.139:0/2176916941 <== mon.0 v2:172.21.15.139:3300/0 4 ==== mgrmap(e 8) ==== 46461+0+0 (secure 0 0 0) 0x7f0a8c045070 con 0x7f0a9c1079a0
2024-09-16T00:56:42.454 INFO:teuthology.orchestra.run.smithi139.stdout:/usr/bin/ceph: stderr
2024-09-16T00:56:38.550+0000 7f0aa27df640 1 -- 172.21.15.139:0/2176916941 --> [v2:172.21.15.139:3300/0,v1:172.21.15.139:6789/0] -- mon_command({"prefix": "get_command_descriptions"} v 0) -- 0x7f0a9c107e20 con 0x7f0a9c1079a0
2024-09-16T00:56:42.455 INFO:teuthology.orchestra.run.smithi139.stdout:/usr/bin/ceph: stderr
2024-09-16T00:56:38.550+0000 7f0a997fa640 1 --2- 172.21.15.139:0/2176916941 >> [v2:172.21.15.139:6800/3635226392,v1:172.21.15.139:6801/3635226392] conn(0x7f0a840391b0 0x7f0a8403b670 unknown :-1 s=NONE pgs=0 cs=0 l=1 rev1=0 crypto rx=0 tx=0 comp rx=0 tx=0).connect
2024-09-16T00:56:42.455 INFO:teuthology.orchestra.run.smithi139.stdout:/usr/bin/ceph: stderr
2024-09-16T00:56:38.550+0000 7f0a997fa640 1 -- 172.21.15.139:0/2176916941 <== mon.0 v2:172.21.15.139:3300/0 5 ==== osd_map(2..2 src has 1..2) ==== 940+0+0 (secure 0 0 0) 0x7f0a8c06c280 con 0x7f0a9c1079a0
2024-09-16T00:56:42.455 INFO:teuthology.orchestra.run.smithi139.stdout:/usr/bin/ceph: stderr
2024-09-16T00:56:38.550+0000 7f0a9b7fe640 1 --2- 172.21.15.139:0/2176916941 >> [v2:172.21.15.139:6800/3635226392,v1:172.21.15.139:6801/3635226392] conn(0x7f0a840391b0 0x7f0a8403b670 unknown :-1 s=BANNER_CONNECTING pgs=0 cs=0 l=1 rev1=0 crypto rx=0 tx=0 comp rx=0 tx=0)._handle_peer_banner_payload supported=3 required=0
2024-09-16T00:56:42.455 INFO:teuthology.orchestra.run.smithi139.stdout:/usr/bin/ceph: stderr
2024-09-16T00:56:38.551+0000 7f0a9b7fe640 1 --2- 172.21.15.139:0/2176916941 >> [v2:172.21.15.139:6800/3635226392,v1:172.21.15.139:6801/3635226392] conn(0x7f0a840391b0 0x7f0a8403b670 secure :-1 s=READY pgs=11 cs=0 l=1 rev1=1 crypto rx=0x7f0a900098c0 tx=0x7f0a90006db0 comp rx=0 tx=0).ready entity=mgr.14118 client_cookie=0 server_cookie=0 in_seq=0 out_seq=0
2024-09-16T00:56:42.455 INFO:teuthology.orchestra.run.smithi139.stdout:/usr/bin/ceph: stderr
2024-09-16T00:56:38.555+0000 7f0a997fa640 1 -- 172.21.15.139:0/2176916941 <== mon.0 v2:172.21.15.139:3300/0 6 ==== mon_command_ack([{"prefix": "get_command_descriptions"}]=0 v0) ==== 72+0+188821 (secure 0 0 0) 0x7f0a8c032860 con 0x7f0a9c1079a0
2024-09-16T00:56:42.455 INFO:teuthology.orchestra.run.smithi139.stdout:/usr/bin/ceph: stderr
2024-09-16T00:56:38.732+0000 7f0aa27df640 1 -- 172.21.15.139:0/2176916941 --> [v2:172.21.15.139:6800/3635226392,v1:172.21.15.139:6801/3635226392] -- mgr_command(tid 0: {"prefix": "orch host add", "hostname": "smithi139", "addr": "172.21.15.139", "target": ["mon-mgr", ""]}) -- 0x7f0a9c104510 con 0x7f0a840391b0
2024-09-16T00:56:42.455 INFO:teuthology.orchestra.run.smithi139.stdout:/usr/bin/ceph: stderr
2024-09-16T00:56:41.957+0000 7f0a997fa640 1 -- 172.21.15.139:0/2176916941 <== mgr.14118 v2:172.21.15.139:6800/3635226392 1 ==== mgr_command_reply(tid 0: 0 ) ==== 8+0+49 (secure 0 0 0) 0x7f0a9c104510 con 0x7f0a840391b0
2024-09-16T00:56:42.455 INFO:teuthology.orchestra.run.smithi139.stdout:/usr/bin/ceph: stderr
2024-09-16T00:56:41.961+0000 7f0aa27df640 1 -- 172.21.15.139:0/2176916941 >> [v2:172.21.15.139:6800/3635226392,v1:172.21.15.139:6801/3635226392] conn(0x7f0a840391b0 msgr2=0x7f0a8403b670 secure :-1 s=STATE_CONNECTION_ESTABLISHED l=1).mark_down
2024-09-16T00:56:42.455 INFO:teuthology.orchestra.run.smithi139.stdout:/usr/bin/ceph: stderr
2024-09-16T00:56:41.961+0000 7f0aa27df640 1 --2- 172.21.15.139:0/2176916941 >> [v2:172.21.15.139:6800/3635226392,v1:172.21.15.139:6801/3635226392] conn(0x7f0a840391b0 0x7f0a8403b670 secure :-1 s=READY pgs=11 cs=0 l=1 rev1=1 crypto rx=0x7f0a900098c0 tx=0x7f0a90006db0 comp rx=0 tx=0).stop
2024-09-16T00:56:42.455 INFO:teuthology.orchestra.run.smithi139.stdout:/usr/bin/ceph: stderr
2024-09-16T00:56:41.961+0000 7f0aa27df640 1 -- 172.21.15.139:0/2176916941 >> [v2:172.21.15.139:3300/0,v1:172.21.15.139:6789/0] conn(0x7f0a9c1079a0 msgr2=0x7f0a9c19b950 secure :-1 s=STATE_CONNECTION_ESTABLISHED l=1).mark_down
2024-09-16T00:56:42.455 INFO:teuthology.orchestra.run.smithi139.stdout:/usr/bin/ceph: stderr
2024-09-16T00:56:41.961+0000 7f0aa27df640 1 --2- 172.21.15.139:0/2176916941 >> [v2:172.21.15.139:3300/0,v1:172.21.15.139:6789/0] conn(0x7f0a9c1079a0 0x7f0a9c19b950 secure :-1 s=READY pgs=44 cs=0 l=1 rev1=1 crypto rx=0x7f0a8c009940 tx=0x7f0a8c032e60 comp rx=0 tx=0).stop
2024-09-16T00:56:42.455 INFO:teuthology.orchestra.run.smithi139.stdout:/usr/bin/ceph: stderr
2024-09-16T00:56:41.961+0000 7f0aa27df640 1 -- 172.21.15.139:0/2176916941 shutdown_connections
2024-09-16T00:56:42.456 INFO:teuthology.orchestra.run.smithi139.stdout:/usr/bin/ceph: stderr
2024-09-16T00:56:41.961+0000 7f0aa27df640 1 --2- 172.21.15.139:0/2176916941 >> [v2:172.21.15.139:6800/3635226392,v1:172.21.15.139:6801/3635226392] conn(0x7f0a840391b0 0x7f0a8403b670 unknown :-1 s=CLOSED pgs=11 cs=0 l=1 rev1=1 crypto rx=0 tx=0 comp rx=0 tx=0).stop
2024-09-16T00:56:42.456 INFO:teuthology.orchestra.run.smithi139.stdout:/usr/bin/ceph: stderr
2024-09-16T00:56:41.961+0000 7f0aa27df640 1 --2- 172.21.15.139:0/2176916941 >> [v2:172.21.15.139:3300/0,v1:172.21.15.139:6789/0] conn(0x7f0a9c1079a0 0x7f0a9c19b950 unknown :-1 s=CLOSED pgs=44 cs=0 l=1 rev1=1 crypto rx=0 tx=0 comp rx=0 tx=0).stop
2024-09-16T00:56:42.456 INFO:teuthology.orchestra.run.smithi139.stdout:/usr/bin/ceph: stderr
2024-09-16T00:56:41.961+0000 7f0aa27df640 1 -- 172.21.15.139:0/2176916941 >> 172.21.15.139:0/2176916941 conn(0x7f0a9c103250 msgr2=0x7f0a9c103e00 unknown :-1 s=STATE_NONE l=0).mark_down
2024-09-16T00:56:42.456 INFO:teuthology.orchestra.run.smithi139.stdout:/usr/bin/ceph: stderr
