2024-09-16T00:56:27.351 INFO:teuthology.orchestra.run.smithi139.stdout:/usr/bin/ceph: stderr
2024-09-16T00:56:25.976+0000 7fb701b28640 1 -- 172.21.15.139:0/677355796 learned_addr learned my addr 172.21.15.139:0/677355796 (peer_addr_for_me v2:172.21.15.139:0/0)
2024-09-16T00:56:27.351 INFO:teuthology.orchestra.run.smithi139.stdout:/usr/bin/ceph: stderr
2024-09-16T00:56:25.976+0000 7fb701b28640 1 -- 172.21.15.139:0/677355796 --> [v2:172.21.15.139:3300/0,v1:172.21.15.139:6789/0] -- mon_subscribe({config=0+,monmap=0+}) -- 0x7fb6fc19bea0 con 0x7fb6fc1079b0
2024-09-16T00:56:27.351 INFO:teuthology.orchestra.run.smithi139.stdout:/usr/bin/ceph: stderr
2024-09-16T00:56:25.976+0000 7fb701b28640 1 --2- 172.21.15.139:0/677355796 >> [v2:172.21.15.139:3300/0,v1:172.21.15.139:6789/0] conn(0x7fb6fc1079b0 0x7fb6fc19b960 secure :-1 s=READY pgs=21 cs=0 l=1 rev1=1 crypto rx=0x7fb6f8032d90 tx=0x7fb6f8032dc0 comp rx=0 tx=0).ready entity=mon.0 client_cookie=0 server_cookie=0 in_seq=0 out_seq=0
2024-09-16T00:56:27.351 INFO:teuthology.orchestra.run.smithi139.stdout:/usr/bin/ceph: stderr
2024-09-16T00:56:25.977+0000 7fb6f2ffd640 1 -- 172.21.15.139:0/677355796 <== mon.0 v2:172.21.15.139:3300/0 1 ==== mon_map magic: 0 ==== 205+0+0 (secure 0 0 0) 0x7fb6f8042070 con 0x7fb6fc1079b0
2024-09-16T00:56:27.351 INFO:teuthology.orchestra.run.smithi139.stdout:/usr/bin/ceph: stderr
2024-09-16T00:56:25.977+0000 7fb6f2ffd640 1 -- 172.21.15.139:0/677355796 <== mon.0 v2:172.21.15.139:3300/0 2 ==== config(29 keys) ==== 1178+0+0 (secure 0 0 0) 0x7fb6f80325f0 con 0x7fb6fc1079b0
2024-09-16T00:56:27.351 INFO:teuthology.orchestra.run.smithi139.stdout:/usr/bin/ceph: stderr
2024-09-16T00:56:25.977+0000 7fb703d8c640 1 -- 172.21.15.139:0/677355796 --> [v2:172.21.15.139:3300/0,v1:172.21.15.139:6789/0] -- mon_subscribe({mgrmap=0+}) -- 0x7fb6fc19c130 con 0x7fb6fc1079b0
2024-09-16T00:56:27.351 INFO:teuthology.orchestra.run.smithi139.stdout:/usr/bin/ceph: stderr
2024-09-16T00:56:25.977+0000 7fb6f2ffd640 1 -- 172.21.15.139:0/677355796 <== mon.0 v2:172.21.15.139:3300/0 3 ==== mon_map magic: 0 ==== 205+0+0 (secure 0 0 0) 0x7fb6f8037040 con 0x7fb6fc1079b0
2024-09-16T00:56:27.351 INFO:teuthology.orchestra.run.smithi139.stdout:/usr/bin/ceph: stderr
2024-09-16T00:56:25.977+0000 7fb703d8c640 1 -- 172.21.15.139:0/677355796 --> [v2:172.21.15.139:3300/0,v1:172.21.15.139:6789/0] -- mon_subscribe({osdmap=0}) -- 0x7fb6fc19ee20 con 0x7fb6fc1079b0
2024-09-16T00:56:27.351 INFO:teuthology.orchestra.run.smithi139.stdout:/usr/bin/ceph: stderr
2024-09-16T00:56:25.978+0000 7fb6f2ffd640 1 -- 172.21.15.139:0/677355796 <== mon.0 v2:172.21.15.139:3300/0 4 ==== mgrmap(e 4) ==== 46450+0+0 (secure 0 0 0) 0x7fb6f8045070 con 0x7fb6fc1079b0
2024-09-16T00:56:27.351 INFO:teuthology.orchestra.run.smithi139.stdout:/usr/bin/ceph: stderr
2024-09-16T00:56:25.978+0000 7fb6f2ffd640 1 --2- 172.21.15.139:0/677355796 >> [v2:172.21.15.139:6800/350376678,v1:172.21.15.139:6801/350376678] conn(0x7fb6e80391b0 0x7fb6e803b670 unknown :-1 s=NONE pgs=0 cs=0 l=1 rev1=0 crypto rx=0 tx=0 comp rx=0 tx=0).connect
2024-09-16T00:56:27.351 INFO:teuthology.orchestra.run.smithi139.stdout:/usr/bin/ceph: stderr
2024-09-16T00:56:25.978+0000 7fb6f2ffd640 1 -- 172.21.15.139:0/677355796 <== mon.0 v2:172.21.15.139:3300/0 5 ==== osd_map(1..1 src has 1..1) ==== 725+0+0 (secure 0 0 0) 0x7fb6f806c0b0 con 0x7fb6fc1079b0
2024-09-16T00:56:27.351 INFO:teuthology.orchestra.run.smithi139.stdout:/usr/bin/ceph: stderr
2024-09-16T00:56:25.978+0000 7fb703d8c640 1 -- 172.21.15.139:0/677355796 --> [v2:172.21.15.139:3300/0,v1:172.21.15.139:6789/0] -- mon_command({"prefix": "get_command_descriptions"} v 0) -- 0x7fb6fc107e30 con 0x7fb6fc1079b0
2024-09-16T00:56:27.351 INFO:teuthology.orchestra.run.smithi139.stdout:/usr/bin/ceph: stderr
2024-09-16T00:56:25.978+0000 7fb701327640 1 --2- 172.21.15.139:0/677355796 >> [v2:172.21.15.139:6800/350376678,v1:172.21.15.139:6801/350376678] conn(0x7fb6e80391b0 0x7fb6e803b670 unknown :-1 s=BANNER_CONNECTING pgs=0 cs=0 l=1 rev1=0 crypto rx=0 tx=0 comp rx=0 tx=0)._handle_peer_banner_payload supported=3 required=0
2024-09-16T00:56:27.352 INFO:teuthology.orchestra.run.smithi139.stdout:/usr/bin/ceph: stderr
2024-09-16T00:56:25.978+0000 7fb701327640 1 --2- 172.21.15.139:0/677355796 >> [v2:172.21.15.139:6800/350376678,v1:172.21.15.139:6801/350376678] conn(0x7fb6e80391b0 0x7fb6e803b670 secure :-1 s=READY pgs=8 cs=0 l=1 rev1=1 crypto rx=0x7fb6ec0098c0 tx=0x7fb6ec006db0 comp rx=0 tx=0).ready entity=mgr.14100 client_cookie=0 server_cookie=0 in_seq=0 out_seq=0
2024-09-16T00:56:27.352 INFO:teuthology.orchestra.run.smithi139.stdout:/usr/bin/ceph: stderr
2024-09-16T00:56:25.983+0000 7fb6f2ffd640 1 -- 172.21.15.139:0/677355796 <== mon.0 v2:172.21.15.139:3300/0 6 ==== mon_command_ack([{"prefix": "get_command_descriptions"}]=0 v0) ==== 72+0+188821 (secure 0 0 0) 0x7fb6f8045360 con 0x7fb6fc1079b0
2024-09-16T00:56:27.352 INFO:teuthology.orchestra.run.smithi139.stdout:/usr/bin/ceph: stderr
2024-09-16T00:56:26.192+0000 7fb703d8c640 1 -- 172.21.15.139:0/677355796 --> [v2:172.21.15.139:3300/0,v1:172.21.15.139:6789/0] -- mon_command({"prefix": "mgr module enable", "module": "cephadm"} v 0) -- 0x7fb6fc19eff0 con 0x7fb6fc1079b0
2024-09-16T00:56:27.352 INFO:teuthology.orchestra.run.smithi139.stdout:/usr/bin/ceph: stderr
2024-09-16T00:56:26.805+0000 7fb6f2ffd640 1 -- 172.21.15.139:0/677355796 <== mon.0 v2:172.21.15.139:3300/0 7 ==== mon_command_ack([{"prefix": "mgr module enable", "module": "cephadm"}]=0 v5) ==== 86+0+0 (secure 0 0 0) 0x7fb6f803dcc0 con 0x7fb6fc1079b0
2024-09-16T00:56:27.352 INFO:teuthology.orchestra.run.smithi139.stdout:/usr/bin/ceph: stderr
2024-09-16T00:56:26.807+0000 7fb6f2ffd640 1 -- 172.21.15.139:0/677355796 <== mon.0 v2:172.21.15.139:3300/0 8 ==== mgrmap(e 5) ==== 46461+0+0 (secure 0 0 0) 0x7fb6f802ed70 con 0x7fb6fc1079b0
2024-09-16T00:56:27.352 INFO:teuthology.orchestra.run.smithi139.stdout:/usr/bin/ceph: stderr
2024-09-16T00:56:26.809+0000 7fb703d8c640 1 -- 172.21.15.139:0/677355796 >> [v2:172.21.15.139:6800/350376678,v1:172.21.15.139:6801/350376678] conn(0x7fb6e80391b0 msgr2=0x7fb6e803b670 secure :-1 s=STATE_CONNECTION_ESTABLISHED l=1).mark_down
2024-09-16T00:56:27.352 INFO:teuthology.orchestra.run.smithi139.stdout:/usr/bin/ceph: stderr
2024-09-16T00:56:26.809+0000 7fb703d8c640 1 --2- 172.21.15.139:0/677355796 >> [v2:172.21.15.139:6800/350376678,v1:172.21.15.139:6801/350376678] conn(0x7fb6e80391b0 0x7fb6e803b670 secure :-1 s=READY pgs=8 cs=0 l=1 rev1=1 crypto rx=0x7fb6ec0098c0 tx=0x7fb6ec006db0 comp rx=0 tx=0).stop
2024-09-16T00:56:27.352 INFO:teuthology.orchestra.run.smithi139.stdout:/usr/bin/ceph: stderr
2024-09-16T00:56:26.809+0000 7fb703d8c640 1 -- 172.21.15.139:0/677355796 >> [v2:172.21.15.139:3300/0,v1:172.21.15.139:6789/0] conn(0x7fb6fc1079b0 msgr2=0x7fb6fc19b960 secure :-1 s=STATE_CONNECTION_ESTABLISHED l=1).mark_down
2024-09-16T00:56:27.352 INFO:teuthology.orchestra.run.smithi139.stdout:/usr/bin/ceph: stderr
2024-09-16T00:56:26.809+0000 7fb703d8c640 1 --2- 172.21.15.139:0/677355796 >> [v2:172.21.15.139:3300/0,v1:172.21.15.139:6789/0] conn(0x7fb6fc1079b0 0x7fb6fc19b960 secure :-1 s=READY pgs=21 cs=0 l=1 rev1=1 crypto rx=0x7fb6f8032d90 tx=0x7fb6f8032dc0 comp rx=0 tx=0).stop
2024-09-16T00:56:27.352 INFO:teuthology.orchestra.run.smithi139.stdout:/usr/bin/ceph: stderr
2024-09-16T00:56:26.809+0000 7fb703d8c640 1 -- 172.21.15.139:0/677355796 shutdown_connections
2024-09-16T00:56:27.352 INFO:teuthology.orchestra.run.smithi139.stdout:/usr/bin/ceph: stderr
2024-09-16T00:56:26.809+0000 7fb703d8c640 1 --2- 172.21.15.139:0/677355796 >> [v2:172.21.15.139:6800/350376678,v1:172.21.15.139:6801/350376678] conn(0x7fb6e80391b0 0x7fb6e803b670 unknown :-1 s=CLOSED pgs=8 cs=0 l=1 rev1=1 crypto rx=0 tx=0 comp rx=0 tx=0).stop
2024-09-16T00:56:27.352 INFO:teuthology.orchestra.run.smithi139.stdout:/usr/bin/ceph: stderr
2024-09-16T00:56:26.809+0000 7fb703d8c640 1 --2- 172.21.15.139:0/677355796 >> [v2:172.21.15.139:3300/0,v1:172.21.15.139:6789/0] conn(0x7fb6fc1079b0 0x7fb6fc19b960 unknown :-1 s=CLOSED pgs=21 cs=0 l=1 rev1=1 crypto rx=0 tx=0 comp rx=0 tx=0).stop
2024-09-16T00:56:27.352 INFO:teuthology.orchestra.run.smithi139.stdout:/usr/bin/ceph: stderr
2024-09-16T00:56:26.809+0000 7fb703d8c640 1 -- 172.21.15.139:0/677355796 >> 172.21.15.139:0/677355796 conn(0x7fb6fc103220 msgr2=0x7fb6fc103d90 unknown :-1 s=STATE_NONE l=0).mark_down
2024-09-16T00:56:27.353 INFO:teuthology.orchestra.run.smithi139.stdout:/usr/bin/ceph: stderr
2024-09-16T00:56:26.809+0000 7fb703d8c640 1 -- 172.21.15.139:0/677355796 shutdown_connections
2024-09-16T00:56:27.353 INFO:teuthology.orchestra.run.smithi139.stdout:/usr/bin/ceph: stderr
2024-09-16T00:56:26.809+0000 7fb703d8c640 1 -- 172.21.15.139:0/677355796 wait complete.
2024-09-16T00:56:27.406 INFO:journalctl@ceph.mgr.x.smithi139.stdout:Sep 16 00:56:27 smithi139 ceph-2d4bda22-73c6-11ef-bceb-c7b262605968-mgr-x[31139]:
2024-09-16T00:56:27.174+0000 7f24efa93040 -1 mgr[py] Module diskprediction_local has missing NOTIFY_TYPES member
2024-09-16T00:56:27.406 INFO:journalctl@ceph.mgr.x.smithi139.stdout:Sep 16 00:56:27 smithi139 ceph-2d4bda22-73c6-11ef-bceb-c7b262605968-mgr-x[31139]:
2024-09-16T00:56:27.241+0000 7f24efa93040 -1 mgr[py] Module crash has missing NOTIFY_TYPES member
2024-09-16T00:56:27.406 INFO:journalctl@ceph.mgr.x.smithi139.stdout:Sep 16 00:56:27 smithi139 ceph-2d4bda22-73c6-11ef-bceb-c7b262605968-mgr-x[31139]:
2024-09-16T00:56:27.404+0000 7f24efa93040 -1 mgr[py] Module test_orchestrator has missing NOTIFY_TYPES member
2024-09-16T00:56:27.709 INFO:journalctl@ceph.mgr.x.smithi139.stdout:Sep 16 00:56:27 smithi139 ceph-2d4bda22-73c6-11ef-bceb-c7b262605968-mgr-x[31139]:
2024-09-16T00:56:27.546+0000 7f24efa93040 -1 mgr[py] Module snap_schedule has missing NOTIFY_TYPES member
2024-09-16T00:56:27.980 INFO:journalctl@ceph.mon.a.smithi139.stdout:Sep 16 00:56:27 smithi139 ceph-mon[30909]: from='client.? 172.21.15.139:0/677355796' entity='client.admin' cmd='[{"prefix": "mgr module enable", "module": "cephadm"}]': finished
2024-09-16T00:56:27.980 INFO:journalctl@ceph.mon.a.smithi139.stdout:Sep 16 00:56:27 smithi139 ceph-mon[30909]: mgrmap e5: x(active, since 5s)
2024-09-16T00:56:27.980 INFO:journalctl@ceph.mgr.x.smithi139.stdout:Sep 16 00:56:27 smithi139 ceph-2d4bda22-73c6-11ef-bceb-c7b262605968-mgr-x[31139]:
2024-09-16T00:56:27.871+0000 7f24efa93040 -1 mgr[py] Module prometheus has missing NOTIFY_TYPES member
2024-09-16T00:56:27.980 INFO:journalctl@ceph.mgr.x.smithi139.stdout:Sep 16 00:56:27 smithi139 ceph-2d4bda22-73c6-11ef-bceb-c7b262605968-mgr-x[31139]:
2024-09-16T00:56:27.933+0000 7f24efa93040 -1 mgr[py] Module selftest has missing NOTIFY_TYPES member
2024-09-16T00:56:28.313 INFO:journalctl@ceph.mgr.x.smithi139.stdout:Sep 16 00:56:28 smithi139 ceph-2d4bda22-73c6-11ef-bceb-c7b262605968-mgr-x[31139]:
2024-09-16T00:56:28.125+0000 7f24efa93040 -1 mgr[py] Module volumes has missing NOTIFY_TYPES member
2024-09-16T00:56:28.580 INFO:teuthology.orchestra.run.smithi139.stdout:/usr/bin/ceph: stdout {
2024-09-16T00:56:28.580 INFO:teuthology.orchestra.run.smithi139.stdout:/usr/bin/ceph: stdout "epoch": 5,
2024-09-16T00:56:28.580 INFO:teuthology.orchestra.run.smithi139.stdout:/usr/bin/ceph: stdout "available": true,
2024-09-16T00:56:28.580 INFO:teuthology.orchestra.run.smithi139.stdout:/usr/bin/ceph: stdout "active_name": "x",
2024-09-16T00:56:28.580 INFO:teuthology.orchestra.run.smithi139.stdout:/usr/bin/ceph: stdout "num_standby": 0
2024-09-16T00:56:28.581 INFO:teuthology.orchestra.run.smithi139.stdout:/usr/bin/ceph: stdout }
2024-09-16T00:56:28.581 INFO:teuthology.orchestra.run.smithi139.stdout:/usr/bin/ceph: stderr
2024-09-16T00:56:27.785+0000 7f6fe4d52640 1 Processor -- start
2024-09-16T00:56:28.581 INFO:teuthology.orchestra.run.smithi139.stdout:/usr/bin/ceph: stderr
2024-09-16T00:56:27.785+0000 7f6fe4d52640 1 -- start start
2024-09-16T00:56:28.581 INFO:teuthology.orchestra.run.smithi139.stdout:/usr/bin/ceph: stderr
2024-09-16T00:56:27.785+0000 7f6fe4d52640 1 --2- >> [v2:172.21.15.139:3300/0,v1:172.21.15.139:6789/0] conn(0x7f6fe0106870 0x7f6fe0106c70 unknown :-1 s=NONE pgs=0 cs=0 l=0 rev1=0 crypto rx=0 tx=0 comp rx=0 tx=0).connect
2024-09-16T00:56:28.581 INFO:teuthology.orchestra.run.smithi139.stdout:/usr/bin/ceph: stderr
2024-09-16T00:56:27.785+0000 7f6fe4d52640 1 -- --> [v2:172.21.15.139:3300/0,v1:172.21.15.139:6789/0] -- mon_getmap magic: 0 -- 0x7f6fe0107240 con 0x7f6fe0106870
2024-09-16T00:56:28.581 INFO:teuthology.orchestra.run.smithi139.stdout:/usr/bin/ceph: stderr
2024-09-16T00:56:27.786+0000 7f6fde59c640 1 --2- >> [v2:172.21.15.139:3300/0,v1:172.21.15.139:6789/0] conn(0x7f6fe0106870 0x7f6fe0106c70 unknown :-1 s=BANNER_CONNECTING pgs=0 cs=0 l=0 rev1=0 crypto rx=0 tx=0 comp rx=0 tx=0)._handle_peer_banner_payload supported=3 required=0
2024-09-16T00:56:28.581 INFO:teuthology.orchestra.run.smithi139.stdout:/usr/bin/ceph: stderr
2024-09-16T00:56:27.786+0000 7f6fde59c640 1 --2- >> [v2:172.21.15.139:3300/0,v1:172.21.15.139:6789/0] conn(0x7f6fe0106870 0x7f6fe0106c70 unknown :-1 s=HELLO_CONNECTING pgs=0 cs=0 l=0 rev1=1 crypto rx=0 tx=0 comp rx=0 tx=0).handle_hello peer v2:172.21.15.139:3300/0 says I am v2:172.21.15.139:35386/0 (socket says 172.21.15.139:35386)
2024-09-16T00:56:28.581 INFO:teuthology.orchestra.run.smithi139.stdout:/usr/bin/ceph: stderr
2024-09-16T00:56:27.786+0000 7f6fde59c640 1 -- 172.21.15.139:0/3272847472 learned_addr learned my addr 172.21.15.139:0/3272847472 (peer_addr_for_me v2:172.21.15.139:0/0)
2024-09-16T00:56:28.581 INFO:teuthology.orchestra.run.smithi139.stdout:/usr/bin/ceph: stderr
2024-09-16T00:56:27.786+0000 7f6fde59c640 1 -- 172.21.15.139:0/3272847472 --> [v2:172.21.15.139:3300/0,v1:172.21.15.139:6789/0] -- mon_subscribe({config=0+,monmap=0+}) -- 0x7f6fe0107a20 con 0x7f6fe0106870
2024-09-16T00:56:28.581 INFO:teuthology.orchestra.run.smithi139.stdout:/usr/bin/ceph: stderr
2024-09-16T00:56:27.787+0000 7f6fde59c640 1 --2- 172.21.15.139:0/3272847472 >> [v2:172.21.15.139:3300/0,v1:172.21.15.139:6789/0] conn(0x7f6fe0106870 0x7f6fe0106c70 secure :-1 s=READY pgs=24 cs=0 l=1 rev1=1 crypto rx=0x7f6fd0009820 tx=0x7f6fd002a270 comp rx=0 tx=0).ready entity=mon.0 client_cookie=e6824ec54ffd5286 server_cookie=0 in_seq=0 out_seq=0
2024-09-16T00:56:28.581 INFO:teuthology.orchestra.run.smithi139.stdout:/usr/bin/ceph: stderr
2024-09-16T00:56:27.787+0000 7f6fddd9b640 1 -- 172.21.15.139:0/3272847472 <== mon.0 v2:172.21.15.139:3300/0 1 ==== mon_map magic: 0 ==== 205+0+0 (secure 0 0 0) 0x7f6fd0037070 con 0x7f6fe0106870
2024-09-16T00:56:28.581 INFO:teuthology.orchestra.run.smithi139.stdout:/usr/bin/ceph: stderr
2024-09-16T00:56:27.787+0000 7f6fddd9b640 1 -- 172.21.15.139:0/3272847472 <== mon.0 v2:172.21.15.139:3300/0 2 ==== config(29 keys) ==== 1178+0+0 (secure 0 0 0) 0x7f6fd0032940 con 0x7f6fe0106870
2024-09-16T00:56:28.582 INFO:teuthology.orchestra.run.smithi139.stdout:/usr/bin/ceph: stderr
2024-09-16T00:56:27.787+0000 7f6fddd9b640 1 -- 172.21.15.139:0/3272847472 <== mon.0 v2:172.21.15.139:3300/0 3 ==== mon_map magic: 0 ==== 205+0+0 (secure 0 0 0) 0x7f6fd00309c0 con 0x7f6fe0106870
2024-09-16T00:56:28.582 INFO:teuthology.orchestra.run.smithi139.stdout:/usr/bin/ceph: stderr
2024-09-16T00:56:27.787+0000 7f6fe4d52640 1 -- 172.21.15.139:0/3272847472 >> [v2:172.21.15.139:3300/0,v1:172.21.15.139:6789/0] conn(0x7f6fe0106870 msgr2=0x7f6fe0106c70 secure :-1 s=STATE_CONNECTION_ESTABLISHED l=1).mark_down
2024-09-16T00:56:28.582 INFO:teuthology.orchestra.run.smithi139.stdout:/usr/bin/ceph: stderr
2024-09-16T00:56:27.787+0000 7f6fe4d52640 1 --2- 172.21.15.139:0/3272847472 >> [v2:172.21.15.139:3300/0,v1:172.21.15.139:6789/0] conn(0x7f6fe0106870 0x7f6fe0106c70 secure :-1 s=READY pgs=24 cs=0 l=1 rev1=1 crypto rx=0x7f6fd0009820 tx=0x7f6fd002a270 comp rx=0 tx=0).stop
2024-09-16T00:56:28.582 INFO:teuthology.orchestra.run.smithi139.stdout:/usr/bin/ceph: stderr
2024-09-16T00:56:27.787+0000 7f6fe4d52640 1 -- 172.21.15.139:0/3272847472 shutdown_connections
2024-09-16T00:56:28.582 INFO:teuthology.orchestra.run.smithi139.stdout:/usr/bin/ceph: stderr
2024-09-16T00:56:27.788+0000 7f6fe4d52640 1 --2- 172.21.15.139:0/3272847472 >> [v2:172.21.15.139:3300/0,v1:172.21.15.139:6789/0] conn(0x7f6fe0106870 0x7f6fe0106c70 unknown :-1 s=CLOSED pgs=24 cs=0 l=1 rev1=1 crypto rx=0 tx=0 comp rx=0 tx=0).stop
2024-09-16T00:56:28.582 INFO:teuthology.orchestra.run.smithi139.stdout:/usr/bin/ceph: stderr
2024-09-16T00:56:27.788+0000 7f6fe4d52640 1 -- 172.21.15.139:0/3272847472 >> 172.21.15.139:0/3272847472 conn(0x7f6fe0102000 msgr2=0x7f6fe0104440 unknown :-1 s=STATE_NONE l=0).mark_down
2024-09-16T00:56:28.582 INFO:teuthology.orchestra.run.smithi139.stdout:/usr/bin/ceph: stderr
2024-09-16T00:56:27.788+0000 7f6fe4d52640 1 -- 172.21.15.139:0/3272847472 shutdown_connections
2024-09-16T00:56:28.582 INFO:teuthology.orchestra.run.smithi139.stdout:/usr/bin/ceph: stderr
2024-09-16T00:56:27.788+0000 7f6fe4d52640 1 -- 172.21.15.139:0/3272847472 wait complete.
2024-09-16T00:56:28.582 INFO:teuthology.orchestra.run.smithi139.stdout:/usr/bin/ceph: stderr
2024-09-16T00:56:27.788+0000 7f6fe4d52640 1 Processor -- start
2024-09-16T00:56:28.582 INFO:teuthology.orchestra.run.smithi139.stdout:/usr/bin/ceph: stderr
2024-09-16T00:56:27.788+0000 7f6fe4d52640 1 -- start start
2024-09-16T00:56:28.582 INFO:teuthology.orchestra.run.smithi139.stdout:/usr/bin/ceph: stderr
2024-09-16T00:56:27.789+0000 7f6fe4d52640 1 --2- >> [v2:172.21.15.139:3300/0,v1:172.21.15.139:6789/0] conn(0x7f6fe0106870 0x7f6fe019ba30 unknown :-1 s=NONE pgs=0 cs=0 l=1 rev1=0 crypto rx=0 tx=0 comp rx=0 tx=0).connect
2024-09-16T00:56:28.582 INFO:teuthology.orchestra.run.smithi139.stdout:/usr/bin/ceph: stderr
2024-09-16T00:56:27.789+0000 7f6fe4d52640 1 -- --> [v2:172.21.15.139:3300/0,v1:172.21.15.139:6789/0] -- mon_getmap magic: 0 -- 0x7f6fe010add0 con 0x7f6fe0106870
2024-09-16T00:56:28.582 INFO:teuthology.orchestra.run.smithi139.stdout:/usr/bin/ceph: stderr
2024-09-16T00:56:27.789+0000 7f6fde59c640 1 --2- >> [v2:172.21.15.139:3300/0,v1:172.21.15.139:6789/0] conn(0x7f6fe0106870 0x7f6fe019ba30 unknown :-1 s=BANNER_CONNECTING pgs=0 cs=0 l=1 rev1=0 crypto rx=0 tx=0 comp rx=0 tx=0)._handle_peer_banner_payload supported=3 required=0
2024-09-16T00:56:28.583 INFO:teuthology.orchestra.run.smithi139.stdout:/usr/bin/ceph: stderr
2024-09-16T00:56:27.789+0000 7f6fde59c640 1 --2- >> [v2:172.21.15.139:3300/0,v1:172.21.15.139:6789/0] conn(0x7f6fe0106870 0x7f6fe019ba30 unknown :-1 s=HELLO_CONNECTING pgs=0 cs=0 l=1 rev1=1 crypto rx=0 tx=0 comp rx=0 tx=0).handle_hello peer v2:172.21.15.139:3300/0 says I am v2:172.21.15.139:35394/0 (socket says 172.21.15.139:35394)
2024-09-16T00:56:28.583 INFO:teuthology.orchestra.run.smithi139.stdout:/usr/bin/ceph: stderr
2024-09-16T00:56:27.789+0000 7f6fde59c640 1 -- 172.21.15.139:0/663452241 learned_addr learned my addr 172.21.15.139:0/663452241 (peer_addr_for_me v2:172.21.15.139:0/0)
2024-09-16T00:56:28.583 INFO:teuthology.orchestra.run.smithi139.stdout:/usr/bin/ceph: stderr
2024-09-16T00:56:27.789+0000 7f6fde59c640 1 -- 172.21.15.139:0/663452241 --> [v2:172.21.15.139:3300/0,v1:172.21.15.139:6789/0] -- mon_subscribe({config=0+,monmap=0+}) -- 0x7f6fe019bf70 con 0x7f6fe0106870
2024-09-16T00:56:28.583 INFO:teuthology.orchestra.run.smithi139.stdout:/usr/bin/ceph: stderr
2024-09-16T00:56:27.789+0000 7f6fde59c640 1 --2- 172.21.15.139:0/663452241 >> [v2:172.21.15.139:3300/0,v1:172.21.15.139:6789/0] conn(0x7f6fe0106870 0x7f6fe019ba30 secure :-1 s=READY pgs=25 cs=0 l=1 rev1=1 crypto rx=0x7f6fd0032e60 tx=0x7f6fd0032e90 comp rx=0 tx=0).ready entity=mon.0 client_cookie=0 server_cookie=0 in_seq=0 out_seq=0
2024-09-16T00:56:28.583 INFO:teuthology.orchestra.run.smithi139.stdout:/usr/bin/ceph: stderr
2024-09-16T00:56:27.789+0000 7f6fd77fe640 1 -- 172.21.15.139:0/663452241 <== mon.0 v2:172.21.15.139:3300/0 1 ==== mon_map magic: 0 ==== 205+0+0 (secure 0 0 0) 0x7f6fd0042070 con 0x7f6fe0106870
2024-09-16T00:56:28.583 INFO:teuthology.orchestra.run.smithi139.stdout:/usr/bin/ceph: stderr
2024-09-16T00:56:27.789+0000 7f6fe4d52640 1 -- 172.21.15.139:0/663452241 --> [v2:172.21.15.139:3300/0,v1:172.21.15.139:6789/0] -- mon_subscribe({mgrmap=0+}) -- 0x7f6fe019c200 con 0x7f6fe0106870
2024-09-16T00:56:28.583 INFO:teuthology.orchestra.run.smithi139.stdout:/usr/bin/ceph: stderr
2024-09-16T00:56:27.789+0000 7f6fd77fe640 1 -- 172.21.15.139:0/663452241 <== mon.0 v2:172.21.15.139:3300/0 2 ==== config(29 keys) ==== 1178+0+0 (secure 0 0 0) 0x7f6fd0032570 con 0x7f6fe0106870
2024-09-16T00:56:28.583 INFO:teuthology.orchestra.run.smithi139.stdout:/usr/bin/ceph: stderr
2024-09-16T00:56:27.789+0000 7f6fd77fe640 1 -- 172.21.15.139:0/663452241 <== mon.0 v2:172.21.15.139:3300/0 3 ==== mon_map magic: 0 ==== 205+0+0 (secure 0 0 0) 0x7f6fd0037040 con 0x7f6fe0106870
2024-09-16T00:56:28.583 INFO:teuthology.orchestra.run.smithi139.stdout:/usr/bin/ceph: stderr
2024-09-16T00:56:27.789+0000 7f6fe4d52640 1 -- 172.21.15.139:0/663452241 --> [v2:172.21.15.139:3300/0,v1:172.21.15.139:6789/0] -- mon_subscribe({osdmap=0}) -- 0x7f6fe019eef0 con 0x7f6fe0106870
2024-09-16T00:56:28.583 INFO:teuthology.orchestra.run.smithi139.stdout:/usr/bin/ceph: stderr
2024-09-16T00:56:27.790+0000 7f6fd77fe640 1 -- 172.21.15.139:0/663452241 <== mon.0 v2:172.21.15.139:3300/0 4 ==== mgrmap(e 5) ==== 46461+0+0 (secure 0 0 0) 0x7f6fd0045070 con 0x7f6fe0106870
2024-09-16T00:56:28.583 INFO:teuthology.orchestra.run.smithi139.stdout:/usr/bin/ceph: stderr
2024-09-16T00:56:27.791+0000 7f6fd77fe640 1 --2- 172.21.15.139:0/663452241 >> [v2:172.21.15.139:6800/350376678,v1:172.21.15.139:6801/350376678] conn(0x7f6fcc0391b0 0x7f6fcc03b670 unknown :-1 s=NONE pgs=0 cs=0 l=1 rev1=0 crypto rx=0 tx=0 comp rx=0 tx=0).connect
2024-09-16T00:56:28.583 INFO:teuthology.orchestra.run.smithi139.stdout:/usr/bin/ceph: stderr
2024-09-16T00:56:27.791+0000 7f6fe4d52640 1 -- 172.21.15.139:0/663452241 --> [v2:172.21.15.139:3300/0,v1:172.21.15.139:6789/0] -- mon_command({"prefix": "get_command_descriptions"} v 0) -- 0x7f6fe0106cf0 con 0x7f6fe0106870
2024-09-16T00:56:28.583 INFO:teuthology.orchestra.run.smithi139.stdout:/usr/bin/ceph: stderr
2024-09-16T00:56:27.791+0000 7f6fd7fff640 1 -- 172.21.15.139:0/663452241 >> [v2:172.21.15.139:6800/350376678,v1:172.21.15.139:6801/350376678] conn(0x7f6fcc0391b0 msgr2=0x7f6fcc03b670 unknown :-1 s=STATE_CONNECTING_RE l=1).process reconnect failed to v2:172.21.15.139:6800/350376678
2024-09-16T00:56:28.584 INFO:teuthology.orchestra.run.smithi139.stdout:/usr/bin/ceph: stderr
2024-09-16T00:56:27.791+0000 7f6fd77fe640 1 -- 172.21.15.139:0/663452241 <== mon.0 v2:172.21.15.139:3300/0 5 ==== osd_map(1..1 src has 1..1) ==== 725+0+0 (secure 0 0 0) 0x7f6fd006c3c0 con 0x7f6fe0106870
2024-09-16T00:56:28.584 INFO:teuthology.orchestra.run.smithi139.stdout:/usr/bin/ceph: stderr
2024-09-16T00:56:27.791+0000 7f6fd7fff640 1 --2- 172.21.15.139:0/663452241 >> [v2:172.21.15.139:6800/350376678,v1:172.21.15.139:6801/350376678] conn(0x7f6fcc0391b0 0x7f6fcc03b670 unknown :-1 s=START_CONNECT pgs=0 cs=0 l=1 rev1=0 crypto rx=0 tx=0 comp rx=0 tx=0)._fault waiting 0.200000
2024-09-16T00:56:28.584 INFO:teuthology.orchestra.run.smithi139.stdout:/usr/bin/ceph: stderr
2024-09-16T00:56:27.795+0000 7f6fd77fe640 1 -- 172.21.15.139:0/663452241 <== mon.0 v2:172.21.15.139:3300/0 6 ==== mon_command_ack([{"prefix": "get_command_descriptions"}]=0 v0) ==== 72+0+188821 (secure 0 0 0) 0x7f6fd004b170 con 0x7f6fe0106870
2024-09-16T00:56:28.584 INFO:teuthology.orchestra.run.smithi139.stdout:/usr/bin/ceph: stderr
2024-09-16T00:56:27.992+0000 7f6fd7fff640 1 -- 172.21.15.139:0/663452241 >> [v2:172.21.15.139:6800/350376678,v1:172.21.15.139:6801/350376678] conn(0x7f6fcc0391b0 msgr2=0x7f6fcc03b670 unknown :-1 s=STATE_CONNECTING_RE l=1).process reconnect failed to v2:172.21.15.139:6800/350376678
2024-09-16T00:56:28.584 INFO:teuthology.orchestra.run.smithi139.stdout:/usr/bin/ceph: stderr
2024-09-16T00:56:27.992+0000 7f6fd7fff640 1 --2- 172.21.15.139:0/663452241 >> [v2:172.21.15.139:6800/350376678,v1:172.21.15.139:6801/350376678] conn(0x7f6fcc0391b0 0x7f6fcc03b670 unknown :-1 s=START_CONNECT pgs=0 cs=0 l=1 rev1=0 crypto rx=0 tx=0 comp rx=0 tx=0)._fault waiting 0.400000
2024-09-16T00:56:28.584 INFO:teuthology.orchestra.run.smithi139.stdout:/usr/bin/ceph: stderr
2024-09-16T00:56:28.014+0000 7f6fe4d52640 1 -- 172.21.15.139:0/663452241 --> [v2:172.21.15.139:3300/0,v1:172.21.15.139:6789/0] -- mon_command({"prefix": "mgr stat"} v 0) -- 0x7f6fe019f570 con 0x7f6fe0106870
2024-09-16T00:56:28.584 INFO:teuthology.orchestra.run.smithi139.stdout:/usr/bin/ceph: stderr
2024-09-16T00:56:28.014+0000 7f6fd77fe640 1 -- 172.21.15.139:0/663452241 <== mon.0 v2:172.21.15.139:3300/0 7 ==== mon_command_ack([{"prefix": "mgr stat"}]=0 v5) ==== 56+0+88 (secure 0 0 0) 0x7f6fd006bde0 con 0x7f6fe0106870
2024-09-16T00:56:28.584 INFO:teuthology.orchestra.run.smithi139.stdout:/usr/bin/ceph: stderr
2024-09-16T00:56:28.016+0000 7f6fe4d52640 1 -- 172.21.15.139:0/663452241 >> [v2:172.21.15.139:6800/350376678,v1:172.21.15.139:6801/350376678] conn(0x7f6fcc0391b0 msgr2=0x7f6fcc03b670 unknown :-1 s=STATE_CONNECTING l=1).mark_down
2024-09-16T00:56:28.584 INFO:teuthology.orchestra.run.smithi139.stdout:/usr/bin/ceph: stderr
2024-09-16T00:56:28.016+0000 7f6fe4d52640 1 --2- 172.21.15.139:0/663452241 >> [v2:172.21.15.139:6800/350376678,v1:172.21.15.139:6801/350376678] conn(0x7f6fcc0391b0 0x7f6fcc03b670 unknown :-1 s=START_CONNECT pgs=0 cs=0 l=1 rev1=0 crypto rx=0 tx=0 comp rx=0 tx=0).stop
2024-09-16T00:56:28.584 INFO:teuthology.orchestra.run.smithi139.stdout:/usr/bin/ceph: stderr
2024-09-16T00:56:28.016+0000 7f6fe4d52640 1 -- 172.21.15.139:0/663452241 >> [v2:172.21.15.139:3300/0,v1:172.21.15.139:6789/0] conn(0x7f6fe0106870 msgr2=0x7f6fe019ba30 secure :-1 s=STATE_CONNECTION_ESTABLISHED l=1).mark_down
2024-09-16T00:56:28.584 INFO:teuthology.orchestra.run.smithi139.stdout:/usr/bin/ceph: stderr
2024-09-16T00:56:28.016+0000 7f6fe4d52640 1 --2- 172.21.15.139:0/663452241 >> [v2:172.21.15.139:3300/0,v1:172.21.15.139:6789/0] conn(0x7f6fe0106870 0x7f6fe019ba30 secure :-1 s=READY pgs=25 cs=0 l=1 rev1=1 crypto rx=0x7f6fd0032e60 tx=0x7f6fd0032e90 comp rx=0 tx=0).stop
2024-09-16T00:56:28.584 INFO:teuthology.orchestra.run.smithi139.stdout:/usr/bin/ceph: stderr
2024-09-16T00:56:28.016+0000 7f6fe4d52640 1 -- 172.21.15.139:0/663452241 shutdown_connections
2024-09-16T00:56:28.584 INFO:teuthology.orchestra.run.smithi139.stdout:/usr/bin/ceph: stderr
2024-09-16T00:56:28.016+0000 7f6fe4d52640 1 --2- 172.21.15.139:0/663452241 >> [v2:172.21.15.139:6800/350376678,v1:172.21.15.139:6801/350376678] conn(0x7f6fcc0391b0 0x7f6fcc03b670 unknown :-1 s=CLOSED pgs=0 cs=0 l=1 rev1=0 crypto rx=0 tx=0 comp rx=0 tx=0).stop
2024-09-16T00:56:28.585 INFO:teuthology.orchestra.run.smithi139.stdout:/usr/bin/ceph: stderr
2024-09-16T00:56:28.016+0000 7f6fe4d52640 1 --2- 172.21.15.139:0/663452241 >> [v2:172.21.15.139:3300/0,v1:172.21.15.139:6789/0] conn(0x7f6fe0106870 0x7f6fe019ba30 unknown :-1 s=CLOSED pgs=25 cs=0 l=1 rev1=1 crypto rx=0 tx=0 comp rx=0 tx=0).stop
2024-09-16T00:56:28.585 INFO:teuthology.orchestra.run.smithi139.stdout:/usr/bin/ceph: stderr
2024-09-16T00:56:28.016+0000 7f6fe4d52640 1 -- 172.21.15.139:0/663452241 >> 172.21.15.139:0/663452241 conn(0x7f6fe0102000 msgr2=0x7f6fe0102b90 unknown :-1 s=STATE_NONE l=0).mark_down
2024-09-16T00:56:28.585 INFO:teuthology.orchestra.run.smithi139.stdout:/usr/bin/ceph: stderr
2024-09-16T00:56:28.016+0000 7f6fe4d52640 1 -- 172.21.15.139:0/663452241 shutdown_connections
2024-09-16T00:56:28.585 INFO:teuthology.orchestra.run.smithi139.stdout:/usr/bin/ceph: stderr
2024-09-16T00:56:28.016+0000 7f6fe4d52640 1 -- 172.21.15.139:0/663452241 wait complete.
2024-09-16T00:56:28.585 INFO:teuthology.orchestra.run.smithi139.stdout:Waiting for the mgr to restart...
2024-09-16T00:56:28.585 INFO:teuthology.orchestra.run.smithi139.stdout:Waiting for mgr epoch 5...
2024-09-16T00:56:28.822 INFO:journalctl@ceph.mon.a.smithi139.stdout:Sep 16 00:56:28 smithi139 ceph-mon[30909]: from='client.? 172.21.15.139:0/663452241' entity='client.admin' cmd=[{"prefix": "mgr stat"}]: dispatch
2024-09-16T00:56:29.175 INFO:journalctl@ceph.mgr.x.smithi139.stdout:Sep 16 00:56:29 smithi139 ceph-2d4bda22-73c6-11ef-bceb-c7b262605968-mgr-x[31139]:
2024-09-16T00:56:29.027+0000 7f24efa93040 -1 mgr[py] Module telemetry has missing NOTIFY_TYPES member
2024-09-16T00:56:29.176 INFO:journalctl@ceph.mgr.x.smithi139.stdout:Sep 16 00:56:29 smithi139 ceph-2d4bda22-73c6-11ef-bceb-c7b262605968-mgr-x[31139]:
2024-09-16T00:56:29.094+0000 7f24efa93040 -1 mgr[py] Module balancer has missing NOTIFY_TYPES member
2024-09-16T00:56:29.911 INFO:journalctl@ceph.mgr.x.smithi139.stdout:Sep 16 00:56:29 smithi139 ceph-2d4bda22-73c6-11ef-bceb-c7b262605968-mgr-x[31139]:
2024-09-16T00:56:29.795+0000 7f24efa93040 -1 mgr[py] Module rook has missing NOTIFY_TYPES member
2024-09-16T00:56:30.230 INFO:journalctl@ceph.mgr.x.smithi139.stdout:Sep 16 00:56:29 smithi139 ceph-2d4bda22-73c6-11ef-bceb-c7b262605968-mgr-x[31139]:
2024-09-16T00:56:29.909+0000 7f24efa93040 -1 mgr[py] Module iostat has missing NOTIFY_TYPES member
2024-09-16T00:56:30.230 INFO:journalctl@ceph.mgr.x.smithi139.stdout:Sep 16 00:56:30 smithi139 ceph-2d4bda22-73c6-11ef-bceb-c7b262605968-mgr-x[31139]:
2024-09-16T00:56:30.050+0000 7f24efa93040 -1 mgr[py] Module orchestrator has missing NOTIFY_TYPES member
2024-09-16T00:56:30.230 INFO:journalctl@ceph.mgr.x.smithi139.stdout:Sep 16 00:56:30 smithi139 ceph-2d4bda22-73c6-11ef-bceb-c7b262605968-mgr-x[31139]:
2024-09-16T00:56:30.110+0000 7f24efa93040 -1 mgr[py] Module devicehealth has missing NOTIFY_TYPES member
2024-09-16T00:56:30.548 INFO:journalctl@ceph.mgr.x.smithi139.stdout:Sep 16 00:56:30 smithi139 ceph-2d4bda22-73c6-11ef-bceb-c7b262605968-mgr-x[31139]:
2024-09-16T00:56:30.257+0000 7f24efa93040 -1 mgr[py] Module rgw has missing NOTIFY_TYPES member
2024-09-16T00:56:30.548 INFO:journalctl@ceph.mgr.x.smithi139.stdout:Sep 16 00:56:30 smithi139 ceph-2d4bda22-73c6-11ef-bceb-c7b262605968-mgr-x[31139]:
2024-09-16T00:56:30.324+0000 7f24efa93040 -1 mgr[py] Module alerts has missing NOTIFY_TYPES member
2024-09-16T00:56:30.548 INFO:journalctl@ceph.mgr.x.smithi139.stdout:Sep 16 00:56:30 smithi139 ceph-2d4bda22-73c6-11ef-bceb-c7b262605968-mgr-x[31139]:
2024-09-16T00:56:30.383+0000 7f24efa93040 -1 mgr[py] Module progress has missing NOTIFY_TYPES member
2024-09-16T00:56:30.548 INFO:journalctl@ceph.mgr.x.smithi139.stdout:Sep 16 00:56:30 smithi139 ceph-2d4bda22-73c6-11ef-bceb-c7b262605968-mgr-x[31139]:
2024-09-16T00:56:30.539+0000 7f24efa93040 -1 mgr[py] Module nfs has missing NOTIFY_TYPES member
2024-09-16T00:56:30.810 INFO:journalctl@ceph.mgr.x.smithi139.stdout:Sep 16 00:56:30 smithi139 ceph-2d4bda22-73c6-11ef-bceb-c7b262605968-mgr-x[31139]:
2024-09-16T00:56:30.604+0000 7f24efa93040 -1 mgr[py] Module status has missing NOTIFY_TYPES member
2024-09-16T00:56:30.810 INFO:journalctl@ceph.mgr.x.smithi139.stdout:Sep 16 00:56:30 smithi139 ceph-2d4bda22-73c6-11ef-bceb-c7b262605968-mgr-x[31139]:
2024-09-16T00:56:30.669+0000 7f24efa93040 -1 mgr[py] Module pg_autoscaler has missing NOTIFY_TYPES member
2024-09-16T00:56:30.811 INFO:journalctl@ceph.mgr.x.smithi139.stdout:Sep 16 00:56:30 smithi139 ceph-2d4bda22-73c6-11ef-bceb-c7b262605968-mgr-x[31139]:
2024-09-16T00:56:30.750+0000 7f24efa93040 -1 mgr[py] Module rbd_support has missing NOTIFY_TYPES member
2024-09-16T00:56:30.811 INFO:journalctl@ceph.mgr.x.smithi139.stdout:Sep 16 00:56:30 smithi139 ceph-2d4bda22-73c6-11ef-bceb-c7b262605968-mgr-x[31139]:
2024-09-16T00:56:30.808+0000 7f24efa93040 -1 mgr[py] Module influx has missing NOTIFY_TYPES member
2024-09-16T00:56:31.230 INFO:journalctl@ceph.mgr.x.smithi139.stdout:Sep 16 00:56:30 smithi139 ceph-2d4bda22-73c6-11ef-bceb-c7b262605968-mgr-x[31139]:
2024-09-16T00:56:30.866+0000 7f24efa93040 -1 mgr[py] Module zabbix has missing NOTIFY_TYPES member
2024-09-16T00:56:31.980 INFO:journalctl@ceph.mgr.x.smithi139.stdout:Sep 16 00:56:31 smithi139 ceph-2d4bda22-73c6-11ef-bceb-c7b262605968-mgr-x[31139]:
2024-09-16T00:56:31.649+0000 7f24efa93040 -1 mgr[py] Module telegraf has missing NOTIFY_TYPES member
2024-09-16T00:56:31.980 INFO:journalctl@ceph.mon.a.smithi139.stdout:Sep 16 00:56:31 smithi139 ceph-mon[30909]: Active manager daemon x restarted
2024-09-16T00:56:31.981 INFO:journalctl@ceph.mon.a.smithi139.stdout:Sep 16 00:56:31 smithi139 ceph-mon[30909]: Activating manager daemon x
2024-09-16T00:56:31.981 INFO:journalctl@ceph.mon.a.smithi139.stdout:Sep 16 00:56:31 smithi139 ceph-mon[30909]: osdmap e2: 0 total, 0 up, 0 in
2024-09-16T00:56:31.981 INFO:journalctl@ceph.mon.a.smithi139.stdout:Sep 16 00:56:31 smithi139 ceph-mon[30909]: mgrmap e6: x(active, starting, since 0.00378401s)
2024-09-16T00:56:31.981 INFO:journalctl@ceph.mon.a.smithi139.stdout:Sep 16 00:56:31 smithi139 ceph-mon[30909]: from='mgr.14118 172.21.15.139:0/723092603' entity='mgr.x' cmd=[{"prefix": "mon metadata", "id": "a"}]: dispatch
2024-09-16T00:56:31.981 INFO:journalctl@ceph.mon.a.smithi139.stdout:Sep 16 00:56:31 smithi139 ceph-mon[30909]: from='mgr.14118 172.21.15.139:0/723092603' entity='mgr.x' cmd=[{"prefix": "mgr metadata", "who": "x", "id": "x"}]: dispatch
2024-09-16T00:56:31.981 INFO:journalctl@ceph.mon.a.smithi139.stdout:Sep 16 00:56:31 smithi139 ceph-mon[30909]: from='mgr.14118 172.21.15.139:0/723092603' entity='mgr.x' cmd=[{"prefix": "mds metadata"}]: dispatch
2024-09-16T00:56:31.981 INFO:journalctl@ceph.mon.a.smithi139.stdout:Sep 16 00:56:31 smithi139 ceph-mon[30909]: from='mgr.14118 172.21.15.139:0/723092603' entity='mgr.x' cmd=[{"prefix": "osd metadata"}]: dispatch
2024-09-16T00:56:31.981 INFO:journalctl@ceph.mon.a.smithi139.stdout:Sep 16 00:56:31 smithi139 ceph-mon[30909]: from='mgr.14118 172.21.15.139:0/723092603' entity='mgr.x' cmd=[{"prefix": "mon metadata"}]: dispatch
2024-09-16T00:56:31.981 INFO:journalctl@ceph.mon.a.smithi139.stdout:Sep 16 00:56:31 smithi139 ceph-mon[30909]: Manager daemon x is now available
2024-09-16T00:56:31.981 INFO:journalctl@ceph.mon.a.smithi139.stdout:Sep 16 00:56:31 smithi139 ceph-mon[30909]: from='mgr.14118 172.21.15.139:0/723092603' entity='mgr.x'
2024-09-16T00:56:31.981 INFO:journalctl@ceph.mon.a.smithi139.stdout:Sep 16 00:56:31 smithi139 ceph-mon[30909]: from='mgr.14118 172.21.15.139:0/723092603' entity='mgr.x'
2024-09-16T00:56:31.981 INFO:journalctl@ceph.mon.a.smithi139.stdout:Sep 16 00:56:31 smithi139 ceph-mon[30909]: from='mgr.14118 172.21.15.139:0/723092603' entity='mgr.x' cmd=[{"prefix": "config dump", "format": "json"}]: dispatch
2024-09-16T00:56:31.982 INFO:journalctl@ceph.mon.a.smithi139.stdout:Sep 16 00:56:31 smithi139 ceph-mon[30909]: from='mgr.14118 172.21.15.139:0/723092603' entity='mgr.x' cmd=[{"prefix": "config dump", "format": "json"}]: dispatch
2024-09-16T00:56:31.982 INFO:journalctl@ceph.mon.a.smithi139.stdout:Sep 16 00:56:31 smithi139 ceph-mon[30909]: from='mgr.14118 172.21.15.139:0/723092603' entity='mgr.x' cmd=[{"prefix":"config rm","who":"mgr","name":"mgr/rbd_support/x/mirror_snapshot_schedule"}]: dispatch
2024-09-16T00:56:31.982 INFO:journalctl@ceph.mon.a.smithi139.stdout:Sep 16 00:56:31 smithi139 ceph-mon[30909]: from='mgr.14118 172.21.15.139:0/723092603' entity='mgr.x' cmd=[{"prefix":"config rm","who":"mgr","name":"mgr/rbd_support/x/trash_purge_schedule"}]: dispatch
2024-09-16T00:56:32.969 INFO:journalctl@ceph.mon.a.smithi139.stdout:Sep 16 00:56:32 smithi139 ceph-mon[30909]: Found migration_current of "None". Setting to last migration.
2024-09-16T00:56:32.970 INFO:journalctl@ceph.mon.a.smithi139.stdout:Sep 16 00:56:32 smithi139 ceph-mon[30909]: from='mgr.14118 172.21.15.139:0/723092603' entity='mgr.x'
2024-09-16T00:56:32.970 INFO:journalctl@ceph.mon.a.smithi139.stdout:Sep 16 00:56:32 smithi139 ceph-mon[30909]: from='mgr.14118 172.21.15.139:0/723092603' entity='mgr.x'
2024-09-16T00:56:32.970 INFO:journalctl@ceph.mon.a.smithi139.stdout:Sep 16 00:56:32 smithi139 ceph-mon[30909]: mgrmap e7: x(active, since 1.0074s)
2024-09-16T00:56:33.215 INFO:teuthology.orchestra.run.smithi139.stdout:/usr/bin/ceph: stdout {
2024-09-16T00:56:33.215 INFO:teuthology.orchestra.run.smithi139.stdout:/usr/bin/ceph: stdout "mgrmap_epoch": 7,
2024-09-16T00:56:33.215 INFO:teuthology.orchestra.run.smithi139.stdout:/usr/bin/ceph: stdout "initialized": true
2024-09-16T00:56:33.215 INFO:teuthology.orchestra.run.smithi139.stdout:/usr/bin/ceph: stdout }
2024-09-16T00:56:33.215 INFO:teuthology.orchestra.run.smithi139.stdout:/usr/bin/ceph: stderr
2024-09-16T00:56:28.968+0000 7f21529c2640 1 Processor -- start
2024-09-16T00:56:33.215 INFO:teuthology.orchestra.run.smithi139.stdout:/usr/bin/ceph: stderr
2024-09-16T00:56:28.968+0000 7f21529c2640 1 -- start start
2024-09-16T00:56:33.215 INFO:teuthology.orchestra.run.smithi139.stdout:/usr/bin/ceph: stderr
2024-09-16T00:56:28.968+0000 7f21529c2640 1 --2- >> [v2:172.21.15.139:3300/0,v1:172.21.15.139:6789/0] conn(0x7f214c106870 0x7f214c106c70 unknown :-1 s=NONE pgs=0 cs=0 l=0 rev1=0 crypto rx=0 tx=0 comp rx=0 tx=0).connect
2024-09-16T00:56:33.216 INFO:teuthology.orchestra.run.smithi139.stdout:/usr/bin/ceph: stderr
2024-09-16T00:56:28.968+0000 7f21529c2640 1 -- --> [v2:172.21.15.139:3300/0,v1:172.21.15.139:6789/0] -- mon_getmap magic: 0 -- 0x7f214c107240 con 0x7f214c106870
2024-09-16T00:56:33.216 INFO:teuthology.orchestra.run.smithi139.stdout:/usr/bin/ceph: stderr
2024-09-16T00:56:28.968+0000 7f214bfff640 1 --2- >> [v2:172.21.15.139:3300/0,v1:172.21.15.139:6789/0] conn(0x7f214c106870 0x7f214c106c70 unknown :-1 s=BANNER_CONNECTING pgs=0 cs=0 l=0 rev1=0 crypto rx=0 tx=0 comp rx=0 tx=0)._handle_peer_banner_payload supported=3 required=0
2024-09-16T00:56:33.216 INFO:teuthology.orchestra.run.smithi139.stdout:/usr/bin/ceph: stderr
2024-09-16T00:56:28.969+0000 7f214bfff640 1 --2- >> [v2:172.21.15.139:3300/0,v1:172.21.15.139:6789/0] conn(0x7f214c106870 0x7f214c106c70 unknown :-1 s=HELLO_CONNECTING pgs=0 cs=0 l=0 rev1=1 crypto rx=0 tx=0 comp rx=0 tx=0).handle_hello peer v2:172.21.15.139:3300/0 says I am v2:172.21.15.139:35400/0 (socket says 172.21.15.139:35400)
2024-09-16T00:56:33.216 INFO:teuthology.orchestra.run.smithi139.stdout:/usr/bin/ceph: stderr
2024-09-16T00:56:28.969+0000 7f214bfff640 1 -- 172.21.15.139:0/2724876325 learned_addr learned my addr 172.21.15.139:0/2724876325 (peer_addr_for_me v2:172.21.15.139:0/0)
2024-09-16T00:56:33.216 INFO:teuthology.orchestra.run.smithi139.stdout:/usr/bin/ceph: stderr
2024-09-16T00:56:28.969+0000 7f214bfff640 1 -- 172.21.15.139:0/2724876325 --> [v2:172.21.15.139:3300/0,v1:172.21.15.139:6789/0] -- mon_subscribe({config=0+,monmap=0+}) -- 0x7f214c107a20 con 0x7f214c106870
2024-09-16T00:56:33.216 INFO:teuthology.orchestra.run.smithi139.stdout:/usr/bin/ceph: stderr
2024-09-16T00:56:28.970+0000 7f214bfff640 1 --2- 172.21.15.139:0/2724876325 >> [v2:172.21.15.139:3300/0,v1:172.21.15.139:6789/0] conn(0x7f214c106870 0x7f214c106c70 secure :-1 s=READY pgs=26 cs=0 l=1 rev1=1 crypto rx=0x7f213c009820 tx=0x7f213c02a270 comp rx=0 tx=0).ready entity=mon.0 client_cookie=82d44630f1496d42 server_cookie=0 in_seq=0 out_seq=0
2024-09-16T00:56:33.216 INFO:teuthology.orchestra.run.smithi139.stdout:/usr/bin/ceph: stderr
2024-09-16T00:56:28.970+0000 7f214b7fe640 1 -- 172.21.15.139:0/2724876325 <== mon.0 v2:172.21.15.139:3300/0 1 ==== mon_map magic: 0 ==== 205+0+0 (secure 0 0 0) 0x7f213c037070 con 0x7f214c106870
2024-09-16T00:56:33.216 INFO:teuthology.orchestra.run.smithi139.stdout:/usr/bin/ceph: stderr
2024-09-16T00:56:28.970+0000 7f214b7fe640 1 -- 172.21.15.139:0/2724876325 <== mon.0 v2:172.21.15.139:3300/0 2 ==== config(29 keys) ==== 1178+0+0 (secure 0 0 0) 0x7f213c032940 con 0x7f214c106870
2024-09-16T00:56:33.216 INFO:teuthology.orchestra.run.smithi139.stdout:/usr/bin/ceph: stderr
2024-09-16T00:56:28.970+0000 7f214b7fe640 1 -- 172.21.15.139:0/2724876325 <== mon.0 v2:172.21.15.139:3300/0 3 ==== mon_map magic: 0 ==== 205+0+0 (secure 0 0 0) 0x7f213c0309c0 con 0x7f214c106870
2024-09-16T00:56:33.216 INFO:teuthology.orchestra.run.smithi139.stdout:/usr/bin/ceph: stderr
2024-09-16T00:56:28.970+0000 7f21529c2640 1 -- 172.21.15.139:0/2724876325 >> [v2:172.21.15.139:3300/0,v1:172.21.15.139:6789/0] conn(0x7f214c106870 msgr2=0x7f214c106c70 secure :-1 s=STATE_CONNECTION_ESTABLISHED l=1).mark_down
2024-09-16T00:56:33.216 INFO:teuthology.orchestra.run.smithi139.stdout:/usr/bin/ceph: stderr
2024-09-16T00:56:28.970+0000 7f21529c2640 1 --2- 172.21.15.139:0/2724876325 >> [v2:172.21.15.139:3300/0,v1:172.21.15.139:6789/0] conn(0x7f214c106870 0x7f214c106c70 secure :-1 s=READY pgs=26 cs=0 l=1 rev1=1 crypto rx=0x7f213c009820 tx=0x7f213c02a270 comp rx=0 tx=0).stop
2024-09-16T00:56:33.216 INFO:teuthology.orchestra.run.smithi139.stdout:/usr/bin/ceph: stderr
2024-09-16T00:56:28.971+0000 7f21529c2640 1 -- 172.21.15.139:0/2724876325 shutdown_connections
2024-09-16T00:56:33.216 INFO:teuthology.orchestra.run.smithi139.stdout:/usr/bin/ceph: stderr
2024-09-16T00:56:28.971+0000 7f21529c2640 1 --2- 172.21.15.139:0/2724876325 >> [v2:172.21.15.139:3300/0,v1:172.21.15.139:6789/0] conn(0x7f214c106870 0x7f214c106c70 unknown :-1 s=CLOSED pgs=26 cs=0 l=1 rev1=1 crypto rx=0 tx=0 comp rx=0 tx=0).stop
2024-09-16T00:56:33.217 INFO:teuthology.orchestra.run.smithi139.stdout:/usr/bin/ceph: stderr
2024-09-16T00:56:28.971+0000 7f21529c2640 1 -- 172.21.15.139:0/2724876325 >> 172.21.15.139:0/2724876325 conn(0x7f214c102000 msgr2=0x7f214c104440 unknown :-1 s=STATE_NONE l=0).mark_down
2024-09-16T00:56:33.217 INFO:teuthology.orchestra.run.smithi139.stdout:/usr/bin/ceph: stderr
2024-09-16T00:56:28.971+0000 7f21529c2640 1 -- 172.21.15.139:0/2724876325 shutdown_connections
2024-09-16T00:56:33.217 INFO:teuthology.orchestra.run.smithi139.stdout:/usr/bin/ceph: stderr
2024-09-16T00:56:28.971+0000 7f21529c2640 1 -- 172.21.15.139:0/2724876325 wait complete.
2024-09-16T00:56:33.217 INFO:teuthology.orchestra.run.smithi139.stdout:/usr/bin/ceph: stderr
2024-09-16T00:56:28.971+0000 7f21529c2640 1 Processor -- start
2024-09-16T00:56:33.217 INFO:teuthology.orchestra.run.smithi139.stdout:/usr/bin/ceph: stderr
2024-09-16T00:56:28.971+0000 7f21529c2640 1 -- start start
2024-09-16T00:56:33.217 INFO:teuthology.orchestra.run.smithi139.stdout:/usr/bin/ceph: stderr
2024-09-16T00:56:28.971+0000 7f21529c2640 1 --2- >> [v2:172.21.15.139:3300/0,v1:172.21.15.139:6789/0] conn(0x7f214c106870 0x7f214c19a900 unknown :-1 s=NONE pgs=0 cs=0 l=1 rev1=0 crypto rx=0 tx=0 comp rx=0 tx=0).connect
2024-09-16T00:56:33.217 INFO:teuthology.orchestra.run.smithi139.stdout:/usr/bin/ceph: stderr
2024-09-16T00:56:28.971+0000 7f21529c2640 1 -- --> [v2:172.21.15.139:3300/0,v1:172.21.15.139:6789/0] -- mon_getmap magic: 0 -- 0x7f214c10add0 con 0x7f214c106870
2024-09-16T00:56:33.217 INFO:teuthology.orchestra.run.smithi139.stdout:/usr/bin/ceph: stderr
2024-09-16T00:56:28.971+0000 7f214bfff640 1 --2- >> [v2:172.21.15.139:3300/0,v1:172.21.15.139:6789/0] conn(0x7f214c106870 0x7f214c19a900 unknown :-1 s=BANNER_CONNECTING pgs=0 cs=0 l=1 rev1=0 crypto rx=0 tx=0 comp rx=0 tx=0)._handle_peer_banner_payload supported=3 required=0
2024-09-16T00:56:33.217 INFO:teuthology.orchestra.run.smithi139.stdout:/usr/bin/ceph: stderr
2024-09-16T00:56:28.971+0000 7f214bfff640 1 --2- >> [v2:172.21.15.139:3300/0,v1:172.21.15.139:6789/0] conn(0x7f214c106870 0x7f214c19a900 unknown :-1 s=HELLO_CONNECTING pgs=0 cs=0 l=1 rev1=1 crypto rx=0 tx=0 comp rx=0 tx=0).handle_hello peer v2:172.21.15.139:3300/0 says I am v2:172.21.15.139:35414/0 (socket says 172.21.15.139:35414)
2024-09-16T00:56:33.217 INFO:teuthology.orchestra.run.smithi139.stdout:/usr/bin/ceph: stderr
2024-09-16T00:56:28.971+0000 7f214bfff640 1 -- 172.21.15.139:0/776900455 learned_addr learned my addr 172.21.15.139:0/776900455 (peer_addr_for_me v2:172.21.15.139:0/0)
2024-09-16T00:56:33.217 INFO:teuthology.orchestra.run.smithi139.stdout:/usr/bin/ceph: stderr
2024-09-16T00:56:28.972+0000 7f214bfff640 1 -- 172.21.15.139:0/776900455 --> [v2:172.21.15.139:3300/0,v1:172.21.15.139:6789/0] -- mon_subscribe({config=0+,monmap=0+}) -- 0x7f214c19ae40 con 0x7f214c106870
2024-09-16T00:56:33.217 INFO:teuthology.orchestra.run.smithi139.stdout:/usr/bin/ceph: stderr
2024-09-16T00:56:28.972+0000 7f214bfff640 1 --2- 172.21.15.139:0/776900455 >> [v2:172.21.15.139:3300/0,v1:172.21.15.139:6789/0] conn(0x7f214c106870 0x7f214c19a900 secure :-1 s=READY pgs=27 cs=0 l=1 rev1=1 crypto rx=0x7f213c0097f0 tx=0x7f213c032e60 comp rx=0 tx=0).ready entity=mon.0 client_cookie=0 server_cookie=0 in_seq=0 out_seq=0
2024-09-16T00:56:33.218 INFO:teuthology.orchestra.run.smithi139.stdout:/usr/bin/ceph: stderr
2024-09-16T00:56:28.972+0000 7f2149ffb640 1 -- 172.21.15.139:0/776900455 <== mon.0 v2:172.21.15.139:3300/0 1 ==== mon_map magic: 0 ==== 205+0+0 (secure 0 0 0) 0x7f213c042070 con 0x7f214c106870
2024-09-16T00:56:33.218 INFO:teuthology.orchestra.run.smithi139.stdout:/usr/bin/ceph: stderr
2024-09-16T00:56:28.972+0000 7f21529c2640 1 -- 172.21.15.139:0/776900455 --> [v2:172.21.15.139:3300/0,v1:172.21.15.139:6789/0] -- mon_subscribe({mgrmap=0+}) -- 0x7f214c19b0d0 con 0x7f214c106870
2024-09-16T00:56:33.218 INFO:teuthology.orchestra.run.smithi139.stdout:/usr/bin/ceph: stderr
2024-09-16T00:56:28.972+0000 7f2149ffb640 1 -- 172.21.15.139:0/776900455 <== mon.0 v2:172.21.15.139:3300/0 2 ==== config(29 keys) ==== 1178+0+0 (secure 0 0 0) 0x7f213c0325f0 con 0x7f214c106870
2024-09-16T00:56:33.218 INFO:teuthology.orchestra.run.smithi139.stdout:/usr/bin/ceph: stderr
2024-09-16T00:56:28.972+0000 7f2149ffb640 1 -- 172.21.15.139:0/776900455 <== mon.0 v2:172.21.15.139:3300/0 3 ==== mon_map magic: 0 ==== 205+0+0 (secure 0 0 0) 0x7f213c037040 con 0x7f214c106870
2024-09-16T00:56:33.218 INFO:teuthology.orchestra.run.smithi139.stdout:/usr/bin/ceph: stderr
2024-09-16T00:56:28.972+0000 7f21529c2640 1 -- 172.21.15.139:0/776900455 --> [v2:172.21.15.139:3300/0,v1:172.21.15.139:6789/0] -- mon_subscribe({osdmap=0}) -- 0x7f214c19ddc0 con 0x7f214c106870
2024-09-16T00:56:33.218 INFO:teuthology.orchestra.run.smithi139.stdout:/usr/bin/ceph: stderr
2024-09-16T00:56:28.973+0000 7f2149ffb640 1 -- 172.21.15.139:0/776900455 <== mon.0 v2:172.21.15.139:3300/0 4 ==== mgrmap(e 5) ==== 46461+0+0 (secure 0 0 0) 0x7f213c045070 con 0x7f214c106870
2024-09-16T00:56:33.218 INFO:teuthology.orchestra.run.smithi139.stdout:/usr/bin/ceph: stderr
2024-09-16T00:56:28.973+0000 7f2149ffb640 1 --2- 172.21.15.139:0/776900455 >> [v2:172.21.15.139:6800/350376678,v1:172.21.15.139:6801/350376678] conn(0x7f21380391b0 0x7f213803b670 unknown :-1 s=NONE pgs=0 cs=0 l=1 rev1=0 crypto rx=0 tx=0 comp rx=0 tx=0).connect
2024-09-16T00:56:33.218 INFO:teuthology.orchestra.run.smithi139.stdout:/usr/bin/ceph: stderr
2024-09-16T00:56:28.973+0000 7f21529c2640 1 -- 172.21.15.139:0/776900455 --> [v2:172.21.15.139:6800/350376678,v1:172.21.15.139:6801/350376678] -- command(tid 0: {"prefix": "get_command_descriptions"}) -- 0x7f214c106cf0 con 0x7f21380391b0
2024-09-16T00:56:33.218 INFO:teuthology.orchestra.run.smithi139.stdout:/usr/bin/ceph: stderr
2024-09-16T00:56:28.973+0000 7f2149ffb640 1 -- 172.21.15.139:0/776900455 <== mon.0 v2:172.21.15.139:3300/0 5 ==== osd_map(1..1 src has 1..1) ==== 725+0+0 (secure 0 0 0) 0x7f213c06c590 con 0x7f214c106870
2024-09-16T00:56:33.218 INFO:teuthology.orchestra.run.smithi139.stdout:/usr/bin/ceph: stderr
2024-09-16T00:56:28.973+0000 7f2143fff640 1 -- 172.21.15.139:0/776900455 >> [v2:172.21.15.139:6800/350376678,v1:172.21.15.139:6801/350376678] conn(0x7f21380391b0 msgr2=0x7f213803b670 unknown :-1 s=STATE_CONNECTING_RE l=1).process reconnect failed to v2:172.21.15.139:6800/350376678
2024-09-16T00:56:33.218 INFO:teuthology.orchestra.run.smithi139.stdout:/usr/bin/ceph: stderr
2024-09-16T00:56:28.973+0000 7f2143fff640 1 --2- 172.21.15.139:0/776900455 >> [v2:172.21.15.139:6800/350376678,v1:172.21.15.139:6801/350376678] conn(0x7f21380391b0 0x7f213803b670 unknown :-1 s=START_CONNECT pgs=0 cs=0 l=1 rev1=0 crypto rx=0 tx=0 comp rx=0 tx=0)._fault waiting 0.200000
2024-09-16T00:56:33.218 INFO:teuthology.orchestra.run.smithi139.stdout:/usr/bin/ceph: stderr
2024-09-16T00:56:29.174+0000 7f2143fff640 1 -- 172.21.15.139:0/776900455 >> [v2:172.21.15.139:6800/350376678,v1:172.21.15.139:6801/350376678] conn(0x7f21380391b0 msgr2=0x7f213803b670 unknown :-1 s=STATE_CONNECTING_RE l=1).process reconnect failed to v2:172.21.15.139:6800/350376678
2024-09-16T00:56:33.218 INFO:teuthology.orchestra.run.smithi139.stdout:/usr/bin/ceph: stderr
2024-09-16T00:56:29.174+0000 7f2143fff640 1 --2- 172.21.15.139:0/776900455 >> [v2:172.21.15.139:6800/350376678,v1:172.21.15.139:6801/350376678] conn(0x7f21380391b0 0x7f213803b670 unknown :-1 s=START_CONNECT pgs=0 cs=0 l=1 rev1=0 crypto rx=0 tx=0 comp rx=0 tx=0)._fault waiting 0.400000
2024-09-16T00:56:33.219 INFO:teuthology.orchestra.run.smithi139.stdout:/usr/bin/ceph: stderr
2024-09-16T00:56:29.575+0000 7f2143fff640 1 -- 172.21.15.139:0/776900455 >> [v2:172.21.15.139:6800/350376678,v1:172.21.15.139:6801/350376678] conn(0x7f21380391b0 msgr2=0x7f213803b670 unknown :-1 s=STATE_CONNECTING_RE l=1).process reconnect failed to v2:172.21.15.139:6800/350376678
2024-09-16T00:56:33.219 INFO:teuthology.orchestra.run.smithi139.stdout:/usr/bin/ceph: stderr
2024-09-16T00:56:29.575+0000 7f2143fff640 1 --2- 172.21.15.139:0/776900455 >> [v2:172.21.15.139:6800/350376678,v1:172.21.15.139:6801/350376678] conn(0x7f21380391b0 0x7f213803b670 unknown :-1 s=START_CONNECT pgs=0 cs=0 l=1 rev1=0 crypto rx=0 tx=0 comp rx=0 tx=0)._fault waiting 0.800000
2024-09-16T00:56:33.219 INFO:teuthology.orchestra.run.smithi139.stdout:/usr/bin/ceph: stderr
2024-09-16T00:56:30.376+0000 7f2143fff640 1 -- 172.21.15.139:0/776900455 >> [v2:172.21.15.139:6800/350376678,v1:172.21.15.139:6801/350376678] conn(0x7f21380391b0 msgr2=0x7f213803b670 unknown :-1 s=STATE_CONNECTING_RE l=1).process reconnect failed to v2:172.21.15.139:6800/350376678
2024-09-16T00:56:33.219 INFO:teuthology.orchestra.run.smithi139.stdout:/usr/bin/ceph: stderr
