2024-09-16T01:01:15.233+0000 7f8e539da640 1 --2- >> [v2:172.21.15.78:3300/0,v1:172.21.15.78:6789/0] conn(0x7f8e4c1077a0 0x7f8e4c19b740 unknown :-1 s=NONE pgs=0 cs=0 l=1 rev1=0 crypto rx=0 tx=0 comp rx=0 tx=0).connect
2024-09-16T01:01:15.858 INFO:teuthology.orchestra.run.smithi078.stdout:/usr/bin/ceph: stderr
2024-09-16T01:01:15.233+0000 7f8e539da640 1 -- --> [v2:172.21.15.78:3300/0,v1:172.21.15.78:6789/0] -- mon_getmap magic: 0 -- 0x7f8e4c10bd00 con 0x7f8e4c1077a0
2024-09-16T01:01:15.858 INFO:teuthology.orchestra.run.smithi078.stdout:/usr/bin/ceph: stderr
2024-09-16T01:01:15.233+0000 7f8e51776640 1 --2- >> [v2:172.21.15.78:3300/0,v1:172.21.15.78:6789/0] conn(0x7f8e4c1077a0 0x7f8e4c19b740 unknown :-1 s=BANNER_CONNECTING pgs=0 cs=0 l=1 rev1=0 crypto rx=0 tx=0 comp rx=0 tx=0)._handle_peer_banner_payload supported=3 required=0
2024-09-16T01:01:15.858 INFO:teuthology.orchestra.run.smithi078.stdout:/usr/bin/ceph: stderr
2024-09-16T01:01:15.233+0000 7f8e51776640 1 --2- >> [v2:172.21.15.78:3300/0,v1:172.21.15.78:6789/0] conn(0x7f8e4c1077a0 0x7f8e4c19b740 unknown :-1 s=HELLO_CONNECTING pgs=0 cs=0 l=1 rev1=1 crypto rx=0 tx=0 comp rx=0 tx=0).handle_hello peer v2:172.21.15.78:3300/0 says I am v2:172.21.15.78:51364/0 (socket says 172.21.15.78:51364)
2024-09-16T01:01:15.858 INFO:teuthology.orchestra.run.smithi078.stdout:/usr/bin/ceph: stderr
2024-09-16T01:01:15.233+0000 7f8e51776640 1 -- 172.21.15.78:0/3892489125 learned_addr learned my addr 172.21.15.78:0/3892489125 (peer_addr_for_me v2:172.21.15.78:0/0)
2024-09-16T01:01:15.859 INFO:teuthology.orchestra.run.smithi078.stdout:/usr/bin/ceph: stderr
2024-09-16T01:01:15.233+0000 7f8e51776640 1 -- 172.21.15.78:0/3892489125 --> [v2:172.21.15.78:3300/0,v1:172.21.15.78:6789/0] -- mon_subscribe({config=0+,monmap=0+}) -- 0x7f8e4c19bc80 con 0x7f8e4c1077a0
2024-09-16T01:01:15.859 INFO:teuthology.orchestra.run.smithi078.stdout:/usr/bin/ceph: stderr
2024-09-16T01:01:15.233+0000 7f8e51776640 1 --2- 172.21.15.78:0/3892489125 >> [v2:172.21.15.78:3300/0,v1:172.21.15.78:6789/0] conn(0x7f8e4c1077a0 0x7f8e4c19b740 secure :-1 s=READY pgs=34 cs=0 l=1 rev1=1 crypto rx=0x7f8e48009940 tx=0x7f8e48032ce0 comp rx=0 tx=0).ready entity=mon.0 client_cookie=0 server_cookie=0 in_seq=0 out_seq=0
2024-09-16T01:01:15.859 INFO:teuthology.orchestra.run.smithi078.stdout:/usr/bin/ceph: stderr
2024-09-16T01:01:15.233+0000 7f8e427fc640 1 -- 172.21.15.78:0/3892489125 <== mon.0 v2:172.21.15.78:3300/0 1 ==== mon_map magic: 0 ==== 205+0+0 (secure 0 0 0) 0x7f8e48042070 con 0x7f8e4c1077a0
2024-09-16T01:01:15.859 INFO:teuthology.orchestra.run.smithi078.stdout:/usr/bin/ceph: stderr
2024-09-16T01:01:15.233+0000 7f8e539da640 1 -- 172.21.15.78:0/3892489125 --> [v2:172.21.15.78:3300/0,v1:172.21.15.78:6789/0] -- mon_subscribe({mgrmap=0+}) -- 0x7f8e4c19bf10 con 0x7f8e4c1077a0
2024-09-16T01:01:15.859 INFO:teuthology.orchestra.run.smithi078.stdout:/usr/bin/ceph: stderr
2024-09-16T01:01:15.233+0000 7f8e427fc640 1 -- 172.21.15.78:0/3892489125 <== mon.0 v2:172.21.15.78:3300/0 2 ==== config(27 keys) ==== 1109+0+0 (secure 0 0 0) 0x7f8e480308c0 con 0x7f8e4c1077a0
2024-09-16T01:01:15.859 INFO:teuthology.orchestra.run.smithi078.stdout:/usr/bin/ceph: stderr
2024-09-16T01:01:15.233+0000 7f8e427fc640 1 -- 172.21.15.78:0/3892489125 <== mon.0 v2:172.21.15.78:3300/0 3 ==== mon_map magic: 0 ==== 205+0+0 (secure 0 0 0) 0x7f8e48037040 con 0x7f8e4c1077a0
2024-09-16T01:01:15.859 INFO:teuthology.orchestra.run.smithi078.stdout:/usr/bin/ceph: stderr
2024-09-16T01:01:15.234+0000 7f8e539da640 1 -- 172.21.15.78:0/3892489125 --> [v2:172.21.15.78:3300/0,v1:172.21.15.78:6789/0] -- mon_subscribe({osdmap=0}) -- 0x7f8e4c19ec00 con 0x7f8e4c1077a0
2024-09-16T01:01:15.859 INFO:teuthology.orchestra.run.smithi078.stdout:/usr/bin/ceph: stderr
2024-09-16T01:01:15.234+0000 7f8e427fc640 1 -- 172.21.15.78:0/3892489125 <== mon.0 v2:172.21.15.78:3300/0 4 ==== mgrmap(e 8) ==== 46461+0+0 (secure 0 0 0) 0x7f8e48045070 con 0x7f8e4c1077a0
2024-09-16T01:01:15.859 INFO:teuthology.orchestra.run.smithi078.stdout:/usr/bin/ceph: stderr
2024-09-16T01:01:15.235+0000 7f8e427fc640 1 --2- 172.21.15.78:0/3892489125 >> [v2:172.21.15.78:6800/2425087015,v1:172.21.15.78:6801/2425087015] conn(0x7f8e380391b0 0x7f8e3803b670 unknown :-1 s=NONE pgs=0 cs=0 l=1 rev1=0 crypto rx=0 tx=0 comp rx=0 tx=0).connect
2024-09-16T01:01:15.859 INFO:teuthology.orchestra.run.smithi078.stdout:/usr/bin/ceph: stderr
2024-09-16T01:01:15.235+0000 7f8e427fc640 1 -- 172.21.15.78:0/3892489125 --> [v2:172.21.15.78:6800/2425087015,v1:172.21.15.78:6801/2425087015] -- command(tid 0: {"prefix": "get_command_descriptions"}) -- 0x7f8e3803bd80 con 0x7f8e380391b0
2024-09-16T01:01:15.859 INFO:teuthology.orchestra.run.smithi078.stdout:/usr/bin/ceph: stderr
2024-09-16T01:01:15.235+0000 7f8e427fc640 1 -- 172.21.15.78:0/3892489125 <== mon.0 v2:172.21.15.78:3300/0 5 ==== osd_map(2..2 src has 1..2) ==== 940+0+0 (secure 0 0 0) 0x7f8e4806c320 con 0x7f8e4c1077a0
2024-09-16T01:01:15.859 INFO:teuthology.orchestra.run.smithi078.stdout:/usr/bin/ceph: stderr
2024-09-16T01:01:15.235+0000 7f8e50f75640 1 --2- 172.21.15.78:0/3892489125 >> [v2:172.21.15.78:6800/2425087015,v1:172.21.15.78:6801/2425087015] conn(0x7f8e380391b0 0x7f8e3803b670 unknown :-1 s=BANNER_CONNECTING pgs=0 cs=0 l=1 rev1=0 crypto rx=0 tx=0 comp rx=0 tx=0)._handle_peer_banner_payload supported=3 required=0
2024-09-16T01:01:15.859 INFO:teuthology.orchestra.run.smithi078.stdout:/usr/bin/ceph: stderr
2024-09-16T01:01:15.235+0000 7f8e50f75640 1 --2- 172.21.15.78:0/3892489125 >> [v2:172.21.15.78:6800/2425087015,v1:172.21.15.78:6801/2425087015] conn(0x7f8e380391b0 0x7f8e3803b670 secure :-1 s=READY pgs=7 cs=0 l=1 rev1=1 crypto rx=0x7f8e3c0098c0 tx=0x7f8e3c006db0 comp rx=0 tx=0).ready entity=mgr.14118 client_cookie=0 server_cookie=0 in_seq=0 out_seq=0
2024-09-16T01:01:15.860 INFO:teuthology.orchestra.run.smithi078.stdout:/usr/bin/ceph: stderr
2024-09-16T01:01:15.236+0000 7f8e427fc640 1 -- 172.21.15.78:0/3892489125 <== mgr.14118 v2:172.21.15.78:6800/2425087015 1 ==== command_reply(tid 0: 0 ) ==== 8+0+9564 (secure 0 0 0) 0x7f8e3803bd80 con 0x7f8e380391b0
2024-09-16T01:01:15.860 INFO:teuthology.orchestra.run.smithi078.stdout:/usr/bin/ceph: stderr
2024-09-16T01:01:15.242+0000 7f8e539da640 1 -- 172.21.15.78:0/3892489125 --> [v2:172.21.15.78:6800/2425087015,v1:172.21.15.78:6801/2425087015] -- command(tid 1: {"prefix": "mgr_status"}) -- 0x7f8e4c10be80 con 0x7f8e380391b0
2024-09-16T01:01:15.860 INFO:teuthology.orchestra.run.smithi078.stdout:/usr/bin/ceph: stderr
2024-09-16T01:01:15.242+0000 7f8e427fc640 1 -- 172.21.15.78:0/3892489125 <== mgr.14118 v2:172.21.15.78:6800/2425087015 2 ==== command_reply(tid 1: 0 ) ==== 8+0+51 (secure 0 0 0) 0x7f8e4c10be80 con 0x7f8e380391b0
2024-09-16T01:01:15.860 INFO:teuthology.orchestra.run.smithi078.stdout:/usr/bin/ceph: stderr
2024-09-16T01:01:15.242+0000 7f8e539da640 1 -- 172.21.15.78:0/3892489125 >> [v2:172.21.15.78:6800/2425087015,v1:172.21.15.78:6801/2425087015] conn(0x7f8e380391b0 msgr2=0x7f8e3803b670 secure :-1 s=STATE_CONNECTION_ESTABLISHED l=1).mark_down
2024-09-16T01:01:15.860 INFO:teuthology.orchestra.run.smithi078.stdout:/usr/bin/ceph: stderr
2024-09-16T01:01:15.242+0000 7f8e539da640 1 --2- 172.21.15.78:0/3892489125 >> [v2:172.21.15.78:6800/2425087015,v1:172.21.15.78:6801/2425087015] conn(0x7f8e380391b0 0x7f8e3803b670 secure :-1 s=READY pgs=7 cs=0 l=1 rev1=1 crypto rx=0x7f8e3c0098c0 tx=0x7f8e3c006db0 comp rx=0 tx=0).stop
2024-09-16T01:01:15.860 INFO:teuthology.orchestra.run.smithi078.stdout:/usr/bin/ceph: stderr
2024-09-16T01:01:15.242+0000 7f8e539da640 1 -- 172.21.15.78:0/3892489125 >> [v2:172.21.15.78:3300/0,v1:172.21.15.78:6789/0] conn(0x7f8e4c1077a0 msgr2=0x7f8e4c19b740 secure :-1 s=STATE_CONNECTION_ESTABLISHED l=1).mark_down
2024-09-16T01:01:15.860 INFO:teuthology.orchestra.run.smithi078.stdout:/usr/bin/ceph: stderr
2024-09-16T01:01:15.242+0000 7f8e539da640 1 --2- 172.21.15.78:0/3892489125 >> [v2:172.21.15.78:3300/0,v1:172.21.15.78:6789/0] conn(0x7f8e4c1077a0 0x7f8e4c19b740 secure :-1 s=READY pgs=34 cs=0 l=1 rev1=1 crypto rx=0x7f8e48009940 tx=0x7f8e48032ce0 comp rx=0 tx=0).stop
2024-09-16T01:01:15.860 INFO:teuthology.orchestra.run.smithi078.stdout:/usr/bin/ceph: stderr
2024-09-16T01:01:15.243+0000 7f8e539da640 1 -- 172.21.15.78:0/3892489125 shutdown_connections
2024-09-16T01:01:15.860 INFO:teuthology.orchestra.run.smithi078.stdout:/usr/bin/ceph: stderr
2024-09-16T01:01:15.243+0000 7f8e539da640 1 --2- 172.21.15.78:0/3892489125 >> [v2:172.21.15.78:6800/2425087015,v1:172.21.15.78:6801/2425087015] conn(0x7f8e380391b0 0x7f8e3803b670 unknown :-1 s=CLOSED pgs=7 cs=0 l=1 rev1=1 crypto rx=0 tx=0 comp rx=0 tx=0).stop
2024-09-16T01:01:15.860 INFO:teuthology.orchestra.run.smithi078.stdout:/usr/bin/ceph: stderr
2024-09-16T01:01:15.243+0000 7f8e539da640 1 --2- 172.21.15.78:0/3892489125 >> [v2:172.21.15.78:3300/0,v1:172.21.15.78:6789/0] conn(0x7f8e4c1077a0 0x7f8e4c19b740 unknown :-1 s=CLOSED pgs=34 cs=0 l=1 rev1=1 crypto rx=0 tx=0 comp rx=0 tx=0).stop
2024-09-16T01:01:15.860 INFO:teuthology.orchestra.run.smithi078.stdout:/usr/bin/ceph: stderr
2024-09-16T01:01:15.243+0000 7f8e539da640 1 -- 172.21.15.78:0/3892489125 >> 172.21.15.78:0/3892489125 conn(0x7f8e4c102fd0 msgr2=0x7f8e4c103b10 unknown :-1 s=STATE_NONE l=0).mark_down
2024-09-16T01:01:15.861 INFO:teuthology.orchestra.run.smithi078.stdout:/usr/bin/ceph: stderr
2024-09-16T01:01:15.243+0000 7f8e539da640 1 -- 172.21.15.78:0/3892489125 shutdown_connections
2024-09-16T01:01:15.861 INFO:teuthology.orchestra.run.smithi078.stdout:/usr/bin/ceph: stderr
2024-09-16T01:01:15.243+0000 7f8e539da640 1 -- 172.21.15.78:0/3892489125 wait complete.
2024-09-16T01:01:15.861 INFO:teuthology.orchestra.run.smithi078.stdout:mgr epoch 7 is available
2024-09-16T01:01:15.861 INFO:teuthology.orchestra.run.smithi078.stdout:Setting orchestrator backend to cephadm...
2024-09-16T01:01:16.209 INFO:journalctl@ceph.mon.a.smithi078.stdout:Sep 16 01:01:15 smithi078 ceph-mon[30937]: [16/Sep/2024:01:01:14] ENGINE Bus STARTING
2024-09-16T01:01:16.209 INFO:journalctl@ceph.mon.a.smithi078.stdout:Sep 16 01:01:15 smithi078 ceph-mon[30937]: [16/Sep/2024:01:01:14] ENGINE Serving on http://172.21.15.78:8765
2024-09-16T01:01:16.209 INFO:journalctl@ceph.mon.a.smithi078.stdout:Sep 16 01:01:15 smithi078 ceph-mon[30937]: [16/Sep/2024:01:01:14] ENGINE Serving on https://172.21.15.78:7150
2024-09-16T01:01:16.209 INFO:journalctl@ceph.mon.a.smithi078.stdout:Sep 16 01:01:15 smithi078 ceph-mon[30937]: [16/Sep/2024:01:01:14] ENGINE Bus STARTED
2024-09-16T01:01:16.209 INFO:journalctl@ceph.mon.a.smithi078.stdout:Sep 16 01:01:15 smithi078 ceph-mon[30937]: [16/Sep/2024:01:01:14] ENGINE Error in HTTPServer.serve
2024-09-16T01:01:16.210 INFO:journalctl@ceph.mon.a.smithi078.stdout: Traceback (most recent call last):
2024-09-16T01:01:16.210 INFO:journalctl@ceph.mon.a.smithi078.stdout: File "/lib/python3.9/site-packages/cheroot/server.py", line 1823, in serve
2024-09-16T01:01:16.210 INFO:journalctl@ceph.mon.a.smithi078.stdout: self._connections.run(self.expiration_interval)
2024-09-16T01:01:16.210 INFO:journalctl@ceph.mon.a.smithi078.stdout: File "/lib/python3.9/site-packages/cheroot/connections.py", line 203, in run
2024-09-16T01:01:16.210 INFO:journalctl@ceph.mon.a.smithi078.stdout: self._run(expiration_interval)
2024-09-16T01:01:16.210 INFO:journalctl@ceph.mon.a.smithi078.stdout: File "/lib/python3.9/site-packages/cheroot/connections.py", line 246, in _run
2024-09-16T01:01:16.210 INFO:journalctl@ceph.mon.a.smithi078.stdout: new_conn = self._from_server_socket(self.server.socket)
2024-09-16T01:01:16.210 INFO:journalctl@ceph.mon.a.smithi078.stdout: File "/lib/python3.9/site-packages/cheroot/connections.py", line 300, in _from_server_socket
2024-09-16T01:01:16.210 INFO:journalctl@ceph.mon.a.smithi078.stdout: s, ssl_env = self.server.ssl_adapter.wrap(s)
2024-09-16T01:01:16.210 INFO:journalctl@ceph.mon.a.smithi078.stdout: File "/lib/python3.9/site-packages/cheroot/ssl/builtin.py", line 277, in wrap
2024-09-16T01:01:16.210 INFO:journalctl@ceph.mon.a.smithi078.stdout: s = self.context.wrap_socket(
2024-09-16T01:01:16.210 INFO:journalctl@ceph.mon.a.smithi078.stdout: File "/lib64/python3.9/ssl.py", line 501, in wrap_socket
2024-09-16T01:01:16.210 INFO:journalctl@ceph.mon.a.smithi078.stdout: return self.sslsocket_class._create(
2024-09-16T01:01:16.211 INFO:journalctl@ceph.mon.a.smithi078.stdout: File "/lib64/python3.9/ssl.py", line 1074, in _create
2024-09-16T01:01:16.211 INFO:journalctl@ceph.mon.a.smithi078.stdout: self.do_handshake()
2024-09-16T01:01:16.211 INFO:journalctl@ceph.mon.a.smithi078.stdout: File "/lib64/python3.9/ssl.py", line 1343, in do_handshake
2024-09-16T01:01:16.211 INFO:journalctl@ceph.mon.a.smithi078.stdout: self._sslobj.do_handshake()
2024-09-16T01:01:16.211 INFO:journalctl@ceph.mon.a.smithi078.stdout: ssl.SSLZeroReturnError: TLS/SSL connection has been closed (EOF) (_ssl.c:1133)
2024-09-16T01:01:16.211 INFO:journalctl@ceph.mon.a.smithi078.stdout:Sep 16 01:01:15 smithi078 ceph-mon[30937]: mgrmap e8: x(active, since 2s)
2024-09-16T01:01:17.146 INFO:journalctl@ceph.mon.a.smithi078.stdout:Sep 16 01:01:16 smithi078 ceph-mon[30937]: from='client.14128 -' entity='client.admin' cmd=[{"prefix": "get_command_descriptions"}]: dispatch
2024-09-16T01:01:17.146 INFO:journalctl@ceph.mon.a.smithi078.stdout:Sep 16 01:01:16 smithi078 ceph-mon[30937]: from='client.14128 -' entity='client.admin' cmd=[{"prefix": "mgr_status"}]: dispatch
2024-09-16T01:01:17.146 INFO:journalctl@ceph.mon.a.smithi078.stdout:Sep 16 01:01:16 smithi078 ceph-mon[30937]: from='mgr.14118 172.21.15.78:0/1685268120' entity='mgr.x'
2024-09-16T01:01:17.146 INFO:journalctl@ceph.mon.a.smithi078.stdout:Sep 16 01:01:16 smithi078 ceph-mon[30937]: from='mgr.14118 172.21.15.78:0/1685268120' entity='mgr.x' cmd=[{"prefix": "config dump", "format": "json"}]: dispatch
2024-09-16T01:01:17.153 INFO:teuthology.orchestra.run.smithi078.stdout:/usr/bin/ceph: stderr
2024-09-16T01:01:16.292+0000 7ff2aa8a7640 1 Processor -- start
2024-09-16T01:01:17.153 INFO:teuthology.orchestra.run.smithi078.stdout:/usr/bin/ceph: stderr
2024-09-16T01:01:16.292+0000 7ff2aa8a7640 1 -- start start
2024-09-16T01:01:17.153 INFO:teuthology.orchestra.run.smithi078.stdout:/usr/bin/ceph: stderr
2024-09-16T01:01:16.292+0000 7ff2aa8a7640 1 --2- >> [v2:172.21.15.78:3300/0,v1:172.21.15.78:6789/0] conn(0x7ff2a41077a0 0x7ff2a4107ba0 unknown :-1 s=NONE pgs=0 cs=0 l=0 rev1=0 crypto rx=0 tx=0 comp rx=0 tx=0).connect
2024-09-16T01:01:17.153 INFO:teuthology.orchestra.run.smithi078.stdout:/usr/bin/ceph: stderr
2024-09-16T01:01:16.292+0000 7ff2aa8a7640 1 -- --> [v2:172.21.15.78:3300/0,v1:172.21.15.78:6789/0] -- mon_getmap magic: 0 -- 0x7ff2a4108170 con 0x7ff2a41077a0
2024-09-16T01:01:17.153 INFO:teuthology.orchestra.run.smithi078.stdout:/usr/bin/ceph: stderr
2024-09-16T01:01:16.292+0000 7ff2a3fff640 1 --2- >> [v2:172.21.15.78:3300/0,v1:172.21.15.78:6789/0] conn(0x7ff2a41077a0 0x7ff2a4107ba0 unknown :-1 s=BANNER_CONNECTING pgs=0 cs=0 l=0 rev1=0 crypto rx=0 tx=0 comp rx=0 tx=0)._handle_peer_banner_payload supported=3 required=0
2024-09-16T01:01:17.153 INFO:teuthology.orchestra.run.smithi078.stdout:/usr/bin/ceph: stderr
2024-09-16T01:01:16.292+0000 7ff2a3fff640 1 --2- >> [v2:172.21.15.78:3300/0,v1:172.21.15.78:6789/0] conn(0x7ff2a41077a0 0x7ff2a4107ba0 unknown :-1 s=HELLO_CONNECTING pgs=0 cs=0 l=0 rev1=1 crypto rx=0 tx=0 comp rx=0 tx=0).handle_hello peer v2:172.21.15.78:3300/0 says I am v2:172.21.15.78:51368/0 (socket says 172.21.15.78:51368)
2024-09-16T01:01:17.153 INFO:teuthology.orchestra.run.smithi078.stdout:/usr/bin/ceph: stderr
2024-09-16T01:01:16.292+0000 7ff2a3fff640 1 -- 172.21.15.78:0/1101810877 learned_addr learned my addr 172.21.15.78:0/1101810877 (peer_addr_for_me v2:172.21.15.78:0/0)
2024-09-16T01:01:17.153 INFO:teuthology.orchestra.run.smithi078.stdout:/usr/bin/ceph: stderr
2024-09-16T01:01:16.292+0000 7ff2a3fff640 1 -- 172.21.15.78:0/1101810877 --> [v2:172.21.15.78:3300/0,v1:172.21.15.78:6789/0] -- mon_subscribe({config=0+,monmap=0+}) -- 0x7ff2a4108950 con 0x7ff2a41077a0
2024-09-16T01:01:17.153 INFO:teuthology.orchestra.run.smithi078.stdout:/usr/bin/ceph: stderr
2024-09-16T01:01:16.293+0000 7ff2a3fff640 1 --2- 172.21.15.78:0/1101810877 >> [v2:172.21.15.78:3300/0,v1:172.21.15.78:6789/0] conn(0x7ff2a41077a0 0x7ff2a4107ba0 secure :-1 s=READY pgs=35 cs=0 l=1 rev1=1 crypto rx=0x7ff294009820 tx=0x7ff29402a270 comp rx=0 tx=0).ready entity=mon.0 client_cookie=a11b7c602299c632 server_cookie=0 in_seq=0 out_seq=0
2024-09-16T01:01:17.153 INFO:teuthology.orchestra.run.smithi078.stdout:/usr/bin/ceph: stderr
2024-09-16T01:01:16.293+0000 7ff2a2ffd640 1 -- 172.21.15.78:0/1101810877 <== mon.0 v2:172.21.15.78:3300/0 1 ==== mon_map magic: 0 ==== 205+0+0 (secure 0 0 0) 0x7ff294037070 con 0x7ff2a41077a0
2024-09-16T01:01:17.153 INFO:teuthology.orchestra.run.smithi078.stdout:/usr/bin/ceph: stderr
2024-09-16T01:01:16.293+0000 7ff2a2ffd640 1 -- 172.21.15.78:0/1101810877 <== mon.0 v2:172.21.15.78:3300/0 2 ==== config(27 keys) ==== 1109+0+0 (secure 0 0 0) 0x7ff294032900 con 0x7ff2a41077a0
2024-09-16T01:01:17.154 INFO:teuthology.orchestra.run.smithi078.stdout:/usr/bin/ceph: stderr
2024-09-16T01:01:16.293+0000 7ff2a2ffd640 1 -- 172.21.15.78:0/1101810877 <== mon.0 v2:172.21.15.78:3300/0 3 ==== mon_map magic: 0 ==== 205+0+0 (secure 0 0 0) 0x7ff294030850 con 0x7ff2a41077a0
2024-09-16T01:01:17.154 INFO:teuthology.orchestra.run.smithi078.stdout:/usr/bin/ceph: stderr
2024-09-16T01:01:16.294+0000 7ff2aa8a7640 1 -- 172.21.15.78:0/1101810877 >> [v2:172.21.15.78:3300/0,v1:172.21.15.78:6789/0] conn(0x7ff2a41077a0 msgr2=0x7ff2a4107ba0 secure :-1 s=STATE_CONNECTION_ESTABLISHED l=1).mark_down
2024-09-16T01:01:17.154 INFO:teuthology.orchestra.run.smithi078.stdout:/usr/bin/ceph: stderr
2024-09-16T01:01:16.294+0000 7ff2aa8a7640 1 --2- 172.21.15.78:0/1101810877 >> [v2:172.21.15.78:3300/0,v1:172.21.15.78:6789/0] conn(0x7ff2a41077a0 0x7ff2a4107ba0 secure :-1 s=READY pgs=35 cs=0 l=1 rev1=1 crypto rx=0x7ff294009820 tx=0x7ff29402a270 comp rx=0 tx=0).stop
2024-09-16T01:01:17.154 INFO:teuthology.orchestra.run.smithi078.stdout:/usr/bin/ceph: stderr
2024-09-16T01:01:16.294+0000 7ff2aa8a7640 1 -- 172.21.15.78:0/1101810877 shutdown_connections
2024-09-16T01:01:17.154 INFO:teuthology.orchestra.run.smithi078.stdout:/usr/bin/ceph: stderr
2024-09-16T01:01:16.294+0000 7ff2aa8a7640 1 --2- 172.21.15.78:0/1101810877 >> [v2:172.21.15.78:3300/0,v1:172.21.15.78:6789/0] conn(0x7ff2a41077a0 0x7ff2a4107ba0 unknown :-1 s=CLOSED pgs=35 cs=0 l=1 rev1=1 crypto rx=0 tx=0 comp rx=0 tx=0).stop
2024-09-16T01:01:17.154 INFO:teuthology.orchestra.run.smithi078.stdout:/usr/bin/ceph: stderr
2024-09-16T01:01:16.294+0000 7ff2aa8a7640 1 -- 172.21.15.78:0/1101810877 >> 172.21.15.78:0/1101810877 conn(0x7ff2a4102fd0 msgr2=0x7ff2a41053f0 unknown :-1 s=STATE_NONE l=0).mark_down
2024-09-16T01:01:17.154 INFO:teuthology.orchestra.run.smithi078.stdout:/usr/bin/ceph: stderr
2024-09-16T01:01:16.294+0000 7ff2aa8a7640 1 -- 172.21.15.78:0/1101810877 shutdown_connections
2024-09-16T01:01:17.154 INFO:teuthology.orchestra.run.smithi078.stdout:/usr/bin/ceph: stderr
2024-09-16T01:01:16.294+0000 7ff2aa8a7640 1 -- 172.21.15.78:0/1101810877 wait complete.
2024-09-16T01:01:17.154 INFO:teuthology.orchestra.run.smithi078.stdout:/usr/bin/ceph: stderr
2024-09-16T01:01:16.295+0000 7ff2aa8a7640 1 Processor -- start
2024-09-16T01:01:17.154 INFO:teuthology.orchestra.run.smithi078.stdout:/usr/bin/ceph: stderr
2024-09-16T01:01:16.295+0000 7ff2aa8a7640 1 -- start start
2024-09-16T01:01:17.154 INFO:teuthology.orchestra.run.smithi078.stdout:/usr/bin/ceph: stderr
2024-09-16T01:01:16.295+0000 7ff2aa8a7640 1 --2- >> [v2:172.21.15.78:3300/0,v1:172.21.15.78:6789/0] conn(0x7ff2a41077a0 0x7ff2a419b740 unknown :-1 s=NONE pgs=0 cs=0 l=1 rev1=0 crypto rx=0 tx=0 comp rx=0 tx=0).connect
2024-09-16T01:01:17.154 INFO:teuthology.orchestra.run.smithi078.stdout:/usr/bin/ceph: stderr
2024-09-16T01:01:16.295+0000 7ff2aa8a7640 1 -- --> [v2:172.21.15.78:3300/0,v1:172.21.15.78:6789/0] -- mon_getmap magic: 0 -- 0x7ff2a410bd00 con 0x7ff2a41077a0
2024-09-16T01:01:17.155 INFO:teuthology.orchestra.run.smithi078.stdout:/usr/bin/ceph: stderr
2024-09-16T01:01:16.295+0000 7ff2a3fff640 1 --2- >> [v2:172.21.15.78:3300/0,v1:172.21.15.78:6789/0] conn(0x7ff2a41077a0 0x7ff2a419b740 unknown :-1 s=BANNER_CONNECTING pgs=0 cs=0 l=1 rev1=0 crypto rx=0 tx=0 comp rx=0 tx=0)._handle_peer_banner_payload supported=3 required=0
2024-09-16T01:01:17.155 INFO:teuthology.orchestra.run.smithi078.stdout:/usr/bin/ceph: stderr
2024-09-16T01:01:16.295+0000 7ff2a3fff640 1 --2- >> [v2:172.21.15.78:3300/0,v1:172.21.15.78:6789/0] conn(0x7ff2a41077a0 0x7ff2a419b740 unknown :-1 s=HELLO_CONNECTING pgs=0 cs=0 l=1 rev1=1 crypto rx=0 tx=0 comp rx=0 tx=0).handle_hello peer v2:172.21.15.78:3300/0 says I am v2:172.21.15.78:51376/0 (socket says 172.21.15.78:51376)
2024-09-16T01:01:17.155 INFO:teuthology.orchestra.run.smithi078.stdout:/usr/bin/ceph: stderr
2024-09-16T01:01:16.295+0000 7ff2a3fff640 1 -- 172.21.15.78:0/3106895939 learned_addr learned my addr 172.21.15.78:0/3106895939 (peer_addr_for_me v2:172.21.15.78:0/0)
2024-09-16T01:01:17.155 INFO:teuthology.orchestra.run.smithi078.stdout:/usr/bin/ceph: stderr
2024-09-16T01:01:16.295+0000 7ff2a3fff640 1 -- 172.21.15.78:0/3106895939 --> [v2:172.21.15.78:3300/0,v1:172.21.15.78:6789/0] -- mon_subscribe({config=0+,monmap=0+}) -- 0x7ff2a419bc80 con 0x7ff2a41077a0
2024-09-16T01:01:17.155 INFO:teuthology.orchestra.run.smithi078.stdout:/usr/bin/ceph: stderr
2024-09-16T01:01:16.295+0000 7ff2a3fff640 1 --2- 172.21.15.78:0/3106895939 >> [v2:172.21.15.78:3300/0,v1:172.21.15.78:6789/0] conn(0x7ff2a41077a0 0x7ff2a419b740 secure :-1 s=READY pgs=36 cs=0 l=1 rev1=1 crypto rx=0x7ff294009940 tx=0x7ff294032ce0 comp rx=0 tx=0).ready entity=mon.0 client_cookie=0 server_cookie=0 in_seq=0 out_seq=0
2024-09-16T01:01:17.155 INFO:teuthology.orchestra.run.smithi078.stdout:/usr/bin/ceph: stderr
2024-09-16T01:01:16.296+0000 7ff2a17fa640 1 -- 172.21.15.78:0/3106895939 <== mon.0 v2:172.21.15.78:3300/0 1 ==== mon_map magic: 0 ==== 205+0+0 (secure 0 0 0) 0x7ff294042070 con 0x7ff2a41077a0
2024-09-16T01:01:17.155 INFO:teuthology.orchestra.run.smithi078.stdout:/usr/bin/ceph: stderr
2024-09-16T01:01:16.296+0000 7ff2a17fa640 1 -- 172.21.15.78:0/3106895939 <== mon.0 v2:172.21.15.78:3300/0 2 ==== config(27 keys) ==== 1109+0+0 (secure 0 0 0) 0x7ff2940308c0 con 0x7ff2a41077a0
2024-09-16T01:01:17.155 INFO:teuthology.orchestra.run.smithi078.stdout:/usr/bin/ceph: stderr
2024-09-16T01:01:16.296+0000 7ff2aa8a7640 1 -- 172.21.15.78:0/3106895939 --> [v2:172.21.15.78:3300/0,v1:172.21.15.78:6789/0] -- mon_subscribe({mgrmap=0+}) -- 0x7ff2a419bf10 con 0x7ff2a41077a0
2024-09-16T01:01:17.155 INFO:teuthology.orchestra.run.smithi078.stdout:/usr/bin/ceph: stderr
2024-09-16T01:01:16.296+0000 7ff2a17fa640 1 -- 172.21.15.78:0/3106895939 <== mon.0 v2:172.21.15.78:3300/0 3 ==== mon_map magic: 0 ==== 205+0+0 (secure 0 0 0) 0x7ff294037040 con 0x7ff2a41077a0
2024-09-16T01:01:17.155 INFO:teuthology.orchestra.run.smithi078.stdout:/usr/bin/ceph: stderr
2024-09-16T01:01:16.296+0000 7ff2aa8a7640 1 -- 172.21.15.78:0/3106895939 --> [v2:172.21.15.78:3300/0,v1:172.21.15.78:6789/0] -- mon_subscribe({osdmap=0}) -- 0x7ff2a419ec00 con 0x7ff2a41077a0
2024-09-16T01:01:17.155 INFO:teuthology.orchestra.run.smithi078.stdout:/usr/bin/ceph: stderr
2024-09-16T01:01:16.296+0000 7ff2a17fa640 1 -- 172.21.15.78:0/3106895939 <== mon.0 v2:172.21.15.78:3300/0 4 ==== mgrmap(e 8) ==== 46461+0+0 (secure 0 0 0) 0x7ff294045070 con 0x7ff2a41077a0
2024-09-16T01:01:17.155 INFO:teuthology.orchestra.run.smithi078.stdout:/usr/bin/ceph: stderr
2024-09-16T01:01:16.297+0000 7ff2a17fa640 1 --2- 172.21.15.78:0/3106895939 >> [v2:172.21.15.78:6800/2425087015,v1:172.21.15.78:6801/2425087015] conn(0x7ff28c0391b0 0x7ff28c03b670 unknown :-1 s=NONE pgs=0 cs=0 l=1 rev1=0 crypto rx=0 tx=0 comp rx=0 tx=0).connect
2024-09-16T01:01:17.156 INFO:teuthology.orchestra.run.smithi078.stdout:/usr/bin/ceph: stderr
2024-09-16T01:01:16.297+0000 7ff2a17fa640 1 -- 172.21.15.78:0/3106895939 <== mon.0 v2:172.21.15.78:3300/0 5 ==== osd_map(2..2 src has 1..2) ==== 940+0+0 (secure 0 0 0) 0x7ff29406c560 con 0x7ff2a41077a0
2024-09-16T01:01:17.156 INFO:teuthology.orchestra.run.smithi078.stdout:/usr/bin/ceph: stderr
2024-09-16T01:01:16.297+0000 7ff2aa8a7640 1 -- 172.21.15.78:0/3106895939 --> [v2:172.21.15.78:3300/0,v1:172.21.15.78:6789/0] -- mon_command({"prefix": "get_command_descriptions"} v 0) -- 0x7ff2a410be80 con 0x7ff2a41077a0
2024-09-16T01:01:17.156 INFO:teuthology.orchestra.run.smithi078.stdout:/usr/bin/ceph: stderr
2024-09-16T01:01:16.297+0000 7ff2a37fe640 1 --2- 172.21.15.78:0/3106895939 >> [v2:172.21.15.78:6800/2425087015,v1:172.21.15.78:6801/2425087015] conn(0x7ff28c0391b0 0x7ff28c03b670 unknown :-1 s=BANNER_CONNECTING pgs=0 cs=0 l=1 rev1=0 crypto rx=0 tx=0 comp rx=0 tx=0)._handle_peer_banner_payload supported=3 required=0
2024-09-16T01:01:17.156 INFO:teuthology.orchestra.run.smithi078.stdout:/usr/bin/ceph: stderr
2024-09-16T01:01:16.297+0000 7ff2a37fe640 1 --2- 172.21.15.78:0/3106895939 >> [v2:172.21.15.78:6800/2425087015,v1:172.21.15.78:6801/2425087015] conn(0x7ff28c0391b0 0x7ff28c03b670 secure :-1 s=READY pgs=8 cs=0 l=1 rev1=1 crypto rx=0x7ff2980098c0 tx=0x7ff298006db0 comp rx=0 tx=0).ready entity=mgr.14118 client_cookie=0 server_cookie=0 in_seq=0 out_seq=0
2024-09-16T01:01:17.156 INFO:teuthology.orchestra.run.smithi078.stdout:/usr/bin/ceph: stderr
2024-09-16T01:01:16.302+0000 7ff2a17fa640 1 -- 172.21.15.78:0/3106895939 <== mon.0 v2:172.21.15.78:3300/0 6 ==== mon_command_ack([{"prefix": "get_command_descriptions"}]=0 v0) ==== 72+0+188821 (secure 0 0 0) 0x7ff29403cd90 con 0x7ff2a41077a0
2024-09-16T01:01:17.156 INFO:teuthology.orchestra.run.smithi078.stdout:/usr/bin/ceph: stderr
2024-09-16T01:01:16.481+0000 7ff2aa8a7640 1 -- 172.21.15.78:0/3106895939 --> [v2:172.21.15.78:6800/2425087015,v1:172.21.15.78:6801/2425087015] -- mgr_command(tid 0: {"prefix": "orch set backend", "module_name": "cephadm", "target": ["mon-mgr", ""]}) -- 0x7ff2a4104280 con 0x7ff28c0391b0
2024-09-16T01:01:17.156 INFO:teuthology.orchestra.run.smithi078.stdout:/usr/bin/ceph: stderr
2024-09-16T01:01:16.486+0000 7ff2a17fa640 1 -- 172.21.15.78:0/3106895939 <== mgr.14118 v2:172.21.15.78:6800/2425087015 1 ==== mgr_command_reply(tid 0: 0 ) ==== 8+0+0 (secure 0 0 0) 0x7ff2a4104280 con 0x7ff28c0391b0
2024-09-16T01:01:17.156 INFO:teuthology.orchestra.run.smithi078.stdout:/usr/bin/ceph: stderr
2024-09-16T01:01:16.488+0000 7ff2aa8a7640 1 -- 172.21.15.78:0/3106895939 >> [v2:172.21.15.78:6800/2425087015,v1:172.21.15.78:6801/2425087015] conn(0x7ff28c0391b0 msgr2=0x7ff28c03b670 secure :-1 s=STATE_CONNECTION_ESTABLISHED l=1).mark_down
2024-09-16T01:01:17.156 INFO:teuthology.orchestra.run.smithi078.stdout:/usr/bin/ceph: stderr
2024-09-16T01:01:16.488+0000 7ff2aa8a7640 1 --2- 172.21.15.78:0/3106895939 >> [v2:172.21.15.78:6800/2425087015,v1:172.21.15.78:6801/2425087015] conn(0x7ff28c0391b0 0x7ff28c03b670 secure :-1 s=READY pgs=8 cs=0 l=1 rev1=1 crypto rx=0x7ff2980098c0 tx=0x7ff298006db0 comp rx=0 tx=0).stop
2024-09-16T01:01:17.156 INFO:teuthology.orchestra.run.smithi078.stdout:/usr/bin/ceph: stderr
2024-09-16T01:01:16.488+0000 7ff2aa8a7640 1 -- 172.21.15.78:0/3106895939 >> [v2:172.21.15.78:3300/0,v1:172.21.15.78:6789/0] conn(0x7ff2a41077a0 msgr2=0x7ff2a419b740 secure :-1 s=STATE_CONNECTION_ESTABLISHED l=1).mark_down
2024-09-16T01:01:17.156 INFO:teuthology.orchestra.run.smithi078.stdout:/usr/bin/ceph: stderr
2024-09-16T01:01:16.488+0000 7ff2aa8a7640 1 --2- 172.21.15.78:0/3106895939 >> [v2:172.21.15.78:3300/0,v1:172.21.15.78:6789/0] conn(0x7ff2a41077a0 0x7ff2a419b740 secure :-1 s=READY pgs=36 cs=0 l=1 rev1=1 crypto rx=0x7ff294009940 tx=0x7ff294032ce0 comp rx=0 tx=0).stop
2024-09-16T01:01:17.156 INFO:teuthology.orchestra.run.smithi078.stdout:/usr/bin/ceph: stderr
2024-09-16T01:01:16.488+0000 7ff2aa8a7640 1 -- 172.21.15.78:0/3106895939 shutdown_connections
2024-09-16T01:01:17.157 INFO:teuthology.orchestra.run.smithi078.stdout:/usr/bin/ceph: stderr
2024-09-16T01:01:16.488+0000 7ff2aa8a7640 1 --2- 172.21.15.78:0/3106895939 >> [v2:172.21.15.78:6800/2425087015,v1:172.21.15.78:6801/2425087015] conn(0x7ff28c0391b0 0x7ff28c03b670 unknown :-1 s=CLOSED pgs=8 cs=0 l=1 rev1=1 crypto rx=0 tx=0 comp rx=0 tx=0).stop
2024-09-16T01:01:17.157 INFO:teuthology.orchestra.run.smithi078.stdout:/usr/bin/ceph: stderr
2024-09-16T01:01:16.488+0000 7ff2aa8a7640 1 --2- 172.21.15.78:0/3106895939 >> [v2:172.21.15.78:3300/0,v1:172.21.15.78:6789/0] conn(0x7ff2a41077a0 0x7ff2a419b740 unknown :-1 s=CLOSED pgs=36 cs=0 l=1 rev1=1 crypto rx=0 tx=0 comp rx=0 tx=0).stop
2024-09-16T01:01:17.157 INFO:teuthology.orchestra.run.smithi078.stdout:/usr/bin/ceph: stderr
2024-09-16T01:01:16.488+0000 7ff2aa8a7640 1 -- 172.21.15.78:0/3106895939 >> 172.21.15.78:0/3106895939 conn(0x7ff2a4102fd0 msgr2=0x7ff2a4103b70 unknown :-1 s=STATE_NONE l=0).mark_down
2024-09-16T01:01:17.157 INFO:teuthology.orchestra.run.smithi078.stdout:/usr/bin/ceph: stderr
2024-09-16T01:01:16.488+0000 7ff2aa8a7640 1 -- 172.21.15.78:0/3106895939 shutdown_connections
2024-09-16T01:01:17.157 INFO:teuthology.orchestra.run.smithi078.stdout:/usr/bin/ceph: stderr
2024-09-16T01:01:16.488+0000 7ff2aa8a7640 1 -- 172.21.15.78:0/3106895939 wait complete.
2024-09-16T01:01:17.993 INFO:journalctl@ceph.mon.a.smithi078.stdout:Sep 16 01:01:17 smithi078 ceph-mon[30937]: from='client.14130 -' entity='client.admin' cmd=[{"prefix": "orch set backend", "module_name": "cephadm", "target": ["mon-mgr", ""]}]: dispatch
2024-09-16T01:01:18.234 INFO:teuthology.orchestra.run.smithi078.stdout:/usr/bin/ceph: stdout value unchanged
2024-09-16T01:01:18.234 INFO:teuthology.orchestra.run.smithi078.stdout:/usr/bin/ceph: stderr
2024-09-16T01:01:17.531+0000 7f1ff96ab640 1 Processor -- start
2024-09-16T01:01:18.234 INFO:teuthology.orchestra.run.smithi078.stdout:/usr/bin/ceph: stderr
2024-09-16T01:01:17.531+0000 7f1ff96ab640 1 -- start start
2024-09-16T01:01:18.234 INFO:teuthology.orchestra.run.smithi078.stdout:/usr/bin/ceph: stderr
2024-09-16T01:01:17.531+0000 7f1ff96ab640 1 --2- >> [v2:172.21.15.78:3300/0,v1:172.21.15.78:6789/0] conn(0x7f1ff4107790 0x7f1ff4107b90 unknown :-1 s=NONE pgs=0 cs=0 l=0 rev1=0 crypto rx=0 tx=0 comp rx=0 tx=0).connect
2024-09-16T01:01:18.234 INFO:teuthology.orchestra.run.smithi078.stdout:/usr/bin/ceph: stderr
2024-09-16T01:01:17.531+0000 7f1ff96ab640 1 -- --> [v2:172.21.15.78:3300/0,v1:172.21.15.78:6789/0] -- mon_getmap magic: 0 -- 0x7f1ff4108160 con 0x7f1ff4107790
2024-09-16T01:01:18.235 INFO:teuthology.orchestra.run.smithi078.stdout:/usr/bin/ceph: stderr
2024-09-16T01:01:17.531+0000 7f1ff2ffd640 1 --2- >> [v2:172.21.15.78:3300/0,v1:172.21.15.78:6789/0] conn(0x7f1ff4107790 0x7f1ff4107b90 unknown :-1 s=BANNER_CONNECTING pgs=0 cs=0 l=0 rev1=0 crypto rx=0 tx=0 comp rx=0 tx=0)._handle_peer_banner_payload supported=3 required=0
2024-09-16T01:01:18.235 INFO:teuthology.orchestra.run.smithi078.stdout:/usr/bin/ceph: stderr
2024-09-16T01:01:17.531+0000 7f1ff2ffd640 1 --2- >> [v2:172.21.15.78:3300/0,v1:172.21.15.78:6789/0] conn(0x7f1ff4107790 0x7f1ff4107b90 unknown :-1 s=HELLO_CONNECTING pgs=0 cs=0 l=0 rev1=1 crypto rx=0 tx=0 comp rx=0 tx=0).handle_hello peer v2:172.21.15.78:3300/0 says I am v2:172.21.15.78:51390/0 (socket says 172.21.15.78:51390)
2024-09-16T01:01:18.235 INFO:teuthology.orchestra.run.smithi078.stdout:/usr/bin/ceph: stderr
2024-09-16T01:01:17.531+0000 7f1ff2ffd640 1 -- 172.21.15.78:0/3468197648 learned_addr learned my addr 172.21.15.78:0/3468197648 (peer_addr_for_me v2:172.21.15.78:0/0)
2024-09-16T01:01:18.235 INFO:teuthology.orchestra.run.smithi078.stdout:/usr/bin/ceph: stderr
2024-09-16T01:01:17.532+0000 7f1ff2ffd640 1 -- 172.21.15.78:0/3468197648 --> [v2:172.21.15.78:3300/0,v1:172.21.15.78:6789/0] -- mon_subscribe({config=0+,monmap=0+}) -- 0x7f1ff4108940 con 0x7f1ff4107790
2024-09-16T01:01:18.235 INFO:teuthology.orchestra.run.smithi078.stdout:/usr/bin/ceph: stderr
2024-09-16T01:01:17.532+0000 7f1ff2ffd640 1 --2- 172.21.15.78:0/3468197648 >> [v2:172.21.15.78:3300/0,v1:172.21.15.78:6789/0] conn(0x7f1ff4107790 0x7f1ff4107b90 secure :-1 s=READY pgs=37 cs=0 l=1 rev1=1 crypto rx=0x7f1fe4009820 tx=0x7f1fe402a270 comp rx=0 tx=0).ready entity=mon.0 client_cookie=6af89f64a5703685 server_cookie=0 in_seq=0 out_seq=0
2024-09-16T01:01:18.235 INFO:teuthology.orchestra.run.smithi078.stdout:/usr/bin/ceph: stderr
2024-09-16T01:01:17.532+0000 7f1ff27fc640 1 -- 172.21.15.78:0/3468197648 <== mon.0 v2:172.21.15.78:3300/0 1 ==== mon_map magic: 0 ==== 205+0+0 (secure 0 0 0) 0x7f1fe4037070 con 0x7f1ff4107790
2024-09-16T01:01:18.235 INFO:teuthology.orchestra.run.smithi078.stdout:/usr/bin/ceph: stderr
2024-09-16T01:01:17.533+0000 7f1ff27fc640 1 -- 172.21.15.78:0/3468197648 <== mon.0 v2:172.21.15.78:3300/0 2 ==== config(27 keys) ==== 1109+0+0 (secure 0 0 0) 0x7f1fe4032900 con 0x7f1ff4107790
2024-09-16T01:01:18.235 INFO:teuthology.orchestra.run.smithi078.stdout:/usr/bin/ceph: stderr
2024-09-16T01:01:17.533+0000 7f1ff27fc640 1 -- 172.21.15.78:0/3468197648 <== mon.0 v2:172.21.15.78:3300/0 3 ==== mon_map magic: 0 ==== 205+0+0 (secure 0 0 0) 0x7f1fe4030850 con 0x7f1ff4107790
2024-09-16T01:01:18.235 INFO:teuthology.orchestra.run.smithi078.stdout:/usr/bin/ceph: stderr
2024-09-16T01:01:17.533+0000 7f1ff96ab640 1 -- 172.21.15.78:0/3468197648 >> [v2:172.21.15.78:3300/0,v1:172.21.15.78:6789/0] conn(0x7f1ff4107790 msgr2=0x7f1ff4107b90 secure :-1 s=STATE_CONNECTION_ESTABLISHED l=1).mark_down
2024-09-16T01:01:18.235 INFO:teuthology.orchestra.run.smithi078.stdout:/usr/bin/ceph: stderr
2024-09-16T01:01:17.533+0000 7f1ff96ab640 1 --2- 172.21.15.78:0/3468197648 >> [v2:172.21.15.78:3300/0,v1:172.21.15.78:6789/0] conn(0x7f1ff4107790 0x7f1ff4107b90 secure :-1 s=READY pgs=37 cs=0 l=1 rev1=1 crypto rx=0x7f1fe4009820 tx=0x7f1fe402a270 comp rx=0 tx=0).stop
2024-09-16T01:01:18.235 INFO:teuthology.orchestra.run.smithi078.stdout:/usr/bin/ceph: stderr
2024-09-16T01:01:17.533+0000 7f1ff96ab640 1 -- 172.21.15.78:0/3468197648 shutdown_connections
2024-09-16T01:01:18.235 INFO:teuthology.orchestra.run.smithi078.stdout:/usr/bin/ceph: stderr
2024-09-16T01:01:17.533+0000 7f1ff96ab640 1 --2- 172.21.15.78:0/3468197648 >> [v2:172.21.15.78:3300/0,v1:172.21.15.78:6789/0] conn(0x7f1ff4107790 0x7f1ff4107b90 unknown :-1 s=CLOSED pgs=37 cs=0 l=1 rev1=1 crypto rx=0 tx=0 comp rx=0 tx=0).stop
2024-09-16T01:01:18.235 INFO:teuthology.orchestra.run.smithi078.stdout:/usr/bin/ceph: stderr
2024-09-16T01:01:17.533+0000 7f1ff96ab640 1 -- 172.21.15.78:0/3468197648 >> 172.21.15.78:0/3468197648 conn(0x7f1ff4102fa0 msgr2=0x7f1ff41053c0 unknown :-1 s=STATE_NONE l=0).mark_down
2024-09-16T01:01:18.236 INFO:teuthology.orchestra.run.smithi078.stdout:/usr/bin/ceph: stderr
2024-09-16T01:01:17.533+0000 7f1ff96ab640 1 -- 172.21.15.78:0/3468197648 shutdown_connections
2024-09-16T01:01:18.236 INFO:teuthology.orchestra.run.smithi078.stdout:/usr/bin/ceph: stderr
2024-09-16T01:01:17.533+0000 7f1ff96ab640 1 -- 172.21.15.78:0/3468197648 wait complete.
2024-09-16T01:01:18.236 INFO:teuthology.orchestra.run.smithi078.stdout:/usr/bin/ceph: stderr
2024-09-16T01:01:17.534+0000 7f1ff96ab640 1 Processor -- start
2024-09-16T01:01:18.236 INFO:teuthology.orchestra.run.smithi078.stdout:/usr/bin/ceph: stderr
2024-09-16T01:01:17.534+0000 7f1ff96ab640 1 -- start start
2024-09-16T01:01:18.236 INFO:teuthology.orchestra.run.smithi078.stdout:/usr/bin/ceph: stderr
2024-09-16T01:01:17.534+0000 7f1ff96ab640 1 --2- >> [v2:172.21.15.78:3300/0,v1:172.21.15.78:6789/0] conn(0x7f1ff4107790 0x7f1ff419d970 unknown :-1 s=NONE pgs=0 cs=0 l=1 rev1=0 crypto rx=0 tx=0 comp rx=0 tx=0).connect
2024-09-16T01:01:18.236 INFO:teuthology.orchestra.run.smithi078.stdout:/usr/bin/ceph: stderr
2024-09-16T01:01:17.534+0000 7f1ff96ab640 1 -- --> [v2:172.21.15.78:3300/0,v1:172.21.15.78:6789/0] -- mon_getmap magic: 0 -- 0x7f1ff410bcf0 con 0x7f1ff4107790
2024-09-16T01:01:18.236 INFO:teuthology.orchestra.run.smithi078.stdout:/usr/bin/ceph: stderr
2024-09-16T01:01:17.534+0000 7f1ff2ffd640 1 --2- >> [v2:172.21.15.78:3300/0,v1:172.21.15.78:6789/0] conn(0x7f1ff4107790 0x7f1ff419d970 unknown :-1 s=BANNER_CONNECTING pgs=0 cs=0 l=1 rev1=0 crypto rx=0 tx=0 comp rx=0 tx=0)._handle_peer_banner_payload supported=3 required=0
2024-09-16T01:01:18.236 INFO:teuthology.orchestra.run.smithi078.stdout:/usr/bin/ceph: stderr
2024-09-16T01:01:17.534+0000 7f1ff2ffd640 1 --2- >> [v2:172.21.15.78:3300/0,v1:172.21.15.78:6789/0] conn(0x7f1ff4107790 0x7f1ff419d970 unknown :-1 s=HELLO_CONNECTING pgs=0 cs=0 l=1 rev1=1 crypto rx=0 tx=0 comp rx=0 tx=0).handle_hello peer v2:172.21.15.78:3300/0 says I am v2:172.21.15.78:51398/0 (socket says 172.21.15.78:51398)
2024-09-16T01:01:18.236 INFO:teuthology.orchestra.run.smithi078.stdout:/usr/bin/ceph: stderr
2024-09-16T01:01:17.534+0000 7f1ff2ffd640 1 -- 172.21.15.78:0/1593187612 learned_addr learned my addr 172.21.15.78:0/1593187612 (peer_addr_for_me v2:172.21.15.78:0/0)
2024-09-16T01:01:18.236 INFO:teuthology.orchestra.run.smithi078.stdout:/usr/bin/ceph: stderr
2024-09-16T01:01:17.534+0000 7f1ff2ffd640 1 -- 172.21.15.78:0/1593187612 --> [v2:172.21.15.78:3300/0,v1:172.21.15.78:6789/0] -- mon_subscribe({config=0+,monmap=0+}) -- 0x7f1ff419deb0 con 0x7f1ff4107790
2024-09-16T01:01:18.236 INFO:teuthology.orchestra.run.smithi078.stdout:/usr/bin/ceph: stderr
2024-09-16T01:01:17.534+0000 7f1ff2ffd640 1 --2- 172.21.15.78:0/1593187612 >> [v2:172.21.15.78:3300/0,v1:172.21.15.78:6789/0] conn(0x7f1ff4107790 0x7f1ff419d970 secure :-1 s=READY pgs=38 cs=0 l=1 rev1=1 crypto rx=0x7f1fe4009940 tx=0x7f1fe4032ce0 comp rx=0 tx=0).ready entity=mon.0 client_cookie=0 server_cookie=0 in_seq=0 out_seq=0
2024-09-16T01:01:18.236 INFO:teuthology.orchestra.run.smithi078.stdout:/usr/bin/ceph: stderr
2024-09-16T01:01:17.534+0000 7f1ff0ff9640 1 -- 172.21.15.78:0/1593187612 <== mon.0 v2:172.21.15.78:3300/0 1 ==== mon_map magic: 0 ==== 205+0+0 (secure 0 0 0) 0x7f1fe4042070 con 0x7f1ff4107790
2024-09-16T01:01:18.237 INFO:teuthology.orchestra.run.smithi078.stdout:/usr/bin/ceph: stderr
2024-09-16T01:01:17.534+0000 7f1ff0ff9640 1 -- 172.21.15.78:0/1593187612 <== mon.0 v2:172.21.15.78:3300/0 2 ==== config(27 keys) ==== 1109+0+0 (secure 0 0 0) 0x7f1fe40308c0 con 0x7f1ff4107790
2024-09-16T01:01:18.237 INFO:teuthology.orchestra.run.smithi078.stdout:/usr/bin/ceph: stderr
2024-09-16T01:01:17.534+0000 7f1ff0ff9640 1 -- 172.21.15.78:0/1593187612 <== mon.0 v2:172.21.15.78:3300/0 3 ==== mon_map magic: 0 ==== 205+0+0 (secure 0 0 0) 0x7f1fe4037040 con 0x7f1ff4107790
2024-09-16T01:01:18.237 INFO:teuthology.orchestra.run.smithi078.stdout:/usr/bin/ceph: stderr
2024-09-16T01:01:17.534+0000 7f1ff96ab640 1 -- 172.21.15.78:0/1593187612 --> [v2:172.21.15.78:3300/0,v1:172.21.15.78:6789/0] -- mon_subscribe({mgrmap=0+}) -- 0x7f1ff419e140 con 0x7f1ff4107790
2024-09-16T01:01:18.237 INFO:teuthology.orchestra.run.smithi078.stdout:/usr/bin/ceph: stderr
2024-09-16T01:01:17.535+0000 7f1ff96ab640 1 -- 172.21.15.78:0/1593187612 --> [v2:172.21.15.78:3300/0,v1:172.21.15.78:6789/0] -- mon_subscribe({osdmap=0}) -- 0x7f1ff41a0e30 con 0x7f1ff4107790
2024-09-16T01:01:18.237 INFO:teuthology.orchestra.run.smithi078.stdout:/usr/bin/ceph: stderr
2024-09-16T01:01:17.535+0000 7f1ff0ff9640 1 -- 172.21.15.78:0/1593187612 <== mon.0 v2:172.21.15.78:3300/0 4 ==== mgrmap(e 8) ==== 46461+0+0 (secure 0 0 0) 0x7f1fe4045070 con 0x7f1ff4107790
2024-09-16T01:01:18.237 INFO:teuthology.orchestra.run.smithi078.stdout:/usr/bin/ceph: stderr
2024-09-16T01:01:17.536+0000 7f1ff0ff9640 1 --2- 172.21.15.78:0/1593187612 >> [v2:172.21.15.78:6800/2425087015,v1:172.21.15.78:6801/2425087015] conn(0x7f1fe00391b0 0x7f1fe003b670 unknown :-1 s=NONE pgs=0 cs=0 l=1 rev1=0 crypto rx=0 tx=0 comp rx=0 tx=0).connect
2024-09-16T01:01:18.237 INFO:teuthology.orchestra.run.smithi078.stdout:/usr/bin/ceph: stderr
2024-09-16T01:01:17.536+0000 7f1ff96ab640 1 -- 172.21.15.78:0/1593187612 --> [v2:172.21.15.78:3300/0,v1:172.21.15.78:6789/0] -- mon_command({"prefix": "get_command_descriptions"} v 0) -- 0x7f1ff410be70 con 0x7f1ff4107790
2024-09-16T01:01:18.237 INFO:teuthology.orchestra.run.smithi078.stdout:/usr/bin/ceph: stderr
2024-09-16T01:01:17.536+0000 7f1ff0ff9640 1 -- 172.21.15.78:0/1593187612 <== mon.0 v2:172.21.15.78:3300/0 5 ==== osd_map(2..2 src has 1..2) ==== 940+0+0 (secure 0 0 0) 0x7f1fe406c320 con 0x7f1ff4107790
2024-09-16T01:01:18.237 INFO:teuthology.orchestra.run.smithi078.stdout:/usr/bin/ceph: stderr
2024-09-16T01:01:17.536+0000 7f1febfff640 1 --2- 172.21.15.78:0/1593187612 >> [v2:172.21.15.78:6800/2425087015,v1:172.21.15.78:6801/2425087015] conn(0x7f1fe00391b0 0x7f1fe003b670 unknown :-1 s=BANNER_CONNECTING pgs=0 cs=0 l=1 rev1=0 crypto rx=0 tx=0 comp rx=0 tx=0)._handle_peer_banner_payload supported=3 required=0
2024-09-16T01:01:18.237 INFO:teuthology.orchestra.run.smithi078.stdout:/usr/bin/ceph: stderr
2024-09-16T01:01:17.536+0000 7f1febfff640 1 --2- 172.21.15.78:0/1593187612 >> [v2:172.21.15.78:6800/2425087015,v1:172.21.15.78:6801/2425087015] conn(0x7f1fe00391b0 0x7f1fe003b670 secure :-1 s=READY pgs=9 cs=0 l=1 rev1=1 crypto rx=0x7f1fdc0098c0 tx=0x7f1fdc006db0 comp rx=0 tx=0).ready entity=mgr.14118 client_cookie=0 server_cookie=0 in_seq=0 out_seq=0
2024-09-16T01:01:18.237 INFO:teuthology.orchestra.run.smithi078.stdout:/usr/bin/ceph: stderr
2024-09-16T01:01:17.540+0000 7f1ff0ff9640 1 -- 172.21.15.78:0/1593187612 <== mon.0 v2:172.21.15.78:3300/0 6 ==== mon_command_ack([{"prefix": "get_command_descriptions"}]=0 v0) ==== 72+0+188821 (secure 0 0 0) 0x7f1fe403cd90 con 0x7f1ff4107790
2024-09-16T01:01:18.237 INFO:teuthology.orchestra.run.smithi078.stdout:/usr/bin/ceph: stderr
2024-09-16T01:01:17.708+0000 7f1ff96ab640 1 -- 172.21.15.78:0/1593187612 --> [v2:172.21.15.78:6800/2425087015,v1:172.21.15.78:6801/2425087015] -- mgr_command(tid 0: {"prefix": "cephadm set-user", "user": "root", "target": ["mon-mgr", ""]}) -- 0x7f1ff41041a0 con 0x7f1fe00391b0
2024-09-16T01:01:18.238 INFO:teuthology.orchestra.run.smithi078.stdout:/usr/bin/ceph: stderr
2024-09-16T01:01:17.709+0000 7f1ff0ff9640 1 -- 172.21.15.78:0/1593187612 <== mgr.14118 v2:172.21.15.78:6800/2425087015 1 ==== mgr_command_reply(tid 0: 0 ) ==== 8+0+16 (secure 0 0 0) 0x7f1ff41041a0 con 0x7f1fe00391b0
2024-09-16T01:01:18.238 INFO:teuthology.orchestra.run.smithi078.stdout:/usr/bin/ceph: stderr
2024-09-16T01:01:17.710+0000 7f1ff96ab640 1 -- 172.21.15.78:0/1593187612 >> [v2:172.21.15.78:6800/2425087015,v1:172.21.15.78:6801/2425087015] conn(0x7f1fe00391b0 msgr2=0x7f1fe003b670 secure :-1 s=STATE_CONNECTION_ESTABLISHED l=1).mark_down
2024-09-16T01:01:18.238 INFO:teuthology.orchestra.run.smithi078.stdout:/usr/bin/ceph: stderr
2024-09-16T01:01:17.710+0000 7f1ff96ab640 1 --2- 172.21.15.78:0/1593187612 >> [v2:172.21.15.78:6800/2425087015,v1:172.21.15.78:6801/2425087015] conn(0x7f1fe00391b0 0x7f1fe003b670 secure :-1 s=READY pgs=9 cs=0 l=1 rev1=1 crypto rx=0x7f1fdc0098c0 tx=0x7f1fdc006db0 comp rx=0 tx=0).stop
2024-09-16T01:01:18.238 INFO:teuthology.orchestra.run.smithi078.stdout:/usr/bin/ceph: stderr
2024-09-16T01:01:17.710+0000 7f1ff96ab640 1 -- 172.21.15.78:0/1593187612 >> [v2:172.21.15.78:3300/0,v1:172.21.15.78:6789/0] conn(0x7f1ff4107790 msgr2=0x7f1ff419d970 secure :-1 s=STATE_CONNECTION_ESTABLISHED l=1).mark_down
2024-09-16T01:01:18.238 INFO:teuthology.orchestra.run.smithi078.stdout:/usr/bin/ceph: stderr
2024-09-16T01:01:17.710+0000 7f1ff96ab640 1 --2- 172.21.15.78:0/1593187612 >> [v2:172.21.15.78:3300/0,v1:172.21.15.78:6789/0] conn(0x7f1ff4107790 0x7f1ff419d970 secure :-1 s=READY pgs=38 cs=0 l=1 rev1=1 crypto rx=0x7f1fe4009940 tx=0x7f1fe4032ce0 comp rx=0 tx=0).stop
2024-09-16T01:01:18.238 INFO:teuthology.orchestra.run.smithi078.stdout:/usr/bin/ceph: stderr
2024-09-16T01:01:17.711+0000 7f1ff96ab640 1 -- 172.21.15.78:0/1593187612 shutdown_connections
2024-09-16T01:01:18.238 INFO:teuthology.orchestra.run.smithi078.stdout:/usr/bin/ceph: stderr
2024-09-16T01:01:17.711+0000 7f1ff96ab640 1 --2- 172.21.15.78:0/1593187612 >> [v2:172.21.15.78:6800/2425087015,v1:172.21.15.78:6801/2425087015] conn(0x7f1fe00391b0 0x7f1fe003b670 unknown :-1 s=CLOSED pgs=9 cs=0 l=1 rev1=1 crypto rx=0 tx=0 comp rx=0 tx=0).stop
2024-09-16T01:01:18.238 INFO:teuthology.orchestra.run.smithi078.stdout:/usr/bin/ceph: stderr
2024-09-16T01:01:17.711+0000 7f1ff96ab640 1 --2- 172.21.15.78:0/1593187612 >> [v2:172.21.15.78:3300/0,v1:172.21.15.78:6789/0] conn(0x7f1ff4107790 0x7f1ff419d970 unknown :-1 s=CLOSED pgs=38 cs=0 l=1 rev1=1 crypto rx=0 tx=0 comp rx=0 tx=0).stop
2024-09-16T01:01:18.238 INFO:teuthology.orchestra.run.smithi078.stdout:/usr/bin/ceph: stderr
2024-09-16T01:01:17.711+0000 7f1ff96ab640 1 -- 172.21.15.78:0/1593187612 >> 172.21.15.78:0/1593187612 conn(0x7f1ff4102fa0 msgr2=0x7f1ff4103a90 unknown :-1 s=STATE_NONE l=0).mark_down
2024-09-16T01:01:18.238 INFO:teuthology.orchestra.run.smithi078.stdout:/usr/bin/ceph: stderr
2024-09-16T01:01:17.711+0000 7f1ff96ab640 1 -- 172.21.15.78:0/1593187612 shutdown_connections
2024-09-16T01:01:18.238 INFO:teuthology.orchestra.run.smithi078.stdout:/usr/bin/ceph: stderr
2024-09-16T01:01:17.711+0000 7f1ff96ab640 1 -- 172.21.15.78:0/1593187612 wait complete.
2024-09-16T01:01:18.238 INFO:teuthology.orchestra.run.smithi078.stdout:Generating ssh key...
2024-09-16T01:01:18.980 INFO:journalctl@ceph.mon.a.smithi078.stdout:Sep 16 01:01:18 smithi078 ceph-mon[30937]: from='client.14132 -' entity='client.admin' cmd=[{"prefix": "cephadm set-user", "user": "root", "target": ["mon-mgr", ""]}]: dispatch
2024-09-16T01:01:19.278 INFO:journalctl@ceph.mgr.x.smithi078.stdout:Sep 16 01:01:18 smithi078 ceph-fa4731de-73c6-11ef-bceb-c7b262605968-mgr-x[31166]: Generating public/private rsa key pair.
2024-09-16T01:01:19.278 INFO:journalctl@ceph.mgr.x.smithi078.stdout:Sep 16 01:01:18 smithi078 ceph-fa4731de-73c6-11ef-bceb-c7b262605968-mgr-x[31166]: Your identification has been saved in /tmp/tmpjlyizd8_/key
2024-09-16T01:01:19.278 INFO:journalctl@ceph.mgr.x.smithi078.stdout:Sep 16 01:01:18 smithi078 ceph-fa4731de-73c6-11ef-bceb-c7b262605968-mgr-x[31166]: Your public key has been saved in /tmp/tmpjlyizd8_/key.pub
2024-09-16T01:01:19.279 INFO:journalctl@ceph.mgr.x.smithi078.stdout:Sep 16 01:01:18 smithi078 ceph-fa4731de-73c6-11ef-bceb-c7b262605968-mgr-x[31166]: The key fingerprint is:
2024-09-16T01:01:19.279 INFO:journalctl@ceph.mgr.x.smithi078.stdout:Sep 16 01:01:18 smithi078 ceph-fa4731de-73c6-11ef-bceb-c7b262605968-mgr-x[31166]: SHA256:Q4pGc6x81tcjZZ0EPqfPnVvs7dV4DlrXLVDVqEQL4Uk ceph-fa4731de-73c6-11ef-bceb-c7b262605968
2024-09-16T01:01:19.279 INFO:journalctl@ceph.mgr.x.smithi078.stdout:Sep 16 01:01:18 smithi078 ceph-fa4731de-73c6-11ef-bceb-c7b262605968-mgr-x[31166]: The key's randomart image is:
2024-09-16T01:01:19.279 INFO:journalctl@ceph.mgr.x.smithi078.stdout:Sep 16 01:01:18 smithi078 ceph-fa4731de-73c6-11ef-bceb-c7b262605968-mgr-x[31166]: +---[RSA 3072]----+
2024-09-16T01:01:19.279 INFO:journalctl@ceph.mgr.x.smithi078.stdout:Sep 16 01:01:18 smithi078 ceph-fa4731de-73c6-11ef-bceb-c7b262605968-mgr-x[31166]: | Eoo...o|
2024-09-16T01:01:19.279 INFO:journalctl@ceph.mgr.x.smithi078.stdout:Sep 16 01:01:18 smithi078 ceph-fa4731de-73c6-11ef-bceb-c7b262605968-mgr-x[31166]: | . o +.+.o.|
2024-09-16T01:01:19.279 INFO:journalctl@ceph.mgr.x.smithi078.stdout:Sep 16 01:01:18 smithi078 ceph-fa4731de-73c6-11ef-bceb-c7b262605968-mgr-x[31166]: | o o . o.*.= |
2024-09-16T01:01:19.279 INFO:journalctl@ceph.mgr.x.smithi078.stdout:Sep 16 01:01:18 smithi078 ceph-fa4731de-73c6-11ef-bceb-c7b262605968-mgr-x[31166]: | o = + +.= |
2024-09-16T01:01:19.279 INFO:journalctl@ceph.mgr.x.smithi078.stdout:Sep 16 01:01:18 smithi078 ceph-fa4731de-73c6-11ef-bceb-c7b262605968-mgr-x[31166]: | = + S o = |
2024-09-16T01:01:19.279 INFO:journalctl@ceph.mgr.x.smithi078.stdout:Sep 16 01:01:18 smithi078 ceph-fa4731de-73c6-11ef-bceb-c7b262605968-mgr-x[31166]: | . o o . = +=|
2024-09-16T01:01:19.279 INFO:journalctl@ceph.mgr.x.smithi078.stdout:Sep 16 01:01:18 smithi078 ceph-fa4731de-73c6-11ef-bceb-c7b262605968-mgr-x[31166]: | B.@|
2024-09-16T01:01:19.279 INFO:journalctl@ceph.mgr.x.smithi078.stdout:Sep 16 01:01:18 smithi078 ceph-fa4731de-73c6-11ef-bceb-c7b262605968-mgr-x[31166]: | o B=|
2024-09-16T01:01:19.279 INFO:journalctl@ceph.mgr.x.smithi078.stdout:Sep 16 01:01:18 smithi078 ceph-fa4731de-73c6-11ef-bceb-c7b262605968-mgr-x[31166]: | . o=|
2024-09-16T01:01:19.280 INFO:journalctl@ceph.mgr.x.smithi078.stdout:Sep 16 01:01:18 smithi078 ceph-fa4731de-73c6-11ef-bceb-c7b262605968-mgr-x[31166]: +----[SHA256]-----+
2024-09-16T01:01:19.649 INFO:teuthology.orchestra.run.smithi078.stdout:/usr/bin/ceph: stderr
2024-09-16T01:01:18.637+0000 7fd5f77c4640 1 Processor -- start
2024-09-16T01:01:19.649 INFO:teuthology.orchestra.run.smithi078.stdout:/usr/bin/ceph: stderr
2024-09-16T01:01:18.637+0000 7fd5f77c4640 1 -- start start
2024-09-16T01:01:19.649 INFO:teuthology.orchestra.run.smithi078.stdout:/usr/bin/ceph: stderr
2024-09-16T01:01:18.637+0000 7fd5f77c4640 1 --2- >> [v2:172.21.15.78:3300/0,v1:172.21.15.78:6789/0] conn(0x7fd5f0107790 0x7fd5f0107b90 unknown :-1 s=NONE pgs=0 cs=0 l=0 rev1=0 crypto rx=0 tx=0 comp rx=0 tx=0).connect
2024-09-16T01:01:19.649 INFO:teuthology.orchestra.run.smithi078.stdout:/usr/bin/ceph: stderr
2024-09-16T01:01:18.637+0000 7fd5f77c4640 1 -- --> [v2:172.21.15.78:3300/0,v1:172.21.15.78:6789/0] -- mon_getmap magic: 0 -- 0x7fd5f0108160 con 0x7fd5f0107790
2024-09-16T01:01:19.650 INFO:teuthology.orchestra.run.smithi078.stdout:/usr/bin/ceph: stderr
2024-09-16T01:01:18.637+0000 7fd5f5560640 1 --2- >> [v2:172.21.15.78:3300/0,v1:172.21.15.78:6789/0] conn(0x7fd5f0107790 0x7fd5f0107b90 unknown :-1 s=BANNER_CONNECTING pgs=0 cs=0 l=0 rev1=0 crypto rx=0 tx=0 comp rx=0 tx=0)._handle_peer_banner_payload supported=3 required=0
2024-09-16T01:01:19.650 INFO:teuthology.orchestra.run.smithi078.stdout:/usr/bin/ceph: stderr
