2024-09-16T01:01:36.350+0000 7f3f6ffe4040 -1 mgr[py] Module devicehealth has missing NOTIFY_TYPES member
2024-09-16T01:01:36.576 INFO:journalctl@ceph.mgr.x.smithi078.stdout:Sep 16 01:01:36 smithi078 ceph-fa4731de-73c6-11ef-bceb-c7b262605968-mgr-x[31166]:
2024-09-16T01:01:36.505+0000 7f3f6ffe4040 -1 mgr[py] Module rgw has missing NOTIFY_TYPES member
2024-09-16T01:01:36.576 INFO:journalctl@ceph.mgr.x.smithi078.stdout:Sep 16 01:01:36 smithi078 ceph-fa4731de-73c6-11ef-bceb-c7b262605968-mgr-x[31166]:
2024-09-16T01:01:36.574+0000 7f3f6ffe4040 -1 mgr[py] Module alerts has missing NOTIFY_TYPES member
2024-09-16T01:01:36.859 INFO:journalctl@ceph.mgr.x.smithi078.stdout:Sep 16 01:01:36 smithi078 ceph-fa4731de-73c6-11ef-bceb-c7b262605968-mgr-x[31166]:
2024-09-16T01:01:36.634+0000 7f3f6ffe4040 -1 mgr[py] Module progress has missing NOTIFY_TYPES member
2024-09-16T01:01:36.859 INFO:journalctl@ceph.mgr.x.smithi078.stdout:Sep 16 01:01:36 smithi078 ceph-fa4731de-73c6-11ef-bceb-c7b262605968-mgr-x[31166]:
2024-09-16T01:01:36.793+0000 7f3f6ffe4040 -1 mgr[py] Module nfs has missing NOTIFY_TYPES member
2024-09-16T01:01:36.859 INFO:journalctl@ceph.mgr.x.smithi078.stdout:Sep 16 01:01:36 smithi078 ceph-fa4731de-73c6-11ef-bceb-c7b262605968-mgr-x[31166]:
2024-09-16T01:01:36.858+0000 7f3f6ffe4040 -1 mgr[py] Module status has missing NOTIFY_TYPES member
2024-09-16T01:01:37.125 INFO:journalctl@ceph.mgr.x.smithi078.stdout:Sep 16 01:01:36 smithi078 ceph-fa4731de-73c6-11ef-bceb-c7b262605968-mgr-x[31166]:
2024-09-16T01:01:36.923+0000 7f3f6ffe4040 -1 mgr[py] Module pg_autoscaler has missing NOTIFY_TYPES member
2024-09-16T01:01:37.125 INFO:journalctl@ceph.mgr.x.smithi078.stdout:Sep 16 01:01:37 smithi078 ceph-fa4731de-73c6-11ef-bceb-c7b262605968-mgr-x[31166]:
2024-09-16T01:01:37.005+0000 7f3f6ffe4040 -1 mgr[py] Module rbd_support has missing NOTIFY_TYPES member
2024-09-16T01:01:37.125 INFO:journalctl@ceph.mgr.x.smithi078.stdout:Sep 16 01:01:37 smithi078 ceph-fa4731de-73c6-11ef-bceb-c7b262605968-mgr-x[31166]:
2024-09-16T01:01:37.065+0000 7f3f6ffe4040 -1 mgr[py] Module influx has missing NOTIFY_TYPES member
2024-09-16T01:01:37.125 INFO:journalctl@ceph.mgr.x.smithi078.stdout:Sep 16 01:01:37 smithi078 ceph-fa4731de-73c6-11ef-bceb-c7b262605968-mgr-x[31166]:
2024-09-16T01:01:37.124+0000 7f3f6ffe4040 -1 mgr[py] Module zabbix has missing NOTIFY_TYPES member
2024-09-16T01:01:38.278 INFO:journalctl@ceph.mgr.x.smithi078.stdout:Sep 16 01:01:37 smithi078 ceph-fa4731de-73c6-11ef-bceb-c7b262605968-mgr-x[31166]:
2024-09-16T01:01:37.910+0000 7f3f6ffe4040 -1 mgr[py] Module telegraf has missing NOTIFY_TYPES member
2024-09-16T01:01:38.278 INFO:journalctl@ceph.mon.a.smithi078.stdout:Sep 16 01:01:37 smithi078 ceph-mon[30937]: Active manager daemon x restarted
2024-09-16T01:01:38.278 INFO:journalctl@ceph.mon.a.smithi078.stdout:Sep 16 01:01:37 smithi078 ceph-mon[30937]: Activating manager daemon x
2024-09-16T01:01:38.278 INFO:journalctl@ceph.mon.a.smithi078.stdout:Sep 16 01:01:37 smithi078 ceph-mon[30937]: osdmap e3: 0 total, 0 up, 0 in
2024-09-16T01:01:38.278 INFO:journalctl@ceph.mon.a.smithi078.stdout:Sep 16 01:01:37 smithi078 ceph-mon[30937]: mgrmap e10: x(active, starting, since 0.00348957s)
2024-09-16T01:01:38.279 INFO:journalctl@ceph.mon.a.smithi078.stdout:Sep 16 01:01:37 smithi078 ceph-mon[30937]: from='mgr.14150 172.21.15.78:0/453231060' entity='mgr.x' cmd=[{"prefix": "mon metadata", "id": "a"}]: dispatch
2024-09-16T01:01:38.279 INFO:journalctl@ceph.mon.a.smithi078.stdout:Sep 16 01:01:37 smithi078 ceph-mon[30937]: from='mgr.14150 172.21.15.78:0/453231060' entity='mgr.x' cmd=[{"prefix": "mgr metadata", "who": "x", "id": "x"}]: dispatch
2024-09-16T01:01:38.279 INFO:journalctl@ceph.mon.a.smithi078.stdout:Sep 16 01:01:37 smithi078 ceph-mon[30937]: from='mgr.14150 172.21.15.78:0/453231060' entity='mgr.x' cmd=[{"prefix": "mds metadata"}]: dispatch
2024-09-16T01:01:38.279 INFO:journalctl@ceph.mon.a.smithi078.stdout:Sep 16 01:01:37 smithi078 ceph-mon[30937]: from='mgr.14150 172.21.15.78:0/453231060' entity='mgr.x' cmd=[{"prefix": "osd metadata"}]: dispatch
2024-09-16T01:01:38.279 INFO:journalctl@ceph.mon.a.smithi078.stdout:Sep 16 01:01:37 smithi078 ceph-mon[30937]: from='mgr.14150 172.21.15.78:0/453231060' entity='mgr.x' cmd=[{"prefix": "mon metadata"}]: dispatch
2024-09-16T01:01:38.279 INFO:journalctl@ceph.mon.a.smithi078.stdout:Sep 16 01:01:37 smithi078 ceph-mon[30937]: Manager daemon x is now available
2024-09-16T01:01:38.279 INFO:journalctl@ceph.mon.a.smithi078.stdout:Sep 16 01:01:37 smithi078 ceph-mon[30937]: from='mgr.14150 172.21.15.78:0/453231060' entity='mgr.x' cmd=[{"prefix": "config dump", "format": "json"}]: dispatch
2024-09-16T01:01:38.279 INFO:journalctl@ceph.mon.a.smithi078.stdout:Sep 16 01:01:37 smithi078 ceph-mon[30937]: from='mgr.14150 172.21.15.78:0/453231060' entity='mgr.x' cmd=[{"prefix":"config rm","who":"mgr","name":"mgr/rbd_support/x/mirror_snapshot_schedule"}]: dispatch
2024-09-16T01:01:38.279 INFO:journalctl@ceph.mon.a.smithi078.stdout:Sep 16 01:01:37 smithi078 ceph-mon[30937]: from='mgr.14150 172.21.15.78:0/453231060' entity='mgr.x' cmd=[{"prefix":"config rm","who":"mgr","name":"mgr/rbd_support/x/trash_purge_schedule"}]: dispatch
2024-09-16T01:01:39.518 INFO:journalctl@ceph.mgr.x.smithi078.stdout:Sep 16 01:01:39 smithi078 ceph-fa4731de-73c6-11ef-bceb-c7b262605968-mgr-x[31166]:
2024-09-16T01:01:39.294+0000 7f3ed5aad640 -1 log_channel(cephadm) log [ERR] : [16/Sep/2024:01:01:39] ENGINE Error in HTTPServer.serve
2024-09-16T01:01:39.518 INFO:journalctl@ceph.mgr.x.smithi078.stdout:Sep 16 01:01:39 smithi078 ceph-fa4731de-73c6-11ef-bceb-c7b262605968-mgr-x[31166]: Traceback (most recent call last):
2024-09-16T01:01:39.519 INFO:journalctl@ceph.mgr.x.smithi078.stdout:Sep 16 01:01:39 smithi078 ceph-fa4731de-73c6-11ef-bceb-c7b262605968-mgr-x[31166]: File "/lib/python3.9/site-packages/cheroot/server.py", line 1823, in serve
2024-09-16T01:01:39.519 INFO:journalctl@ceph.mgr.x.smithi078.stdout:Sep 16 01:01:39 smithi078 ceph-fa4731de-73c6-11ef-bceb-c7b262605968-mgr-x[31166]: self._connections.run(self.expiration_interval)
2024-09-16T01:01:39.519 INFO:journalctl@ceph.mgr.x.smithi078.stdout:Sep 16 01:01:39 smithi078 ceph-fa4731de-73c6-11ef-bceb-c7b262605968-mgr-x[31166]: File "/lib/python3.9/site-packages/cheroot/connections.py", line 203, in run
2024-09-16T01:01:39.519 INFO:journalctl@ceph.mgr.x.smithi078.stdout:Sep 16 01:01:39 smithi078 ceph-fa4731de-73c6-11ef-bceb-c7b262605968-mgr-x[31166]: self._run(expiration_interval)
2024-09-16T01:01:39.519 INFO:journalctl@ceph.mgr.x.smithi078.stdout:Sep 16 01:01:39 smithi078 ceph-fa4731de-73c6-11ef-bceb-c7b262605968-mgr-x[31166]: File "/lib/python3.9/site-packages/cheroot/connections.py", line 246, in _run
2024-09-16T01:01:39.519 INFO:journalctl@ceph.mgr.x.smithi078.stdout:Sep 16 01:01:39 smithi078 ceph-fa4731de-73c6-11ef-bceb-c7b262605968-mgr-x[31166]: new_conn = self._from_server_socket(self.server.socket)
2024-09-16T01:01:39.519 INFO:journalctl@ceph.mgr.x.smithi078.stdout:Sep 16 01:01:39 smithi078 ceph-fa4731de-73c6-11ef-bceb-c7b262605968-mgr-x[31166]: File "/lib/python3.9/site-packages/cheroot/connections.py", line 300, in _from_server_socket
2024-09-16T01:01:39.519 INFO:journalctl@ceph.mgr.x.smithi078.stdout:Sep 16 01:01:39 smithi078 ceph-fa4731de-73c6-11ef-bceb-c7b262605968-mgr-x[31166]: s, ssl_env = self.server.ssl_adapter.wrap(s)
2024-09-16T01:01:39.519 INFO:journalctl@ceph.mgr.x.smithi078.stdout:Sep 16 01:01:39 smithi078 ceph-fa4731de-73c6-11ef-bceb-c7b262605968-mgr-x[31166]: File "/lib/python3.9/site-packages/cheroot/ssl/builtin.py", line 277, in wrap
2024-09-16T01:01:39.519 INFO:journalctl@ceph.mgr.x.smithi078.stdout:Sep 16 01:01:39 smithi078 ceph-fa4731de-73c6-11ef-bceb-c7b262605968-mgr-x[31166]: s = self.context.wrap_socket(
2024-09-16T01:01:39.519 INFO:journalctl@ceph.mgr.x.smithi078.stdout:Sep 16 01:01:39 smithi078 ceph-fa4731de-73c6-11ef-bceb-c7b262605968-mgr-x[31166]: File "/lib64/python3.9/ssl.py", line 501, in wrap_socket
2024-09-16T01:01:39.519 INFO:journalctl@ceph.mgr.x.smithi078.stdout:Sep 16 01:01:39 smithi078 ceph-fa4731de-73c6-11ef-bceb-c7b262605968-mgr-x[31166]: return self.sslsocket_class._create(
2024-09-16T01:01:39.519 INFO:journalctl@ceph.mgr.x.smithi078.stdout:Sep 16 01:01:39 smithi078 ceph-fa4731de-73c6-11ef-bceb-c7b262605968-mgr-x[31166]: File "/lib64/python3.9/ssl.py", line 1074, in _create
2024-09-16T01:01:39.519 INFO:journalctl@ceph.mgr.x.smithi078.stdout:Sep 16 01:01:39 smithi078 ceph-fa4731de-73c6-11ef-bceb-c7b262605968-mgr-x[31166]: self.do_handshake()
2024-09-16T01:01:39.520 INFO:journalctl@ceph.mgr.x.smithi078.stdout:Sep 16 01:01:39 smithi078 ceph-fa4731de-73c6-11ef-bceb-c7b262605968-mgr-x[31166]: File "/lib64/python3.9/ssl.py", line 1343, in do_handshake
2024-09-16T01:01:39.520 INFO:journalctl@ceph.mgr.x.smithi078.stdout:Sep 16 01:01:39 smithi078 ceph-fa4731de-73c6-11ef-bceb-c7b262605968-mgr-x[31166]: self._sslobj.do_handshake()
2024-09-16T01:01:39.520 INFO:journalctl@ceph.mgr.x.smithi078.stdout:Sep 16 01:01:39 smithi078 ceph-fa4731de-73c6-11ef-bceb-c7b262605968-mgr-x[31166]: ssl.SSLZeroReturnError: TLS/SSL connection has been closed (EOF) (_ssl.c:1133)
2024-09-16T01:01:39.520 INFO:journalctl@ceph.mgr.x.smithi078.stdout:Sep 16 01:01:39 smithi078 ceph-fa4731de-73c6-11ef-bceb-c7b262605968-mgr-x[31166]:
2024-09-16T01:01:39.793 INFO:teuthology.orchestra.run.smithi078.stdout:/usr/bin/ceph: stdout {
2024-09-16T01:01:39.793 INFO:teuthology.orchestra.run.smithi078.stdout:/usr/bin/ceph: stdout "mgrmap_epoch": 11,
2024-09-16T01:01:39.794 INFO:teuthology.orchestra.run.smithi078.stdout:/usr/bin/ceph: stdout "initialized": true
2024-09-16T01:01:39.794 INFO:teuthology.orchestra.run.smithi078.stdout:/usr/bin/ceph: stdout }
2024-09-16T01:01:39.794 INFO:teuthology.orchestra.run.smithi078.stdout:/usr/bin/ceph: stderr
2024-09-16T01:01:35.399+0000 7fc6b2ad1640 1 Processor -- start
2024-09-16T01:01:39.794 INFO:teuthology.orchestra.run.smithi078.stdout:/usr/bin/ceph: stderr
2024-09-16T01:01:35.399+0000 7fc6b2ad1640 1 -- start start
2024-09-16T01:01:39.794 INFO:teuthology.orchestra.run.smithi078.stdout:/usr/bin/ceph: stderr
2024-09-16T01:01:35.399+0000 7fc6b2ad1640 1 --2- >> [v2:172.21.15.78:3300/0,v1:172.21.15.78:6789/0] conn(0x7fc6ac107760 0x7fc6ac107b60 unknown :-1 s=NONE pgs=0 cs=0 l=0 rev1=0 crypto rx=0 tx=0 comp rx=0 tx=0).connect
2024-09-16T01:01:39.794 INFO:teuthology.orchestra.run.smithi078.stdout:/usr/bin/ceph: stderr
2024-09-16T01:01:35.399+0000 7fc6b2ad1640 1 -- --> [v2:172.21.15.78:3300/0,v1:172.21.15.78:6789/0] -- mon_getmap magic: 0 -- 0x7fc6ac108130 con 0x7fc6ac107760
2024-09-16T01:01:39.794 INFO:teuthology.orchestra.run.smithi078.stdout:/usr/bin/ceph: stderr
2024-09-16T01:01:35.399+0000 7fc6b086d640 1 --2- >> [v2:172.21.15.78:3300/0,v1:172.21.15.78:6789/0] conn(0x7fc6ac107760 0x7fc6ac107b60 unknown :-1 s=BANNER_CONNECTING pgs=0 cs=0 l=0 rev1=0 crypto rx=0 tx=0 comp rx=0 tx=0)._handle_peer_banner_payload supported=3 required=0
2024-09-16T01:01:39.794 INFO:teuthology.orchestra.run.smithi078.stdout:/usr/bin/ceph: stderr
2024-09-16T01:01:35.399+0000 7fc6b086d640 1 --2- >> [v2:172.21.15.78:3300/0,v1:172.21.15.78:6789/0] conn(0x7fc6ac107760 0x7fc6ac107b60 unknown :-1 s=HELLO_CONNECTING pgs=0 cs=0 l=0 rev1=1 crypto rx=0 tx=0 comp rx=0 tx=0).handle_hello peer v2:172.21.15.78:3300/0 says I am v2:172.21.15.78:46050/0 (socket says 172.21.15.78:46050)
2024-09-16T01:01:39.794 INFO:teuthology.orchestra.run.smithi078.stdout:/usr/bin/ceph: stderr
2024-09-16T01:01:35.399+0000 7fc6b086d640 1 -- 172.21.15.78:0/805504377 learned_addr learned my addr 172.21.15.78:0/805504377 (peer_addr_for_me v2:172.21.15.78:0/0)
2024-09-16T01:01:39.794 INFO:teuthology.orchestra.run.smithi078.stdout:/usr/bin/ceph: stderr
2024-09-16T01:01:35.399+0000 7fc6b086d640 1 -- 172.21.15.78:0/805504377 --> [v2:172.21.15.78:3300/0,v1:172.21.15.78:6789/0] -- mon_subscribe({config=0+,monmap=0+}) -- 0x7fc6ac108910 con 0x7fc6ac107760
2024-09-16T01:01:39.794 INFO:teuthology.orchestra.run.smithi078.stdout:/usr/bin/ceph: stderr
2024-09-16T01:01:35.400+0000 7fc6b086d640 1 --2- 172.21.15.78:0/805504377 >> [v2:172.21.15.78:3300/0,v1:172.21.15.78:6789/0] conn(0x7fc6ac107760 0x7fc6ac107b60 secure :-1 s=READY pgs=59 cs=0 l=1 rev1=1 crypto rx=0x7fc6a0009820 tx=0x7fc6a002a270 comp rx=0 tx=0).ready entity=mon.0 client_cookie=7739f22d1daf0c4 server_cookie=0 in_seq=0 out_seq=0
2024-09-16T01:01:39.795 INFO:teuthology.orchestra.run.smithi078.stdout:/usr/bin/ceph: stderr
2024-09-16T01:01:35.400+0000 7fc6ab7fe640 1 -- 172.21.15.78:0/805504377 <== mon.0 v2:172.21.15.78:3300/0 1 ==== mon_map magic: 0 ==== 205+0+0 (secure 0 0 0) 0x7fc6a0037070 con 0x7fc6ac107760
2024-09-16T01:01:39.795 INFO:teuthology.orchestra.run.smithi078.stdout:/usr/bin/ceph: stderr
2024-09-16T01:01:35.400+0000 7fc6ab7fe640 1 -- 172.21.15.78:0/805504377 <== mon.0 v2:172.21.15.78:3300/0 2 ==== config(27 keys) ==== 1140+0+0 (secure 0 0 0) 0x7fc6a0032920 con 0x7fc6ac107760
2024-09-16T01:01:39.795 INFO:teuthology.orchestra.run.smithi078.stdout:/usr/bin/ceph: stderr
2024-09-16T01:01:35.400+0000 7fc6ab7fe640 1 -- 172.21.15.78:0/805504377 <== mon.0 v2:172.21.15.78:3300/0 3 ==== mon_map magic: 0 ==== 205+0+0 (secure 0 0 0) 0x7fc6a0030810 con 0x7fc6ac107760
2024-09-16T01:01:39.795 INFO:teuthology.orchestra.run.smithi078.stdout:/usr/bin/ceph: stderr
2024-09-16T01:01:35.401+0000 7fc6b2ad1640 1 -- 172.21.15.78:0/805504377 >> [v2:172.21.15.78:3300/0,v1:172.21.15.78:6789/0] conn(0x7fc6ac107760 msgr2=0x7fc6ac107b60 secure :-1 s=STATE_CONNECTION_ESTABLISHED l=1).mark_down
2024-09-16T01:01:39.795 INFO:teuthology.orchestra.run.smithi078.stdout:/usr/bin/ceph: stderr
2024-09-16T01:01:35.401+0000 7fc6b2ad1640 1 --2- 172.21.15.78:0/805504377 >> [v2:172.21.15.78:3300/0,v1:172.21.15.78:6789/0] conn(0x7fc6ac107760 0x7fc6ac107b60 secure :-1 s=READY pgs=59 cs=0 l=1 rev1=1 crypto rx=0x7fc6a0009820 tx=0x7fc6a002a270 comp rx=0 tx=0).stop
2024-09-16T01:01:39.795 INFO:teuthology.orchestra.run.smithi078.stdout:/usr/bin/ceph: stderr
2024-09-16T01:01:35.401+0000 7fc6b2ad1640 1 -- 172.21.15.78:0/805504377 shutdown_connections
2024-09-16T01:01:39.795 INFO:teuthology.orchestra.run.smithi078.stdout:/usr/bin/ceph: stderr
2024-09-16T01:01:35.401+0000 7fc6b2ad1640 1 --2- 172.21.15.78:0/805504377 >> [v2:172.21.15.78:3300/0,v1:172.21.15.78:6789/0] conn(0x7fc6ac107760 0x7fc6ac107b60 unknown :-1 s=CLOSED pgs=59 cs=0 l=1 rev1=1 crypto rx=0 tx=0 comp rx=0 tx=0).stop
2024-09-16T01:01:39.795 INFO:teuthology.orchestra.run.smithi078.stdout:/usr/bin/ceph: stderr
2024-09-16T01:01:35.401+0000 7fc6b2ad1640 1 -- 172.21.15.78:0/805504377 >> 172.21.15.78:0/805504377 conn(0x7fc6ac102f30 msgr2=0x7fc6ac105350 unknown :-1 s=STATE_NONE l=0).mark_down
2024-09-16T01:01:39.795 INFO:teuthology.orchestra.run.smithi078.stdout:/usr/bin/ceph: stderr
2024-09-16T01:01:35.401+0000 7fc6b2ad1640 1 -- 172.21.15.78:0/805504377 shutdown_connections
2024-09-16T01:01:39.795 INFO:teuthology.orchestra.run.smithi078.stdout:/usr/bin/ceph: stderr
2024-09-16T01:01:35.401+0000 7fc6b2ad1640 1 -- 172.21.15.78:0/805504377 wait complete.
2024-09-16T01:01:39.795 INFO:teuthology.orchestra.run.smithi078.stdout:/usr/bin/ceph: stderr
2024-09-16T01:01:35.402+0000 7fc6b2ad1640 1 Processor -- start
2024-09-16T01:01:39.795 INFO:teuthology.orchestra.run.smithi078.stdout:/usr/bin/ceph: stderr
2024-09-16T01:01:35.402+0000 7fc6b2ad1640 1 -- start start
2024-09-16T01:01:39.795 INFO:teuthology.orchestra.run.smithi078.stdout:/usr/bin/ceph: stderr
2024-09-16T01:01:35.402+0000 7fc6b2ad1640 1 --2- >> [v2:172.21.15.78:3300/0,v1:172.21.15.78:6789/0] conn(0x7fc6ac107760 0x7fc6ac19d9d0 unknown :-1 s=NONE pgs=0 cs=0 l=1 rev1=0 crypto rx=0 tx=0 comp rx=0 tx=0).connect
2024-09-16T01:01:39.795 INFO:teuthology.orchestra.run.smithi078.stdout:/usr/bin/ceph: stderr
2024-09-16T01:01:35.402+0000 7fc6b2ad1640 1 -- --> [v2:172.21.15.78:3300/0,v1:172.21.15.78:6789/0] -- mon_getmap magic: 0 -- 0x7fc6ac10bcc0 con 0x7fc6ac107760
2024-09-16T01:01:39.796 INFO:teuthology.orchestra.run.smithi078.stdout:/usr/bin/ceph: stderr
2024-09-16T01:01:35.402+0000 7fc6b086d640 1 --2- >> [v2:172.21.15.78:3300/0,v1:172.21.15.78:6789/0] conn(0x7fc6ac107760 0x7fc6ac19d9d0 unknown :-1 s=BANNER_CONNECTING pgs=0 cs=0 l=1 rev1=0 crypto rx=0 tx=0 comp rx=0 tx=0)._handle_peer_banner_payload supported=3 required=0
2024-09-16T01:01:39.796 INFO:teuthology.orchestra.run.smithi078.stdout:/usr/bin/ceph: stderr
2024-09-16T01:01:35.402+0000 7fc6b086d640 1 --2- >> [v2:172.21.15.78:3300/0,v1:172.21.15.78:6789/0] conn(0x7fc6ac107760 0x7fc6ac19d9d0 unknown :-1 s=HELLO_CONNECTING pgs=0 cs=0 l=1 rev1=1 crypto rx=0 tx=0 comp rx=0 tx=0).handle_hello peer v2:172.21.15.78:3300/0 says I am v2:172.21.15.78:46054/0 (socket says 172.21.15.78:46054)
2024-09-16T01:01:39.796 INFO:teuthology.orchestra.run.smithi078.stdout:/usr/bin/ceph: stderr
2024-09-16T01:01:35.402+0000 7fc6b086d640 1 -- 172.21.15.78:0/3199160779 learned_addr learned my addr 172.21.15.78:0/3199160779 (peer_addr_for_me v2:172.21.15.78:0/0)
2024-09-16T01:01:39.796 INFO:teuthology.orchestra.run.smithi078.stdout:/usr/bin/ceph: stderr
2024-09-16T01:01:35.403+0000 7fc6b086d640 1 -- 172.21.15.78:0/3199160779 --> [v2:172.21.15.78:3300/0,v1:172.21.15.78:6789/0] -- mon_subscribe({config=0+,monmap=0+}) -- 0x7fc6ac19df10 con 0x7fc6ac107760
2024-09-16T01:01:39.796 INFO:teuthology.orchestra.run.smithi078.stdout:/usr/bin/ceph: stderr
2024-09-16T01:01:35.403+0000 7fc6b086d640 1 --2- 172.21.15.78:0/3199160779 >> [v2:172.21.15.78:3300/0,v1:172.21.15.78:6789/0] conn(0x7fc6ac107760 0x7fc6ac19d9d0 secure :-1 s=READY pgs=60 cs=0 l=1 rev1=1 crypto rx=0x7fc6a00097f0 tx=0x7fc6a00327b0 comp rx=0 tx=0).ready entity=mon.0 client_cookie=0 server_cookie=0 in_seq=0 out_seq=0
2024-09-16T01:01:39.796 INFO:teuthology.orchestra.run.smithi078.stdout:/usr/bin/ceph: stderr
2024-09-16T01:01:35.403+0000 7fc6a9ffb640 1 -- 172.21.15.78:0/3199160779 <== mon.0 v2:172.21.15.78:3300/0 1 ==== mon_map magic: 0 ==== 205+0+0 (secure 0 0 0) 0x7fc6a0037040 con 0x7fc6ac107760
2024-09-16T01:01:39.796 INFO:teuthology.orchestra.run.smithi078.stdout:/usr/bin/ceph: stderr
2024-09-16T01:01:35.403+0000 7fc6b2ad1640 1 -- 172.21.15.78:0/3199160779 --> [v2:172.21.15.78:3300/0,v1:172.21.15.78:6789/0] -- mon_subscribe({mgrmap=0+}) -- 0x7fc6ac19e1a0 con 0x7fc6ac107760
2024-09-16T01:01:39.796 INFO:teuthology.orchestra.run.smithi078.stdout:/usr/bin/ceph: stderr
2024-09-16T01:01:35.403+0000 7fc6a9ffb640 1 -- 172.21.15.78:0/3199160779 <== mon.0 v2:172.21.15.78:3300/0 2 ==== config(27 keys) ==== 1140+0+0 (secure 0 0 0) 0x7fc6a0030c40 con 0x7fc6ac107760
2024-09-16T01:01:39.796 INFO:teuthology.orchestra.run.smithi078.stdout:/usr/bin/ceph: stderr
2024-09-16T01:01:35.403+0000 7fc6a9ffb640 1 -- 172.21.15.78:0/3199160779 <== mon.0 v2:172.21.15.78:3300/0 3 ==== mon_map magic: 0 ==== 205+0+0 (secure 0 0 0) 0x7fc6a003a5b0 con 0x7fc6ac107760
2024-09-16T01:01:39.796 INFO:teuthology.orchestra.run.smithi078.stdout:/usr/bin/ceph: stderr
2024-09-16T01:01:35.403+0000 7fc6b2ad1640 1 -- 172.21.15.78:0/3199160779 --> [v2:172.21.15.78:3300/0,v1:172.21.15.78:6789/0] -- mon_subscribe({osdmap=0}) -- 0x7fc6ac1a0e90 con 0x7fc6ac107760
2024-09-16T01:01:39.796 INFO:teuthology.orchestra.run.smithi078.stdout:/usr/bin/ceph: stderr
2024-09-16T01:01:35.404+0000 7fc6a9ffb640 1 -- 172.21.15.78:0/3199160779 <== mon.0 v2:172.21.15.78:3300/0 4 ==== mgrmap(e 9) ==== 46474+0+0 (secure 0 0 0) 0x7fc6a003a7f0 con 0x7fc6ac107760
2024-09-16T01:01:39.796 INFO:teuthology.orchestra.run.smithi078.stdout:/usr/bin/ceph: stderr
2024-09-16T01:01:35.404+0000 7fc6a9ffb640 1 --2- 172.21.15.78:0/3199160779 >> [v2:172.21.15.78:6800/2425087015,v1:172.21.15.78:6801/2425087015] conn(0x7fc69c039200 0x7fc69c03b6c0 unknown :-1 s=NONE pgs=0 cs=0 l=1 rev1=0 crypto rx=0 tx=0 comp rx=0 tx=0).connect
2024-09-16T01:01:39.796 INFO:teuthology.orchestra.run.smithi078.stdout:/usr/bin/ceph: stderr
2024-09-16T01:01:35.404+0000 7fc6a9ffb640 1 -- 172.21.15.78:0/3199160779 --> [v2:172.21.15.78:6800/2425087015,v1:172.21.15.78:6801/2425087015] -- command(tid 0: {"prefix": "get_command_descriptions"}) -- 0x7fc69c03bdd0 con 0x7fc69c039200
2024-09-16T01:01:39.797 INFO:teuthology.orchestra.run.smithi078.stdout:/usr/bin/ceph: stderr
2024-09-16T01:01:35.404+0000 7fc6a9ffb640 1 -- 172.21.15.78:0/3199160779 <== mon.0 v2:172.21.15.78:3300/0 5 ==== osd_map(2..2 src has 1..2) ==== 940+0+0 (secure 0 0 0) 0x7fc6a006c740 con 0x7fc6ac107760
2024-09-16T01:01:39.797 INFO:teuthology.orchestra.run.smithi078.stdout:/usr/bin/ceph: stderr
2024-09-16T01:01:35.405+0000 7fc6abfff640 1 -- 172.21.15.78:0/3199160779 >> [v2:172.21.15.78:6800/2425087015,v1:172.21.15.78:6801/2425087015] conn(0x7fc69c039200 msgr2=0x7fc69c03b6c0 unknown :-1 s=STATE_CONNECTING_RE l=1).process reconnect failed to v2:172.21.15.78:6800/2425087015
2024-09-16T01:01:39.797 INFO:teuthology.orchestra.run.smithi078.stdout:/usr/bin/ceph: stderr
2024-09-16T01:01:35.405+0000 7fc6abfff640 1 --2- 172.21.15.78:0/3199160779 >> [v2:172.21.15.78:6800/2425087015,v1:172.21.15.78:6801/2425087015] conn(0x7fc69c039200 0x7fc69c03b6c0 unknown :-1 s=START_CONNECT pgs=0 cs=0 l=1 rev1=0 crypto rx=0 tx=0 comp rx=0 tx=0)._fault waiting 0.200000
2024-09-16T01:01:39.797 INFO:teuthology.orchestra.run.smithi078.stdout:/usr/bin/ceph: stderr
2024-09-16T01:01:35.606+0000 7fc6abfff640 1 -- 172.21.15.78:0/3199160779 >> [v2:172.21.15.78:6800/2425087015,v1:172.21.15.78:6801/2425087015] conn(0x7fc69c039200 msgr2=0x7fc69c03b6c0 unknown :-1 s=STATE_CONNECTING_RE l=1).process reconnect failed to v2:172.21.15.78:6800/2425087015
2024-09-16T01:01:39.797 INFO:teuthology.orchestra.run.smithi078.stdout:/usr/bin/ceph: stderr
2024-09-16T01:01:35.606+0000 7fc6abfff640 1 --2- 172.21.15.78:0/3199160779 >> [v2:172.21.15.78:6800/2425087015,v1:172.21.15.78:6801/2425087015] conn(0x7fc69c039200 0x7fc69c03b6c0 unknown :-1 s=START_CONNECT pgs=0 cs=0 l=1 rev1=0 crypto rx=0 tx=0 comp rx=0 tx=0)._fault waiting 0.400000
2024-09-16T01:01:39.797 INFO:teuthology.orchestra.run.smithi078.stdout:/usr/bin/ceph: stderr
2024-09-16T01:01:36.007+0000 7fc6abfff640 1 -- 172.21.15.78:0/3199160779 >> [v2:172.21.15.78:6800/2425087015,v1:172.21.15.78:6801/2425087015] conn(0x7fc69c039200 msgr2=0x7fc69c03b6c0 unknown :-1 s=STATE_CONNECTING_RE l=1).process reconnect failed to v2:172.21.15.78:6800/2425087015
2024-09-16T01:01:39.797 INFO:teuthology.orchestra.run.smithi078.stdout:/usr/bin/ceph: stderr
2024-09-16T01:01:36.007+0000 7fc6abfff640 1 --2- 172.21.15.78:0/3199160779 >> [v2:172.21.15.78:6800/2425087015,v1:172.21.15.78:6801/2425087015] conn(0x7fc69c039200 0x7fc69c03b6c0 unknown :-1 s=START_CONNECT pgs=0 cs=0 l=1 rev1=0 crypto rx=0 tx=0 comp rx=0 tx=0)._fault waiting 0.800000
2024-09-16T01:01:39.797 INFO:teuthology.orchestra.run.smithi078.stdout:/usr/bin/ceph: stderr
2024-09-16T01:01:36.808+0000 7fc6abfff640 1 -- 172.21.15.78:0/3199160779 >> [v2:172.21.15.78:6800/2425087015,v1:172.21.15.78:6801/2425087015] conn(0x7fc69c039200 msgr2=0x7fc69c03b6c0 unknown :-1 s=STATE_CONNECTING_RE l=1).process reconnect failed to v2:172.21.15.78:6800/2425087015
2024-09-16T01:01:39.797 INFO:teuthology.orchestra.run.smithi078.stdout:/usr/bin/ceph: stderr
2024-09-16T01:01:36.808+0000 7fc6abfff640 1 --2- 172.21.15.78:0/3199160779 >> [v2:172.21.15.78:6800/2425087015,v1:172.21.15.78:6801/2425087015] conn(0x7fc69c039200 0x7fc69c03b6c0 unknown :-1 s=START_CONNECT pgs=0 cs=0 l=1 rev1=0 crypto rx=0 tx=0 comp rx=0 tx=0)._fault waiting 1.600000
2024-09-16T01:01:39.797 INFO:teuthology.orchestra.run.smithi078.stdout:/usr/bin/ceph: stderr
2024-09-16T01:01:37.913+0000 7fc6a9ffb640 1 -- 172.21.15.78:0/3199160779 <== mon.0 v2:172.21.15.78:3300/0 6 ==== mgrmap(e 10) ==== 46241+0+0 (secure 0 0 0) 0x7fc6a006b1f0 con 0x7fc6ac107760
2024-09-16T01:01:39.797 INFO:teuthology.orchestra.run.smithi078.stdout:/usr/bin/ceph: stderr
2024-09-16T01:01:37.913+0000 7fc6a9ffb640 1 -- 172.21.15.78:0/3199160779 >> [v2:172.21.15.78:6800/2425087015,v1:172.21.15.78:6801/2425087015] conn(0x7fc69c039200 msgr2=0x7fc69c03b6c0 unknown :-1 s=STATE_CONNECTING l=1).mark_down
2024-09-16T01:01:39.797 INFO:teuthology.orchestra.run.smithi078.stdout:/usr/bin/ceph: stderr
2024-09-16T01:01:37.913+0000 7fc6a9ffb640 1 --2- 172.21.15.78:0/3199160779 >> [v2:172.21.15.78:6800/2425087015,v1:172.21.15.78:6801/2425087015] conn(0x7fc69c039200 0x7fc69c03b6c0 unknown :-1 s=START_CONNECT pgs=0 cs=0 l=1 rev1=0 crypto rx=0 tx=0 comp rx=0 tx=0).stop
2024-09-16T01:01:39.797 INFO:teuthology.orchestra.run.smithi078.stdout:/usr/bin/ceph: stderr
2024-09-16T01:01:38.915+0000 7fc6a9ffb640 1 -- 172.21.15.78:0/3199160779 <== mon.0 v2:172.21.15.78:3300/0 7 ==== mgrmap(e 11) ==== 46368+0+0 (secure 0 0 0) 0x7fc6a006b4e0 con 0x7fc6ac107760
2024-09-16T01:01:39.798 INFO:teuthology.orchestra.run.smithi078.stdout:/usr/bin/ceph: stderr
2024-09-16T01:01:38.915+0000 7fc6a9ffb640 1 --2- 172.21.15.78:0/3199160779 >> [v2:172.21.15.78:6800/1698663383,v1:172.21.15.78:6801/1698663383] conn(0x7fc69c03ccc0 0x7fc69c03f0b0 unknown :-1 s=NONE pgs=0 cs=0 l=1 rev1=0 crypto rx=0 tx=0 comp rx=0 tx=0).connect
2024-09-16T01:01:39.798 INFO:teuthology.orchestra.run.smithi078.stdout:/usr/bin/ceph: stderr
2024-09-16T01:01:38.915+0000 7fc6a9ffb640 1 -- 172.21.15.78:0/3199160779 --> [v2:172.21.15.78:6800/1698663383,v1:172.21.15.78:6801/1698663383] -- command(tid 0: {"prefix": "get_command_descriptions"}) -- 0x7fc69c03bdd0 con 0x7fc69c03ccc0
2024-09-16T01:01:39.798 INFO:teuthology.orchestra.run.smithi078.stdout:/usr/bin/ceph: stderr
2024-09-16T01:01:38.915+0000 7fc6abfff640 1 --2- 172.21.15.78:0/3199160779 >> [v2:172.21.15.78:6800/1698663383,v1:172.21.15.78:6801/1698663383] conn(0x7fc69c03ccc0 0x7fc69c03f0b0 unknown :-1 s=BANNER_CONNECTING pgs=0 cs=0 l=1 rev1=0 crypto rx=0 tx=0 comp rx=0 tx=0)._handle_peer_banner_payload supported=3 required=0
2024-09-16T01:01:39.798 INFO:teuthology.orchestra.run.smithi078.stdout:/usr/bin/ceph: stderr
2024-09-16T01:01:38.916+0000 7fc6abfff640 1 --2- 172.21.15.78:0/3199160779 >> [v2:172.21.15.78:6800/1698663383,v1:172.21.15.78:6801/1698663383] conn(0x7fc69c03ccc0 0x7fc69c03f0b0 secure :-1 s=READY pgs=1 cs=0 l=1 rev1=1 crypto rx=0x7fc698003980 tx=0x7fc698006e10 comp rx=0 tx=0).ready entity=mgr.14150 client_cookie=0 server_cookie=0 in_seq=0 out_seq=0
2024-09-16T01:01:39.798 INFO:teuthology.orchestra.run.smithi078.stdout:/usr/bin/ceph: stderr
2024-09-16T01:01:38.916+0000 7fc6a9ffb640 1 -- 172.21.15.78:0/3199160779 <== mgr.14150 v2:172.21.15.78:6800/1698663383 1 ==== command_reply(tid 0: 0 ) ==== 8+0+9564 (secure 0 0 0) 0x7fc69c03bdd0 con 0x7fc69c03ccc0
2024-09-16T01:01:39.798 INFO:teuthology.orchestra.run.smithi078.stdout:/usr/bin/ceph: stderr
2024-09-16T01:01:38.923+0000 7fc6b2ad1640 1 -- 172.21.15.78:0/3199160779 --> [v2:172.21.15.78:6800/1698663383,v1:172.21.15.78:6801/1698663383] -- command(tid 1: {"prefix": "mgr_status"}) -- 0x7fc6ac10be40 con 0x7fc69c03ccc0
2024-09-16T01:01:39.798 INFO:teuthology.orchestra.run.smithi078.stdout:/usr/bin/ceph: stderr
2024-09-16T01:01:38.923+0000 7fc6a9ffb640 1 -- 172.21.15.78:0/3199160779 <== mgr.14150 v2:172.21.15.78:6800/1698663383 2 ==== command_reply(tid 1: 0 ) ==== 8+0+52 (secure 0 0 0) 0x7fc6ac10be40 con 0x7fc69c03ccc0
2024-09-16T01:01:39.798 INFO:teuthology.orchestra.run.smithi078.stdout:/usr/bin/ceph: stderr
2024-09-16T01:01:38.924+0000 7fc6b2ad1640 1 -- 172.21.15.78:0/3199160779 >> [v2:172.21.15.78:6800/1698663383,v1:172.21.15.78:6801/1698663383] conn(0x7fc69c03ccc0 msgr2=0x7fc69c03f0b0 secure :-1 s=STATE_CONNECTION_ESTABLISHED l=1).mark_down
2024-09-16T01:01:39.798 INFO:teuthology.orchestra.run.smithi078.stdout:/usr/bin/ceph: stderr
2024-09-16T01:01:38.924+0000 7fc6b2ad1640 1 --2- 172.21.15.78:0/3199160779 >> [v2:172.21.15.78:6800/1698663383,v1:172.21.15.78:6801/1698663383] conn(0x7fc69c03ccc0 0x7fc69c03f0b0 secure :-1 s=READY pgs=1 cs=0 l=1 rev1=1 crypto rx=0x7fc698003980 tx=0x7fc698006e10 comp rx=0 tx=0).stop
2024-09-16T01:01:39.798 INFO:teuthology.orchestra.run.smithi078.stdout:/usr/bin/ceph: stderr
2024-09-16T01:01:38.924+0000 7fc6b2ad1640 1 -- 172.21.15.78:0/3199160779 >> [v2:172.21.15.78:3300/0,v1:172.21.15.78:6789/0] conn(0x7fc6ac107760 msgr2=0x7fc6ac19d9d0 secure :-1 s=STATE_CONNECTION_ESTABLISHED l=1).mark_down
2024-09-16T01:01:39.798 INFO:teuthology.orchestra.run.smithi078.stdout:/usr/bin/ceph: stderr
2024-09-16T01:01:38.924+0000 7fc6b2ad1640 1 --2- 172.21.15.78:0/3199160779 >> [v2:172.21.15.78:3300/0,v1:172.21.15.78:6789/0] conn(0x7fc6ac107760 0x7fc6ac19d9d0 secure :-1 s=READY pgs=60 cs=0 l=1 rev1=1 crypto rx=0x7fc6a00097f0 tx=0x7fc6a00327b0 comp rx=0 tx=0).stop
2024-09-16T01:01:39.798 INFO:teuthology.orchestra.run.smithi078.stdout:/usr/bin/ceph: stderr
2024-09-16T01:01:38.924+0000 7fc6b2ad1640 1 -- 172.21.15.78:0/3199160779 shutdown_connections
2024-09-16T01:01:39.798 INFO:teuthology.orchestra.run.smithi078.stdout:/usr/bin/ceph: stderr
2024-09-16T01:01:38.924+0000 7fc6b2ad1640 1 --2- 172.21.15.78:0/3199160779 >> [v2:172.21.15.78:6800/1698663383,v1:172.21.15.78:6801/1698663383] conn(0x7fc69c03ccc0 0x7fc69c03f0b0 unknown :-1 s=CLOSED pgs=1 cs=0 l=1 rev1=1 crypto rx=0 tx=0 comp rx=0 tx=0).stop
2024-09-16T01:01:39.798 INFO:teuthology.orchestra.run.smithi078.stdout:/usr/bin/ceph: stderr
2024-09-16T01:01:38.924+0000 7fc6b2ad1640 1 --2- 172.21.15.78:0/3199160779 >> [v2:172.21.15.78:6800/2425087015,v1:172.21.15.78:6801/2425087015] conn(0x7fc69c039200 0x7fc69c03b6c0 unknown :-1 s=CLOSED pgs=0 cs=0 l=1 rev1=0 crypto rx=0 tx=0 comp rx=0 tx=0).stop
2024-09-16T01:01:39.799 INFO:teuthology.orchestra.run.smithi078.stdout:/usr/bin/ceph: stderr
2024-09-16T01:01:38.924+0000 7fc6b2ad1640 1 --2- 172.21.15.78:0/3199160779 >> [v2:172.21.15.78:3300/0,v1:172.21.15.78:6789/0] conn(0x7fc6ac107760 0x7fc6ac19d9d0 unknown :-1 s=CLOSED pgs=60 cs=0 l=1 rev1=1 crypto rx=0 tx=0 comp rx=0 tx=0).stop
2024-09-16T01:01:39.799 INFO:teuthology.orchestra.run.smithi078.stdout:/usr/bin/ceph: stderr
2024-09-16T01:01:38.924+0000 7fc6b2ad1640 1 -- 172.21.15.78:0/3199160779 >> 172.21.15.78:0/3199160779 conn(0x7fc6ac102f30 msgr2=0x7fc6ac103ab0 unknown :-1 s=STATE_NONE l=0).mark_down
2024-09-16T01:01:39.799 INFO:teuthology.orchestra.run.smithi078.stdout:/usr/bin/ceph: stderr
2024-09-16T01:01:38.924+0000 7fc6b2ad1640 1 -- 172.21.15.78:0/3199160779 shutdown_connections
2024-09-16T01:01:39.799 INFO:teuthology.orchestra.run.smithi078.stdout:/usr/bin/ceph: stderr
2024-09-16T01:01:38.924+0000 7fc6b2ad1640 1 -- 172.21.15.78:0/3199160779 wait complete.
2024-09-16T01:01:39.799 INFO:teuthology.orchestra.run.smithi078.stdout:mgr epoch 9 is available
2024-09-16T01:01:39.799 INFO:teuthology.orchestra.run.smithi078.stdout:Generating a dashboard self-signed certificate...
2024-09-16T01:01:40.039 INFO:journalctl@ceph.mon.a.smithi078.stdout:Sep 16 01:01:39 smithi078 ceph-mon[30937]: from='client.14154 -' entity='client.admin' cmd=[{"prefix": "get_command_descriptions"}]: dispatch
2024-09-16T01:01:40.040 INFO:journalctl@ceph.mon.a.smithi078.stdout:Sep 16 01:01:39 smithi078 ceph-mon[30937]: mgrmap e11: x(active, since 1.00569s)
2024-09-16T01:01:40.040 INFO:journalctl@ceph.mon.a.smithi078.stdout:Sep 16 01:01:39 smithi078 ceph-mon[30937]: from='client.14154 -' entity='client.admin' cmd=[{"prefix": "mgr_status"}]: dispatch
2024-09-16T01:01:40.040 INFO:journalctl@ceph.mon.a.smithi078.stdout:Sep 16 01:01:39 smithi078 ceph-mon[30937]: from='mgr.14150 172.21.15.78:0/453231060' entity='mgr.x'
2024-09-16T01:01:41.091 INFO:teuthology.orchestra.run.smithi078.stdout:/usr/bin/ceph: stdout Self-signed certificate created
2024-09-16T01:01:41.091 INFO:teuthology.orchestra.run.smithi078.stdout:/usr/bin/ceph: stderr
2024-09-16T01:01:40.217+0000 7f0f482a0640 1 Processor -- start
2024-09-16T01:01:41.091 INFO:teuthology.orchestra.run.smithi078.stdout:/usr/bin/ceph: stderr
2024-09-16T01:01:40.217+0000 7f0f482a0640 1 -- start start
2024-09-16T01:01:41.091 INFO:teuthology.orchestra.run.smithi078.stdout:/usr/bin/ceph: stderr
2024-09-16T01:01:40.217+0000 7f0f482a0640 1 --2- >> [v2:172.21.15.78:3300/0,v1:172.21.15.78:6789/0] conn(0x7f0f401081f0 0x7f0f4010a5e0 unknown :-1 s=NONE pgs=0 cs=0 l=0 rev1=0 crypto rx=0 tx=0 comp rx=0 tx=0).connect
2024-09-16T01:01:41.091 INFO:teuthology.orchestra.run.smithi078.stdout:/usr/bin/ceph: stderr
2024-09-16T01:01:40.217+0000 7f0f482a0640 1 -- --> [v2:172.21.15.78:3300/0,v1:172.21.15.78:6789/0] -- mon_getmap magic: 0 -- 0x7f0f4007bdf0 con 0x7f0f401081f0
2024-09-16T01:01:41.091 INFO:teuthology.orchestra.run.smithi078.stdout:/usr/bin/ceph: stderr
2024-09-16T01:01:40.218+0000 7f0f4603c640 1 --2- >> [v2:172.21.15.78:3300/0,v1:172.21.15.78:6789/0] conn(0x7f0f401081f0 0x7f0f4010a5e0 unknown :-1 s=BANNER_CONNECTING pgs=0 cs=0 l=0 rev1=0 crypto rx=0 tx=0 comp rx=0 tx=0)._handle_peer_banner_payload supported=3 required=0
2024-09-16T01:01:41.091 INFO:teuthology.orchestra.run.smithi078.stdout:/usr/bin/ceph: stderr
2024-09-16T01:01:40.218+0000 7f0f4603c640 1 --2- >> [v2:172.21.15.78:3300/0,v1:172.21.15.78:6789/0] conn(0x7f0f401081f0 0x7f0f4010a5e0 unknown :-1 s=HELLO_CONNECTING pgs=0 cs=0 l=0 rev1=1 crypto rx=0 tx=0 comp rx=0 tx=0).handle_hello peer v2:172.21.15.78:3300/0 says I am v2:172.21.15.78:46140/0 (socket says 172.21.15.78:46140)
2024-09-16T01:01:41.091 INFO:teuthology.orchestra.run.smithi078.stdout:/usr/bin/ceph: stderr
2024-09-16T01:01:40.218+0000 7f0f4603c640 1 -- 172.21.15.78:0/3274953111 learned_addr learned my addr 172.21.15.78:0/3274953111 (peer_addr_for_me v2:172.21.15.78:0/0)
2024-09-16T01:01:41.091 INFO:teuthology.orchestra.run.smithi078.stdout:/usr/bin/ceph: stderr
2024-09-16T01:01:40.218+0000 7f0f4603c640 1 -- 172.21.15.78:0/3274953111 --> [v2:172.21.15.78:3300/0,v1:172.21.15.78:6789/0] -- mon_subscribe({config=0+,monmap=0+}) -- 0x7f0f4010ab20 con 0x7f0f401081f0
2024-09-16T01:01:41.091 INFO:teuthology.orchestra.run.smithi078.stdout:/usr/bin/ceph: stderr
2024-09-16T01:01:40.219+0000 7f0f4603c640 1 --2- 172.21.15.78:0/3274953111 >> [v2:172.21.15.78:3300/0,v1:172.21.15.78:6789/0] conn(0x7f0f401081f0 0x7f0f4010a5e0 secure :-1 s=READY pgs=68 cs=0 l=1 rev1=1 crypto rx=0x7f0f3c009820 tx=0x7f0f3c02a270 comp rx=0 tx=0).ready entity=mon.0 client_cookie=29b3521a50d9b796 server_cookie=0 in_seq=0 out_seq=0
2024-09-16T01:01:41.091 INFO:teuthology.orchestra.run.smithi078.stdout:/usr/bin/ceph: stderr
2024-09-16T01:01:40.219+0000 7f0f4503a640 1 -- 172.21.15.78:0/3274953111 <== mon.0 v2:172.21.15.78:3300/0 1 ==== mon_map magic: 0 ==== 205+0+0 (secure 0 0 0) 0x7f0f3c037070 con 0x7f0f401081f0
2024-09-16T01:01:41.091 INFO:teuthology.orchestra.run.smithi078.stdout:/usr/bin/ceph: stderr
2024-09-16T01:01:40.219+0000 7f0f4503a640 1 -- 172.21.15.78:0/3274953111 <== mon.0 v2:172.21.15.78:3300/0 2 ==== config(27 keys) ==== 1140+0+0 (secure 0 0 0) 0x7f0f3c032920 con 0x7f0f401081f0
2024-09-16T01:01:41.092 INFO:teuthology.orchestra.run.smithi078.stdout:/usr/bin/ceph: stderr
2024-09-16T01:01:40.219+0000 7f0f4503a640 1 -- 172.21.15.78:0/3274953111 <== mon.0 v2:172.21.15.78:3300/0 3 ==== mon_map magic: 0 ==== 205+0+0 (secure 0 0 0) 0x7f0f3c030810 con 0x7f0f401081f0
2024-09-16T01:01:41.092 INFO:teuthology.orchestra.run.smithi078.stdout:/usr/bin/ceph: stderr
2024-09-16T01:01:40.219+0000 7f0f482a0640 1 -- 172.21.15.78:0/3274953111 >> [v2:172.21.15.78:3300/0,v1:172.21.15.78:6789/0] conn(0x7f0f401081f0 msgr2=0x7f0f4010a5e0 secure :-1 s=STATE_CONNECTION_ESTABLISHED l=1).mark_down
2024-09-16T01:01:41.092 INFO:teuthology.orchestra.run.smithi078.stdout:/usr/bin/ceph: stderr
2024-09-16T01:01:40.219+0000 7f0f482a0640 1 --2- 172.21.15.78:0/3274953111 >> [v2:172.21.15.78:3300/0,v1:172.21.15.78:6789/0] conn(0x7f0f401081f0 0x7f0f4010a5e0 secure :-1 s=READY pgs=68 cs=0 l=1 rev1=1 crypto rx=0x7f0f3c009820 tx=0x7f0f3c02a270 comp rx=0 tx=0).stop
2024-09-16T01:01:41.092 INFO:teuthology.orchestra.run.smithi078.stdout:/usr/bin/ceph: stderr
2024-09-16T01:01:40.220+0000 7f0f482a0640 1 -- 172.21.15.78:0/3274953111 shutdown_connections
2024-09-16T01:01:41.092 INFO:teuthology.orchestra.run.smithi078.stdout:/usr/bin/ceph: stderr
2024-09-16T01:01:40.220+0000 7f0f482a0640 1 --2- 172.21.15.78:0/3274953111 >> [v2:172.21.15.78:3300/0,v1:172.21.15.78:6789/0] conn(0x7f0f401081f0 0x7f0f4010a5e0 unknown :-1 s=CLOSED pgs=68 cs=0 l=1 rev1=1 crypto rx=0 tx=0 comp rx=0 tx=0).stop
2024-09-16T01:01:41.092 INFO:teuthology.orchestra.run.smithi078.stdout:/usr/bin/ceph: stderr
2024-09-16T01:01:40.220+0000 7f0f482a0640 1 -- 172.21.15.78:0/3274953111 >> 172.21.15.78:0/3274953111 conn(0x7f0f40101db0 msgr2=0x7f0f40104210 unknown :-1 s=STATE_NONE l=0).mark_down
2024-09-16T01:01:41.092 INFO:teuthology.orchestra.run.smithi078.stdout:/usr/bin/ceph: stderr
2024-09-16T01:01:40.220+0000 7f0f482a0640 1 -- 172.21.15.78:0/3274953111 shutdown_connections
2024-09-16T01:01:41.092 INFO:teuthology.orchestra.run.smithi078.stdout:/usr/bin/ceph: stderr
2024-09-16T01:01:40.220+0000 7f0f482a0640 1 -- 172.21.15.78:0/3274953111 wait complete.
2024-09-16T01:01:41.092 INFO:teuthology.orchestra.run.smithi078.stdout:/usr/bin/ceph: stderr
2024-09-16T01:01:40.220+0000 7f0f482a0640 1 Processor -- start
2024-09-16T01:01:41.092 INFO:teuthology.orchestra.run.smithi078.stdout:/usr/bin/ceph: stderr
2024-09-16T01:01:40.220+0000 7f0f482a0640 1 -- start start
2024-09-16T01:01:41.092 INFO:teuthology.orchestra.run.smithi078.stdout:/usr/bin/ceph: stderr
2024-09-16T01:01:40.221+0000 7f0f482a0640 1 --2- >> [v2:172.21.15.78:3300/0,v1:172.21.15.78:6789/0] conn(0x7f0f401081f0 0x7f0f40107a70 unknown :-1 s=NONE pgs=0 cs=0 l=1 rev1=0 crypto rx=0 tx=0 comp rx=0 tx=0).connect
2024-09-16T01:01:41.092 INFO:teuthology.orchestra.run.smithi078.stdout:/usr/bin/ceph: stderr
2024-09-16T01:01:40.221+0000 7f0f482a0640 1 -- --> [v2:172.21.15.78:3300/0,v1:172.21.15.78:6789/0] -- mon_getmap magic: 0 -- 0x7f0f4010bb40 con 0x7f0f401081f0
2024-09-16T01:01:41.092 INFO:teuthology.orchestra.run.smithi078.stdout:/usr/bin/ceph: stderr
2024-09-16T01:01:40.221+0000 7f0f4603c640 1 --2- >> [v2:172.21.15.78:3300/0,v1:172.21.15.78:6789/0] conn(0x7f0f401081f0 0x7f0f40107a70 unknown :-1 s=BANNER_CONNECTING pgs=0 cs=0 l=1 rev1=0 crypto rx=0 tx=0 comp rx=0 tx=0)._handle_peer_banner_payload supported=3 required=0
2024-09-16T01:01:41.093 INFO:teuthology.orchestra.run.smithi078.stdout:/usr/bin/ceph: stderr
2024-09-16T01:01:40.221+0000 7f0f4603c640 1 --2- >> [v2:172.21.15.78:3300/0,v1:172.21.15.78:6789/0] conn(0x7f0f401081f0 0x7f0f40107a70 unknown :-1 s=HELLO_CONNECTING pgs=0 cs=0 l=1 rev1=1 crypto rx=0 tx=0 comp rx=0 tx=0).handle_hello peer v2:172.21.15.78:3300/0 says I am v2:172.21.15.78:46142/0 (socket says 172.21.15.78:46142)
2024-09-16T01:01:41.093 INFO:teuthology.orchestra.run.smithi078.stdout:/usr/bin/ceph: stderr
2024-09-16T01:01:40.221+0000 7f0f4603c640 1 -- 172.21.15.78:0/738660187 learned_addr learned my addr 172.21.15.78:0/738660187 (peer_addr_for_me v2:172.21.15.78:0/0)
2024-09-16T01:01:41.093 INFO:teuthology.orchestra.run.smithi078.stdout:/usr/bin/ceph: stderr
2024-09-16T01:01:40.221+0000 7f0f4603c640 1 -- 172.21.15.78:0/738660187 --> [v2:172.21.15.78:3300/0,v1:172.21.15.78:6789/0] -- mon_subscribe({config=0+,monmap=0+}) -- 0x7f0f40107fb0 con 0x7f0f401081f0
2024-09-16T01:01:41.093 INFO:teuthology.orchestra.run.smithi078.stdout:/usr/bin/ceph: stderr
2024-09-16T01:01:40.221+0000 7f0f4603c640 1 --2- 172.21.15.78:0/738660187 >> [v2:172.21.15.78:3300/0,v1:172.21.15.78:6789/0] conn(0x7f0f401081f0 0x7f0f40107a70 secure :-1 s=READY pgs=69 cs=0 l=1 rev1=1 crypto rx=0x7f0f3c030420 tx=0x7f0f3c032670 comp rx=0 tx=0).ready entity=mon.0 client_cookie=0 server_cookie=0 in_seq=0 out_seq=0
2024-09-16T01:01:41.093 INFO:teuthology.orchestra.run.smithi078.stdout:/usr/bin/ceph: stderr
2024-09-16T01:01:40.221+0000 7f0f377fe640 1 -- 172.21.15.78:0/738660187 <== mon.0 v2:172.21.15.78:3300/0 1 ==== mon_map magic: 0 ==== 205+0+0 (secure 0 0 0) 0x7f0f3c037040 con 0x7f0f401081f0
2024-09-16T01:01:41.093 INFO:teuthology.orchestra.run.smithi078.stdout:/usr/bin/ceph: stderr
2024-09-16T01:01:40.221+0000 7f0f377fe640 1 -- 172.21.15.78:0/738660187 <== mon.0 v2:172.21.15.78:3300/0 2 ==== config(27 keys) ==== 1140+0+0 (secure 0 0 0) 0x7f0f3c040070 con 0x7f0f401081f0
2024-09-16T01:01:41.093 INFO:teuthology.orchestra.run.smithi078.stdout:/usr/bin/ceph: stderr
2024-09-16T01:01:40.221+0000 7f0f377fe640 1 -- 172.21.15.78:0/738660187 <== mon.0 v2:172.21.15.78:3300/0 3 ==== mon_map magic: 0 ==== 205+0+0 (secure 0 0 0) 0x7f0f3c03a6e0 con 0x7f0f401081f0
2024-09-16T01:01:41.093 INFO:teuthology.orchestra.run.smithi078.stdout:/usr/bin/ceph: stderr
2024-09-16T01:01:40.221+0000 7f0f482a0640 1 -- 172.21.15.78:0/738660187 --> [v2:172.21.15.78:3300/0,v1:172.21.15.78:6789/0] -- mon_subscribe({mgrmap=0+}) -- 0x7f0f401061a0 con 0x7f0f401081f0
2024-09-16T01:01:41.093 INFO:teuthology.orchestra.run.smithi078.stdout:/usr/bin/ceph: stderr
2024-09-16T01:01:40.221+0000 7f0f482a0640 1 -- 172.21.15.78:0/738660187 --> [v2:172.21.15.78:3300/0,v1:172.21.15.78:6789/0] -- mon_subscribe({osdmap=0}) -- 0x7f0f401066e0 con 0x7f0f401081f0
2024-09-16T01:01:41.093 INFO:teuthology.orchestra.run.smithi078.stdout:/usr/bin/ceph: stderr
2024-09-16T01:01:40.222+0000 7f0f377fe640 1 -- 172.21.15.78:0/738660187 <== mon.0 v2:172.21.15.78:3300/0 4 ==== mgrmap(e 11) ==== 46368+0+0 (secure 0 0 0) 0x7f0f3c03a990 con 0x7f0f401081f0
2024-09-16T01:01:41.093 INFO:teuthology.orchestra.run.smithi078.stdout:/usr/bin/ceph: stderr
2024-09-16T01:01:40.222+0000 7f0f377fe640 1 --2- 172.21.15.78:0/738660187 >> [v2:172.21.15.78:6800/1698663383,v1:172.21.15.78:6801/1698663383] conn(0x7f0f2c039140 0x7f0f2c03b600 unknown :-1 s=NONE pgs=0 cs=0 l=1 rev1=0 crypto rx=0 tx=0 comp rx=0 tx=0).connect
2024-09-16T01:01:41.093 INFO:teuthology.orchestra.run.smithi078.stdout:/usr/bin/ceph: stderr
2024-09-16T01:01:40.222+0000 7f0f377fe640 1 -- 172.21.15.78:0/738660187 <== mon.0 v2:172.21.15.78:3300/0 5 ==== osd_map(3..3 src has 1..3) ==== 1155+0+0 (secure 0 0 0) 0x7f0f3c06c7f0 con 0x7f0f401081f0
2024-09-16T01:01:41.093 INFO:teuthology.orchestra.run.smithi078.stdout:/usr/bin/ceph: stderr
2024-09-16T01:01:40.222+0000 7f0f4583b640 1 --2- 172.21.15.78:0/738660187 >> [v2:172.21.15.78:6800/1698663383,v1:172.21.15.78:6801/1698663383] conn(0x7f0f2c039140 0x7f0f2c03b600 unknown :-1 s=BANNER_CONNECTING pgs=0 cs=0 l=1 rev1=0 crypto rx=0 tx=0 comp rx=0 tx=0)._handle_peer_banner_payload supported=3 required=0
2024-09-16T01:01:41.093 INFO:teuthology.orchestra.run.smithi078.stdout:/usr/bin/ceph: stderr
2024-09-16T01:01:40.222+0000 7f0f482a0640 1 -- 172.21.15.78:0/738660187 --> [v2:172.21.15.78:3300/0,v1:172.21.15.78:6789/0] -- mon_command({"prefix": "get_command_descriptions"} v 0) -- 0x7f0f40108650 con 0x7f0f401081f0
2024-09-16T01:01:41.094 INFO:teuthology.orchestra.run.smithi078.stdout:/usr/bin/ceph: stderr
2024-09-16T01:01:40.223+0000 7f0f4583b640 1 --2- 172.21.15.78:0/738660187 >> [v2:172.21.15.78:6800/1698663383,v1:172.21.15.78:6801/1698663383] conn(0x7f0f2c039140 0x7f0f2c03b600 secure :-1 s=READY pgs=7 cs=0 l=1 rev1=1 crypto rx=0x7f0f300098c0 tx=0x7f0f30006db0 comp rx=0 tx=0).ready entity=mgr.14150 client_cookie=0 server_cookie=0 in_seq=0 out_seq=0
2024-09-16T01:01:41.094 INFO:teuthology.orchestra.run.smithi078.stdout:/usr/bin/ceph: stderr
2024-09-16T01:01:40.227+0000 7f0f377fe640 1 -- 172.21.15.78:0/738660187 <== mon.0 v2:172.21.15.78:3300/0 6 ==== mon_command_ack([{"prefix": "get_command_descriptions"}]=0 v0) ==== 72+0+188821 (secure 0 0 0) 0x7f0f3c041270 con 0x7f0f401081f0
2024-09-16T01:01:41.094 INFO:teuthology.orchestra.run.smithi078.stdout:/usr/bin/ceph: stderr
2024-09-16T01:01:40.406+0000 7f0f482a0640 1 -- 172.21.15.78:0/738660187 --> [v2:172.21.15.78:6800/1698663383,v1:172.21.15.78:6801/1698663383] -- mgr_command(tid 0: {"prefix": "dashboard create-self-signed-cert", "target": ["mon-mgr", ""]}) -- 0x7f0f40106dd0 con 0x7f0f2c039140
2024-09-16T01:01:41.094 INFO:teuthology.orchestra.run.smithi078.stdout:/usr/bin/ceph: stderr
2024-09-16T01:01:40.410+0000 7f0f377fe640 1 -- 172.21.15.78:0/738660187 <== mon.0 v2:172.21.15.78:3300/0 7 ==== mgrmap(e 12) ==== 46474+0+0 (secure 0 0 0) 0x7f0f3c045980 con 0x7f0f401081f0
2024-09-16T01:01:41.094 INFO:teuthology.orchestra.run.smithi078.stdout:/usr/bin/ceph: stderr
2024-09-16T01:01:40.493+0000 7f0f377fe640 1 -- 172.21.15.78:0/738660187 <== mgr.14150 v2:172.21.15.78:6800/1698663383 1 ==== mgr_command_reply(tid 0: 0 ) ==== 8+0+32 (secure 0 0 0) 0x7f0f40106dd0 con 0x7f0f2c039140
2024-09-16T01:01:41.094 INFO:teuthology.orchestra.run.smithi078.stdout:/usr/bin/ceph: stderr
2024-09-16T01:01:40.495+0000 7f0f482a0640 1 -- 172.21.15.78:0/738660187 >> [v2:172.21.15.78:6800/1698663383,v1:172.21.15.78:6801/1698663383] conn(0x7f0f2c039140 msgr2=0x7f0f2c03b600 secure :-1 s=STATE_CONNECTION_ESTABLISHED l=1).mark_down
2024-09-16T01:01:41.094 INFO:teuthology.orchestra.run.smithi078.stdout:/usr/bin/ceph: stderr
2024-09-16T01:01:40.495+0000 7f0f482a0640 1 --2- 172.21.15.78:0/738660187 >> [v2:172.21.15.78:6800/1698663383,v1:172.21.15.78:6801/1698663383] conn(0x7f0f2c039140 0x7f0f2c03b600 secure :-1 s=READY pgs=7 cs=0 l=1 rev1=1 crypto rx=0x7f0f300098c0 tx=0x7f0f30006db0 comp rx=0 tx=0).stop
2024-09-16T01:01:41.094 INFO:teuthology.orchestra.run.smithi078.stdout:/usr/bin/ceph: stderr
2024-09-16T01:01:40.495+0000 7f0f482a0640 1 -- 172.21.15.78:0/738660187 >> [v2:172.21.15.78:3300/0,v1:172.21.15.78:6789/0] conn(0x7f0f401081f0 msgr2=0x7f0f40107a70 secure :-1 s=STATE_CONNECTION_ESTABLISHED l=1).mark_down
2024-09-16T01:01:41.094 INFO:teuthology.orchestra.run.smithi078.stdout:/usr/bin/ceph: stderr
2024-09-16T01:01:40.495+0000 7f0f482a0640 1 --2- 172.21.15.78:0/738660187 >> [v2:172.21.15.78:3300/0,v1:172.21.15.78:6789/0] conn(0x7f0f401081f0 0x7f0f40107a70 secure :-1 s=READY pgs=69 cs=0 l=1 rev1=1 crypto rx=0x7f0f3c030420 tx=0x7f0f3c032670 comp rx=0 tx=0).stop
2024-09-16T01:01:41.094 INFO:teuthology.orchestra.run.smithi078.stdout:/usr/bin/ceph: stderr
2024-09-16T01:01:40.495+0000 7f0f482a0640 1 -- 172.21.15.78:0/738660187 shutdown_connections
2024-09-16T01:01:41.094 INFO:teuthology.orchestra.run.smithi078.stdout:/usr/bin/ceph: stderr
2024-09-16T01:01:40.495+0000 7f0f482a0640 1 --2- 172.21.15.78:0/738660187 >> [v2:172.21.15.78:6800/1698663383,v1:172.21.15.78:6801/1698663383] conn(0x7f0f2c039140 0x7f0f2c03b600 unknown :-1 s=CLOSED pgs=7 cs=0 l=1 rev1=1 crypto rx=0 tx=0 comp rx=0 tx=0).stop
2024-09-16T01:01:41.094 INFO:teuthology.orchestra.run.smithi078.stdout:/usr/bin/ceph: stderr
2024-09-16T01:01:40.495+0000 7f0f482a0640 1 --2- 172.21.15.78:0/738660187 >> [v2:172.21.15.78:3300/0,v1:172.21.15.78:6789/0] conn(0x7f0f401081f0 0x7f0f40107a70 unknown :-1 s=CLOSED pgs=69 cs=0 l=1 rev1=1 crypto rx=0 tx=0 comp rx=0 tx=0).stop
2024-09-16T01:01:41.094 INFO:teuthology.orchestra.run.smithi078.stdout:/usr/bin/ceph: stderr
2024-09-16T01:01:40.495+0000 7f0f482a0640 1 -- 172.21.15.78:0/738660187 >> 172.21.15.78:0/738660187 conn(0x7f0f40101db0 msgr2=0x7f0f40102a10 unknown :-1 s=STATE_NONE l=0).mark_down
2024-09-16T01:01:41.095 INFO:teuthology.orchestra.run.smithi078.stdout:/usr/bin/ceph: stderr
2024-09-16T01:01:40.496+0000 7f0f482a0640 1 -- 172.21.15.78:0/738660187 shutdown_connections
2024-09-16T01:01:41.095 INFO:teuthology.orchestra.run.smithi078.stdout:/usr/bin/ceph: stderr
2024-09-16T01:01:40.496+0000 7f0f482a0640 1 -- 172.21.15.78:0/738660187 wait complete.
2024-09-16T01:01:41.095 INFO:teuthology.orchestra.run.smithi078.stdout:Creating initial admin user...
2024-09-16T01:01:41.193 INFO:journalctl@ceph.mon.a.smithi078.stdout:Sep 16 01:01:40 smithi078 ceph-mon[30937]: [16/Sep/2024:01:01:39] ENGINE Bus STARTING
2024-09-16T01:01:41.193 INFO:journalctl@ceph.mon.a.smithi078.stdout:Sep 16 01:01:40 smithi078 ceph-mon[30937]: [16/Sep/2024:01:01:39] ENGINE Serving on http://172.21.15.78:8765
2024-09-16T01:01:41.193 INFO:journalctl@ceph.mon.a.smithi078.stdout:Sep 16 01:01:40 smithi078 ceph-mon[30937]: [16/Sep/2024:01:01:39] ENGINE Serving on https://172.21.15.78:7150
2024-09-16T01:01:41.193 INFO:journalctl@ceph.mon.a.smithi078.stdout:Sep 16 01:01:40 smithi078 ceph-mon[30937]: [16/Sep/2024:01:01:39] ENGINE Bus STARTED
2024-09-16T01:01:41.194 INFO:journalctl@ceph.mon.a.smithi078.stdout:Sep 16 01:01:40 smithi078 ceph-mon[30937]: [16/Sep/2024:01:01:39] ENGINE Error in HTTPServer.serve
2024-09-16T01:01:41.194 INFO:journalctl@ceph.mon.a.smithi078.stdout: Traceback (most recent call last):
2024-09-16T01:01:41.194 INFO:journalctl@ceph.mon.a.smithi078.stdout: File "/lib/python3.9/site-packages/cheroot/server.py", line 1823, in serve
2024-09-16T01:01:41.194 INFO:journalctl@ceph.mon.a.smithi078.stdout: self._connections.run(self.expiration_interval)
2024-09-16T01:01:41.194 INFO:journalctl@ceph.mon.a.smithi078.stdout: File "/lib/python3.9/site-packages/cheroot/connections.py", line 203, in run
2024-09-16T01:01:41.194 INFO:journalctl@ceph.mon.a.smithi078.stdout: self._run(expiration_interval)
2024-09-16T01:01:41.194 INFO:journalctl@ceph.mon.a.smithi078.stdout: File "/lib/python3.9/site-packages/cheroot/connections.py", line 246, in _run
2024-09-16T01:01:41.194 INFO:journalctl@ceph.mon.a.smithi078.stdout: new_conn = self._from_server_socket(self.server.socket)
2024-09-16T01:01:41.194 INFO:journalctl@ceph.mon.a.smithi078.stdout: File "/lib/python3.9/site-packages/cheroot/connections.py", line 300, in _from_server_socket
2024-09-16T01:01:41.194 INFO:journalctl@ceph.mon.a.smithi078.stdout: s, ssl_env = self.server.ssl_adapter.wrap(s)
2024-09-16T01:01:41.194 INFO:journalctl@ceph.mon.a.smithi078.stdout: File "/lib/python3.9/site-packages/cheroot/ssl/builtin.py", line 277, in wrap
2024-09-16T01:01:41.194 INFO:journalctl@ceph.mon.a.smithi078.stdout: s = self.context.wrap_socket(
2024-09-16T01:01:41.194 INFO:journalctl@ceph.mon.a.smithi078.stdout: File "/lib64/python3.9/ssl.py", line 501, in wrap_socket
2024-09-16T01:01:41.195 INFO:journalctl@ceph.mon.a.smithi078.stdout: return self.sslsocket_class._create(
2024-09-16T01:01:41.195 INFO:journalctl@ceph.mon.a.smithi078.stdout: File "/lib64/python3.9/ssl.py", line 1074, in _create
2024-09-16T01:01:41.195 INFO:journalctl@ceph.mon.a.smithi078.stdout: self.do_handshake()
