2024-09-16T01:25:54.563 INFO:teuthology.orchestra.run.smithi012.stdout:/usr/bin/ceph: stderr
2024-09-16T01:25:53.646+0000 7ff602a00640 1 -- 172.21.15.12:0/320755864 <== mon.0 v2:172.21.15.12:3300/0 2 ==== config(29 keys) ==== 1178+0+0 (secure 0 0 0) 0x7ff5fc0326b0 con 0x7ff60807dd60
2024-09-16T01:25:54.563 INFO:teuthology.orchestra.run.smithi012.stdout:/usr/bin/ceph: stderr
2024-09-16T01:25:53.646+0000 7ff60f200640 1 -- 172.21.15.12:0/320755864 --> [v2:172.21.15.12:3300/0,v1:172.21.15.12:6789/0] -- mon_subscribe({mgrmap=0+}) -- 0x7ff60819e3b0 con 0x7ff60807dd60
2024-09-16T01:25:54.563 INFO:teuthology.orchestra.run.smithi012.stdout:/usr/bin/ceph: stderr
2024-09-16T01:25:53.646+0000 7ff602a00640 1 -- 172.21.15.12:0/320755864 <== mon.0 v2:172.21.15.12:3300/0 3 ==== mon_map magic: 0 ==== 205+0+0 (secure 0 0 0) 0x7ff5fc037040 con 0x7ff60807dd60
2024-09-16T01:25:54.563 INFO:teuthology.orchestra.run.smithi012.stdout:/usr/bin/ceph: stderr
2024-09-16T01:25:53.646+0000 7ff60f200640 1 -- 172.21.15.12:0/320755864 --> [v2:172.21.15.12:3300/0,v1:172.21.15.12:6789/0] -- mon_subscribe({osdmap=0}) -- 0x7ff6081a10a0 con 0x7ff60807dd60
2024-09-16T01:25:54.563 INFO:teuthology.orchestra.run.smithi012.stdout:/usr/bin/ceph: stderr
2024-09-16T01:25:53.647+0000 7ff602a00640 1 -- 172.21.15.12:0/320755864 <== mon.0 v2:172.21.15.12:3300/0 4 ==== mgrmap(e 3) ==== 46344+0+0 (secure 0 0 0) 0x7ff5fc045070 con 0x7ff60807dd60
2024-09-16T01:25:54.563 INFO:teuthology.orchestra.run.smithi012.stdout:/usr/bin/ceph: stderr
2024-09-16T01:25:53.647+0000 7ff60f200640 1 -- 172.21.15.12:0/320755864 --> [v2:172.21.15.12:3300/0,v1:172.21.15.12:6789/0] -- mon_command({"prefix": "get_command_descriptions"} v 0) -- 0x7ff60807c3a0 con 0x7ff60807dd60
2024-09-16T01:25:54.563 INFO:teuthology.orchestra.run.smithi012.stdout:/usr/bin/ceph: stderr
2024-09-16T01:25:53.647+0000 7ff602a00640 1 --2- 172.21.15.12:0/320755864 >> [v2:172.21.15.12:6800/321378200,v1:172.21.15.12:6801/321378200] conn(0x7ff5f00390a0 0x7ff5f003b560 unknown :-1 s=NONE pgs=0 cs=0 l=1 rev1=0 crypto rx=0 tx=0 comp rx=0 tx=0).connect
2024-09-16T01:25:54.564 INFO:teuthology.orchestra.run.smithi012.stdout:/usr/bin/ceph: stderr
2024-09-16T01:25:53.647+0000 7ff602a00640 1 -- 172.21.15.12:0/320755864 <== mon.0 v2:172.21.15.12:3300/0 5 ==== osd_map(1..1 src has 1..1) ==== 725+0+0 (secure 0 0 0) 0x7ff5fc06bfa0 con 0x7ff60807dd60
2024-09-16T01:25:54.564 INFO:teuthology.orchestra.run.smithi012.stdout:/usr/bin/ceph: stderr
2024-09-16T01:25:53.648+0000 7ff60d400640 1 --2- 172.21.15.12:0/320755864 >> [v2:172.21.15.12:6800/321378200,v1:172.21.15.12:6801/321378200] conn(0x7ff5f00390a0 0x7ff5f003b560 unknown :-1 s=BANNER_CONNECTING pgs=0 cs=0 l=1 rev1=0 crypto rx=0 tx=0 comp rx=0 tx=0)._handle_peer_banner_payload supported=3 required=0
2024-09-16T01:25:54.564 INFO:teuthology.orchestra.run.smithi012.stdout:/usr/bin/ceph: stderr
2024-09-16T01:25:53.648+0000 7ff60d400640 1 --2- 172.21.15.12:0/320755864 >> [v2:172.21.15.12:6800/321378200,v1:172.21.15.12:6801/321378200] conn(0x7ff5f00390a0 0x7ff5f003b560 secure :-1 s=READY pgs=6 cs=0 l=1 rev1=1 crypto rx=0x7ff5f80098c0 tx=0x7ff5f8006db0 comp rx=0 tx=0).ready entity=mgr.14100 client_cookie=0 server_cookie=0 in_seq=0 out_seq=0
2024-09-16T01:25:54.564 INFO:teuthology.orchestra.run.smithi012.stdout:/usr/bin/ceph: stderr
2024-09-16T01:25:53.653+0000 7ff602a00640 1 -- 172.21.15.12:0/320755864 <== mon.0 v2:172.21.15.12:3300/0 6 ==== mon_command_ack([{"prefix": "get_command_descriptions"}]=0 v0) ==== 72+0+188821 (secure 0 0 0) 0x7ff5fc04b170 con 0x7ff60807dd60
2024-09-16T01:25:54.564 INFO:teuthology.orchestra.run.smithi012.stdout:/usr/bin/ceph: stderr
2024-09-16T01:25:53.757+0000 7ff602a00640 1 -- 172.21.15.12:0/320755864 <== mon.0 v2:172.21.15.12:3300/0 7 ==== mgrmap(e 4) ==== 46450+0+0 (secure 0 0 0) 0x7ff5fc03d430 con 0x7ff60807dd60
2024-09-16T01:25:54.564 INFO:teuthology.orchestra.run.smithi012.stdout:/usr/bin/ceph: stderr
2024-09-16T01:25:53.912+0000 7ff60f200640 1 -- 172.21.15.12:0/320755864 --> [v2:172.21.15.12:3300/0,v1:172.21.15.12:6789/0] -- mon_command({"prefix": "status", "format": "json-pretty"} v 0) -- 0x7ff6081a1680 con 0x7ff60807dd60
2024-09-16T01:25:54.564 INFO:teuthology.orchestra.run.smithi012.stdout:/usr/bin/ceph: stderr
2024-09-16T01:25:53.913+0000 7ff602a00640 1 -- 172.21.15.12:0/320755864 <== mon.0 v2:172.21.15.12:3300/0 8 ==== mon_command_ack([{"prefix": "status", "format": "json-pretty"}]=0 v0) ==== 79+0+1291 (secure 0 0 0) 0x7ff5fc043260 con 0x7ff60807dd60
2024-09-16T01:25:54.564 INFO:teuthology.orchestra.run.smithi012.stdout:/usr/bin/ceph: stderr
2024-09-16T01:25:53.915+0000 7ff60f200640 1 -- 172.21.15.12:0/320755864 >> [v2:172.21.15.12:6800/321378200,v1:172.21.15.12:6801/321378200] conn(0x7ff5f00390a0 msgr2=0x7ff5f003b560 secure :-1 s=STATE_CONNECTION_ESTABLISHED l=1).mark_down
2024-09-16T01:25:54.564 INFO:teuthology.orchestra.run.smithi012.stdout:/usr/bin/ceph: stderr
2024-09-16T01:25:53.915+0000 7ff60f200640 1 --2- 172.21.15.12:0/320755864 >> [v2:172.21.15.12:6800/321378200,v1:172.21.15.12:6801/321378200] conn(0x7ff5f00390a0 0x7ff5f003b560 secure :-1 s=READY pgs=6 cs=0 l=1 rev1=1 crypto rx=0x7ff5f80098c0 tx=0x7ff5f8006db0 comp rx=0 tx=0).stop
2024-09-16T01:25:54.564 INFO:teuthology.orchestra.run.smithi012.stdout:/usr/bin/ceph: stderr
2024-09-16T01:25:53.915+0000 7ff60f200640 1 -- 172.21.15.12:0/320755864 >> [v2:172.21.15.12:3300/0,v1:172.21.15.12:6789/0] conn(0x7ff60807dd60 msgr2=0x7ff60819dbe0 secure :-1 s=STATE_CONNECTION_ESTABLISHED l=1).mark_down
2024-09-16T01:25:54.564 INFO:teuthology.orchestra.run.smithi012.stdout:/usr/bin/ceph: stderr
2024-09-16T01:25:53.915+0000 7ff60f200640 1 --2- 172.21.15.12:0/320755864 >> [v2:172.21.15.12:3300/0,v1:172.21.15.12:6789/0] conn(0x7ff60807dd60 0x7ff60819dbe0 secure :-1 s=READY pgs=17 cs=0 l=1 rev1=1 crypto rx=0x7ff5fc009940 tx=0x7ff5fc032e60 comp rx=0 tx=0).stop
2024-09-16T01:25:54.564 INFO:teuthology.orchestra.run.smithi012.stdout:/usr/bin/ceph: stderr
2024-09-16T01:25:53.915+0000 7ff60f200640 1 -- 172.21.15.12:0/320755864 shutdown_connections
2024-09-16T01:25:54.564 INFO:teuthology.orchestra.run.smithi012.stdout:/usr/bin/ceph: stderr
2024-09-16T01:25:53.915+0000 7ff60f200640 1 --2- 172.21.15.12:0/320755864 >> [v2:172.21.15.12:6800/321378200,v1:172.21.15.12:6801/321378200] conn(0x7ff5f00390a0 0x7ff5f003b560 unknown :-1 s=CLOSED pgs=6 cs=0 l=1 rev1=1 crypto rx=0 tx=0 comp rx=0 tx=0).stop
2024-09-16T01:25:54.564 INFO:teuthology.orchestra.run.smithi012.stdout:/usr/bin/ceph: stderr
2024-09-16T01:25:53.915+0000 7ff60f200640 1 --2- 172.21.15.12:0/320755864 >> [v2:172.21.15.12:3300/0,v1:172.21.15.12:6789/0] conn(0x7ff60807dd60 0x7ff60819dbe0 unknown :-1 s=CLOSED pgs=17 cs=0 l=1 rev1=1 crypto rx=0 tx=0 comp rx=0 tx=0).stop
2024-09-16T01:25:54.565 INFO:teuthology.orchestra.run.smithi012.stdout:/usr/bin/ceph: stderr
2024-09-16T01:25:53.915+0000 7ff60f200640 1 -- 172.21.15.12:0/320755864 >> 172.21.15.12:0/320755864 conn(0x7ff6081031f0 msgr2=0x7ff608103df0 unknown :-1 s=STATE_NONE l=0).mark_down
2024-09-16T01:25:54.565 INFO:teuthology.orchestra.run.smithi012.stdout:/usr/bin/ceph: stderr
2024-09-16T01:25:53.916+0000 7ff60f200640 1 -- 172.21.15.12:0/320755864 shutdown_connections
2024-09-16T01:25:54.565 INFO:teuthology.orchestra.run.smithi012.stdout:/usr/bin/ceph: stderr
2024-09-16T01:25:53.916+0000 7ff60f200640 1 -- 172.21.15.12:0/320755864 wait complete.
2024-09-16T01:25:54.565 INFO:teuthology.orchestra.run.smithi012.stdout:mgr is available
2024-09-16T01:25:54.811 INFO:journalctl@ceph.mon.a.smithi012.stdout:Sep 16 01:25:54 smithi012 ceph-mon[30949]: mgrmap e4: x(active, since 2s)
2024-09-16T01:25:54.811 INFO:journalctl@ceph.mon.a.smithi012.stdout:Sep 16 01:25:54 smithi012 ceph-mon[30949]: from='client.? 172.21.15.12:0/320755864' entity='client.admin' cmd=[{"prefix": "status", "format": "json-pretty"}]: dispatch
2024-09-16T01:25:55.884 INFO:journalctl@ceph.mon.a.smithi012.stdout:Sep 16 01:25:55 smithi012 ceph-mon[30949]: from='client.? 172.21.15.12:0/2023443968' entity='client.admin' cmd=[{"prefix": "config assimilate-conf"}]: dispatch
2024-09-16T01:25:55.900 INFO:teuthology.orchestra.run.smithi012.stdout:/usr/bin/ceph: stdout
2024-09-16T01:25:55.900 INFO:teuthology.orchestra.run.smithi012.stdout:/usr/bin/ceph: stdout [global]
2024-09-16T01:25:55.900 INFO:teuthology.orchestra.run.smithi012.stdout:/usr/bin/ceph: stdout fsid = 6b00df8a-73ca-11ef-bceb-c7b262605968
2024-09-16T01:25:55.900 INFO:teuthology.orchestra.run.smithi012.stdout:/usr/bin/ceph: stdout mon_host = [v2:172.21.15.12:3300,v1:172.21.15.12:6789]
2024-09-16T01:25:55.900 INFO:teuthology.orchestra.run.smithi012.stdout:/usr/bin/ceph: stdout mon_osd_allow_pg_remap = true
2024-09-16T01:25:55.900 INFO:teuthology.orchestra.run.smithi012.stdout:/usr/bin/ceph: stdout mon_osd_allow_primary_affinity = true
2024-09-16T01:25:55.900 INFO:teuthology.orchestra.run.smithi012.stdout:/usr/bin/ceph: stdout mon_warn_on_no_sortbitwise = false
2024-09-16T01:25:55.901 INFO:teuthology.orchestra.run.smithi012.stdout:/usr/bin/ceph: stdout osd_crush_chooseleaf_type = 0
2024-09-16T01:25:55.901 INFO:teuthology.orchestra.run.smithi012.stdout:/usr/bin/ceph: stdout
2024-09-16T01:25:55.901 INFO:teuthology.orchestra.run.smithi012.stdout:/usr/bin/ceph: stdout [mgr]
2024-09-16T01:25:55.901 INFO:teuthology.orchestra.run.smithi012.stdout:/usr/bin/ceph: stdout mgr/telemetry/nag = false
2024-09-16T01:25:55.901 INFO:teuthology.orchestra.run.smithi012.stdout:/usr/bin/ceph: stdout
2024-09-16T01:25:55.901 INFO:teuthology.orchestra.run.smithi012.stdout:/usr/bin/ceph: stdout [osd]
2024-09-16T01:25:55.901 INFO:teuthology.orchestra.run.smithi012.stdout:/usr/bin/ceph: stdout mon_osd_backfillfull_ratio = 0.85
2024-09-16T01:25:55.901 INFO:teuthology.orchestra.run.smithi012.stdout:/usr/bin/ceph: stdout mon_osd_full_ratio = 0.9
2024-09-16T01:25:55.901 INFO:teuthology.orchestra.run.smithi012.stdout:/usr/bin/ceph: stdout mon_osd_nearfull_ratio = 0.8
2024-09-16T01:25:55.901 INFO:teuthology.orchestra.run.smithi012.stdout:/usr/bin/ceph: stdout osd_map_max_advance = 10
2024-09-16T01:25:55.901 INFO:teuthology.orchestra.run.smithi012.stdout:/usr/bin/ceph: stdout osd_sloppy_crc = true
2024-09-16T01:25:55.901 INFO:teuthology.orchestra.run.smithi012.stdout:/usr/bin/ceph: stderr
2024-09-16T01:25:55.037+0000 7f01f6c00640 1 Processor -- start
2024-09-16T01:25:55.901 INFO:teuthology.orchestra.run.smithi012.stdout:/usr/bin/ceph: stderr
2024-09-16T01:25:55.037+0000 7f01f6c00640 1 -- start start
2024-09-16T01:25:55.902 INFO:teuthology.orchestra.run.smithi012.stdout:/usr/bin/ceph: stderr
2024-09-16T01:25:55.037+0000 7f01f6c00640 1 --2- >> [v2:172.21.15.12:3300/0,v1:172.21.15.12:6789/0] conn(0x7f01f01061f0 0x7f01f01065f0 unknown :-1 s=NONE pgs=0 cs=0 l=0 rev1=0 crypto rx=0 tx=0 comp rx=0 tx=0).connect
2024-09-16T01:25:55.902 INFO:teuthology.orchestra.run.smithi012.stdout:/usr/bin/ceph: stderr
2024-09-16T01:25:55.037+0000 7f01f6c00640 1 -- --> [v2:172.21.15.12:3300/0,v1:172.21.15.12:6789/0] -- mon_getmap magic: 0 -- 0x7f01f0063470 con 0x7f01f01061f0
2024-09-16T01:25:55.902 INFO:teuthology.orchestra.run.smithi012.stdout:/usr/bin/ceph: stderr
2024-09-16T01:25:55.037+0000 7f01f5800640 1 --2- >> [v2:172.21.15.12:3300/0,v1:172.21.15.12:6789/0] conn(0x7f01f01061f0 0x7f01f01065f0 unknown :-1 s=BANNER_CONNECTING pgs=0 cs=0 l=0 rev1=0 crypto rx=0 tx=0 comp rx=0 tx=0)._handle_peer_banner_payload supported=3 required=0
2024-09-16T01:25:55.902 INFO:teuthology.orchestra.run.smithi012.stdout:/usr/bin/ceph: stderr
2024-09-16T01:25:55.037+0000 7f01f5800640 1 --2- >> [v2:172.21.15.12:3300/0,v1:172.21.15.12:6789/0] conn(0x7f01f01061f0 0x7f01f01065f0 unknown :-1 s=HELLO_CONNECTING pgs=0 cs=0 l=0 rev1=1 crypto rx=0 tx=0 comp rx=0 tx=0).handle_hello peer v2:172.21.15.12:3300/0 says I am v2:172.21.15.12:43252/0 (socket says 172.21.15.12:43252)
2024-09-16T01:25:55.902 INFO:teuthology.orchestra.run.smithi012.stdout:/usr/bin/ceph: stderr
2024-09-16T01:25:55.037+0000 7f01f5800640 1 -- 172.21.15.12:0/2535140225 learned_addr learned my addr 172.21.15.12:0/2535140225 (peer_addr_for_me v2:172.21.15.12:0/0)
2024-09-16T01:25:55.902 INFO:teuthology.orchestra.run.smithi012.stdout:/usr/bin/ceph: stderr
2024-09-16T01:25:55.038+0000 7f01f5800640 1 -- 172.21.15.12:0/2535140225 --> [v2:172.21.15.12:3300/0,v1:172.21.15.12:6789/0] -- mon_subscribe({config=0+,monmap=0+}) -- 0x7f01f0106b30 con 0x7f01f01061f0
2024-09-16T01:25:55.902 INFO:teuthology.orchestra.run.smithi012.stdout:/usr/bin/ceph: stderr
2024-09-16T01:25:55.039+0000 7f01f5800640 1 --2- 172.21.15.12:0/2535140225 >> [v2:172.21.15.12:3300/0,v1:172.21.15.12:6789/0] conn(0x7f01f01061f0 0x7f01f01065f0 secure :-1 s=READY pgs=18 cs=0 l=1 rev1=1 crypto rx=0x7f01e4009820 tx=0x7f01e402a270 comp rx=0 tx=0).ready entity=mon.0 client_cookie=5eeab1d208d7864f server_cookie=0 in_seq=0 out_seq=0
2024-09-16T01:25:55.902 INFO:teuthology.orchestra.run.smithi012.stdout:/usr/bin/ceph: stderr
2024-09-16T01:25:55.039+0000 7f01efe00640 1 -- 172.21.15.12:0/2535140225 <== mon.0 v2:172.21.15.12:3300/0 1 ==== mon_map magic: 0 ==== 205+0+0 (secure 0 0 0) 0x7f01e4037070 con 0x7f01f01061f0
2024-09-16T01:25:55.902 INFO:teuthology.orchestra.run.smithi012.stdout:/usr/bin/ceph: stderr
2024-09-16T01:25:55.039+0000 7f01efe00640 1 -- 172.21.15.12:0/2535140225 <== mon.0 v2:172.21.15.12:3300/0 2 ==== config(29 keys) ==== 1178+0+0 (secure 0 0 0) 0x7f01e4032940 con 0x7f01f01061f0
2024-09-16T01:25:55.902 INFO:teuthology.orchestra.run.smithi012.stdout:/usr/bin/ceph: stderr
2024-09-16T01:25:55.039+0000 7f01efe00640 1 -- 172.21.15.12:0/2535140225 <== mon.0 v2:172.21.15.12:3300/0 3 ==== mon_map magic: 0 ==== 205+0+0 (secure 0 0 0) 0x7f01e40309c0 con 0x7f01f01061f0
2024-09-16T01:25:55.902 INFO:teuthology.orchestra.run.smithi012.stdout:/usr/bin/ceph: stderr
2024-09-16T01:25:55.040+0000 7f01f6c00640 1 -- 172.21.15.12:0/2535140225 >> [v2:172.21.15.12:3300/0,v1:172.21.15.12:6789/0] conn(0x7f01f01061f0 msgr2=0x7f01f01065f0 secure :-1 s=STATE_CONNECTION_ESTABLISHED l=1).mark_down
2024-09-16T01:25:55.902 INFO:teuthology.orchestra.run.smithi012.stdout:/usr/bin/ceph: stderr
2024-09-16T01:25:55.040+0000 7f01f6c00640 1 --2- 172.21.15.12:0/2535140225 >> [v2:172.21.15.12:3300/0,v1:172.21.15.12:6789/0] conn(0x7f01f01061f0 0x7f01f01065f0 secure :-1 s=READY pgs=18 cs=0 l=1 rev1=1 crypto rx=0x7f01e4009820 tx=0x7f01e402a270 comp rx=0 tx=0).stop
2024-09-16T01:25:55.902 INFO:teuthology.orchestra.run.smithi012.stdout:/usr/bin/ceph: stderr
2024-09-16T01:25:55.040+0000 7f01f6c00640 1 -- 172.21.15.12:0/2535140225 shutdown_connections
2024-09-16T01:25:55.903 INFO:teuthology.orchestra.run.smithi012.stdout:/usr/bin/ceph: stderr
2024-09-16T01:25:55.040+0000 7f01f6c00640 1 --2- 172.21.15.12:0/2535140225 >> [v2:172.21.15.12:3300/0,v1:172.21.15.12:6789/0] conn(0x7f01f01061f0 0x7f01f01065f0 unknown :-1 s=CLOSED pgs=18 cs=0 l=1 rev1=1 crypto rx=0 tx=0 comp rx=0 tx=0).stop
2024-09-16T01:25:55.903 INFO:teuthology.orchestra.run.smithi012.stdout:/usr/bin/ceph: stderr
2024-09-16T01:25:55.040+0000 7f01f6c00640 1 -- 172.21.15.12:0/2535140225 >> 172.21.15.12:0/2535140225 conn(0x7f01f0102040 msgr2=0x7f01f0104460 unknown :-1 s=STATE_NONE l=0).mark_down
2024-09-16T01:25:55.903 INFO:teuthology.orchestra.run.smithi012.stdout:/usr/bin/ceph: stderr
2024-09-16T01:25:55.040+0000 7f01f6c00640 1 -- 172.21.15.12:0/2535140225 shutdown_connections
2024-09-16T01:25:55.903 INFO:teuthology.orchestra.run.smithi012.stdout:/usr/bin/ceph: stderr
2024-09-16T01:25:55.040+0000 7f01f6c00640 1 -- 172.21.15.12:0/2535140225 wait complete.
2024-09-16T01:25:55.903 INFO:teuthology.orchestra.run.smithi012.stdout:/usr/bin/ceph: stderr
2024-09-16T01:25:55.041+0000 7f01f6c00640 1 Processor -- start
2024-09-16T01:25:55.903 INFO:teuthology.orchestra.run.smithi012.stdout:/usr/bin/ceph: stderr
2024-09-16T01:25:55.041+0000 7f01f6c00640 1 -- start start
2024-09-16T01:25:55.903 INFO:teuthology.orchestra.run.smithi012.stdout:/usr/bin/ceph: stderr
2024-09-16T01:25:55.041+0000 7f01f6c00640 1 --2- >> [v2:172.21.15.12:3300/0,v1:172.21.15.12:6789/0] conn(0x7f01f01061f0 0x7f01f019db60 unknown :-1 s=NONE pgs=0 cs=0 l=1 rev1=0 crypto rx=0 tx=0 comp rx=0 tx=0).connect
2024-09-16T01:25:55.903 INFO:teuthology.orchestra.run.smithi012.stdout:/usr/bin/ceph: stderr
2024-09-16T01:25:55.041+0000 7f01f6c00640 1 -- --> [v2:172.21.15.12:3300/0,v1:172.21.15.12:6789/0] -- mon_getmap magic: 0 -- 0x7f01f0107cf0 con 0x7f01f01061f0
2024-09-16T01:25:55.903 INFO:teuthology.orchestra.run.smithi012.stdout:/usr/bin/ceph: stderr
2024-09-16T01:25:55.042+0000 7f01f5800640 1 --2- >> [v2:172.21.15.12:3300/0,v1:172.21.15.12:6789/0] conn(0x7f01f01061f0 0x7f01f019db60 unknown :-1 s=BANNER_CONNECTING pgs=0 cs=0 l=1 rev1=0 crypto rx=0 tx=0 comp rx=0 tx=0)._handle_peer_banner_payload supported=3 required=0
2024-09-16T01:25:55.903 INFO:teuthology.orchestra.run.smithi012.stdout:/usr/bin/ceph: stderr
2024-09-16T01:25:55.042+0000 7f01f5800640 1 --2- >> [v2:172.21.15.12:3300/0,v1:172.21.15.12:6789/0] conn(0x7f01f01061f0 0x7f01f019db60 unknown :-1 s=HELLO_CONNECTING pgs=0 cs=0 l=1 rev1=1 crypto rx=0 tx=0 comp rx=0 tx=0).handle_hello peer v2:172.21.15.12:3300/0 says I am v2:172.21.15.12:43266/0 (socket says 172.21.15.12:43266)
2024-09-16T01:25:55.903 INFO:teuthology.orchestra.run.smithi012.stdout:/usr/bin/ceph: stderr
2024-09-16T01:25:55.042+0000 7f01f5800640 1 -- 172.21.15.12:0/2023443968 learned_addr learned my addr 172.21.15.12:0/2023443968 (peer_addr_for_me v2:172.21.15.12:0/0)
2024-09-16T01:25:55.903 INFO:teuthology.orchestra.run.smithi012.stdout:/usr/bin/ceph: stderr
2024-09-16T01:25:55.042+0000 7f01f5800640 1 -- 172.21.15.12:0/2023443968 --> [v2:172.21.15.12:3300/0,v1:172.21.15.12:6789/0] -- mon_subscribe({config=0+,monmap=0+}) -- 0x7f01f019e0a0 con 0x7f01f01061f0
2024-09-16T01:25:55.903 INFO:teuthology.orchestra.run.smithi012.stdout:/usr/bin/ceph: stderr
2024-09-16T01:25:55.042+0000 7f01f5800640 1 --2- 172.21.15.12:0/2023443968 >> [v2:172.21.15.12:3300/0,v1:172.21.15.12:6789/0] conn(0x7f01f01061f0 0x7f01f019db60 secure :-1 s=READY pgs=19 cs=0 l=1 rev1=1 crypto rx=0x7f01e4032d90 tx=0x7f01e4032dc0 comp rx=0 tx=0).ready entity=mon.0 client_cookie=0 server_cookie=0 in_seq=0 out_seq=0
2024-09-16T01:25:55.903 INFO:teuthology.orchestra.run.smithi012.stdout:/usr/bin/ceph: stderr
2024-09-16T01:25:55.043+0000 7f01ee000640 1 -- 172.21.15.12:0/2023443968 <== mon.0 v2:172.21.15.12:3300/0 1 ==== mon_map magic: 0 ==== 205+0+0 (secure 0 0 0) 0x7f01e4042070 con 0x7f01f01061f0
2024-09-16T01:25:55.904 INFO:teuthology.orchestra.run.smithi012.stdout:/usr/bin/ceph: stderr
2024-09-16T01:25:55.043+0000 7f01ee000640 1 -- 172.21.15.12:0/2023443968 <== mon.0 v2:172.21.15.12:3300/0 2 ==== config(29 keys) ==== 1178+0+0 (secure 0 0 0) 0x7f01e40325f0 con 0x7f01f01061f0
2024-09-16T01:25:55.904 INFO:teuthology.orchestra.run.smithi012.stdout:/usr/bin/ceph: stderr
2024-09-16T01:25:55.043+0000 7f01ee000640 1 -- 172.21.15.12:0/2023443968 <== mon.0 v2:172.21.15.12:3300/0 3 ==== mon_map magic: 0 ==== 205+0+0 (secure 0 0 0) 0x7f01e4037040 con 0x7f01f01061f0
2024-09-16T01:25:55.904 INFO:teuthology.orchestra.run.smithi012.stdout:/usr/bin/ceph: stderr
2024-09-16T01:25:55.043+0000 7f01f6c00640 1 -- 172.21.15.12:0/2023443968 --> [v2:172.21.15.12:3300/0,v1:172.21.15.12:6789/0] -- mon_subscribe({mgrmap=0+}) -- 0x7f01f019e330 con 0x7f01f01061f0
2024-09-16T01:25:55.904 INFO:teuthology.orchestra.run.smithi012.stdout:/usr/bin/ceph: stderr
2024-09-16T01:25:55.043+0000 7f01f6c00640 1 -- 172.21.15.12:0/2023443968 --> [v2:172.21.15.12:3300/0,v1:172.21.15.12:6789/0] -- mon_subscribe({osdmap=0}) -- 0x7f01f01a1020 con 0x7f01f01061f0
2024-09-16T01:25:55.904 INFO:teuthology.orchestra.run.smithi012.stdout:/usr/bin/ceph: stderr
2024-09-16T01:25:55.044+0000 7f01ee000640 1 -- 172.21.15.12:0/2023443968 <== mon.0 v2:172.21.15.12:3300/0 4 ==== mgrmap(e 4) ==== 46450+0+0 (secure 0 0 0) 0x7f01e4045070 con 0x7f01f01061f0
2024-09-16T01:25:55.904 INFO:teuthology.orchestra.run.smithi012.stdout:/usr/bin/ceph: stderr
2024-09-16T01:25:55.044+0000 7f01f6c00640 1 -- 172.21.15.12:0/2023443968 --> [v2:172.21.15.12:3300/0,v1:172.21.15.12:6789/0] -- mon_command({"prefix": "get_command_descriptions"} v 0) -- 0x7f01f01065f0 con 0x7f01f01061f0
2024-09-16T01:25:55.904 INFO:teuthology.orchestra.run.smithi012.stdout:/usr/bin/ceph: stderr
2024-09-16T01:25:55.044+0000 7f01ee000640 1 --2- 172.21.15.12:0/2023443968 >> [v2:172.21.15.12:6800/321378200,v1:172.21.15.12:6801/321378200] conn(0x7f01d80391b0 0x7f01d803b670 unknown :-1 s=NONE pgs=0 cs=0 l=1 rev1=0 crypto rx=0 tx=0 comp rx=0 tx=0).connect
2024-09-16T01:25:55.904 INFO:teuthology.orchestra.run.smithi012.stdout:/usr/bin/ceph: stderr
2024-09-16T01:25:55.044+0000 7f01ee000640 1 -- 172.21.15.12:0/2023443968 <== mon.0 v2:172.21.15.12:3300/0 5 ==== osd_map(1..1 src has 1..1) ==== 725+0+0 (secure 0 0 0) 0x7f01e406c170 con 0x7f01f01061f0
2024-09-16T01:25:55.904 INFO:teuthology.orchestra.run.smithi012.stdout:/usr/bin/ceph: stderr
2024-09-16T01:25:55.044+0000 7f01f4e00640 1 --2- 172.21.15.12:0/2023443968 >> [v2:172.21.15.12:6800/321378200,v1:172.21.15.12:6801/321378200] conn(0x7f01d80391b0 0x7f01d803b670 unknown :-1 s=BANNER_CONNECTING pgs=0 cs=0 l=1 rev1=0 crypto rx=0 tx=0 comp rx=0 tx=0)._handle_peer_banner_payload supported=3 required=0
2024-09-16T01:25:55.904 INFO:teuthology.orchestra.run.smithi012.stdout:/usr/bin/ceph: stderr
2024-09-16T01:25:55.045+0000 7f01f4e00640 1 --2- 172.21.15.12:0/2023443968 >> [v2:172.21.15.12:6800/321378200,v1:172.21.15.12:6801/321378200] conn(0x7f01d80391b0 0x7f01d803b670 secure :-1 s=READY pgs=7 cs=0 l=1 rev1=1 crypto rx=0x7f01dc0098c0 tx=0x7f01dc006db0 comp rx=0 tx=0).ready entity=mgr.14100 client_cookie=0 server_cookie=0 in_seq=0 out_seq=0
2024-09-16T01:25:55.904 INFO:teuthology.orchestra.run.smithi012.stdout:/usr/bin/ceph: stderr
2024-09-16T01:25:55.049+0000 7f01ee000640 1 -- 172.21.15.12:0/2023443968 <== mon.0 v2:172.21.15.12:3300/0 6 ==== mon_command_ack([{"prefix": "get_command_descriptions"}]=0 v0) ==== 72+0+188821 (secure 0 0 0) 0x7f01e4045360 con 0x7f01f01061f0
2024-09-16T01:25:55.905 INFO:teuthology.orchestra.run.smithi012.stdout:/usr/bin/ceph: stderr
2024-09-16T01:25:55.233+0000 7f01f6c00640 1 -- 172.21.15.12:0/2023443968 --> [v2:172.21.15.12:3300/0,v1:172.21.15.12:6789/0] -- mon_command({"prefix": "config assimilate-conf"} v 0) -- 0x7f01f01a2820 con 0x7f01f01061f0
2024-09-16T01:25:55.905 INFO:teuthology.orchestra.run.smithi012.stdout:/usr/bin/ceph: stderr
2024-09-16T01:25:55.234+0000 7f01ee000640 1 -- 172.21.15.12:0/2023443968 <== mon.0 v2:172.21.15.12:3300/0 7 ==== mon_command_ack([{"prefix": "config assimilate-conf"}]=0 v3) ==== 70+0+429 (secure 0 0 0) 0x7f01e403dcc0 con 0x7f01f01061f0
2024-09-16T01:25:55.905 INFO:teuthology.orchestra.run.smithi012.stdout:/usr/bin/ceph: stderr
2024-09-16T01:25:55.236+0000 7f01f6c00640 1 -- 172.21.15.12:0/2023443968 >> [v2:172.21.15.12:6800/321378200,v1:172.21.15.12:6801/321378200] conn(0x7f01d80391b0 msgr2=0x7f01d803b670 secure :-1 s=STATE_CONNECTION_ESTABLISHED l=1).mark_down
2024-09-16T01:25:55.905 INFO:teuthology.orchestra.run.smithi012.stdout:/usr/bin/ceph: stderr
2024-09-16T01:25:55.236+0000 7f01f6c00640 1 --2- 172.21.15.12:0/2023443968 >> [v2:172.21.15.12:6800/321378200,v1:172.21.15.12:6801/321378200] conn(0x7f01d80391b0 0x7f01d803b670 secure :-1 s=READY pgs=7 cs=0 l=1 rev1=1 crypto rx=0x7f01dc0098c0 tx=0x7f01dc006db0 comp rx=0 tx=0).stop
2024-09-16T01:25:55.905 INFO:teuthology.orchestra.run.smithi012.stdout:/usr/bin/ceph: stderr
2024-09-16T01:25:55.236+0000 7f01f6c00640 1 -- 172.21.15.12:0/2023443968 >> [v2:172.21.15.12:3300/0,v1:172.21.15.12:6789/0] conn(0x7f01f01061f0 msgr2=0x7f01f019db60 secure :-1 s=STATE_CONNECTION_ESTABLISHED l=1).mark_down
2024-09-16T01:25:55.905 INFO:teuthology.orchestra.run.smithi012.stdout:/usr/bin/ceph: stderr
2024-09-16T01:25:55.236+0000 7f01f6c00640 1 --2- 172.21.15.12:0/2023443968 >> [v2:172.21.15.12:3300/0,v1:172.21.15.12:6789/0] conn(0x7f01f01061f0 0x7f01f019db60 secure :-1 s=READY pgs=19 cs=0 l=1 rev1=1 crypto rx=0x7f01e4032d90 tx=0x7f01e4032dc0 comp rx=0 tx=0).stop
2024-09-16T01:25:55.905 INFO:teuthology.orchestra.run.smithi012.stdout:/usr/bin/ceph: stderr
2024-09-16T01:25:55.236+0000 7f01f6c00640 1 -- 172.21.15.12:0/2023443968 shutdown_connections
2024-09-16T01:25:55.905 INFO:teuthology.orchestra.run.smithi012.stdout:/usr/bin/ceph: stderr
2024-09-16T01:25:55.236+0000 7f01f6c00640 1 --2- 172.21.15.12:0/2023443968 >> [v2:172.21.15.12:6800/321378200,v1:172.21.15.12:6801/321378200] conn(0x7f01d80391b0 0x7f01d803b670 unknown :-1 s=CLOSED pgs=7 cs=0 l=1 rev1=1 crypto rx=0 tx=0 comp rx=0 tx=0).stop
2024-09-16T01:25:55.905 INFO:teuthology.orchestra.run.smithi012.stdout:/usr/bin/ceph: stderr
2024-09-16T01:25:55.236+0000 7f01f6c00640 1 --2- 172.21.15.12:0/2023443968 >> [v2:172.21.15.12:3300/0,v1:172.21.15.12:6789/0] conn(0x7f01f01061f0 0x7f01f019db60 unknown :-1 s=CLOSED pgs=19 cs=0 l=1 rev1=1 crypto rx=0 tx=0 comp rx=0 tx=0).stop
2024-09-16T01:25:55.905 INFO:teuthology.orchestra.run.smithi012.stdout:/usr/bin/ceph: stderr
2024-09-16T01:25:55.236+0000 7f01f6c00640 1 -- 172.21.15.12:0/2023443968 >> 172.21.15.12:0/2023443968 conn(0x7f01f0102040 msgr2=0x7f01f0191ea0 unknown :-1 s=STATE_NONE l=0).mark_down
2024-09-16T01:25:55.905 INFO:teuthology.orchestra.run.smithi012.stdout:/usr/bin/ceph: stderr
2024-09-16T01:25:55.237+0000 7f01f6c00640 1 -- 172.21.15.12:0/2023443968 shutdown_connections
2024-09-16T01:25:55.905 INFO:teuthology.orchestra.run.smithi012.stdout:/usr/bin/ceph: stderr
2024-09-16T01:25:55.237+0000 7f01f6c00640 1 -- 172.21.15.12:0/2023443968 wait complete.
2024-09-16T01:25:55.906 INFO:teuthology.orchestra.run.smithi012.stdout:Enabling cephadm module...
2024-09-16T01:25:56.986 INFO:journalctl@ceph.mon.a.smithi012.stdout:Sep 16 01:25:56 smithi012 ceph-mon[30949]: from='client.? 172.21.15.12:0/381357750' entity='client.admin' cmd=[{"prefix": "mgr module enable", "module": "cephadm"}]: dispatch
2024-09-16T01:25:56.986 INFO:journalctl@ceph.mgr.x.smithi012.stdout:Sep 16 01:25:56 smithi012 ceph-6b00df8a-73ca-11ef-bceb-c7b262605968-mgr-x[31169]: ignoring --setuser ceph since I am not root
2024-09-16T01:25:56.987 INFO:journalctl@ceph.mgr.x.smithi012.stdout:Sep 16 01:25:56 smithi012 ceph-6b00df8a-73ca-11ef-bceb-c7b262605968-mgr-x[31169]: ignoring --setgroup ceph since I am not root
2024-09-16T01:25:56.987 INFO:journalctl@ceph.mgr.x.smithi012.stdout:Sep 16 01:25:56 smithi012 ceph-6b00df8a-73ca-11ef-bceb-c7b262605968-mgr-x[31169]:
2024-09-16T01:25:56.985+0000 7f768addc040 -1 mgr[py] Module osd_perf_query has missing NOTIFY_TYPES member
2024-09-16T01:25:57.249 INFO:journalctl@ceph.mgr.x.smithi012.stdout:Sep 16 01:25:57 smithi012 ceph-6b00df8a-73ca-11ef-bceb-c7b262605968-mgr-x[31169]:
2024-09-16T01:25:57.058+0000 7f768addc040 -1 mgr[py] Module osd_support has missing NOTIFY_TYPES member
2024-09-16T01:25:57.249 INFO:journalctl@ceph.mgr.x.smithi012.stdout:Sep 16 01:25:57 smithi012 ceph-6b00df8a-73ca-11ef-bceb-c7b262605968-mgr-x[31169]:
2024-09-16T01:25:57.248+0000 7f768addc040 -1 mgr[py] Module diskprediction_local has missing NOTIFY_TYPES member
2024-09-16T01:25:57.476 INFO:teuthology.orchestra.run.smithi012.stdout:/usr/bin/ceph: stderr
2024-09-16T01:25:56.430+0000 7f2605a00640 1 Processor -- start
2024-09-16T01:25:57.477 INFO:teuthology.orchestra.run.smithi012.stdout:/usr/bin/ceph: stderr
2024-09-16T01:25:56.430+0000 7f2605a00640 1 -- start start
2024-09-16T01:25:57.477 INFO:teuthology.orchestra.run.smithi012.stdout:/usr/bin/ceph: stderr
2024-09-16T01:25:56.431+0000 7f2605a00640 1 --2- >> [v2:172.21.15.12:3300/0,v1:172.21.15.12:6789/0] conn(0x7f2600107b50 0x7f2600107f50 unknown :-1 s=NONE pgs=0 cs=0 l=0 rev1=0 crypto rx=0 tx=0 comp rx=0 tx=0).connect
2024-09-16T01:25:57.477 INFO:teuthology.orchestra.run.smithi012.stdout:/usr/bin/ceph: stderr
2024-09-16T01:25:56.431+0000 7f2605a00640 1 -- --> [v2:172.21.15.12:3300/0,v1:172.21.15.12:6789/0] -- mon_getmap magic: 0 -- 0x7f2600108490 con 0x7f2600107b50
2024-09-16T01:25:57.477 INFO:teuthology.orchestra.run.smithi012.stdout:/usr/bin/ceph: stderr
2024-09-16T01:25:56.431+0000 7f25fea00640 1 --2- >> [v2:172.21.15.12:3300/0,v1:172.21.15.12:6789/0] conn(0x7f2600107b50 0x7f2600107f50 unknown :-1 s=BANNER_CONNECTING pgs=0 cs=0 l=0 rev1=0 crypto rx=0 tx=0 comp rx=0 tx=0)._handle_peer_banner_payload supported=3 required=0
2024-09-16T01:25:57.477 INFO:teuthology.orchestra.run.smithi012.stdout:/usr/bin/ceph: stderr
2024-09-16T01:25:56.431+0000 7f25fea00640 1 --2- >> [v2:172.21.15.12:3300/0,v1:172.21.15.12:6789/0] conn(0x7f2600107b50 0x7f2600107f50 unknown :-1 s=HELLO_CONNECTING pgs=0 cs=0 l=0 rev1=1 crypto rx=0 tx=0 comp rx=0 tx=0).handle_hello peer v2:172.21.15.12:3300/0 says I am v2:172.21.15.12:43282/0 (socket says 172.21.15.12:43282)
2024-09-16T01:25:57.477 INFO:teuthology.orchestra.run.smithi012.stdout:/usr/bin/ceph: stderr
2024-09-16T01:25:56.431+0000 7f25fea00640 1 -- 172.21.15.12:0/699090810 learned_addr learned my addr 172.21.15.12:0/699090810 (peer_addr_for_me v2:172.21.15.12:0/0)
2024-09-16T01:25:57.477 INFO:teuthology.orchestra.run.smithi012.stdout:/usr/bin/ceph: stderr
2024-09-16T01:25:56.431+0000 7f25fea00640 1 -- 172.21.15.12:0/699090810 --> [v2:172.21.15.12:3300/0,v1:172.21.15.12:6789/0] -- mon_subscribe({config=0+,monmap=0+}) -- 0x7f2600108610 con 0x7f2600107b50
2024-09-16T01:25:57.477 INFO:teuthology.orchestra.run.smithi012.stdout:/usr/bin/ceph: stderr
2024-09-16T01:25:56.432+0000 7f25fea00640 1 --2- 172.21.15.12:0/699090810 >> [v2:172.21.15.12:3300/0,v1:172.21.15.12:6789/0] conn(0x7f2600107b50 0x7f2600107f50 secure :-1 s=READY pgs=20 cs=0 l=1 rev1=1 crypto rx=0x7f25f0009820 tx=0x7f25f002a270 comp rx=0 tx=0).ready entity=mon.0 client_cookie=515b315a2e9eac10 server_cookie=0 in_seq=0 out_seq=0
2024-09-16T01:25:57.478 INFO:teuthology.orchestra.run.smithi012.stdout:/usr/bin/ceph: stderr
2024-09-16T01:25:56.433+0000 7f25fd600640 1 -- 172.21.15.12:0/699090810 <== mon.0 v2:172.21.15.12:3300/0 1 ==== mon_map magic: 0 ==== 205+0+0 (secure 0 0 0) 0x7f25f0037070 con 0x7f2600107b50
2024-09-16T01:25:57.478 INFO:teuthology.orchestra.run.smithi012.stdout:/usr/bin/ceph: stderr
2024-09-16T01:25:56.433+0000 7f25fd600640 1 -- 172.21.15.12:0/699090810 <== mon.0 v2:172.21.15.12:3300/0 2 ==== config(29 keys) ==== 1178+0+0 (secure 0 0 0) 0x7f25f0032940 con 0x7f2600107b50
2024-09-16T01:25:57.478 INFO:teuthology.orchestra.run.smithi012.stdout:/usr/bin/ceph: stderr
2024-09-16T01:25:56.433+0000 7f25fd600640 1 -- 172.21.15.12:0/699090810 <== mon.0 v2:172.21.15.12:3300/0 3 ==== mon_map magic: 0 ==== 205+0+0 (secure 0 0 0) 0x7f25f00309c0 con 0x7f2600107b50
2024-09-16T01:25:57.478 INFO:teuthology.orchestra.run.smithi012.stdout:/usr/bin/ceph: stderr
2024-09-16T01:25:56.433+0000 7f2605a00640 1 -- 172.21.15.12:0/699090810 >> [v2:172.21.15.12:3300/0,v1:172.21.15.12:6789/0] conn(0x7f2600107b50 msgr2=0x7f2600107f50 secure :-1 s=STATE_CONNECTION_ESTABLISHED l=1).mark_down
2024-09-16T01:25:57.478 INFO:teuthology.orchestra.run.smithi012.stdout:/usr/bin/ceph: stderr
2024-09-16T01:25:56.433+0000 7f2605a00640 1 --2- 172.21.15.12:0/699090810 >> [v2:172.21.15.12:3300/0,v1:172.21.15.12:6789/0] conn(0x7f2600107b50 0x7f2600107f50 secure :-1 s=READY pgs=20 cs=0 l=1 rev1=1 crypto rx=0x7f25f0009820 tx=0x7f25f002a270 comp rx=0 tx=0).stop
2024-09-16T01:25:57.478 INFO:teuthology.orchestra.run.smithi012.stdout:/usr/bin/ceph: stderr
2024-09-16T01:25:56.433+0000 7f2605a00640 1 -- 172.21.15.12:0/699090810 shutdown_connections
2024-09-16T01:25:57.478 INFO:teuthology.orchestra.run.smithi012.stdout:/usr/bin/ceph: stderr
2024-09-16T01:25:56.433+0000 7f2605a00640 1 --2- 172.21.15.12:0/699090810 >> [v2:172.21.15.12:3300/0,v1:172.21.15.12:6789/0] conn(0x7f2600107b50 0x7f2600107f50 unknown :-1 s=CLOSED pgs=20 cs=0 l=1 rev1=1 crypto rx=0 tx=0 comp rx=0 tx=0).stop
2024-09-16T01:25:57.478 INFO:teuthology.orchestra.run.smithi012.stdout:/usr/bin/ceph: stderr
2024-09-16T01:25:56.433+0000 7f2605a00640 1 -- 172.21.15.12:0/699090810 >> 172.21.15.12:0/699090810 conn(0x7f2600103400 msgr2=0x7f2600105820 unknown :-1 s=STATE_NONE l=0).mark_down
2024-09-16T01:25:57.478 INFO:teuthology.orchestra.run.smithi012.stdout:/usr/bin/ceph: stderr
2024-09-16T01:25:56.433+0000 7f2605a00640 1 -- 172.21.15.12:0/699090810 shutdown_connections
2024-09-16T01:25:57.478 INFO:teuthology.orchestra.run.smithi012.stdout:/usr/bin/ceph: stderr
2024-09-16T01:25:56.433+0000 7f2605a00640 1 -- 172.21.15.12:0/699090810 wait complete.
2024-09-16T01:25:57.478 INFO:teuthology.orchestra.run.smithi012.stdout:/usr/bin/ceph: stderr
2024-09-16T01:25:56.434+0000 7f2605a00640 1 Processor -- start
2024-09-16T01:25:57.478 INFO:teuthology.orchestra.run.smithi012.stdout:/usr/bin/ceph: stderr
2024-09-16T01:25:56.435+0000 7f2605a00640 1 -- start start
2024-09-16T01:25:57.479 INFO:teuthology.orchestra.run.smithi012.stdout:/usr/bin/ceph: stderr
2024-09-16T01:25:56.435+0000 7f2605a00640 1 --2- >> [v2:172.21.15.12:3300/0,v1:172.21.15.12:6789/0] conn(0x7f2600107b50 0x7f260019ddc0 unknown :-1 s=NONE pgs=0 cs=0 l=1 rev1=0 crypto rx=0 tx=0 comp rx=0 tx=0).connect
2024-09-16T01:25:57.479 INFO:teuthology.orchestra.run.smithi012.stdout:/usr/bin/ceph: stderr
2024-09-16T01:25:56.435+0000 7f2605a00640 1 -- --> [v2:172.21.15.12:3300/0,v1:172.21.15.12:6789/0] -- mon_getmap magic: 0 -- 0x7f260010bf70 con 0x7f2600107b50
2024-09-16T01:25:57.479 INFO:teuthology.orchestra.run.smithi012.stdout:/usr/bin/ceph: stderr
2024-09-16T01:25:56.435+0000 7f25fea00640 1 --2- >> [v2:172.21.15.12:3300/0,v1:172.21.15.12:6789/0] conn(0x7f2600107b50 0x7f260019ddc0 unknown :-1 s=BANNER_CONNECTING pgs=0 cs=0 l=1 rev1=0 crypto rx=0 tx=0 comp rx=0 tx=0)._handle_peer_banner_payload supported=3 required=0
2024-09-16T01:25:57.479 INFO:teuthology.orchestra.run.smithi012.stdout:/usr/bin/ceph: stderr
2024-09-16T01:25:56.435+0000 7f25fea00640 1 --2- >> [v2:172.21.15.12:3300/0,v1:172.21.15.12:6789/0] conn(0x7f2600107b50 0x7f260019ddc0 unknown :-1 s=HELLO_CONNECTING pgs=0 cs=0 l=1 rev1=1 crypto rx=0 tx=0 comp rx=0 tx=0).handle_hello peer v2:172.21.15.12:3300/0 says I am v2:172.21.15.12:43290/0 (socket says 172.21.15.12:43290)
2024-09-16T01:25:57.479 INFO:teuthology.orchestra.run.smithi012.stdout:/usr/bin/ceph: stderr
2024-09-16T01:25:56.435+0000 7f25fea00640 1 -- 172.21.15.12:0/381357750 learned_addr learned my addr 172.21.15.12:0/381357750 (peer_addr_for_me v2:172.21.15.12:0/0)
2024-09-16T01:25:57.479 INFO:teuthology.orchestra.run.smithi012.stdout:/usr/bin/ceph: stderr
2024-09-16T01:25:56.435+0000 7f25fea00640 1 -- 172.21.15.12:0/381357750 --> [v2:172.21.15.12:3300/0,v1:172.21.15.12:6789/0] -- mon_subscribe({config=0+,monmap=0+}) -- 0x7f260019e300 con 0x7f2600107b50
2024-09-16T01:25:57.479 INFO:teuthology.orchestra.run.smithi012.stdout:/usr/bin/ceph: stderr
2024-09-16T01:25:56.436+0000 7f25fea00640 1 --2- 172.21.15.12:0/381357750 >> [v2:172.21.15.12:3300/0,v1:172.21.15.12:6789/0] conn(0x7f2600107b50 0x7f260019ddc0 secure :-1 s=READY pgs=21 cs=0 l=1 rev1=1 crypto rx=0x7f25f0009940 tx=0x7f25f0032e60 comp rx=0 tx=0).ready entity=mon.0 client_cookie=0 server_cookie=0 in_seq=0 out_seq=0
2024-09-16T01:25:57.479 INFO:teuthology.orchestra.run.smithi012.stdout:/usr/bin/ceph: stderr
2024-09-16T01:25:56.436+0000 7f25f7400640 1 -- 172.21.15.12:0/381357750 <== mon.0 v2:172.21.15.12:3300/0 1 ==== mon_map magic: 0 ==== 205+0+0 (secure 0 0 0) 0x7f25f0042070 con 0x7f2600107b50
2024-09-16T01:25:57.479 INFO:teuthology.orchestra.run.smithi012.stdout:/usr/bin/ceph: stderr
2024-09-16T01:25:56.436+0000 7f25f7400640 1 -- 172.21.15.12:0/381357750 <== mon.0 v2:172.21.15.12:3300/0 2 ==== config(29 keys) ==== 1178+0+0 (secure 0 0 0) 0x7f25f00326b0 con 0x7f2600107b50
2024-09-16T01:25:57.479 INFO:teuthology.orchestra.run.smithi012.stdout:/usr/bin/ceph: stderr
2024-09-16T01:25:56.436+0000 7f25f7400640 1 -- 172.21.15.12:0/381357750 <== mon.0 v2:172.21.15.12:3300/0 3 ==== mon_map magic: 0 ==== 205+0+0 (secure 0 0 0) 0x7f25f0037040 con 0x7f2600107b50
2024-09-16T01:25:57.480 INFO:teuthology.orchestra.run.smithi012.stdout:/usr/bin/ceph: stderr
2024-09-16T01:25:56.436+0000 7f2605a00640 1 -- 172.21.15.12:0/381357750 --> [v2:172.21.15.12:3300/0,v1:172.21.15.12:6789/0] -- mon_subscribe({mgrmap=0+}) -- 0x7f260019e590 con 0x7f2600107b50
2024-09-16T01:25:57.480 INFO:teuthology.orchestra.run.smithi012.stdout:/usr/bin/ceph: stderr
2024-09-16T01:25:56.436+0000 7f2605a00640 1 -- 172.21.15.12:0/381357750 --> [v2:172.21.15.12:3300/0,v1:172.21.15.12:6789/0] -- mon_subscribe({osdmap=0}) -- 0x7f26001a1280 con 0x7f2600107b50
2024-09-16T01:25:57.480 INFO:teuthology.orchestra.run.smithi012.stdout:/usr/bin/ceph: stderr
2024-09-16T01:25:56.437+0000 7f25f7400640 1 -- 172.21.15.12:0/381357750 <== mon.0 v2:172.21.15.12:3300/0 4 ==== mgrmap(e 4) ==== 46450+0+0 (secure 0 0 0) 0x7f25f0045070 con 0x7f2600107b50
2024-09-16T01:25:57.480 INFO:teuthology.orchestra.run.smithi012.stdout:/usr/bin/ceph: stderr
2024-09-16T01:25:56.437+0000 7f2605a00640 1 -- 172.21.15.12:0/381357750 --> [v2:172.21.15.12:3300/0,v1:172.21.15.12:6789/0] -- mon_command({"prefix": "get_command_descriptions"} v 0) -- 0x7f2600107fd0 con 0x7f2600107b50
2024-09-16T01:25:57.480 INFO:teuthology.orchestra.run.smithi012.stdout:/usr/bin/ceph: stderr
2024-09-16T01:25:56.438+0000 7f25f7400640 1 --2- 172.21.15.12:0/381357750 >> [v2:172.21.15.12:6800/321378200,v1:172.21.15.12:6801/321378200] conn(0x7f25e40391b0 0x7f25e403b670 unknown :-1 s=NONE pgs=0 cs=0 l=1 rev1=0 crypto rx=0 tx=0 comp rx=0 tx=0).connect
2024-09-16T01:25:57.480 INFO:teuthology.orchestra.run.smithi012.stdout:/usr/bin/ceph: stderr
2024-09-16T01:25:56.438+0000 7f25f7400640 1 -- 172.21.15.12:0/381357750 <== mon.0 v2:172.21.15.12:3300/0 5 ==== osd_map(1..1 src has 1..1) ==== 725+0+0 (secure 0 0 0) 0x7f25f006c1c0 con 0x7f2600107b50
2024-09-16T01:25:57.480 INFO:teuthology.orchestra.run.smithi012.stdout:/usr/bin/ceph: stderr
2024-09-16T01:25:56.438+0000 7f25fe000640 1 --2- 172.21.15.12:0/381357750 >> [v2:172.21.15.12:6800/321378200,v1:172.21.15.12:6801/321378200] conn(0x7f25e40391b0 0x7f25e403b670 unknown :-1 s=BANNER_CONNECTING pgs=0 cs=0 l=1 rev1=0 crypto rx=0 tx=0 comp rx=0 tx=0)._handle_peer_banner_payload supported=3 required=0
2024-09-16T01:25:57.480 INFO:teuthology.orchestra.run.smithi012.stdout:/usr/bin/ceph: stderr
2024-09-16T01:25:56.439+0000 7f25fe000640 1 --2- 172.21.15.12:0/381357750 >> [v2:172.21.15.12:6800/321378200,v1:172.21.15.12:6801/321378200] conn(0x7f25e40391b0 0x7f25e403b670 secure :-1 s=READY pgs=8 cs=0 l=1 rev1=1 crypto rx=0x7f25ec0098c0 tx=0x7f25ec006db0 comp rx=0 tx=0).ready entity=mgr.14100 client_cookie=0 server_cookie=0 in_seq=0 out_seq=0
2024-09-16T01:25:57.480 INFO:teuthology.orchestra.run.smithi012.stdout:/usr/bin/ceph: stderr
2024-09-16T01:25:56.443+0000 7f25f7400640 1 -- 172.21.15.12:0/381357750 <== mon.0 v2:172.21.15.12:3300/0 6 ==== mon_command_ack([{"prefix": "get_command_descriptions"}]=0 v0) ==== 72+0+188821 (secure 0 0 0) 0x7f25f004b170 con 0x7f2600107b50
2024-09-16T01:25:57.481 INFO:teuthology.orchestra.run.smithi012.stdout:/usr/bin/ceph: stderr
2024-09-16T01:25:56.677+0000 7f2605a00640 1 -- 172.21.15.12:0/381357750 --> [v2:172.21.15.12:3300/0,v1:172.21.15.12:6789/0] -- mon_command({"prefix": "mgr module enable", "module": "cephadm"} v 0) -- 0x7f26001a1890 con 0x7f2600107b50
2024-09-16T01:25:57.481 INFO:teuthology.orchestra.run.smithi012.stdout:/usr/bin/ceph: stderr
2024-09-16T01:25:56.761+0000 7f25f7400640 1 -- 172.21.15.12:0/381357750 <== mon.0 v2:172.21.15.12:3300/0 7 ==== mon_command_ack([{"prefix": "mgr module enable", "module": "cephadm"}]=0 v5) ==== 86+0+0 (secure 0 0 0) 0x7f25f006bbe0 con 0x7f2600107b50
2024-09-16T01:25:57.481 INFO:teuthology.orchestra.run.smithi012.stdout:/usr/bin/ceph: stderr
2024-09-16T01:25:56.762+0000 7f25f7400640 1 -- 172.21.15.12:0/381357750 <== mon.0 v2:172.21.15.12:3300/0 8 ==== mgrmap(e 5) ==== 46461+0+0 (secure 0 0 0) 0x7f25f003d430 con 0x7f2600107b50
2024-09-16T01:25:57.481 INFO:teuthology.orchestra.run.smithi012.stdout:/usr/bin/ceph: stderr
2024-09-16T01:25:56.764+0000 7f2605a00640 1 -- 172.21.15.12:0/381357750 >> [v2:172.21.15.12:6800/321378200,v1:172.21.15.12:6801/321378200] conn(0x7f25e40391b0 msgr2=0x7f25e403b670 secure :-1 s=STATE_CONNECTION_ESTABLISHED l=1).mark_down
2024-09-16T01:25:57.481 INFO:teuthology.orchestra.run.smithi012.stdout:/usr/bin/ceph: stderr
2024-09-16T01:25:56.764+0000 7f2605a00640 1 --2- 172.21.15.12:0/381357750 >> [v2:172.21.15.12:6800/321378200,v1:172.21.15.12:6801/321378200] conn(0x7f25e40391b0 0x7f25e403b670 secure :-1 s=READY pgs=8 cs=0 l=1 rev1=1 crypto rx=0x7f25ec0098c0 tx=0x7f25ec006db0 comp rx=0 tx=0).stop
2024-09-16T01:25:57.481 INFO:teuthology.orchestra.run.smithi012.stdout:/usr/bin/ceph: stderr
2024-09-16T01:25:56.764+0000 7f2605a00640 1 -- 172.21.15.12:0/381357750 >> [v2:172.21.15.12:3300/0,v1:172.21.15.12:6789/0] conn(0x7f2600107b50 msgr2=0x7f260019ddc0 secure :-1 s=STATE_CONNECTION_ESTABLISHED l=1).mark_down
2024-09-16T01:25:57.481 INFO:teuthology.orchestra.run.smithi012.stdout:/usr/bin/ceph: stderr
2024-09-16T01:25:56.764+0000 7f2605a00640 1 --2- 172.21.15.12:0/381357750 >> [v2:172.21.15.12:3300/0,v1:172.21.15.12:6789/0] conn(0x7f2600107b50 0x7f260019ddc0 secure :-1 s=READY pgs=21 cs=0 l=1 rev1=1 crypto rx=0x7f25f0009940 tx=0x7f25f0032e60 comp rx=0 tx=0).stop
2024-09-16T01:25:57.481 INFO:teuthology.orchestra.run.smithi012.stdout:/usr/bin/ceph: stderr
2024-09-16T01:25:56.764+0000 7f2605a00640 1 -- 172.21.15.12:0/381357750 shutdown_connections
2024-09-16T01:25:57.481 INFO:teuthology.orchestra.run.smithi012.stdout:/usr/bin/ceph: stderr
2024-09-16T01:25:56.764+0000 7f2605a00640 1 --2- 172.21.15.12:0/381357750 >> [v2:172.21.15.12:6800/321378200,v1:172.21.15.12:6801/321378200] conn(0x7f25e40391b0 0x7f25e403b670 unknown :-1 s=CLOSED pgs=8 cs=0 l=1 rev1=1 crypto rx=0 tx=0 comp rx=0 tx=0).stop
2024-09-16T01:25:57.481 INFO:teuthology.orchestra.run.smithi012.stdout:/usr/bin/ceph: stderr
2024-09-16T01:25:56.764+0000 7f2605a00640 1 --2- 172.21.15.12:0/381357750 >> [v2:172.21.15.12:3300/0,v1:172.21.15.12:6789/0] conn(0x7f2600107b50 0x7f260019ddc0 unknown :-1 s=CLOSED pgs=21 cs=0 l=1 rev1=1 crypto rx=0 tx=0 comp rx=0 tx=0).stop
2024-09-16T01:25:57.481 INFO:teuthology.orchestra.run.smithi012.stdout:/usr/bin/ceph: stderr
2024-09-16T01:25:56.765+0000 7f2605a00640 1 -- 172.21.15.12:0/381357750 >> 172.21.15.12:0/381357750 conn(0x7f2600103400 msgr2=0x7f2600103f60 unknown :-1 s=STATE_NONE l=0).mark_down
2024-09-16T01:25:57.482 INFO:teuthology.orchestra.run.smithi012.stdout:/usr/bin/ceph: stderr
2024-09-16T01:25:56.765+0000 7f2605a00640 1 -- 172.21.15.12:0/381357750 shutdown_connections
2024-09-16T01:25:57.482 INFO:teuthology.orchestra.run.smithi012.stdout:/usr/bin/ceph: stderr
2024-09-16T01:25:56.765+0000 7f2605a00640 1 -- 172.21.15.12:0/381357750 wait complete.
2024-09-16T01:25:57.516 INFO:journalctl@ceph.mgr.x.smithi012.stdout:Sep 16 01:25:57 smithi012 ceph-6b00df8a-73ca-11ef-bceb-c7b262605968-mgr-x[31169]:
2024-09-16T01:25:57.334+0000 7f768addc040 -1 mgr[py] Module crash has missing NOTIFY_TYPES member
2024-09-16T01:25:57.802 INFO:journalctl@ceph.mon.a.smithi012.stdout:Sep 16 01:25:57 smithi012 ceph-mon[30949]: from='client.? 172.21.15.12:0/381357750' entity='client.admin' cmd='[{"prefix": "mgr module enable", "module": "cephadm"}]': finished
2024-09-16T01:25:57.802 INFO:journalctl@ceph.mon.a.smithi012.stdout:Sep 16 01:25:57 smithi012 ceph-mon[30949]: mgrmap e5: x(active, since 5s)
2024-09-16T01:25:57.802 INFO:journalctl@ceph.mgr.x.smithi012.stdout:Sep 16 01:25:57 smithi012 ceph-6b00df8a-73ca-11ef-bceb-c7b262605968-mgr-x[31169]:
2024-09-16T01:25:57.515+0000 7f768addc040 -1 mgr[py] Module test_orchestrator has missing NOTIFY_TYPES member
2024-09-16T01:25:57.802 INFO:journalctl@ceph.mgr.x.smithi012.stdout:Sep 16 01:25:57 smithi012 ceph-6b00df8a-73ca-11ef-bceb-c7b262605968-mgr-x[31169]:
2024-09-16T01:25:57.687+0000 7f768addc040 -1 mgr[py] Module snap_schedule has missing NOTIFY_TYPES member
2024-09-16T01:25:58.405 INFO:journalctl@ceph.mgr.x.smithi012.stdout:Sep 16 01:25:58 smithi012 ceph-6b00df8a-73ca-11ef-bceb-c7b262605968-mgr-x[31169]:
2024-09-16T01:25:58.116+0000 7f768addc040 -1 mgr[py] Module prometheus has missing NOTIFY_TYPES member
2024-09-16T01:25:58.405 INFO:journalctl@ceph.mgr.x.smithi012.stdout:Sep 16 01:25:58 smithi012 ceph-6b00df8a-73ca-11ef-bceb-c7b262605968-mgr-x[31169]:
2024-09-16T01:25:58.192+0000 7f768addc040 -1 mgr[py] Module selftest has missing NOTIFY_TYPES member
2024-09-16T01:25:58.678 INFO:journalctl@ceph.mgr.x.smithi012.stdout:Sep 16 01:25:58 smithi012 ceph-6b00df8a-73ca-11ef-bceb-c7b262605968-mgr-x[31169]:
2024-09-16T01:25:58.415+0000 7f768addc040 -1 mgr[py] Module volumes has missing NOTIFY_TYPES member
2024-09-16T01:25:58.902 INFO:teuthology.orchestra.run.smithi012.stdout:/usr/bin/ceph: stdout {
2024-09-16T01:25:58.902 INFO:teuthology.orchestra.run.smithi012.stdout:/usr/bin/ceph: stdout "epoch": 5,
2024-09-16T01:25:58.902 INFO:teuthology.orchestra.run.smithi012.stdout:/usr/bin/ceph: stdout "available": true,
2024-09-16T01:25:58.902 INFO:teuthology.orchestra.run.smithi012.stdout:/usr/bin/ceph: stdout "active_name": "x",
2024-09-16T01:25:58.902 INFO:teuthology.orchestra.run.smithi012.stdout:/usr/bin/ceph: stdout "num_standby": 0
2024-09-16T01:25:58.902 INFO:teuthology.orchestra.run.smithi012.stdout:/usr/bin/ceph: stdout }
2024-09-16T01:25:58.902 INFO:teuthology.orchestra.run.smithi012.stdout:/usr/bin/ceph: stderr
2024-09-16T01:25:58.014+0000 7f022fe00640 1 Processor -- start
2024-09-16T01:25:58.902 INFO:teuthology.orchestra.run.smithi012.stdout:/usr/bin/ceph: stderr
2024-09-16T01:25:58.014+0000 7f022fe00640 1 -- start start
2024-09-16T01:25:58.903 INFO:teuthology.orchestra.run.smithi012.stdout:/usr/bin/ceph: stderr
2024-09-16T01:25:58.014+0000 7f022fe00640 1 --2- >> [v2:172.21.15.12:3300/0,v1:172.21.15.12:6789/0] conn(0x7f0230107970 0x7f0230107d70 unknown :-1 s=NONE pgs=0 cs=0 l=0 rev1=0 crypto rx=0 tx=0 comp rx=0 tx=0).connect
2024-09-16T01:25:58.903 INFO:teuthology.orchestra.run.smithi012.stdout:/usr/bin/ceph: stderr
2024-09-16T01:25:58.014+0000 7f022fe00640 1 -- --> [v2:172.21.15.12:3300/0,v1:172.21.15.12:6789/0] -- mon_getmap magic: 0 -- 0x7f0230108340 con 0x7f0230107970
2024-09-16T01:25:58.903 INFO:teuthology.orchestra.run.smithi012.stdout:/usr/bin/ceph: stderr
2024-09-16T01:25:58.015+0000 7f022ea00640 1 --2- >> [v2:172.21.15.12:3300/0,v1:172.21.15.12:6789/0] conn(0x7f0230107970 0x7f0230107d70 unknown :-1 s=BANNER_CONNECTING pgs=0 cs=0 l=0 rev1=0 crypto rx=0 tx=0 comp rx=0 tx=0)._handle_peer_banner_payload supported=3 required=0
2024-09-16T01:25:58.903 INFO:teuthology.orchestra.run.smithi012.stdout:/usr/bin/ceph: stderr
2024-09-16T01:25:58.015+0000 7f022ea00640 1 --2- >> [v2:172.21.15.12:3300/0,v1:172.21.15.12:6789/0] conn(0x7f0230107970 0x7f0230107d70 unknown :-1 s=HELLO_CONNECTING pgs=0 cs=0 l=0 rev1=1 crypto rx=0 tx=0 comp rx=0 tx=0).handle_hello peer v2:172.21.15.12:3300/0 says I am v2:172.21.15.12:50672/0 (socket says 172.21.15.12:50672)
2024-09-16T01:25:58.903 INFO:teuthology.orchestra.run.smithi012.stdout:/usr/bin/ceph: stderr
2024-09-16T01:25:58.015+0000 7f022ea00640 1 -- 172.21.15.12:0/1075402182 learned_addr learned my addr 172.21.15.12:0/1075402182 (peer_addr_for_me v2:172.21.15.12:0/0)
2024-09-16T01:25:58.903 INFO:teuthology.orchestra.run.smithi012.stdout:/usr/bin/ceph: stderr
2024-09-16T01:25:58.015+0000 7f022ea00640 1 -- 172.21.15.12:0/1075402182 --> [v2:172.21.15.12:3300/0,v1:172.21.15.12:6789/0] -- mon_subscribe({config=0+,monmap=0+}) -- 0x7f0230108b20 con 0x7f0230107970
2024-09-16T01:25:58.903 INFO:teuthology.orchestra.run.smithi012.stdout:/usr/bin/ceph: stderr
2024-09-16T01:25:58.016+0000 7f022ea00640 1 --2- 172.21.15.12:0/1075402182 >> [v2:172.21.15.12:3300/0,v1:172.21.15.12:6789/0] conn(0x7f0230107970 0x7f0230107d70 secure :-1 s=READY pgs=24 cs=0 l=1 rev1=1 crypto rx=0x7f0220009820 tx=0x7f022002a270 comp rx=0 tx=0).ready entity=mon.0 client_cookie=6f3b9d1ea8a3c0a8 server_cookie=0 in_seq=0 out_seq=0
2024-09-16T01:25:58.904 INFO:teuthology.orchestra.run.smithi012.stdout:/usr/bin/ceph: stderr
2024-09-16T01:25:58.016+0000 7f022e000640 1 -- 172.21.15.12:0/1075402182 <== mon.0 v2:172.21.15.12:3300/0 1 ==== mon_map magic: 0 ==== 205+0+0 (secure 0 0 0) 0x7f0220037070 con 0x7f0230107970
2024-09-16T01:25:58.904 INFO:teuthology.orchestra.run.smithi012.stdout:/usr/bin/ceph: stderr
2024-09-16T01:25:58.016+0000 7f022e000640 1 -- 172.21.15.12:0/1075402182 <== mon.0 v2:172.21.15.12:3300/0 2 ==== config(29 keys) ==== 1178+0+0 (secure 0 0 0) 0x7f0220032940 con 0x7f0230107970
2024-09-16T01:25:58.904 INFO:teuthology.orchestra.run.smithi012.stdout:/usr/bin/ceph: stderr
2024-09-16T01:25:58.016+0000 7f022e000640 1 -- 172.21.15.12:0/1075402182 <== mon.0 v2:172.21.15.12:3300/0 3 ==== mon_map magic: 0 ==== 205+0+0 (secure 0 0 0) 0x7f02200309c0 con 0x7f0230107970
2024-09-16T01:25:58.904 INFO:teuthology.orchestra.run.smithi012.stdout:/usr/bin/ceph: stderr
2024-09-16T01:25:58.017+0000 7f022fe00640 1 -- 172.21.15.12:0/1075402182 >> [v2:172.21.15.12:3300/0,v1:172.21.15.12:6789/0] conn(0x7f0230107970 msgr2=0x7f0230107d70 secure :-1 s=STATE_CONNECTION_ESTABLISHED l=1).mark_down
2024-09-16T01:25:58.904 INFO:teuthology.orchestra.run.smithi012.stdout:/usr/bin/ceph: stderr
2024-09-16T01:25:58.017+0000 7f022fe00640 1 --2- 172.21.15.12:0/1075402182 >> [v2:172.21.15.12:3300/0,v1:172.21.15.12:6789/0] conn(0x7f0230107970 0x7f0230107d70 secure :-1 s=READY pgs=24 cs=0 l=1 rev1=1 crypto rx=0x7f0220009820 tx=0x7f022002a270 comp rx=0 tx=0).stop
2024-09-16T01:25:58.904 INFO:teuthology.orchestra.run.smithi012.stdout:/usr/bin/ceph: stderr
2024-09-16T01:25:58.017+0000 7f022fe00640 1 -- 172.21.15.12:0/1075402182 shutdown_connections
2024-09-16T01:25:58.904 INFO:teuthology.orchestra.run.smithi012.stdout:/usr/bin/ceph: stderr
2024-09-16T01:25:58.017+0000 7f022fe00640 1 --2- 172.21.15.12:0/1075402182 >> [v2:172.21.15.12:3300/0,v1:172.21.15.12:6789/0] conn(0x7f0230107970 0x7f0230107d70 unknown :-1 s=CLOSED pgs=24 cs=0 l=1 rev1=1 crypto rx=0 tx=0 comp rx=0 tx=0).stop
