2024-09-16T01:26:36.089+0000 7f25d6a00640 1 -- 172.21.15.12:0/3836792989 <== mgr.14150 v2:172.21.15.12:6800/2529108364 1 ==== mgr_command_reply(tid 0: 0 ) ==== 8+0+252 (secure 0 0 0) 0x7f25e019e810 con 0x7f25c4039260
2024-09-16T01:26:37.136 INFO:teuthology.orchestra.run.smithi012.stdout:/usr/bin/ceph: stderr
2024-09-16T01:26:36.092+0000 7f25df200640 1 -- 172.21.15.12:0/3836792989 >> [v2:172.21.15.12:6800/2529108364,v1:172.21.15.12:6801/2529108364] conn(0x7f25c4039260 msgr2=0x7f25c403b720 secure :-1 s=STATE_CONNECTION_ESTABLISHED l=1).mark_down
2024-09-16T01:26:37.136 INFO:teuthology.orchestra.run.smithi012.stdout:/usr/bin/ceph: stderr
2024-09-16T01:26:36.092+0000 7f25df200640 1 --2- 172.21.15.12:0/3836792989 >> [v2:172.21.15.12:6800/2529108364,v1:172.21.15.12:6801/2529108364] conn(0x7f25c4039260 0x7f25c403b720 secure :-1 s=READY pgs=8 cs=0 l=1 rev1=1 crypto rx=0x7f25cc0098c0 tx=0x7f25cc006db0 comp rx=0 tx=0).stop
2024-09-16T01:26:37.136 INFO:teuthology.orchestra.run.smithi012.stdout:/usr/bin/ceph: stderr
2024-09-16T01:26:36.092+0000 7f25df200640 1 -- 172.21.15.12:0/3836792989 >> [v2:172.21.15.12:3300/0,v1:172.21.15.12:6789/0] conn(0x7f25e0106240 msgr2=0x7f25e019db60 secure :-1 s=STATE_CONNECTION_ESTABLISHED l=1).mark_down
2024-09-16T01:26:37.136 INFO:teuthology.orchestra.run.smithi012.stdout:/usr/bin/ceph: stderr
2024-09-16T01:26:36.092+0000 7f25df200640 1 --2- 172.21.15.12:0/3836792989 >> [v2:172.21.15.12:3300/0,v1:172.21.15.12:6789/0] conn(0x7f25e0106240 0x7f25e019db60 secure :-1 s=READY pgs=71 cs=0 l=1 rev1=1 crypto rx=0x7f25d0032e80 tx=0x7f25d0032eb0 comp rx=0 tx=0).stop
2024-09-16T01:26:37.137 INFO:teuthology.orchestra.run.smithi012.stdout:/usr/bin/ceph: stderr
2024-09-16T01:26:36.092+0000 7f25df200640 1 -- 172.21.15.12:0/3836792989 shutdown_connections
2024-09-16T01:26:37.137 INFO:teuthology.orchestra.run.smithi012.stdout:/usr/bin/ceph: stderr
2024-09-16T01:26:36.092+0000 7f25df200640 1 --2- 172.21.15.12:0/3836792989 >> [v2:172.21.15.12:6800/2529108364,v1:172.21.15.12:6801/2529108364] conn(0x7f25c4039260 0x7f25c403b720 unknown :-1 s=CLOSED pgs=8 cs=0 l=1 rev1=1 crypto rx=0 tx=0 comp rx=0 tx=0).stop
2024-09-16T01:26:37.137 INFO:teuthology.orchestra.run.smithi012.stdout:/usr/bin/ceph: stderr
2024-09-16T01:26:36.092+0000 7f25df200640 1 --2- 172.21.15.12:0/3836792989 >> [v2:172.21.15.12:3300/0,v1:172.21.15.12:6789/0] conn(0x7f25e0106240 0x7f25e019db60 unknown :-1 s=CLOSED pgs=71 cs=0 l=1 rev1=1 crypto rx=0 tx=0 comp rx=0 tx=0).stop
2024-09-16T01:26:37.137 INFO:teuthology.orchestra.run.smithi012.stdout:/usr/bin/ceph: stderr
2024-09-16T01:26:36.092+0000 7f25df200640 1 -- 172.21.15.12:0/3836792989 >> 172.21.15.12:0/3836792989 conn(0x7f25e0102030 msgr2=0x7f25e0191e60 unknown :-1 s=STATE_NONE l=0).mark_down
2024-09-16T01:26:37.137 INFO:teuthology.orchestra.run.smithi012.stdout:/usr/bin/ceph: stderr
2024-09-16T01:26:36.092+0000 7f25df200640 1 -- 172.21.15.12:0/3836792989 shutdown_connections
2024-09-16T01:26:37.137 INFO:teuthology.orchestra.run.smithi012.stdout:/usr/bin/ceph: stderr
2024-09-16T01:26:36.092+0000 7f25df200640 1 -- 172.21.15.12:0/3836792989 wait complete.
2024-09-16T01:26:37.137 INFO:teuthology.orchestra.run.smithi012.stdout:Fetching dashboard port number...
2024-09-16T01:26:37.366 INFO:journalctl@ceph.mon.a.smithi012.stdout:Sep 16 01:26:37 smithi012 ceph-mon[30949]: from='client.14164 -' entity='client.admin' cmd=[{"prefix": "dashboard ac-user-create", "username": "admin", "rolename": "administrator", "force_password": true, "pwd_update_required": true, "target": ["mon-mgr", ""]}]: dispatch
2024-09-16T01:26:38.953 INFO:teuthology.orchestra.run.smithi012.stdout:/usr/bin/ceph: stdout 8443
2024-09-16T01:26:38.954 INFO:teuthology.orchestra.run.smithi012.stdout:/usr/bin/ceph: stderr
2024-09-16T01:26:38.074+0000 7fb07a800640 1 Processor -- start
2024-09-16T01:26:38.954 INFO:teuthology.orchestra.run.smithi012.stdout:/usr/bin/ceph: stderr
2024-09-16T01:26:38.074+0000 7fb07a800640 1 -- start start
2024-09-16T01:26:38.954 INFO:teuthology.orchestra.run.smithi012.stdout:/usr/bin/ceph: stderr
2024-09-16T01:26:38.074+0000 7fb07a800640 1 --2- >> [v2:172.21.15.12:3300/0,v1:172.21.15.12:6789/0] conn(0x7fb0741083e0 0x7fb07410a7d0 unknown :-1 s=NONE pgs=0 cs=0 l=0 rev1=0 crypto rx=0 tx=0 comp rx=0 tx=0).connect
2024-09-16T01:26:38.954 INFO:teuthology.orchestra.run.smithi012.stdout:/usr/bin/ceph: stderr
2024-09-16T01:26:38.074+0000 7fb07a800640 1 -- --> [v2:172.21.15.12:3300/0,v1:172.21.15.12:6789/0] -- mon_getmap magic: 0 -- 0x7fb074063490 con 0x7fb0741083e0
2024-09-16T01:26:38.954 INFO:teuthology.orchestra.run.smithi012.stdout:/usr/bin/ceph: stderr
2024-09-16T01:26:38.074+0000 7fb079400640 1 --2- >> [v2:172.21.15.12:3300/0,v1:172.21.15.12:6789/0] conn(0x7fb0741083e0 0x7fb07410a7d0 unknown :-1 s=BANNER_CONNECTING pgs=0 cs=0 l=0 rev1=0 crypto rx=0 tx=0 comp rx=0 tx=0)._handle_peer_banner_payload supported=3 required=0
2024-09-16T01:26:38.954 INFO:teuthology.orchestra.run.smithi012.stdout:/usr/bin/ceph: stderr
2024-09-16T01:26:38.074+0000 7fb079400640 1 --2- >> [v2:172.21.15.12:3300/0,v1:172.21.15.12:6789/0] conn(0x7fb0741083e0 0x7fb07410a7d0 unknown :-1 s=HELLO_CONNECTING pgs=0 cs=0 l=0 rev1=1 crypto rx=0 tx=0 comp rx=0 tx=0).handle_hello peer v2:172.21.15.12:3300/0 says I am v2:172.21.15.12:36988/0 (socket says 172.21.15.12:36988)
2024-09-16T01:26:38.954 INFO:teuthology.orchestra.run.smithi012.stdout:/usr/bin/ceph: stderr
2024-09-16T01:26:38.074+0000 7fb079400640 1 -- 172.21.15.12:0/3826930702 learned_addr learned my addr 172.21.15.12:0/3826930702 (peer_addr_for_me v2:172.21.15.12:0/0)
2024-09-16T01:26:38.954 INFO:teuthology.orchestra.run.smithi012.stdout:/usr/bin/ceph: stderr
2024-09-16T01:26:38.075+0000 7fb079400640 1 -- 172.21.15.12:0/3826930702 --> [v2:172.21.15.12:3300/0,v1:172.21.15.12:6789/0] -- mon_subscribe({config=0+,monmap=0+}) -- 0x7fb07410ad10 con 0x7fb0741083e0
2024-09-16T01:26:38.954 INFO:teuthology.orchestra.run.smithi012.stdout:/usr/bin/ceph: stderr
2024-09-16T01:26:38.076+0000 7fb079400640 1 --2- 172.21.15.12:0/3826930702 >> [v2:172.21.15.12:3300/0,v1:172.21.15.12:6789/0] conn(0x7fb0741083e0 0x7fb07410a7d0 secure :-1 s=READY pgs=72 cs=0 l=1 rev1=1 crypto rx=0x7fb068009820 tx=0x7fb06802a270 comp rx=0 tx=0).ready entity=mon.0 client_cookie=de958c1bddf048e6 server_cookie=0 in_seq=0 out_seq=0
2024-09-16T01:26:38.954 INFO:teuthology.orchestra.run.smithi012.stdout:/usr/bin/ceph: stderr
2024-09-16T01:26:38.076+0000 7fb073e00640 1 -- 172.21.15.12:0/3826930702 <== mon.0 v2:172.21.15.12:3300/0 1 ==== mon_map magic: 0 ==== 205+0+0 (secure 0 0 0) 0x7fb068037070 con 0x7fb0741083e0
2024-09-16T01:26:38.954 INFO:teuthology.orchestra.run.smithi012.stdout:/usr/bin/ceph: stderr
2024-09-16T01:26:38.076+0000 7fb073e00640 1 -- 172.21.15.12:0/3826930702 <== mon.0 v2:172.21.15.12:3300/0 2 ==== config(29 keys) ==== 1209+0+0 (secure 0 0 0) 0x7fb068032960 con 0x7fb0741083e0
2024-09-16T01:26:38.954 INFO:teuthology.orchestra.run.smithi012.stdout:/usr/bin/ceph: stderr
2024-09-16T01:26:38.076+0000 7fb073e00640 1 -- 172.21.15.12:0/3826930702 <== mon.0 v2:172.21.15.12:3300/0 3 ==== mon_map magic: 0 ==== 205+0+0 (secure 0 0 0) 0x7fb068030980 con 0x7fb0741083e0
2024-09-16T01:26:38.955 INFO:teuthology.orchestra.run.smithi012.stdout:/usr/bin/ceph: stderr
2024-09-16T01:26:38.077+0000 7fb07a800640 1 -- 172.21.15.12:0/3826930702 >> [v2:172.21.15.12:3300/0,v1:172.21.15.12:6789/0] conn(0x7fb0741083e0 msgr2=0x7fb07410a7d0 secure :-1 s=STATE_CONNECTION_ESTABLISHED l=1).mark_down
2024-09-16T01:26:38.955 INFO:teuthology.orchestra.run.smithi012.stdout:/usr/bin/ceph: stderr
2024-09-16T01:26:38.077+0000 7fb07a800640 1 --2- 172.21.15.12:0/3826930702 >> [v2:172.21.15.12:3300/0,v1:172.21.15.12:6789/0] conn(0x7fb0741083e0 0x7fb07410a7d0 secure :-1 s=READY pgs=72 cs=0 l=1 rev1=1 crypto rx=0x7fb068009820 tx=0x7fb06802a270 comp rx=0 tx=0).stop
2024-09-16T01:26:38.955 INFO:teuthology.orchestra.run.smithi012.stdout:/usr/bin/ceph: stderr
2024-09-16T01:26:38.077+0000 7fb07a800640 1 -- 172.21.15.12:0/3826930702 shutdown_connections
2024-09-16T01:26:38.955 INFO:teuthology.orchestra.run.smithi012.stdout:/usr/bin/ceph: stderr
2024-09-16T01:26:38.077+0000 7fb07a800640 1 --2- 172.21.15.12:0/3826930702 >> [v2:172.21.15.12:3300/0,v1:172.21.15.12:6789/0] conn(0x7fb0741083e0 0x7fb07410a7d0 unknown :-1 s=CLOSED pgs=72 cs=0 l=1 rev1=1 crypto rx=0 tx=0 comp rx=0 tx=0).stop
2024-09-16T01:26:38.955 INFO:teuthology.orchestra.run.smithi012.stdout:/usr/bin/ceph: stderr
2024-09-16T01:26:38.077+0000 7fb07a800640 1 -- 172.21.15.12:0/3826930702 >> 172.21.15.12:0/3826930702 conn(0x7fb074102040 msgr2=0x7fb074104460 unknown :-1 s=STATE_NONE l=0).mark_down
2024-09-16T01:26:38.955 INFO:teuthology.orchestra.run.smithi012.stdout:/usr/bin/ceph: stderr
2024-09-16T01:26:38.077+0000 7fb07a800640 1 -- 172.21.15.12:0/3826930702 shutdown_connections
2024-09-16T01:26:38.955 INFO:teuthology.orchestra.run.smithi012.stdout:/usr/bin/ceph: stderr
2024-09-16T01:26:38.077+0000 7fb07a800640 1 -- 172.21.15.12:0/3826930702 wait complete.
2024-09-16T01:26:38.955 INFO:teuthology.orchestra.run.smithi012.stdout:/usr/bin/ceph: stderr
2024-09-16T01:26:38.078+0000 7fb07a800640 1 Processor -- start
2024-09-16T01:26:38.955 INFO:teuthology.orchestra.run.smithi012.stdout:/usr/bin/ceph: stderr
2024-09-16T01:26:38.078+0000 7fb07a800640 1 -- start start
2024-09-16T01:26:38.955 INFO:teuthology.orchestra.run.smithi012.stdout:/usr/bin/ceph: stderr
2024-09-16T01:26:38.078+0000 7fb07a800640 1 --2- >> [v2:172.21.15.12:3300/0,v1:172.21.15.12:6789/0] conn(0x7fb0741083e0 0x7fb07419db70 unknown :-1 s=NONE pgs=0 cs=0 l=1 rev1=0 crypto rx=0 tx=0 comp rx=0 tx=0).connect
2024-09-16T01:26:38.955 INFO:teuthology.orchestra.run.smithi012.stdout:/usr/bin/ceph: stderr
2024-09-16T01:26:38.078+0000 7fb07a800640 1 -- --> [v2:172.21.15.12:3300/0,v1:172.21.15.12:6789/0] -- mon_getmap magic: 0 -- 0x7fb07410bdf0 con 0x7fb0741083e0
2024-09-16T01:26:38.955 INFO:teuthology.orchestra.run.smithi012.stdout:/usr/bin/ceph: stderr
2024-09-16T01:26:38.079+0000 7fb079400640 1 --2- >> [v2:172.21.15.12:3300/0,v1:172.21.15.12:6789/0] conn(0x7fb0741083e0 0x7fb07419db70 unknown :-1 s=BANNER_CONNECTING pgs=0 cs=0 l=1 rev1=0 crypto rx=0 tx=0 comp rx=0 tx=0)._handle_peer_banner_payload supported=3 required=0
2024-09-16T01:26:38.955 INFO:teuthology.orchestra.run.smithi012.stdout:/usr/bin/ceph: stderr
2024-09-16T01:26:38.079+0000 7fb079400640 1 --2- >> [v2:172.21.15.12:3300/0,v1:172.21.15.12:6789/0] conn(0x7fb0741083e0 0x7fb07419db70 unknown :-1 s=HELLO_CONNECTING pgs=0 cs=0 l=1 rev1=1 crypto rx=0 tx=0 comp rx=0 tx=0).handle_hello peer v2:172.21.15.12:3300/0 says I am v2:172.21.15.12:36992/0 (socket says 172.21.15.12:36992)
2024-09-16T01:26:38.956 INFO:teuthology.orchestra.run.smithi012.stdout:/usr/bin/ceph: stderr
2024-09-16T01:26:38.079+0000 7fb079400640 1 -- 172.21.15.12:0/4039083581 learned_addr learned my addr 172.21.15.12:0/4039083581 (peer_addr_for_me v2:172.21.15.12:0/0)
2024-09-16T01:26:38.956 INFO:teuthology.orchestra.run.smithi012.stdout:/usr/bin/ceph: stderr
2024-09-16T01:26:38.079+0000 7fb079400640 1 -- 172.21.15.12:0/4039083581 --> [v2:172.21.15.12:3300/0,v1:172.21.15.12:6789/0] -- mon_subscribe({config=0+,monmap=0+}) -- 0x7fb07419e0b0 con 0x7fb0741083e0
2024-09-16T01:26:38.956 INFO:teuthology.orchestra.run.smithi012.stdout:/usr/bin/ceph: stderr
2024-09-16T01:26:38.079+0000 7fb079400640 1 --2- 172.21.15.12:0/4039083581 >> [v2:172.21.15.12:3300/0,v1:172.21.15.12:6789/0] conn(0x7fb0741083e0 0x7fb07419db70 secure :-1 s=READY pgs=73 cs=0 l=1 rev1=1 crypto rx=0x7fb068032e80 tx=0x7fb068032eb0 comp rx=0 tx=0).ready entity=mon.0 client_cookie=0 server_cookie=0 in_seq=0 out_seq=0
2024-09-16T01:26:38.956 INFO:teuthology.orchestra.run.smithi012.stdout:/usr/bin/ceph: stderr
2024-09-16T01:26:38.080+0000 7fb072000640 1 -- 172.21.15.12:0/4039083581 <== mon.0 v2:172.21.15.12:3300/0 1 ==== mon_map magic: 0 ==== 205+0+0 (secure 0 0 0) 0x7fb068042070 con 0x7fb0741083e0
2024-09-16T01:26:38.956 INFO:teuthology.orchestra.run.smithi012.stdout:/usr/bin/ceph: stderr
2024-09-16T01:26:38.080+0000 7fb072000640 1 -- 172.21.15.12:0/4039083581 <== mon.0 v2:172.21.15.12:3300/0 2 ==== config(29 keys) ==== 1209+0+0 (secure 0 0 0) 0x7fb0680326c0 con 0x7fb0741083e0
2024-09-16T01:26:38.956 INFO:teuthology.orchestra.run.smithi012.stdout:/usr/bin/ceph: stderr
2024-09-16T01:26:38.080+0000 7fb07a800640 1 -- 172.21.15.12:0/4039083581 --> [v2:172.21.15.12:3300/0,v1:172.21.15.12:6789/0] -- mon_subscribe({mgrmap=0+}) -- 0x7fb07419e340 con 0x7fb0741083e0
2024-09-16T01:26:38.956 INFO:teuthology.orchestra.run.smithi012.stdout:/usr/bin/ceph: stderr
2024-09-16T01:26:38.080+0000 7fb072000640 1 -- 172.21.15.12:0/4039083581 <== mon.0 v2:172.21.15.12:3300/0 3 ==== mon_map magic: 0 ==== 205+0+0 (secure 0 0 0) 0x7fb068037040 con 0x7fb0741083e0
2024-09-16T01:26:38.956 INFO:teuthology.orchestra.run.smithi012.stdout:/usr/bin/ceph: stderr
2024-09-16T01:26:38.080+0000 7fb07a800640 1 -- 172.21.15.12:0/4039083581 --> [v2:172.21.15.12:3300/0,v1:172.21.15.12:6789/0] -- mon_subscribe({osdmap=0}) -- 0x7fb0741a1030 con 0x7fb0741083e0
2024-09-16T01:26:38.956 INFO:teuthology.orchestra.run.smithi012.stdout:/usr/bin/ceph: stderr
2024-09-16T01:26:38.081+0000 7fb072000640 1 -- 172.21.15.12:0/4039083581 <== mon.0 v2:172.21.15.12:3300/0 4 ==== mgrmap(e 12) ==== 46474+0+0 (secure 0 0 0) 0x7fb068045070 con 0x7fb0741083e0
2024-09-16T01:26:38.956 INFO:teuthology.orchestra.run.smithi012.stdout:/usr/bin/ceph: stderr
2024-09-16T01:26:38.081+0000 7fb07a800640 1 -- 172.21.15.12:0/4039083581 --> [v2:172.21.15.12:3300/0,v1:172.21.15.12:6789/0] -- mon_command({"prefix": "get_command_descriptions"} v 0) -- 0x7fb0741087c0 con 0x7fb0741083e0
2024-09-16T01:26:38.956 INFO:teuthology.orchestra.run.smithi012.stdout:/usr/bin/ceph: stderr
2024-09-16T01:26:38.081+0000 7fb072000640 1 --2- 172.21.15.12:0/4039083581 >> [v2:172.21.15.12:6800/2529108364,v1:172.21.15.12:6801/2529108364] conn(0x7fb05c039200 0x7fb05c03b6c0 unknown :-1 s=NONE pgs=0 cs=0 l=1 rev1=0 crypto rx=0 tx=0 comp rx=0 tx=0).connect
2024-09-16T01:26:38.956 INFO:teuthology.orchestra.run.smithi012.stdout:/usr/bin/ceph: stderr
2024-09-16T01:26:38.081+0000 7fb072000640 1 -- 172.21.15.12:0/4039083581 <== mon.0 v2:172.21.15.12:3300/0 5 ==== osd_map(3..3 src has 1..3) ==== 1155+0+0 (secure 0 0 0) 0x7fb06806c5a0 con 0x7fb0741083e0
2024-09-16T01:26:38.956 INFO:teuthology.orchestra.run.smithi012.stdout:/usr/bin/ceph: stderr
2024-09-16T01:26:38.082+0000 7fb078a00640 1 --2- 172.21.15.12:0/4039083581 >> [v2:172.21.15.12:6800/2529108364,v1:172.21.15.12:6801/2529108364] conn(0x7fb05c039200 0x7fb05c03b6c0 unknown :-1 s=BANNER_CONNECTING pgs=0 cs=0 l=1 rev1=0 crypto rx=0 tx=0 comp rx=0 tx=0)._handle_peer_banner_payload supported=3 required=0
2024-09-16T01:26:38.957 INFO:teuthology.orchestra.run.smithi012.stdout:/usr/bin/ceph: stderr
2024-09-16T01:26:38.082+0000 7fb078a00640 1 --2- 172.21.15.12:0/4039083581 >> [v2:172.21.15.12:6800/2529108364,v1:172.21.15.12:6801/2529108364] conn(0x7fb05c039200 0x7fb05c03b6c0 secure :-1 s=READY pgs=9 cs=0 l=1 rev1=1 crypto rx=0x7fb0600098c0 tx=0x7fb060006db0 comp rx=0 tx=0).ready entity=mgr.14150 client_cookie=0 server_cookie=0 in_seq=0 out_seq=0
2024-09-16T01:26:38.957 INFO:teuthology.orchestra.run.smithi012.stdout:/usr/bin/ceph: stderr
2024-09-16T01:26:38.086+0000 7fb072000640 1 -- 172.21.15.12:0/4039083581 <== mon.0 v2:172.21.15.12:3300/0 6 ==== mon_command_ack([{"prefix": "get_command_descriptions"}]=0 v0) ==== 72+0+188821 (secure 0 0 0) 0x7fb06804b170 con 0x7fb0741083e0
2024-09-16T01:26:38.957 INFO:teuthology.orchestra.run.smithi012.stdout:/usr/bin/ceph: stderr
2024-09-16T01:26:38.149+0000 7fb072000640 1 -- 172.21.15.12:0/4039083581 <== mon.0 v2:172.21.15.12:3300/0 7 ==== mgrmap(e 13) ==== 46517+0+0 (secure 0 0 0) 0x7fb068045c10 con 0x7fb0741083e0
2024-09-16T01:26:38.957 INFO:teuthology.orchestra.run.smithi012.stdout:/usr/bin/ceph: stderr
2024-09-16T01:26:38.275+0000 7fb07a800640 1 -- 172.21.15.12:0/4039083581 --> [v2:172.21.15.12:3300/0,v1:172.21.15.12:6789/0] -- mon_command({"prefix": "config get", "who": "mgr", "key": "mgr/dashboard/ssl_server_port"} v 0) -- 0x7fb0741a1200 con 0x7fb0741083e0
2024-09-16T01:26:38.957 INFO:teuthology.orchestra.run.smithi012.stdout:/usr/bin/ceph: stderr
2024-09-16T01:26:38.276+0000 7fb072000640 1 -- 172.21.15.12:0/4039083581 <== mon.0 v2:172.21.15.12:3300/0 8 ==== mon_command_ack([{"prefix": "config get", "who": "mgr", "key": "mgr/dashboard/ssl_server_port"}]=0 v8) ==== 112+0+5 (secure 0 0 0) 0x7fb068045360 con 0x7fb0741083e0
2024-09-16T01:26:38.957 INFO:teuthology.orchestra.run.smithi012.stdout:/usr/bin/ceph: stderr
2024-09-16T01:26:38.278+0000 7fb07a800640 1 -- 172.21.15.12:0/4039083581 >> [v2:172.21.15.12:6800/2529108364,v1:172.21.15.12:6801/2529108364] conn(0x7fb05c039200 msgr2=0x7fb05c03b6c0 secure :-1 s=STATE_CONNECTION_ESTABLISHED l=1).mark_down
2024-09-16T01:26:38.957 INFO:teuthology.orchestra.run.smithi012.stdout:/usr/bin/ceph: stderr
2024-09-16T01:26:38.278+0000 7fb07a800640 1 --2- 172.21.15.12:0/4039083581 >> [v2:172.21.15.12:6800/2529108364,v1:172.21.15.12:6801/2529108364] conn(0x7fb05c039200 0x7fb05c03b6c0 secure :-1 s=READY pgs=9 cs=0 l=1 rev1=1 crypto rx=0x7fb0600098c0 tx=0x7fb060006db0 comp rx=0 tx=0).stop
2024-09-16T01:26:38.957 INFO:teuthology.orchestra.run.smithi012.stdout:/usr/bin/ceph: stderr
2024-09-16T01:26:38.278+0000 7fb07a800640 1 -- 172.21.15.12:0/4039083581 >> [v2:172.21.15.12:3300/0,v1:172.21.15.12:6789/0] conn(0x7fb0741083e0 msgr2=0x7fb07419db70 secure :-1 s=STATE_CONNECTION_ESTABLISHED l=1).mark_down
2024-09-16T01:26:38.957 INFO:teuthology.orchestra.run.smithi012.stdout:/usr/bin/ceph: stderr
2024-09-16T01:26:38.278+0000 7fb07a800640 1 --2- 172.21.15.12:0/4039083581 >> [v2:172.21.15.12:3300/0,v1:172.21.15.12:6789/0] conn(0x7fb0741083e0 0x7fb07419db70 secure :-1 s=READY pgs=73 cs=0 l=1 rev1=1 crypto rx=0x7fb068032e80 tx=0x7fb068032eb0 comp rx=0 tx=0).stop
2024-09-16T01:26:38.957 INFO:teuthology.orchestra.run.smithi012.stdout:/usr/bin/ceph: stderr
2024-09-16T01:26:38.278+0000 7fb07a800640 1 -- 172.21.15.12:0/4039083581 shutdown_connections
2024-09-16T01:26:38.957 INFO:teuthology.orchestra.run.smithi012.stdout:/usr/bin/ceph: stderr
2024-09-16T01:26:38.278+0000 7fb07a800640 1 --2- 172.21.15.12:0/4039083581 >> [v2:172.21.15.12:6800/2529108364,v1:172.21.15.12:6801/2529108364] conn(0x7fb05c039200 0x7fb05c03b6c0 unknown :-1 s=CLOSED pgs=9 cs=0 l=1 rev1=1 crypto rx=0 tx=0 comp rx=0 tx=0).stop
2024-09-16T01:26:38.957 INFO:teuthology.orchestra.run.smithi012.stdout:/usr/bin/ceph: stderr
2024-09-16T01:26:38.278+0000 7fb07a800640 1 --2- 172.21.15.12:0/4039083581 >> [v2:172.21.15.12:3300/0,v1:172.21.15.12:6789/0] conn(0x7fb0741083e0 0x7fb07419db70 unknown :-1 s=CLOSED pgs=73 cs=0 l=1 rev1=1 crypto rx=0 tx=0 comp rx=0 tx=0).stop
2024-09-16T01:26:38.957 INFO:teuthology.orchestra.run.smithi012.stdout:/usr/bin/ceph: stderr
2024-09-16T01:26:38.278+0000 7fb07a800640 1 -- 172.21.15.12:0/4039083581 >> 172.21.15.12:0/4039083581 conn(0x7fb074102040 msgr2=0x7fb074102ab0 unknown :-1 s=STATE_NONE l=0).mark_down
2024-09-16T01:26:38.958 INFO:teuthology.orchestra.run.smithi012.stdout:/usr/bin/ceph: stderr
2024-09-16T01:26:38.278+0000 7fb07a800640 1 -- 172.21.15.12:0/4039083581 shutdown_connections
2024-09-16T01:26:38.958 INFO:teuthology.orchestra.run.smithi012.stdout:/usr/bin/ceph: stderr
2024-09-16T01:26:38.278+0000 7fb07a800640 1 -- 172.21.15.12:0/4039083581 wait complete.
2024-09-16T01:26:38.969 INFO:teuthology.orchestra.run.smithi012.stdout:Non-zero exit code 1 from systemctl is-enabled firewalld.service
2024-09-16T01:26:38.969 INFO:teuthology.orchestra.run.smithi012.stdout:systemctl: stdout disabled
2024-09-16T01:26:38.983 INFO:teuthology.orchestra.run.smithi012.stdout:Non-zero exit code 3 from systemctl is-active firewalld.service
2024-09-16T01:26:38.983 INFO:teuthology.orchestra.run.smithi012.stdout:systemctl: stdout inactive
2024-09-16T01:26:38.983 INFO:teuthology.orchestra.run.smithi012.stdout:firewalld.service is not enabled
2024-09-16T01:26:38.983 INFO:teuthology.orchestra.run.smithi012.stdout:Not possible to open ports <[8443]>. firewalld.service is not available
2024-09-16T01:26:38.985 INFO:teuthology.orchestra.run.smithi012.stdout:Ceph Dashboard is now available at:
2024-09-16T01:26:38.985 INFO:teuthology.orchestra.run.smithi012.stdout:
2024-09-16T01:26:38.985 INFO:teuthology.orchestra.run.smithi012.stdout: URL: https://smithi012.front.sepia.ceph.com:8443/
2024-09-16T01:26:38.986 INFO:teuthology.orchestra.run.smithi012.stdout: User: admin
2024-09-16T01:26:38.986 INFO:teuthology.orchestra.run.smithi012.stdout: Password: 11y7h42c4f
2024-09-16T01:26:38.986 INFO:teuthology.orchestra.run.smithi012.stdout:
2024-09-16T01:26:38.986 INFO:teuthology.orchestra.run.smithi012.stdout:Saving cluster configuration to /var/lib/ceph/6b00df8a-73ca-11ef-bceb-c7b262605968/config directory
2024-09-16T01:26:39.283 INFO:journalctl@ceph.mon.a.smithi012.stdout:Sep 16 01:26:39 smithi012 ceph-mon[30949]: mgrmap e13: x(active, since 6s)
2024-09-16T01:26:39.284 INFO:journalctl@ceph.mon.a.smithi012.stdout:Sep 16 01:26:39 smithi012 ceph-mon[30949]: from='client.? 172.21.15.12:0/4039083581' entity='client.admin' cmd=[{"prefix": "config get", "who": "mgr", "key": "mgr/dashboard/ssl_server_port"}]: dispatch
2024-09-16T01:26:40.476 INFO:teuthology.orchestra.run.smithi012.stdout:/usr/bin/ceph: stderr
2024-09-16T01:26:39.511+0000 7f1867e00640 1 Processor -- start
2024-09-16T01:26:40.476 INFO:teuthology.orchestra.run.smithi012.stdout:/usr/bin/ceph: stderr
2024-09-16T01:26:39.511+0000 7f1867e00640 1 -- start start
2024-09-16T01:26:40.476 INFO:teuthology.orchestra.run.smithi012.stdout:/usr/bin/ceph: stderr
2024-09-16T01:26:39.512+0000 7f1867e00640 1 --2- >> [v2:172.21.15.12:3300/0,v1:172.21.15.12:6789/0] conn(0x7f1868109ba0 0x7f1868109fa0 unknown :-1 s=NONE pgs=0 cs=0 l=0 rev1=0 crypto rx=0 tx=0 comp rx=0 tx=0).connect
2024-09-16T01:26:40.476 INFO:teuthology.orchestra.run.smithi012.stdout:/usr/bin/ceph: stderr
2024-09-16T01:26:39.512+0000 7f1867e00640 1 -- --> [v2:172.21.15.12:3300/0,v1:172.21.15.12:6789/0] -- mon_getmap magic: 0 -- 0x7f186810a570 con 0x7f1868109ba0
2024-09-16T01:26:40.477 INFO:teuthology.orchestra.run.smithi012.stdout:/usr/bin/ceph: stderr
2024-09-16T01:26:39.512+0000 7f1866a00640 1 --2- >> [v2:172.21.15.12:3300/0,v1:172.21.15.12:6789/0] conn(0x7f1868109ba0 0x7f1868109fa0 unknown :-1 s=BANNER_CONNECTING pgs=0 cs=0 l=0 rev1=0 crypto rx=0 tx=0 comp rx=0 tx=0)._handle_peer_banner_payload supported=3 required=0
2024-09-16T01:26:40.477 INFO:teuthology.orchestra.run.smithi012.stdout:/usr/bin/ceph: stderr
2024-09-16T01:26:39.512+0000 7f1866a00640 1 --2- >> [v2:172.21.15.12:3300/0,v1:172.21.15.12:6789/0] conn(0x7f1868109ba0 0x7f1868109fa0 unknown :-1 s=HELLO_CONNECTING pgs=0 cs=0 l=0 rev1=1 crypto rx=0 tx=0 comp rx=0 tx=0).handle_hello peer v2:172.21.15.12:3300/0 says I am v2:172.21.15.12:37000/0 (socket says 172.21.15.12:37000)
2024-09-16T01:26:40.477 INFO:teuthology.orchestra.run.smithi012.stdout:/usr/bin/ceph: stderr
2024-09-16T01:26:39.512+0000 7f1866a00640 1 -- 172.21.15.12:0/699523148 learned_addr learned my addr 172.21.15.12:0/699523148 (peer_addr_for_me v2:172.21.15.12:0/0)
2024-09-16T01:26:40.477 INFO:teuthology.orchestra.run.smithi012.stdout:/usr/bin/ceph: stderr
2024-09-16T01:26:39.512+0000 7f1866a00640 1 -- 172.21.15.12:0/699523148 --> [v2:172.21.15.12:3300/0,v1:172.21.15.12:6789/0] -- mon_subscribe({config=0+,monmap=0+}) -- 0x7f186810ad00 con 0x7f1868109ba0
2024-09-16T01:26:40.477 INFO:teuthology.orchestra.run.smithi012.stdout:/usr/bin/ceph: stderr
2024-09-16T01:26:39.513+0000 7f1866a00640 1 --2- 172.21.15.12:0/699523148 >> [v2:172.21.15.12:3300/0,v1:172.21.15.12:6789/0] conn(0x7f1868109ba0 0x7f1868109fa0 secure :-1 s=READY pgs=74 cs=0 l=1 rev1=1 crypto rx=0x7f1858009820 tx=0x7f185802a270 comp rx=0 tx=0).ready entity=mon.0 client_cookie=da60cc11a86ba3b2 server_cookie=0 in_seq=0 out_seq=0
2024-09-16T01:26:40.477 INFO:teuthology.orchestra.run.smithi012.stdout:/usr/bin/ceph: stderr
2024-09-16T01:26:39.513+0000 7f1866000640 1 -- 172.21.15.12:0/699523148 <== mon.0 v2:172.21.15.12:3300/0 1 ==== mon_map magic: 0 ==== 205+0+0 (secure 0 0 0) 0x7f1858037070 con 0x7f1868109ba0
2024-09-16T01:26:40.477 INFO:teuthology.orchestra.run.smithi012.stdout:/usr/bin/ceph: stderr
2024-09-16T01:26:39.514+0000 7f1866000640 1 -- 172.21.15.12:0/699523148 <== mon.0 v2:172.21.15.12:3300/0 2 ==== config(29 keys) ==== 1209+0+0 (secure 0 0 0) 0x7f1858032960 con 0x7f1868109ba0
2024-09-16T01:26:40.477 INFO:teuthology.orchestra.run.smithi012.stdout:/usr/bin/ceph: stderr
2024-09-16T01:26:39.514+0000 7f1866000640 1 -- 172.21.15.12:0/699523148 <== mon.0 v2:172.21.15.12:3300/0 3 ==== mon_map magic: 0 ==== 205+0+0 (secure 0 0 0) 0x7f1858030980 con 0x7f1868109ba0
2024-09-16T01:26:40.477 INFO:teuthology.orchestra.run.smithi012.stdout:/usr/bin/ceph: stderr
2024-09-16T01:26:39.514+0000 7f1867e00640 1 -- 172.21.15.12:0/699523148 >> [v2:172.21.15.12:3300/0,v1:172.21.15.12:6789/0] conn(0x7f1868109ba0 msgr2=0x7f1868109fa0 secure :-1 s=STATE_CONNECTION_ESTABLISHED l=1).mark_down
2024-09-16T01:26:40.477 INFO:teuthology.orchestra.run.smithi012.stdout:/usr/bin/ceph: stderr
2024-09-16T01:26:39.514+0000 7f1867e00640 1 --2- 172.21.15.12:0/699523148 >> [v2:172.21.15.12:3300/0,v1:172.21.15.12:6789/0] conn(0x7f1868109ba0 0x7f1868109fa0 secure :-1 s=READY pgs=74 cs=0 l=1 rev1=1 crypto rx=0x7f1858009820 tx=0x7f185802a270 comp rx=0 tx=0).stop
2024-09-16T01:26:40.477 INFO:teuthology.orchestra.run.smithi012.stdout:/usr/bin/ceph: stderr
2024-09-16T01:26:39.514+0000 7f1867e00640 1 -- 172.21.15.12:0/699523148 shutdown_connections
2024-09-16T01:26:40.478 INFO:teuthology.orchestra.run.smithi012.stdout:/usr/bin/ceph: stderr
2024-09-16T01:26:39.514+0000 7f1867e00640 1 --2- 172.21.15.12:0/699523148 >> [v2:172.21.15.12:3300/0,v1:172.21.15.12:6789/0] conn(0x7f1868109ba0 0x7f1868109fa0 unknown :-1 s=CLOSED pgs=74 cs=0 l=1 rev1=1 crypto rx=0 tx=0 comp rx=0 tx=0).stop
2024-09-16T01:26:40.478 INFO:teuthology.orchestra.run.smithi012.stdout:/usr/bin/ceph: stderr
2024-09-16T01:26:39.514+0000 7f1867e00640 1 -- 172.21.15.12:0/699523148 >> 172.21.15.12:0/699523148 conn(0x7f186807d2f0 msgr2=0x7f186807d700 unknown :-1 s=STATE_NONE l=0).mark_down
2024-09-16T01:26:40.478 INFO:teuthology.orchestra.run.smithi012.stdout:/usr/bin/ceph: stderr
2024-09-16T01:26:39.514+0000 7f1867e00640 1 -- 172.21.15.12:0/699523148 shutdown_connections
2024-09-16T01:26:40.478 INFO:teuthology.orchestra.run.smithi012.stdout:/usr/bin/ceph: stderr
2024-09-16T01:26:39.514+0000 7f1867e00640 1 -- 172.21.15.12:0/699523148 wait complete.
2024-09-16T01:26:40.478 INFO:teuthology.orchestra.run.smithi012.stdout:/usr/bin/ceph: stderr
2024-09-16T01:26:39.515+0000 7f1867e00640 1 Processor -- start
2024-09-16T01:26:40.478 INFO:teuthology.orchestra.run.smithi012.stdout:/usr/bin/ceph: stderr
2024-09-16T01:26:39.516+0000 7f1867e00640 1 -- start start
2024-09-16T01:26:40.478 INFO:teuthology.orchestra.run.smithi012.stdout:/usr/bin/ceph: stderr
2024-09-16T01:26:39.516+0000 7f1867e00640 1 --2- >> [v2:172.21.15.12:3300/0,v1:172.21.15.12:6789/0] conn(0x7f1868109ba0 0x7f186819db30 unknown :-1 s=NONE pgs=0 cs=0 l=1 rev1=0 crypto rx=0 tx=0 comp rx=0 tx=0).connect
2024-09-16T01:26:40.478 INFO:teuthology.orchestra.run.smithi012.stdout:/usr/bin/ceph: stderr
2024-09-16T01:26:39.516+0000 7f1867e00640 1 -- --> [v2:172.21.15.12:3300/0,v1:172.21.15.12:6789/0] -- mon_getmap magic: 0 -- 0x7f186810e0b0 con 0x7f1868109ba0
2024-09-16T01:26:40.479 INFO:teuthology.orchestra.run.smithi012.stdout:/usr/bin/ceph: stderr
2024-09-16T01:26:39.516+0000 7f1866a00640 1 --2- >> [v2:172.21.15.12:3300/0,v1:172.21.15.12:6789/0] conn(0x7f1868109ba0 0x7f186819db30 unknown :-1 s=BANNER_CONNECTING pgs=0 cs=0 l=1 rev1=0 crypto rx=0 tx=0 comp rx=0 tx=0)._handle_peer_banner_payload supported=3 required=0
2024-09-16T01:26:40.479 INFO:teuthology.orchestra.run.smithi012.stdout:/usr/bin/ceph: stderr
2024-09-16T01:26:39.516+0000 7f1866a00640 1 --2- >> [v2:172.21.15.12:3300/0,v1:172.21.15.12:6789/0] conn(0x7f1868109ba0 0x7f186819db30 unknown :-1 s=HELLO_CONNECTING pgs=0 cs=0 l=1 rev1=1 crypto rx=0 tx=0 comp rx=0 tx=0).handle_hello peer v2:172.21.15.12:3300/0 says I am v2:172.21.15.12:37008/0 (socket says 172.21.15.12:37008)
2024-09-16T01:26:40.479 INFO:teuthology.orchestra.run.smithi012.stdout:/usr/bin/ceph: stderr
2024-09-16T01:26:39.516+0000 7f1866a00640 1 -- 172.21.15.12:0/105118051 learned_addr learned my addr 172.21.15.12:0/105118051 (peer_addr_for_me v2:172.21.15.12:0/0)
2024-09-16T01:26:40.479 INFO:teuthology.orchestra.run.smithi012.stdout:/usr/bin/ceph: stderr
2024-09-16T01:26:39.516+0000 7f1866a00640 1 -- 172.21.15.12:0/105118051 --> [v2:172.21.15.12:3300/0,v1:172.21.15.12:6789/0] -- mon_subscribe({config=0+,monmap=0+}) -- 0x7f186819e070 con 0x7f1868109ba0
2024-09-16T01:26:40.479 INFO:teuthology.orchestra.run.smithi012.stdout:/usr/bin/ceph: stderr
2024-09-16T01:26:39.517+0000 7f1866a00640 1 --2- 172.21.15.12:0/105118051 >> [v2:172.21.15.12:3300/0,v1:172.21.15.12:6789/0] conn(0x7f1868109ba0 0x7f186819db30 secure :-1 s=READY pgs=75 cs=0 l=1 rev1=1 crypto rx=0x7f18580097f0 tx=0x7f1858032e80 comp rx=0 tx=0).ready entity=mon.0 client_cookie=0 server_cookie=0 in_seq=0 out_seq=0
2024-09-16T01:26:40.479 INFO:teuthology.orchestra.run.smithi012.stdout:/usr/bin/ceph: stderr
2024-09-16T01:26:39.517+0000 7f186ca00640 1 -- 172.21.15.12:0/105118051 <== mon.0 v2:172.21.15.12:3300/0 1 ==== mon_map magic: 0 ==== 205+0+0 (secure 0 0 0) 0x7f1858042070 con 0x7f1868109ba0
2024-09-16T01:26:40.479 INFO:teuthology.orchestra.run.smithi012.stdout:/usr/bin/ceph: stderr
2024-09-16T01:26:39.517+0000 7f186ca00640 1 -- 172.21.15.12:0/105118051 <== mon.0 v2:172.21.15.12:3300/0 2 ==== config(29 keys) ==== 1209+0+0 (secure 0 0 0) 0x7f18580326c0 con 0x7f1868109ba0
2024-09-16T01:26:40.479 INFO:teuthology.orchestra.run.smithi012.stdout:/usr/bin/ceph: stderr
2024-09-16T01:26:39.517+0000 7f186ca00640 1 -- 172.21.15.12:0/105118051 <== mon.0 v2:172.21.15.12:3300/0 3 ==== mon_map magic: 0 ==== 205+0+0 (secure 0 0 0) 0x7f1858037040 con 0x7f1868109ba0
2024-09-16T01:26:40.479 INFO:teuthology.orchestra.run.smithi012.stdout:/usr/bin/ceph: stderr
2024-09-16T01:26:39.517+0000 7f1867e00640 1 -- 172.21.15.12:0/105118051 --> [v2:172.21.15.12:3300/0,v1:172.21.15.12:6789/0] -- mon_subscribe({mgrmap=0+}) -- 0x7f186819e300 con 0x7f1868109ba0
2024-09-16T01:26:40.479 INFO:teuthology.orchestra.run.smithi012.stdout:/usr/bin/ceph: stderr
2024-09-16T01:26:39.517+0000 7f1867e00640 1 -- 172.21.15.12:0/105118051 --> [v2:172.21.15.12:3300/0,v1:172.21.15.12:6789/0] -- mon_subscribe({osdmap=0}) -- 0x7f18681a0ff0 con 0x7f1868109ba0
2024-09-16T01:26:40.479 INFO:teuthology.orchestra.run.smithi012.stdout:/usr/bin/ceph: stderr
2024-09-16T01:26:39.518+0000 7f186ca00640 1 -- 172.21.15.12:0/105118051 <== mon.0 v2:172.21.15.12:3300/0 4 ==== mgrmap(e 13) ==== 46517+0+0 (secure 0 0 0) 0x7f1858045070 con 0x7f1868109ba0
2024-09-16T01:26:40.480 INFO:teuthology.orchestra.run.smithi012.stdout:/usr/bin/ceph: stderr
2024-09-16T01:26:39.518+0000 7f1867e00640 1 -- 172.21.15.12:0/105118051 --> [v2:172.21.15.12:3300/0,v1:172.21.15.12:6789/0] -- mon_command({"prefix": "get_command_descriptions"} v 0) -- 0x7f1868109fa0 con 0x7f1868109ba0
2024-09-16T01:26:40.480 INFO:teuthology.orchestra.run.smithi012.stdout:/usr/bin/ceph: stderr
2024-09-16T01:26:39.519+0000 7f186ca00640 1 --2- 172.21.15.12:0/105118051 >> [v2:172.21.15.12:6800/2529108364,v1:172.21.15.12:6801/2529108364] conn(0x7f184c039300 0x7f184c03b7c0 unknown :-1 s=NONE pgs=0 cs=0 l=1 rev1=0 crypto rx=0 tx=0 comp rx=0 tx=0).connect
2024-09-16T01:26:40.480 INFO:teuthology.orchestra.run.smithi012.stdout:/usr/bin/ceph: stderr
2024-09-16T01:26:39.519+0000 7f186ca00640 1 -- 172.21.15.12:0/105118051 <== mon.0 v2:172.21.15.12:3300/0 5 ==== osd_map(3..3 src has 1..3) ==== 1155+0+0 (secure 0 0 0) 0x7f185806c5a0 con 0x7f1868109ba0
2024-09-16T01:26:40.480 INFO:teuthology.orchestra.run.smithi012.stdout:/usr/bin/ceph: stderr
2024-09-16T01:26:39.519+0000 7f185fe00640 1 --2- 172.21.15.12:0/105118051 >> [v2:172.21.15.12:6800/2529108364,v1:172.21.15.12:6801/2529108364] conn(0x7f184c039300 0x7f184c03b7c0 unknown :-1 s=BANNER_CONNECTING pgs=0 cs=0 l=1 rev1=0 crypto rx=0 tx=0 comp rx=0 tx=0)._handle_peer_banner_payload supported=3 required=0
2024-09-16T01:26:40.480 INFO:teuthology.orchestra.run.smithi012.stdout:/usr/bin/ceph: stderr
2024-09-16T01:26:39.520+0000 7f185fe00640 1 --2- 172.21.15.12:0/105118051 >> [v2:172.21.15.12:6800/2529108364,v1:172.21.15.12:6801/2529108364] conn(0x7f184c039300 0x7f184c03b7c0 secure :-1 s=READY pgs=10 cs=0 l=1 rev1=1 crypto rx=0x7f18500098c0 tx=0x7f1850006db0 comp rx=0 tx=0).ready entity=mgr.14150 client_cookie=0 server_cookie=0 in_seq=0 out_seq=0
2024-09-16T01:26:40.480 INFO:teuthology.orchestra.run.smithi012.stdout:/usr/bin/ceph: stderr
2024-09-16T01:26:39.524+0000 7f186ca00640 1 -- 172.21.15.12:0/105118051 <== mon.0 v2:172.21.15.12:3300/0 6 ==== mon_command_ack([{"prefix": "get_command_descriptions"}]=0 v0) ==== 72+0+188821 (secure 0 0 0) 0x7f185803b330 con 0x7f1868109ba0
2024-09-16T01:26:40.480 INFO:teuthology.orchestra.run.smithi012.stdout:/usr/bin/ceph: stderr
2024-09-16T01:26:39.799+0000 7f1867e00640 1 -- 172.21.15.12:0/105118051 --> [v2:172.21.15.12:3300/0,v1:172.21.15.12:6789/0] -- mon_command([{prefix=config-key set, key=mgr/dashboard/cluster/status}] v 0) -- 0x7f18681a15e0 con 0x7f1868109ba0
2024-09-16T01:26:40.480 INFO:teuthology.orchestra.run.smithi012.stdout:/usr/bin/ceph: stderr
2024-09-16T01:26:39.802+0000 7f186ca00640 1 -- 172.21.15.12:0/105118051 <== mon.0 v2:172.21.15.12:3300/0 7 ==== mon_command_ack([{prefix=config-key set, key=mgr/dashboard/cluster/status}]=0 set mgr/dashboard/cluster/status v28)=0 set mgr/dashboard/cluster/status v28) ==== 153+0+0 (secure 0 0 0) 0x7f185803dd50 con 0x7f1868109ba0
2024-09-16T01:26:40.480 INFO:teuthology.orchestra.run.smithi012.stdout:/usr/bin/ceph: stderr set mgr/dashboard/cluster/status
2024-09-16T01:26:40.480 INFO:teuthology.orchestra.run.smithi012.stdout:/usr/bin/ceph: stderr
2024-09-16T01:26:39.804+0000 7f1867e00640 1 -- 172.21.15.12:0/105118051 >> [v2:172.21.15.12:6800/2529108364,v1:172.21.15.12:6801/2529108364] conn(0x7f184c039300 msgr2=0x7f184c03b7c0 secure :-1 s=STATE_CONNECTION_ESTABLISHED l=1).mark_down
2024-09-16T01:26:40.480 INFO:teuthology.orchestra.run.smithi012.stdout:/usr/bin/ceph: stderr
2024-09-16T01:26:39.804+0000 7f1867e00640 1 --2- 172.21.15.12:0/105118051 >> [v2:172.21.15.12:6800/2529108364,v1:172.21.15.12:6801/2529108364] conn(0x7f184c039300 0x7f184c03b7c0 secure :-1 s=READY pgs=10 cs=0 l=1 rev1=1 crypto rx=0x7f18500098c0 tx=0x7f1850006db0 comp rx=0 tx=0).stop
2024-09-16T01:26:40.481 INFO:teuthology.orchestra.run.smithi012.stdout:/usr/bin/ceph: stderr
2024-09-16T01:26:39.804+0000 7f1867e00640 1 -- 172.21.15.12:0/105118051 >> [v2:172.21.15.12:3300/0,v1:172.21.15.12:6789/0] conn(0x7f1868109ba0 msgr2=0x7f186819db30 secure :-1 s=STATE_CONNECTION_ESTABLISHED l=1).mark_down
2024-09-16T01:26:40.481 INFO:teuthology.orchestra.run.smithi012.stdout:/usr/bin/ceph: stderr
2024-09-16T01:26:39.804+0000 7f1867e00640 1 --2- 172.21.15.12:0/105118051 >> [v2:172.21.15.12:3300/0,v1:172.21.15.12:6789/0] conn(0x7f1868109ba0 0x7f186819db30 secure :-1 s=READY pgs=75 cs=0 l=1 rev1=1 crypto rx=0x7f18580097f0 tx=0x7f1858032e80 comp rx=0 tx=0).stop
2024-09-16T01:26:40.481 INFO:teuthology.orchestra.run.smithi012.stdout:/usr/bin/ceph: stderr
2024-09-16T01:26:39.804+0000 7f1867e00640 1 -- 172.21.15.12:0/105118051 shutdown_connections
2024-09-16T01:26:40.481 INFO:teuthology.orchestra.run.smithi012.stdout:/usr/bin/ceph: stderr
2024-09-16T01:26:39.804+0000 7f1867e00640 1 --2- 172.21.15.12:0/105118051 >> [v2:172.21.15.12:6800/2529108364,v1:172.21.15.12:6801/2529108364] conn(0x7f184c039300 0x7f184c03b7c0 unknown :-1 s=CLOSED pgs=10 cs=0 l=1 rev1=1 crypto rx=0 tx=0 comp rx=0 tx=0).stop
2024-09-16T01:26:40.481 INFO:teuthology.orchestra.run.smithi012.stdout:/usr/bin/ceph: stderr
2024-09-16T01:26:39.804+0000 7f1867e00640 1 --2- 172.21.15.12:0/105118051 >> [v2:172.21.15.12:3300/0,v1:172.21.15.12:6789/0] conn(0x7f1868109ba0 0x7f186819db30 unknown :-1 s=CLOSED pgs=75 cs=0 l=1 rev1=1 crypto rx=0 tx=0 comp rx=0 tx=0).stop
2024-09-16T01:26:40.481 INFO:teuthology.orchestra.run.smithi012.stdout:/usr/bin/ceph: stderr
2024-09-16T01:26:39.804+0000 7f1867e00640 1 -- 172.21.15.12:0/105118051 >> 172.21.15.12:0/105118051 conn(0x7f186807d2f0 msgr2=0x7f18681075d0 unknown :-1 s=STATE_NONE l=0).mark_down
2024-09-16T01:26:40.481 INFO:teuthology.orchestra.run.smithi012.stdout:/usr/bin/ceph: stderr
2024-09-16T01:26:39.805+0000 7f1867e00640 1 -- 172.21.15.12:0/105118051 shutdown_connections
2024-09-16T01:26:40.481 INFO:teuthology.orchestra.run.smithi012.stdout:/usr/bin/ceph: stderr
2024-09-16T01:26:39.805+0000 7f1867e00640 1 -- 172.21.15.12:0/105118051 wait complete.
2024-09-16T01:26:40.481 INFO:teuthology.orchestra.run.smithi012.stdout:You can access the Ceph CLI as following in case of multi-cluster or non-default config:
2024-09-16T01:26:40.481 INFO:teuthology.orchestra.run.smithi012.stdout:
2024-09-16T01:26:40.481 INFO:teuthology.orchestra.run.smithi012.stdout: sudo /home/ubuntu/cephtest/cephadm shell --fsid 6b00df8a-73ca-11ef-bceb-c7b262605968 -c /etc/ceph/ceph.conf -k /etc/ceph/ceph.client.admin.keyring
2024-09-16T01:26:40.481 INFO:teuthology.orchestra.run.smithi012.stdout:
2024-09-16T01:26:40.481 INFO:teuthology.orchestra.run.smithi012.stdout:Or, if you are only running a single cluster on this host:
2024-09-16T01:26:40.481 INFO:teuthology.orchestra.run.smithi012.stdout:
2024-09-16T01:26:40.482 INFO:teuthology.orchestra.run.smithi012.stdout: sudo /home/ubuntu/cephtest/cephadm shell
2024-09-16T01:26:40.482 INFO:teuthology.orchestra.run.smithi012.stdout:
2024-09-16T01:26:40.482 INFO:teuthology.orchestra.run.smithi012.stdout:Please consider enabling telemetry to help improve Ceph:
2024-09-16T01:26:40.482 INFO:teuthology.orchestra.run.smithi012.stdout:
2024-09-16T01:26:40.484 INFO:teuthology.orchestra.run.smithi012.stdout: ceph telemetry on
2024-09-16T01:26:40.484 INFO:teuthology.orchestra.run.smithi012.stdout:
2024-09-16T01:26:40.484 INFO:teuthology.orchestra.run.smithi012.stdout:For more information see:
2024-09-16T01:26:40.484 INFO:teuthology.orchestra.run.smithi012.stdout:
2024-09-16T01:26:40.484 INFO:teuthology.orchestra.run.smithi012.stdout: https://docs.ceph.com/en/latest/mgr/telemetry/
2024-09-16T01:26:40.484 INFO:teuthology.orchestra.run.smithi012.stdout:
2024-09-16T01:26:40.484 INFO:teuthology.orchestra.run.smithi012.stdout:Bootstrap complete.
2024-09-16T01:26:40.533 INFO:tasks.cephadm:Fetching config...
2024-09-16T01:26:40.533 DEBUG:teuthology.orchestra.run.smithi012:> set -ex
2024-09-16T01:26:40.533 DEBUG:teuthology.orchestra.run.smithi012:> dd if=/etc/ceph/ceph.conf of=/dev/stdout
2024-09-16T01:26:40.571 INFO:tasks.cephadm:Fetching client.admin keyring...
2024-09-16T01:26:40.571 DEBUG:teuthology.orchestra.run.smithi012:> set -ex
2024-09-16T01:26:40.571 DEBUG:teuthology.orchestra.run.smithi012:> dd if=/etc/ceph/ceph.client.admin.keyring of=/dev/stdout
2024-09-16T01:26:40.651 INFO:tasks.cephadm:Fetching mon keyring...
2024-09-16T01:26:40.651 DEBUG:teuthology.orchestra.run.smithi012:> set -ex
2024-09-16T01:26:40.651 DEBUG:teuthology.orchestra.run.smithi012:> sudo dd if=/var/lib/ceph/6b00df8a-73ca-11ef-bceb-c7b262605968/mon.a/keyring of=/dev/stdout
2024-09-16T01:26:40.747 INFO:tasks.cephadm:Fetching pub ssh key...
2024-09-16T01:26:40.747 DEBUG:teuthology.orchestra.run.smithi012:> set -ex
2024-09-16T01:26:40.748 DEBUG:teuthology.orchestra.run.smithi012:> dd if=/home/ubuntu/cephtest/ceph.pub of=/dev/stdout
2024-09-16T01:26:40.823 INFO:tasks.cephadm:Installing pub ssh key for root users...
2024-09-16T01:26:40.824 DEBUG:teuthology.orchestra.run.smithi012:> sudo install -d -m 0700 /root/.ssh && echo 'ssh-rsa AAAAB3NzaC1yc2EAAAADAQABAAABgQDo/ByDQrjyTJ644YvrUmhhUNEj07uNInXxXPXOCc8UsrzYYUCjWEsP2Ls3tr0ndYTYh0JYWJxnYHHiEw7aUg15kdb9MvI3oTVATLTxIN2NdRNI0NrlRv9pyl4BFRQrUUL0AxK0xoEMAMRxfAXCgPRfEKOognMLAjfFH9tqLmEufNDtA/fAv9Ad93LjF3WyMiXXm1+WuO05jFMdcfZWdXjgg21VrhdRQ9XR83MzzM5PJBpPZ8swoou1ntlvHVi5BxwfTQsA/y0iS1zIdTGIc6Kjh8aX3kUOoWznrJLAe5LPYrZrdoH5yLVxq+tmNyVabW9pG53riFLQlWq3Hmyz9strN7AC0C+8RUxjbL54OpTk5jXmgIkISJ25eY7n4P/sLsrDgJfTHyO0g6iRcMSrmsLp1N7oNURFPMC6H92PzsZuoKCQK3H0o4oVzf7Zm3/xqr9caZYgkaDf+k1CPSgPZNGEEi6YgqDEsFUkhQmurKQZAp60uyOKNrVKnUN1u/Gy560= ceph-6b00df8a-73ca-11ef-bceb-c7b262605968' | sudo tee -a /root/.ssh/authorized_keys && sudo chmod 0600 /root/.ssh/authorized_keys
2024-09-16T01:26:40.943 INFO:teuthology.orchestra.run.smithi012.stdout:ssh-rsa AAAAB3NzaC1yc2EAAAADAQABAAABgQDo/ByDQrjyTJ644YvrUmhhUNEj07uNInXxXPXOCc8UsrzYYUCjWEsP2Ls3tr0ndYTYh0JYWJxnYHHiEw7aUg15kdb9MvI3oTVATLTxIN2NdRNI0NrlRv9pyl4BFRQrUUL0AxK0xoEMAMRxfAXCgPRfEKOognMLAjfFH9tqLmEufNDtA/fAv9Ad93LjF3WyMiXXm1+WuO05jFMdcfZWdXjgg21VrhdRQ9XR83MzzM5PJBpPZ8swoou1ntlvHVi5BxwfTQsA/y0iS1zIdTGIc6Kjh8aX3kUOoWznrJLAe5LPYrZrdoH5yLVxq+tmNyVabW9pG53riFLQlWq3Hmyz9strN7AC0C+8RUxjbL54OpTk5jXmgIkISJ25eY7n4P/sLsrDgJfTHyO0g6iRcMSrmsLp1N7oNURFPMC6H92PzsZuoKCQK3H0o4oVzf7Zm3/xqr9caZYgkaDf+k1CPSgPZNGEEi6YgqDEsFUkhQmurKQZAp60uyOKNrVKnUN1u/Gy560= ceph-6b00df8a-73ca-11ef-bceb-c7b262605968
2024-09-16T01:26:40.968 DEBUG:teuthology.orchestra.run.smithi098:> sudo install -d -m 0700 /root/.ssh && echo 'ssh-rsa AAAAB3NzaC1yc2EAAAADAQABAAABgQDo/ByDQrjyTJ644YvrUmhhUNEj07uNInXxXPXOCc8UsrzYYUCjWEsP2Ls3tr0ndYTYh0JYWJxnYHHiEw7aUg15kdb9MvI3oTVATLTxIN2NdRNI0NrlRv9pyl4BFRQrUUL0AxK0xoEMAMRxfAXCgPRfEKOognMLAjfFH9tqLmEufNDtA/fAv9Ad93LjF3WyMiXXm1+WuO05jFMdcfZWdXjgg21VrhdRQ9XR83MzzM5PJBpPZ8swoou1ntlvHVi5BxwfTQsA/y0iS1zIdTGIc6Kjh8aX3kUOoWznrJLAe5LPYrZrdoH5yLVxq+tmNyVabW9pG53riFLQlWq3Hmyz9strN7AC0C+8RUxjbL54OpTk5jXmgIkISJ25eY7n4P/sLsrDgJfTHyO0g6iRcMSrmsLp1N7oNURFPMC6H92PzsZuoKCQK3H0o4oVzf7Zm3/xqr9caZYgkaDf+k1CPSgPZNGEEi6YgqDEsFUkhQmurKQZAp60uyOKNrVKnUN1u/Gy560= ceph-6b00df8a-73ca-11ef-bceb-c7b262605968' | sudo tee -a /root/.ssh/authorized_keys && sudo chmod 0600 /root/.ssh/authorized_keys
2024-09-16T01:26:41.010 INFO:teuthology.orchestra.run.smithi098.stdout:ssh-rsa AAAAB3NzaC1yc2EAAAADAQABAAABgQDo/ByDQrjyTJ644YvrUmhhUNEj07uNInXxXPXOCc8UsrzYYUCjWEsP2Ls3tr0ndYTYh0JYWJxnYHHiEw7aUg15kdb9MvI3oTVATLTxIN2NdRNI0NrlRv9pyl4BFRQrUUL0AxK0xoEMAMRxfAXCgPRfEKOognMLAjfFH9tqLmEufNDtA/fAv9Ad93LjF3WyMiXXm1+WuO05jFMdcfZWdXjgg21VrhdRQ9XR83MzzM5PJBpPZ8swoou1ntlvHVi5BxwfTQsA/y0iS1zIdTGIc6Kjh8aX3kUOoWznrJLAe5LPYrZrdoH5yLVxq+tmNyVabW9pG53riFLQlWq3Hmyz9strN7AC0C+8RUxjbL54OpTk5jXmgIkISJ25eY7n4P/sLsrDgJfTHyO0g6iRcMSrmsLp1N7oNURFPMC6H92PzsZuoKCQK3H0o4oVzf7Zm3/xqr9caZYgkaDf+k1CPSgPZNGEEi6YgqDEsFUkhQmurKQZAp60uyOKNrVKnUN1u/Gy560= ceph-6b00df8a-73ca-11ef-bceb-c7b262605968
2024-09-16T01:26:41.018 INFO:journalctl@ceph.mon.a.smithi012.stdout:Sep 16 01:26:40 smithi012 ceph-mon[30949]: from='client.? 172.21.15.12:0/105118051' entity='client.admin'
2024-09-16T01:26:41.023 DEBUG:teuthology.orchestra.run.smithi119:> sudo install -d -m 0700 /root/.ssh && echo 'ssh-rsa AAAAB3NzaC1yc2EAAAADAQABAAABgQDo/ByDQrjyTJ644YvrUmhhUNEj07uNInXxXPXOCc8UsrzYYUCjWEsP2Ls3tr0ndYTYh0JYWJxnYHHiEw7aUg15kdb9MvI3oTVATLTxIN2NdRNI0NrlRv9pyl4BFRQrUUL0AxK0xoEMAMRxfAXCgPRfEKOognMLAjfFH9tqLmEufNDtA/fAv9Ad93LjF3WyMiXXm1+WuO05jFMdcfZWdXjgg21VrhdRQ9XR83MzzM5PJBpPZ8swoou1ntlvHVi5BxwfTQsA/y0iS1zIdTGIc6Kjh8aX3kUOoWznrJLAe5LPYrZrdoH5yLVxq+tmNyVabW9pG53riFLQlWq3Hmyz9strN7AC0C+8RUxjbL54OpTk5jXmgIkISJ25eY7n4P/sLsrDgJfTHyO0g6iRcMSrmsLp1N7oNURFPMC6H92PzsZuoKCQK3H0o4oVzf7Zm3/xqr9caZYgkaDf+k1CPSgPZNGEEi6YgqDEsFUkhQmurKQZAp60uyOKNrVKnUN1u/Gy560= ceph-6b00df8a-73ca-11ef-bceb-c7b262605968' | sudo tee -a /root/.ssh/authorized_keys && sudo chmod 0600 /root/.ssh/authorized_keys
2024-09-16T01:26:41.064 INFO:teuthology.orchestra.run.smithi119.stdout:ssh-rsa AAAAB3NzaC1yc2EAAAADAQABAAABgQDo/ByDQrjyTJ644YvrUmhhUNEj07uNInXxXPXOCc8UsrzYYUCjWEsP2Ls3tr0ndYTYh0JYWJxnYHHiEw7aUg15kdb9MvI3oTVATLTxIN2NdRNI0NrlRv9pyl4BFRQrUUL0AxK0xoEMAMRxfAXCgPRfEKOognMLAjfFH9tqLmEufNDtA/fAv9Ad93LjF3WyMiXXm1+WuO05jFMdcfZWdXjgg21VrhdRQ9XR83MzzM5PJBpPZ8swoou1ntlvHVi5BxwfTQsA/y0iS1zIdTGIc6Kjh8aX3kUOoWznrJLAe5LPYrZrdoH5yLVxq+tmNyVabW9pG53riFLQlWq3Hmyz9strN7AC0C+8RUxjbL54OpTk5jXmgIkISJ25eY7n4P/sLsrDgJfTHyO0g6iRcMSrmsLp1N7oNURFPMC6H92PzsZuoKCQK3H0o4oVzf7Zm3/xqr9caZYgkaDf+k1CPSgPZNGEEi6YgqDEsFUkhQmurKQZAp60uyOKNrVKnUN1u/Gy560= ceph-6b00df8a-73ca-11ef-bceb-c7b262605968
2024-09-16T01:26:41.077 DEBUG:teuthology.orchestra.run.smithi012:> sudo /home/ubuntu/cephtest/cephadm --image quay-quay-quay.apps.os.sepia.ceph.com/ceph-ci/ceph:8921c8ef947807b717db041d85f0761b7914d5fc shell -c /etc/ceph/ceph.conf -k /etc/ceph/ceph.client.admin.keyring --fsid 6b00df8a-73ca-11ef-bceb-c7b262605968 -- ceph config set mgr mgr/cephadm/allow_ptrace true
2024-09-16T01:26:41.454 INFO:teuthology.orchestra.run.smithi012.stderr:Inferring config /var/lib/ceph/6b00df8a-73ca-11ef-bceb-c7b262605968/mon.a/config
2024-09-16T01:26:41.992 INFO:teuthology.orchestra.run.smithi012.stderr:2024-09-16T01:26:41.989+0000 7fdc74a00640 1 -- 172.21.15.12:0/2647456559 >> [v2:172.21.15.12:3300/0,v1:172.21.15.12:6789/0] conn(0x7fdc70076ba0 msgr2=0x7fdc70076fa0 secure :-1 s=STATE_CONNECTION_ESTABLISHED l=1).mark_down
2024-09-16T01:26:41.992 INFO:teuthology.orchestra.run.smithi012.stderr:2024-09-16T01:26:41.989+0000 7fdc74a00640 1 --2- 172.21.15.12:0/2647456559 >> [v2:172.21.15.12:3300/0,v1:172.21.15.12:6789/0] conn(0x7fdc70076ba0 0x7fdc70076fa0 secure :-1 s=READY pgs=76 cs=0 l=1 rev1=1 crypto rx=0x7fdc60009880 tx=0x7fdc6002a5d0 comp rx=0 tx=0).stop
2024-09-16T01:26:41.993 INFO:teuthology.orchestra.run.smithi012.stderr:2024-09-16T01:26:41.989+0000 7fdc74a00640 1 -- 172.21.15.12:0/2647456559 shutdown_connections
2024-09-16T01:26:41.993 INFO:teuthology.orchestra.run.smithi012.stderr:2024-09-16T01:26:41.989+0000 7fdc74a00640 1 --2- 172.21.15.12:0/2647456559 >> [v2:172.21.15.12:3300/0,v1:172.21.15.12:6789/0] conn(0x7fdc70076ba0 0x7fdc70076fa0 unknown :-1 s=CLOSED pgs=76 cs=0 l=1 rev1=1 crypto rx=0 tx=0 comp rx=0 tx=0).stop
2024-09-16T01:26:41.993 INFO:teuthology.orchestra.run.smithi012.stderr:2024-09-16T01:26:41.989+0000 7fdc74a00640 1 -- 172.21.15.12:0/2647456559 >> 172.21.15.12:0/2647456559 conn(0x7fdc700fefc0 msgr2=0x7fdc70101400 unknown :-1 s=STATE_NONE l=0).mark_down
2024-09-16T01:26:41.993 INFO:teuthology.orchestra.run.smithi012.stderr:2024-09-16T01:26:41.989+0000 7fdc74a00640 1 -- 172.21.15.12:0/2647456559 shutdown_connections
2024-09-16T01:26:41.993 INFO:teuthology.orchestra.run.smithi012.stderr:2024-09-16T01:26:41.989+0000 7fdc74a00640 1 -- 172.21.15.12:0/2647456559 wait complete.
2024-09-16T01:26:41.993 INFO:teuthology.orchestra.run.smithi012.stderr:2024-09-16T01:26:41.990+0000 7fdc74a00640 1 Processor -- start
2024-09-16T01:26:41.993 INFO:teuthology.orchestra.run.smithi012.stderr:2024-09-16T01:26:41.990+0000 7fdc74a00640 1 -- start start
2024-09-16T01:26:41.993 INFO:teuthology.orchestra.run.smithi012.stderr:2024-09-16T01:26:41.990+0000 7fdc74a00640 1 --2- >> [v2:172.21.15.12:3300/0,v1:172.21.15.12:6789/0] conn(0x7fdc70076ba0 0x7fdc7019d470 unknown :-1 s=NONE pgs=0 cs=0 l=1 rev1=0 crypto rx=0 tx=0 comp rx=0 tx=0).connect
2024-09-16T01:26:41.993 INFO:teuthology.orchestra.run.smithi012.stderr:2024-09-16T01:26:41.990+0000 7fdc74a00640 1 -- --> [v2:172.21.15.12:3300/0,v1:172.21.15.12:6789/0] -- mon_getmap magic: 0 -- 0x7fdc7010df80 con 0x7fdc70076ba0
2024-09-16T01:26:41.994 INFO:teuthology.orchestra.run.smithi012.stderr:2024-09-16T01:26:41.991+0000 7fdc6de00640 1 --2- >> [v2:172.21.15.12:3300/0,v1:172.21.15.12:6789/0] conn(0x7fdc70076ba0 0x7fdc7019d470 unknown :-1 s=BANNER_CONNECTING pgs=0 cs=0 l=1 rev1=0 crypto rx=0 tx=0 comp rx=0 tx=0)._handle_peer_banner_payload supported=3 required=0
2024-09-16T01:26:41.994 INFO:teuthology.orchestra.run.smithi012.stderr:2024-09-16T01:26:41.991+0000 7fdc6de00640 1 --2- >> [v2:172.21.15.12:3300/0,v1:172.21.15.12:6789/0] conn(0x7fdc70076ba0 0x7fdc7019d470 unknown :-1 s=HELLO_CONNECTING pgs=0 cs=0 l=1 rev1=1 crypto rx=0 tx=0 comp rx=0 tx=0).handle_hello peer v2:172.21.15.12:3300/0 says I am v2:172.21.15.12:37034/0 (socket says 172.21.15.12:37034)
2024-09-16T01:26:41.994 INFO:teuthology.orchestra.run.smithi012.stderr:2024-09-16T01:26:41.991+0000 7fdc6de00640 1 -- 172.21.15.12:0/3612227450 learned_addr learned my addr 172.21.15.12:0/3612227450 (peer_addr_for_me v2:172.21.15.12:0/0)
2024-09-16T01:26:41.994 INFO:teuthology.orchestra.run.smithi012.stderr:2024-09-16T01:26:41.991+0000 7fdc6de00640 1 -- 172.21.15.12:0/3612227450 --> [v2:172.21.15.12:3300/0,v1:172.21.15.12:6789/0] -- mon_subscribe({config=0+,monmap=0+}) -- 0x7fdc7019d9b0 con 0x7fdc70076ba0
2024-09-16T01:26:41.994 INFO:teuthology.orchestra.run.smithi012.stderr:2024-09-16T01:26:41.991+0000 7fdc6de00640 1 --2- 172.21.15.12:0/3612227450 >> [v2:172.21.15.12:3300/0,v1:172.21.15.12:6789/0] conn(0x7fdc70076ba0 0x7fdc7019d470 secure :-1 s=READY pgs=77 cs=0 l=1 rev1=1 crypto rx=0x7fdc60031510 tx=0x7fdc600045c0 comp rx=0 tx=0).ready entity=mon.0 client_cookie=0 server_cookie=0 in_seq=0 out_seq=0
2024-09-16T01:26:41.994 INFO:teuthology.orchestra.run.smithi012.stderr:2024-09-16T01:26:41.992+0000 7fdc66a00640 1 -- 172.21.15.12:0/3612227450 <== mon.0 v2:172.21.15.12:3300/0 1 ==== mon_map magic: 0 ==== 205+0+0 (secure 0 0 0) 0x7fdc6003f070 con 0x7fdc70076ba0
2024-09-16T01:26:41.994 INFO:teuthology.orchestra.run.smithi012.stderr:2024-09-16T01:26:41.992+0000 7fdc66a00640 1 -- 172.21.15.12:0/3612227450 <== mon.0 v2:172.21.15.12:3300/0 2 ==== config(29 keys) ==== 1209+0+0 (secure 0 0 0) 0x7fdc60005500 con 0x7fdc70076ba0
2024-09-16T01:26:41.995 INFO:teuthology.orchestra.run.smithi012.stderr:2024-09-16T01:26:41.992+0000 7fdc66a00640 1 -- 172.21.15.12:0/3612227450 <== mon.0 v2:172.21.15.12:3300/0 3 ==== mon_map magic: 0 ==== 205+0+0 (secure 0 0 0) 0x7fdc60035030 con 0x7fdc70076ba0
