2024-09-16T01:30:51.692+0000 7f103a7fc640 1 -- 172.21.15.139:0/1539348977 <== mon.0 v2:172.21.15.139:3300/0 3 ==== mon_map magic: 0 ==== 205+0+0 (secure 0 0 0) 0x7f103c037040 con 0x7f10481076f0
2024-09-16T01:30:55.661 INFO:teuthology.orchestra.run.smithi139.stdout:/usr/bin/ceph: stderr
2024-09-16T01:30:51.692+0000 7f104f97e640 1 -- 172.21.15.139:0/1539348977 --> [v2:172.21.15.139:3300/0,v1:172.21.15.139:6789/0] -- mon_subscribe({osdmap=0}) -- 0x7f104819eba0 con 0x7f10481076f0
2024-09-16T01:30:55.661 INFO:teuthology.orchestra.run.smithi139.stdout:/usr/bin/ceph: stderr
2024-09-16T01:30:51.693+0000 7f103a7fc640 1 -- 172.21.15.139:0/1539348977 <== mon.0 v2:172.21.15.139:3300/0 4 ==== mgrmap(e 8) ==== 46461+0+0 (secure 0 0 0) 0x7f103c045070 con 0x7f10481076f0
2024-09-16T01:30:55.661 INFO:teuthology.orchestra.run.smithi139.stdout:/usr/bin/ceph: stderr
2024-09-16T01:30:51.693+0000 7f104f97e640 1 -- 172.21.15.139:0/1539348977 --> [v2:172.21.15.139:3300/0,v1:172.21.15.139:6789/0] -- mon_command({"prefix": "get_command_descriptions"} v 0) -- 0x7f104810be20 con 0x7f10481076f0
2024-09-16T01:30:55.661 INFO:teuthology.orchestra.run.smithi139.stdout:/usr/bin/ceph: stderr
2024-09-16T01:30:51.693+0000 7f103a7fc640 1 --2- 172.21.15.139:0/1539348977 >> [v2:172.21.15.139:6800/1485008061,v1:172.21.15.139:6801/1485008061] conn(0x7f10340391b0 0x7f103403b670 unknown :-1 s=NONE pgs=0 cs=0 l=1 rev1=0 crypto rx=0 tx=0 comp rx=0 tx=0).connect
2024-09-16T01:30:55.661 INFO:teuthology.orchestra.run.smithi139.stdout:/usr/bin/ceph: stderr
2024-09-16T01:30:51.693+0000 7f103a7fc640 1 -- 172.21.15.139:0/1539348977 <== mon.0 v2:172.21.15.139:3300/0 5 ==== osd_map(2..2 src has 1..2) ==== 940+0+0 (secure 0 0 0) 0x7f103c06c330 con 0x7f10481076f0
2024-09-16T01:30:55.661 INFO:teuthology.orchestra.run.smithi139.stdout:/usr/bin/ceph: stderr
2024-09-16T01:30:51.693+0000 7f104cf19640 1 --2- 172.21.15.139:0/1539348977 >> [v2:172.21.15.139:6800/1485008061,v1:172.21.15.139:6801/1485008061] conn(0x7f10340391b0 0x7f103403b670 unknown :-1 s=BANNER_CONNECTING pgs=0 cs=0 l=1 rev1=0 crypto rx=0 tx=0 comp rx=0 tx=0)._handle_peer_banner_payload supported=3 required=0
2024-09-16T01:30:55.661 INFO:teuthology.orchestra.run.smithi139.stdout:/usr/bin/ceph: stderr
2024-09-16T01:30:51.694+0000 7f104cf19640 1 --2- 172.21.15.139:0/1539348977 >> [v2:172.21.15.139:6800/1485008061,v1:172.21.15.139:6801/1485008061] conn(0x7f10340391b0 0x7f103403b670 secure :-1 s=READY pgs=11 cs=0 l=1 rev1=1 crypto rx=0x7f10440098c0 tx=0x7f1044006db0 comp rx=0 tx=0).ready entity=mgr.14118 client_cookie=0 server_cookie=0 in_seq=0 out_seq=0
2024-09-16T01:30:55.661 INFO:teuthology.orchestra.run.smithi139.stdout:/usr/bin/ceph: stderr
2024-09-16T01:30:51.698+0000 7f103a7fc640 1 -- 172.21.15.139:0/1539348977 <== mon.0 v2:172.21.15.139:3300/0 6 ==== mon_command_ack([{"prefix": "get_command_descriptions"}]=0 v0) ==== 72+0+188821 (secure 0 0 0) 0x7f103c03cd90 con 0x7f10481076f0
2024-09-16T01:30:55.661 INFO:teuthology.orchestra.run.smithi139.stdout:/usr/bin/ceph: stderr
2024-09-16T01:30:51.868+0000 7f104f97e640 1 -- 172.21.15.139:0/1539348977 --> [v2:172.21.15.139:6800/1485008061,v1:172.21.15.139:6801/1485008061] -- mgr_command(tid 0: {"prefix": "orch host add", "hostname": "smithi139", "addr": "172.21.15.139", "target": ["mon-mgr", ""]}) -- 0x7f10481040e0 con 0x7f10340391b0
2024-09-16T01:30:55.661 INFO:teuthology.orchestra.run.smithi139.stdout:/usr/bin/ceph: stderr
2024-09-16T01:30:55.053+0000 7f103a7fc640 1 -- 172.21.15.139:0/1539348977 <== mgr.14118 v2:172.21.15.139:6800/1485008061 1 ==== mgr_command_reply(tid 0: 0 ) ==== 8+0+49 (secure 0 0 0) 0x7f10481040e0 con 0x7f10340391b0
2024-09-16T01:30:55.661 INFO:teuthology.orchestra.run.smithi139.stdout:/usr/bin/ceph: stderr
2024-09-16T01:30:55.056+0000 7f104f97e640 1 -- 172.21.15.139:0/1539348977 >> [v2:172.21.15.139:6800/1485008061,v1:172.21.15.139:6801/1485008061] conn(0x7f10340391b0 msgr2=0x7f103403b670 secure :-1 s=STATE_CONNECTION_ESTABLISHED l=1).mark_down
2024-09-16T01:30:55.661 INFO:teuthology.orchestra.run.smithi139.stdout:/usr/bin/ceph: stderr
2024-09-16T01:30:55.056+0000 7f104f97e640 1 --2- 172.21.15.139:0/1539348977 >> [v2:172.21.15.139:6800/1485008061,v1:172.21.15.139:6801/1485008061] conn(0x7f10340391b0 0x7f103403b670 secure :-1 s=READY pgs=11 cs=0 l=1 rev1=1 crypto rx=0x7f10440098c0 tx=0x7f1044006db0 comp rx=0 tx=0).stop
2024-09-16T01:30:55.661 INFO:teuthology.orchestra.run.smithi139.stdout:/usr/bin/ceph: stderr
2024-09-16T01:30:55.056+0000 7f104f97e640 1 -- 172.21.15.139:0/1539348977 >> [v2:172.21.15.139:3300/0,v1:172.21.15.139:6789/0] conn(0x7f10481076f0 msgr2=0x7f104819b6e0 secure :-1 s=STATE_CONNECTION_ESTABLISHED l=1).mark_down
2024-09-16T01:30:55.661 INFO:teuthology.orchestra.run.smithi139.stdout:/usr/bin/ceph: stderr
2024-09-16T01:30:55.056+0000 7f104f97e640 1 --2- 172.21.15.139:0/1539348977 >> [v2:172.21.15.139:3300/0,v1:172.21.15.139:6789/0] conn(0x7f10481076f0 0x7f104819b6e0 secure :-1 s=READY pgs=44 cs=0 l=1 rev1=1 crypto rx=0x7f103c009940 tx=0x7f103c032ce0 comp rx=0 tx=0).stop
2024-09-16T01:30:55.662 INFO:teuthology.orchestra.run.smithi139.stdout:/usr/bin/ceph: stderr
2024-09-16T01:30:55.056+0000 7f104f97e640 1 -- 172.21.15.139:0/1539348977 shutdown_connections
2024-09-16T01:30:55.662 INFO:teuthology.orchestra.run.smithi139.stdout:/usr/bin/ceph: stderr
2024-09-16T01:30:55.056+0000 7f104f97e640 1 --2- 172.21.15.139:0/1539348977 >> [v2:172.21.15.139:6800/1485008061,v1:172.21.15.139:6801/1485008061] conn(0x7f10340391b0 0x7f103403b670 unknown :-1 s=CLOSED pgs=11 cs=0 l=1 rev1=1 crypto rx=0 tx=0 comp rx=0 tx=0).stop
2024-09-16T01:30:55.662 INFO:teuthology.orchestra.run.smithi139.stdout:/usr/bin/ceph: stderr
2024-09-16T01:30:55.056+0000 7f104f97e640 1 --2- 172.21.15.139:0/1539348977 >> [v2:172.21.15.139:3300/0,v1:172.21.15.139:6789/0] conn(0x7f10481076f0 0x7f104819b6e0 unknown :-1 s=CLOSED pgs=44 cs=0 l=1 rev1=1 crypto rx=0 tx=0 comp rx=0 tx=0).stop
2024-09-16T01:30:55.662 INFO:teuthology.orchestra.run.smithi139.stdout:/usr/bin/ceph: stderr
2024-09-16T01:30:55.056+0000 7f104f97e640 1 -- 172.21.15.139:0/1539348977 >> 172.21.15.139:0/1539348977 conn(0x7f1048102ec0 msgr2=0x7f10481039d0 unknown :-1 s=STATE_NONE l=0).mark_down
2024-09-16T01:30:55.662 INFO:teuthology.orchestra.run.smithi139.stdout:/usr/bin/ceph: stderr
2024-09-16T01:30:55.056+0000 7f104f97e640 1 -- 172.21.15.139:0/1539348977 shutdown_connections
2024-09-16T01:30:55.662 INFO:teuthology.orchestra.run.smithi139.stdout:/usr/bin/ceph: stderr
2024-09-16T01:30:55.056+0000 7f104f97e640 1 -- 172.21.15.139:0/1539348977 wait complete.
2024-09-16T01:30:55.662 INFO:teuthology.orchestra.run.smithi139.stdout:Deploying unmanaged mon service...
2024-09-16T01:30:56.309 INFO:journalctl@ceph.mon.a.smithi139.stdout:Sep 16 01:30:56 smithi139 ceph-mon[31175]: from='mgr.14118 172.21.15.139:0/1295454937' entity='mgr.x'
2024-09-16T01:30:56.310 INFO:journalctl@ceph.mon.a.smithi139.stdout:Sep 16 01:30:56 smithi139 ceph-mon[31175]: Added host smithi139
2024-09-16T01:30:56.310 INFO:journalctl@ceph.mon.a.smithi139.stdout:Sep 16 01:30:56 smithi139 ceph-mon[31175]: from='mgr.14118 172.21.15.139:0/1295454937' entity='mgr.x' cmd=[{"prefix": "config dump", "format": "json"}]: dispatch
2024-09-16T01:30:57.168 INFO:teuthology.orchestra.run.smithi139.stdout:/usr/bin/ceph: stdout Scheduled mon update...
2024-09-16T01:30:57.168 INFO:teuthology.orchestra.run.smithi139.stdout:/usr/bin/ceph: stderr
2024-09-16T01:30:56.092+0000 7f779192d640 1 Processor -- start
2024-09-16T01:30:57.168 INFO:teuthology.orchestra.run.smithi139.stdout:/usr/bin/ceph: stderr
2024-09-16T01:30:56.092+0000 7f779192d640 1 -- start start
2024-09-16T01:30:57.168 INFO:teuthology.orchestra.run.smithi139.stdout:/usr/bin/ceph: stderr
2024-09-16T01:30:56.092+0000 7f779192d640 1 --2- >> [v2:172.21.15.139:3300/0,v1:172.21.15.139:6789/0] conn(0x7f778c1065f0 0x7f778c1069f0 unknown :-1 s=NONE pgs=0 cs=0 l=0 rev1=0 crypto rx=0 tx=0 comp rx=0 tx=0).connect
2024-09-16T01:30:57.168 INFO:teuthology.orchestra.run.smithi139.stdout:/usr/bin/ceph: stderr
2024-09-16T01:30:56.092+0000 7f779192d640 1 -- --> [v2:172.21.15.139:3300/0,v1:172.21.15.139:6789/0] -- mon_getmap magic: 0 -- 0x7f778c106fc0 con 0x7f778c1065f0
2024-09-16T01:30:57.168 INFO:teuthology.orchestra.run.smithi139.stdout:/usr/bin/ceph: stderr
2024-09-16T01:30:56.093+0000 7f778affd640 1 --2- >> [v2:172.21.15.139:3300/0,v1:172.21.15.139:6789/0] conn(0x7f778c1065f0 0x7f778c1069f0 unknown :-1 s=BANNER_CONNECTING pgs=0 cs=0 l=0 rev1=0 crypto rx=0 tx=0 comp rx=0 tx=0)._handle_peer_banner_payload supported=3 required=0
2024-09-16T01:30:57.168 INFO:teuthology.orchestra.run.smithi139.stdout:/usr/bin/ceph: stderr
2024-09-16T01:30:56.093+0000 7f778affd640 1 --2- >> [v2:172.21.15.139:3300/0,v1:172.21.15.139:6789/0] conn(0x7f778c1065f0 0x7f778c1069f0 unknown :-1 s=HELLO_CONNECTING pgs=0 cs=0 l=0 rev1=1 crypto rx=0 tx=0 comp rx=0 tx=0).handle_hello peer v2:172.21.15.139:3300/0 says I am v2:172.21.15.139:39728/0 (socket says 172.21.15.139:39728)
2024-09-16T01:30:57.168 INFO:teuthology.orchestra.run.smithi139.stdout:/usr/bin/ceph: stderr
2024-09-16T01:30:56.093+0000 7f778affd640 1 -- 172.21.15.139:0/2090559584 learned_addr learned my addr 172.21.15.139:0/2090559584 (peer_addr_for_me v2:172.21.15.139:0/0)
2024-09-16T01:30:57.168 INFO:teuthology.orchestra.run.smithi139.stdout:/usr/bin/ceph: stderr
2024-09-16T01:30:56.093+0000 7f778affd640 1 -- 172.21.15.139:0/2090559584 --> [v2:172.21.15.139:3300/0,v1:172.21.15.139:6789/0] -- mon_subscribe({config=0+,monmap=0+}) -- 0x7f778c1077f0 con 0x7f778c1065f0
2024-09-16T01:30:57.168 INFO:teuthology.orchestra.run.smithi139.stdout:/usr/bin/ceph: stderr
2024-09-16T01:30:56.094+0000 7f778affd640 1 --2- 172.21.15.139:0/2090559584 >> [v2:172.21.15.139:3300/0,v1:172.21.15.139:6789/0] conn(0x7f778c1065f0 0x7f778c1069f0 secure :-1 s=READY pgs=45 cs=0 l=1 rev1=1 crypto rx=0x7f777c009e80 tx=0x7f777c02a7a0 comp rx=0 tx=0).ready entity=mon.0 client_cookie=aa427e393dd3ed4 server_cookie=0 in_seq=0 out_seq=0
2024-09-16T01:30:57.169 INFO:teuthology.orchestra.run.smithi139.stdout:/usr/bin/ceph: stderr
2024-09-16T01:30:56.094+0000 7f7789ffb640 1 -- 172.21.15.139:0/2090559584 <== mon.0 v2:172.21.15.139:3300/0 1 ==== mon_map magic: 0 ==== 205+0+0 (secure 0 0 0) 0x7f777c036070 con 0x7f778c1065f0
2024-09-16T01:30:57.169 INFO:teuthology.orchestra.run.smithi139.stdout:/usr/bin/ceph: stderr
2024-09-16T01:30:56.094+0000 7f7789ffb640 1 -- 172.21.15.139:0/2090559584 <== mon.0 v2:172.21.15.139:3300/0 2 ==== config(27 keys) ==== 1109+0+0 (secure 0 0 0) 0x7f777c0318c0 con 0x7f778c1065f0
2024-09-16T01:30:57.169 INFO:teuthology.orchestra.run.smithi139.stdout:/usr/bin/ceph: stderr
2024-09-16T01:30:56.094+0000 7f7789ffb640 1 -- 172.21.15.139:0/2090559584 <== mon.0 v2:172.21.15.139:3300/0 3 ==== mon_map magic: 0 ==== 205+0+0 (secure 0 0 0) 0x7f777c007ab0 con 0x7f778c1065f0
2024-09-16T01:30:57.169 INFO:teuthology.orchestra.run.smithi139.stdout:/usr/bin/ceph: stderr
2024-09-16T01:30:56.094+0000 7f779192d640 1 -- 172.21.15.139:0/2090559584 >> [v2:172.21.15.139:3300/0,v1:172.21.15.139:6789/0] conn(0x7f778c1065f0 msgr2=0x7f778c1069f0 secure :-1 s=STATE_CONNECTION_ESTABLISHED l=1).mark_down
2024-09-16T01:30:57.169 INFO:teuthology.orchestra.run.smithi139.stdout:/usr/bin/ceph: stderr
2024-09-16T01:30:56.094+0000 7f779192d640 1 --2- 172.21.15.139:0/2090559584 >> [v2:172.21.15.139:3300/0,v1:172.21.15.139:6789/0] conn(0x7f778c1065f0 0x7f778c1069f0 secure :-1 s=READY pgs=45 cs=0 l=1 rev1=1 crypto rx=0x7f777c009e80 tx=0x7f777c02a7a0 comp rx=0 tx=0).stop
2024-09-16T01:30:57.169 INFO:teuthology.orchestra.run.smithi139.stdout:/usr/bin/ceph: stderr
2024-09-16T01:30:56.094+0000 7f779192d640 1 -- 172.21.15.139:0/2090559584 shutdown_connections
2024-09-16T01:30:57.169 INFO:teuthology.orchestra.run.smithi139.stdout:/usr/bin/ceph: stderr
2024-09-16T01:30:56.094+0000 7f779192d640 1 --2- 172.21.15.139:0/2090559584 >> [v2:172.21.15.139:3300/0,v1:172.21.15.139:6789/0] conn(0x7f778c1065f0 0x7f778c1069f0 unknown :-1 s=CLOSED pgs=45 cs=0 l=1 rev1=1 crypto rx=0 tx=0 comp rx=0 tx=0).stop
2024-09-16T01:30:57.169 INFO:teuthology.orchestra.run.smithi139.stdout:/usr/bin/ceph: stderr
2024-09-16T01:30:56.094+0000 7f779192d640 1 -- 172.21.15.139:0/2090559584 >> 172.21.15.139:0/2090559584 conn(0x7f778c101e20 msgr2=0x7f778c104240 unknown :-1 s=STATE_NONE l=0).mark_down
2024-09-16T01:30:57.169 INFO:teuthology.orchestra.run.smithi139.stdout:/usr/bin/ceph: stderr
2024-09-16T01:30:56.094+0000 7f779192d640 1 -- 172.21.15.139:0/2090559584 shutdown_connections
2024-09-16T01:30:57.169 INFO:teuthology.orchestra.run.smithi139.stdout:/usr/bin/ceph: stderr
2024-09-16T01:30:56.094+0000 7f779192d640 1 -- 172.21.15.139:0/2090559584 wait complete.
2024-09-16T01:30:57.169 INFO:teuthology.orchestra.run.smithi139.stdout:/usr/bin/ceph: stderr
2024-09-16T01:30:56.095+0000 7f779192d640 1 Processor -- start
2024-09-16T01:30:57.169 INFO:teuthology.orchestra.run.smithi139.stdout:/usr/bin/ceph: stderr
2024-09-16T01:30:56.095+0000 7f779192d640 1 -- start start
2024-09-16T01:30:57.169 INFO:teuthology.orchestra.run.smithi139.stdout:/usr/bin/ceph: stderr
2024-09-16T01:30:56.095+0000 7f779192d640 1 --2- >> [v2:172.21.15.139:3300/0,v1:172.21.15.139:6789/0] conn(0x7f778c1065f0 0x7f778c07ba50 unknown :-1 s=NONE pgs=0 cs=0 l=1 rev1=0 crypto rx=0 tx=0 comp rx=0 tx=0).connect
2024-09-16T01:30:57.170 INFO:teuthology.orchestra.run.smithi139.stdout:/usr/bin/ceph: stderr
2024-09-16T01:30:56.095+0000 7f779192d640 1 -- --> [v2:172.21.15.139:3300/0,v1:172.21.15.139:6789/0] -- mon_getmap magic: 0 -- 0x7f778c10aba0 con 0x7f778c1065f0
2024-09-16T01:30:57.170 INFO:teuthology.orchestra.run.smithi139.stdout:/usr/bin/ceph: stderr
2024-09-16T01:30:56.095+0000 7f778affd640 1 --2- >> [v2:172.21.15.139:3300/0,v1:172.21.15.139:6789/0] conn(0x7f778c1065f0 0x7f778c07ba50 unknown :-1 s=BANNER_CONNECTING pgs=0 cs=0 l=1 rev1=0 crypto rx=0 tx=0 comp rx=0 tx=0)._handle_peer_banner_payload supported=3 required=0
2024-09-16T01:30:57.170 INFO:teuthology.orchestra.run.smithi139.stdout:/usr/bin/ceph: stderr
2024-09-16T01:30:56.095+0000 7f778affd640 1 --2- >> [v2:172.21.15.139:3300/0,v1:172.21.15.139:6789/0] conn(0x7f778c1065f0 0x7f778c07ba50 unknown :-1 s=HELLO_CONNECTING pgs=0 cs=0 l=1 rev1=1 crypto rx=0 tx=0 comp rx=0 tx=0).handle_hello peer v2:172.21.15.139:3300/0 says I am v2:172.21.15.139:39734/0 (socket says 172.21.15.139:39734)
2024-09-16T01:30:57.170 INFO:teuthology.orchestra.run.smithi139.stdout:/usr/bin/ceph: stderr
2024-09-16T01:30:56.095+0000 7f778affd640 1 -- 172.21.15.139:0/3767700789 learned_addr learned my addr 172.21.15.139:0/3767700789 (peer_addr_for_me v2:172.21.15.139:0/0)
2024-09-16T01:30:57.170 INFO:teuthology.orchestra.run.smithi139.stdout:/usr/bin/ceph: stderr
2024-09-16T01:30:56.095+0000 7f778affd640 1 -- 172.21.15.139:0/3767700789 --> [v2:172.21.15.139:3300/0,v1:172.21.15.139:6789/0] -- mon_subscribe({config=0+,monmap=0+}) -- 0x7f778c19e470 con 0x7f778c1065f0
2024-09-16T01:30:57.170 INFO:teuthology.orchestra.run.smithi139.stdout:/usr/bin/ceph: stderr
2024-09-16T01:30:56.096+0000 7f778affd640 1 --2- 172.21.15.139:0/3767700789 >> [v2:172.21.15.139:3300/0,v1:172.21.15.139:6789/0] conn(0x7f778c1065f0 0x7f778c07ba50 secure :-1 s=READY pgs=46 cs=0 l=1 rev1=1 crypto rx=0x7f777c007ce0 tx=0x7f777c031ca0 comp rx=0 tx=0).ready entity=mon.0 client_cookie=0 server_cookie=0 in_seq=0 out_seq=0
2024-09-16T01:30:57.170 INFO:teuthology.orchestra.run.smithi139.stdout:/usr/bin/ceph: stderr
2024-09-16T01:30:56.096+0000 7f779092b640 1 -- 172.21.15.139:0/3767700789 <== mon.0 v2:172.21.15.139:3300/0 1 ==== mon_map magic: 0 ==== 205+0+0 (secure 0 0 0) 0x7f777c036050 con 0x7f778c1065f0
2024-09-16T01:30:57.170 INFO:teuthology.orchestra.run.smithi139.stdout:/usr/bin/ceph: stderr
2024-09-16T01:30:56.096+0000 7f779092b640 1 -- 172.21.15.139:0/3767700789 <== mon.0 v2:172.21.15.139:3300/0 2 ==== config(27 keys) ==== 1109+0+0 (secure 0 0 0) 0x7f777c042070 con 0x7f778c1065f0
2024-09-16T01:30:57.170 INFO:teuthology.orchestra.run.smithi139.stdout:/usr/bin/ceph: stderr
2024-09-16T01:30:56.096+0000 7f779192d640 1 -- 172.21.15.139:0/3767700789 --> [v2:172.21.15.139:3300/0,v1:172.21.15.139:6789/0] -- mon_subscribe({mgrmap=0+}) -- 0x7f778c19e640 con 0x7f778c1065f0
2024-09-16T01:30:57.170 INFO:teuthology.orchestra.run.smithi139.stdout:/usr/bin/ceph: stderr
2024-09-16T01:30:56.096+0000 7f779092b640 1 -- 172.21.15.139:0/3767700789 <== mon.0 v2:172.21.15.139:3300/0 3 ==== mon_map magic: 0 ==== 205+0+0 (secure 0 0 0) 0x7f777c03d8a0 con 0x7f778c1065f0
2024-09-16T01:30:57.170 INFO:teuthology.orchestra.run.smithi139.stdout:/usr/bin/ceph: stderr
2024-09-16T01:30:56.096+0000 7f779192d640 1 -- 172.21.15.139:0/3767700789 --> [v2:172.21.15.139:3300/0,v1:172.21.15.139:6789/0] -- mon_subscribe({osdmap=0}) -- 0x7f778c19e9e0 con 0x7f778c1065f0
2024-09-16T01:30:57.170 INFO:teuthology.orchestra.run.smithi139.stdout:/usr/bin/ceph: stderr
2024-09-16T01:30:56.097+0000 7f779092b640 1 -- 172.21.15.139:0/3767700789 <== mon.0 v2:172.21.15.139:3300/0 4 ==== mgrmap(e 8) ==== 46461+0+0 (secure 0 0 0) 0x7f777c03db50 con 0x7f778c1065f0
2024-09-16T01:30:57.170 INFO:teuthology.orchestra.run.smithi139.stdout:/usr/bin/ceph: stderr
2024-09-16T01:30:56.097+0000 7f779192d640 1 -- 172.21.15.139:0/3767700789 --> [v2:172.21.15.139:3300/0,v1:172.21.15.139:6789/0] -- mon_command({"prefix": "get_command_descriptions"} v 0) -- 0x7f778c106a70 con 0x7f778c1065f0
2024-09-16T01:30:57.171 INFO:teuthology.orchestra.run.smithi139.stdout:/usr/bin/ceph: stderr
2024-09-16T01:30:56.097+0000 7f779092b640 1 --2- 172.21.15.139:0/3767700789 >> [v2:172.21.15.139:6800/1485008061,v1:172.21.15.139:6801/1485008061] conn(0x7f7778039200 0x7f777803b6c0 unknown :-1 s=NONE pgs=0 cs=0 l=1 rev1=0 crypto rx=0 tx=0 comp rx=0 tx=0).connect
2024-09-16T01:30:57.171 INFO:teuthology.orchestra.run.smithi139.stdout:/usr/bin/ceph: stderr
2024-09-16T01:30:56.097+0000 7f779092b640 1 -- 172.21.15.139:0/3767700789 <== mon.0 v2:172.21.15.139:3300/0 5 ==== osd_map(2..2 src has 1..2) ==== 940+0+0 (secure 0 0 0) 0x7f777c007e00 con 0x7f778c1065f0
2024-09-16T01:30:57.171 INFO:teuthology.orchestra.run.smithi139.stdout:/usr/bin/ceph: stderr
2024-09-16T01:30:56.097+0000 7f778a7fc640 1 --2- 172.21.15.139:0/3767700789 >> [v2:172.21.15.139:6800/1485008061,v1:172.21.15.139:6801/1485008061] conn(0x7f7778039200 0x7f777803b6c0 unknown :-1 s=BANNER_CONNECTING pgs=0 cs=0 l=1 rev1=0 crypto rx=0 tx=0 comp rx=0 tx=0)._handle_peer_banner_payload supported=3 required=0
2024-09-16T01:30:57.171 INFO:teuthology.orchestra.run.smithi139.stdout:/usr/bin/ceph: stderr
2024-09-16T01:30:56.097+0000 7f778a7fc640 1 --2- 172.21.15.139:0/3767700789 >> [v2:172.21.15.139:6800/1485008061,v1:172.21.15.139:6801/1485008061] conn(0x7f7778039200 0x7f777803b6c0 secure :-1 s=READY pgs=12 cs=0 l=1 rev1=1 crypto rx=0x7f77740098c0 tx=0x7f7774006db0 comp rx=0 tx=0).ready entity=mgr.14118 client_cookie=0 server_cookie=0 in_seq=0 out_seq=0
2024-09-16T01:30:57.171 INFO:teuthology.orchestra.run.smithi139.stdout:/usr/bin/ceph: stderr
2024-09-16T01:30:56.102+0000 7f779092b640 1 -- 172.21.15.139:0/3767700789 <== mon.0 v2:172.21.15.139:3300/0 6 ==== mon_command_ack([{"prefix": "get_command_descriptions"}]=0 v0) ==== 72+0+188821 (secure 0 0 0) 0x7f777c044310 con 0x7f778c1065f0
2024-09-16T01:30:57.171 INFO:teuthology.orchestra.run.smithi139.stdout:/usr/bin/ceph: stderr
2024-09-16T01:30:56.308+0000 7f779192d640 1 -- 172.21.15.139:0/3767700789 --> [v2:172.21.15.139:6800/1485008061,v1:172.21.15.139:6801/1485008061] -- mgr_command(tid 0: {"prefix": "orch apply", "service_type": "mon", "unmanaged": true, "target": ["mon-mgr", ""]}) -- 0x7f778c103080 con 0x7f7778039200
2024-09-16T01:30:57.171 INFO:teuthology.orchestra.run.smithi139.stdout:/usr/bin/ceph: stderr
2024-09-16T01:30:56.315+0000 7f779092b640 1 -- 172.21.15.139:0/3767700789 <== mgr.14118 v2:172.21.15.139:6800/1485008061 1 ==== mgr_command_reply(tid 0: 0 ) ==== 8+0+24 (secure 0 0 0) 0x7f778c103080 con 0x7f7778039200
2024-09-16T01:30:57.171 INFO:teuthology.orchestra.run.smithi139.stdout:/usr/bin/ceph: stderr
2024-09-16T01:30:56.317+0000 7f779192d640 1 -- 172.21.15.139:0/3767700789 >> [v2:172.21.15.139:6800/1485008061,v1:172.21.15.139:6801/1485008061] conn(0x7f7778039200 msgr2=0x7f777803b6c0 secure :-1 s=STATE_CONNECTION_ESTABLISHED l=1).mark_down
2024-09-16T01:30:57.171 INFO:teuthology.orchestra.run.smithi139.stdout:/usr/bin/ceph: stderr
2024-09-16T01:30:56.317+0000 7f779192d640 1 --2- 172.21.15.139:0/3767700789 >> [v2:172.21.15.139:6800/1485008061,v1:172.21.15.139:6801/1485008061] conn(0x7f7778039200 0x7f777803b6c0 secure :-1 s=READY pgs=12 cs=0 l=1 rev1=1 crypto rx=0x7f77740098c0 tx=0x7f7774006db0 comp rx=0 tx=0).stop
2024-09-16T01:30:57.171 INFO:teuthology.orchestra.run.smithi139.stdout:/usr/bin/ceph: stderr
2024-09-16T01:30:56.317+0000 7f779192d640 1 -- 172.21.15.139:0/3767700789 >> [v2:172.21.15.139:3300/0,v1:172.21.15.139:6789/0] conn(0x7f778c1065f0 msgr2=0x7f778c07ba50 secure :-1 s=STATE_CONNECTION_ESTABLISHED l=1).mark_down
2024-09-16T01:30:57.171 INFO:teuthology.orchestra.run.smithi139.stdout:/usr/bin/ceph: stderr
2024-09-16T01:30:56.317+0000 7f779192d640 1 --2- 172.21.15.139:0/3767700789 >> [v2:172.21.15.139:3300/0,v1:172.21.15.139:6789/0] conn(0x7f778c1065f0 0x7f778c07ba50 secure :-1 s=READY pgs=46 cs=0 l=1 rev1=1 crypto rx=0x7f777c007ce0 tx=0x7f777c031ca0 comp rx=0 tx=0).stop
2024-09-16T01:30:57.171 INFO:teuthology.orchestra.run.smithi139.stdout:/usr/bin/ceph: stderr
2024-09-16T01:30:56.317+0000 7f779192d640 1 -- 172.21.15.139:0/3767700789 shutdown_connections
2024-09-16T01:30:57.172 INFO:teuthology.orchestra.run.smithi139.stdout:/usr/bin/ceph: stderr
2024-09-16T01:30:56.317+0000 7f779192d640 1 --2- 172.21.15.139:0/3767700789 >> [v2:172.21.15.139:6800/1485008061,v1:172.21.15.139:6801/1485008061] conn(0x7f7778039200 0x7f777803b6c0 unknown :-1 s=CLOSED pgs=12 cs=0 l=1 rev1=1 crypto rx=0 tx=0 comp rx=0 tx=0).stop
2024-09-16T01:30:57.172 INFO:teuthology.orchestra.run.smithi139.stdout:/usr/bin/ceph: stderr
2024-09-16T01:30:56.317+0000 7f779192d640 1 --2- 172.21.15.139:0/3767700789 >> [v2:172.21.15.139:3300/0,v1:172.21.15.139:6789/0] conn(0x7f778c1065f0 0x7f778c07ba50 unknown :-1 s=CLOSED pgs=46 cs=0 l=1 rev1=1 crypto rx=0 tx=0 comp rx=0 tx=0).stop
2024-09-16T01:30:57.172 INFO:teuthology.orchestra.run.smithi139.stdout:/usr/bin/ceph: stderr
2024-09-16T01:30:56.317+0000 7f779192d640 1 -- 172.21.15.139:0/3767700789 >> 172.21.15.139:0/3767700789 conn(0x7f778c101e20 msgr2=0x7f778c102970 unknown :-1 s=STATE_NONE l=0).mark_down
2024-09-16T01:30:57.172 INFO:teuthology.orchestra.run.smithi139.stdout:/usr/bin/ceph: stderr
2024-09-16T01:30:56.317+0000 7f779192d640 1 -- 172.21.15.139:0/3767700789 shutdown_connections
2024-09-16T01:30:57.172 INFO:teuthology.orchestra.run.smithi139.stdout:/usr/bin/ceph: stderr
2024-09-16T01:30:56.317+0000 7f779192d640 1 -- 172.21.15.139:0/3767700789 wait complete.
2024-09-16T01:30:57.172 INFO:teuthology.orchestra.run.smithi139.stdout:Deploying unmanaged mgr service...
2024-09-16T01:30:57.421 INFO:journalctl@ceph.mon.a.smithi139.stdout:Sep 16 01:30:57 smithi139 ceph-mon[31175]: from='client.14140 -' entity='client.admin' cmd=[{"prefix": "orch apply", "service_type": "mon", "unmanaged": true, "target": ["mon-mgr", ""]}]: dispatch
2024-09-16T01:30:57.421 INFO:journalctl@ceph.mon.a.smithi139.stdout:Sep 16 01:30:57 smithi139 ceph-mon[31175]: Saving service mon spec with placement count:5
2024-09-16T01:30:57.421 INFO:journalctl@ceph.mon.a.smithi139.stdout:Sep 16 01:30:57 smithi139 ceph-mon[31175]: from='mgr.14118 172.21.15.139:0/1295454937' entity='mgr.x'
2024-09-16T01:30:58.434 INFO:teuthology.orchestra.run.smithi139.stdout:/usr/bin/ceph: stdout Scheduled mgr update...
2024-09-16T01:30:58.434 INFO:teuthology.orchestra.run.smithi139.stdout:/usr/bin/ceph: stderr
2024-09-16T01:30:57.632+0000 7f47c352a640 1 Processor -- start
2024-09-16T01:30:58.434 INFO:teuthology.orchestra.run.smithi139.stdout:/usr/bin/ceph: stderr
2024-09-16T01:30:57.632+0000 7f47c352a640 1 -- start start
2024-09-16T01:30:58.435 INFO:teuthology.orchestra.run.smithi139.stdout:/usr/bin/ceph: stderr
2024-09-16T01:30:57.632+0000 7f47c352a640 1 --2- >> [v2:172.21.15.139:3300/0,v1:172.21.15.139:6789/0] conn(0x7f47bc1076f0 0x7f47bc107af0 unknown :-1 s=NONE pgs=0 cs=0 l=0 rev1=0 crypto rx=0 tx=0 comp rx=0 tx=0).connect
2024-09-16T01:30:58.435 INFO:teuthology.orchestra.run.smithi139.stdout:/usr/bin/ceph: stderr
2024-09-16T01:30:57.632+0000 7f47c352a640 1 -- --> [v2:172.21.15.139:3300/0,v1:172.21.15.139:6789/0] -- mon_getmap magic: 0 -- 0x7f47bc1080c0 con 0x7f47bc1076f0
2024-09-16T01:30:58.435 INFO:teuthology.orchestra.run.smithi139.stdout:/usr/bin/ceph: stderr
2024-09-16T01:30:57.632+0000 7f47c12c6640 1 --2- >> [v2:172.21.15.139:3300/0,v1:172.21.15.139:6789/0] conn(0x7f47bc1076f0 0x7f47bc107af0 unknown :-1 s=BANNER_CONNECTING pgs=0 cs=0 l=0 rev1=0 crypto rx=0 tx=0 comp rx=0 tx=0)._handle_peer_banner_payload supported=3 required=0
2024-09-16T01:30:58.435 INFO:teuthology.orchestra.run.smithi139.stdout:/usr/bin/ceph: stderr
2024-09-16T01:30:57.632+0000 7f47c12c6640 1 --2- >> [v2:172.21.15.139:3300/0,v1:172.21.15.139:6789/0] conn(0x7f47bc1076f0 0x7f47bc107af0 unknown :-1 s=HELLO_CONNECTING pgs=0 cs=0 l=0 rev1=1 crypto rx=0 tx=0 comp rx=0 tx=0).handle_hello peer v2:172.21.15.139:3300/0 says I am v2:172.21.15.139:39736/0 (socket says 172.21.15.139:39736)
2024-09-16T01:30:58.435 INFO:teuthology.orchestra.run.smithi139.stdout:/usr/bin/ceph: stderr
2024-09-16T01:30:57.632+0000 7f47c12c6640 1 -- 172.21.15.139:0/1903188537 learned_addr learned my addr 172.21.15.139:0/1903188537 (peer_addr_for_me v2:172.21.15.139:0/0)
2024-09-16T01:30:58.435 INFO:teuthology.orchestra.run.smithi139.stdout:/usr/bin/ceph: stderr
2024-09-16T01:30:57.633+0000 7f47c12c6640 1 -- 172.21.15.139:0/1903188537 --> [v2:172.21.15.139:3300/0,v1:172.21.15.139:6789/0] -- mon_subscribe({config=0+,monmap=0+}) -- 0x7f47bc1088f0 con 0x7f47bc1076f0
2024-09-16T01:30:58.435 INFO:teuthology.orchestra.run.smithi139.stdout:/usr/bin/ceph: stderr
2024-09-16T01:30:57.633+0000 7f47c12c6640 1 --2- 172.21.15.139:0/1903188537 >> [v2:172.21.15.139:3300/0,v1:172.21.15.139:6789/0] conn(0x7f47bc1076f0 0x7f47bc107af0 secure :-1 s=READY pgs=47 cs=0 l=1 rev1=1 crypto rx=0x7f47b8009820 tx=0x7f47b802a270 comp rx=0 tx=0).ready entity=mon.0 client_cookie=74d37b8ffd5e27b4 server_cookie=0 in_seq=0 out_seq=0
2024-09-16T01:30:58.435 INFO:teuthology.orchestra.run.smithi139.stdout:/usr/bin/ceph: stderr
2024-09-16T01:30:57.633+0000 7f47b3fff640 1 -- 172.21.15.139:0/1903188537 <== mon.0 v2:172.21.15.139:3300/0 1 ==== mon_map magic: 0 ==== 205+0+0 (secure 0 0 0) 0x7f47b8037070 con 0x7f47bc1076f0
2024-09-16T01:30:58.435 INFO:teuthology.orchestra.run.smithi139.stdout:/usr/bin/ceph: stderr
2024-09-16T01:30:57.633+0000 7f47b3fff640 1 -- 172.21.15.139:0/1903188537 <== mon.0 v2:172.21.15.139:3300/0 2 ==== config(27 keys) ==== 1109+0+0 (secure 0 0 0) 0x7f47b8032900 con 0x7f47bc1076f0
2024-09-16T01:30:58.435 INFO:teuthology.orchestra.run.smithi139.stdout:/usr/bin/ceph: stderr
2024-09-16T01:30:57.633+0000 7f47b3fff640 1 -- 172.21.15.139:0/1903188537 <== mon.0 v2:172.21.15.139:3300/0 3 ==== mon_map magic: 0 ==== 205+0+0 (secure 0 0 0) 0x7f47b8030850 con 0x7f47bc1076f0
2024-09-16T01:30:58.435 INFO:teuthology.orchestra.run.smithi139.stdout:/usr/bin/ceph: stderr
2024-09-16T01:30:57.634+0000 7f47c352a640 1 -- 172.21.15.139:0/1903188537 >> [v2:172.21.15.139:3300/0,v1:172.21.15.139:6789/0] conn(0x7f47bc1076f0 msgr2=0x7f47bc107af0 secure :-1 s=STATE_CONNECTION_ESTABLISHED l=1).mark_down
2024-09-16T01:30:58.435 INFO:teuthology.orchestra.run.smithi139.stdout:/usr/bin/ceph: stderr
2024-09-16T01:30:57.634+0000 7f47c352a640 1 --2- 172.21.15.139:0/1903188537 >> [v2:172.21.15.139:3300/0,v1:172.21.15.139:6789/0] conn(0x7f47bc1076f0 0x7f47bc107af0 secure :-1 s=READY pgs=47 cs=0 l=1 rev1=1 crypto rx=0x7f47b8009820 tx=0x7f47b802a270 comp rx=0 tx=0).stop
2024-09-16T01:30:58.435 INFO:teuthology.orchestra.run.smithi139.stdout:/usr/bin/ceph: stderr
2024-09-16T01:30:57.634+0000 7f47c352a640 1 -- 172.21.15.139:0/1903188537 shutdown_connections
2024-09-16T01:30:58.436 INFO:teuthology.orchestra.run.smithi139.stdout:/usr/bin/ceph: stderr
2024-09-16T01:30:57.634+0000 7f47c352a640 1 --2- 172.21.15.139:0/1903188537 >> [v2:172.21.15.139:3300/0,v1:172.21.15.139:6789/0] conn(0x7f47bc1076f0 0x7f47bc107af0 unknown :-1 s=CLOSED pgs=47 cs=0 l=1 rev1=1 crypto rx=0 tx=0 comp rx=0 tx=0).stop
2024-09-16T01:30:58.436 INFO:teuthology.orchestra.run.smithi139.stdout:/usr/bin/ceph: stderr
2024-09-16T01:30:57.634+0000 7f47c352a640 1 -- 172.21.15.139:0/1903188537 >> 172.21.15.139:0/1903188537 conn(0x7f47bc102ec0 msgr2=0x7f47bc1052e0 unknown :-1 s=STATE_NONE l=0).mark_down
2024-09-16T01:30:58.436 INFO:teuthology.orchestra.run.smithi139.stdout:/usr/bin/ceph: stderr
2024-09-16T01:30:57.634+0000 7f47c352a640 1 -- 172.21.15.139:0/1903188537 shutdown_connections
2024-09-16T01:30:58.436 INFO:teuthology.orchestra.run.smithi139.stdout:/usr/bin/ceph: stderr
2024-09-16T01:30:57.634+0000 7f47c352a640 1 -- 172.21.15.139:0/1903188537 wait complete.
2024-09-16T01:30:58.436 INFO:teuthology.orchestra.run.smithi139.stdout:/usr/bin/ceph: stderr
2024-09-16T01:30:57.635+0000 7f47c352a640 1 Processor -- start
2024-09-16T01:30:58.436 INFO:teuthology.orchestra.run.smithi139.stdout:/usr/bin/ceph: stderr
2024-09-16T01:30:57.635+0000 7f47c352a640 1 -- start start
2024-09-16T01:30:58.436 INFO:teuthology.orchestra.run.smithi139.stdout:/usr/bin/ceph: stderr
2024-09-16T01:30:57.635+0000 7f47c352a640 1 --2- >> [v2:172.21.15.139:3300/0,v1:172.21.15.139:6789/0] conn(0x7f47bc1076f0 0x7f47bc19b6e0 unknown :-1 s=NONE pgs=0 cs=0 l=1 rev1=0 crypto rx=0 tx=0 comp rx=0 tx=0).connect
2024-09-16T01:30:58.436 INFO:teuthology.orchestra.run.smithi139.stdout:/usr/bin/ceph: stderr
2024-09-16T01:30:57.635+0000 7f47c352a640 1 -- --> [v2:172.21.15.139:3300/0,v1:172.21.15.139:6789/0] -- mon_getmap magic: 0 -- 0x7f47bc10bca0 con 0x7f47bc1076f0
2024-09-16T01:30:58.436 INFO:teuthology.orchestra.run.smithi139.stdout:/usr/bin/ceph: stderr
2024-09-16T01:30:57.635+0000 7f47c12c6640 1 --2- >> [v2:172.21.15.139:3300/0,v1:172.21.15.139:6789/0] conn(0x7f47bc1076f0 0x7f47bc19b6e0 unknown :-1 s=BANNER_CONNECTING pgs=0 cs=0 l=1 rev1=0 crypto rx=0 tx=0 comp rx=0 tx=0)._handle_peer_banner_payload supported=3 required=0
2024-09-16T01:30:58.436 INFO:teuthology.orchestra.run.smithi139.stdout:/usr/bin/ceph: stderr
2024-09-16T01:30:57.635+0000 7f47c12c6640 1 --2- >> [v2:172.21.15.139:3300/0,v1:172.21.15.139:6789/0] conn(0x7f47bc1076f0 0x7f47bc19b6e0 unknown :-1 s=HELLO_CONNECTING pgs=0 cs=0 l=1 rev1=1 crypto rx=0 tx=0 comp rx=0 tx=0).handle_hello peer v2:172.21.15.139:3300/0 says I am v2:172.21.15.139:39740/0 (socket says 172.21.15.139:39740)
2024-09-16T01:30:58.436 INFO:teuthology.orchestra.run.smithi139.stdout:/usr/bin/ceph: stderr
2024-09-16T01:30:57.635+0000 7f47c12c6640 1 -- 172.21.15.139:0/2449182441 learned_addr learned my addr 172.21.15.139:0/2449182441 (peer_addr_for_me v2:172.21.15.139:0/0)
2024-09-16T01:30:58.436 INFO:teuthology.orchestra.run.smithi139.stdout:/usr/bin/ceph: stderr
2024-09-16T01:30:57.635+0000 7f47c12c6640 1 -- 172.21.15.139:0/2449182441 --> [v2:172.21.15.139:3300/0,v1:172.21.15.139:6789/0] -- mon_subscribe({config=0+,monmap=0+}) -- 0x7f47bc19bc20 con 0x7f47bc1076f0
2024-09-16T01:30:58.436 INFO:teuthology.orchestra.run.smithi139.stdout:/usr/bin/ceph: stderr
2024-09-16T01:30:57.635+0000 7f47c12c6640 1 --2- 172.21.15.139:0/2449182441 >> [v2:172.21.15.139:3300/0,v1:172.21.15.139:6789/0] conn(0x7f47bc1076f0 0x7f47bc19b6e0 secure :-1 s=READY pgs=48 cs=0 l=1 rev1=1 crypto rx=0x7f47b8009940 tx=0x7f47b8032ce0 comp rx=0 tx=0).ready entity=mon.0 client_cookie=0 server_cookie=0 in_seq=0 out_seq=0
2024-09-16T01:30:58.437 INFO:teuthology.orchestra.run.smithi139.stdout:/usr/bin/ceph: stderr
2024-09-16T01:30:57.635+0000 7f47b27fc640 1 -- 172.21.15.139:0/2449182441 <== mon.0 v2:172.21.15.139:3300/0 1 ==== mon_map magic: 0 ==== 205+0+0 (secure 0 0 0) 0x7f47b8042070 con 0x7f47bc1076f0
2024-09-16T01:30:58.437 INFO:teuthology.orchestra.run.smithi139.stdout:/usr/bin/ceph: stderr
2024-09-16T01:30:57.636+0000 7f47b27fc640 1 -- 172.21.15.139:0/2449182441 <== mon.0 v2:172.21.15.139:3300/0 2 ==== config(27 keys) ==== 1109+0+0 (secure 0 0 0) 0x7f47b80308c0 con 0x7f47bc1076f0
2024-09-16T01:30:58.437 INFO:teuthology.orchestra.run.smithi139.stdout:/usr/bin/ceph: stderr
2024-09-16T01:30:57.636+0000 7f47c352a640 1 -- 172.21.15.139:0/2449182441 --> [v2:172.21.15.139:3300/0,v1:172.21.15.139:6789/0] -- mon_subscribe({mgrmap=0+}) -- 0x7f47bc19beb0 con 0x7f47bc1076f0
2024-09-16T01:30:58.437 INFO:teuthology.orchestra.run.smithi139.stdout:/usr/bin/ceph: stderr
2024-09-16T01:30:57.636+0000 7f47b27fc640 1 -- 172.21.15.139:0/2449182441 <== mon.0 v2:172.21.15.139:3300/0 3 ==== mon_map magic: 0 ==== 205+0+0 (secure 0 0 0) 0x7f47b8037040 con 0x7f47bc1076f0
2024-09-16T01:30:58.437 INFO:teuthology.orchestra.run.smithi139.stdout:/usr/bin/ceph: stderr
2024-09-16T01:30:57.636+0000 7f47c352a640 1 -- 172.21.15.139:0/2449182441 --> [v2:172.21.15.139:3300/0,v1:172.21.15.139:6789/0] -- mon_subscribe({osdmap=0}) -- 0x7f47bc19eba0 con 0x7f47bc1076f0
2024-09-16T01:30:58.437 INFO:teuthology.orchestra.run.smithi139.stdout:/usr/bin/ceph: stderr
2024-09-16T01:30:57.636+0000 7f47b27fc640 1 -- 172.21.15.139:0/2449182441 <== mon.0 v2:172.21.15.139:3300/0 4 ==== mgrmap(e 8) ==== 46461+0+0 (secure 0 0 0) 0x7f47b8045070 con 0x7f47bc1076f0
2024-09-16T01:30:58.437 INFO:teuthology.orchestra.run.smithi139.stdout:/usr/bin/ceph: stderr
2024-09-16T01:30:57.636+0000 7f47c352a640 1 -- 172.21.15.139:0/2449182441 --> [v2:172.21.15.139:3300/0,v1:172.21.15.139:6789/0] -- mon_command({"prefix": "get_command_descriptions"} v 0) -- 0x7f47bc10be20 con 0x7f47bc1076f0
2024-09-16T01:30:58.437 INFO:teuthology.orchestra.run.smithi139.stdout:/usr/bin/ceph: stderr
2024-09-16T01:30:57.637+0000 7f47b27fc640 1 --2- 172.21.15.139:0/2449182441 >> [v2:172.21.15.139:6800/1485008061,v1:172.21.15.139:6801/1485008061] conn(0x7f47a8039200 0x7f47a803b6c0 unknown :-1 s=NONE pgs=0 cs=0 l=1 rev1=0 crypto rx=0 tx=0 comp rx=0 tx=0).connect
2024-09-16T01:30:58.437 INFO:teuthology.orchestra.run.smithi139.stdout:/usr/bin/ceph: stderr
2024-09-16T01:30:57.637+0000 7f47b27fc640 1 -- 172.21.15.139:0/2449182441 <== mon.0 v2:172.21.15.139:3300/0 5 ==== osd_map(2..2 src has 1..2) ==== 940+0+0 (secure 0 0 0) 0x7f47b806c440 con 0x7f47bc1076f0
2024-09-16T01:30:58.437 INFO:teuthology.orchestra.run.smithi139.stdout:/usr/bin/ceph: stderr
2024-09-16T01:30:57.637+0000 7f47c0ac5640 1 --2- 172.21.15.139:0/2449182441 >> [v2:172.21.15.139:6800/1485008061,v1:172.21.15.139:6801/1485008061] conn(0x7f47a8039200 0x7f47a803b6c0 unknown :-1 s=BANNER_CONNECTING pgs=0 cs=0 l=1 rev1=0 crypto rx=0 tx=0 comp rx=0 tx=0)._handle_peer_banner_payload supported=3 required=0
2024-09-16T01:30:58.437 INFO:teuthology.orchestra.run.smithi139.stdout:/usr/bin/ceph: stderr
2024-09-16T01:30:57.637+0000 7f47c0ac5640 1 --2- 172.21.15.139:0/2449182441 >> [v2:172.21.15.139:6800/1485008061,v1:172.21.15.139:6801/1485008061] conn(0x7f47a8039200 0x7f47a803b6c0 secure :-1 s=READY pgs=13 cs=0 l=1 rev1=1 crypto rx=0x7f47ac0098c0 tx=0x7f47ac006db0 comp rx=0 tx=0).ready entity=mgr.14118 client_cookie=0 server_cookie=0 in_seq=0 out_seq=0
2024-09-16T01:30:58.437 INFO:teuthology.orchestra.run.smithi139.stdout:/usr/bin/ceph: stderr
2024-09-16T01:30:57.641+0000 7f47b27fc640 1 -- 172.21.15.139:0/2449182441 <== mon.0 v2:172.21.15.139:3300/0 6 ==== mon_command_ack([{"prefix": "get_command_descriptions"}]=0 v0) ==== 72+0+188821 (secure 0 0 0) 0x7f47b8045360 con 0x7f47bc1076f0
2024-09-16T01:30:58.437 INFO:teuthology.orchestra.run.smithi139.stdout:/usr/bin/ceph: stderr
2024-09-16T01:30:57.827+0000 7f47c352a640 1 -- 172.21.15.139:0/2449182441 --> [v2:172.21.15.139:6800/1485008061,v1:172.21.15.139:6801/1485008061] -- mgr_command(tid 0: {"prefix": "orch apply", "service_type": "mgr", "unmanaged": true, "target": ["mon-mgr", ""]}) -- 0x7f47bc1040e0 con 0x7f47a8039200
2024-09-16T01:30:58.438 INFO:teuthology.orchestra.run.smithi139.stdout:/usr/bin/ceph: stderr
2024-09-16T01:30:57.831+0000 7f47b27fc640 1 -- 172.21.15.139:0/2449182441 <== mgr.14118 v2:172.21.15.139:6800/1485008061 1 ==== mgr_command_reply(tid 0: 0 ) ==== 8+0+24 (secure 0 0 0) 0x7f47bc1040e0 con 0x7f47a8039200
2024-09-16T01:30:58.438 INFO:teuthology.orchestra.run.smithi139.stdout:/usr/bin/ceph: stderr
2024-09-16T01:30:57.833+0000 7f47c352a640 1 -- 172.21.15.139:0/2449182441 >> [v2:172.21.15.139:6800/1485008061,v1:172.21.15.139:6801/1485008061] conn(0x7f47a8039200 msgr2=0x7f47a803b6c0 secure :-1 s=STATE_CONNECTION_ESTABLISHED l=1).mark_down
2024-09-16T01:30:58.438 INFO:teuthology.orchestra.run.smithi139.stdout:/usr/bin/ceph: stderr
2024-09-16T01:30:57.833+0000 7f47c352a640 1 --2- 172.21.15.139:0/2449182441 >> [v2:172.21.15.139:6800/1485008061,v1:172.21.15.139:6801/1485008061] conn(0x7f47a8039200 0x7f47a803b6c0 secure :-1 s=READY pgs=13 cs=0 l=1 rev1=1 crypto rx=0x7f47ac0098c0 tx=0x7f47ac006db0 comp rx=0 tx=0).stop
2024-09-16T01:30:58.438 INFO:teuthology.orchestra.run.smithi139.stdout:/usr/bin/ceph: stderr
2024-09-16T01:30:57.833+0000 7f47c352a640 1 -- 172.21.15.139:0/2449182441 >> [v2:172.21.15.139:3300/0,v1:172.21.15.139:6789/0] conn(0x7f47bc1076f0 msgr2=0x7f47bc19b6e0 secure :-1 s=STATE_CONNECTION_ESTABLISHED l=1).mark_down
2024-09-16T01:30:58.438 INFO:teuthology.orchestra.run.smithi139.stdout:/usr/bin/ceph: stderr
2024-09-16T01:30:57.833+0000 7f47c352a640 1 --2- 172.21.15.139:0/2449182441 >> [v2:172.21.15.139:3300/0,v1:172.21.15.139:6789/0] conn(0x7f47bc1076f0 0x7f47bc19b6e0 secure :-1 s=READY pgs=48 cs=0 l=1 rev1=1 crypto rx=0x7f47b8009940 tx=0x7f47b8032ce0 comp rx=0 tx=0).stop
2024-09-16T01:30:58.438 INFO:teuthology.orchestra.run.smithi139.stdout:/usr/bin/ceph: stderr
2024-09-16T01:30:57.833+0000 7f47c352a640 1 -- 172.21.15.139:0/2449182441 shutdown_connections
2024-09-16T01:30:58.438 INFO:teuthology.orchestra.run.smithi139.stdout:/usr/bin/ceph: stderr
2024-09-16T01:30:57.833+0000 7f47c352a640 1 --2- 172.21.15.139:0/2449182441 >> [v2:172.21.15.139:6800/1485008061,v1:172.21.15.139:6801/1485008061] conn(0x7f47a8039200 0x7f47a803b6c0 unknown :-1 s=CLOSED pgs=13 cs=0 l=1 rev1=1 crypto rx=0 tx=0 comp rx=0 tx=0).stop
2024-09-16T01:30:58.438 INFO:teuthology.orchestra.run.smithi139.stdout:/usr/bin/ceph: stderr
2024-09-16T01:30:57.833+0000 7f47c352a640 1 --2- 172.21.15.139:0/2449182441 >> [v2:172.21.15.139:3300/0,v1:172.21.15.139:6789/0] conn(0x7f47bc1076f0 0x7f47bc19b6e0 unknown :-1 s=CLOSED pgs=48 cs=0 l=1 rev1=1 crypto rx=0 tx=0 comp rx=0 tx=0).stop
2024-09-16T01:30:58.438 INFO:teuthology.orchestra.run.smithi139.stdout:/usr/bin/ceph: stderr
2024-09-16T01:30:57.833+0000 7f47c352a640 1 -- 172.21.15.139:0/2449182441 >> 172.21.15.139:0/2449182441 conn(0x7f47bc102ec0 msgr2=0x7f47bc1039d0 unknown :-1 s=STATE_NONE l=0).mark_down
2024-09-16T01:30:58.438 INFO:teuthology.orchestra.run.smithi139.stdout:/usr/bin/ceph: stderr
2024-09-16T01:30:57.834+0000 7f47c352a640 1 -- 172.21.15.139:0/2449182441 shutdown_connections
2024-09-16T01:30:58.438 INFO:teuthology.orchestra.run.smithi139.stdout:/usr/bin/ceph: stderr
2024-09-16T01:30:57.834+0000 7f47c352a640 1 -- 172.21.15.139:0/2449182441 wait complete.
2024-09-16T01:30:59.172 INFO:journalctl@ceph.mon.a.smithi139.stdout:Sep 16 01:30:58 smithi139 ceph-mon[31175]: from='client.14142 -' entity='client.admin' cmd=[{"prefix": "orch apply", "service_type": "mgr", "unmanaged": true, "target": ["mon-mgr", ""]}]: dispatch
2024-09-16T01:30:59.173 INFO:journalctl@ceph.mon.a.smithi139.stdout:Sep 16 01:30:58 smithi139 ceph-mon[31175]: Saving service mgr spec with placement count:2
2024-09-16T01:30:59.173 INFO:journalctl@ceph.mon.a.smithi139.stdout:Sep 16 01:30:58 smithi139 ceph-mon[31175]: from='mgr.14118 172.21.15.139:0/1295454937' entity='mgr.x'
2024-09-16T01:31:00.172 INFO:journalctl@ceph.mon.a.smithi139.stdout:Sep 16 01:31:00 smithi139 ceph-mon[31175]: from='client.? 172.21.15.139:0/1231319941' entity='client.admin'
2024-09-16T01:31:00.173 INFO:journalctl@ceph.mon.a.smithi139.stdout:Sep 16 01:31:00 smithi139 ceph-mon[31175]: from='mgr.14118 172.21.15.139:0/1295454937' entity='mgr.x'
2024-09-16T01:31:00.213 INFO:teuthology.orchestra.run.smithi139.stdout:/usr/bin/ceph: stderr
2024-09-16T01:30:58.851+0000 7ff20db56640 1 Processor -- start
2024-09-16T01:31:00.213 INFO:teuthology.orchestra.run.smithi139.stdout:/usr/bin/ceph: stderr
2024-09-16T01:30:58.851+0000 7ff20db56640 1 -- start start
2024-09-16T01:31:00.213 INFO:teuthology.orchestra.run.smithi139.stdout:/usr/bin/ceph: stderr
2024-09-16T01:30:58.851+0000 7ff20db56640 1 --2- >> [v2:172.21.15.139:3300/0,v1:172.21.15.139:6789/0] conn(0x7ff208107720 0x7ff208107b20 unknown :-1 s=NONE pgs=0 cs=0 l=0 rev1=0 crypto rx=0 tx=0 comp rx=0 tx=0).connect
2024-09-16T01:31:00.213 INFO:teuthology.orchestra.run.smithi139.stdout:/usr/bin/ceph: stderr
2024-09-16T01:30:58.851+0000 7ff20db56640 1 -- --> [v2:172.21.15.139:3300/0,v1:172.21.15.139:6789/0] -- mon_getmap magic: 0 -- 0x7ff2081080f0 con 0x7ff208107720
2024-09-16T01:31:00.214 INFO:teuthology.orchestra.run.smithi139.stdout:/usr/bin/ceph: stderr
2024-09-16T01:30:58.852+0000 7ff2077fe640 1 --2- >> [v2:172.21.15.139:3300/0,v1:172.21.15.139:6789/0] conn(0x7ff208107720 0x7ff208107b20 unknown :-1 s=BANNER_CONNECTING pgs=0 cs=0 l=0 rev1=0 crypto rx=0 tx=0 comp rx=0 tx=0)._handle_peer_banner_payload supported=3 required=0
2024-09-16T01:31:00.214 INFO:teuthology.orchestra.run.smithi139.stdout:/usr/bin/ceph: stderr
2024-09-16T01:30:58.852+0000 7ff2077fe640 1 --2- >> [v2:172.21.15.139:3300/0,v1:172.21.15.139:6789/0] conn(0x7ff208107720 0x7ff208107b20 unknown :-1 s=HELLO_CONNECTING pgs=0 cs=0 l=0 rev1=1 crypto rx=0 tx=0 comp rx=0 tx=0).handle_hello peer v2:172.21.15.139:3300/0 says I am v2:172.21.15.139:39748/0 (socket says 172.21.15.139:39748)
2024-09-16T01:31:00.214 INFO:teuthology.orchestra.run.smithi139.stdout:/usr/bin/ceph: stderr
2024-09-16T01:30:58.852+0000 7ff2077fe640 1 -- 172.21.15.139:0/4133577078 learned_addr learned my addr 172.21.15.139:0/4133577078 (peer_addr_for_me v2:172.21.15.139:0/0)
2024-09-16T01:31:00.214 INFO:teuthology.orchestra.run.smithi139.stdout:/usr/bin/ceph: stderr
2024-09-16T01:30:58.852+0000 7ff2077fe640 1 -- 172.21.15.139:0/4133577078 --> [v2:172.21.15.139:3300/0,v1:172.21.15.139:6789/0] -- mon_subscribe({config=0+,monmap=0+}) -- 0x7ff2081088d0 con 0x7ff208107720
2024-09-16T01:31:00.214 INFO:teuthology.orchestra.run.smithi139.stdout:/usr/bin/ceph: stderr
2024-09-16T01:30:58.853+0000 7ff2077fe640 1 --2- 172.21.15.139:0/4133577078 >> [v2:172.21.15.139:3300/0,v1:172.21.15.139:6789/0] conn(0x7ff208107720 0x7ff208107b20 secure :-1 s=READY pgs=49 cs=0 l=1 rev1=1 crypto rx=0x7ff1f8009820 tx=0x7ff1f802a270 comp rx=0 tx=0).ready entity=mon.0 client_cookie=f690274d09cb924e server_cookie=0 in_seq=0 out_seq=0
2024-09-16T01:31:00.214 INFO:teuthology.orchestra.run.smithi139.stdout:/usr/bin/ceph: stderr
2024-09-16T01:30:58.853+0000 7ff206ffd640 1 -- 172.21.15.139:0/4133577078 <== mon.0 v2:172.21.15.139:3300/0 1 ==== mon_map magic: 0 ==== 205+0+0 (secure 0 0 0) 0x7ff1f8037070 con 0x7ff208107720
2024-09-16T01:31:00.214 INFO:teuthology.orchestra.run.smithi139.stdout:/usr/bin/ceph: stderr
2024-09-16T01:30:58.853+0000 7ff206ffd640 1 -- 172.21.15.139:0/4133577078 <== mon.0 v2:172.21.15.139:3300/0 2 ==== config(27 keys) ==== 1109+0+0 (secure 0 0 0) 0x7ff1f8032900 con 0x7ff208107720
2024-09-16T01:31:00.214 INFO:teuthology.orchestra.run.smithi139.stdout:/usr/bin/ceph: stderr
2024-09-16T01:30:58.853+0000 7ff206ffd640 1 -- 172.21.15.139:0/4133577078 <== mon.0 v2:172.21.15.139:3300/0 3 ==== mon_map magic: 0 ==== 205+0+0 (secure 0 0 0) 0x7ff1f8030850 con 0x7ff208107720
2024-09-16T01:31:00.214 INFO:teuthology.orchestra.run.smithi139.stdout:/usr/bin/ceph: stderr
2024-09-16T01:30:58.853+0000 7ff20db56640 1 -- 172.21.15.139:0/4133577078 >> [v2:172.21.15.139:3300/0,v1:172.21.15.139:6789/0] conn(0x7ff208107720 msgr2=0x7ff208107b20 secure :-1 s=STATE_CONNECTION_ESTABLISHED l=1).mark_down
2024-09-16T01:31:00.214 INFO:teuthology.orchestra.run.smithi139.stdout:/usr/bin/ceph: stderr
2024-09-16T01:30:58.853+0000 7ff20db56640 1 --2- 172.21.15.139:0/4133577078 >> [v2:172.21.15.139:3300/0,v1:172.21.15.139:6789/0] conn(0x7ff208107720 0x7ff208107b20 secure :-1 s=READY pgs=49 cs=0 l=1 rev1=1 crypto rx=0x7ff1f8009820 tx=0x7ff1f802a270 comp rx=0 tx=0).stop
2024-09-16T01:31:00.214 INFO:teuthology.orchestra.run.smithi139.stdout:/usr/bin/ceph: stderr
2024-09-16T01:30:58.853+0000 7ff20db56640 1 -- 172.21.15.139:0/4133577078 shutdown_connections
2024-09-16T01:31:00.214 INFO:teuthology.orchestra.run.smithi139.stdout:/usr/bin/ceph: stderr
2024-09-16T01:30:58.853+0000 7ff20db56640 1 --2- 172.21.15.139:0/4133577078 >> [v2:172.21.15.139:3300/0,v1:172.21.15.139:6789/0] conn(0x7ff208107720 0x7ff208107b20 unknown :-1 s=CLOSED pgs=49 cs=0 l=1 rev1=1 crypto rx=0 tx=0 comp rx=0 tx=0).stop
2024-09-16T01:31:00.215 INFO:teuthology.orchestra.run.smithi139.stdout:/usr/bin/ceph: stderr
2024-09-16T01:30:58.853+0000 7ff20db56640 1 -- 172.21.15.139:0/4133577078 >> 172.21.15.139:0/4133577078 conn(0x7ff208102ef0 msgr2=0x7ff208105310 unknown :-1 s=STATE_NONE l=0).mark_down
2024-09-16T01:31:00.215 INFO:teuthology.orchestra.run.smithi139.stdout:/usr/bin/ceph: stderr
2024-09-16T01:30:58.853+0000 7ff20db56640 1 -- 172.21.15.139:0/4133577078 shutdown_connections
2024-09-16T01:31:00.215 INFO:teuthology.orchestra.run.smithi139.stdout:/usr/bin/ceph: stderr
2024-09-16T01:30:58.853+0000 7ff20db56640 1 -- 172.21.15.139:0/4133577078 wait complete.
2024-09-16T01:31:00.215 INFO:teuthology.orchestra.run.smithi139.stdout:/usr/bin/ceph: stderr
2024-09-16T01:30:58.854+0000 7ff20db56640 1 Processor -- start
2024-09-16T01:31:00.215 INFO:teuthology.orchestra.run.smithi139.stdout:/usr/bin/ceph: stderr
2024-09-16T01:30:58.854+0000 7ff20db56640 1 -- start start
2024-09-16T01:31:00.215 INFO:teuthology.orchestra.run.smithi139.stdout:/usr/bin/ceph: stderr
2024-09-16T01:30:58.854+0000 7ff20db56640 1 --2- >> [v2:172.21.15.139:3300/0,v1:172.21.15.139:6789/0] conn(0x7ff208107720 0x7ff20819b6c0 unknown :-1 s=NONE pgs=0 cs=0 l=1 rev1=0 crypto rx=0 tx=0 comp rx=0 tx=0).connect
2024-09-16T01:31:00.215 INFO:teuthology.orchestra.run.smithi139.stdout:/usr/bin/ceph: stderr
2024-09-16T01:30:58.854+0000 7ff20db56640 1 -- --> [v2:172.21.15.139:3300/0,v1:172.21.15.139:6789/0] -- mon_getmap magic: 0 -- 0x7ff20810bc80 con 0x7ff208107720
2024-09-16T01:31:00.215 INFO:teuthology.orchestra.run.smithi139.stdout:/usr/bin/ceph: stderr
2024-09-16T01:30:58.854+0000 7ff2077fe640 1 --2- >> [v2:172.21.15.139:3300/0,v1:172.21.15.139:6789/0] conn(0x7ff208107720 0x7ff20819b6c0 unknown :-1 s=BANNER_CONNECTING pgs=0 cs=0 l=1 rev1=0 crypto rx=0 tx=0 comp rx=0 tx=0)._handle_peer_banner_payload supported=3 required=0
2024-09-16T01:31:00.215 INFO:teuthology.orchestra.run.smithi139.stdout:/usr/bin/ceph: stderr
2024-09-16T01:30:58.854+0000 7ff2077fe640 1 --2- >> [v2:172.21.15.139:3300/0,v1:172.21.15.139:6789/0] conn(0x7ff208107720 0x7ff20819b6c0 unknown :-1 s=HELLO_CONNECTING pgs=0 cs=0 l=1 rev1=1 crypto rx=0 tx=0 comp rx=0 tx=0).handle_hello peer v2:172.21.15.139:3300/0 says I am v2:172.21.15.139:39760/0 (socket says 172.21.15.139:39760)
2024-09-16T01:31:00.215 INFO:teuthology.orchestra.run.smithi139.stdout:/usr/bin/ceph: stderr
2024-09-16T01:30:58.854+0000 7ff2077fe640 1 -- 172.21.15.139:0/1231319941 learned_addr learned my addr 172.21.15.139:0/1231319941 (peer_addr_for_me v2:172.21.15.139:0/0)
2024-09-16T01:31:00.215 INFO:teuthology.orchestra.run.smithi139.stdout:/usr/bin/ceph: stderr
2024-09-16T01:30:58.854+0000 7ff2077fe640 1 -- 172.21.15.139:0/1231319941 --> [v2:172.21.15.139:3300/0,v1:172.21.15.139:6789/0] -- mon_subscribe({config=0+,monmap=0+}) -- 0x7ff20819bc00 con 0x7ff208107720
2024-09-16T01:31:00.215 INFO:teuthology.orchestra.run.smithi139.stdout:/usr/bin/ceph: stderr
2024-09-16T01:30:58.855+0000 7ff2077fe640 1 --2- 172.21.15.139:0/1231319941 >> [v2:172.21.15.139:3300/0,v1:172.21.15.139:6789/0] conn(0x7ff208107720 0x7ff20819b6c0 secure :-1 s=READY pgs=50 cs=0 l=1 rev1=1 crypto rx=0x7ff1f8009940 tx=0x7ff1f8032ce0 comp rx=0 tx=0).ready entity=mon.0 client_cookie=0 server_cookie=0 in_seq=0 out_seq=0
2024-09-16T01:31:00.215 INFO:teuthology.orchestra.run.smithi139.stdout:/usr/bin/ceph: stderr
2024-09-16T01:30:58.855+0000 7ff2057fa640 1 -- 172.21.15.139:0/1231319941 <== mon.0 v2:172.21.15.139:3300/0 1 ==== mon_map magic: 0 ==== 205+0+0 (secure 0 0 0) 0x7ff1f8042070 con 0x7ff208107720
2024-09-16T01:31:00.216 INFO:teuthology.orchestra.run.smithi139.stdout:/usr/bin/ceph: stderr
2024-09-16T01:30:58.855+0000 7ff2057fa640 1 -- 172.21.15.139:0/1231319941 <== mon.0 v2:172.21.15.139:3300/0 2 ==== config(27 keys) ==== 1109+0+0 (secure 0 0 0) 0x7ff1f80308c0 con 0x7ff208107720
2024-09-16T01:31:00.216 INFO:teuthology.orchestra.run.smithi139.stdout:/usr/bin/ceph: stderr
2024-09-16T01:30:58.855+0000 7ff2057fa640 1 -- 172.21.15.139:0/1231319941 <== mon.0 v2:172.21.15.139:3300/0 3 ==== mon_map magic: 0 ==== 205+0+0 (secure 0 0 0) 0x7ff1f8037040 con 0x7ff208107720
2024-09-16T01:31:00.216 INFO:teuthology.orchestra.run.smithi139.stdout:/usr/bin/ceph: stderr
2024-09-16T01:30:58.855+0000 7ff20db56640 1 -- 172.21.15.139:0/1231319941 --> [v2:172.21.15.139:3300/0,v1:172.21.15.139:6789/0] -- mon_subscribe({mgrmap=0+}) -- 0x7ff20819be90 con 0x7ff208107720
2024-09-16T01:31:00.216 INFO:teuthology.orchestra.run.smithi139.stdout:/usr/bin/ceph: stderr
2024-09-16T01:30:58.855+0000 7ff20db56640 1 -- 172.21.15.139:0/1231319941 --> [v2:172.21.15.139:3300/0,v1:172.21.15.139:6789/0] -- mon_subscribe({osdmap=0}) -- 0x7ff20819eb80 con 0x7ff208107720
2024-09-16T01:31:00.216 INFO:teuthology.orchestra.run.smithi139.stdout:/usr/bin/ceph: stderr
