2024-09-16T01:30:58.856+0000 7ff2057fa640 1 -- 172.21.15.139:0/1231319941 <== mon.0 v2:172.21.15.139:3300/0 4 ==== mgrmap(e 8) ==== 46461+0+0 (secure 0 0 0) 0x7ff1f8045070 con 0x7ff208107720
2024-09-16T01:31:00.216 INFO:teuthology.orchestra.run.smithi139.stdout:/usr/bin/ceph: stderr
2024-09-16T01:30:58.856+0000 7ff2057fa640 1 --2- 172.21.15.139:0/1231319941 >> [v2:172.21.15.139:6800/1485008061,v1:172.21.15.139:6801/1485008061] conn(0x7ff1f4039200 0x7ff1f403b6c0 unknown :-1 s=NONE pgs=0 cs=0 l=1 rev1=0 crypto rx=0 tx=0 comp rx=0 tx=0).connect
2024-09-16T01:31:00.216 INFO:teuthology.orchestra.run.smithi139.stdout:/usr/bin/ceph: stderr
2024-09-16T01:30:58.856+0000 7ff2057fa640 1 -- 172.21.15.139:0/1231319941 <== mon.0 v2:172.21.15.139:3300/0 5 ==== osd_map(2..2 src has 1..2) ==== 940+0+0 (secure 0 0 0) 0x7ff1f806c4a0 con 0x7ff208107720
2024-09-16T01:31:00.216 INFO:teuthology.orchestra.run.smithi139.stdout:/usr/bin/ceph: stderr
2024-09-16T01:30:58.856+0000 7ff20db56640 1 -- 172.21.15.139:0/1231319941 --> [v2:172.21.15.139:3300/0,v1:172.21.15.139:6789/0] -- mon_command({"prefix": "get_command_descriptions"} v 0) -- 0x7ff20810be00 con 0x7ff208107720
2024-09-16T01:31:00.216 INFO:teuthology.orchestra.run.smithi139.stdout:/usr/bin/ceph: stderr
2024-09-16T01:30:58.856+0000 7ff1fffff640 1 --2- 172.21.15.139:0/1231319941 >> [v2:172.21.15.139:6800/1485008061,v1:172.21.15.139:6801/1485008061] conn(0x7ff1f4039200 0x7ff1f403b6c0 unknown :-1 s=BANNER_CONNECTING pgs=0 cs=0 l=1 rev1=0 crypto rx=0 tx=0 comp rx=0 tx=0)._handle_peer_banner_payload supported=3 required=0
2024-09-16T01:31:00.216 INFO:teuthology.orchestra.run.smithi139.stdout:/usr/bin/ceph: stderr
2024-09-16T01:30:58.856+0000 7ff1fffff640 1 --2- 172.21.15.139:0/1231319941 >> [v2:172.21.15.139:6800/1485008061,v1:172.21.15.139:6801/1485008061] conn(0x7ff1f4039200 0x7ff1f403b6c0 secure :-1 s=READY pgs=14 cs=0 l=1 rev1=1 crypto rx=0x7ff1f00098c0 tx=0x7ff1f0006db0 comp rx=0 tx=0).ready entity=mgr.14118 client_cookie=0 server_cookie=0 in_seq=0 out_seq=0
2024-09-16T01:31:00.216 INFO:teuthology.orchestra.run.smithi139.stdout:/usr/bin/ceph: stderr
2024-09-16T01:30:58.861+0000 7ff2057fa640 1 -- 172.21.15.139:0/1231319941 <== mon.0 v2:172.21.15.139:3300/0 6 ==== mon_command_ack([{"prefix": "get_command_descriptions"}]=0 v0) ==== 72+0+188821 (secure 0 0 0) 0x7ff1f8045360 con 0x7ff208107720
2024-09-16T01:31:00.216 INFO:teuthology.orchestra.run.smithi139.stdout:/usr/bin/ceph: stderr
2024-09-16T01:30:59.029+0000 7ff20db56640 1 -- 172.21.15.139:0/1231319941 --> [v2:172.21.15.139:3300/0,v1:172.21.15.139:6789/0] -- mon_command([{prefix=config set, name=mgr/cephadm/container_init}] v 0) -- 0x7ff208107ba0 con 0x7ff208107720
2024-09-16T01:31:00.217 INFO:teuthology.orchestra.run.smithi139.stdout:/usr/bin/ceph: stderr
2024-09-16T01:30:59.034+0000 7ff2057fa640 1 -- 172.21.15.139:0/1231319941 <== mon.0 v2:172.21.15.139:3300/0 7 ==== mon_command_ack([{prefix=config set, name=mgr/cephadm/container_init}]=0 v6)=0 v6) ==== 142+0+0 (secure 0 0 0) 0x7ff1f803c760 con 0x7ff208107720
2024-09-16T01:31:00.217 INFO:teuthology.orchestra.run.smithi139.stdout:/usr/bin/ceph: stderr
2024-09-16T01:30:59.037+0000 7ff20db56640 1 -- 172.21.15.139:0/1231319941 >> [v2:172.21.15.139:6800/1485008061,v1:172.21.15.139:6801/1485008061] conn(0x7ff1f4039200 msgr2=0x7ff1f403b6c0 secure :-1 s=STATE_CONNECTION_ESTABLISHED l=1).mark_down
2024-09-16T01:31:00.217 INFO:teuthology.orchestra.run.smithi139.stdout:/usr/bin/ceph: stderr
2024-09-16T01:30:59.037+0000 7ff20db56640 1 --2- 172.21.15.139:0/1231319941 >> [v2:172.21.15.139:6800/1485008061,v1:172.21.15.139:6801/1485008061] conn(0x7ff1f4039200 0x7ff1f403b6c0 secure :-1 s=READY pgs=14 cs=0 l=1 rev1=1 crypto rx=0x7ff1f00098c0 tx=0x7ff1f0006db0 comp rx=0 tx=0).stop
2024-09-16T01:31:00.217 INFO:teuthology.orchestra.run.smithi139.stdout:/usr/bin/ceph: stderr
2024-09-16T01:30:59.037+0000 7ff20db56640 1 -- 172.21.15.139:0/1231319941 >> [v2:172.21.15.139:3300/0,v1:172.21.15.139:6789/0] conn(0x7ff208107720 msgr2=0x7ff20819b6c0 secure :-1 s=STATE_CONNECTION_ESTABLISHED l=1).mark_down
2024-09-16T01:31:00.217 INFO:teuthology.orchestra.run.smithi139.stdout:/usr/bin/ceph: stderr
2024-09-16T01:30:59.037+0000 7ff20db56640 1 --2- 172.21.15.139:0/1231319941 >> [v2:172.21.15.139:3300/0,v1:172.21.15.139:6789/0] conn(0x7ff208107720 0x7ff20819b6c0 secure :-1 s=READY pgs=50 cs=0 l=1 rev1=1 crypto rx=0x7ff1f8009940 tx=0x7ff1f8032ce0 comp rx=0 tx=0).stop
2024-09-16T01:31:00.217 INFO:teuthology.orchestra.run.smithi139.stdout:/usr/bin/ceph: stderr
2024-09-16T01:30:59.037+0000 7ff20db56640 1 -- 172.21.15.139:0/1231319941 shutdown_connections
2024-09-16T01:31:00.217 INFO:teuthology.orchestra.run.smithi139.stdout:/usr/bin/ceph: stderr
2024-09-16T01:30:59.037+0000 7ff20db56640 1 --2- 172.21.15.139:0/1231319941 >> [v2:172.21.15.139:6800/1485008061,v1:172.21.15.139:6801/1485008061] conn(0x7ff1f4039200 0x7ff1f403b6c0 unknown :-1 s=CLOSED pgs=14 cs=0 l=1 rev1=1 crypto rx=0 tx=0 comp rx=0 tx=0).stop
2024-09-16T01:31:00.217 INFO:teuthology.orchestra.run.smithi139.stdout:/usr/bin/ceph: stderr
2024-09-16T01:30:59.037+0000 7ff20db56640 1 --2- 172.21.15.139:0/1231319941 >> [v2:172.21.15.139:3300/0,v1:172.21.15.139:6789/0] conn(0x7ff208107720 0x7ff20819b6c0 unknown :-1 s=CLOSED pgs=50 cs=0 l=1 rev1=1 crypto rx=0 tx=0 comp rx=0 tx=0).stop
2024-09-16T01:31:00.217 INFO:teuthology.orchestra.run.smithi139.stdout:/usr/bin/ceph: stderr
2024-09-16T01:30:59.037+0000 7ff20db56640 1 -- 172.21.15.139:0/1231319941 >> 172.21.15.139:0/1231319941 conn(0x7ff208102ef0 msgr2=0x7ff208103a30 unknown :-1 s=STATE_NONE l=0).mark_down
2024-09-16T01:31:00.217 INFO:teuthology.orchestra.run.smithi139.stdout:/usr/bin/ceph: stderr
2024-09-16T01:30:59.037+0000 7ff20db56640 1 -- 172.21.15.139:0/1231319941 shutdown_connections
2024-09-16T01:31:00.217 INFO:teuthology.orchestra.run.smithi139.stdout:/usr/bin/ceph: stderr
2024-09-16T01:30:59.037+0000 7ff20db56640 1 -- 172.21.15.139:0/1231319941 wait complete.
2024-09-16T01:31:01.673 INFO:journalctl@ceph.mon.a.smithi139.stdout:Sep 16 01:31:01 smithi139 ceph-mon[31175]: from='mgr.14118 172.21.15.139:0/1295454937' entity='mgr.x'
2024-09-16T01:31:01.673 INFO:journalctl@ceph.mon.a.smithi139.stdout:Sep 16 01:31:01 smithi139 ceph-mon[31175]: from='client.? 172.21.15.139:0/2753597787' entity='client.admin'
2024-09-16T01:31:01.688 INFO:teuthology.orchestra.run.smithi139.stdout:/usr/bin/ceph: stderr
2024-09-16T01:31:00.618+0000 7f4aaca85640 1 Processor -- start
2024-09-16T01:31:01.688 INFO:teuthology.orchestra.run.smithi139.stdout:/usr/bin/ceph: stderr
2024-09-16T01:31:00.619+0000 7f4aaca85640 1 -- start start
2024-09-16T01:31:01.688 INFO:teuthology.orchestra.run.smithi139.stdout:/usr/bin/ceph: stderr
2024-09-16T01:31:00.619+0000 7f4aaca85640 1 --2- >> [v2:172.21.15.139:3300/0,v1:172.21.15.139:6789/0] conn(0x7f4aa8107740 0x7f4aa8107b40 unknown :-1 s=NONE pgs=0 cs=0 l=0 rev1=0 crypto rx=0 tx=0 comp rx=0 tx=0).connect
2024-09-16T01:31:01.688 INFO:teuthology.orchestra.run.smithi139.stdout:/usr/bin/ceph: stderr
2024-09-16T01:31:00.619+0000 7f4aaca85640 1 -- --> [v2:172.21.15.139:3300/0,v1:172.21.15.139:6789/0] -- mon_getmap magic: 0 -- 0x7f4aa8108110 con 0x7f4aa8107740
2024-09-16T01:31:01.688 INFO:teuthology.orchestra.run.smithi139.stdout:/usr/bin/ceph: stderr
2024-09-16T01:31:00.619+0000 7f4aa659c640 1 --2- >> [v2:172.21.15.139:3300/0,v1:172.21.15.139:6789/0] conn(0x7f4aa8107740 0x7f4aa8107b40 unknown :-1 s=BANNER_CONNECTING pgs=0 cs=0 l=0 rev1=0 crypto rx=0 tx=0 comp rx=0 tx=0)._handle_peer_banner_payload supported=3 required=0
2024-09-16T01:31:01.688 INFO:teuthology.orchestra.run.smithi139.stdout:/usr/bin/ceph: stderr
2024-09-16T01:31:00.619+0000 7f4aa659c640 1 --2- >> [v2:172.21.15.139:3300/0,v1:172.21.15.139:6789/0] conn(0x7f4aa8107740 0x7f4aa8107b40 unknown :-1 s=HELLO_CONNECTING pgs=0 cs=0 l=0 rev1=1 crypto rx=0 tx=0 comp rx=0 tx=0).handle_hello peer v2:172.21.15.139:3300/0 says I am v2:172.21.15.139:39770/0 (socket says 172.21.15.139:39770)
2024-09-16T01:31:01.688 INFO:teuthology.orchestra.run.smithi139.stdout:/usr/bin/ceph: stderr
2024-09-16T01:31:00.619+0000 7f4aa659c640 1 -- 172.21.15.139:0/3701116435 learned_addr learned my addr 172.21.15.139:0/3701116435 (peer_addr_for_me v2:172.21.15.139:0/0)
2024-09-16T01:31:01.689 INFO:teuthology.orchestra.run.smithi139.stdout:/usr/bin/ceph: stderr
2024-09-16T01:31:00.619+0000 7f4aa659c640 1 -- 172.21.15.139:0/3701116435 --> [v2:172.21.15.139:3300/0,v1:172.21.15.139:6789/0] -- mon_subscribe({config=0+,monmap=0+}) -- 0x7f4aa81088f0 con 0x7f4aa8107740
2024-09-16T01:31:01.689 INFO:teuthology.orchestra.run.smithi139.stdout:/usr/bin/ceph: stderr
2024-09-16T01:31:00.620+0000 7f4aa659c640 1 --2- 172.21.15.139:0/3701116435 >> [v2:172.21.15.139:3300/0,v1:172.21.15.139:6789/0] conn(0x7f4aa8107740 0x7f4aa8107b40 secure :-1 s=READY pgs=51 cs=0 l=1 rev1=1 crypto rx=0x7f4aa0009820 tx=0x7f4aa002a270 comp rx=0 tx=0).ready entity=mon.0 client_cookie=bcdac6208aa2b5cd server_cookie=0 in_seq=0 out_seq=0
2024-09-16T01:31:01.689 INFO:teuthology.orchestra.run.smithi139.stdout:/usr/bin/ceph: stderr
2024-09-16T01:31:00.620+0000 7f4aa559a640 1 -- 172.21.15.139:0/3701116435 <== mon.0 v2:172.21.15.139:3300/0 1 ==== mon_map magic: 0 ==== 205+0+0 (secure 0 0 0) 0x7f4aa0037070 con 0x7f4aa8107740
2024-09-16T01:31:01.689 INFO:teuthology.orchestra.run.smithi139.stdout:/usr/bin/ceph: stderr
2024-09-16T01:31:00.620+0000 7f4aa559a640 1 -- 172.21.15.139:0/3701116435 <== mon.0 v2:172.21.15.139:3300/0 2 ==== config(27 keys) ==== 1140+0+0 (secure 0 0 0) 0x7f4aa0032920 con 0x7f4aa8107740
2024-09-16T01:31:01.689 INFO:teuthology.orchestra.run.smithi139.stdout:/usr/bin/ceph: stderr
2024-09-16T01:31:00.620+0000 7f4aa559a640 1 -- 172.21.15.139:0/3701116435 <== mon.0 v2:172.21.15.139:3300/0 3 ==== mon_map magic: 0 ==== 205+0+0 (secure 0 0 0) 0x7f4aa0030810 con 0x7f4aa8107740
2024-09-16T01:31:01.689 INFO:teuthology.orchestra.run.smithi139.stdout:/usr/bin/ceph: stderr
2024-09-16T01:31:00.621+0000 7f4aaca85640 1 -- 172.21.15.139:0/3701116435 >> [v2:172.21.15.139:3300/0,v1:172.21.15.139:6789/0] conn(0x7f4aa8107740 msgr2=0x7f4aa8107b40 secure :-1 s=STATE_CONNECTION_ESTABLISHED l=1).mark_down
2024-09-16T01:31:01.689 INFO:teuthology.orchestra.run.smithi139.stdout:/usr/bin/ceph: stderr
2024-09-16T01:31:00.621+0000 7f4aaca85640 1 --2- 172.21.15.139:0/3701116435 >> [v2:172.21.15.139:3300/0,v1:172.21.15.139:6789/0] conn(0x7f4aa8107740 0x7f4aa8107b40 secure :-1 s=READY pgs=51 cs=0 l=1 rev1=1 crypto rx=0x7f4aa0009820 tx=0x7f4aa002a270 comp rx=0 tx=0).stop
2024-09-16T01:31:01.689 INFO:teuthology.orchestra.run.smithi139.stdout:/usr/bin/ceph: stderr
2024-09-16T01:31:00.621+0000 7f4aaca85640 1 -- 172.21.15.139:0/3701116435 shutdown_connections
2024-09-16T01:31:01.689 INFO:teuthology.orchestra.run.smithi139.stdout:/usr/bin/ceph: stderr
2024-09-16T01:31:00.621+0000 7f4aaca85640 1 --2- 172.21.15.139:0/3701116435 >> [v2:172.21.15.139:3300/0,v1:172.21.15.139:6789/0] conn(0x7f4aa8107740 0x7f4aa8107b40 unknown :-1 s=CLOSED pgs=51 cs=0 l=1 rev1=1 crypto rx=0 tx=0 comp rx=0 tx=0).stop
2024-09-16T01:31:01.689 INFO:teuthology.orchestra.run.smithi139.stdout:/usr/bin/ceph: stderr
2024-09-16T01:31:00.621+0000 7f4aaca85640 1 -- 172.21.15.139:0/3701116435 >> 172.21.15.139:0/3701116435 conn(0x7f4aa8102ef0 msgr2=0x7f4aa8105310 unknown :-1 s=STATE_NONE l=0).mark_down
2024-09-16T01:31:01.689 INFO:teuthology.orchestra.run.smithi139.stdout:/usr/bin/ceph: stderr
2024-09-16T01:31:00.621+0000 7f4aaca85640 1 -- 172.21.15.139:0/3701116435 shutdown_connections
2024-09-16T01:31:01.689 INFO:teuthology.orchestra.run.smithi139.stdout:/usr/bin/ceph: stderr
2024-09-16T01:31:00.621+0000 7f4aaca85640 1 -- 172.21.15.139:0/3701116435 wait complete.
2024-09-16T01:31:01.689 INFO:teuthology.orchestra.run.smithi139.stdout:/usr/bin/ceph: stderr
2024-09-16T01:31:00.622+0000 7f4aaca85640 1 Processor -- start
2024-09-16T01:31:01.690 INFO:teuthology.orchestra.run.smithi139.stdout:/usr/bin/ceph: stderr
2024-09-16T01:31:00.622+0000 7f4aaca85640 1 -- start start
2024-09-16T01:31:01.690 INFO:teuthology.orchestra.run.smithi139.stdout:/usr/bin/ceph: stderr
2024-09-16T01:31:00.622+0000 7f4aaca85640 1 --2- >> [v2:172.21.15.139:3300/0,v1:172.21.15.139:6789/0] conn(0x7f4aa8107740 0x7f4aa819b780 unknown :-1 s=NONE pgs=0 cs=0 l=1 rev1=0 crypto rx=0 tx=0 comp rx=0 tx=0).connect
2024-09-16T01:31:01.690 INFO:teuthology.orchestra.run.smithi139.stdout:/usr/bin/ceph: stderr
2024-09-16T01:31:00.622+0000 7f4aaca85640 1 -- --> [v2:172.21.15.139:3300/0,v1:172.21.15.139:6789/0] -- mon_getmap magic: 0 -- 0x7f4aa810bca0 con 0x7f4aa8107740
2024-09-16T01:31:01.690 INFO:teuthology.orchestra.run.smithi139.stdout:/usr/bin/ceph: stderr
2024-09-16T01:31:00.622+0000 7f4aa659c640 1 --2- >> [v2:172.21.15.139:3300/0,v1:172.21.15.139:6789/0] conn(0x7f4aa8107740 0x7f4aa819b780 unknown :-1 s=BANNER_CONNECTING pgs=0 cs=0 l=1 rev1=0 crypto rx=0 tx=0 comp rx=0 tx=0)._handle_peer_banner_payload supported=3 required=0
2024-09-16T01:31:01.690 INFO:teuthology.orchestra.run.smithi139.stdout:/usr/bin/ceph: stderr
2024-09-16T01:31:00.622+0000 7f4aa659c640 1 --2- >> [v2:172.21.15.139:3300/0,v1:172.21.15.139:6789/0] conn(0x7f4aa8107740 0x7f4aa819b780 unknown :-1 s=HELLO_CONNECTING pgs=0 cs=0 l=1 rev1=1 crypto rx=0 tx=0 comp rx=0 tx=0).handle_hello peer v2:172.21.15.139:3300/0 says I am v2:172.21.15.139:39786/0 (socket says 172.21.15.139:39786)
2024-09-16T01:31:01.690 INFO:teuthology.orchestra.run.smithi139.stdout:/usr/bin/ceph: stderr
2024-09-16T01:31:00.622+0000 7f4aa659c640 1 -- 172.21.15.139:0/2753597787 learned_addr learned my addr 172.21.15.139:0/2753597787 (peer_addr_for_me v2:172.21.15.139:0/0)
2024-09-16T01:31:01.690 INFO:teuthology.orchestra.run.smithi139.stdout:/usr/bin/ceph: stderr
2024-09-16T01:31:00.622+0000 7f4aa659c640 1 -- 172.21.15.139:0/2753597787 --> [v2:172.21.15.139:3300/0,v1:172.21.15.139:6789/0] -- mon_subscribe({config=0+,monmap=0+}) -- 0x7f4aa819bcc0 con 0x7f4aa8107740
2024-09-16T01:31:01.690 INFO:teuthology.orchestra.run.smithi139.stdout:/usr/bin/ceph: stderr
2024-09-16T01:31:00.622+0000 7f4aa659c640 1 --2- 172.21.15.139:0/2753597787 >> [v2:172.21.15.139:3300/0,v1:172.21.15.139:6789/0] conn(0x7f4aa8107740 0x7f4aa819b780 secure :-1 s=READY pgs=52 cs=0 l=1 rev1=1 crypto rx=0x7f4aa00097f0 tx=0x7f4aa00327b0 comp rx=0 tx=0).ready entity=mon.0 client_cookie=0 server_cookie=0 in_seq=0 out_seq=0
2024-09-16T01:31:01.690 INFO:teuthology.orchestra.run.smithi139.stdout:/usr/bin/ceph: stderr
2024-09-16T01:31:00.622+0000 7f4a9f7fe640 1 -- 172.21.15.139:0/2753597787 <== mon.0 v2:172.21.15.139:3300/0 1 ==== mon_map magic: 0 ==== 205+0+0 (secure 0 0 0) 0x7f4aa0037040 con 0x7f4aa8107740
2024-09-16T01:31:01.690 INFO:teuthology.orchestra.run.smithi139.stdout:/usr/bin/ceph: stderr
2024-09-16T01:31:00.622+0000 7f4aaca85640 1 -- 172.21.15.139:0/2753597787 --> [v2:172.21.15.139:3300/0,v1:172.21.15.139:6789/0] -- mon_subscribe({mgrmap=0+}) -- 0x7f4aa819bf50 con 0x7f4aa8107740
2024-09-16T01:31:01.690 INFO:teuthology.orchestra.run.smithi139.stdout:/usr/bin/ceph: stderr
2024-09-16T01:31:00.622+0000 7f4a9f7fe640 1 -- 172.21.15.139:0/2753597787 <== mon.0 v2:172.21.15.139:3300/0 2 ==== config(27 keys) ==== 1140+0+0 (secure 0 0 0) 0x7f4aa0030c40 con 0x7f4aa8107740
2024-09-16T01:31:01.690 INFO:teuthology.orchestra.run.smithi139.stdout:/usr/bin/ceph: stderr
2024-09-16T01:31:00.622+0000 7f4a9f7fe640 1 -- 172.21.15.139:0/2753597787 <== mon.0 v2:172.21.15.139:3300/0 3 ==== mon_map magic: 0 ==== 205+0+0 (secure 0 0 0) 0x7f4aa003a5b0 con 0x7f4aa8107740
2024-09-16T01:31:01.691 INFO:teuthology.orchestra.run.smithi139.stdout:/usr/bin/ceph: stderr
2024-09-16T01:31:00.622+0000 7f4aaca85640 1 -- 172.21.15.139:0/2753597787 --> [v2:172.21.15.139:3300/0,v1:172.21.15.139:6789/0] -- mon_subscribe({osdmap=0}) -- 0x7f4aa819ec40 con 0x7f4aa8107740
2024-09-16T01:31:01.691 INFO:teuthology.orchestra.run.smithi139.stdout:/usr/bin/ceph: stderr
2024-09-16T01:31:00.623+0000 7f4a9f7fe640 1 -- 172.21.15.139:0/2753597787 <== mon.0 v2:172.21.15.139:3300/0 4 ==== mgrmap(e 8) ==== 46461+0+0 (secure 0 0 0) 0x7f4aa003a7f0 con 0x7f4aa8107740
2024-09-16T01:31:01.691 INFO:teuthology.orchestra.run.smithi139.stdout:/usr/bin/ceph: stderr
2024-09-16T01:31:00.623+0000 7f4aaca85640 1 -- 172.21.15.139:0/2753597787 --> [v2:172.21.15.139:3300/0,v1:172.21.15.139:6789/0] -- mon_command({"prefix": "get_command_descriptions"} v 0) -- 0x7f4aa810be20 con 0x7f4aa8107740
2024-09-16T01:31:01.691 INFO:teuthology.orchestra.run.smithi139.stdout:/usr/bin/ceph: stderr
2024-09-16T01:31:00.624+0000 7f4a9f7fe640 1 --2- 172.21.15.139:0/2753597787 >> [v2:172.21.15.139:6800/1485008061,v1:172.21.15.139:6801/1485008061] conn(0x7f4a940391b0 0x7f4a9403b670 unknown :-1 s=NONE pgs=0 cs=0 l=1 rev1=0 crypto rx=0 tx=0 comp rx=0 tx=0).connect
2024-09-16T01:31:01.691 INFO:teuthology.orchestra.run.smithi139.stdout:/usr/bin/ceph: stderr
2024-09-16T01:31:00.624+0000 7f4a9f7fe640 1 -- 172.21.15.139:0/2753597787 <== mon.0 v2:172.21.15.139:3300/0 5 ==== osd_map(2..2 src has 1..2) ==== 940+0+0 (secure 0 0 0) 0x7f4aa006c800 con 0x7f4aa8107740
2024-09-16T01:31:01.691 INFO:teuthology.orchestra.run.smithi139.stdout:/usr/bin/ceph: stderr
2024-09-16T01:31:00.624+0000 7f4aa5d9b640 1 --2- 172.21.15.139:0/2753597787 >> [v2:172.21.15.139:6800/1485008061,v1:172.21.15.139:6801/1485008061] conn(0x7f4a940391b0 0x7f4a9403b670 unknown :-1 s=BANNER_CONNECTING pgs=0 cs=0 l=1 rev1=0 crypto rx=0 tx=0 comp rx=0 tx=0)._handle_peer_banner_payload supported=3 required=0
2024-09-16T01:31:01.691 INFO:teuthology.orchestra.run.smithi139.stdout:/usr/bin/ceph: stderr
2024-09-16T01:31:00.624+0000 7f4aa5d9b640 1 --2- 172.21.15.139:0/2753597787 >> [v2:172.21.15.139:6800/1485008061,v1:172.21.15.139:6801/1485008061] conn(0x7f4a940391b0 0x7f4a9403b670 secure :-1 s=READY pgs=15 cs=0 l=1 rev1=1 crypto rx=0x7f4a900098c0 tx=0x7f4a90006db0 comp rx=0 tx=0).ready entity=mgr.14118 client_cookie=0 server_cookie=0 in_seq=0 out_seq=0
2024-09-16T01:31:01.691 INFO:teuthology.orchestra.run.smithi139.stdout:/usr/bin/ceph: stderr
2024-09-16T01:31:00.628+0000 7f4a9f7fe640 1 -- 172.21.15.139:0/2753597787 <== mon.0 v2:172.21.15.139:3300/0 6 ==== mon_command_ack([{"prefix": "get_command_descriptions"}]=0 v0) ==== 72+0+188821 (secure 0 0 0) 0x7f4aa0031c00 con 0x7f4aa8107740
2024-09-16T01:31:01.691 INFO:teuthology.orchestra.run.smithi139.stdout:/usr/bin/ceph: stderr
2024-09-16T01:31:00.819+0000 7f4aaca85640 1 -- 172.21.15.139:0/2753597787 --> [v2:172.21.15.139:3300/0,v1:172.21.15.139:6789/0] -- mon_command([{prefix=config set, name=mgr/dashboard/ssl_server_port}] v 0) -- 0x7f4aa8107bc0 con 0x7f4aa8107740
2024-09-16T01:31:01.691 INFO:teuthology.orchestra.run.smithi139.stdout:/usr/bin/ceph: stderr
2024-09-16T01:31:00.821+0000 7f4a9f7fe640 1 -- 172.21.15.139:0/2753597787 <== mon.0 v2:172.21.15.139:3300/0 7 ==== mon_command_ack([{prefix=config set, name=mgr/dashboard/ssl_server_port}]=0 v8)=0 v8) ==== 130+0+0 (secure 0 0 0) 0x7f4aa0044920 con 0x7f4aa8107740
2024-09-16T01:31:01.691 INFO:teuthology.orchestra.run.smithi139.stdout:/usr/bin/ceph: stderr
2024-09-16T01:31:00.824+0000 7f4aaca85640 1 -- 172.21.15.139:0/2753597787 >> [v2:172.21.15.139:6800/1485008061,v1:172.21.15.139:6801/1485008061] conn(0x7f4a940391b0 msgr2=0x7f4a9403b670 secure :-1 s=STATE_CONNECTION_ESTABLISHED l=1).mark_down
2024-09-16T01:31:01.691 INFO:teuthology.orchestra.run.smithi139.stdout:/usr/bin/ceph: stderr
2024-09-16T01:31:00.824+0000 7f4aaca85640 1 --2- 172.21.15.139:0/2753597787 >> [v2:172.21.15.139:6800/1485008061,v1:172.21.15.139:6801/1485008061] conn(0x7f4a940391b0 0x7f4a9403b670 secure :-1 s=READY pgs=15 cs=0 l=1 rev1=1 crypto rx=0x7f4a900098c0 tx=0x7f4a90006db0 comp rx=0 tx=0).stop
2024-09-16T01:31:01.691 INFO:teuthology.orchestra.run.smithi139.stdout:/usr/bin/ceph: stderr
2024-09-16T01:31:00.824+0000 7f4aaca85640 1 -- 172.21.15.139:0/2753597787 >> [v2:172.21.15.139:3300/0,v1:172.21.15.139:6789/0] conn(0x7f4aa8107740 msgr2=0x7f4aa819b780 secure :-1 s=STATE_CONNECTION_ESTABLISHED l=1).mark_down
2024-09-16T01:31:01.692 INFO:teuthology.orchestra.run.smithi139.stdout:/usr/bin/ceph: stderr
2024-09-16T01:31:00.824+0000 7f4aaca85640 1 --2- 172.21.15.139:0/2753597787 >> [v2:172.21.15.139:3300/0,v1:172.21.15.139:6789/0] conn(0x7f4aa8107740 0x7f4aa819b780 secure :-1 s=READY pgs=52 cs=0 l=1 rev1=1 crypto rx=0x7f4aa00097f0 tx=0x7f4aa00327b0 comp rx=0 tx=0).stop
2024-09-16T01:31:01.692 INFO:teuthology.orchestra.run.smithi139.stdout:/usr/bin/ceph: stderr
2024-09-16T01:31:00.824+0000 7f4aaca85640 1 -- 172.21.15.139:0/2753597787 shutdown_connections
2024-09-16T01:31:01.692 INFO:teuthology.orchestra.run.smithi139.stdout:/usr/bin/ceph: stderr
2024-09-16T01:31:00.824+0000 7f4aaca85640 1 --2- 172.21.15.139:0/2753597787 >> [v2:172.21.15.139:6800/1485008061,v1:172.21.15.139:6801/1485008061] conn(0x7f4a940391b0 0x7f4a9403b670 unknown :-1 s=CLOSED pgs=15 cs=0 l=1 rev1=1 crypto rx=0 tx=0 comp rx=0 tx=0).stop
2024-09-16T01:31:01.692 INFO:teuthology.orchestra.run.smithi139.stdout:/usr/bin/ceph: stderr
2024-09-16T01:31:00.824+0000 7f4aaca85640 1 --2- 172.21.15.139:0/2753597787 >> [v2:172.21.15.139:3300/0,v1:172.21.15.139:6789/0] conn(0x7f4aa8107740 0x7f4aa819b780 unknown :-1 s=CLOSED pgs=52 cs=0 l=1 rev1=1 crypto rx=0 tx=0 comp rx=0 tx=0).stop
2024-09-16T01:31:01.692 INFO:teuthology.orchestra.run.smithi139.stdout:/usr/bin/ceph: stderr
2024-09-16T01:31:00.824+0000 7f4aaca85640 1 -- 172.21.15.139:0/2753597787 >> 172.21.15.139:0/2753597787 conn(0x7f4aa8102ef0 msgr2=0x7f4aa8103aa0 unknown :-1 s=STATE_NONE l=0).mark_down
2024-09-16T01:31:01.692 INFO:teuthology.orchestra.run.smithi139.stdout:/usr/bin/ceph: stderr
2024-09-16T01:31:00.824+0000 7f4aaca85640 1 -- 172.21.15.139:0/2753597787 shutdown_connections
2024-09-16T01:31:01.692 INFO:teuthology.orchestra.run.smithi139.stdout:/usr/bin/ceph: stderr
2024-09-16T01:31:00.824+0000 7f4aaca85640 1 -- 172.21.15.139:0/2753597787 wait complete.
2024-09-16T01:31:01.692 INFO:teuthology.orchestra.run.smithi139.stdout:Enabling the dashboard module...
2024-09-16T01:31:02.638 INFO:journalctl@ceph.mon.a.smithi139.stdout:Sep 16 01:31:02 smithi139 ceph-mon[31175]: from='client.? 172.21.15.139:0/1290370140' entity='client.admin' cmd=[{"prefix": "mgr module enable", "module": "dashboard"}]: dispatch
2024-09-16T01:31:02.638 INFO:journalctl@ceph.mgr.x.smithi139.stdout:Sep 16 01:31:02 smithi139 ceph-1d90dd3a-73cb-11ef-bceb-c7b262605968-mgr-x[31403]: ignoring --setuser ceph since I am not root
2024-09-16T01:31:02.638 INFO:journalctl@ceph.mgr.x.smithi139.stdout:Sep 16 01:31:02 smithi139 ceph-1d90dd3a-73cb-11ef-bceb-c7b262605968-mgr-x[31403]: ignoring --setgroup ceph since I am not root
2024-09-16T01:31:02.638 INFO:journalctl@ceph.mgr.x.smithi139.stdout:Sep 16 01:31:02 smithi139 ceph-1d90dd3a-73cb-11ef-bceb-c7b262605968-mgr-x[31403]:
2024-09-16T01:31:02.636+0000 7f17d2860040 -1 mgr[py] Module osd_perf_query has missing NOTIFY_TYPES member
2024-09-16T01:31:02.917 INFO:journalctl@ceph.mgr.x.smithi139.stdout:Sep 16 01:31:02 smithi139 ceph-1d90dd3a-73cb-11ef-bceb-c7b262605968-mgr-x[31403]:
2024-09-16T01:31:02.693+0000 7f17d2860040 -1 mgr[py] Module osd_support has missing NOTIFY_TYPES member
2024-09-16T01:31:02.917 INFO:journalctl@ceph.mgr.x.smithi139.stdout:Sep 16 01:31:02 smithi139 ceph-1d90dd3a-73cb-11ef-bceb-c7b262605968-mgr-x[31403]:
2024-09-16T01:31:02.848+0000 7f17d2860040 -1 mgr[py] Module diskprediction_local has missing NOTIFY_TYPES member
2024-09-16T01:31:02.917 INFO:journalctl@ceph.mgr.x.smithi139.stdout:Sep 16 01:31:02 smithi139 ceph-1d90dd3a-73cb-11ef-bceb-c7b262605968-mgr-x[31403]:
2024-09-16T01:31:02.915+0000 7f17d2860040 -1 mgr[py] Module crash has missing NOTIFY_TYPES member
2024-09-16T01:31:03.172 INFO:journalctl@ceph.mgr.x.smithi139.stdout:Sep 16 01:31:03 smithi139 ceph-1d90dd3a-73cb-11ef-bceb-c7b262605968-mgr-x[31403]:
2024-09-16T01:31:03.063+0000 7f17d2860040 -1 mgr[py] Module test_orchestrator has missing NOTIFY_TYPES member
2024-09-16T01:31:03.239 INFO:teuthology.orchestra.run.smithi139.stdout:/usr/bin/ceph: stderr
2024-09-16T01:31:02.206+0000 7fed655c6640 1 Processor -- start
2024-09-16T01:31:03.239 INFO:teuthology.orchestra.run.smithi139.stdout:/usr/bin/ceph: stderr
2024-09-16T01:31:02.206+0000 7fed655c6640 1 -- start start
2024-09-16T01:31:03.239 INFO:teuthology.orchestra.run.smithi139.stdout:/usr/bin/ceph: stderr
2024-09-16T01:31:02.206+0000 7fed655c6640 1 --2- >> [v2:172.21.15.139:3300/0,v1:172.21.15.139:6789/0] conn(0x7fed60105fd0 0x7fed601063d0 unknown :-1 s=NONE pgs=0 cs=0 l=0 rev1=0 crypto rx=0 tx=0 comp rx=0 tx=0).connect
2024-09-16T01:31:03.239 INFO:teuthology.orchestra.run.smithi139.stdout:/usr/bin/ceph: stderr
2024-09-16T01:31:02.206+0000 7fed655c6640 1 -- --> [v2:172.21.15.139:3300/0,v1:172.21.15.139:6789/0] -- mon_getmap magic: 0 -- 0x7fed6007be50 con 0x7fed60105fd0
2024-09-16T01:31:03.239 INFO:teuthology.orchestra.run.smithi139.stdout:/usr/bin/ceph: stderr
2024-09-16T01:31:02.206+0000 7fed5effd640 1 --2- >> [v2:172.21.15.139:3300/0,v1:172.21.15.139:6789/0] conn(0x7fed60105fd0 0x7fed601063d0 unknown :-1 s=BANNER_CONNECTING pgs=0 cs=0 l=0 rev1=0 crypto rx=0 tx=0 comp rx=0 tx=0)._handle_peer_banner_payload supported=3 required=0
2024-09-16T01:31:03.239 INFO:teuthology.orchestra.run.smithi139.stdout:/usr/bin/ceph: stderr
2024-09-16T01:31:02.206+0000 7fed5effd640 1 --2- >> [v2:172.21.15.139:3300/0,v1:172.21.15.139:6789/0] conn(0x7fed60105fd0 0x7fed601063d0 unknown :-1 s=HELLO_CONNECTING pgs=0 cs=0 l=0 rev1=1 crypto rx=0 tx=0 comp rx=0 tx=0).handle_hello peer v2:172.21.15.139:3300/0 says I am v2:172.21.15.139:39798/0 (socket says 172.21.15.139:39798)
2024-09-16T01:31:03.239 INFO:teuthology.orchestra.run.smithi139.stdout:/usr/bin/ceph: stderr
2024-09-16T01:31:02.206+0000 7fed5effd640 1 -- 172.21.15.139:0/1309455537 learned_addr learned my addr 172.21.15.139:0/1309455537 (peer_addr_for_me v2:172.21.15.139:0/0)
2024-09-16T01:31:03.240 INFO:teuthology.orchestra.run.smithi139.stdout:/usr/bin/ceph: stderr
2024-09-16T01:31:02.206+0000 7fed5effd640 1 -- 172.21.15.139:0/1309455537 --> [v2:172.21.15.139:3300/0,v1:172.21.15.139:6789/0] -- mon_subscribe({config=0+,monmap=0+}) -- 0x7fed60106910 con 0x7fed60105fd0
2024-09-16T01:31:03.240 INFO:teuthology.orchestra.run.smithi139.stdout:/usr/bin/ceph: stderr
2024-09-16T01:31:02.207+0000 7fed5effd640 1 --2- 172.21.15.139:0/1309455537 >> [v2:172.21.15.139:3300/0,v1:172.21.15.139:6789/0] conn(0x7fed60105fd0 0x7fed601063d0 secure :-1 s=READY pgs=53 cs=0 l=1 rev1=1 crypto rx=0x7fed50009820 tx=0x7fed5002a270 comp rx=0 tx=0).ready entity=mon.0 client_cookie=8b8b94b1c3722a7d server_cookie=0 in_seq=0 out_seq=0
2024-09-16T01:31:03.240 INFO:teuthology.orchestra.run.smithi139.stdout:/usr/bin/ceph: stderr
2024-09-16T01:31:02.207+0000 7fed5e7fc640 1 -- 172.21.15.139:0/1309455537 <== mon.0 v2:172.21.15.139:3300/0 1 ==== mon_map magic: 0 ==== 205+0+0 (secure 0 0 0) 0x7fed50037070 con 0x7fed60105fd0
2024-09-16T01:31:03.240 INFO:teuthology.orchestra.run.smithi139.stdout:/usr/bin/ceph: stderr
2024-09-16T01:31:02.207+0000 7fed5e7fc640 1 -- 172.21.15.139:0/1309455537 <== mon.0 v2:172.21.15.139:3300/0 2 ==== config(27 keys) ==== 1140+0+0 (secure 0 0 0) 0x7fed50032920 con 0x7fed60105fd0
2024-09-16T01:31:03.240 INFO:teuthology.orchestra.run.smithi139.stdout:/usr/bin/ceph: stderr
2024-09-16T01:31:02.207+0000 7fed5e7fc640 1 -- 172.21.15.139:0/1309455537 <== mon.0 v2:172.21.15.139:3300/0 3 ==== mon_map magic: 0 ==== 205+0+0 (secure 0 0 0) 0x7fed50030810 con 0x7fed60105fd0
2024-09-16T01:31:03.240 INFO:teuthology.orchestra.run.smithi139.stdout:/usr/bin/ceph: stderr
2024-09-16T01:31:02.208+0000 7fed655c6640 1 -- 172.21.15.139:0/1309455537 >> [v2:172.21.15.139:3300/0,v1:172.21.15.139:6789/0] conn(0x7fed60105fd0 msgr2=0x7fed601063d0 secure :-1 s=STATE_CONNECTION_ESTABLISHED l=1).mark_down
2024-09-16T01:31:03.240 INFO:teuthology.orchestra.run.smithi139.stdout:/usr/bin/ceph: stderr
2024-09-16T01:31:02.208+0000 7fed655c6640 1 --2- 172.21.15.139:0/1309455537 >> [v2:172.21.15.139:3300/0,v1:172.21.15.139:6789/0] conn(0x7fed60105fd0 0x7fed601063d0 secure :-1 s=READY pgs=53 cs=0 l=1 rev1=1 crypto rx=0x7fed50009820 tx=0x7fed5002a270 comp rx=0 tx=0).stop
2024-09-16T01:31:03.240 INFO:teuthology.orchestra.run.smithi139.stdout:/usr/bin/ceph: stderr
2024-09-16T01:31:02.208+0000 7fed655c6640 1 -- 172.21.15.139:0/1309455537 shutdown_connections
2024-09-16T01:31:03.240 INFO:teuthology.orchestra.run.smithi139.stdout:/usr/bin/ceph: stderr
2024-09-16T01:31:02.208+0000 7fed655c6640 1 --2- 172.21.15.139:0/1309455537 >> [v2:172.21.15.139:3300/0,v1:172.21.15.139:6789/0] conn(0x7fed60105fd0 0x7fed601063d0 unknown :-1 s=CLOSED pgs=53 cs=0 l=1 rev1=1 crypto rx=0 tx=0 comp rx=0 tx=0).stop
2024-09-16T01:31:03.240 INFO:teuthology.orchestra.run.smithi139.stdout:/usr/bin/ceph: stderr
2024-09-16T01:31:02.208+0000 7fed655c6640 1 -- 172.21.15.139:0/1309455537 >> 172.21.15.139:0/1309455537 conn(0x7fed60101da0 msgr2=0x7fed601041e0 unknown :-1 s=STATE_NONE l=0).mark_down
2024-09-16T01:31:03.240 INFO:teuthology.orchestra.run.smithi139.stdout:/usr/bin/ceph: stderr
2024-09-16T01:31:02.208+0000 7fed655c6640 1 -- 172.21.15.139:0/1309455537 shutdown_connections
2024-09-16T01:31:03.240 INFO:teuthology.orchestra.run.smithi139.stdout:/usr/bin/ceph: stderr
2024-09-16T01:31:02.208+0000 7fed655c6640 1 -- 172.21.15.139:0/1309455537 wait complete.
2024-09-16T01:31:03.240 INFO:teuthology.orchestra.run.smithi139.stdout:/usr/bin/ceph: stderr
2024-09-16T01:31:02.209+0000 7fed655c6640 1 Processor -- start
2024-09-16T01:31:03.241 INFO:teuthology.orchestra.run.smithi139.stdout:/usr/bin/ceph: stderr
2024-09-16T01:31:02.209+0000 7fed655c6640 1 -- start start
2024-09-16T01:31:03.241 INFO:teuthology.orchestra.run.smithi139.stdout:/usr/bin/ceph: stderr
2024-09-16T01:31:02.209+0000 7fed655c6640 1 --2- >> [v2:172.21.15.139:3300/0,v1:172.21.15.139:6789/0] conn(0x7fed60105fd0 0x7fed6019d910 unknown :-1 s=NONE pgs=0 cs=0 l=1 rev1=0 crypto rx=0 tx=0 comp rx=0 tx=0).connect
2024-09-16T01:31:03.241 INFO:teuthology.orchestra.run.smithi139.stdout:/usr/bin/ceph: stderr
2024-09-16T01:31:02.209+0000 7fed655c6640 1 -- --> [v2:172.21.15.139:3300/0,v1:172.21.15.139:6789/0] -- mon_getmap magic: 0 -- 0x7fed60107a50 con 0x7fed60105fd0
2024-09-16T01:31:03.241 INFO:teuthology.orchestra.run.smithi139.stdout:/usr/bin/ceph: stderr
2024-09-16T01:31:02.209+0000 7fed5effd640 1 --2- >> [v2:172.21.15.139:3300/0,v1:172.21.15.139:6789/0] conn(0x7fed60105fd0 0x7fed6019d910 unknown :-1 s=BANNER_CONNECTING pgs=0 cs=0 l=1 rev1=0 crypto rx=0 tx=0 comp rx=0 tx=0)._handle_peer_banner_payload supported=3 required=0
2024-09-16T01:31:03.241 INFO:teuthology.orchestra.run.smithi139.stdout:/usr/bin/ceph: stderr
2024-09-16T01:31:02.209+0000 7fed5effd640 1 --2- >> [v2:172.21.15.139:3300/0,v1:172.21.15.139:6789/0] conn(0x7fed60105fd0 0x7fed6019d910 unknown :-1 s=HELLO_CONNECTING pgs=0 cs=0 l=1 rev1=1 crypto rx=0 tx=0 comp rx=0 tx=0).handle_hello peer v2:172.21.15.139:3300/0 says I am v2:172.21.15.139:39808/0 (socket says 172.21.15.139:39808)
2024-09-16T01:31:03.241 INFO:teuthology.orchestra.run.smithi139.stdout:/usr/bin/ceph: stderr
2024-09-16T01:31:02.209+0000 7fed5effd640 1 -- 172.21.15.139:0/1290370140 learned_addr learned my addr 172.21.15.139:0/1290370140 (peer_addr_for_me v2:172.21.15.139:0/0)
2024-09-16T01:31:03.241 INFO:teuthology.orchestra.run.smithi139.stdout:/usr/bin/ceph: stderr
2024-09-16T01:31:02.209+0000 7fed5effd640 1 -- 172.21.15.139:0/1290370140 --> [v2:172.21.15.139:3300/0,v1:172.21.15.139:6789/0] -- mon_subscribe({config=0+,monmap=0+}) -- 0x7fed6019de50 con 0x7fed60105fd0
2024-09-16T01:31:03.241 INFO:teuthology.orchestra.run.smithi139.stdout:/usr/bin/ceph: stderr
2024-09-16T01:31:02.209+0000 7fed5effd640 1 --2- 172.21.15.139:0/1290370140 >> [v2:172.21.15.139:3300/0,v1:172.21.15.139:6789/0] conn(0x7fed60105fd0 0x7fed6019d910 secure :-1 s=READY pgs=54 cs=0 l=1 rev1=1 crypto rx=0x7fed50030420 tx=0x7fed50032670 comp rx=0 tx=0).ready entity=mon.0 client_cookie=0 server_cookie=0 in_seq=0 out_seq=0
2024-09-16T01:31:03.241 INFO:teuthology.orchestra.run.smithi139.stdout:/usr/bin/ceph: stderr
2024-09-16T01:31:02.210+0000 7fed5cff9640 1 -- 172.21.15.139:0/1290370140 <== mon.0 v2:172.21.15.139:3300/0 1 ==== mon_map magic: 0 ==== 205+0+0 (secure 0 0 0) 0x7fed50037040 con 0x7fed60105fd0
2024-09-16T01:31:03.241 INFO:teuthology.orchestra.run.smithi139.stdout:/usr/bin/ceph: stderr
2024-09-16T01:31:02.210+0000 7fed5cff9640 1 -- 172.21.15.139:0/1290370140 <== mon.0 v2:172.21.15.139:3300/0 2 ==== config(27 keys) ==== 1140+0+0 (secure 0 0 0) 0x7fed50040070 con 0x7fed60105fd0
2024-09-16T01:31:03.241 INFO:teuthology.orchestra.run.smithi139.stdout:/usr/bin/ceph: stderr
2024-09-16T01:31:02.210+0000 7fed655c6640 1 -- 172.21.15.139:0/1290370140 --> [v2:172.21.15.139:3300/0,v1:172.21.15.139:6789/0] -- mon_subscribe({mgrmap=0+}) -- 0x7fed6019e0e0 con 0x7fed60105fd0
2024-09-16T01:31:03.241 INFO:teuthology.orchestra.run.smithi139.stdout:/usr/bin/ceph: stderr
2024-09-16T01:31:02.210+0000 7fed5cff9640 1 -- 172.21.15.139:0/1290370140 <== mon.0 v2:172.21.15.139:3300/0 3 ==== mon_map magic: 0 ==== 205+0+0 (secure 0 0 0) 0x7fed5003a6e0 con 0x7fed60105fd0
2024-09-16T01:31:03.241 INFO:teuthology.orchestra.run.smithi139.stdout:/usr/bin/ceph: stderr
2024-09-16T01:31:02.210+0000 7fed655c6640 1 -- 172.21.15.139:0/1290370140 --> [v2:172.21.15.139:3300/0,v1:172.21.15.139:6789/0] -- mon_subscribe({osdmap=0}) -- 0x7fed601a0dd0 con 0x7fed60105fd0
2024-09-16T01:31:03.241 INFO:teuthology.orchestra.run.smithi139.stdout:/usr/bin/ceph: stderr
2024-09-16T01:31:02.211+0000 7fed5cff9640 1 -- 172.21.15.139:0/1290370140 <== mon.0 v2:172.21.15.139:3300/0 4 ==== mgrmap(e 8) ==== 46461+0+0 (secure 0 0 0) 0x7fed5003a990 con 0x7fed60105fd0
2024-09-16T01:31:03.241 INFO:teuthology.orchestra.run.smithi139.stdout:/usr/bin/ceph: stderr
2024-09-16T01:31:02.211+0000 7fed655c6640 1 -- 172.21.15.139:0/1290370140 --> [v2:172.21.15.139:3300/0,v1:172.21.15.139:6789/0] -- mon_command({"prefix": "get_command_descriptions"} v 0) -- 0x7fed601063d0 con 0x7fed60105fd0
2024-09-16T01:31:03.242 INFO:teuthology.orchestra.run.smithi139.stdout:/usr/bin/ceph: stderr
2024-09-16T01:31:02.211+0000 7fed5cff9640 1 --2- 172.21.15.139:0/1290370140 >> [v2:172.21.15.139:6800/1485008061,v1:172.21.15.139:6801/1485008061] conn(0x7fed4c039200 0x7fed4c03b6c0 unknown :-1 s=NONE pgs=0 cs=0 l=1 rev1=0 crypto rx=0 tx=0 comp rx=0 tx=0).connect
2024-09-16T01:31:03.242 INFO:teuthology.orchestra.run.smithi139.stdout:/usr/bin/ceph: stderr
2024-09-16T01:31:02.211+0000 7fed5cff9640 1 -- 172.21.15.139:0/1290370140 <== mon.0 v2:172.21.15.139:3300/0 5 ==== osd_map(2..2 src has 1..2) ==== 940+0+0 (secure 0 0 0) 0x7fed5006c960 con 0x7fed60105fd0
2024-09-16T01:31:03.242 INFO:teuthology.orchestra.run.smithi139.stdout:/usr/bin/ceph: stderr
2024-09-16T01:31:02.211+0000 7fed57fff640 1 --2- 172.21.15.139:0/1290370140 >> [v2:172.21.15.139:6800/1485008061,v1:172.21.15.139:6801/1485008061] conn(0x7fed4c039200 0x7fed4c03b6c0 unknown :-1 s=BANNER_CONNECTING pgs=0 cs=0 l=1 rev1=0 crypto rx=0 tx=0 comp rx=0 tx=0)._handle_peer_banner_payload supported=3 required=0
2024-09-16T01:31:03.242 INFO:teuthology.orchestra.run.smithi139.stdout:/usr/bin/ceph: stderr
2024-09-16T01:31:02.211+0000 7fed57fff640 1 --2- 172.21.15.139:0/1290370140 >> [v2:172.21.15.139:6800/1485008061,v1:172.21.15.139:6801/1485008061] conn(0x7fed4c039200 0x7fed4c03b6c0 secure :-1 s=READY pgs=16 cs=0 l=1 rev1=1 crypto rx=0x7fed480098c0 tx=0x7fed48006db0 comp rx=0 tx=0).ready entity=mgr.14118 client_cookie=0 server_cookie=0 in_seq=0 out_seq=0
2024-09-16T01:31:03.242 INFO:teuthology.orchestra.run.smithi139.stdout:/usr/bin/ceph: stderr
2024-09-16T01:31:02.216+0000 7fed5cff9640 1 -- 172.21.15.139:0/1290370140 <== mon.0 v2:172.21.15.139:3300/0 6 ==== mon_command_ack([{"prefix": "get_command_descriptions"}]=0 v0) ==== 72+0+188821 (secure 0 0 0) 0x7fed50044c70 con 0x7fed60105fd0
2024-09-16T01:31:03.242 INFO:teuthology.orchestra.run.smithi139.stdout:/usr/bin/ceph: stderr
2024-09-16T01:31:02.426+0000 7fed655c6640 1 -- 172.21.15.139:0/1290370140 --> [v2:172.21.15.139:3300/0,v1:172.21.15.139:6789/0] -- mon_command({"prefix": "mgr module enable", "module": "dashboard"} v 0) -- 0x7fed60196d80 con 0x7fed60105fd0
2024-09-16T01:31:03.242 INFO:teuthology.orchestra.run.smithi139.stdout:/usr/bin/ceph: stderr
2024-09-16T01:31:02.478+0000 7fed5cff9640 1 -- 172.21.15.139:0/1290370140 <== mon.0 v2:172.21.15.139:3300/0 7 ==== mon_command_ack([{"prefix": "mgr module enable", "module": "dashboard"}]=0 v9) ==== 88+0+0 (secure 0 0 0) 0x7fed500439b0 con 0x7fed60105fd0
2024-09-16T01:31:03.242 INFO:teuthology.orchestra.run.smithi139.stdout:/usr/bin/ceph: stderr
2024-09-16T01:31:02.479+0000 7fed5cff9640 1 -- 172.21.15.139:0/1290370140 <== mon.0 v2:172.21.15.139:3300/0 8 ==== mgrmap(e 9) ==== 46474+0+0 (secure 0 0 0) 0x7fed50045980 con 0x7fed60105fd0
2024-09-16T01:31:03.242 INFO:teuthology.orchestra.run.smithi139.stdout:/usr/bin/ceph: stderr
2024-09-16T01:31:02.481+0000 7fed655c6640 1 -- 172.21.15.139:0/1290370140 >> [v2:172.21.15.139:6800/1485008061,v1:172.21.15.139:6801/1485008061] conn(0x7fed4c039200 msgr2=0x7fed4c03b6c0 secure :-1 s=STATE_CONNECTION_ESTABLISHED l=1).mark_down
2024-09-16T01:31:03.242 INFO:teuthology.orchestra.run.smithi139.stdout:/usr/bin/ceph: stderr
2024-09-16T01:31:02.481+0000 7fed655c6640 1 --2- 172.21.15.139:0/1290370140 >> [v2:172.21.15.139:6800/1485008061,v1:172.21.15.139:6801/1485008061] conn(0x7fed4c039200 0x7fed4c03b6c0 secure :-1 s=READY pgs=16 cs=0 l=1 rev1=1 crypto rx=0x7fed480098c0 tx=0x7fed48006db0 comp rx=0 tx=0).stop
2024-09-16T01:31:03.242 INFO:teuthology.orchestra.run.smithi139.stdout:/usr/bin/ceph: stderr
2024-09-16T01:31:02.481+0000 7fed655c6640 1 -- 172.21.15.139:0/1290370140 >> [v2:172.21.15.139:3300/0,v1:172.21.15.139:6789/0] conn(0x7fed60105fd0 msgr2=0x7fed6019d910 secure :-1 s=STATE_CONNECTION_ESTABLISHED l=1).mark_down
2024-09-16T01:31:03.242 INFO:teuthology.orchestra.run.smithi139.stdout:/usr/bin/ceph: stderr
2024-09-16T01:31:02.481+0000 7fed655c6640 1 --2- 172.21.15.139:0/1290370140 >> [v2:172.21.15.139:3300/0,v1:172.21.15.139:6789/0] conn(0x7fed60105fd0 0x7fed6019d910 secure :-1 s=READY pgs=54 cs=0 l=1 rev1=1 crypto rx=0x7fed50030420 tx=0x7fed50032670 comp rx=0 tx=0).stop
2024-09-16T01:31:03.242 INFO:teuthology.orchestra.run.smithi139.stdout:/usr/bin/ceph: stderr
2024-09-16T01:31:02.481+0000 7fed655c6640 1 -- 172.21.15.139:0/1290370140 shutdown_connections
2024-09-16T01:31:03.243 INFO:teuthology.orchestra.run.smithi139.stdout:/usr/bin/ceph: stderr
2024-09-16T01:31:02.481+0000 7fed655c6640 1 --2- 172.21.15.139:0/1290370140 >> [v2:172.21.15.139:6800/1485008061,v1:172.21.15.139:6801/1485008061] conn(0x7fed4c039200 0x7fed4c03b6c0 unknown :-1 s=CLOSED pgs=16 cs=0 l=1 rev1=1 crypto rx=0 tx=0 comp rx=0 tx=0).stop
2024-09-16T01:31:03.243 INFO:teuthology.orchestra.run.smithi139.stdout:/usr/bin/ceph: stderr
2024-09-16T01:31:02.481+0000 7fed655c6640 1 --2- 172.21.15.139:0/1290370140 >> [v2:172.21.15.139:3300/0,v1:172.21.15.139:6789/0] conn(0x7fed60105fd0 0x7fed6019d910 unknown :-1 s=CLOSED pgs=54 cs=0 l=1 rev1=1 crypto rx=0 tx=0 comp rx=0 tx=0).stop
2024-09-16T01:31:03.243 INFO:teuthology.orchestra.run.smithi139.stdout:/usr/bin/ceph: stderr
2024-09-16T01:31:02.481+0000 7fed655c6640 1 -- 172.21.15.139:0/1290370140 >> 172.21.15.139:0/1290370140 conn(0x7fed60101da0 msgr2=0x7fed60191c00 unknown :-1 s=STATE_NONE l=0).mark_down
2024-09-16T01:31:03.243 INFO:teuthology.orchestra.run.smithi139.stdout:/usr/bin/ceph: stderr
2024-09-16T01:31:02.481+0000 7fed655c6640 1 -- 172.21.15.139:0/1290370140 shutdown_connections
2024-09-16T01:31:03.243 INFO:teuthology.orchestra.run.smithi139.stdout:/usr/bin/ceph: stderr
2024-09-16T01:31:02.481+0000 7fed655c6640 1 -- 172.21.15.139:0/1290370140 wait complete.
2024-09-16T01:31:03.467 INFO:journalctl@ceph.mgr.x.smithi139.stdout:Sep 16 01:31:03 smithi139 ceph-1d90dd3a-73cb-11ef-bceb-c7b262605968-mgr-x[31403]:
2024-09-16T01:31:03.203+0000 7f17d2860040 -1 mgr[py] Module snap_schedule has missing NOTIFY_TYPES member
2024-09-16T01:31:03.777 INFO:journalctl@ceph.mon.a.smithi139.stdout:Sep 16 01:31:03 smithi139 ceph-mon[31175]: from='client.? 172.21.15.139:0/1290370140' entity='client.admin' cmd='[{"prefix": "mgr module enable", "module": "dashboard"}]': finished
2024-09-16T01:31:03.777 INFO:journalctl@ceph.mon.a.smithi139.stdout:Sep 16 01:31:03 smithi139 ceph-mon[31175]: mgrmap e9: x(active, since 17s)
2024-09-16T01:31:03.777 INFO:journalctl@ceph.mgr.x.smithi139.stdout:Sep 16 01:31:03 smithi139 ceph-1d90dd3a-73cb-11ef-bceb-c7b262605968-mgr-x[31403]:
2024-09-16T01:31:03.523+0000 7f17d2860040 -1 mgr[py] Module prometheus has missing NOTIFY_TYPES member
2024-09-16T01:31:03.777 INFO:journalctl@ceph.mgr.x.smithi139.stdout:Sep 16 01:31:03 smithi139 ceph-1d90dd3a-73cb-11ef-bceb-c7b262605968-mgr-x[31403]:
2024-09-16T01:31:03.583+0000 7f17d2860040 -1 mgr[py] Module selftest has missing NOTIFY_TYPES member
2024-09-16T01:31:03.777 INFO:journalctl@ceph.mgr.x.smithi139.stdout:Sep 16 01:31:03 smithi139 ceph-1d90dd3a-73cb-11ef-bceb-c7b262605968-mgr-x[31403]:
2024-09-16T01:31:03.775+0000 7f17d2860040 -1 mgr[py] Module volumes has missing NOTIFY_TYPES member
2024-09-16T01:31:04.595 INFO:teuthology.orchestra.run.smithi139.stdout:/usr/bin/ceph: stdout {
2024-09-16T01:31:04.595 INFO:teuthology.orchestra.run.smithi139.stdout:/usr/bin/ceph: stdout "epoch": 9,
2024-09-16T01:31:04.596 INFO:teuthology.orchestra.run.smithi139.stdout:/usr/bin/ceph: stdout "available": true,
2024-09-16T01:31:04.596 INFO:teuthology.orchestra.run.smithi139.stdout:/usr/bin/ceph: stdout "active_name": "x",
2024-09-16T01:31:04.596 INFO:teuthology.orchestra.run.smithi139.stdout:/usr/bin/ceph: stdout "num_standby": 0
2024-09-16T01:31:04.596 INFO:teuthology.orchestra.run.smithi139.stdout:/usr/bin/ceph: stdout }
2024-09-16T01:31:04.596 INFO:teuthology.orchestra.run.smithi139.stdout:/usr/bin/ceph: stderr
2024-09-16T01:31:03.660+0000 7ff3adacf640 1 Processor -- start
2024-09-16T01:31:04.596 INFO:teuthology.orchestra.run.smithi139.stdout:/usr/bin/ceph: stderr
2024-09-16T01:31:03.660+0000 7ff3adacf640 1 -- start start
2024-09-16T01:31:04.596 INFO:teuthology.orchestra.run.smithi139.stdout:/usr/bin/ceph: stderr
2024-09-16T01:31:03.660+0000 7ff3adacf640 1 --2- >> [v2:172.21.15.139:3300/0,v1:172.21.15.139:6789/0] conn(0x7ff3a8105990 0x7ff3a8105d90 unknown :-1 s=NONE pgs=0 cs=0 l=0 rev1=0 crypto rx=0 tx=0 comp rx=0 tx=0).connect
2024-09-16T01:31:04.596 INFO:teuthology.orchestra.run.smithi139.stdout:/usr/bin/ceph: stderr
2024-09-16T01:31:03.660+0000 7ff3adacf640 1 -- --> [v2:172.21.15.139:3300/0,v1:172.21.15.139:6789/0] -- mon_getmap magic: 0 -- 0x7ff3a8106360 con 0x7ff3a8105990
2024-09-16T01:31:04.596 INFO:teuthology.orchestra.run.smithi139.stdout:/usr/bin/ceph: stderr
2024-09-16T01:31:03.660+0000 7ff3a77fe640 1 --2- >> [v2:172.21.15.139:3300/0,v1:172.21.15.139:6789/0] conn(0x7ff3a8105990 0x7ff3a8105d90 unknown :-1 s=BANNER_CONNECTING pgs=0 cs=0 l=0 rev1=0 crypto rx=0 tx=0 comp rx=0 tx=0)._handle_peer_banner_payload supported=3 required=0
2024-09-16T01:31:04.596 INFO:teuthology.orchestra.run.smithi139.stdout:/usr/bin/ceph: stderr
2024-09-16T01:31:03.661+0000 7ff3a77fe640 1 --2- >> [v2:172.21.15.139:3300/0,v1:172.21.15.139:6789/0] conn(0x7ff3a8105990 0x7ff3a8105d90 unknown :-1 s=HELLO_CONNECTING pgs=0 cs=0 l=0 rev1=1 crypto rx=0 tx=0 comp rx=0 tx=0).handle_hello peer v2:172.21.15.139:3300/0 says I am v2:172.21.15.139:60458/0 (socket says 172.21.15.139:60458)
2024-09-16T01:31:04.596 INFO:teuthology.orchestra.run.smithi139.stdout:/usr/bin/ceph: stderr
2024-09-16T01:31:03.661+0000 7ff3a77fe640 1 -- 172.21.15.139:0/1747402050 learned_addr learned my addr 172.21.15.139:0/1747402050 (peer_addr_for_me v2:172.21.15.139:0/0)
2024-09-16T01:31:04.596 INFO:teuthology.orchestra.run.smithi139.stdout:/usr/bin/ceph: stderr
2024-09-16T01:31:03.661+0000 7ff3a77fe640 1 -- 172.21.15.139:0/1747402050 --> [v2:172.21.15.139:3300/0,v1:172.21.15.139:6789/0] -- mon_subscribe({config=0+,monmap=0+}) -- 0x7ff3a8108970 con 0x7ff3a8105990
2024-09-16T01:31:04.596 INFO:teuthology.orchestra.run.smithi139.stdout:/usr/bin/ceph: stderr
2024-09-16T01:31:03.661+0000 7ff3a77fe640 1 --2- 172.21.15.139:0/1747402050 >> [v2:172.21.15.139:3300/0,v1:172.21.15.139:6789/0] conn(0x7ff3a8105990 0x7ff3a8105d90 secure :-1 s=READY pgs=57 cs=0 l=1 rev1=1 crypto rx=0x7ff398009820 tx=0x7ff39802a270 comp rx=0 tx=0).ready entity=mon.0 client_cookie=c90e92a41343ae21 server_cookie=0 in_seq=0 out_seq=0
2024-09-16T01:31:04.597 INFO:teuthology.orchestra.run.smithi139.stdout:/usr/bin/ceph: stderr
2024-09-16T01:31:03.662+0000 7ff3a67fc640 1 -- 172.21.15.139:0/1747402050 <== mon.0 v2:172.21.15.139:3300/0 1 ==== mon_map magic: 0 ==== 205+0+0 (secure 0 0 0) 0x7ff398037070 con 0x7ff3a8105990
2024-09-16T01:31:04.597 INFO:teuthology.orchestra.run.smithi139.stdout:/usr/bin/ceph: stderr
2024-09-16T01:31:03.662+0000 7ff3a67fc640 1 -- 172.21.15.139:0/1747402050 <== mon.0 v2:172.21.15.139:3300/0 2 ==== config(27 keys) ==== 1140+0+0 (secure 0 0 0) 0x7ff398032920 con 0x7ff3a8105990
2024-09-16T01:31:04.597 INFO:teuthology.orchestra.run.smithi139.stdout:/usr/bin/ceph: stderr
2024-09-16T01:31:03.662+0000 7ff3a67fc640 1 -- 172.21.15.139:0/1747402050 <== mon.0 v2:172.21.15.139:3300/0 3 ==== mon_map magic: 0 ==== 205+0+0 (secure 0 0 0) 0x7ff398030810 con 0x7ff3a8105990
2024-09-16T01:31:04.597 INFO:teuthology.orchestra.run.smithi139.stdout:/usr/bin/ceph: stderr
2024-09-16T01:31:03.662+0000 7ff3adacf640 1 -- 172.21.15.139:0/1747402050 >> [v2:172.21.15.139:3300/0,v1:172.21.15.139:6789/0] conn(0x7ff3a8105990 msgr2=0x7ff3a8105d90 secure :-1 s=STATE_CONNECTION_ESTABLISHED l=1).mark_down
2024-09-16T01:31:04.597 INFO:teuthology.orchestra.run.smithi139.stdout:/usr/bin/ceph: stderr
2024-09-16T01:31:03.662+0000 7ff3adacf640 1 --2- 172.21.15.139:0/1747402050 >> [v2:172.21.15.139:3300/0,v1:172.21.15.139:6789/0] conn(0x7ff3a8105990 0x7ff3a8105d90 secure :-1 s=READY pgs=57 cs=0 l=1 rev1=1 crypto rx=0x7ff398009820 tx=0x7ff39802a270 comp rx=0 tx=0).stop
2024-09-16T01:31:04.597 INFO:teuthology.orchestra.run.smithi139.stdout:/usr/bin/ceph: stderr
2024-09-16T01:31:03.662+0000 7ff3adacf640 1 -- 172.21.15.139:0/1747402050 shutdown_connections
2024-09-16T01:31:04.597 INFO:teuthology.orchestra.run.smithi139.stdout:/usr/bin/ceph: stderr
2024-09-16T01:31:03.662+0000 7ff3adacf640 1 --2- 172.21.15.139:0/1747402050 >> [v2:172.21.15.139:3300/0,v1:172.21.15.139:6789/0] conn(0x7ff3a8105990 0x7ff3a8105d90 unknown :-1 s=CLOSED pgs=57 cs=0 l=1 rev1=1 crypto rx=0 tx=0 comp rx=0 tx=0).stop
2024-09-16T01:31:04.597 INFO:teuthology.orchestra.run.smithi139.stdout:/usr/bin/ceph: stderr
2024-09-16T01:31:03.662+0000 7ff3adacf640 1 -- 172.21.15.139:0/1747402050 >> 172.21.15.139:0/1747402050 conn(0x7ff3a81014e0 msgr2=0x7ff3a8103920 unknown :-1 s=STATE_NONE l=0).mark_down
2024-09-16T01:31:04.597 INFO:teuthology.orchestra.run.smithi139.stdout:/usr/bin/ceph: stderr
2024-09-16T01:31:03.662+0000 7ff3adacf640 1 -- 172.21.15.139:0/1747402050 shutdown_connections
2024-09-16T01:31:04.597 INFO:teuthology.orchestra.run.smithi139.stdout:/usr/bin/ceph: stderr
2024-09-16T01:31:03.662+0000 7ff3adacf640 1 -- 172.21.15.139:0/1747402050 wait complete.
2024-09-16T01:31:04.597 INFO:teuthology.orchestra.run.smithi139.stdout:/usr/bin/ceph: stderr
2024-09-16T01:31:03.663+0000 7ff3adacf640 1 Processor -- start
2024-09-16T01:31:04.597 INFO:teuthology.orchestra.run.smithi139.stdout:/usr/bin/ceph: stderr
2024-09-16T01:31:03.663+0000 7ff3adacf640 1 -- start start
2024-09-16T01:31:04.597 INFO:teuthology.orchestra.run.smithi139.stdout:/usr/bin/ceph: stderr
2024-09-16T01:31:03.663+0000 7ff3adacf640 1 --2- >> [v2:172.21.15.139:3300/0,v1:172.21.15.139:6789/0] conn(0x7ff3a8105990 0x7ff3a819b760 unknown :-1 s=NONE pgs=0 cs=0 l=1 rev1=0 crypto rx=0 tx=0 comp rx=0 tx=0).connect
2024-09-16T01:31:04.598 INFO:teuthology.orchestra.run.smithi139.stdout:/usr/bin/ceph: stderr
2024-09-16T01:31:03.663+0000 7ff3adacf640 1 -- --> [v2:172.21.15.139:3300/0,v1:172.21.15.139:6789/0] -- mon_getmap magic: 0 -- 0x7ff3a810bba0 con 0x7ff3a8105990
2024-09-16T01:31:04.598 INFO:teuthology.orchestra.run.smithi139.stdout:/usr/bin/ceph: stderr
2024-09-16T01:31:03.663+0000 7ff3a77fe640 1 --2- >> [v2:172.21.15.139:3300/0,v1:172.21.15.139:6789/0] conn(0x7ff3a8105990 0x7ff3a819b760 unknown :-1 s=BANNER_CONNECTING pgs=0 cs=0 l=1 rev1=0 crypto rx=0 tx=0 comp rx=0 tx=0)._handle_peer_banner_payload supported=3 required=0
2024-09-16T01:31:04.598 INFO:teuthology.orchestra.run.smithi139.stdout:/usr/bin/ceph: stderr
2024-09-16T01:31:03.663+0000 7ff3a77fe640 1 --2- >> [v2:172.21.15.139:3300/0,v1:172.21.15.139:6789/0] conn(0x7ff3a8105990 0x7ff3a819b760 unknown :-1 s=HELLO_CONNECTING pgs=0 cs=0 l=1 rev1=1 crypto rx=0 tx=0 comp rx=0 tx=0).handle_hello peer v2:172.21.15.139:3300/0 says I am v2:172.21.15.139:60474/0 (socket says 172.21.15.139:60474)
2024-09-16T01:31:04.598 INFO:teuthology.orchestra.run.smithi139.stdout:/usr/bin/ceph: stderr
2024-09-16T01:31:03.663+0000 7ff3a77fe640 1 -- 172.21.15.139:0/1634936676 learned_addr learned my addr 172.21.15.139:0/1634936676 (peer_addr_for_me v2:172.21.15.139:0/0)
2024-09-16T01:31:04.598 INFO:teuthology.orchestra.run.smithi139.stdout:/usr/bin/ceph: stderr
2024-09-16T01:31:03.664+0000 7ff3a77fe640 1 -- 172.21.15.139:0/1634936676 --> [v2:172.21.15.139:3300/0,v1:172.21.15.139:6789/0] -- mon_subscribe({config=0+,monmap=0+}) -- 0x7ff3a819bca0 con 0x7ff3a8105990
2024-09-16T01:31:04.598 INFO:teuthology.orchestra.run.smithi139.stdout:/usr/bin/ceph: stderr
2024-09-16T01:31:03.664+0000 7ff3a77fe640 1 --2- 172.21.15.139:0/1634936676 >> [v2:172.21.15.139:3300/0,v1:172.21.15.139:6789/0] conn(0x7ff3a8105990 0x7ff3a819b760 secure :-1 s=READY pgs=58 cs=0 l=1 rev1=1 crypto rx=0x7ff398030560 tx=0x7ff398032670 comp rx=0 tx=0).ready entity=mon.0 client_cookie=0 server_cookie=0 in_seq=0 out_seq=0
2024-09-16T01:31:04.598 INFO:teuthology.orchestra.run.smithi139.stdout:/usr/bin/ceph: stderr
