2024-09-16T01:54:14.613 INFO:teuthology.orchestra.run.smithi038.stdout:/usr/bin/ceph: stderr
2024-09-16T01:54:14.061+0000 7f13e77fe640 1 -- 172.21.15.38:0/2346332126 <== mgr.14118 v2:172.21.15.38:6800/4240034781 1 ==== command_reply(tid 0: 0 ) ==== 8+0+9564 (secure 0 0 0) 0x7f13ec042870 con 0x7f13dc03c8f0
2024-09-16T01:54:14.613 INFO:teuthology.orchestra.run.smithi038.stdout:/usr/bin/ceph: stderr
2024-09-16T01:54:14.068+0000 7f13f84b6640 1 -- 172.21.15.38:0/2346332126 --> [v2:172.21.15.38:6800/4240034781,v1:172.21.15.38:6801/4240034781] -- command(tid 1: {"prefix": "mgr_status"}) -- 0x7f13d4002780 con 0x7f13dc03c8f0
2024-09-16T01:54:14.613 INFO:teuthology.orchestra.run.smithi038.stdout:/usr/bin/ceph: stderr
2024-09-16T01:54:14.069+0000 7f13e77fe640 1 -- 172.21.15.38:0/2346332126 <== mgr.14118 v2:172.21.15.38:6800/4240034781 2 ==== command_reply(tid 1: 0 ) ==== 8+0+51 (secure 0 0 0) 0x7f13d4002780 con 0x7f13dc03c8f0
2024-09-16T01:54:14.613 INFO:teuthology.orchestra.run.smithi038.stdout:/usr/bin/ceph: stderr
2024-09-16T01:54:14.069+0000 7f13f84b6640 1 -- 172.21.15.38:0/2346332126 >> [v2:172.21.15.38:6800/4240034781,v1:172.21.15.38:6801/4240034781] conn(0x7f13dc03c8f0 msgr2=0x7f13dc03ece0 secure :-1 s=STATE_CONNECTION_ESTABLISHED l=1).mark_down
2024-09-16T01:54:14.613 INFO:teuthology.orchestra.run.smithi038.stdout:/usr/bin/ceph: stderr
2024-09-16T01:54:14.069+0000 7f13f84b6640 1 --2- 172.21.15.38:0/2346332126 >> [v2:172.21.15.38:6800/4240034781,v1:172.21.15.38:6801/4240034781] conn(0x7f13dc03c8f0 0x7f13dc03ece0 secure :-1 s=READY pgs=1 cs=0 l=1 rev1=1 crypto rx=0x7f13e0003980 tx=0x7f13e0006e10 comp rx=0 tx=0).stop
2024-09-16T01:54:14.613 INFO:teuthology.orchestra.run.smithi038.stdout:/usr/bin/ceph: stderr
2024-09-16T01:54:14.069+0000 7f13f84b6640 1 -- 172.21.15.38:0/2346332126 >> [v2:172.21.15.38:3300/0,v1:172.21.15.38:6789/0] conn(0x7f13f0108470 msgr2=0x7f13f019dca0 secure :-1 s=STATE_CONNECTION_ESTABLISHED l=1).mark_down
2024-09-16T01:54:14.613 INFO:teuthology.orchestra.run.smithi038.stdout:/usr/bin/ceph: stderr
2024-09-16T01:54:14.069+0000 7f13f84b6640 1 --2- 172.21.15.38:0/2346332126 >> [v2:172.21.15.38:3300/0,v1:172.21.15.38:6789/0] conn(0x7f13f0108470 0x7f13f019dca0 secure :-1 s=READY pgs=27 cs=0 l=1 rev1=1 crypto rx=0x7f13ec009940 tx=0x7f13ec032e60 comp rx=0 tx=0).stop
2024-09-16T01:54:14.613 INFO:teuthology.orchestra.run.smithi038.stdout:/usr/bin/ceph: stderr
2024-09-16T01:54:14.069+0000 7f13f84b6640 1 -- 172.21.15.38:0/2346332126 shutdown_connections
2024-09-16T01:54:14.613 INFO:teuthology.orchestra.run.smithi038.stdout:/usr/bin/ceph: stderr
2024-09-16T01:54:14.069+0000 7f13f84b6640 1 --2- 172.21.15.38:0/2346332126 >> [v2:172.21.15.38:6800/4240034781,v1:172.21.15.38:6801/4240034781] conn(0x7f13dc03c8f0 0x7f13dc03ece0 unknown :-1 s=CLOSED pgs=1 cs=0 l=1 rev1=1 crypto rx=0 tx=0 comp rx=0 tx=0).stop
2024-09-16T01:54:14.613 INFO:teuthology.orchestra.run.smithi038.stdout:/usr/bin/ceph: stderr
2024-09-16T01:54:14.069+0000 7f13f84b6640 1 --2- 172.21.15.38:0/2346332126 >> [v2:172.21.15.38:6800/1386530396,v1:172.21.15.38:6801/1386530396] conn(0x7f13dc0391b0 0x7f13dc03b670 unknown :-1 s=CLOSED pgs=0 cs=0 l=1 rev1=0 crypto rx=0 tx=0 comp rx=0 tx=0).stop
2024-09-16T01:54:14.613 INFO:teuthology.orchestra.run.smithi038.stdout:/usr/bin/ceph: stderr
2024-09-16T01:54:14.069+0000 7f13f84b6640 1 --2- 172.21.15.38:0/2346332126 >> [v2:172.21.15.38:3300/0,v1:172.21.15.38:6789/0] conn(0x7f13f0108470 0x7f13f019dca0 unknown :-1 s=CLOSED pgs=27 cs=0 l=1 rev1=1 crypto rx=0 tx=0 comp rx=0 tx=0).stop
2024-09-16T01:54:14.613 INFO:teuthology.orchestra.run.smithi038.stdout:/usr/bin/ceph: stderr
2024-09-16T01:54:14.069+0000 7f13f84b6640 1 -- 172.21.15.38:0/2346332126 >> 172.21.15.38:0/2346332126 conn(0x7f13f0102010 msgr2=0x7f13f0102ae0 unknown :-1 s=STATE_NONE l=0).mark_down
2024-09-16T01:54:14.613 INFO:teuthology.orchestra.run.smithi038.stdout:/usr/bin/ceph: stderr
2024-09-16T01:54:14.069+0000 7f13f84b6640 1 -- 172.21.15.38:0/2346332126 shutdown_connections
2024-09-16T01:54:14.614 INFO:teuthology.orchestra.run.smithi038.stdout:/usr/bin/ceph: stderr
2024-09-16T01:54:14.069+0000 7f13f84b6640 1 -- 172.21.15.38:0/2346332126 wait complete.
2024-09-16T01:54:14.614 INFO:teuthology.orchestra.run.smithi038.stdout:mgr epoch 5 is available
2024-09-16T01:54:14.614 INFO:teuthology.orchestra.run.smithi038.stdout:Setting orchestrator backend to cephadm...
2024-09-16T01:54:15.352 INFO:journalctl@ceph.mon.a.smithi038.stdout:Sep 16 01:54:15 smithi038 ceph-mon[30943]: from='client.14122 -' entity='client.admin' cmd=[{"prefix": "get_command_descriptions"}]: dispatch
2024-09-16T01:54:15.352 INFO:journalctl@ceph.mon.a.smithi038.stdout:Sep 16 01:54:15 smithi038 ceph-mon[30943]: from='client.14122 -' entity='client.admin' cmd=[{"prefix": "mgr_status"}]: dispatch
2024-09-16T01:54:15.750 INFO:teuthology.orchestra.run.smithi038.stdout:/usr/bin/ceph: stderr
2024-09-16T01:54:14.956+0000 7f27f552b640 1 Processor -- start
2024-09-16T01:54:15.750 INFO:teuthology.orchestra.run.smithi038.stdout:/usr/bin/ceph: stderr
2024-09-16T01:54:14.956+0000 7f27f552b640 1 -- start start
2024-09-16T01:54:15.750 INFO:teuthology.orchestra.run.smithi038.stdout:/usr/bin/ceph: stderr
2024-09-16T01:54:14.956+0000 7f27f552b640 1 --2- >> [v2:172.21.15.38:3300/0,v1:172.21.15.38:6789/0] conn(0x7f27f01084a0 0x7f27f010a890 unknown :-1 s=NONE pgs=0 cs=0 l=0 rev1=0 crypto rx=0 tx=0 comp rx=0 tx=0).connect
2024-09-16T01:54:15.750 INFO:teuthology.orchestra.run.smithi038.stdout:/usr/bin/ceph: stderr
2024-09-16T01:54:14.956+0000 7f27f552b640 1 -- --> [v2:172.21.15.38:3300/0,v1:172.21.15.38:6789/0] -- mon_getmap magic: 0 -- 0x7f27f007be00 con 0x7f27f01084a0
2024-09-16T01:54:15.750 INFO:teuthology.orchestra.run.smithi038.stdout:/usr/bin/ceph: stderr
2024-09-16T01:54:14.957+0000 7f27eeffd640 1 --2- >> [v2:172.21.15.38:3300/0,v1:172.21.15.38:6789/0] conn(0x7f27f01084a0 0x7f27f010a890 unknown :-1 s=BANNER_CONNECTING pgs=0 cs=0 l=0 rev1=0 crypto rx=0 tx=0 comp rx=0 tx=0)._handle_peer_banner_payload supported=3 required=0
2024-09-16T01:54:15.750 INFO:teuthology.orchestra.run.smithi038.stdout:/usr/bin/ceph: stderr
2024-09-16T01:54:14.957+0000 7f27eeffd640 1 --2- >> [v2:172.21.15.38:3300/0,v1:172.21.15.38:6789/0] conn(0x7f27f01084a0 0x7f27f010a890 unknown :-1 s=HELLO_CONNECTING pgs=0 cs=0 l=0 rev1=1 crypto rx=0 tx=0 comp rx=0 tx=0).handle_hello peer v2:172.21.15.38:3300/0 says I am v2:172.21.15.38:60094/0 (socket says 172.21.15.38:60094)
2024-09-16T01:54:15.750 INFO:teuthology.orchestra.run.smithi038.stdout:/usr/bin/ceph: stderr
2024-09-16T01:54:14.957+0000 7f27eeffd640 1 -- 172.21.15.38:0/3860244690 learned_addr learned my addr 172.21.15.38:0/3860244690 (peer_addr_for_me v2:172.21.15.38:0/0)
2024-09-16T01:54:15.750 INFO:teuthology.orchestra.run.smithi038.stdout:/usr/bin/ceph: stderr
2024-09-16T01:54:14.957+0000 7f27eeffd640 1 -- 172.21.15.38:0/3860244690 --> [v2:172.21.15.38:3300/0,v1:172.21.15.38:6789/0] -- mon_subscribe({config=0+,monmap=0+}) -- 0x7f27f010add0 con 0x7f27f01084a0
2024-09-16T01:54:15.750 INFO:teuthology.orchestra.run.smithi038.stdout:/usr/bin/ceph: stderr
2024-09-16T01:54:14.958+0000 7f27eeffd640 1 --2- 172.21.15.38:0/3860244690 >> [v2:172.21.15.38:3300/0,v1:172.21.15.38:6789/0] conn(0x7f27f01084a0 0x7f27f010a890 secure :-1 s=READY pgs=35 cs=0 l=1 rev1=1 crypto rx=0x7f27e0009820 tx=0x7f27e002a270 comp rx=0 tx=0).ready entity=mon.0 client_cookie=7b200b8bfd2dc102 server_cookie=0 in_seq=0 out_seq=0
2024-09-16T01:54:15.750 INFO:teuthology.orchestra.run.smithi038.stdout:/usr/bin/ceph: stderr
2024-09-16T01:54:14.958+0000 7f27ee7fc640 1 -- 172.21.15.38:0/3860244690 <== mon.0 v2:172.21.15.38:3300/0 1 ==== mon_map magic: 0 ==== 205+0+0 (secure 0 0 0) 0x7f27e0037070 con 0x7f27f01084a0
2024-09-16T01:54:15.751 INFO:teuthology.orchestra.run.smithi038.stdout:/usr/bin/ceph: stderr
2024-09-16T01:54:14.958+0000 7f27ee7fc640 1 -- 172.21.15.38:0/3860244690 <== mon.0 v2:172.21.15.38:3300/0 2 ==== config(29 keys) ==== 1178+0+0 (secure 0 0 0) 0x7f27e0032940 con 0x7f27f01084a0
2024-09-16T01:54:15.751 INFO:teuthology.orchestra.run.smithi038.stdout:/usr/bin/ceph: stderr
2024-09-16T01:54:14.958+0000 7f27ee7fc640 1 -- 172.21.15.38:0/3860244690 <== mon.0 v2:172.21.15.38:3300/0 3 ==== mon_map magic: 0 ==== 205+0+0 (secure 0 0 0) 0x7f27e00309c0 con 0x7f27f01084a0
2024-09-16T01:54:15.751 INFO:teuthology.orchestra.run.smithi038.stdout:/usr/bin/ceph: stderr
2024-09-16T01:54:14.958+0000 7f27f552b640 1 -- 172.21.15.38:0/3860244690 >> [v2:172.21.15.38:3300/0,v1:172.21.15.38:6789/0] conn(0x7f27f01084a0 msgr2=0x7f27f010a890 secure :-1 s=STATE_CONNECTION_ESTABLISHED l=1).mark_down
2024-09-16T01:54:15.751 INFO:teuthology.orchestra.run.smithi038.stdout:/usr/bin/ceph: stderr
2024-09-16T01:54:14.958+0000 7f27f552b640 1 --2- 172.21.15.38:0/3860244690 >> [v2:172.21.15.38:3300/0,v1:172.21.15.38:6789/0] conn(0x7f27f01084a0 0x7f27f010a890 secure :-1 s=READY pgs=35 cs=0 l=1 rev1=1 crypto rx=0x7f27e0009820 tx=0x7f27e002a270 comp rx=0 tx=0).stop
2024-09-16T01:54:15.751 INFO:teuthology.orchestra.run.smithi038.stdout:/usr/bin/ceph: stderr
2024-09-16T01:54:14.958+0000 7f27f552b640 1 -- 172.21.15.38:0/3860244690 shutdown_connections
2024-09-16T01:54:15.751 INFO:teuthology.orchestra.run.smithi038.stdout:/usr/bin/ceph: stderr
2024-09-16T01:54:14.958+0000 7f27f552b640 1 --2- 172.21.15.38:0/3860244690 >> [v2:172.21.15.38:3300/0,v1:172.21.15.38:6789/0] conn(0x7f27f01084a0 0x7f27f010a890 unknown :-1 s=CLOSED pgs=35 cs=0 l=1 rev1=1 crypto rx=0 tx=0 comp rx=0 tx=0).stop
2024-09-16T01:54:15.751 INFO:teuthology.orchestra.run.smithi038.stdout:/usr/bin/ceph: stderr
2024-09-16T01:54:14.958+0000 7f27f552b640 1 -- 172.21.15.38:0/3860244690 >> 172.21.15.38:0/3860244690 conn(0x7f27f0102080 msgr2=0x7f27f01044a0 unknown :-1 s=STATE_NONE l=0).mark_down
2024-09-16T01:54:15.751 INFO:teuthology.orchestra.run.smithi038.stdout:/usr/bin/ceph: stderr
2024-09-16T01:54:14.959+0000 7f27f552b640 1 -- 172.21.15.38:0/3860244690 shutdown_connections
2024-09-16T01:54:15.751 INFO:teuthology.orchestra.run.smithi038.stdout:/usr/bin/ceph: stderr
2024-09-16T01:54:14.959+0000 7f27f552b640 1 -- 172.21.15.38:0/3860244690 wait complete.
2024-09-16T01:54:15.751 INFO:teuthology.orchestra.run.smithi038.stdout:/usr/bin/ceph: stderr
2024-09-16T01:54:14.959+0000 7f27f552b640 1 Processor -- start
2024-09-16T01:54:15.751 INFO:teuthology.orchestra.run.smithi038.stdout:/usr/bin/ceph: stderr
2024-09-16T01:54:14.959+0000 7f27f552b640 1 -- start start
2024-09-16T01:54:15.751 INFO:teuthology.orchestra.run.smithi038.stdout:/usr/bin/ceph: stderr
2024-09-16T01:54:14.959+0000 7f27f552b640 1 --2- >> [v2:172.21.15.38:3300/0,v1:172.21.15.38:6789/0] conn(0x7f27f01084a0 0x7f27f0107d20 unknown :-1 s=NONE pgs=0 cs=0 l=1 rev1=0 crypto rx=0 tx=0 comp rx=0 tx=0).connect
2024-09-16T01:54:15.751 INFO:teuthology.orchestra.run.smithi038.stdout:/usr/bin/ceph: stderr
2024-09-16T01:54:14.959+0000 7f27f552b640 1 -- --> [v2:172.21.15.38:3300/0,v1:172.21.15.38:6789/0] -- mon_getmap magic: 0 -- 0x7f27f010be00 con 0x7f27f01084a0
2024-09-16T01:54:15.752 INFO:teuthology.orchestra.run.smithi038.stdout:/usr/bin/ceph: stderr
2024-09-16T01:54:14.959+0000 7f27eeffd640 1 --2- >> [v2:172.21.15.38:3300/0,v1:172.21.15.38:6789/0] conn(0x7f27f01084a0 0x7f27f0107d20 unknown :-1 s=BANNER_CONNECTING pgs=0 cs=0 l=1 rev1=0 crypto rx=0 tx=0 comp rx=0 tx=0)._handle_peer_banner_payload supported=3 required=0
2024-09-16T01:54:15.752 INFO:teuthology.orchestra.run.smithi038.stdout:/usr/bin/ceph: stderr
2024-09-16T01:54:14.959+0000 7f27eeffd640 1 --2- >> [v2:172.21.15.38:3300/0,v1:172.21.15.38:6789/0] conn(0x7f27f01084a0 0x7f27f0107d20 unknown :-1 s=HELLO_CONNECTING pgs=0 cs=0 l=1 rev1=1 crypto rx=0 tx=0 comp rx=0 tx=0).handle_hello peer v2:172.21.15.38:3300/0 says I am v2:172.21.15.38:60108/0 (socket says 172.21.15.38:60108)
2024-09-16T01:54:15.752 INFO:teuthology.orchestra.run.smithi038.stdout:/usr/bin/ceph: stderr
2024-09-16T01:54:14.959+0000 7f27eeffd640 1 -- 172.21.15.38:0/917958245 learned_addr learned my addr 172.21.15.38:0/917958245 (peer_addr_for_me v2:172.21.15.38:0/0)
2024-09-16T01:54:15.752 INFO:teuthology.orchestra.run.smithi038.stdout:/usr/bin/ceph: stderr
2024-09-16T01:54:14.960+0000 7f27eeffd640 1 -- 172.21.15.38:0/917958245 --> [v2:172.21.15.38:3300/0,v1:172.21.15.38:6789/0] -- mon_subscribe({config=0+,monmap=0+}) -- 0x7f27f0108260 con 0x7f27f01084a0
2024-09-16T01:54:15.752 INFO:teuthology.orchestra.run.smithi038.stdout:/usr/bin/ceph: stderr
2024-09-16T01:54:14.960+0000 7f27eeffd640 1 --2- 172.21.15.38:0/917958245 >> [v2:172.21.15.38:3300/0,v1:172.21.15.38:6789/0] conn(0x7f27f01084a0 0x7f27f0107d20 secure :-1 s=READY pgs=36 cs=0 l=1 rev1=1 crypto rx=0x7f27e0009940 tx=0x7f27e0032e60 comp rx=0 tx=0).ready entity=mon.0 client_cookie=0 server_cookie=0 in_seq=0 out_seq=0
2024-09-16T01:54:15.752 INFO:teuthology.orchestra.run.smithi038.stdout:/usr/bin/ceph: stderr
2024-09-16T01:54:14.960+0000 7f27ecff9640 1 -- 172.21.15.38:0/917958245 <== mon.0 v2:172.21.15.38:3300/0 1 ==== mon_map magic: 0 ==== 205+0+0 (secure 0 0 0) 0x7f27e0042070 con 0x7f27f01084a0
2024-09-16T01:54:15.752 INFO:teuthology.orchestra.run.smithi038.stdout:/usr/bin/ceph: stderr
2024-09-16T01:54:14.960+0000 7f27ecff9640 1 -- 172.21.15.38:0/917958245 <== mon.0 v2:172.21.15.38:3300/0 2 ==== config(29 keys) ==== 1178+0+0 (secure 0 0 0) 0x7f27e00326b0 con 0x7f27f01084a0
2024-09-16T01:54:15.752 INFO:teuthology.orchestra.run.smithi038.stdout:/usr/bin/ceph: stderr
2024-09-16T01:54:14.960+0000 7f27f552b640 1 -- 172.21.15.38:0/917958245 --> [v2:172.21.15.38:3300/0,v1:172.21.15.38:6789/0] -- mon_subscribe({mgrmap=0+}) -- 0x7f27f0106450 con 0x7f27f01084a0
2024-09-16T01:54:15.752 INFO:teuthology.orchestra.run.smithi038.stdout:/usr/bin/ceph: stderr
2024-09-16T01:54:14.960+0000 7f27ecff9640 1 -- 172.21.15.38:0/917958245 <== mon.0 v2:172.21.15.38:3300/0 3 ==== mon_map magic: 0 ==== 205+0+0 (secure 0 0 0) 0x7f27e0037040 con 0x7f27f01084a0
2024-09-16T01:54:15.752 INFO:teuthology.orchestra.run.smithi038.stdout:/usr/bin/ceph: stderr
2024-09-16T01:54:14.960+0000 7f27f552b640 1 -- 172.21.15.38:0/917958245 --> [v2:172.21.15.38:3300/0,v1:172.21.15.38:6789/0] -- mon_subscribe({osdmap=0}) -- 0x7f27f0106990 con 0x7f27f01084a0
2024-09-16T01:54:15.752 INFO:teuthology.orchestra.run.smithi038.stdout:/usr/bin/ceph: stderr
2024-09-16T01:54:14.961+0000 7f27ecff9640 1 -- 172.21.15.38:0/917958245 <== mon.0 v2:172.21.15.38:3300/0 4 ==== mgrmap(e 7) ==== 46355+0+0 (secure 0 0 0) 0x7f27e0045070 con 0x7f27f01084a0
2024-09-16T01:54:15.752 INFO:teuthology.orchestra.run.smithi038.stdout:/usr/bin/ceph: stderr
2024-09-16T01:54:14.961+0000 7f27f552b640 1 -- 172.21.15.38:0/917958245 --> [v2:172.21.15.38:3300/0,v1:172.21.15.38:6789/0] -- mon_command({"prefix": "get_command_descriptions"} v 0) -- 0x7f27f0108900 con 0x7f27f01084a0
2024-09-16T01:54:15.752 INFO:teuthology.orchestra.run.smithi038.stdout:/usr/bin/ceph: stderr
2024-09-16T01:54:14.961+0000 7f27ecff9640 1 --2- 172.21.15.38:0/917958245 >> [v2:172.21.15.38:6800/4240034781,v1:172.21.15.38:6801/4240034781] conn(0x7f27dc0390f0 0x7f27dc03b5b0 unknown :-1 s=NONE pgs=0 cs=0 l=1 rev1=0 crypto rx=0 tx=0 comp rx=0 tx=0).connect
2024-09-16T01:54:15.753 INFO:teuthology.orchestra.run.smithi038.stdout:/usr/bin/ceph: stderr
2024-09-16T01:54:14.961+0000 7f27ecff9640 1 -- 172.21.15.38:0/917958245 <== mon.0 v2:172.21.15.38:3300/0 5 ==== osd_map(2..2 src has 1..2) ==== 940+0+0 (secure 0 0 0) 0x7f27e006c190 con 0x7f27f01084a0
2024-09-16T01:54:15.753 INFO:teuthology.orchestra.run.smithi038.stdout:/usr/bin/ceph: stderr
2024-09-16T01:54:14.961+0000 7f27e7fff640 1 --2- 172.21.15.38:0/917958245 >> [v2:172.21.15.38:6800/4240034781,v1:172.21.15.38:6801/4240034781] conn(0x7f27dc0390f0 0x7f27dc03b5b0 unknown :-1 s=BANNER_CONNECTING pgs=0 cs=0 l=1 rev1=0 crypto rx=0 tx=0 comp rx=0 tx=0)._handle_peer_banner_payload supported=3 required=0
2024-09-16T01:54:15.753 INFO:teuthology.orchestra.run.smithi038.stdout:/usr/bin/ceph: stderr
2024-09-16T01:54:14.962+0000 7f27e7fff640 1 --2- 172.21.15.38:0/917958245 >> [v2:172.21.15.38:6800/4240034781,v1:172.21.15.38:6801/4240034781] conn(0x7f27dc0390f0 0x7f27dc03b5b0 secure :-1 s=READY pgs=7 cs=0 l=1 rev1=1 crypto rx=0x7f27d80098c0 tx=0x7f27d8006db0 comp rx=0 tx=0).ready entity=mgr.14118 client_cookie=0 server_cookie=0 in_seq=0 out_seq=0
2024-09-16T01:54:15.753 INFO:teuthology.orchestra.run.smithi038.stdout:/usr/bin/ceph: stderr
2024-09-16T01:54:14.967+0000 7f27ecff9640 1 -- 172.21.15.38:0/917958245 <== mon.0 v2:172.21.15.38:3300/0 6 ==== mon_command_ack([{"prefix": "get_command_descriptions"}]=0 v0) ==== 72+0+188821 (secure 0 0 0) 0x7f27e003cd40 con 0x7f27f01084a0
2024-09-16T01:54:15.753 INFO:teuthology.orchestra.run.smithi038.stdout:/usr/bin/ceph: stderr
2024-09-16T01:54:15.115+0000 7f27ecff9640 1 -- 172.21.15.38:0/917958245 <== mon.0 v2:172.21.15.38:3300/0 7 ==== mgrmap(e 8) ==== 46461+0+0 (secure 0 0 0) 0x7f27e003c870 con 0x7f27f01084a0
2024-09-16T01:54:15.753 INFO:teuthology.orchestra.run.smithi038.stdout:/usr/bin/ceph: stderr
2024-09-16T01:54:15.158+0000 7f27f552b640 1 -- 172.21.15.38:0/917958245 --> [v2:172.21.15.38:6800/4240034781,v1:172.21.15.38:6801/4240034781] -- mgr_command(tid 0: {"prefix": "orch set backend", "module_name": "cephadm", "target": ["mon-mgr", ""]}) -- 0x7f27f0107240 con 0x7f27dc0390f0
2024-09-16T01:54:15.753 INFO:teuthology.orchestra.run.smithi038.stdout:/usr/bin/ceph: stderr
2024-09-16T01:54:15.163+0000 7f27ecff9640 1 -- 172.21.15.38:0/917958245 <== mgr.14118 v2:172.21.15.38:6800/4240034781 1 ==== mgr_command_reply(tid 0: 0 ) ==== 8+0+0 (secure 0 0 0) 0x7f27f0107240 con 0x7f27dc0390f0
2024-09-16T01:54:15.753 INFO:teuthology.orchestra.run.smithi038.stdout:/usr/bin/ceph: stderr
2024-09-16T01:54:15.166+0000 7f27f552b640 1 -- 172.21.15.38:0/917958245 >> [v2:172.21.15.38:6800/4240034781,v1:172.21.15.38:6801/4240034781] conn(0x7f27dc0390f0 msgr2=0x7f27dc03b5b0 secure :-1 s=STATE_CONNECTION_ESTABLISHED l=1).mark_down
2024-09-16T01:54:15.753 INFO:teuthology.orchestra.run.smithi038.stdout:/usr/bin/ceph: stderr
2024-09-16T01:54:15.166+0000 7f27f552b640 1 --2- 172.21.15.38:0/917958245 >> [v2:172.21.15.38:6800/4240034781,v1:172.21.15.38:6801/4240034781] conn(0x7f27dc0390f0 0x7f27dc03b5b0 secure :-1 s=READY pgs=7 cs=0 l=1 rev1=1 crypto rx=0x7f27d80098c0 tx=0x7f27d8006db0 comp rx=0 tx=0).stop
2024-09-16T01:54:15.753 INFO:teuthology.orchestra.run.smithi038.stdout:/usr/bin/ceph: stderr
2024-09-16T01:54:15.166+0000 7f27f552b640 1 -- 172.21.15.38:0/917958245 >> [v2:172.21.15.38:3300/0,v1:172.21.15.38:6789/0] conn(0x7f27f01084a0 msgr2=0x7f27f0107d20 secure :-1 s=STATE_CONNECTION_ESTABLISHED l=1).mark_down
2024-09-16T01:54:15.753 INFO:teuthology.orchestra.run.smithi038.stdout:/usr/bin/ceph: stderr
2024-09-16T01:54:15.166+0000 7f27f552b640 1 --2- 172.21.15.38:0/917958245 >> [v2:172.21.15.38:3300/0,v1:172.21.15.38:6789/0] conn(0x7f27f01084a0 0x7f27f0107d20 secure :-1 s=READY pgs=36 cs=0 l=1 rev1=1 crypto rx=0x7f27e0009940 tx=0x7f27e0032e60 comp rx=0 tx=0).stop
2024-09-16T01:54:15.753 INFO:teuthology.orchestra.run.smithi038.stdout:/usr/bin/ceph: stderr
2024-09-16T01:54:15.166+0000 7f27f552b640 1 -- 172.21.15.38:0/917958245 shutdown_connections
2024-09-16T01:54:15.753 INFO:teuthology.orchestra.run.smithi038.stdout:/usr/bin/ceph: stderr
2024-09-16T01:54:15.166+0000 7f27f552b640 1 --2- 172.21.15.38:0/917958245 >> [v2:172.21.15.38:6800/4240034781,v1:172.21.15.38:6801/4240034781] conn(0x7f27dc0390f0 0x7f27dc03b5b0 unknown :-1 s=CLOSED pgs=7 cs=0 l=1 rev1=1 crypto rx=0 tx=0 comp rx=0 tx=0).stop
2024-09-16T01:54:15.754 INFO:teuthology.orchestra.run.smithi038.stdout:/usr/bin/ceph: stderr
2024-09-16T01:54:15.166+0000 7f27f552b640 1 --2- 172.21.15.38:0/917958245 >> [v2:172.21.15.38:3300/0,v1:172.21.15.38:6789/0] conn(0x7f27f01084a0 0x7f27f0107d20 unknown :-1 s=CLOSED pgs=36 cs=0 l=1 rev1=1 crypto rx=0 tx=0 comp rx=0 tx=0).stop
2024-09-16T01:54:15.754 INFO:teuthology.orchestra.run.smithi038.stdout:/usr/bin/ceph: stderr
2024-09-16T01:54:15.166+0000 7f27f552b640 1 -- 172.21.15.38:0/917958245 >> 172.21.15.38:0/917958245 conn(0x7f27f0102080 msgr2=0x7f27f0102c00 unknown :-1 s=STATE_NONE l=0).mark_down
2024-09-16T01:54:15.754 INFO:teuthology.orchestra.run.smithi038.stdout:/usr/bin/ceph: stderr
2024-09-16T01:54:15.166+0000 7f27f552b640 1 -- 172.21.15.38:0/917958245 shutdown_connections
2024-09-16T01:54:15.754 INFO:teuthology.orchestra.run.smithi038.stdout:/usr/bin/ceph: stderr
2024-09-16T01:54:15.166+0000 7f27f552b640 1 -- 172.21.15.38:0/917958245 wait complete.
2024-09-16T01:54:16.028 INFO:journalctl@ceph.mgr.x.smithi038.stdout:Sep 16 01:54:15 smithi038 ceph-5f046612-73ce-11ef-bceb-c7b262605968-mgr-x[31168]:
2024-09-16T01:54:15.749+0000 7f8df6f26640 -1 log_channel(cephadm) log [ERR] : [16/Sep/2024:01:54:15] ENGINE Error in HTTPServer.serve
2024-09-16T01:54:16.028 INFO:journalctl@ceph.mgr.x.smithi038.stdout:Sep 16 01:54:15 smithi038 ceph-5f046612-73ce-11ef-bceb-c7b262605968-mgr-x[31168]: Traceback (most recent call last):
2024-09-16T01:54:16.028 INFO:journalctl@ceph.mgr.x.smithi038.stdout:Sep 16 01:54:15 smithi038 ceph-5f046612-73ce-11ef-bceb-c7b262605968-mgr-x[31168]: File "/lib/python3.9/site-packages/cheroot/server.py", line 1823, in serve
2024-09-16T01:54:16.028 INFO:journalctl@ceph.mgr.x.smithi038.stdout:Sep 16 01:54:15 smithi038 ceph-5f046612-73ce-11ef-bceb-c7b262605968-mgr-x[31168]: self._connections.run(self.expiration_interval)
2024-09-16T01:54:16.028 INFO:journalctl@ceph.mgr.x.smithi038.stdout:Sep 16 01:54:15 smithi038 ceph-5f046612-73ce-11ef-bceb-c7b262605968-mgr-x[31168]: File "/lib/python3.9/site-packages/cheroot/connections.py", line 203, in run
2024-09-16T01:54:16.028 INFO:journalctl@ceph.mgr.x.smithi038.stdout:Sep 16 01:54:15 smithi038 ceph-5f046612-73ce-11ef-bceb-c7b262605968-mgr-x[31168]: self._run(expiration_interval)
2024-09-16T01:54:16.028 INFO:journalctl@ceph.mgr.x.smithi038.stdout:Sep 16 01:54:15 smithi038 ceph-5f046612-73ce-11ef-bceb-c7b262605968-mgr-x[31168]: File "/lib/python3.9/site-packages/cheroot/connections.py", line 246, in _run
2024-09-16T01:54:16.028 INFO:journalctl@ceph.mgr.x.smithi038.stdout:Sep 16 01:54:15 smithi038 ceph-5f046612-73ce-11ef-bceb-c7b262605968-mgr-x[31168]: new_conn = self._from_server_socket(self.server.socket)
2024-09-16T01:54:16.028 INFO:journalctl@ceph.mgr.x.smithi038.stdout:Sep 16 01:54:15 smithi038 ceph-5f046612-73ce-11ef-bceb-c7b262605968-mgr-x[31168]: File "/lib/python3.9/site-packages/cheroot/connections.py", line 300, in _from_server_socket
2024-09-16T01:54:16.029 INFO:journalctl@ceph.mgr.x.smithi038.stdout:Sep 16 01:54:15 smithi038 ceph-5f046612-73ce-11ef-bceb-c7b262605968-mgr-x[31168]: s, ssl_env = self.server.ssl_adapter.wrap(s)
2024-09-16T01:54:16.029 INFO:journalctl@ceph.mgr.x.smithi038.stdout:Sep 16 01:54:15 smithi038 ceph-5f046612-73ce-11ef-bceb-c7b262605968-mgr-x[31168]: File "/lib/python3.9/site-packages/cheroot/ssl/builtin.py", line 277, in wrap
2024-09-16T01:54:16.029 INFO:journalctl@ceph.mgr.x.smithi038.stdout:Sep 16 01:54:15 smithi038 ceph-5f046612-73ce-11ef-bceb-c7b262605968-mgr-x[31168]: s = self.context.wrap_socket(
2024-09-16T01:54:16.029 INFO:journalctl@ceph.mgr.x.smithi038.stdout:Sep 16 01:54:15 smithi038 ceph-5f046612-73ce-11ef-bceb-c7b262605968-mgr-x[31168]: File "/lib64/python3.9/ssl.py", line 501, in wrap_socket
2024-09-16T01:54:16.029 INFO:journalctl@ceph.mgr.x.smithi038.stdout:Sep 16 01:54:15 smithi038 ceph-5f046612-73ce-11ef-bceb-c7b262605968-mgr-x[31168]: return self.sslsocket_class._create(
2024-09-16T01:54:16.029 INFO:journalctl@ceph.mgr.x.smithi038.stdout:Sep 16 01:54:15 smithi038 ceph-5f046612-73ce-11ef-bceb-c7b262605968-mgr-x[31168]: File "/lib64/python3.9/ssl.py", line 1074, in _create
2024-09-16T01:54:16.029 INFO:journalctl@ceph.mgr.x.smithi038.stdout:Sep 16 01:54:15 smithi038 ceph-5f046612-73ce-11ef-bceb-c7b262605968-mgr-x[31168]: self.do_handshake()
2024-09-16T01:54:16.029 INFO:journalctl@ceph.mgr.x.smithi038.stdout:Sep 16 01:54:15 smithi038 ceph-5f046612-73ce-11ef-bceb-c7b262605968-mgr-x[31168]: File "/lib64/python3.9/ssl.py", line 1343, in do_handshake
2024-09-16T01:54:16.029 INFO:journalctl@ceph.mgr.x.smithi038.stdout:Sep 16 01:54:15 smithi038 ceph-5f046612-73ce-11ef-bceb-c7b262605968-mgr-x[31168]: self._sslobj.do_handshake()
2024-09-16T01:54:16.029 INFO:journalctl@ceph.mgr.x.smithi038.stdout:Sep 16 01:54:15 smithi038 ceph-5f046612-73ce-11ef-bceb-c7b262605968-mgr-x[31168]: ssl.SSLZeroReturnError: TLS/SSL connection has been closed (EOF) (_ssl.c:1133)
2024-09-16T01:54:16.029 INFO:journalctl@ceph.mgr.x.smithi038.stdout:Sep 16 01:54:15 smithi038 ceph-5f046612-73ce-11ef-bceb-c7b262605968-mgr-x[31168]:
2024-09-16T01:54:16.299 INFO:journalctl@ceph.mon.a.smithi038.stdout:Sep 16 01:54:16 smithi038 ceph-mon[30943]: mgrmap e8: x(active, since 2s)
2024-09-16T01:54:16.300 INFO:journalctl@ceph.mon.a.smithi038.stdout:Sep 16 01:54:16 smithi038 ceph-mon[30943]: from='client.14130 -' entity='client.admin' cmd=[{"prefix": "orch set backend", "module_name": "cephadm", "target": ["mon-mgr", ""]}]: dispatch
2024-09-16T01:54:16.300 INFO:journalctl@ceph.mon.a.smithi038.stdout:Sep 16 01:54:16 smithi038 ceph-mon[30943]: from='mgr.14118 172.21.15.38:0/4025733230' entity='mgr.x'
2024-09-16T01:54:16.300 INFO:journalctl@ceph.mon.a.smithi038.stdout:Sep 16 01:54:16 smithi038 ceph-mon[30943]: from='mgr.14118 172.21.15.38:0/4025733230' entity='mgr.x' cmd=[{"prefix": "config dump", "format": "json"}]: dispatch
2024-09-16T01:54:16.300 INFO:journalctl@ceph.mon.a.smithi038.stdout:Sep 16 01:54:16 smithi038 ceph-mon[30943]: [16/Sep/2024:01:54:15] ENGINE Bus STARTING
2024-09-16T01:54:16.300 INFO:journalctl@ceph.mon.a.smithi038.stdout:Sep 16 01:54:16 smithi038 ceph-mon[30943]: [16/Sep/2024:01:54:15] ENGINE Serving on http://172.21.15.38:8765
2024-09-16T01:54:16.300 INFO:journalctl@ceph.mon.a.smithi038.stdout:Sep 16 01:54:16 smithi038 ceph-mon[30943]: [16/Sep/2024:01:54:15] ENGINE Serving on https://172.21.15.38:7150
2024-09-16T01:54:16.300 INFO:journalctl@ceph.mon.a.smithi038.stdout:Sep 16 01:54:16 smithi038 ceph-mon[30943]: [16/Sep/2024:01:54:15] ENGINE Bus STARTED
2024-09-16T01:54:16.300 INFO:journalctl@ceph.mon.a.smithi038.stdout:Sep 16 01:54:16 smithi038 ceph-mon[30943]: from='mgr.14118 172.21.15.38:0/4025733230' entity='mgr.x' cmd=[{"prefix": "config dump", "format": "json"}]: dispatch
2024-09-16T01:54:16.300 INFO:journalctl@ceph.mon.a.smithi038.stdout:Sep 16 01:54:16 smithi038 ceph-mon[30943]: [16/Sep/2024:01:54:15] ENGINE Error in HTTPServer.serve
2024-09-16T01:54:16.300 INFO:journalctl@ceph.mon.a.smithi038.stdout: Traceback (most recent call last):
2024-09-16T01:54:16.300 INFO:journalctl@ceph.mon.a.smithi038.stdout: File "/lib/python3.9/site-packages/cheroot/server.py", line 1823, in serve
2024-09-16T01:54:16.300 INFO:journalctl@ceph.mon.a.smithi038.stdout: self._connections.run(self.expiration_interval)
2024-09-16T01:54:16.300 INFO:journalctl@ceph.mon.a.smithi038.stdout: File "/lib/python3.9/site-packages/cheroot/connections.py", line 203, in run
2024-09-16T01:54:16.301 INFO:journalctl@ceph.mon.a.smithi038.stdout: self._run(expiration_interval)
2024-09-16T01:54:16.301 INFO:journalctl@ceph.mon.a.smithi038.stdout: File "/lib/python3.9/site-packages/cheroot/connections.py", line 246, in _run
2024-09-16T01:54:16.301 INFO:journalctl@ceph.mon.a.smithi038.stdout: new_conn = self._from_server_socket(self.server.socket)
2024-09-16T01:54:16.301 INFO:journalctl@ceph.mon.a.smithi038.stdout: File "/lib/python3.9/site-packages/cheroot/connections.py", line 300, in _from_server_socket
2024-09-16T01:54:16.301 INFO:journalctl@ceph.mon.a.smithi038.stdout: s, ssl_env = self.server.ssl_adapter.wrap(s)
2024-09-16T01:54:16.301 INFO:journalctl@ceph.mon.a.smithi038.stdout: File "/lib/python3.9/site-packages/cheroot/ssl/builtin.py", line 277, in wrap
2024-09-16T01:54:16.301 INFO:journalctl@ceph.mon.a.smithi038.stdout: s = self.context.wrap_socket(
2024-09-16T01:54:16.301 INFO:journalctl@ceph.mon.a.smithi038.stdout: File "/lib64/python3.9/ssl.py", line 501, in wrap_socket
2024-09-16T01:54:16.301 INFO:journalctl@ceph.mon.a.smithi038.stdout: return self.sslsocket_class._create(
2024-09-16T01:54:16.301 INFO:journalctl@ceph.mon.a.smithi038.stdout: File "/lib64/python3.9/ssl.py", line 1074, in _create
2024-09-16T01:54:16.301 INFO:journalctl@ceph.mon.a.smithi038.stdout: self.do_handshake()
2024-09-16T01:54:16.301 INFO:journalctl@ceph.mon.a.smithi038.stdout: File "/lib64/python3.9/ssl.py", line 1343, in do_handshake
2024-09-16T01:54:16.301 INFO:journalctl@ceph.mon.a.smithi038.stdout: self._sslobj.do_handshake()
2024-09-16T01:54:16.301 INFO:journalctl@ceph.mon.a.smithi038.stdout: ssl.SSLZeroReturnError: TLS/SSL connection has been closed (EOF) (_ssl.c:1133)
2024-09-16T01:54:16.880 INFO:teuthology.orchestra.run.smithi038.stdout:/usr/bin/ceph: stdout value unchanged
2024-09-16T01:54:16.881 INFO:teuthology.orchestra.run.smithi038.stdout:/usr/bin/ceph: stderr
2024-09-16T01:54:16.106+0000 7f1ba7541640 1 Processor -- start
2024-09-16T01:54:16.881 INFO:teuthology.orchestra.run.smithi038.stdout:/usr/bin/ceph: stderr
2024-09-16T01:54:16.106+0000 7f1ba7541640 1 -- start start
2024-09-16T01:54:16.881 INFO:teuthology.orchestra.run.smithi038.stdout:/usr/bin/ceph: stderr
2024-09-16T01:54:16.107+0000 7f1ba7541640 1 --2- >> [v2:172.21.15.38:3300/0,v1:172.21.15.38:6789/0] conn(0x7f1ba007c2d0 0x7f1ba007c6d0 unknown :-1 s=NONE pgs=0 cs=0 l=0 rev1=0 crypto rx=0 tx=0 comp rx=0 tx=0).connect
2024-09-16T01:54:16.881 INFO:teuthology.orchestra.run.smithi038.stdout:/usr/bin/ceph: stderr
2024-09-16T01:54:16.107+0000 7f1ba7541640 1 -- --> [v2:172.21.15.38:3300/0,v1:172.21.15.38:6789/0] -- mon_getmap magic: 0 -- 0x7f1ba007e000 con 0x7f1ba007c2d0
2024-09-16T01:54:16.881 INFO:teuthology.orchestra.run.smithi038.stdout:/usr/bin/ceph: stderr
2024-09-16T01:54:16.107+0000 7f1ba52dd640 1 --2- >> [v2:172.21.15.38:3300/0,v1:172.21.15.38:6789/0] conn(0x7f1ba007c2d0 0x7f1ba007c6d0 unknown :-1 s=BANNER_CONNECTING pgs=0 cs=0 l=0 rev1=0 crypto rx=0 tx=0 comp rx=0 tx=0)._handle_peer_banner_payload supported=3 required=0
2024-09-16T01:54:16.881 INFO:teuthology.orchestra.run.smithi038.stdout:/usr/bin/ceph: stderr
2024-09-16T01:54:16.107+0000 7f1ba52dd640 1 --2- >> [v2:172.21.15.38:3300/0,v1:172.21.15.38:6789/0] conn(0x7f1ba007c2d0 0x7f1ba007c6d0 unknown :-1 s=HELLO_CONNECTING pgs=0 cs=0 l=0 rev1=1 crypto rx=0 tx=0 comp rx=0 tx=0).handle_hello peer v2:172.21.15.38:3300/0 says I am v2:172.21.15.38:60112/0 (socket says 172.21.15.38:60112)
2024-09-16T01:54:16.881 INFO:teuthology.orchestra.run.smithi038.stdout:/usr/bin/ceph: stderr
2024-09-16T01:54:16.107+0000 7f1ba52dd640 1 -- 172.21.15.38:0/1620500984 learned_addr learned my addr 172.21.15.38:0/1620500984 (peer_addr_for_me v2:172.21.15.38:0/0)
2024-09-16T01:54:16.881 INFO:teuthology.orchestra.run.smithi038.stdout:/usr/bin/ceph: stderr
2024-09-16T01:54:16.107+0000 7f1ba52dd640 1 -- 172.21.15.38:0/1620500984 --> [v2:172.21.15.38:3300/0,v1:172.21.15.38:6789/0] -- mon_subscribe({config=0+,monmap=0+}) -- 0x7f1ba007cc10 con 0x7f1ba007c2d0
2024-09-16T01:54:16.881 INFO:teuthology.orchestra.run.smithi038.stdout:/usr/bin/ceph: stderr
2024-09-16T01:54:16.108+0000 7f1ba52dd640 1 --2- 172.21.15.38:0/1620500984 >> [v2:172.21.15.38:3300/0,v1:172.21.15.38:6789/0] conn(0x7f1ba007c2d0 0x7f1ba007c6d0 secure :-1 s=READY pgs=37 cs=0 l=1 rev1=1 crypto rx=0x7f1b9c009820 tx=0x7f1b9c02a270 comp rx=0 tx=0).ready entity=mon.0 client_cookie=1be49ce60c602fc server_cookie=0 in_seq=0 out_seq=0
2024-09-16T01:54:16.881 INFO:teuthology.orchestra.run.smithi038.stdout:/usr/bin/ceph: stderr
2024-09-16T01:54:16.108+0000 7f1b97fff640 1 -- 172.21.15.38:0/1620500984 <== mon.0 v2:172.21.15.38:3300/0 1 ==== mon_map magic: 0 ==== 205+0+0 (secure 0 0 0) 0x7f1b9c037070 con 0x7f1ba007c2d0
2024-09-16T01:54:16.881 INFO:teuthology.orchestra.run.smithi038.stdout:/usr/bin/ceph: stderr
2024-09-16T01:54:16.108+0000 7f1b97fff640 1 -- 172.21.15.38:0/1620500984 <== mon.0 v2:172.21.15.38:3300/0 2 ==== config(29 keys) ==== 1178+0+0 (secure 0 0 0) 0x7f1b9c032940 con 0x7f1ba007c2d0
2024-09-16T01:54:16.882 INFO:teuthology.orchestra.run.smithi038.stdout:/usr/bin/ceph: stderr
2024-09-16T01:54:16.108+0000 7f1b97fff640 1 -- 172.21.15.38:0/1620500984 <== mon.0 v2:172.21.15.38:3300/0 3 ==== mon_map magic: 0 ==== 205+0+0 (secure 0 0 0) 0x7f1b9c0309c0 con 0x7f1ba007c2d0
2024-09-16T01:54:16.882 INFO:teuthology.orchestra.run.smithi038.stdout:/usr/bin/ceph: stderr
2024-09-16T01:54:16.108+0000 7f1ba7541640 1 -- 172.21.15.38:0/1620500984 >> [v2:172.21.15.38:3300/0,v1:172.21.15.38:6789/0] conn(0x7f1ba007c2d0 msgr2=0x7f1ba007c6d0 secure :-1 s=STATE_CONNECTION_ESTABLISHED l=1).mark_down
2024-09-16T01:54:16.882 INFO:teuthology.orchestra.run.smithi038.stdout:/usr/bin/ceph: stderr
2024-09-16T01:54:16.108+0000 7f1ba7541640 1 --2- 172.21.15.38:0/1620500984 >> [v2:172.21.15.38:3300/0,v1:172.21.15.38:6789/0] conn(0x7f1ba007c2d0 0x7f1ba007c6d0 secure :-1 s=READY pgs=37 cs=0 l=1 rev1=1 crypto rx=0x7f1b9c009820 tx=0x7f1b9c02a270 comp rx=0 tx=0).stop
2024-09-16T01:54:16.882 INFO:teuthology.orchestra.run.smithi038.stdout:/usr/bin/ceph: stderr
2024-09-16T01:54:16.108+0000 7f1ba7541640 1 -- 172.21.15.38:0/1620500984 shutdown_connections
2024-09-16T01:54:16.882 INFO:teuthology.orchestra.run.smithi038.stdout:/usr/bin/ceph: stderr
2024-09-16T01:54:16.108+0000 7f1ba7541640 1 --2- 172.21.15.38:0/1620500984 >> [v2:172.21.15.38:3300/0,v1:172.21.15.38:6789/0] conn(0x7f1ba007c2d0 0x7f1ba007c6d0 unknown :-1 s=CLOSED pgs=37 cs=0 l=1 rev1=1 crypto rx=0 tx=0 comp rx=0 tx=0).stop
2024-09-16T01:54:16.882 INFO:teuthology.orchestra.run.smithi038.stdout:/usr/bin/ceph: stderr
2024-09-16T01:54:16.108+0000 7f1ba7541640 1 -- 172.21.15.38:0/1620500984 >> 172.21.15.38:0/1620500984 conn(0x7f1ba0103100 msgr2=0x7f1ba0105520 unknown :-1 s=STATE_NONE l=0).mark_down
2024-09-16T01:54:16.882 INFO:teuthology.orchestra.run.smithi038.stdout:/usr/bin/ceph: stderr
2024-09-16T01:54:16.109+0000 7f1ba7541640 1 -- 172.21.15.38:0/1620500984 shutdown_connections
2024-09-16T01:54:16.882 INFO:teuthology.orchestra.run.smithi038.stdout:/usr/bin/ceph: stderr
2024-09-16T01:54:16.109+0000 7f1ba7541640 1 -- 172.21.15.38:0/1620500984 wait complete.
2024-09-16T01:54:16.882 INFO:teuthology.orchestra.run.smithi038.stdout:/usr/bin/ceph: stderr
2024-09-16T01:54:16.109+0000 7f1ba7541640 1 Processor -- start
2024-09-16T01:54:16.882 INFO:teuthology.orchestra.run.smithi038.stdout:/usr/bin/ceph: stderr
2024-09-16T01:54:16.109+0000 7f1ba7541640 1 -- start start
2024-09-16T01:54:16.882 INFO:teuthology.orchestra.run.smithi038.stdout:/usr/bin/ceph: stderr
2024-09-16T01:54:16.109+0000 7f1ba7541640 1 --2- >> [v2:172.21.15.38:3300/0,v1:172.21.15.38:6789/0] conn(0x7f1ba007c2d0 0x7f1ba019dcf0 unknown :-1 s=NONE pgs=0 cs=0 l=1 rev1=0 crypto rx=0 tx=0 comp rx=0 tx=0).connect
2024-09-16T01:54:16.882 INFO:teuthology.orchestra.run.smithi038.stdout:/usr/bin/ceph: stderr
2024-09-16T01:54:16.109+0000 7f1ba7541640 1 -- --> [v2:172.21.15.38:3300/0,v1:172.21.15.38:6789/0] -- mon_getmap magic: 0 -- 0x7f1ba010e120 con 0x7f1ba007c2d0
2024-09-16T01:54:16.882 INFO:teuthology.orchestra.run.smithi038.stdout:/usr/bin/ceph: stderr
2024-09-16T01:54:16.110+0000 7f1ba52dd640 1 --2- >> [v2:172.21.15.38:3300/0,v1:172.21.15.38:6789/0] conn(0x7f1ba007c2d0 0x7f1ba019dcf0 unknown :-1 s=BANNER_CONNECTING pgs=0 cs=0 l=1 rev1=0 crypto rx=0 tx=0 comp rx=0 tx=0)._handle_peer_banner_payload supported=3 required=0
2024-09-16T01:54:16.883 INFO:teuthology.orchestra.run.smithi038.stdout:/usr/bin/ceph: stderr
2024-09-16T01:54:16.110+0000 7f1ba52dd640 1 --2- >> [v2:172.21.15.38:3300/0,v1:172.21.15.38:6789/0] conn(0x7f1ba007c2d0 0x7f1ba019dcf0 unknown :-1 s=HELLO_CONNECTING pgs=0 cs=0 l=1 rev1=1 crypto rx=0 tx=0 comp rx=0 tx=0).handle_hello peer v2:172.21.15.38:3300/0 says I am v2:172.21.15.38:60118/0 (socket says 172.21.15.38:60118)
2024-09-16T01:54:16.883 INFO:teuthology.orchestra.run.smithi038.stdout:/usr/bin/ceph: stderr
2024-09-16T01:54:16.110+0000 7f1ba52dd640 1 -- 172.21.15.38:0/713481009 learned_addr learned my addr 172.21.15.38:0/713481009 (peer_addr_for_me v2:172.21.15.38:0/0)
2024-09-16T01:54:16.883 INFO:teuthology.orchestra.run.smithi038.stdout:/usr/bin/ceph: stderr
2024-09-16T01:54:16.110+0000 7f1ba52dd640 1 -- 172.21.15.38:0/713481009 --> [v2:172.21.15.38:3300/0,v1:172.21.15.38:6789/0] -- mon_subscribe({config=0+,monmap=0+}) -- 0x7f1ba019e230 con 0x7f1ba007c2d0
2024-09-16T01:54:16.883 INFO:teuthology.orchestra.run.smithi038.stdout:/usr/bin/ceph: stderr
2024-09-16T01:54:16.110+0000 7f1ba52dd640 1 --2- 172.21.15.38:0/713481009 >> [v2:172.21.15.38:3300/0,v1:172.21.15.38:6789/0] conn(0x7f1ba007c2d0 0x7f1ba019dcf0 secure :-1 s=READY pgs=38 cs=0 l=1 rev1=1 crypto rx=0x7f1b9c009940 tx=0x7f1b9c032e60 comp rx=0 tx=0).ready entity=mon.0 client_cookie=0 server_cookie=0 in_seq=0 out_seq=0
2024-09-16T01:54:16.883 INFO:teuthology.orchestra.run.smithi038.stdout:/usr/bin/ceph: stderr
2024-09-16T01:54:16.110+0000 7f1b967fc640 1 -- 172.21.15.38:0/713481009 <== mon.0 v2:172.21.15.38:3300/0 1 ==== mon_map magic: 0 ==== 205+0+0 (secure 0 0 0) 0x7f1b9c042070 con 0x7f1ba007c2d0
2024-09-16T01:54:16.883 INFO:teuthology.orchestra.run.smithi038.stdout:/usr/bin/ceph: stderr
2024-09-16T01:54:16.110+0000 7f1b967fc640 1 -- 172.21.15.38:0/713481009 <== mon.0 v2:172.21.15.38:3300/0 2 ==== config(29 keys) ==== 1178+0+0 (secure 0 0 0) 0x7f1b9c0326b0 con 0x7f1ba007c2d0
2024-09-16T01:54:16.883 INFO:teuthology.orchestra.run.smithi038.stdout:/usr/bin/ceph: stderr
2024-09-16T01:54:16.110+0000 7f1b967fc640 1 -- 172.21.15.38:0/713481009 <== mon.0 v2:172.21.15.38:3300/0 3 ==== mon_map magic: 0 ==== 205+0+0 (secure 0 0 0) 0x7f1b9c037040 con 0x7f1ba007c2d0
2024-09-16T01:54:16.883 INFO:teuthology.orchestra.run.smithi038.stdout:/usr/bin/ceph: stderr
2024-09-16T01:54:16.110+0000 7f1ba7541640 1 -- 172.21.15.38:0/713481009 --> [v2:172.21.15.38:3300/0,v1:172.21.15.38:6789/0] -- mon_subscribe({mgrmap=0+}) -- 0x7f1ba019e4c0 con 0x7f1ba007c2d0
2024-09-16T01:54:16.883 INFO:teuthology.orchestra.run.smithi038.stdout:/usr/bin/ceph: stderr
2024-09-16T01:54:16.110+0000 7f1ba7541640 1 -- 172.21.15.38:0/713481009 --> [v2:172.21.15.38:3300/0,v1:172.21.15.38:6789/0] -- mon_subscribe({osdmap=0}) -- 0x7f1ba01a11a0 con 0x7f1ba007c2d0
2024-09-16T01:54:16.883 INFO:teuthology.orchestra.run.smithi038.stdout:/usr/bin/ceph: stderr
2024-09-16T01:54:16.111+0000 7f1b967fc640 1 -- 172.21.15.38:0/713481009 <== mon.0 v2:172.21.15.38:3300/0 4 ==== mgrmap(e 8) ==== 46461+0+0 (secure 0 0 0) 0x7f1b9c045070 con 0x7f1ba007c2d0
2024-09-16T01:54:16.883 INFO:teuthology.orchestra.run.smithi038.stdout:/usr/bin/ceph: stderr
2024-09-16T01:54:16.111+0000 7f1b967fc640 1 --2- 172.21.15.38:0/713481009 >> [v2:172.21.15.38:6800/4240034781,v1:172.21.15.38:6801/4240034781] conn(0x7f1b8c0391b0 0x7f1b8c03b670 unknown :-1 s=NONE pgs=0 cs=0 l=1 rev1=0 crypto rx=0 tx=0 comp rx=0 tx=0).connect
2024-09-16T01:54:16.884 INFO:teuthology.orchestra.run.smithi038.stdout:/usr/bin/ceph: stderr
2024-09-16T01:54:16.111+0000 7f1ba7541640 1 -- 172.21.15.38:0/713481009 --> [v2:172.21.15.38:3300/0,v1:172.21.15.38:6789/0] -- mon_command({"prefix": "get_command_descriptions"} v 0) -- 0x7f1ba007c750 con 0x7f1ba007c2d0
2024-09-16T01:54:16.884 INFO:teuthology.orchestra.run.smithi038.stdout:/usr/bin/ceph: stderr
2024-09-16T01:54:16.111+0000 7f1b967fc640 1 -- 172.21.15.38:0/713481009 <== mon.0 v2:172.21.15.38:3300/0 5 ==== osd_map(2..2 src has 1..2) ==== 940+0+0 (secure 0 0 0) 0x7f1b9c06c280 con 0x7f1ba007c2d0
2024-09-16T01:54:16.884 INFO:teuthology.orchestra.run.smithi038.stdout:/usr/bin/ceph: stderr
2024-09-16T01:54:16.111+0000 7f1ba4adc640 1 --2- 172.21.15.38:0/713481009 >> [v2:172.21.15.38:6800/4240034781,v1:172.21.15.38:6801/4240034781] conn(0x7f1b8c0391b0 0x7f1b8c03b670 unknown :-1 s=BANNER_CONNECTING pgs=0 cs=0 l=1 rev1=0 crypto rx=0 tx=0 comp rx=0 tx=0)._handle_peer_banner_payload supported=3 required=0
2024-09-16T01:54:16.884 INFO:teuthology.orchestra.run.smithi038.stdout:/usr/bin/ceph: stderr
2024-09-16T01:54:16.112+0000 7f1ba4adc640 1 --2- 172.21.15.38:0/713481009 >> [v2:172.21.15.38:6800/4240034781,v1:172.21.15.38:6801/4240034781] conn(0x7f1b8c0391b0 0x7f1b8c03b670 secure :-1 s=READY pgs=8 cs=0 l=1 rev1=1 crypto rx=0x7f1b900098c0 tx=0x7f1b90006db0 comp rx=0 tx=0).ready entity=mgr.14118 client_cookie=0 server_cookie=0 in_seq=0 out_seq=0
2024-09-16T01:54:16.884 INFO:teuthology.orchestra.run.smithi038.stdout:/usr/bin/ceph: stderr
2024-09-16T01:54:16.116+0000 7f1b967fc640 1 -- 172.21.15.38:0/713481009 <== mon.0 v2:172.21.15.38:3300/0 6 ==== mon_command_ack([{"prefix": "get_command_descriptions"}]=0 v0) ==== 72+0+188821 (secure 0 0 0) 0x7f1b9c032860 con 0x7f1ba007c2d0
2024-09-16T01:54:16.884 INFO:teuthology.orchestra.run.smithi038.stdout:/usr/bin/ceph: stderr
2024-09-16T01:54:16.298+0000 7f1ba7541640 1 -- 172.21.15.38:0/713481009 --> [v2:172.21.15.38:6800/4240034781,v1:172.21.15.38:6801/4240034781] -- mgr_command(tid 0: {"prefix": "cephadm set-user", "user": "root", "target": ["mon-mgr", ""]}) -- 0x7f1ba01043f0 con 0x7f1b8c0391b0
2024-09-16T01:54:16.884 INFO:teuthology.orchestra.run.smithi038.stdout:/usr/bin/ceph: stderr
2024-09-16T01:54:16.298+0000 7f1b967fc640 1 -- 172.21.15.38:0/713481009 <== mgr.14118 v2:172.21.15.38:6800/4240034781 1 ==== mgr_command_reply(tid 0: 0 ) ==== 8+0+16 (secure 0 0 0) 0x7f1ba01043f0 con 0x7f1b8c0391b0
2024-09-16T01:54:16.884 INFO:teuthology.orchestra.run.smithi038.stdout:/usr/bin/ceph: stderr
2024-09-16T01:54:16.300+0000 7f1ba7541640 1 -- 172.21.15.38:0/713481009 >> [v2:172.21.15.38:6800/4240034781,v1:172.21.15.38:6801/4240034781] conn(0x7f1b8c0391b0 msgr2=0x7f1b8c03b670 secure :-1 s=STATE_CONNECTION_ESTABLISHED l=1).mark_down
2024-09-16T01:54:16.884 INFO:teuthology.orchestra.run.smithi038.stdout:/usr/bin/ceph: stderr
2024-09-16T01:54:16.300+0000 7f1ba7541640 1 --2- 172.21.15.38:0/713481009 >> [v2:172.21.15.38:6800/4240034781,v1:172.21.15.38:6801/4240034781] conn(0x7f1b8c0391b0 0x7f1b8c03b670 secure :-1 s=READY pgs=8 cs=0 l=1 rev1=1 crypto rx=0x7f1b900098c0 tx=0x7f1b90006db0 comp rx=0 tx=0).stop
2024-09-16T01:54:16.884 INFO:teuthology.orchestra.run.smithi038.stdout:/usr/bin/ceph: stderr
2024-09-16T01:54:16.300+0000 7f1ba7541640 1 -- 172.21.15.38:0/713481009 >> [v2:172.21.15.38:3300/0,v1:172.21.15.38:6789/0] conn(0x7f1ba007c2d0 msgr2=0x7f1ba019dcf0 secure :-1 s=STATE_CONNECTION_ESTABLISHED l=1).mark_down
2024-09-16T01:54:16.884 INFO:teuthology.orchestra.run.smithi038.stdout:/usr/bin/ceph: stderr
2024-09-16T01:54:16.300+0000 7f1ba7541640 1 --2- 172.21.15.38:0/713481009 >> [v2:172.21.15.38:3300/0,v1:172.21.15.38:6789/0] conn(0x7f1ba007c2d0 0x7f1ba019dcf0 secure :-1 s=READY pgs=38 cs=0 l=1 rev1=1 crypto rx=0x7f1b9c009940 tx=0x7f1b9c032e60 comp rx=0 tx=0).stop
2024-09-16T01:54:16.885 INFO:teuthology.orchestra.run.smithi038.stdout:/usr/bin/ceph: stderr
2024-09-16T01:54:16.300+0000 7f1ba7541640 1 -- 172.21.15.38:0/713481009 shutdown_connections
2024-09-16T01:54:16.885 INFO:teuthology.orchestra.run.smithi038.stdout:/usr/bin/ceph: stderr
2024-09-16T01:54:16.300+0000 7f1ba7541640 1 --2- 172.21.15.38:0/713481009 >> [v2:172.21.15.38:6800/4240034781,v1:172.21.15.38:6801/4240034781] conn(0x7f1b8c0391b0 0x7f1b8c03b670 unknown :-1 s=CLOSED pgs=8 cs=0 l=1 rev1=1 crypto rx=0 tx=0 comp rx=0 tx=0).stop
2024-09-16T01:54:16.885 INFO:teuthology.orchestra.run.smithi038.stdout:/usr/bin/ceph: stderr
2024-09-16T01:54:16.300+0000 7f1ba7541640 1 --2- 172.21.15.38:0/713481009 >> [v2:172.21.15.38:3300/0,v1:172.21.15.38:6789/0] conn(0x7f1ba007c2d0 0x7f1ba019dcf0 unknown :-1 s=CLOSED pgs=38 cs=0 l=1 rev1=1 crypto rx=0 tx=0 comp rx=0 tx=0).stop
2024-09-16T01:54:16.885 INFO:teuthology.orchestra.run.smithi038.stdout:/usr/bin/ceph: stderr
2024-09-16T01:54:16.300+0000 7f1ba7541640 1 -- 172.21.15.38:0/713481009 >> 172.21.15.38:0/713481009 conn(0x7f1ba0103100 msgr2=0x7f1ba0103ce0 unknown :-1 s=STATE_NONE l=0).mark_down
2024-09-16T01:54:16.885 INFO:teuthology.orchestra.run.smithi038.stdout:/usr/bin/ceph: stderr
2024-09-16T01:54:16.301+0000 7f1ba7541640 1 -- 172.21.15.38:0/713481009 shutdown_connections
2024-09-16T01:54:16.885 INFO:teuthology.orchestra.run.smithi038.stdout:/usr/bin/ceph: stderr
2024-09-16T01:54:16.301+0000 7f1ba7541640 1 -- 172.21.15.38:0/713481009 wait complete.
2024-09-16T01:54:16.885 INFO:teuthology.orchestra.run.smithi038.stdout:Generating ssh key...
2024-09-16T01:54:17.469 INFO:journalctl@ceph.mon.a.smithi038.stdout:Sep 16 01:54:17 smithi038 ceph-mon[30943]: from='client.14132 -' entity='client.admin' cmd=[{"prefix": "cephadm set-user", "user": "root", "target": ["mon-mgr", ""]}]: dispatch
2024-09-16T01:54:17.852 INFO:journalctl@ceph.mgr.x.smithi038.stdout:Sep 16 01:54:17 smithi038 ceph-5f046612-73ce-11ef-bceb-c7b262605968-mgr-x[31168]: Generating public/private rsa key pair.
2024-09-16T01:54:17.852 INFO:journalctl@ceph.mgr.x.smithi038.stdout:Sep 16 01:54:17 smithi038 ceph-5f046612-73ce-11ef-bceb-c7b262605968-mgr-x[31168]: Your identification has been saved in /tmp/tmp7dwijved/key
2024-09-16T01:54:17.853 INFO:journalctl@ceph.mgr.x.smithi038.stdout:Sep 16 01:54:17 smithi038 ceph-5f046612-73ce-11ef-bceb-c7b262605968-mgr-x[31168]: Your public key has been saved in /tmp/tmp7dwijved/key.pub
2024-09-16T01:54:17.853 INFO:journalctl@ceph.mgr.x.smithi038.stdout:Sep 16 01:54:17 smithi038 ceph-5f046612-73ce-11ef-bceb-c7b262605968-mgr-x[31168]: The key fingerprint is:
2024-09-16T01:54:17.853 INFO:journalctl@ceph.mgr.x.smithi038.stdout:Sep 16 01:54:17 smithi038 ceph-5f046612-73ce-11ef-bceb-c7b262605968-mgr-x[31168]: SHA256:F/tyKf4slYT6iDss2b8/eu12iY2/tz3EpUYMwOQ0Osc ceph-5f046612-73ce-11ef-bceb-c7b262605968
2024-09-16T01:54:17.853 INFO:journalctl@ceph.mgr.x.smithi038.stdout:Sep 16 01:54:17 smithi038 ceph-5f046612-73ce-11ef-bceb-c7b262605968-mgr-x[31168]: The key's randomart image is:
2024-09-16T01:54:17.853 INFO:journalctl@ceph.mgr.x.smithi038.stdout:Sep 16 01:54:17 smithi038 ceph-5f046612-73ce-11ef-bceb-c7b262605968-mgr-x[31168]: +---[RSA 3072]----+
2024-09-16T01:54:17.853 INFO:journalctl@ceph.mgr.x.smithi038.stdout:Sep 16 01:54:17 smithi038 ceph-5f046612-73ce-11ef-bceb-c7b262605968-mgr-x[31168]: | o=. |
2024-09-16T01:54:17.853 INFO:journalctl@ceph.mgr.x.smithi038.stdout:Sep 16 01:54:17 smithi038 ceph-5f046612-73ce-11ef-bceb-c7b262605968-mgr-x[31168]: | =... |
2024-09-16T01:54:17.853 INFO:journalctl@ceph.mgr.x.smithi038.stdout:Sep 16 01:54:17 smithi038 ceph-5f046612-73ce-11ef-bceb-c7b262605968-mgr-x[31168]: | o E. o |
2024-09-16T01:54:17.853 INFO:journalctl@ceph.mgr.x.smithi038.stdout:Sep 16 01:54:17 smithi038 ceph-5f046612-73ce-11ef-bceb-c7b262605968-mgr-x[31168]: | o.o. o .|
2024-09-16T01:54:17.853 INFO:journalctl@ceph.mgr.x.smithi038.stdout:Sep 16 01:54:17 smithi038 ceph-5f046612-73ce-11ef-bceb-c7b262605968-mgr-x[31168]: | S.o. o...|
2024-09-16T01:54:17.853 INFO:journalctl@ceph.mgr.x.smithi038.stdout:Sep 16 01:54:17 smithi038 ceph-5f046612-73ce-11ef-bceb-c7b262605968-mgr-x[31168]: | .. .o.oo |
2024-09-16T01:54:17.853 INFO:journalctl@ceph.mgr.x.smithi038.stdout:Sep 16 01:54:17 smithi038 ceph-5f046612-73ce-11ef-bceb-c7b262605968-mgr-x[31168]: | + . ooo+=.. |
2024-09-16T01:54:17.853 INFO:journalctl@ceph.mgr.x.smithi038.stdout:Sep 16 01:54:17 smithi038 ceph-5f046612-73ce-11ef-bceb-c7b262605968-mgr-x[31168]: | o = ..=== +.o|
2024-09-16T01:54:17.854 INFO:journalctl@ceph.mgr.x.smithi038.stdout:Sep 16 01:54:17 smithi038 ceph-5f046612-73ce-11ef-bceb-c7b262605968-mgr-x[31168]: | ..++=o*+oo++|
2024-09-16T01:54:17.854 INFO:journalctl@ceph.mgr.x.smithi038.stdout:Sep 16 01:54:17 smithi038 ceph-5f046612-73ce-11ef-bceb-c7b262605968-mgr-x[31168]: +----[SHA256]-----+
2024-09-16T01:54:18.246 INFO:teuthology.orchestra.run.smithi038.stdout:/usr/bin/ceph: stderr
2024-09-16T01:54:17.278+0000 7f8d89a32640 1 Processor -- start
2024-09-16T01:54:18.247 INFO:teuthology.orchestra.run.smithi038.stdout:/usr/bin/ceph: stderr
2024-09-16T01:54:17.278+0000 7f8d89a32640 1 -- start start
2024-09-16T01:54:18.247 INFO:teuthology.orchestra.run.smithi038.stdout:/usr/bin/ceph: stderr
2024-09-16T01:54:17.278+0000 7f8d89a32640 1 --2- >> [v2:172.21.15.38:3300/0,v1:172.21.15.38:6789/0] conn(0x7f8d84108460 0x7f8d8410a850 unknown :-1 s=NONE pgs=0 cs=0 l=0 rev1=0 crypto rx=0 tx=0 comp rx=0 tx=0).connect
2024-09-16T01:54:18.247 INFO:teuthology.orchestra.run.smithi038.stdout:/usr/bin/ceph: stderr
2024-09-16T01:54:17.278+0000 7f8d89a32640 1 -- --> [v2:172.21.15.38:3300/0,v1:172.21.15.38:6789/0] -- mon_getmap magic: 0 -- 0x7f8d8407be40 con 0x7f8d84108460
2024-09-16T01:54:18.247 INFO:teuthology.orchestra.run.smithi038.stdout:/usr/bin/ceph: stderr
2024-09-16T01:54:17.278+0000 7f8d82ffd640 1 --2- >> [v2:172.21.15.38:3300/0,v1:172.21.15.38:6789/0] conn(0x7f8d84108460 0x7f8d8410a850 unknown :-1 s=BANNER_CONNECTING pgs=0 cs=0 l=0 rev1=0 crypto rx=0 tx=0 comp rx=0 tx=0)._handle_peer_banner_payload supported=3 required=0
2024-09-16T01:54:18.247 INFO:teuthology.orchestra.run.smithi038.stdout:/usr/bin/ceph: stderr
2024-09-16T01:54:17.278+0000 7f8d82ffd640 1 --2- >> [v2:172.21.15.38:3300/0,v1:172.21.15.38:6789/0] conn(0x7f8d84108460 0x7f8d8410a850 unknown :-1 s=HELLO_CONNECTING pgs=0 cs=0 l=0 rev1=1 crypto rx=0 tx=0 comp rx=0 tx=0).handle_hello peer v2:172.21.15.38:3300/0 says I am v2:172.21.15.38:60130/0 (socket says 172.21.15.38:60130)
2024-09-16T01:54:18.247 INFO:teuthology.orchestra.run.smithi038.stdout:/usr/bin/ceph: stderr
2024-09-16T01:54:17.278+0000 7f8d82ffd640 1 -- 172.21.15.38:0/3167610636 learned_addr learned my addr 172.21.15.38:0/3167610636 (peer_addr_for_me v2:172.21.15.38:0/0)
2024-09-16T01:54:18.247 INFO:teuthology.orchestra.run.smithi038.stdout:/usr/bin/ceph: stderr
2024-09-16T01:54:17.278+0000 7f8d82ffd640 1 -- 172.21.15.38:0/3167610636 --> [v2:172.21.15.38:3300/0,v1:172.21.15.38:6789/0] -- mon_subscribe({config=0+,monmap=0+}) -- 0x7f8d8410ad90 con 0x7f8d84108460
2024-09-16T01:54:18.247 INFO:teuthology.orchestra.run.smithi038.stdout:/usr/bin/ceph: stderr
