2024-09-16T01:57:25.440 INFO:teuthology.orchestra.run.smithi110.stdout:/usr/bin/ceph: stderr
2024-09-16T01:57:24.677+0000 7f9128e99640 1 -- start start
2024-09-16T01:57:25.440 INFO:teuthology.orchestra.run.smithi110.stdout:/usr/bin/ceph: stderr
2024-09-16T01:57:24.677+0000 7f9128e99640 1 --2- >> [v2:172.21.15.110:3300/0,v1:172.21.15.110:6789/0] conn(0x7f9124101f90 0x7f91241023a0 unknown :-1 s=NONE pgs=0 cs=0 l=0 rev1=0 crypto rx=0 tx=0 comp rx=0 tx=0).connect
2024-09-16T01:57:25.440 INFO:teuthology.orchestra.run.smithi110.stdout:/usr/bin/ceph: stderr
2024-09-16T01:57:24.677+0000 7f9128e99640 1 -- --> [v2:172.21.15.110:3300/0,v1:172.21.15.110:6789/0] -- mon_getmap magic: 0 v1 -- 0x7f91241028e0 con 0x7f9124101f90
2024-09-16T01:57:25.440 INFO:teuthology.orchestra.run.smithi110.stdout:/usr/bin/ceph: stderr
2024-09-16T01:57:24.678+0000 7f912259c640 1 --2- >> [v2:172.21.15.110:3300/0,v1:172.21.15.110:6789/0] conn(0x7f9124101f90 0x7f91241023a0 unknown :-1 s=BANNER_CONNECTING pgs=0 cs=0 l=0 rev1=0 crypto rx=0 tx=0 comp rx=0 tx=0)._handle_peer_banner_payload supported=3 required=0
2024-09-16T01:57:25.440 INFO:teuthology.orchestra.run.smithi110.stdout:/usr/bin/ceph: stderr
2024-09-16T01:57:24.678+0000 7f912259c640 1 --2- >> [v2:172.21.15.110:3300/0,v1:172.21.15.110:6789/0] conn(0x7f9124101f90 0x7f91241023a0 unknown :-1 s=HELLO_CONNECTING pgs=0 cs=0 l=0 rev1=1 crypto rx=0 tx=0 comp rx=0 tx=0).handle_hello peer v2:172.21.15.110:3300/0 says I am v2:172.21.15.110:38762/0 (socket says 172.21.15.110:38762)
2024-09-16T01:57:25.441 INFO:teuthology.orchestra.run.smithi110.stdout:/usr/bin/ceph: stderr
2024-09-16T01:57:24.678+0000 7f912259c640 1 -- 172.21.15.110:0/3396299676 learned_addr learned my addr 172.21.15.110:0/3396299676 (peer_addr_for_me v2:172.21.15.110:0/0)
2024-09-16T01:57:25.441 INFO:teuthology.orchestra.run.smithi110.stdout:/usr/bin/ceph: stderr
2024-09-16T01:57:24.678+0000 7f912259c640 1 -- 172.21.15.110:0/3396299676 --> [v2:172.21.15.110:3300/0,v1:172.21.15.110:6789/0] -- mon_subscribe({config=0+,monmap=0+}) v3 -- 0x7f9124102a20 con 0x7f9124101f90
2024-09-16T01:57:25.441 INFO:teuthology.orchestra.run.smithi110.stdout:/usr/bin/ceph: stderr
2024-09-16T01:57:24.678+0000 7f912259c640 1 --2- 172.21.15.110:0/3396299676 >> [v2:172.21.15.110:3300/0,v1:172.21.15.110:6789/0] conn(0x7f9124101f90 0x7f91241023a0 secure :-1 s=READY pgs=55 cs=0 l=1 rev1=1 crypto rx=0x7f9114009840 tx=0x7f91140091d0 comp rx=0 tx=0).ready entity=mon.0 client_cookie=cd03446deef97494 server_cookie=0 in_seq=0 out_seq=0
2024-09-16T01:57:25.441 INFO:teuthology.orchestra.run.smithi110.stdout:/usr/bin/ceph: stderr
2024-09-16T01:57:24.679+0000 7f912159a640 1 -- 172.21.15.110:0/3396299676 <== mon.0 v2:172.21.15.110:3300/0 1 ==== mon_map magic: 0 v1 ==== 229+0+0 (secure 0 0 0) 0x7f9114032440 con 0x7f9124101f90
2024-09-16T01:57:25.441 INFO:teuthology.orchestra.run.smithi110.stdout:/usr/bin/ceph: stderr
2024-09-16T01:57:24.679+0000 7f912159a640 1 -- 172.21.15.110:0/3396299676 <== mon.0 v2:172.21.15.110:3300/0 2 ==== config(26 keys) v1 ==== 1070+0+0 (secure 0 0 0) 0x7f9114032a40 con 0x7f9124101f90
2024-09-16T01:57:25.441 INFO:teuthology.orchestra.run.smithi110.stdout:/usr/bin/ceph: stderr
2024-09-16T01:57:24.679+0000 7f912159a640 1 -- 172.21.15.110:0/3396299676 <== mon.0 v2:172.21.15.110:3300/0 3 ==== mon_map magic: 0 v1 ==== 229+0+0 (secure 0 0 0) 0x7f9114031a70 con 0x7f9124101f90
2024-09-16T01:57:25.441 INFO:teuthology.orchestra.run.smithi110.stdout:/usr/bin/ceph: stderr
2024-09-16T01:57:24.679+0000 7f9128e99640 1 -- 172.21.15.110:0/3396299676 >> [v2:172.21.15.110:3300/0,v1:172.21.15.110:6789/0] conn(0x7f9124101f90 msgr2=0x7f91241023a0 secure :-1 s=STATE_CONNECTION_ESTABLISHED l=1).mark_down
2024-09-16T01:57:25.441 INFO:teuthology.orchestra.run.smithi110.stdout:/usr/bin/ceph: stderr
2024-09-16T01:57:24.679+0000 7f9128e99640 1 --2- 172.21.15.110:0/3396299676 >> [v2:172.21.15.110:3300/0,v1:172.21.15.110:6789/0] conn(0x7f9124101f90 0x7f91241023a0 secure :-1 s=READY pgs=55 cs=0 l=1 rev1=1 crypto rx=0x7f9114009840 tx=0x7f91140091d0 comp rx=0 tx=0).stop
2024-09-16T01:57:25.441 INFO:teuthology.orchestra.run.smithi110.stdout:/usr/bin/ceph: stderr
2024-09-16T01:57:24.679+0000 7f9128e99640 1 -- 172.21.15.110:0/3396299676 shutdown_connections
2024-09-16T01:57:25.441 INFO:teuthology.orchestra.run.smithi110.stdout:/usr/bin/ceph: stderr
2024-09-16T01:57:24.679+0000 7f9128e99640 1 --2- 172.21.15.110:0/3396299676 >> [v2:172.21.15.110:3300/0,v1:172.21.15.110:6789/0] conn(0x7f9124101f90 0x7f91241023a0 unknown :-1 s=CLOSED pgs=55 cs=0 l=1 rev1=1 crypto rx=0 tx=0 comp rx=0 tx=0).stop
2024-09-16T01:57:25.441 INFO:teuthology.orchestra.run.smithi110.stdout:/usr/bin/ceph: stderr
2024-09-16T01:57:24.679+0000 7f9128e99640 1 -- 172.21.15.110:0/3396299676 >> 172.21.15.110:0/3396299676 conn(0x7f91240fd710 msgr2=0x7f91240ffb40 unknown :-1 s=STATE_NONE l=0).mark_down
2024-09-16T01:57:25.441 INFO:teuthology.orchestra.run.smithi110.stdout:/usr/bin/ceph: stderr
2024-09-16T01:57:24.679+0000 7f9128e99640 1 -- 172.21.15.110:0/3396299676 shutdown_connections
2024-09-16T01:57:25.442 INFO:teuthology.orchestra.run.smithi110.stdout:/usr/bin/ceph: stderr
2024-09-16T01:57:24.679+0000 7f9128e99640 1 -- 172.21.15.110:0/3396299676 wait complete.
2024-09-16T01:57:25.442 INFO:teuthology.orchestra.run.smithi110.stdout:/usr/bin/ceph: stderr
2024-09-16T01:57:24.680+0000 7f9128e99640 1 Processor -- start
2024-09-16T01:57:25.442 INFO:teuthology.orchestra.run.smithi110.stdout:/usr/bin/ceph: stderr
2024-09-16T01:57:24.680+0000 7f9128e99640 1 -- start start
2024-09-16T01:57:25.442 INFO:teuthology.orchestra.run.smithi110.stdout:/usr/bin/ceph: stderr
2024-09-16T01:57:24.680+0000 7f9128e99640 1 --2- >> [v2:172.21.15.110:3300/0,v1:172.21.15.110:6789/0] conn(0x7f9124101f90 0x7f9124110d20 unknown :-1 s=NONE pgs=0 cs=0 l=1 rev1=0 crypto rx=0 tx=0 comp rx=0 tx=0).connect
2024-09-16T01:57:25.442 INFO:teuthology.orchestra.run.smithi110.stdout:/usr/bin/ceph: stderr
2024-09-16T01:57:24.680+0000 7f9128e99640 1 -- --> [v2:172.21.15.110:3300/0,v1:172.21.15.110:6789/0] -- mon_getmap magic: 0 v1 -- 0x7f9124111260 con 0x7f9124101f90
2024-09-16T01:57:25.442 INFO:teuthology.orchestra.run.smithi110.stdout:/usr/bin/ceph: stderr
2024-09-16T01:57:24.680+0000 7f912259c640 1 --2- >> [v2:172.21.15.110:3300/0,v1:172.21.15.110:6789/0] conn(0x7f9124101f90 0x7f9124110d20 unknown :-1 s=BANNER_CONNECTING pgs=0 cs=0 l=1 rev1=0 crypto rx=0 tx=0 comp rx=0 tx=0)._handle_peer_banner_payload supported=3 required=0
2024-09-16T01:57:25.442 INFO:teuthology.orchestra.run.smithi110.stdout:/usr/bin/ceph: stderr
2024-09-16T01:57:24.680+0000 7f912259c640 1 --2- >> [v2:172.21.15.110:3300/0,v1:172.21.15.110:6789/0] conn(0x7f9124101f90 0x7f9124110d20 unknown :-1 s=HELLO_CONNECTING pgs=0 cs=0 l=1 rev1=1 crypto rx=0 tx=0 comp rx=0 tx=0).handle_hello peer v2:172.21.15.110:3300/0 says I am v2:172.21.15.110:38770/0 (socket says 172.21.15.110:38770)
2024-09-16T01:57:25.442 INFO:teuthology.orchestra.run.smithi110.stdout:/usr/bin/ceph: stderr
2024-09-16T01:57:24.680+0000 7f912259c640 1 -- 172.21.15.110:0/3576912565 learned_addr learned my addr 172.21.15.110:0/3576912565 (peer_addr_for_me v2:172.21.15.110:0/0)
2024-09-16T01:57:25.442 INFO:teuthology.orchestra.run.smithi110.stdout:/usr/bin/ceph: stderr
2024-09-16T01:57:24.680+0000 7f912259c640 1 -- 172.21.15.110:0/3576912565 --> [v2:172.21.15.110:3300/0,v1:172.21.15.110:6789/0] -- mon_subscribe({config=0+,monmap=0+}) v3 -- 0x7f9114009450 con 0x7f9124101f90
2024-09-16T01:57:25.442 INFO:teuthology.orchestra.run.smithi110.stdout:/usr/bin/ceph: stderr
2024-09-16T01:57:24.680+0000 7f912259c640 1 --2- 172.21.15.110:0/3576912565 >> [v2:172.21.15.110:3300/0,v1:172.21.15.110:6789/0] conn(0x7f9124101f90 0x7f9124110d20 secure :-1 s=READY pgs=56 cs=0 l=1 rev1=1 crypto rx=0x7f9114009810 tx=0x7f91140091d0 comp rx=0 tx=0).ready entity=mon.0 client_cookie=0 server_cookie=0 in_seq=0 out_seq=0
2024-09-16T01:57:25.442 INFO:teuthology.orchestra.run.smithi110.stdout:/usr/bin/ceph: stderr
2024-09-16T01:57:24.681+0000 7f9112ffd640 1 -- 172.21.15.110:0/3576912565 <== mon.0 v2:172.21.15.110:3300/0 1 ==== mon_map magic: 0 v1 ==== 229+0+0 (secure 0 0 0) 0x7f911403c400 con 0x7f9124101f90
2024-09-16T01:57:25.442 INFO:teuthology.orchestra.run.smithi110.stdout:/usr/bin/ceph: stderr
2024-09-16T01:57:24.681+0000 7f9128e99640 1 -- 172.21.15.110:0/3576912565 --> [v2:172.21.15.110:3300/0,v1:172.21.15.110:6789/0] -- mon_subscribe({mgrmap=0+}) v3 -- 0x7f9124111460 con 0x7f9124101f90
2024-09-16T01:57:25.442 INFO:teuthology.orchestra.run.smithi110.stdout:/usr/bin/ceph: stderr
2024-09-16T01:57:24.681+0000 7f9112ffd640 1 -- 172.21.15.110:0/3576912565 <== mon.0 v2:172.21.15.110:3300/0 2 ==== config(26 keys) v1 ==== 1070+0+0 (secure 0 0 0) 0x7f911403ca00 con 0x7f9124101f90
2024-09-16T01:57:25.443 INFO:teuthology.orchestra.run.smithi110.stdout:/usr/bin/ceph: stderr
2024-09-16T01:57:24.681+0000 7f9112ffd640 1 -- 172.21.15.110:0/3576912565 <== mon.0 v2:172.21.15.110:3300/0 3 ==== mon_map magic: 0 v1 ==== 229+0+0 (secure 0 0 0) 0x7f911403a870 con 0x7f9124101f90
2024-09-16T01:57:25.443 INFO:teuthology.orchestra.run.smithi110.stdout:/usr/bin/ceph: stderr
2024-09-16T01:57:24.681+0000 7f9128e99640 1 -- 172.21.15.110:0/3576912565 --> [v2:172.21.15.110:3300/0,v1:172.21.15.110:6789/0] -- mon_subscribe({osdmap=0}) v3 -- 0x7f91241118d0 con 0x7f9124101f90
2024-09-16T01:57:25.443 INFO:teuthology.orchestra.run.smithi110.stdout:/usr/bin/ceph: stderr
2024-09-16T01:57:24.682+0000 7f9112ffd640 1 -- 172.21.15.110:0/3576912565 <== mon.0 v2:172.21.15.110:3300/0 4 ==== mgrmap(e 8) v1 ==== 45507+0+0 (secure 0 0 0) 0x7f911403ab30 con 0x7f9124101f90
2024-09-16T01:57:25.443 INFO:teuthology.orchestra.run.smithi110.stdout:/usr/bin/ceph: stderr
2024-09-16T01:57:24.682+0000 7f9128e99640 1 -- 172.21.15.110:0/3576912565 --> [v2:172.21.15.110:3300/0,v1:172.21.15.110:6789/0] -- mon_command({"prefix": "get_command_descriptions"} v 0) v1 -- 0x7f912404b720 con 0x7f9124101f90
2024-09-16T01:57:25.443 INFO:teuthology.orchestra.run.smithi110.stdout:/usr/bin/ceph: stderr
2024-09-16T01:57:24.682+0000 7f9112ffd640 1 --2- 172.21.15.110:0/3576912565 >> [v2:172.21.15.110:6800/3914114363,v1:172.21.15.110:6801/3914114363] conn(0x7f910c039490 0x7f910c03b940 unknown :-1 s=NONE pgs=0 cs=0 l=1 rev1=0 crypto rx=0 tx=0 comp rx=0 tx=0).connect
2024-09-16T01:57:25.443 INFO:teuthology.orchestra.run.smithi110.stdout:/usr/bin/ceph: stderr
2024-09-16T01:57:24.682+0000 7f9112ffd640 1 -- 172.21.15.110:0/3576912565 <== mon.0 v2:172.21.15.110:3300/0 5 ==== osd_map(2..2 src has 1..2) v4 ==== 936+0+0 (secure 0 0 0) 0x7f911406ce60 con 0x7f9124101f90
2024-09-16T01:57:25.443 INFO:teuthology.orchestra.run.smithi110.stdout:/usr/bin/ceph: stderr
2024-09-16T01:57:24.682+0000 7f9121d9b640 1 --2- 172.21.15.110:0/3576912565 >> [v2:172.21.15.110:6800/3914114363,v1:172.21.15.110:6801/3914114363] conn(0x7f910c039490 0x7f910c03b940 unknown :-1 s=BANNER_CONNECTING pgs=0 cs=0 l=1 rev1=0 crypto rx=0 tx=0 comp rx=0 tx=0)._handle_peer_banner_payload supported=3 required=0
2024-09-16T01:57:25.443 INFO:teuthology.orchestra.run.smithi110.stdout:/usr/bin/ceph: stderr
2024-09-16T01:57:24.682+0000 7f9121d9b640 1 --2- 172.21.15.110:0/3576912565 >> [v2:172.21.15.110:6800/3914114363,v1:172.21.15.110:6801/3914114363] conn(0x7f910c039490 0x7f910c03b940 secure :-1 s=READY pgs=18 cs=0 l=1 rev1=1 crypto rx=0x7f9118006fd0 tx=0x7f9118006db0 comp rx=0 tx=0).ready entity=mgr.14116 client_cookie=0 server_cookie=0 in_seq=0 out_seq=0
2024-09-16T01:57:25.443 INFO:teuthology.orchestra.run.smithi110.stdout:/usr/bin/ceph: stderr
2024-09-16T01:57:24.686+0000 7f9112ffd640 1 -- 172.21.15.110:0/3576912565 <== mon.0 v2:172.21.15.110:3300/0 6 ==== mon_command_ack([{"prefix": "get_command_descriptions"}]=0 v0) v1 ==== 72+0+176781 (secure 0 0 0) 0x7f9114030570 con 0x7f9124101f90
2024-09-16T01:57:25.444 INFO:teuthology.orchestra.run.smithi110.stdout:/usr/bin/ceph: stderr
2024-09-16T01:57:24.852+0000 7f9128e99640 1 -- 172.21.15.110:0/3576912565 --> [v2:172.21.15.110:6800/3914114363,v1:172.21.15.110:6801/3914114363] -- mgr_command(tid 0: {"prefix": "orch apply", "service_type": "alertmanager", "target": ["mon-mgr", ""]}) v1 -- 0x7f91241118d0 con 0x7f910c039490
2024-09-16T01:57:25.444 INFO:teuthology.orchestra.run.smithi110.stdout:/usr/bin/ceph: stderr
2024-09-16T01:57:24.856+0000 7f9112ffd640 1 -- 172.21.15.110:0/3576912565 <== mgr.14116 v2:172.21.15.110:6800/3914114363 1 ==== mgr_command_reply(tid 0: 0 ) v1 ==== 8+0+33 (secure 0 0 0) 0x7f91241118d0 con 0x7f910c039490
2024-09-16T01:57:25.444 INFO:teuthology.orchestra.run.smithi110.stdout:/usr/bin/ceph: stderr
2024-09-16T01:57:24.858+0000 7f9128e99640 1 -- 172.21.15.110:0/3576912565 >> [v2:172.21.15.110:6800/3914114363,v1:172.21.15.110:6801/3914114363] conn(0x7f910c039490 msgr2=0x7f910c03b940 secure :-1 s=STATE_CONNECTION_ESTABLISHED l=1).mark_down
2024-09-16T01:57:25.444 INFO:teuthology.orchestra.run.smithi110.stdout:/usr/bin/ceph: stderr
2024-09-16T01:57:24.858+0000 7f9128e99640 1 --2- 172.21.15.110:0/3576912565 >> [v2:172.21.15.110:6800/3914114363,v1:172.21.15.110:6801/3914114363] conn(0x7f910c039490 0x7f910c03b940 secure :-1 s=READY pgs=18 cs=0 l=1 rev1=1 crypto rx=0x7f9118006fd0 tx=0x7f9118006db0 comp rx=0 tx=0).stop
2024-09-16T01:57:25.444 INFO:teuthology.orchestra.run.smithi110.stdout:/usr/bin/ceph: stderr
2024-09-16T01:57:24.858+0000 7f9128e99640 1 -- 172.21.15.110:0/3576912565 >> [v2:172.21.15.110:3300/0,v1:172.21.15.110:6789/0] conn(0x7f9124101f90 msgr2=0x7f9124110d20 secure :-1 s=STATE_CONNECTION_ESTABLISHED l=1).mark_down
2024-09-16T01:57:25.444 INFO:teuthology.orchestra.run.smithi110.stdout:/usr/bin/ceph: stderr
2024-09-16T01:57:24.858+0000 7f9128e99640 1 --2- 172.21.15.110:0/3576912565 >> [v2:172.21.15.110:3300/0,v1:172.21.15.110:6789/0] conn(0x7f9124101f90 0x7f9124110d20 secure :-1 s=READY pgs=56 cs=0 l=1 rev1=1 crypto rx=0x7f9114009810 tx=0x7f91140091d0 comp rx=0 tx=0).stop
2024-09-16T01:57:25.444 INFO:teuthology.orchestra.run.smithi110.stdout:/usr/bin/ceph: stderr
2024-09-16T01:57:24.858+0000 7f9128e99640 1 -- 172.21.15.110:0/3576912565 shutdown_connections
2024-09-16T01:57:25.444 INFO:teuthology.orchestra.run.smithi110.stdout:/usr/bin/ceph: stderr
2024-09-16T01:57:24.858+0000 7f9128e99640 1 --2- 172.21.15.110:0/3576912565 >> [v2:172.21.15.110:6800/3914114363,v1:172.21.15.110:6801/3914114363] conn(0x7f910c039490 0x7f910c03b940 unknown :-1 s=CLOSED pgs=18 cs=0 l=1 rev1=1 crypto rx=0 tx=0 comp rx=0 tx=0).stop
2024-09-16T01:57:25.444 INFO:teuthology.orchestra.run.smithi110.stdout:/usr/bin/ceph: stderr
2024-09-16T01:57:24.858+0000 7f9128e99640 1 --2- 172.21.15.110:0/3576912565 >> [v2:172.21.15.110:3300/0,v1:172.21.15.110:6789/0] conn(0x7f9124101f90 0x7f9124110d20 unknown :-1 s=CLOSED pgs=56 cs=0 l=1 rev1=1 crypto rx=0 tx=0 comp rx=0 tx=0).stop
2024-09-16T01:57:25.444 INFO:teuthology.orchestra.run.smithi110.stdout:/usr/bin/ceph: stderr
2024-09-16T01:57:24.858+0000 7f9128e99640 1 -- 172.21.15.110:0/3576912565 >> 172.21.15.110:0/3576912565 conn(0x7f91240fd710 msgr2=0x7f91240fe260 unknown :-1 s=STATE_NONE l=0).mark_down
2024-09-16T01:57:25.444 INFO:teuthology.orchestra.run.smithi110.stdout:/usr/bin/ceph: stderr
2024-09-16T01:57:24.858+0000 7f9128e99640 1 -- 172.21.15.110:0/3576912565 shutdown_connections
2024-09-16T01:57:25.444 INFO:teuthology.orchestra.run.smithi110.stdout:/usr/bin/ceph: stderr
2024-09-16T01:57:24.858+0000 7f9128e99640 1 -- 172.21.15.110:0/3576912565 wait complete.
2024-09-16T01:57:25.818 INFO:journalctl@ceph.mon.smithi110.smithi110.stdout:Sep 16 01:57:25 smithi110 ceph-mon[27634]: pgmap v3: 0 pgs: ; 0 B data, 0 B used, 0 B / 0 B avail
2024-09-16T01:57:25.818 INFO:journalctl@ceph.mon.smithi110.smithi110.stdout:Sep 16 01:57:25 smithi110 ceph-mon[27634]: from='mgr.14116 172.21.15.110:0/3062877007' entity='mgr.smithi110.hfirap'
2024-09-16T01:57:26.679 INFO:teuthology.orchestra.run.smithi110.stdout:/usr/bin/ceph: stderr
2024-09-16T01:57:25.824+0000 7fc05ba3c640 1 Processor -- start
2024-09-16T01:57:26.679 INFO:teuthology.orchestra.run.smithi110.stdout:/usr/bin/ceph: stderr
2024-09-16T01:57:25.824+0000 7fc05ba3c640 1 -- start start
2024-09-16T01:57:26.679 INFO:teuthology.orchestra.run.smithi110.stdout:/usr/bin/ceph: stderr
2024-09-16T01:57:25.824+0000 7fc05ba3c640 1 --2- >> [v2:172.21.15.110:3300/0,v1:172.21.15.110:6789/0] conn(0x7fc054076ae0 0x7fc054104c80 unknown :-1 s=NONE pgs=0 cs=0 l=0 rev1=0 crypto rx=0 tx=0 comp rx=0 tx=0).connect
2024-09-16T01:57:26.680 INFO:teuthology.orchestra.run.smithi110.stdout:/usr/bin/ceph: stderr
2024-09-16T01:57:25.824+0000 7fc05ba3c640 1 -- --> [v2:172.21.15.110:3300/0,v1:172.21.15.110:6789/0] -- mon_getmap magic: 0 v1 -- 0x7fc054076ef0 con 0x7fc054076ae0
2024-09-16T01:57:26.680 INFO:teuthology.orchestra.run.smithi110.stdout:/usr/bin/ceph: stderr
2024-09-16T01:57:25.824+0000 7fc0597d8640 1 --2- >> [v2:172.21.15.110:3300/0,v1:172.21.15.110:6789/0] conn(0x7fc054076ae0 0x7fc054104c80 unknown :-1 s=BANNER_CONNECTING pgs=0 cs=0 l=0 rev1=0 crypto rx=0 tx=0 comp rx=0 tx=0)._handle_peer_banner_payload supported=3 required=0
2024-09-16T01:57:26.680 INFO:teuthology.orchestra.run.smithi110.stdout:/usr/bin/ceph: stderr
2024-09-16T01:57:25.824+0000 7fc0597d8640 1 --2- >> [v2:172.21.15.110:3300/0,v1:172.21.15.110:6789/0] conn(0x7fc054076ae0 0x7fc054104c80 unknown :-1 s=HELLO_CONNECTING pgs=0 cs=0 l=0 rev1=1 crypto rx=0 tx=0 comp rx=0 tx=0).handle_hello peer v2:172.21.15.110:3300/0 says I am v2:172.21.15.110:38782/0 (socket says 172.21.15.110:38782)
2024-09-16T01:57:26.680 INFO:teuthology.orchestra.run.smithi110.stdout:/usr/bin/ceph: stderr
2024-09-16T01:57:25.824+0000 7fc0597d8640 1 -- 172.21.15.110:0/4058875918 learned_addr learned my addr 172.21.15.110:0/4058875918 (peer_addr_for_me v2:172.21.15.110:0/0)
2024-09-16T01:57:26.680 INFO:teuthology.orchestra.run.smithi110.stdout:/usr/bin/ceph: stderr
2024-09-16T01:57:25.825+0000 7fc0597d8640 1 -- 172.21.15.110:0/4058875918 --> [v2:172.21.15.110:3300/0,v1:172.21.15.110:6789/0] -- mon_subscribe({config=0+,monmap=0+}) v3 -- 0x7fc0541051c0 con 0x7fc054076ae0
2024-09-16T01:57:26.680 INFO:teuthology.orchestra.run.smithi110.stdout:/usr/bin/ceph: stderr
2024-09-16T01:57:25.825+0000 7fc0597d8640 1 --2- 172.21.15.110:0/4058875918 >> [v2:172.21.15.110:3300/0,v1:172.21.15.110:6789/0] conn(0x7fc054076ae0 0x7fc054104c80 secure :-1 s=READY pgs=57 cs=0 l=1 rev1=1 crypto rx=0x7fc04c009840 tx=0x7fc04c0091d0 comp rx=0 tx=0).ready entity=mon.0 client_cookie=83ca98bec4bbf54b server_cookie=0 in_seq=0 out_seq=0
2024-09-16T01:57:26.680 INFO:teuthology.orchestra.run.smithi110.stdout:/usr/bin/ceph: stderr
2024-09-16T01:57:25.825+0000 7fc053fff640 1 -- 172.21.15.110:0/4058875918 <== mon.0 v2:172.21.15.110:3300/0 1 ==== mon_map magic: 0 v1 ==== 229+0+0 (secure 0 0 0) 0x7fc04c032440 con 0x7fc054076ae0
2024-09-16T01:57:26.680 INFO:teuthology.orchestra.run.smithi110.stdout:/usr/bin/ceph: stderr
2024-09-16T01:57:25.826+0000 7fc053fff640 1 -- 172.21.15.110:0/4058875918 <== mon.0 v2:172.21.15.110:3300/0 2 ==== config(26 keys) v1 ==== 1070+0+0 (secure 0 0 0) 0x7fc04c032a40 con 0x7fc054076ae0
2024-09-16T01:57:26.680 INFO:teuthology.orchestra.run.smithi110.stdout:/usr/bin/ceph: stderr
2024-09-16T01:57:25.826+0000 7fc053fff640 1 -- 172.21.15.110:0/4058875918 <== mon.0 v2:172.21.15.110:3300/0 3 ==== mon_map magic: 0 v1 ==== 229+0+0 (secure 0 0 0) 0x7fc04c031a70 con 0x7fc054076ae0
2024-09-16T01:57:26.680 INFO:teuthology.orchestra.run.smithi110.stdout:/usr/bin/ceph: stderr
2024-09-16T01:57:25.826+0000 7fc05ba3c640 1 -- 172.21.15.110:0/4058875918 >> [v2:172.21.15.110:3300/0,v1:172.21.15.110:6789/0] conn(0x7fc054076ae0 msgr2=0x7fc054104c80 secure :-1 s=STATE_CONNECTION_ESTABLISHED l=1).mark_down
2024-09-16T01:57:26.681 INFO:teuthology.orchestra.run.smithi110.stdout:/usr/bin/ceph: stderr
2024-09-16T01:57:25.826+0000 7fc05ba3c640 1 --2- 172.21.15.110:0/4058875918 >> [v2:172.21.15.110:3300/0,v1:172.21.15.110:6789/0] conn(0x7fc054076ae0 0x7fc054104c80 secure :-1 s=READY pgs=57 cs=0 l=1 rev1=1 crypto rx=0x7fc04c009840 tx=0x7fc04c0091d0 comp rx=0 tx=0).stop
2024-09-16T01:57:26.681 INFO:teuthology.orchestra.run.smithi110.stdout:/usr/bin/ceph: stderr
2024-09-16T01:57:25.826+0000 7fc05ba3c640 1 -- 172.21.15.110:0/4058875918 shutdown_connections
2024-09-16T01:57:26.681 INFO:teuthology.orchestra.run.smithi110.stdout:/usr/bin/ceph: stderr
2024-09-16T01:57:25.826+0000 7fc05ba3c640 1 --2- 172.21.15.110:0/4058875918 >> [v2:172.21.15.110:3300/0,v1:172.21.15.110:6789/0] conn(0x7fc054076ae0 0x7fc054104c80 unknown :-1 s=CLOSED pgs=57 cs=0 l=1 rev1=1 crypto rx=0 tx=0 comp rx=0 tx=0).stop
2024-09-16T01:57:26.681 INFO:teuthology.orchestra.run.smithi110.stdout:/usr/bin/ceph: stderr
2024-09-16T01:57:25.826+0000 7fc05ba3c640 1 -- 172.21.15.110:0/4058875918 >> 172.21.15.110:0/4058875918 conn(0x7fc0540fc730 msgr2=0x7fc0540feb40 unknown :-1 s=STATE_NONE l=0).mark_down
2024-09-16T01:57:26.681 INFO:teuthology.orchestra.run.smithi110.stdout:/usr/bin/ceph: stderr
2024-09-16T01:57:25.826+0000 7fc05ba3c640 1 -- 172.21.15.110:0/4058875918 shutdown_connections
2024-09-16T01:57:26.681 INFO:teuthology.orchestra.run.smithi110.stdout:/usr/bin/ceph: stderr
2024-09-16T01:57:25.826+0000 7fc05ba3c640 1 -- 172.21.15.110:0/4058875918 wait complete.
2024-09-16T01:57:26.682 INFO:teuthology.orchestra.run.smithi110.stdout:/usr/bin/ceph: stderr
2024-09-16T01:57:25.827+0000 7fc05ba3c640 1 Processor -- start
2024-09-16T01:57:26.682 INFO:teuthology.orchestra.run.smithi110.stdout:/usr/bin/ceph: stderr
2024-09-16T01:57:25.827+0000 7fc05ba3c640 1 -- start start
2024-09-16T01:57:26.682 INFO:teuthology.orchestra.run.smithi110.stdout:/usr/bin/ceph: stderr
2024-09-16T01:57:25.827+0000 7fc05ba3c640 1 --2- >> [v2:172.21.15.110:3300/0,v1:172.21.15.110:6789/0] conn(0x7fc054076ae0 0x7fc054110e40 unknown :-1 s=NONE pgs=0 cs=0 l=1 rev1=0 crypto rx=0 tx=0 comp rx=0 tx=0).connect
2024-09-16T01:57:26.682 INFO:teuthology.orchestra.run.smithi110.stdout:/usr/bin/ceph: stderr
2024-09-16T01:57:25.827+0000 7fc05ba3c640 1 -- --> [v2:172.21.15.110:3300/0,v1:172.21.15.110:6789/0] -- mon_getmap magic: 0 v1 -- 0x7fc054111380 con 0x7fc054076ae0
2024-09-16T01:57:26.682 INFO:teuthology.orchestra.run.smithi110.stdout:/usr/bin/ceph: stderr
2024-09-16T01:57:25.827+0000 7fc0597d8640 1 --2- >> [v2:172.21.15.110:3300/0,v1:172.21.15.110:6789/0] conn(0x7fc054076ae0 0x7fc054110e40 unknown :-1 s=BANNER_CONNECTING pgs=0 cs=0 l=1 rev1=0 crypto rx=0 tx=0 comp rx=0 tx=0)._handle_peer_banner_payload supported=3 required=0
2024-09-16T01:57:26.682 INFO:teuthology.orchestra.run.smithi110.stdout:/usr/bin/ceph: stderr
2024-09-16T01:57:25.827+0000 7fc0597d8640 1 --2- >> [v2:172.21.15.110:3300/0,v1:172.21.15.110:6789/0] conn(0x7fc054076ae0 0x7fc054110e40 unknown :-1 s=HELLO_CONNECTING pgs=0 cs=0 l=1 rev1=1 crypto rx=0 tx=0 comp rx=0 tx=0).handle_hello peer v2:172.21.15.110:3300/0 says I am v2:172.21.15.110:38798/0 (socket says 172.21.15.110:38798)
2024-09-16T01:57:26.682 INFO:teuthology.orchestra.run.smithi110.stdout:/usr/bin/ceph: stderr
2024-09-16T01:57:25.827+0000 7fc0597d8640 1 -- 172.21.15.110:0/4233125524 learned_addr learned my addr 172.21.15.110:0/4233125524 (peer_addr_for_me v2:172.21.15.110:0/0)
2024-09-16T01:57:26.682 INFO:teuthology.orchestra.run.smithi110.stdout:/usr/bin/ceph: stderr
2024-09-16T01:57:25.827+0000 7fc0597d8640 1 -- 172.21.15.110:0/4233125524 --> [v2:172.21.15.110:3300/0,v1:172.21.15.110:6789/0] -- mon_subscribe({config=0+,monmap=0+}) v3 -- 0x7fc04c009450 con 0x7fc054076ae0
2024-09-16T01:57:26.682 INFO:teuthology.orchestra.run.smithi110.stdout:/usr/bin/ceph: stderr
2024-09-16T01:57:25.828+0000 7fc0597d8640 1 --2- 172.21.15.110:0/4233125524 >> [v2:172.21.15.110:3300/0,v1:172.21.15.110:6789/0] conn(0x7fc054076ae0 0x7fc054110e40 secure :-1 s=READY pgs=58 cs=0 l=1 rev1=1 crypto rx=0x7fc04c031750 tx=0x7fc04c0091d0 comp rx=0 tx=0).ready entity=mon.0 client_cookie=0 server_cookie=0 in_seq=0 out_seq=0
2024-09-16T01:57:26.682 INFO:teuthology.orchestra.run.smithi110.stdout:/usr/bin/ceph: stderr
2024-09-16T01:57:25.828+0000 7fc051ffb640 1 -- 172.21.15.110:0/4233125524 <== mon.0 v2:172.21.15.110:3300/0 1 ==== mon_map magic: 0 v1 ==== 229+0+0 (secure 0 0 0) 0x7fc04c03c400 con 0x7fc054076ae0
2024-09-16T01:57:26.682 INFO:teuthology.orchestra.run.smithi110.stdout:/usr/bin/ceph: stderr
2024-09-16T01:57:25.828+0000 7fc051ffb640 1 -- 172.21.15.110:0/4233125524 <== mon.0 v2:172.21.15.110:3300/0 2 ==== config(26 keys) v1 ==== 1070+0+0 (secure 0 0 0) 0x7fc04c03ca00 con 0x7fc054076ae0
2024-09-16T01:57:26.682 INFO:teuthology.orchestra.run.smithi110.stdout:/usr/bin/ceph: stderr
2024-09-16T01:57:25.828+0000 7fc05ba3c640 1 -- 172.21.15.110:0/4233125524 --> [v2:172.21.15.110:3300/0,v1:172.21.15.110:6789/0] -- mon_subscribe({mgrmap=0+}) v3 -- 0x7fc054111580 con 0x7fc054076ae0
2024-09-16T01:57:26.682 INFO:teuthology.orchestra.run.smithi110.stdout:/usr/bin/ceph: stderr
2024-09-16T01:57:25.828+0000 7fc051ffb640 1 -- 172.21.15.110:0/4233125524 <== mon.0 v2:172.21.15.110:3300/0 3 ==== mon_map magic: 0 v1 ==== 229+0+0 (secure 0 0 0) 0x7fc04c03a880 con 0x7fc054076ae0
2024-09-16T01:57:26.683 INFO:teuthology.orchestra.run.smithi110.stdout:/usr/bin/ceph: stderr
2024-09-16T01:57:25.828+0000 7fc05ba3c640 1 -- 172.21.15.110:0/4233125524 --> [v2:172.21.15.110:3300/0,v1:172.21.15.110:6789/0] -- mon_subscribe({osdmap=0}) v3 -- 0x7fc054111fd0 con 0x7fc054076ae0
2024-09-16T01:57:26.683 INFO:teuthology.orchestra.run.smithi110.stdout:/usr/bin/ceph: stderr
2024-09-16T01:57:25.829+0000 7fc051ffb640 1 -- 172.21.15.110:0/4233125524 <== mon.0 v2:172.21.15.110:3300/0 4 ==== mgrmap(e 8) v1 ==== 45507+0+0 (secure 0 0 0) 0x7fc04c03a9e0 con 0x7fc054076ae0
2024-09-16T01:57:26.683 INFO:teuthology.orchestra.run.smithi110.stdout:/usr/bin/ceph: stderr
2024-09-16T01:57:25.829+0000 7fc051ffb640 1 --2- 172.21.15.110:0/4233125524 >> [v2:172.21.15.110:6800/3914114363,v1:172.21.15.110:6801/3914114363] conn(0x7fc03c0394e0 0x7fc03c03b990 unknown :-1 s=NONE pgs=0 cs=0 l=1 rev1=0 crypto rx=0 tx=0 comp rx=0 tx=0).connect
2024-09-16T01:57:26.683 INFO:teuthology.orchestra.run.smithi110.stdout:/usr/bin/ceph: stderr
2024-09-16T01:57:25.829+0000 7fc05ba3c640 1 -- 172.21.15.110:0/4233125524 --> [v2:172.21.15.110:3300/0,v1:172.21.15.110:6789/0] -- mon_command({"prefix": "get_command_descriptions"} v 0) v1 -- 0x7fc054100390 con 0x7fc054076ae0
2024-09-16T01:57:26.683 INFO:teuthology.orchestra.run.smithi110.stdout:/usr/bin/ceph: stderr
2024-09-16T01:57:25.829+0000 7fc051ffb640 1 -- 172.21.15.110:0/4233125524 <== mon.0 v2:172.21.15.110:3300/0 5 ==== osd_map(2..2 src has 1..2) v4 ==== 936+0+0 (secure 0 0 0) 0x7fc04c06ce50 con 0x7fc054076ae0
2024-09-16T01:57:26.683 INFO:teuthology.orchestra.run.smithi110.stdout:/usr/bin/ceph: stderr
2024-09-16T01:57:25.829+0000 7fc058fd7640 1 --2- 172.21.15.110:0/4233125524 >> [v2:172.21.15.110:6800/3914114363,v1:172.21.15.110:6801/3914114363] conn(0x7fc03c0394e0 0x7fc03c03b990 unknown :-1 s=BANNER_CONNECTING pgs=0 cs=0 l=1 rev1=0 crypto rx=0 tx=0 comp rx=0 tx=0)._handle_peer_banner_payload supported=3 required=0
2024-09-16T01:57:26.683 INFO:teuthology.orchestra.run.smithi110.stdout:/usr/bin/ceph: stderr
2024-09-16T01:57:25.830+0000 7fc058fd7640 1 --2- 172.21.15.110:0/4233125524 >> [v2:172.21.15.110:6800/3914114363,v1:172.21.15.110:6801/3914114363] conn(0x7fc03c0394e0 0x7fc03c03b990 secure :-1 s=READY pgs=19 cs=0 l=1 rev1=1 crypto rx=0x7fc048006fd0 tx=0x7fc048006db0 comp rx=0 tx=0).ready entity=mgr.14116 client_cookie=0 server_cookie=0 in_seq=0 out_seq=0
2024-09-16T01:57:26.683 INFO:teuthology.orchestra.run.smithi110.stdout:/usr/bin/ceph: stderr
2024-09-16T01:57:25.834+0000 7fc051ffb640 1 -- 172.21.15.110:0/4233125524 <== mon.0 v2:172.21.15.110:3300/0 6 ==== mon_command_ack([{"prefix": "get_command_descriptions"}]=0 v0) v1 ==== 72+0+176781 (secure 0 0 0) 0x7fc04c037070 con 0x7fc054076ae0
2024-09-16T01:57:26.683 INFO:teuthology.orchestra.run.smithi110.stdout:/usr/bin/ceph: stderr
2024-09-16T01:57:25.987+0000 7fc05ba3c640 1 -- 172.21.15.110:0/4233125524 --> [v2:172.21.15.110:3300/0,v1:172.21.15.110:6789/0] -- mon_command([{prefix=config set, name=mgr/cephadm/container_init}] v 0) v1 -- 0x7fc05404b720 con 0x7fc054076ae0
2024-09-16T01:57:26.683 INFO:teuthology.orchestra.run.smithi110.stdout:/usr/bin/ceph: stderr
2024-09-16T01:57:25.990+0000 7fc051ffb640 1 -- 172.21.15.110:0/4233125524 <== mon.0 v2:172.21.15.110:3300/0 7 ==== mon_command_ack([{prefix=config set, name=mgr/cephadm/container_init}]=0 v7)=0 v7) v1 ==== 142+0+0 (secure 0 0 0) 0x7fc04c030570 con 0x7fc054076ae0
2024-09-16T01:57:26.684 INFO:teuthology.orchestra.run.smithi110.stdout:/usr/bin/ceph: stderr
2024-09-16T01:57:25.992+0000 7fc05ba3c640 1 -- 172.21.15.110:0/4233125524 >> [v2:172.21.15.110:6800/3914114363,v1:172.21.15.110:6801/3914114363] conn(0x7fc03c0394e0 msgr2=0x7fc03c03b990 secure :-1 s=STATE_CONNECTION_ESTABLISHED l=1).mark_down
2024-09-16T01:57:26.684 INFO:teuthology.orchestra.run.smithi110.stdout:/usr/bin/ceph: stderr
2024-09-16T01:57:25.992+0000 7fc05ba3c640 1 --2- 172.21.15.110:0/4233125524 >> [v2:172.21.15.110:6800/3914114363,v1:172.21.15.110:6801/3914114363] conn(0x7fc03c0394e0 0x7fc03c03b990 secure :-1 s=READY pgs=19 cs=0 l=1 rev1=1 crypto rx=0x7fc048006fd0 tx=0x7fc048006db0 comp rx=0 tx=0).stop
2024-09-16T01:57:26.684 INFO:teuthology.orchestra.run.smithi110.stdout:/usr/bin/ceph: stderr
2024-09-16T01:57:25.992+0000 7fc05ba3c640 1 -- 172.21.15.110:0/4233125524 >> [v2:172.21.15.110:3300/0,v1:172.21.15.110:6789/0] conn(0x7fc054076ae0 msgr2=0x7fc054110e40 secure :-1 s=STATE_CONNECTION_ESTABLISHED l=1).mark_down
2024-09-16T01:57:26.684 INFO:teuthology.orchestra.run.smithi110.stdout:/usr/bin/ceph: stderr
2024-09-16T01:57:25.992+0000 7fc05ba3c640 1 --2- 172.21.15.110:0/4233125524 >> [v2:172.21.15.110:3300/0,v1:172.21.15.110:6789/0] conn(0x7fc054076ae0 0x7fc054110e40 secure :-1 s=READY pgs=58 cs=0 l=1 rev1=1 crypto rx=0x7fc04c031750 tx=0x7fc04c0091d0 comp rx=0 tx=0).stop
2024-09-16T01:57:26.684 INFO:teuthology.orchestra.run.smithi110.stdout:/usr/bin/ceph: stderr
2024-09-16T01:57:25.992+0000 7fc05ba3c640 1 -- 172.21.15.110:0/4233125524 shutdown_connections
2024-09-16T01:57:26.684 INFO:teuthology.orchestra.run.smithi110.stdout:/usr/bin/ceph: stderr
2024-09-16T01:57:25.992+0000 7fc05ba3c640 1 --2- 172.21.15.110:0/4233125524 >> [v2:172.21.15.110:6800/3914114363,v1:172.21.15.110:6801/3914114363] conn(0x7fc03c0394e0 0x7fc03c03b990 unknown :-1 s=CLOSED pgs=19 cs=0 l=1 rev1=1 crypto rx=0 tx=0 comp rx=0 tx=0).stop
2024-09-16T01:57:26.684 INFO:teuthology.orchestra.run.smithi110.stdout:/usr/bin/ceph: stderr
2024-09-16T01:57:25.992+0000 7fc05ba3c640 1 --2- 172.21.15.110:0/4233125524 >> [v2:172.21.15.110:3300/0,v1:172.21.15.110:6789/0] conn(0x7fc054076ae0 0x7fc054110e40 unknown :-1 s=CLOSED pgs=58 cs=0 l=1 rev1=1 crypto rx=0 tx=0 comp rx=0 tx=0).stop
2024-09-16T01:57:26.684 INFO:teuthology.orchestra.run.smithi110.stdout:/usr/bin/ceph: stderr
2024-09-16T01:57:25.992+0000 7fc05ba3c640 1 -- 172.21.15.110:0/4233125524 >> 172.21.15.110:0/4233125524 conn(0x7fc0540fc730 msgr2=0x7fc0540fd2d0 unknown :-1 s=STATE_NONE l=0).mark_down
2024-09-16T01:57:26.684 INFO:teuthology.orchestra.run.smithi110.stdout:/usr/bin/ceph: stderr
2024-09-16T01:57:25.992+0000 7fc05ba3c640 1 -- 172.21.15.110:0/4233125524 shutdown_connections
2024-09-16T01:57:26.684 INFO:teuthology.orchestra.run.smithi110.stdout:/usr/bin/ceph: stderr
2024-09-16T01:57:25.992+0000 7fc05ba3c640 1 -- 172.21.15.110:0/4233125524 wait complete.
2024-09-16T01:57:26.916 INFO:journalctl@ceph.mon.smithi110.smithi110.stdout:Sep 16 01:57:26 smithi110 ceph-mon[27634]: from='client.14150 -' entity='client.admin' cmd=[{"prefix": "orch apply", "service_type": "alertmanager", "target": ["mon-mgr", ""]}]: dispatch
2024-09-16T01:57:26.916 INFO:journalctl@ceph.mon.smithi110.smithi110.stdout:Sep 16 01:57:26 smithi110 ceph-mon[27634]: Saving service alertmanager spec with placement count:1
2024-09-16T01:57:26.916 INFO:journalctl@ceph.mon.smithi110.smithi110.stdout:Sep 16 01:57:26 smithi110 ceph-mon[27634]: from='client.? 172.21.15.110:0/4233125524' entity='client.admin'
2024-09-16T01:57:27.862 INFO:journalctl@ceph.mon.smithi110.smithi110.stdout:Sep 16 01:57:27 smithi110 ceph-mon[27634]: pgmap v4: 0 pgs: ; 0 B data, 0 B used, 0 B / 0 B avail
2024-09-16T01:57:27.862 INFO:journalctl@ceph.mon.smithi110.smithi110.stdout:Sep 16 01:57:27 smithi110 ceph-mon[27634]: from='client.? 172.21.15.110:0/4182132326' entity='client.admin'
2024-09-16T01:57:27.870 INFO:teuthology.orchestra.run.smithi110.stdout:/usr/bin/ceph: stderr
2024-09-16T01:57:27.083+0000 7f7043246640 1 Processor -- start
2024-09-16T01:57:27.870 INFO:teuthology.orchestra.run.smithi110.stdout:/usr/bin/ceph: stderr
2024-09-16T01:57:27.083+0000 7f7043246640 1 -- start start
2024-09-16T01:57:27.870 INFO:teuthology.orchestra.run.smithi110.stdout:/usr/bin/ceph: stderr
2024-09-16T01:57:27.083+0000 7f7043246640 1 --2- >> [v2:172.21.15.110:3300/0,v1:172.21.15.110:6789/0] conn(0x7f703c076b70 0x7f703c104b80 unknown :-1 s=NONE pgs=0 cs=0 l=0 rev1=0 crypto rx=0 tx=0 comp rx=0 tx=0).connect
2024-09-16T01:57:27.871 INFO:teuthology.orchestra.run.smithi110.stdout:/usr/bin/ceph: stderr
2024-09-16T01:57:27.083+0000 7f7043246640 1 -- --> [v2:172.21.15.110:3300/0,v1:172.21.15.110:6789/0] -- mon_getmap magic: 0 v1 -- 0x7f703c1050c0 con 0x7f703c076b70
2024-09-16T01:57:27.871 INFO:teuthology.orchestra.run.smithi110.stdout:/usr/bin/ceph: stderr
2024-09-16T01:57:27.084+0000 7f7040fe2640 1 --2- >> [v2:172.21.15.110:3300/0,v1:172.21.15.110:6789/0] conn(0x7f703c076b70 0x7f703c104b80 unknown :-1 s=BANNER_CONNECTING pgs=0 cs=0 l=0 rev1=0 crypto rx=0 tx=0 comp rx=0 tx=0)._handle_peer_banner_payload supported=3 required=0
2024-09-16T01:57:27.871 INFO:teuthology.orchestra.run.smithi110.stdout:/usr/bin/ceph: stderr
2024-09-16T01:57:27.084+0000 7f7040fe2640 1 --2- >> [v2:172.21.15.110:3300/0,v1:172.21.15.110:6789/0] conn(0x7f703c076b70 0x7f703c104b80 unknown :-1 s=HELLO_CONNECTING pgs=0 cs=0 l=0 rev1=1 crypto rx=0 tx=0 comp rx=0 tx=0).handle_hello peer v2:172.21.15.110:3300/0 says I am v2:172.21.15.110:38814/0 (socket says 172.21.15.110:38814)
2024-09-16T01:57:27.871 INFO:teuthology.orchestra.run.smithi110.stdout:/usr/bin/ceph: stderr
2024-09-16T01:57:27.084+0000 7f7040fe2640 1 -- 172.21.15.110:0/4279052859 learned_addr learned my addr 172.21.15.110:0/4279052859 (peer_addr_for_me v2:172.21.15.110:0/0)
2024-09-16T01:57:27.871 INFO:teuthology.orchestra.run.smithi110.stdout:/usr/bin/ceph: stderr
2024-09-16T01:57:27.084+0000 7f7040fe2640 1 -- 172.21.15.110:0/4279052859 --> [v2:172.21.15.110:3300/0,v1:172.21.15.110:6789/0] -- mon_subscribe({config=0+,monmap=0+}) v3 -- 0x7f703c105200 con 0x7f703c076b70
2024-09-16T01:57:27.871 INFO:teuthology.orchestra.run.smithi110.stdout:/usr/bin/ceph: stderr
2024-09-16T01:57:27.085+0000 7f7040fe2640 1 --2- 172.21.15.110:0/4279052859 >> [v2:172.21.15.110:3300/0,v1:172.21.15.110:6789/0] conn(0x7f703c076b70 0x7f703c104b80 secure :-1 s=READY pgs=59 cs=0 l=1 rev1=1 crypto rx=0x7f702c009e50 tx=0x7f702c009840 comp rx=0 tx=0).ready entity=mon.0 client_cookie=49315eeeebdb0fc3 server_cookie=0 in_seq=0 out_seq=0
2024-09-16T01:57:27.871 INFO:teuthology.orchestra.run.smithi110.stdout:/usr/bin/ceph: stderr
2024-09-16T01:57:27.085+0000 7f703b7fe640 1 -- 172.21.15.110:0/4279052859 <== mon.0 v2:172.21.15.110:3300/0 1 ==== mon_map magic: 0 v1 ==== 229+0+0 (secure 0 0 0) 0x7f702c031560 con 0x7f703c076b70
2024-09-16T01:57:27.871 INFO:teuthology.orchestra.run.smithi110.stdout:/usr/bin/ceph: stderr
2024-09-16T01:57:27.085+0000 7f703b7fe640 1 -- 172.21.15.110:0/4279052859 <== mon.0 v2:172.21.15.110:3300/0 2 ==== config(26 keys) v1 ==== 1070+0+0 (secure 0 0 0) 0x7f702c02d050 con 0x7f703c076b70
2024-09-16T01:57:27.871 INFO:teuthology.orchestra.run.smithi110.stdout:/usr/bin/ceph: stderr
2024-09-16T01:57:27.085+0000 7f703b7fe640 1 -- 172.21.15.110:0/4279052859 <== mon.0 v2:172.21.15.110:3300/0 3 ==== mon_map magic: 0 v1 ==== 229+0+0 (secure 0 0 0) 0x7f702c007a60 con 0x7f703c076b70
2024-09-16T01:57:27.871 INFO:teuthology.orchestra.run.smithi110.stdout:/usr/bin/ceph: stderr
2024-09-16T01:57:27.085+0000 7f7043246640 1 -- 172.21.15.110:0/4279052859 >> [v2:172.21.15.110:3300/0,v1:172.21.15.110:6789/0] conn(0x7f703c076b70 msgr2=0x7f703c104b80 secure :-1 s=STATE_CONNECTION_ESTABLISHED l=1).mark_down
2024-09-16T01:57:27.871 INFO:teuthology.orchestra.run.smithi110.stdout:/usr/bin/ceph: stderr
2024-09-16T01:57:27.085+0000 7f7043246640 1 --2- 172.21.15.110:0/4279052859 >> [v2:172.21.15.110:3300/0,v1:172.21.15.110:6789/0] conn(0x7f703c076b70 0x7f703c104b80 secure :-1 s=READY pgs=59 cs=0 l=1 rev1=1 crypto rx=0x7f702c009e50 tx=0x7f702c009840 comp rx=0 tx=0).stop
2024-09-16T01:57:27.871 INFO:teuthology.orchestra.run.smithi110.stdout:/usr/bin/ceph: stderr
2024-09-16T01:57:27.085+0000 7f7043246640 1 -- 172.21.15.110:0/4279052859 shutdown_connections
2024-09-16T01:57:27.871 INFO:teuthology.orchestra.run.smithi110.stdout:/usr/bin/ceph: stderr
2024-09-16T01:57:27.085+0000 7f7043246640 1 --2- 172.21.15.110:0/4279052859 >> [v2:172.21.15.110:3300/0,v1:172.21.15.110:6789/0] conn(0x7f703c076b70 0x7f703c104b80 unknown :-1 s=CLOSED pgs=59 cs=0 l=1 rev1=1 crypto rx=0 tx=0 comp rx=0 tx=0).stop
2024-09-16T01:57:27.872 INFO:teuthology.orchestra.run.smithi110.stdout:/usr/bin/ceph: stderr
2024-09-16T01:57:27.085+0000 7f7043246640 1 -- 172.21.15.110:0/4279052859 >> 172.21.15.110:0/4279052859 conn(0x7f703c0fc6d0 msgr2=0x7f703c0feb20 unknown :-1 s=STATE_NONE l=0).mark_down
2024-09-16T01:57:27.872 INFO:teuthology.orchestra.run.smithi110.stdout:/usr/bin/ceph: stderr
2024-09-16T01:57:27.085+0000 7f7043246640 1 -- 172.21.15.110:0/4279052859 shutdown_connections
2024-09-16T01:57:27.872 INFO:teuthology.orchestra.run.smithi110.stdout:/usr/bin/ceph: stderr
2024-09-16T01:57:27.085+0000 7f7043246640 1 -- 172.21.15.110:0/4279052859 wait complete.
2024-09-16T01:57:27.872 INFO:teuthology.orchestra.run.smithi110.stdout:/usr/bin/ceph: stderr
2024-09-16T01:57:27.086+0000 7f7043246640 1 Processor -- start
2024-09-16T01:57:27.872 INFO:teuthology.orchestra.run.smithi110.stdout:/usr/bin/ceph: stderr
2024-09-16T01:57:27.086+0000 7f7043246640 1 -- start start
2024-09-16T01:57:27.872 INFO:teuthology.orchestra.run.smithi110.stdout:/usr/bin/ceph: stderr
2024-09-16T01:57:27.086+0000 7f7043246640 1 --2- >> [v2:172.21.15.110:3300/0,v1:172.21.15.110:6789/0] conn(0x7f703c076b70 0x7f703c110e40 unknown :-1 s=NONE pgs=0 cs=0 l=1 rev1=0 crypto rx=0 tx=0 comp rx=0 tx=0).connect
2024-09-16T01:57:27.872 INFO:teuthology.orchestra.run.smithi110.stdout:/usr/bin/ceph: stderr
2024-09-16T01:57:27.086+0000 7f7043246640 1 -- --> [v2:172.21.15.110:3300/0,v1:172.21.15.110:6789/0] -- mon_getmap magic: 0 v1 -- 0x7f703c111380 con 0x7f703c076b70
2024-09-16T01:57:27.872 INFO:teuthology.orchestra.run.smithi110.stdout:/usr/bin/ceph: stderr
2024-09-16T01:57:27.086+0000 7f7040fe2640 1 --2- >> [v2:172.21.15.110:3300/0,v1:172.21.15.110:6789/0] conn(0x7f703c076b70 0x7f703c110e40 unknown :-1 s=BANNER_CONNECTING pgs=0 cs=0 l=1 rev1=0 crypto rx=0 tx=0 comp rx=0 tx=0)._handle_peer_banner_payload supported=3 required=0
2024-09-16T01:57:27.872 INFO:teuthology.orchestra.run.smithi110.stdout:/usr/bin/ceph: stderr
2024-09-16T01:57:27.086+0000 7f7040fe2640 1 --2- >> [v2:172.21.15.110:3300/0,v1:172.21.15.110:6789/0] conn(0x7f703c076b70 0x7f703c110e40 unknown :-1 s=HELLO_CONNECTING pgs=0 cs=0 l=1 rev1=1 crypto rx=0 tx=0 comp rx=0 tx=0).handle_hello peer v2:172.21.15.110:3300/0 says I am v2:172.21.15.110:38826/0 (socket says 172.21.15.110:38826)
2024-09-16T01:57:27.872 INFO:teuthology.orchestra.run.smithi110.stdout:/usr/bin/ceph: stderr
2024-09-16T01:57:27.086+0000 7f7040fe2640 1 -- 172.21.15.110:0/4182132326 learned_addr learned my addr 172.21.15.110:0/4182132326 (peer_addr_for_me v2:172.21.15.110:0/0)
2024-09-16T01:57:27.872 INFO:teuthology.orchestra.run.smithi110.stdout:/usr/bin/ceph: stderr
2024-09-16T01:57:27.087+0000 7f7040fe2640 1 -- 172.21.15.110:0/4182132326 --> [v2:172.21.15.110:3300/0,v1:172.21.15.110:6789/0] -- mon_subscribe({config=0+,monmap=0+}) v3 -- 0x7f702c009ae0 con 0x7f703c076b70
2024-09-16T01:57:27.872 INFO:teuthology.orchestra.run.smithi110.stdout:/usr/bin/ceph: stderr
2024-09-16T01:57:27.087+0000 7f7040fe2640 1 --2- 172.21.15.110:0/4182132326 >> [v2:172.21.15.110:3300/0,v1:172.21.15.110:6789/0] conn(0x7f703c076b70 0x7f703c110e40 secure :-1 s=READY pgs=60 cs=0 l=1 rev1=1 crypto rx=0x7f702c02ac70 tx=0x7f702c009840 comp rx=0 tx=0).ready entity=mon.0 client_cookie=0 server_cookie=0 in_seq=0 out_seq=0
2024-09-16T01:57:27.872 INFO:teuthology.orchestra.run.smithi110.stdout:/usr/bin/ceph: stderr
2024-09-16T01:57:27.087+0000 7f70397fa640 1 -- 172.21.15.110:0/4182132326 <== mon.0 v2:172.21.15.110:3300/0 1 ==== mon_map magic: 0 v1 ==== 229+0+0 (secure 0 0 0) 0x7f702c031bc0 con 0x7f703c076b70
2024-09-16T01:57:27.873 INFO:teuthology.orchestra.run.smithi110.stdout:/usr/bin/ceph: stderr
2024-09-16T01:57:27.087+0000 7f70397fa640 1 -- 172.21.15.110:0/4182132326 <== mon.0 v2:172.21.15.110:3300/0 2 ==== config(26 keys) v1 ==== 1070+0+0 (secure 0 0 0) 0x7f702c031d20 con 0x7f703c076b70
2024-09-16T01:57:27.873 INFO:teuthology.orchestra.run.smithi110.stdout:/usr/bin/ceph: stderr
2024-09-16T01:57:27.087+0000 7f7043246640 1 -- 172.21.15.110:0/4182132326 --> [v2:172.21.15.110:3300/0,v1:172.21.15.110:6789/0] -- mon_subscribe({mgrmap=0+}) v3 -- 0x7f703c111580 con 0x7f703c076b70
2024-09-16T01:57:27.873 INFO:teuthology.orchestra.run.smithi110.stdout:/usr/bin/ceph: stderr
2024-09-16T01:57:27.087+0000 7f70397fa640 1 -- 172.21.15.110:0/4182132326 <== mon.0 v2:172.21.15.110:3300/0 3 ==== mon_map magic: 0 v1 ==== 229+0+0 (secure 0 0 0) 0x7f702c045570 con 0x7f703c076b70
2024-09-16T01:57:27.873 INFO:teuthology.orchestra.run.smithi110.stdout:/usr/bin/ceph: stderr
2024-09-16T01:57:27.087+0000 7f7043246640 1 -- 172.21.15.110:0/4182132326 --> [v2:172.21.15.110:3300/0,v1:172.21.15.110:6789/0] -- mon_subscribe({osdmap=0}) v3 -- 0x7f703c111fd0 con 0x7f703c076b70
2024-09-16T01:57:27.873 INFO:teuthology.orchestra.run.smithi110.stdout:/usr/bin/ceph: stderr
2024-09-16T01:57:27.088+0000 7f70397fa640 1 -- 172.21.15.110:0/4182132326 <== mon.0 v2:172.21.15.110:3300/0 4 ==== mgrmap(e 8) v1 ==== 45507+0+0 (secure 0 0 0) 0x7f702c038050 con 0x7f703c076b70
2024-09-16T01:57:27.873 INFO:teuthology.orchestra.run.smithi110.stdout:/usr/bin/ceph: stderr
2024-09-16T01:57:27.088+0000 7f70397fa640 1 --2- 172.21.15.110:0/4182132326 >> [v2:172.21.15.110:6800/3914114363,v1:172.21.15.110:6801/3914114363] conn(0x7f7028039490 0x7f702803b940 unknown :-1 s=NONE pgs=0 cs=0 l=1 rev1=0 crypto rx=0 tx=0 comp rx=0 tx=0).connect
2024-09-16T01:57:27.873 INFO:teuthology.orchestra.run.smithi110.stdout:/usr/bin/ceph: stderr
2024-09-16T01:57:27.088+0000 7f70397fa640 1 -- 172.21.15.110:0/4182132326 <== mon.0 v2:172.21.15.110:3300/0 5 ==== osd_map(2..2 src has 1..2) v4 ==== 936+0+0 (secure 0 0 0) 0x7f702c06ccb0 con 0x7f703c076b70
2024-09-16T01:57:27.873 INFO:teuthology.orchestra.run.smithi110.stdout:/usr/bin/ceph: stderr
2024-09-16T01:57:27.088+0000 7f7043246640 1 -- 172.21.15.110:0/4182132326 --> [v2:172.21.15.110:3300/0,v1:172.21.15.110:6789/0] -- mon_command({"prefix": "get_command_descriptions"} v 0) v1 -- 0x7f703c1002f0 con 0x7f703c076b70
2024-09-16T01:57:27.873 INFO:teuthology.orchestra.run.smithi110.stdout:/usr/bin/ceph: stderr
2024-09-16T01:57:27.088+0000 7f703bfff640 1 --2- 172.21.15.110:0/4182132326 >> [v2:172.21.15.110:6800/3914114363,v1:172.21.15.110:6801/3914114363] conn(0x7f7028039490 0x7f702803b940 unknown :-1 s=BANNER_CONNECTING pgs=0 cs=0 l=1 rev1=0 crypto rx=0 tx=0 comp rx=0 tx=0)._handle_peer_banner_payload supported=3 required=0
2024-09-16T01:57:27.874 INFO:teuthology.orchestra.run.smithi110.stdout:/usr/bin/ceph: stderr
2024-09-16T01:57:27.088+0000 7f703bfff640 1 --2- 172.21.15.110:0/4182132326 >> [v2:172.21.15.110:6800/3914114363,v1:172.21.15.110:6801/3914114363] conn(0x7f7028039490 0x7f702803b940 secure :-1 s=READY pgs=20 cs=0 l=1 rev1=1 crypto rx=0x7f7024006fd0 tx=0x7f7024006db0 comp rx=0 tx=0).ready entity=mgr.14116 client_cookie=0 server_cookie=0 in_seq=0 out_seq=0
2024-09-16T01:57:27.874 INFO:teuthology.orchestra.run.smithi110.stdout:/usr/bin/ceph: stderr
2024-09-16T01:57:27.092+0000 7f70397fa640 1 -- 172.21.15.110:0/4182132326 <== mon.0 v2:172.21.15.110:3300/0 6 ==== mon_command_ack([{"prefix": "get_command_descriptions"}]=0 v0) v1 ==== 72+0+176781 (secure 0 0 0) 0x7f702c041020 con 0x7f703c076b70
2024-09-16T01:57:27.874 INFO:teuthology.orchestra.run.smithi110.stdout:/usr/bin/ceph: stderr
2024-09-16T01:57:27.248+0000 7f7043246640 1 -- 172.21.15.110:0/4182132326 --> [v2:172.21.15.110:3300/0,v1:172.21.15.110:6789/0] -- mon_command([{prefix=config set, name=mgr/dashboard/ssl_server_port}] v 0) v1 -- 0x7f703c04b720 con 0x7f703c076b70
2024-09-16T01:57:27.874 INFO:teuthology.orchestra.run.smithi110.stdout:/usr/bin/ceph: stderr
2024-09-16T01:57:27.251+0000 7f70397fa640 1 -- 172.21.15.110:0/4182132326 <== mon.0 v2:172.21.15.110:3300/0 7 ==== mon_command_ack([{prefix=config set, name=mgr/dashboard/ssl_server_port}]=0 v8)=0 v8) v1 ==== 130+0+0 (secure 0 0 0) 0x7f702c036070 con 0x7f703c076b70
2024-09-16T01:57:27.874 INFO:teuthology.orchestra.run.smithi110.stdout:/usr/bin/ceph: stderr
2024-09-16T01:57:27.253+0000 7f7043246640 1 -- 172.21.15.110:0/4182132326 >> [v2:172.21.15.110:6800/3914114363,v1:172.21.15.110:6801/3914114363] conn(0x7f7028039490 msgr2=0x7f702803b940 secure :-1 s=STATE_CONNECTION_ESTABLISHED l=1).mark_down
2024-09-16T01:57:27.874 INFO:teuthology.orchestra.run.smithi110.stdout:/usr/bin/ceph: stderr
2024-09-16T01:57:27.253+0000 7f7043246640 1 --2- 172.21.15.110:0/4182132326 >> [v2:172.21.15.110:6800/3914114363,v1:172.21.15.110:6801/3914114363] conn(0x7f7028039490 0x7f702803b940 secure :-1 s=READY pgs=20 cs=0 l=1 rev1=1 crypto rx=0x7f7024006fd0 tx=0x7f7024006db0 comp rx=0 tx=0).stop
2024-09-16T01:57:27.874 INFO:teuthology.orchestra.run.smithi110.stdout:/usr/bin/ceph: stderr
2024-09-16T01:57:27.253+0000 7f7043246640 1 -- 172.21.15.110:0/4182132326 >> [v2:172.21.15.110:3300/0,v1:172.21.15.110:6789/0] conn(0x7f703c076b70 msgr2=0x7f703c110e40 secure :-1 s=STATE_CONNECTION_ESTABLISHED l=1).mark_down
2024-09-16T01:57:27.874 INFO:teuthology.orchestra.run.smithi110.stdout:/usr/bin/ceph: stderr
2024-09-16T01:57:27.253+0000 7f7043246640 1 --2- 172.21.15.110:0/4182132326 >> [v2:172.21.15.110:3300/0,v1:172.21.15.110:6789/0] conn(0x7f703c076b70 0x7f703c110e40 secure :-1 s=READY pgs=60 cs=0 l=1 rev1=1 crypto rx=0x7f702c02ac70 tx=0x7f702c009840 comp rx=0 tx=0).stop
2024-09-16T01:57:27.874 INFO:teuthology.orchestra.run.smithi110.stdout:/usr/bin/ceph: stderr
2024-09-16T01:57:27.253+0000 7f7043246640 1 -- 172.21.15.110:0/4182132326 shutdown_connections
2024-09-16T01:57:27.874 INFO:teuthology.orchestra.run.smithi110.stdout:/usr/bin/ceph: stderr
2024-09-16T01:57:27.253+0000 7f7043246640 1 --2- 172.21.15.110:0/4182132326 >> [v2:172.21.15.110:6800/3914114363,v1:172.21.15.110:6801/3914114363] conn(0x7f7028039490 0x7f702803b940 unknown :-1 s=CLOSED pgs=20 cs=0 l=1 rev1=1 crypto rx=0 tx=0 comp rx=0 tx=0).stop
2024-09-16T01:57:27.874 INFO:teuthology.orchestra.run.smithi110.stdout:/usr/bin/ceph: stderr
2024-09-16T01:57:27.253+0000 7f7043246640 1 --2- 172.21.15.110:0/4182132326 >> [v2:172.21.15.110:3300/0,v1:172.21.15.110:6789/0] conn(0x7f703c076b70 0x7f703c110e40 unknown :-1 s=CLOSED pgs=60 cs=0 l=1 rev1=1 crypto rx=0 tx=0 comp rx=0 tx=0).stop
2024-09-16T01:57:27.874 INFO:teuthology.orchestra.run.smithi110.stdout:/usr/bin/ceph: stderr
2024-09-16T01:57:27.253+0000 7f7043246640 1 -- 172.21.15.110:0/4182132326 >> 172.21.15.110:0/4182132326 conn(0x7f703c0fc6d0 msgr2=0x7f703c0fd330 unknown :-1 s=STATE_NONE l=0).mark_down
2024-09-16T01:57:27.875 INFO:teuthology.orchestra.run.smithi110.stdout:/usr/bin/ceph: stderr
2024-09-16T01:57:27.254+0000 7f7043246640 1 -- 172.21.15.110:0/4182132326 shutdown_connections
2024-09-16T01:57:27.875 INFO:teuthology.orchestra.run.smithi110.stdout:/usr/bin/ceph: stderr
2024-09-16T01:57:27.254+0000 7f7043246640 1 -- 172.21.15.110:0/4182132326 wait complete.
2024-09-16T01:57:27.875 INFO:teuthology.orchestra.run.smithi110.stdout:Enabling the dashboard module...
2024-09-16T01:57:28.616 INFO:journalctl@ceph.mon.smithi110.smithi110.stdout:Sep 16 01:57:28 smithi110 ceph-mon[27634]: from='client.? 172.21.15.110:0/2855025801' entity='client.admin' cmd=[{"prefix": "mgr module enable", "module": "dashboard"}]: dispatch
2024-09-16T01:57:29.277 INFO:teuthology.orchestra.run.smithi110.stdout:/usr/bin/ceph: stderr
2024-09-16T01:57:28.307+0000 7ffa14f84640 1 Processor -- start
2024-09-16T01:57:29.277 INFO:teuthology.orchestra.run.smithi110.stdout:/usr/bin/ceph: stderr
2024-09-16T01:57:28.307+0000 7ffa14f84640 1 -- start start
2024-09-16T01:57:29.278 INFO:teuthology.orchestra.run.smithi110.stdout:/usr/bin/ceph: stderr
2024-09-16T01:57:28.307+0000 7ffa14f84640 1 --2- >> [v2:172.21.15.110:3300/0,v1:172.21.15.110:6789/0] conn(0x7ffa10076b10 0x7ffa10104bf0 unknown :-1 s=NONE pgs=0 cs=0 l=0 rev1=0 crypto rx=0 tx=0 comp rx=0 tx=0).connect
2024-09-16T01:57:29.278 INFO:teuthology.orchestra.run.smithi110.stdout:/usr/bin/ceph: stderr
2024-09-16T01:57:28.307+0000 7ffa14f84640 1 -- --> [v2:172.21.15.110:3300/0,v1:172.21.15.110:6789/0] -- mon_getmap magic: 0 v1 -- 0x7ffa10076f20 con 0x7ffa10076b10
2024-09-16T01:57:29.278 INFO:teuthology.orchestra.run.smithi110.stdout:/usr/bin/ceph: stderr
2024-09-16T01:57:28.308+0000 7ffa0e59c640 1 --2- >> [v2:172.21.15.110:3300/0,v1:172.21.15.110:6789/0] conn(0x7ffa10076b10 0x7ffa10104bf0 unknown :-1 s=BANNER_CONNECTING pgs=0 cs=0 l=0 rev1=0 crypto rx=0 tx=0 comp rx=0 tx=0)._handle_peer_banner_payload supported=3 required=0
2024-09-16T01:57:29.278 INFO:teuthology.orchestra.run.smithi110.stdout:/usr/bin/ceph: stderr
