2024-09-16T01:57:02.050+0000 7f7f02368640 1 --2- 172.21.15.110:0/1376175853 >> [v2:172.21.15.110:3300/0,v1:172.21.15.110:6789/0] conn(0x7f7efc100fc0 0x7f7efc112f80 secure :-1 s=READY pgs=25 cs=0 l=1 rev1=1 crypto rx=0x7f7ef8003080 tx=0x7f7ef8008040 comp rx=0 tx=0).ready entity=mon.0 client_cookie=0 server_cookie=0 in_seq=0 out_seq=0
2024-09-16T01:57:05.707 INFO:teuthology.orchestra.run.smithi110.stdout:/usr/bin/ceph: stderr
2024-09-16T01:57:02.050+0000 7f7ef2ffd640 1 -- 172.21.15.110:0/1376175853 <== mon.0 v2:172.21.15.110:3300/0 1 ==== mon_map magic: 0 v1 ==== 229+0+0 (secure 0 0 0) 0x7f7ef803a5b0 con 0x7f7efc100fc0
2024-09-16T01:57:05.707 INFO:teuthology.orchestra.run.smithi110.stdout:/usr/bin/ceph: stderr
2024-09-16T01:57:02.050+0000 7f7ef2ffd640 1 -- 172.21.15.110:0/1376175853 <== mon.0 v2:172.21.15.110:3300/0 2 ==== config(26 keys) v1 ==== 1005+0+0 (secure 0 0 0) 0x7f7ef803ab70 con 0x7f7efc100fc0
2024-09-16T01:57:05.707 INFO:teuthology.orchestra.run.smithi110.stdout:/usr/bin/ceph: stderr
2024-09-16T01:57:02.050+0000 7f7f045cc640 1 -- 172.21.15.110:0/1376175853 --> [v2:172.21.15.110:3300/0,v1:172.21.15.110:6789/0] -- mon_subscribe({mgrmap=0+}) v3 -- 0x7f7efc1136c0 con 0x7f7efc100fc0
2024-09-16T01:57:05.707 INFO:teuthology.orchestra.run.smithi110.stdout:/usr/bin/ceph: stderr
2024-09-16T01:57:02.050+0000 7f7ef2ffd640 1 -- 172.21.15.110:0/1376175853 <== mon.0 v2:172.21.15.110:3300/0 3 ==== mon_map magic: 0 v1 ==== 229+0+0 (secure 0 0 0) 0x7f7ef8044b60 con 0x7f7efc100fc0
2024-09-16T01:57:05.707 INFO:teuthology.orchestra.run.smithi110.stdout:/usr/bin/ceph: stderr
2024-09-16T01:57:02.050+0000 7f7f045cc640 1 -- 172.21.15.110:0/1376175853 --> [v2:172.21.15.110:3300/0,v1:172.21.15.110:6789/0] -- mon_subscribe({osdmap=0}) v3 -- 0x7f7efc113b30 con 0x7f7efc100fc0
2024-09-16T01:57:05.707 INFO:teuthology.orchestra.run.smithi110.stdout:/usr/bin/ceph: stderr
2024-09-16T01:57:02.051+0000 7f7ef2ffd640 1 -- 172.21.15.110:0/1376175853 <== mon.0 v2:172.21.15.110:3300/0 4 ==== mgrmap(e 5) v1 ==== 45507+0+0 (secure 0 0 0) 0x7f7ef803a710 con 0x7f7efc100fc0
2024-09-16T01:57:05.707 INFO:teuthology.orchestra.run.smithi110.stdout:/usr/bin/ceph: stderr
2024-09-16T01:57:02.051+0000 7f7ef2ffd640 1 --2- 172.21.15.110:0/1376175853 >> [v2:172.21.15.110:6800/750341792,v1:172.21.15.110:6801/750341792] conn(0x7f7ee80394e0 0x7f7ee803b990 unknown :-1 s=NONE pgs=0 cs=0 l=1 rev1=0 crypto rx=0 tx=0 comp rx=0 tx=0).connect
2024-09-16T01:57:05.707 INFO:teuthology.orchestra.run.smithi110.stdout:/usr/bin/ceph: stderr
2024-09-16T01:57:02.051+0000 7f7ef2ffd640 1 -- 172.21.15.110:0/1376175853 --> [v2:172.21.15.110:6800/750341792,v1:172.21.15.110:6801/750341792] -- command(tid 0: {"prefix": "get_command_descriptions"}) v1 -- 0x7f7ee803c0a0 con 0x7f7ee80394e0
2024-09-16T01:57:05.707 INFO:teuthology.orchestra.run.smithi110.stdout:/usr/bin/ceph: stderr
2024-09-16T01:57:02.051+0000 7f7ef2ffd640 1 -- 172.21.15.110:0/1376175853 <== mon.0 v2:172.21.15.110:3300/0 5 ==== osd_map(1..1 src has 1..1) v4 ==== 721+0+0 (secure 0 0 0) 0x7f7ef806de20 con 0x7f7efc100fc0
2024-09-16T01:57:05.707 INFO:teuthology.orchestra.run.smithi110.stdout:/usr/bin/ceph: stderr
2024-09-16T01:57:02.051+0000 7f7f01b67640 1 -- 172.21.15.110:0/1376175853 >> [v2:172.21.15.110:6800/750341792,v1:172.21.15.110:6801/750341792] conn(0x7f7ee80394e0 msgr2=0x7f7ee803b990 unknown :-1 s=STATE_CONNECTING_RE l=1).process reconnect failed to v2:172.21.15.110:6800/750341792
2024-09-16T01:57:05.708 INFO:teuthology.orchestra.run.smithi110.stdout:/usr/bin/ceph: stderr
2024-09-16T01:57:02.051+0000 7f7f01b67640 1 --2- 172.21.15.110:0/1376175853 >> [v2:172.21.15.110:6800/750341792,v1:172.21.15.110:6801/750341792] conn(0x7f7ee80394e0 0x7f7ee803b990 unknown :-1 s=START_CONNECT pgs=0 cs=0 l=1 rev1=0 crypto rx=0 tx=0 comp rx=0 tx=0)._fault waiting 0.200000
2024-09-16T01:57:05.708 INFO:teuthology.orchestra.run.smithi110.stdout:/usr/bin/ceph: stderr
2024-09-16T01:57:02.252+0000 7f7f01b67640 1 -- 172.21.15.110:0/1376175853 >> [v2:172.21.15.110:6800/750341792,v1:172.21.15.110:6801/750341792] conn(0x7f7ee80394e0 msgr2=0x7f7ee803b990 unknown :-1 s=STATE_CONNECTING_RE l=1).process reconnect failed to v2:172.21.15.110:6800/750341792
2024-09-16T01:57:05.708 INFO:teuthology.orchestra.run.smithi110.stdout:/usr/bin/ceph: stderr
2024-09-16T01:57:02.252+0000 7f7f01b67640 1 --2- 172.21.15.110:0/1376175853 >> [v2:172.21.15.110:6800/750341792,v1:172.21.15.110:6801/750341792] conn(0x7f7ee80394e0 0x7f7ee803b990 unknown :-1 s=START_CONNECT pgs=0 cs=0 l=1 rev1=0 crypto rx=0 tx=0 comp rx=0 tx=0)._fault waiting 0.400000
2024-09-16T01:57:05.708 INFO:teuthology.orchestra.run.smithi110.stdout:/usr/bin/ceph: stderr
2024-09-16T01:57:02.653+0000 7f7f01b67640 1 -- 172.21.15.110:0/1376175853 >> [v2:172.21.15.110:6800/750341792,v1:172.21.15.110:6801/750341792] conn(0x7f7ee80394e0 msgr2=0x7f7ee803b990 unknown :-1 s=STATE_CONNECTING_RE l=1).process reconnect failed to v2:172.21.15.110:6800/750341792
2024-09-16T01:57:05.708 INFO:teuthology.orchestra.run.smithi110.stdout:/usr/bin/ceph: stderr
2024-09-16T01:57:02.653+0000 7f7f01b67640 1 --2- 172.21.15.110:0/1376175853 >> [v2:172.21.15.110:6800/750341792,v1:172.21.15.110:6801/750341792] conn(0x7f7ee80394e0 0x7f7ee803b990 unknown :-1 s=START_CONNECT pgs=0 cs=0 l=1 rev1=0 crypto rx=0 tx=0 comp rx=0 tx=0)._fault waiting 0.800000
2024-09-16T01:57:05.708 INFO:teuthology.orchestra.run.smithi110.stdout:/usr/bin/ceph: stderr
2024-09-16T01:57:03.454+0000 7f7f01b67640 1 -- 172.21.15.110:0/1376175853 >> [v2:172.21.15.110:6800/750341792,v1:172.21.15.110:6801/750341792] conn(0x7f7ee80394e0 msgr2=0x7f7ee803b990 unknown :-1 s=STATE_CONNECTING_RE l=1).process reconnect failed to v2:172.21.15.110:6800/750341792
2024-09-16T01:57:05.708 INFO:teuthology.orchestra.run.smithi110.stdout:/usr/bin/ceph: stderr
2024-09-16T01:57:03.454+0000 7f7f01b67640 1 --2- 172.21.15.110:0/1376175853 >> [v2:172.21.15.110:6800/750341792,v1:172.21.15.110:6801/750341792] conn(0x7f7ee80394e0 0x7f7ee803b990 unknown :-1 s=START_CONNECT pgs=0 cs=0 l=1 rev1=0 crypto rx=0 tx=0 comp rx=0 tx=0)._fault waiting 1.600000
2024-09-16T01:57:05.708 INFO:teuthology.orchestra.run.smithi110.stdout:/usr/bin/ceph: stderr
2024-09-16T01:57:04.102+0000 7f7ef2ffd640 1 -- 172.21.15.110:0/1376175853 <== mon.0 v2:172.21.15.110:3300/0 6 ==== mgrmap(e 6) v1 ==== 45274+0+0 (secure 0 0 0) 0x7f7ef8043d40 con 0x7f7efc100fc0
2024-09-16T01:57:05.708 INFO:teuthology.orchestra.run.smithi110.stdout:/usr/bin/ceph: stderr
2024-09-16T01:57:04.102+0000 7f7ef2ffd640 1 -- 172.21.15.110:0/1376175853 >> [v2:172.21.15.110:6800/750341792,v1:172.21.15.110:6801/750341792] conn(0x7f7ee80394e0 msgr2=0x7f7ee803b990 unknown :-1 s=STATE_CONNECTING l=1).mark_down
2024-09-16T01:57:05.708 INFO:teuthology.orchestra.run.smithi110.stdout:/usr/bin/ceph: stderr
2024-09-16T01:57:04.102+0000 7f7ef2ffd640 1 --2- 172.21.15.110:0/1376175853 >> [v2:172.21.15.110:6800/750341792,v1:172.21.15.110:6801/750341792] conn(0x7f7ee80394e0 0x7f7ee803b990 unknown :-1 s=START_CONNECT pgs=0 cs=0 l=1 rev1=0 crypto rx=0 tx=0 comp rx=0 tx=0).stop
2024-09-16T01:57:05.708 INFO:teuthology.orchestra.run.smithi110.stdout:/usr/bin/ceph: stderr
2024-09-16T01:57:05.103+0000 7f7ef2ffd640 1 -- 172.21.15.110:0/1376175853 <== mon.0 v2:172.21.15.110:3300/0 7 ==== mgrmap(e 7) v1 ==== 45401+0+0 (secure 0 0 0) 0x7f7ef8043750 con 0x7f7efc100fc0
2024-09-16T01:57:05.708 INFO:teuthology.orchestra.run.smithi110.stdout:/usr/bin/ceph: stderr
2024-09-16T01:57:05.103+0000 7f7ef2ffd640 1 --2- 172.21.15.110:0/1376175853 >> [v2:172.21.15.110:6800/3914114363,v1:172.21.15.110:6801/3914114363] conn(0x7f7ee803cdf0 0x7f7ee803f1d0 unknown :-1 s=NONE pgs=0 cs=0 l=1 rev1=0 crypto rx=0 tx=0 comp rx=0 tx=0).connect
2024-09-16T01:57:05.708 INFO:teuthology.orchestra.run.smithi110.stdout:/usr/bin/ceph: stderr
2024-09-16T01:57:05.103+0000 7f7ef2ffd640 1 -- 172.21.15.110:0/1376175853 --> [v2:172.21.15.110:6800/3914114363,v1:172.21.15.110:6801/3914114363] -- command(tid 0: {"prefix": "get_command_descriptions"}) v1 -- 0x7f7ee803c0a0 con 0x7f7ee803cdf0
2024-09-16T01:57:05.709 INFO:teuthology.orchestra.run.smithi110.stdout:/usr/bin/ceph: stderr
2024-09-16T01:57:05.103+0000 7f7f01b67640 1 --2- 172.21.15.110:0/1376175853 >> [v2:172.21.15.110:6800/3914114363,v1:172.21.15.110:6801/3914114363] conn(0x7f7ee803cdf0 0x7f7ee803f1d0 unknown :-1 s=BANNER_CONNECTING pgs=0 cs=0 l=1 rev1=0 crypto rx=0 tx=0 comp rx=0 tx=0)._handle_peer_banner_payload supported=3 required=0
2024-09-16T01:57:05.709 INFO:teuthology.orchestra.run.smithi110.stdout:/usr/bin/ceph: stderr
2024-09-16T01:57:05.104+0000 7f7f01b67640 1 --2- 172.21.15.110:0/1376175853 >> [v2:172.21.15.110:6800/3914114363,v1:172.21.15.110:6801/3914114363] conn(0x7f7ee803cdf0 0x7f7ee803f1d0 secure :-1 s=READY pgs=1 cs=0 l=1 rev1=1 crypto rx=0x7f7eec003940 tx=0x7f7eec009350 comp rx=0 tx=0).ready entity=mgr.14116 client_cookie=0 server_cookie=0 in_seq=0 out_seq=0
2024-09-16T01:57:05.709 INFO:teuthology.orchestra.run.smithi110.stdout:/usr/bin/ceph: stderr
2024-09-16T01:57:05.105+0000 7f7ef2ffd640 1 -- 172.21.15.110:0/1376175853 <== mgr.14116 v2:172.21.15.110:6800/3914114363 1 ==== command_reply(tid 0: 0 ) v1 ==== 8+0+6549 (secure 0 0 0) 0x7f7ee803c0a0 con 0x7f7ee803cdf0
2024-09-16T01:57:05.709 INFO:teuthology.orchestra.run.smithi110.stdout:/usr/bin/ceph: stderr
2024-09-16T01:57:05.110+0000 7f7f045cc640 1 -- 172.21.15.110:0/1376175853 --> [v2:172.21.15.110:6800/3914114363,v1:172.21.15.110:6801/3914114363] -- command(tid 1: {"prefix": "mgr_status"}) v1 -- 0x7f7efc113b30 con 0x7f7ee803cdf0
2024-09-16T01:57:05.709 INFO:teuthology.orchestra.run.smithi110.stdout:/usr/bin/ceph: stderr
2024-09-16T01:57:05.110+0000 7f7ef2ffd640 1 -- 172.21.15.110:0/1376175853 <== mgr.14116 v2:172.21.15.110:6800/3914114363 2 ==== command_reply(tid 1: 0 ) v1 ==== 8+0+51 (secure 0 0 0) 0x7f7efc113b30 con 0x7f7ee803cdf0
2024-09-16T01:57:05.709 INFO:teuthology.orchestra.run.smithi110.stdout:/usr/bin/ceph: stderr
2024-09-16T01:57:05.110+0000 7f7f045cc640 1 -- 172.21.15.110:0/1376175853 >> [v2:172.21.15.110:6800/3914114363,v1:172.21.15.110:6801/3914114363] conn(0x7f7ee803cdf0 msgr2=0x7f7ee803f1d0 secure :-1 s=STATE_CONNECTION_ESTABLISHED l=1).mark_down
2024-09-16T01:57:05.709 INFO:teuthology.orchestra.run.smithi110.stdout:/usr/bin/ceph: stderr
2024-09-16T01:57:05.110+0000 7f7f045cc640 1 --2- 172.21.15.110:0/1376175853 >> [v2:172.21.15.110:6800/3914114363,v1:172.21.15.110:6801/3914114363] conn(0x7f7ee803cdf0 0x7f7ee803f1d0 secure :-1 s=READY pgs=1 cs=0 l=1 rev1=1 crypto rx=0x7f7eec003940 tx=0x7f7eec009350 comp rx=0 tx=0).stop
2024-09-16T01:57:05.709 INFO:teuthology.orchestra.run.smithi110.stdout:/usr/bin/ceph: stderr
2024-09-16T01:57:05.110+0000 7f7f045cc640 1 -- 172.21.15.110:0/1376175853 >> [v2:172.21.15.110:3300/0,v1:172.21.15.110:6789/0] conn(0x7f7efc100fc0 msgr2=0x7f7efc112f80 secure :-1 s=STATE_CONNECTION_ESTABLISHED l=1).mark_down
2024-09-16T01:57:05.709 INFO:teuthology.orchestra.run.smithi110.stdout:/usr/bin/ceph: stderr
2024-09-16T01:57:05.110+0000 7f7f045cc640 1 --2- 172.21.15.110:0/1376175853 >> [v2:172.21.15.110:3300/0,v1:172.21.15.110:6789/0] conn(0x7f7efc100fc0 0x7f7efc112f80 secure :-1 s=READY pgs=25 cs=0 l=1 rev1=1 crypto rx=0x7f7ef8003080 tx=0x7f7ef8008040 comp rx=0 tx=0).stop
2024-09-16T01:57:05.709 INFO:teuthology.orchestra.run.smithi110.stdout:/usr/bin/ceph: stderr
2024-09-16T01:57:05.110+0000 7f7f045cc640 1 -- 172.21.15.110:0/1376175853 shutdown_connections
2024-09-16T01:57:05.709 INFO:teuthology.orchestra.run.smithi110.stdout:/usr/bin/ceph: stderr
2024-09-16T01:57:05.110+0000 7f7f045cc640 1 --2- 172.21.15.110:0/1376175853 >> [v2:172.21.15.110:6800/3914114363,v1:172.21.15.110:6801/3914114363] conn(0x7f7ee803cdf0 0x7f7ee803f1d0 unknown :-1 s=CLOSED pgs=1 cs=0 l=1 rev1=1 crypto rx=0 tx=0 comp rx=0 tx=0).stop
2024-09-16T01:57:05.709 INFO:teuthology.orchestra.run.smithi110.stdout:/usr/bin/ceph: stderr
2024-09-16T01:57:05.110+0000 7f7f045cc640 1 --2- 172.21.15.110:0/1376175853 >> [v2:172.21.15.110:6800/750341792,v1:172.21.15.110:6801/750341792] conn(0x7f7ee80394e0 0x7f7ee803b990 unknown :-1 s=CLOSED pgs=0 cs=0 l=1 rev1=0 crypto rx=0 tx=0 comp rx=0 tx=0).stop
2024-09-16T01:57:05.709 INFO:teuthology.orchestra.run.smithi110.stdout:/usr/bin/ceph: stderr
2024-09-16T01:57:05.110+0000 7f7f045cc640 1 --2- 172.21.15.110:0/1376175853 >> [v2:172.21.15.110:3300/0,v1:172.21.15.110:6789/0] conn(0x7f7efc100fc0 0x7f7efc112f80 unknown :-1 s=CLOSED pgs=25 cs=0 l=1 rev1=1 crypto rx=0 tx=0 comp rx=0 tx=0).stop
2024-09-16T01:57:05.710 INFO:teuthology.orchestra.run.smithi110.stdout:/usr/bin/ceph: stderr
2024-09-16T01:57:05.110+0000 7f7f045cc640 1 -- 172.21.15.110:0/1376175853 >> 172.21.15.110:0/1376175853 conn(0x7f7efc0fc6e0 msgr2=0x7f7efc1053d0 unknown :-1 s=STATE_NONE l=0).mark_down
2024-09-16T01:57:05.710 INFO:teuthology.orchestra.run.smithi110.stdout:/usr/bin/ceph: stderr
2024-09-16T01:57:05.110+0000 7f7f045cc640 1 -- 172.21.15.110:0/1376175853 shutdown_connections
2024-09-16T01:57:05.710 INFO:teuthology.orchestra.run.smithi110.stdout:/usr/bin/ceph: stderr
2024-09-16T01:57:05.110+0000 7f7f045cc640 1 -- 172.21.15.110:0/1376175853 wait complete.
2024-09-16T01:57:05.710 INFO:teuthology.orchestra.run.smithi110.stdout:mgr epoch 5 is available
2024-09-16T01:57:05.710 INFO:teuthology.orchestra.run.smithi110.stdout:Setting orchestrator backend to cephadm...
2024-09-16T01:57:06.836 INFO:journalctl@ceph.mon.smithi110.smithi110.stdout:Sep 16 01:57:06 smithi110 ceph-mon[27634]: from='client.14120 -' entity='client.admin' cmd=[{"prefix": "get_command_descriptions"}]: dispatch
2024-09-16T01:57:06.836 INFO:journalctl@ceph.mon.smithi110.smithi110.stdout:Sep 16 01:57:06 smithi110 ceph-mon[27634]: from='client.14120 -' entity='client.admin' cmd=[{"prefix": "mgr_status"}]: dispatch
2024-09-16T01:57:06.836 INFO:journalctl@ceph.mon.smithi110.smithi110.stdout:Sep 16 01:57:06 smithi110 ceph-mon[27634]: [16/Sep/2024:01:57:05] ENGINE Bus STARTING
2024-09-16T01:57:06.836 INFO:journalctl@ceph.mon.smithi110.smithi110.stdout:Sep 16 01:57:06 smithi110 ceph-mon[27634]: [16/Sep/2024:01:57:05] ENGINE Serving on https://172.21.15.110:7150
2024-09-16T01:57:06.836 INFO:journalctl@ceph.mon.smithi110.smithi110.stdout:Sep 16 01:57:06 smithi110 ceph-mon[27634]: [16/Sep/2024:01:57:05] ENGINE Bus STARTED
2024-09-16T01:57:06.836 INFO:journalctl@ceph.mon.smithi110.smithi110.stdout:Sep 16 01:57:06 smithi110 ceph-mon[27634]: [16/Sep/2024:01:57:05] ENGINE Error in HTTPServer.serve
2024-09-16T01:57:06.837 INFO:journalctl@ceph.mon.smithi110.smithi110.stdout: Traceback (most recent call last):
2024-09-16T01:57:06.837 INFO:journalctl@ceph.mon.smithi110.smithi110.stdout: File "/lib/python3.9/site-packages/cheroot/server.py", line 1823, in serve
2024-09-16T01:57:06.837 INFO:journalctl@ceph.mon.smithi110.smithi110.stdout: self._connections.run(self.expiration_interval)
2024-09-16T01:57:06.837 INFO:journalctl@ceph.mon.smithi110.smithi110.stdout: File "/lib/python3.9/site-packages/cheroot/connections.py", line 203, in run
2024-09-16T01:57:06.837 INFO:journalctl@ceph.mon.smithi110.smithi110.stdout: self._run(expiration_interval)
2024-09-16T01:57:06.837 INFO:journalctl@ceph.mon.smithi110.smithi110.stdout: File "/lib/python3.9/site-packages/cheroot/connections.py", line 246, in _run
2024-09-16T01:57:06.837 INFO:journalctl@ceph.mon.smithi110.smithi110.stdout: new_conn = self._from_server_socket(self.server.socket)
2024-09-16T01:57:06.837 INFO:journalctl@ceph.mon.smithi110.smithi110.stdout: File "/lib/python3.9/site-packages/cheroot/connections.py", line 300, in _from_server_socket
2024-09-16T01:57:06.837 INFO:journalctl@ceph.mon.smithi110.smithi110.stdout: s, ssl_env = self.server.ssl_adapter.wrap(s)
2024-09-16T01:57:06.837 INFO:journalctl@ceph.mon.smithi110.smithi110.stdout: File "/lib/python3.9/site-packages/cheroot/ssl/builtin.py", line 277, in wrap
2024-09-16T01:57:06.837 INFO:journalctl@ceph.mon.smithi110.smithi110.stdout: s = self.context.wrap_socket(
2024-09-16T01:57:06.837 INFO:journalctl@ceph.mon.smithi110.smithi110.stdout: File "/lib64/python3.9/ssl.py", line 501, in wrap_socket
2024-09-16T01:57:06.838 INFO:journalctl@ceph.mon.smithi110.smithi110.stdout: return self.sslsocket_class._create(
2024-09-16T01:57:06.838 INFO:journalctl@ceph.mon.smithi110.smithi110.stdout: File "/lib64/python3.9/ssl.py", line 1074, in _create
2024-09-16T01:57:06.838 INFO:journalctl@ceph.mon.smithi110.smithi110.stdout: self.do_handshake()
2024-09-16T01:57:06.838 INFO:journalctl@ceph.mon.smithi110.smithi110.stdout: File "/lib64/python3.9/ssl.py", line 1343, in do_handshake
2024-09-16T01:57:06.838 INFO:journalctl@ceph.mon.smithi110.smithi110.stdout: self._sslobj.do_handshake()
2024-09-16T01:57:06.838 INFO:journalctl@ceph.mon.smithi110.smithi110.stdout: ssl.SSLZeroReturnError: TLS/SSL connection has been closed (EOF) (_ssl.c:1133)
2024-09-16T01:57:06.838 INFO:journalctl@ceph.mon.smithi110.smithi110.stdout:Sep 16 01:57:06 smithi110 ceph-mon[27634]: from='mgr.14116 172.21.15.110:0/3062877007' entity='mgr.smithi110.hfirap'
2024-09-16T01:57:06.838 INFO:journalctl@ceph.mon.smithi110.smithi110.stdout:Sep 16 01:57:06 smithi110 ceph-mon[27634]: from='mgr.14116 172.21.15.110:0/3062877007' entity='mgr.smithi110.hfirap' cmd=[{"prefix": "config dump", "format": "json"}]: dispatch
2024-09-16T01:57:06.838 INFO:journalctl@ceph.mon.smithi110.smithi110.stdout:Sep 16 01:57:06 smithi110 ceph-mon[27634]: from='mgr.14116 172.21.15.110:0/3062877007' entity='mgr.smithi110.hfirap'
2024-09-16T01:57:06.838 INFO:journalctl@ceph.mon.smithi110.smithi110.stdout:Sep 16 01:57:06 smithi110 ceph-mon[27634]: from='mgr.14116 172.21.15.110:0/3062877007' entity='mgr.smithi110.hfirap' cmd=[{"prefix": "config dump", "format": "json"}]: dispatch
2024-09-16T01:57:06.843 INFO:teuthology.orchestra.run.smithi110.stdout:/usr/bin/ceph: stderr
2024-09-16T01:57:06.053+0000 7f8300bf1640 1 Processor -- start
2024-09-16T01:57:06.843 INFO:teuthology.orchestra.run.smithi110.stdout:/usr/bin/ceph: stderr
2024-09-16T01:57:06.053+0000 7f8300bf1640 1 -- start start
2024-09-16T01:57:06.843 INFO:teuthology.orchestra.run.smithi110.stdout:/usr/bin/ceph: stderr
2024-09-16T01:57:06.053+0000 7f8300bf1640 1 --2- >> [v2:172.21.15.110:3300/0,v1:172.21.15.110:6789/0] conn(0x7f82fc102110 0x7f82fc102520 unknown :-1 s=NONE pgs=0 cs=0 l=0 rev1=0 crypto rx=0 tx=0 comp rx=0 tx=0).connect
2024-09-16T01:57:06.844 INFO:teuthology.orchestra.run.smithi110.stdout:/usr/bin/ceph: stderr
2024-09-16T01:57:06.053+0000 7f8300bf1640 1 -- --> [v2:172.21.15.110:3300/0,v1:172.21.15.110:6789/0] -- mon_getmap magic: 0 v1 -- 0x7f82fc102af0 con 0x7f82fc102110
2024-09-16T01:57:06.844 INFO:teuthology.orchestra.run.smithi110.stdout:/usr/bin/ceph: stderr
2024-09-16T01:57:06.053+0000 7f82fa59c640 1 --2- >> [v2:172.21.15.110:3300/0,v1:172.21.15.110:6789/0] conn(0x7f82fc102110 0x7f82fc102520 unknown :-1 s=BANNER_CONNECTING pgs=0 cs=0 l=0 rev1=0 crypto rx=0 tx=0 comp rx=0 tx=0)._handle_peer_banner_payload supported=3 required=0
2024-09-16T01:57:06.844 INFO:teuthology.orchestra.run.smithi110.stdout:/usr/bin/ceph: stderr
2024-09-16T01:57:06.054+0000 7f82fa59c640 1 --2- >> [v2:172.21.15.110:3300/0,v1:172.21.15.110:6789/0] conn(0x7f82fc102110 0x7f82fc102520 unknown :-1 s=HELLO_CONNECTING pgs=0 cs=0 l=0 rev1=1 crypto rx=0 tx=0 comp rx=0 tx=0).handle_hello peer v2:172.21.15.110:3300/0 says I am v2:172.21.15.110:44174/0 (socket says 172.21.15.110:44174)
2024-09-16T01:57:06.844 INFO:teuthology.orchestra.run.smithi110.stdout:/usr/bin/ceph: stderr
2024-09-16T01:57:06.054+0000 7f82fa59c640 1 -- 172.21.15.110:0/2088405820 learned_addr learned my addr 172.21.15.110:0/2088405820 (peer_addr_for_me v2:172.21.15.110:0/0)
2024-09-16T01:57:06.844 INFO:teuthology.orchestra.run.smithi110.stdout:/usr/bin/ceph: stderr
2024-09-16T01:57:06.054+0000 7f82fa59c640 1 -- 172.21.15.110:0/2088405820 --> [v2:172.21.15.110:3300/0,v1:172.21.15.110:6789/0] -- mon_subscribe({config=0+,monmap=0+}) v3 -- 0x7f82fc102c30 con 0x7f82fc102110
2024-09-16T01:57:06.844 INFO:teuthology.orchestra.run.smithi110.stdout:/usr/bin/ceph: stderr
2024-09-16T01:57:06.054+0000 7f82fa59c640 1 --2- 172.21.15.110:0/2088405820 >> [v2:172.21.15.110:3300/0,v1:172.21.15.110:6789/0] conn(0x7f82fc102110 0x7f82fc102520 secure :-1 s=READY pgs=33 cs=0 l=1 rev1=1 crypto rx=0x7f82ec009840 tx=0x7f82ec0091d0 comp rx=0 tx=0).ready entity=mon.0 client_cookie=7ccde2f56ea903ba server_cookie=0 in_seq=0 out_seq=0
2024-09-16T01:57:06.844 INFO:teuthology.orchestra.run.smithi110.stdout:/usr/bin/ceph: stderr
2024-09-16T01:57:06.055+0000 7f82f959a640 1 -- 172.21.15.110:0/2088405820 <== mon.0 v2:172.21.15.110:3300/0 1 ==== mon_map magic: 0 v1 ==== 229+0+0 (secure 0 0 0) 0x7f82ec032440 con 0x7f82fc102110
2024-09-16T01:57:06.844 INFO:teuthology.orchestra.run.smithi110.stdout:/usr/bin/ceph: stderr
2024-09-16T01:57:06.055+0000 7f82f959a640 1 -- 172.21.15.110:0/2088405820 <== mon.0 v2:172.21.15.110:3300/0 2 ==== config(26 keys) v1 ==== 1005+0+0 (secure 0 0 0) 0x7f82ec032a00 con 0x7f82fc102110
2024-09-16T01:57:06.844 INFO:teuthology.orchestra.run.smithi110.stdout:/usr/bin/ceph: stderr
2024-09-16T01:57:06.055+0000 7f82f959a640 1 -- 172.21.15.110:0/2088405820 <== mon.0 v2:172.21.15.110:3300/0 3 ==== mon_map magic: 0 v1 ==== 229+0+0 (secure 0 0 0) 0x7f82ec0319e0 con 0x7f82fc102110
2024-09-16T01:57:06.844 INFO:teuthology.orchestra.run.smithi110.stdout:/usr/bin/ceph: stderr
2024-09-16T01:57:06.055+0000 7f8300bf1640 1 -- 172.21.15.110:0/2088405820 >> [v2:172.21.15.110:3300/0,v1:172.21.15.110:6789/0] conn(0x7f82fc102110 msgr2=0x7f82fc102520 secure :-1 s=STATE_CONNECTION_ESTABLISHED l=1).mark_down
2024-09-16T01:57:06.844 INFO:teuthology.orchestra.run.smithi110.stdout:/usr/bin/ceph: stderr
2024-09-16T01:57:06.055+0000 7f8300bf1640 1 --2- 172.21.15.110:0/2088405820 >> [v2:172.21.15.110:3300/0,v1:172.21.15.110:6789/0] conn(0x7f82fc102110 0x7f82fc102520 secure :-1 s=READY pgs=33 cs=0 l=1 rev1=1 crypto rx=0x7f82ec009840 tx=0x7f82ec0091d0 comp rx=0 tx=0).stop
2024-09-16T01:57:06.844 INFO:teuthology.orchestra.run.smithi110.stdout:/usr/bin/ceph: stderr
2024-09-16T01:57:06.055+0000 7f8300bf1640 1 -- 172.21.15.110:0/2088405820 shutdown_connections
2024-09-16T01:57:06.845 INFO:teuthology.orchestra.run.smithi110.stdout:/usr/bin/ceph: stderr
2024-09-16T01:57:06.055+0000 7f8300bf1640 1 --2- 172.21.15.110:0/2088405820 >> [v2:172.21.15.110:3300/0,v1:172.21.15.110:6789/0] conn(0x7f82fc102110 0x7f82fc102520 unknown :-1 s=CLOSED pgs=33 cs=0 l=1 rev1=1 crypto rx=0 tx=0 comp rx=0 tx=0).stop
2024-09-16T01:57:06.845 INFO:teuthology.orchestra.run.smithi110.stdout:/usr/bin/ceph: stderr
2024-09-16T01:57:06.055+0000 7f8300bf1640 1 -- 172.21.15.110:0/2088405820 >> 172.21.15.110:0/2088405820 conn(0x7f82fc0fd8b0 msgr2=0x7f82fc0ffd00 unknown :-1 s=STATE_NONE l=0).mark_down
2024-09-16T01:57:06.845 INFO:teuthology.orchestra.run.smithi110.stdout:/usr/bin/ceph: stderr
2024-09-16T01:57:06.055+0000 7f8300bf1640 1 -- 172.21.15.110:0/2088405820 shutdown_connections
2024-09-16T01:57:06.845 INFO:teuthology.orchestra.run.smithi110.stdout:/usr/bin/ceph: stderr
2024-09-16T01:57:06.055+0000 7f8300bf1640 1 -- 172.21.15.110:0/2088405820 wait complete.
2024-09-16T01:57:06.845 INFO:teuthology.orchestra.run.smithi110.stdout:/usr/bin/ceph: stderr
2024-09-16T01:57:06.056+0000 7f8300bf1640 1 Processor -- start
2024-09-16T01:57:06.845 INFO:teuthology.orchestra.run.smithi110.stdout:/usr/bin/ceph: stderr
2024-09-16T01:57:06.056+0000 7f8300bf1640 1 -- start start
2024-09-16T01:57:06.845 INFO:teuthology.orchestra.run.smithi110.stdout:/usr/bin/ceph: stderr
2024-09-16T01:57:06.056+0000 7f8300bf1640 1 --2- >> [v2:172.21.15.110:3300/0,v1:172.21.15.110:6789/0] conn(0x7f82fc102110 0x7f82fc110e20 unknown :-1 s=NONE pgs=0 cs=0 l=1 rev1=0 crypto rx=0 tx=0 comp rx=0 tx=0).connect
2024-09-16T01:57:06.845 INFO:teuthology.orchestra.run.smithi110.stdout:/usr/bin/ceph: stderr
2024-09-16T01:57:06.056+0000 7f8300bf1640 1 -- --> [v2:172.21.15.110:3300/0,v1:172.21.15.110:6789/0] -- mon_getmap magic: 0 v1 -- 0x7f82fc111360 con 0x7f82fc102110
2024-09-16T01:57:06.845 INFO:teuthology.orchestra.run.smithi110.stdout:/usr/bin/ceph: stderr
2024-09-16T01:57:06.056+0000 7f82fa59c640 1 --2- >> [v2:172.21.15.110:3300/0,v1:172.21.15.110:6789/0] conn(0x7f82fc102110 0x7f82fc110e20 unknown :-1 s=BANNER_CONNECTING pgs=0 cs=0 l=1 rev1=0 crypto rx=0 tx=0 comp rx=0 tx=0)._handle_peer_banner_payload supported=3 required=0
2024-09-16T01:57:06.845 INFO:teuthology.orchestra.run.smithi110.stdout:/usr/bin/ceph: stderr
2024-09-16T01:57:06.056+0000 7f82fa59c640 1 --2- >> [v2:172.21.15.110:3300/0,v1:172.21.15.110:6789/0] conn(0x7f82fc102110 0x7f82fc110e20 unknown :-1 s=HELLO_CONNECTING pgs=0 cs=0 l=1 rev1=1 crypto rx=0 tx=0 comp rx=0 tx=0).handle_hello peer v2:172.21.15.110:3300/0 says I am v2:172.21.15.110:44190/0 (socket says 172.21.15.110:44190)
2024-09-16T01:57:06.845 INFO:teuthology.orchestra.run.smithi110.stdout:/usr/bin/ceph: stderr
2024-09-16T01:57:06.056+0000 7f82fa59c640 1 -- 172.21.15.110:0/4271825084 learned_addr learned my addr 172.21.15.110:0/4271825084 (peer_addr_for_me v2:172.21.15.110:0/0)
2024-09-16T01:57:06.845 INFO:teuthology.orchestra.run.smithi110.stdout:/usr/bin/ceph: stderr
2024-09-16T01:57:06.056+0000 7f82fa59c640 1 -- 172.21.15.110:0/4271825084 --> [v2:172.21.15.110:3300/0,v1:172.21.15.110:6789/0] -- mon_subscribe({config=0+,monmap=0+}) v3 -- 0x7f82ec009450 con 0x7f82fc102110
2024-09-16T01:57:06.845 INFO:teuthology.orchestra.run.smithi110.stdout:/usr/bin/ceph: stderr
2024-09-16T01:57:06.056+0000 7f82fa59c640 1 --2- 172.21.15.110:0/4271825084 >> [v2:172.21.15.110:3300/0,v1:172.21.15.110:6789/0] conn(0x7f82fc102110 0x7f82fc110e20 secure :-1 s=READY pgs=34 cs=0 l=1 rev1=1 crypto rx=0x7f82ec006a70 tx=0x7f82ec008040 comp rx=0 tx=0).ready entity=mon.0 client_cookie=0 server_cookie=0 in_seq=0 out_seq=0
2024-09-16T01:57:06.846 INFO:teuthology.orchestra.run.smithi110.stdout:/usr/bin/ceph: stderr
2024-09-16T01:57:06.057+0000 7f82eaffd640 1 -- 172.21.15.110:0/4271825084 <== mon.0 v2:172.21.15.110:3300/0 1 ==== mon_map magic: 0 v1 ==== 229+0+0 (secure 0 0 0) 0x7f82ec032880 con 0x7f82fc102110
2024-09-16T01:57:06.846 INFO:teuthology.orchestra.run.smithi110.stdout:/usr/bin/ceph: stderr
2024-09-16T01:57:06.057+0000 7f82eaffd640 1 -- 172.21.15.110:0/4271825084 <== mon.0 v2:172.21.15.110:3300/0 2 ==== config(26 keys) v1 ==== 1005+0+0 (secure 0 0 0) 0x7f82ec03b8d0 con 0x7f82fc102110
2024-09-16T01:57:06.846 INFO:teuthology.orchestra.run.smithi110.stdout:/usr/bin/ceph: stderr
2024-09-16T01:57:06.057+0000 7f8300bf1640 1 -- 172.21.15.110:0/4271825084 --> [v2:172.21.15.110:3300/0,v1:172.21.15.110:6789/0] -- mon_subscribe({mgrmap=0+}) v3 -- 0x7f82fc111560 con 0x7f82fc102110
2024-09-16T01:57:06.846 INFO:teuthology.orchestra.run.smithi110.stdout:/usr/bin/ceph: stderr
2024-09-16T01:57:06.057+0000 7f82eaffd640 1 -- 172.21.15.110:0/4271825084 <== mon.0 v2:172.21.15.110:3300/0 3 ==== mon_map magic: 0 v1 ==== 229+0+0 (secure 0 0 0) 0x7f82ec03a800 con 0x7f82fc102110
2024-09-16T01:57:06.846 INFO:teuthology.orchestra.run.smithi110.stdout:/usr/bin/ceph: stderr
2024-09-16T01:57:06.057+0000 7f8300bf1640 1 -- 172.21.15.110:0/4271825084 --> [v2:172.21.15.110:3300/0,v1:172.21.15.110:6789/0] -- mon_subscribe({osdmap=0}) v3 -- 0x7f82fc112040 con 0x7f82fc102110
2024-09-16T01:57:06.846 INFO:teuthology.orchestra.run.smithi110.stdout:/usr/bin/ceph: stderr
2024-09-16T01:57:06.057+0000 7f82eaffd640 1 -- 172.21.15.110:0/4271825084 <== mon.0 v2:172.21.15.110:3300/0 4 ==== mgrmap(e 7) v1 ==== 45401+0+0 (secure 0 0 0) 0x7f82ec03aa40 con 0x7f82fc102110
2024-09-16T01:57:06.846 INFO:teuthology.orchestra.run.smithi110.stdout:/usr/bin/ceph: stderr
2024-09-16T01:57:06.058+0000 7f8300bf1640 1 -- 172.21.15.110:0/4271825084 --> [v2:172.21.15.110:3300/0,v1:172.21.15.110:6789/0] -- mon_command({"prefix": "get_command_descriptions"} v 0) v1 -- 0x7f82fc101570 con 0x7f82fc102110
2024-09-16T01:57:06.846 INFO:teuthology.orchestra.run.smithi110.stdout:/usr/bin/ceph: stderr
2024-09-16T01:57:06.058+0000 7f82eaffd640 1 --2- 172.21.15.110:0/4271825084 >> [v2:172.21.15.110:6800/3914114363,v1:172.21.15.110:6801/3914114363] conn(0x7f82e4039380 0x7f82e403b830 unknown :-1 s=NONE pgs=0 cs=0 l=1 rev1=0 crypto rx=0 tx=0 comp rx=0 tx=0).connect
2024-09-16T01:57:06.846 INFO:teuthology.orchestra.run.smithi110.stdout:/usr/bin/ceph: stderr
2024-09-16T01:57:06.058+0000 7f82eaffd640 1 -- 172.21.15.110:0/4271825084 <== mon.0 v2:172.21.15.110:3300/0 5 ==== osd_map(2..2 src has 1..2) v4 ==== 936+0+0 (secure 0 0 0) 0x7f82ec06c8d0 con 0x7f82fc102110
2024-09-16T01:57:06.846 INFO:teuthology.orchestra.run.smithi110.stdout:/usr/bin/ceph: stderr
2024-09-16T01:57:06.058+0000 7f82f9d9b640 1 --2- 172.21.15.110:0/4271825084 >> [v2:172.21.15.110:6800/3914114363,v1:172.21.15.110:6801/3914114363] conn(0x7f82e4039380 0x7f82e403b830 unknown :-1 s=BANNER_CONNECTING pgs=0 cs=0 l=1 rev1=0 crypto rx=0 tx=0 comp rx=0 tx=0)._handle_peer_banner_payload supported=3 required=0
2024-09-16T01:57:06.846 INFO:teuthology.orchestra.run.smithi110.stdout:/usr/bin/ceph: stderr
2024-09-16T01:57:06.058+0000 7f82f9d9b640 1 --2- 172.21.15.110:0/4271825084 >> [v2:172.21.15.110:6800/3914114363,v1:172.21.15.110:6801/3914114363] conn(0x7f82e4039380 0x7f82e403b830 secure :-1 s=READY pgs=7 cs=0 l=1 rev1=1 crypto rx=0x7f82f0006fd0 tx=0x7f82f0006db0 comp rx=0 tx=0).ready entity=mgr.14116 client_cookie=0 server_cookie=0 in_seq=0 out_seq=0
2024-09-16T01:57:06.846 INFO:teuthology.orchestra.run.smithi110.stdout:/usr/bin/ceph: stderr
2024-09-16T01:57:06.062+0000 7f82eaffd640 1 -- 172.21.15.110:0/4271825084 <== mon.0 v2:172.21.15.110:3300/0 6 ==== mon_command_ack([{"prefix": "get_command_descriptions"}]=0 v0) v1 ==== 72+0+176781 (secure 0 0 0) 0x7f82ec042310 con 0x7f82fc102110
2024-09-16T01:57:06.847 INFO:teuthology.orchestra.run.smithi110.stdout:/usr/bin/ceph: stderr
2024-09-16T01:57:06.226+0000 7f8300bf1640 1 -- 172.21.15.110:0/4271825084 --> [v2:172.21.15.110:6800/3914114363,v1:172.21.15.110:6801/3914114363] -- mgr_command(tid 0: {"prefix": "orch set backend", "module_name": "cephadm", "target": ["mon-mgr", ""]}) v1 -- 0x7f82fc0feba0 con 0x7f82e4039380
2024-09-16T01:57:06.847 INFO:teuthology.orchestra.run.smithi110.stdout:/usr/bin/ceph: stderr
2024-09-16T01:57:06.233+0000 7f82eaffd640 1 -- 172.21.15.110:0/4271825084 <== mgr.14116 v2:172.21.15.110:6800/3914114363 1 ==== mgr_command_reply(tid 0: 0 ) v1 ==== 8+0+0 (secure 0 0 0) 0x7f82fc0feba0 con 0x7f82e4039380
2024-09-16T01:57:06.847 INFO:teuthology.orchestra.run.smithi110.stdout:/usr/bin/ceph: stderr
2024-09-16T01:57:06.235+0000 7f8300bf1640 1 -- 172.21.15.110:0/4271825084 >> [v2:172.21.15.110:6800/3914114363,v1:172.21.15.110:6801/3914114363] conn(0x7f82e4039380 msgr2=0x7f82e403b830 secure :-1 s=STATE_CONNECTION_ESTABLISHED l=1).mark_down
2024-09-16T01:57:06.847 INFO:teuthology.orchestra.run.smithi110.stdout:/usr/bin/ceph: stderr
2024-09-16T01:57:06.235+0000 7f8300bf1640 1 --2- 172.21.15.110:0/4271825084 >> [v2:172.21.15.110:6800/3914114363,v1:172.21.15.110:6801/3914114363] conn(0x7f82e4039380 0x7f82e403b830 secure :-1 s=READY pgs=7 cs=0 l=1 rev1=1 crypto rx=0x7f82f0006fd0 tx=0x7f82f0006db0 comp rx=0 tx=0).stop
2024-09-16T01:57:06.847 INFO:teuthology.orchestra.run.smithi110.stdout:/usr/bin/ceph: stderr
2024-09-16T01:57:06.235+0000 7f8300bf1640 1 -- 172.21.15.110:0/4271825084 >> [v2:172.21.15.110:3300/0,v1:172.21.15.110:6789/0] conn(0x7f82fc102110 msgr2=0x7f82fc110e20 secure :-1 s=STATE_CONNECTION_ESTABLISHED l=1).mark_down
2024-09-16T01:57:06.847 INFO:teuthology.orchestra.run.smithi110.stdout:/usr/bin/ceph: stderr
2024-09-16T01:57:06.235+0000 7f8300bf1640 1 --2- 172.21.15.110:0/4271825084 >> [v2:172.21.15.110:3300/0,v1:172.21.15.110:6789/0] conn(0x7f82fc102110 0x7f82fc110e20 secure :-1 s=READY pgs=34 cs=0 l=1 rev1=1 crypto rx=0x7f82ec006a70 tx=0x7f82ec008040 comp rx=0 tx=0).stop
2024-09-16T01:57:06.847 INFO:teuthology.orchestra.run.smithi110.stdout:/usr/bin/ceph: stderr
2024-09-16T01:57:06.236+0000 7f8300bf1640 1 -- 172.21.15.110:0/4271825084 shutdown_connections
2024-09-16T01:57:06.847 INFO:teuthology.orchestra.run.smithi110.stdout:/usr/bin/ceph: stderr
2024-09-16T01:57:06.236+0000 7f8300bf1640 1 --2- 172.21.15.110:0/4271825084 >> [v2:172.21.15.110:6800/3914114363,v1:172.21.15.110:6801/3914114363] conn(0x7f82e4039380 0x7f82e403b830 unknown :-1 s=CLOSED pgs=7 cs=0 l=1 rev1=1 crypto rx=0 tx=0 comp rx=0 tx=0).stop
2024-09-16T01:57:06.847 INFO:teuthology.orchestra.run.smithi110.stdout:/usr/bin/ceph: stderr
2024-09-16T01:57:06.236+0000 7f8300bf1640 1 --2- 172.21.15.110:0/4271825084 >> [v2:172.21.15.110:3300/0,v1:172.21.15.110:6789/0] conn(0x7f82fc102110 0x7f82fc110e20 unknown :-1 s=CLOSED pgs=34 cs=0 l=1 rev1=1 crypto rx=0 tx=0 comp rx=0 tx=0).stop
2024-09-16T01:57:06.847 INFO:teuthology.orchestra.run.smithi110.stdout:/usr/bin/ceph: stderr
2024-09-16T01:57:06.236+0000 7f8300bf1640 1 -- 172.21.15.110:0/4271825084 >> 172.21.15.110:0/4271825084 conn(0x7f82fc0fd8b0 msgr2=0x7f82fc0fe470 unknown :-1 s=STATE_NONE l=0).mark_down
2024-09-16T01:57:06.847 INFO:teuthology.orchestra.run.smithi110.stdout:/usr/bin/ceph: stderr
2024-09-16T01:57:06.236+0000 7f8300bf1640 1 -- 172.21.15.110:0/4271825084 shutdown_connections
2024-09-16T01:57:06.847 INFO:teuthology.orchestra.run.smithi110.stdout:/usr/bin/ceph: stderr
2024-09-16T01:57:06.236+0000 7f8300bf1640 1 -- 172.21.15.110:0/4271825084 wait complete.
2024-09-16T01:57:07.706 INFO:journalctl@ceph.mon.smithi110.smithi110.stdout:Sep 16 01:57:07 smithi110 ceph-mon[27634]: from='client.14128 -' entity='client.admin' cmd=[{"prefix": "orch set backend", "module_name": "cephadm", "target": ["mon-mgr", ""]}]: dispatch
2024-09-16T01:57:07.706 INFO:journalctl@ceph.mon.smithi110.smithi110.stdout:Sep 16 01:57:07 smithi110 ceph-mon[27634]: mgrmap e8: smithi110.hfirap(active, since 2s)
2024-09-16T01:57:08.034 INFO:teuthology.orchestra.run.smithi110.stdout:/usr/bin/ceph: stdout value unchanged
2024-09-16T01:57:08.034 INFO:teuthology.orchestra.run.smithi110.stdout:/usr/bin/ceph: stderr
2024-09-16T01:57:07.226+0000 7f2dcdde6640 1 Processor -- start
2024-09-16T01:57:08.034 INFO:teuthology.orchestra.run.smithi110.stdout:/usr/bin/ceph: stderr
2024-09-16T01:57:07.226+0000 7f2dcdde6640 1 -- start start
2024-09-16T01:57:08.034 INFO:teuthology.orchestra.run.smithi110.stdout:/usr/bin/ceph: stderr
2024-09-16T01:57:07.227+0000 7f2dcdde6640 1 --2- >> [v2:172.21.15.110:3300/0,v1:172.21.15.110:6789/0] conn(0x7f2dc8101f90 0x7f2dc81023a0 unknown :-1 s=NONE pgs=0 cs=0 l=0 rev1=0 crypto rx=0 tx=0 comp rx=0 tx=0).connect
2024-09-16T01:57:08.034 INFO:teuthology.orchestra.run.smithi110.stdout:/usr/bin/ceph: stderr
2024-09-16T01:57:07.227+0000 7f2dcdde6640 1 -- --> [v2:172.21.15.110:3300/0,v1:172.21.15.110:6789/0] -- mon_getmap magic: 0 v1 -- 0x7f2dc81028e0 con 0x7f2dc8101f90
2024-09-16T01:57:08.034 INFO:teuthology.orchestra.run.smithi110.stdout:/usr/bin/ceph: stderr
2024-09-16T01:57:07.227+0000 7f2dc77fe640 1 --2- >> [v2:172.21.15.110:3300/0,v1:172.21.15.110:6789/0] conn(0x7f2dc8101f90 0x7f2dc81023a0 unknown :-1 s=BANNER_CONNECTING pgs=0 cs=0 l=0 rev1=0 crypto rx=0 tx=0 comp rx=0 tx=0)._handle_peer_banner_payload supported=3 required=0
2024-09-16T01:57:08.034 INFO:teuthology.orchestra.run.smithi110.stdout:/usr/bin/ceph: stderr
2024-09-16T01:57:07.227+0000 7f2dc77fe640 1 --2- >> [v2:172.21.15.110:3300/0,v1:172.21.15.110:6789/0] conn(0x7f2dc8101f90 0x7f2dc81023a0 unknown :-1 s=HELLO_CONNECTING pgs=0 cs=0 l=0 rev1=1 crypto rx=0 tx=0 comp rx=0 tx=0).handle_hello peer v2:172.21.15.110:3300/0 says I am v2:172.21.15.110:44198/0 (socket says 172.21.15.110:44198)
2024-09-16T01:57:08.034 INFO:teuthology.orchestra.run.smithi110.stdout:/usr/bin/ceph: stderr
2024-09-16T01:57:07.227+0000 7f2dc77fe640 1 -- 172.21.15.110:0/679298089 learned_addr learned my addr 172.21.15.110:0/679298089 (peer_addr_for_me v2:172.21.15.110:0/0)
2024-09-16T01:57:08.034 INFO:teuthology.orchestra.run.smithi110.stdout:/usr/bin/ceph: stderr
2024-09-16T01:57:07.227+0000 7f2dc77fe640 1 -- 172.21.15.110:0/679298089 --> [v2:172.21.15.110:3300/0,v1:172.21.15.110:6789/0] -- mon_subscribe({config=0+,monmap=0+}) v3 -- 0x7f2dc8102a20 con 0x7f2dc8101f90
2024-09-16T01:57:08.034 INFO:teuthology.orchestra.run.smithi110.stdout:/usr/bin/ceph: stderr
2024-09-16T01:57:07.228+0000 7f2dc77fe640 1 --2- 172.21.15.110:0/679298089 >> [v2:172.21.15.110:3300/0,v1:172.21.15.110:6789/0] conn(0x7f2dc8101f90 0x7f2dc81023a0 secure :-1 s=READY pgs=35 cs=0 l=1 rev1=1 crypto rx=0x7f2db8009840 tx=0x7f2db80091d0 comp rx=0 tx=0).ready entity=mon.0 client_cookie=7892a105e2ca61a8 server_cookie=0 in_seq=0 out_seq=0
2024-09-16T01:57:08.035 INFO:teuthology.orchestra.run.smithi110.stdout:/usr/bin/ceph: stderr
2024-09-16T01:57:07.228+0000 7f2dc67fc640 1 -- 172.21.15.110:0/679298089 <== mon.0 v2:172.21.15.110:3300/0 1 ==== mon_map magic: 0 v1 ==== 229+0+0 (secure 0 0 0) 0x7f2db8032440 con 0x7f2dc8101f90
2024-09-16T01:57:08.035 INFO:teuthology.orchestra.run.smithi110.stdout:/usr/bin/ceph: stderr
2024-09-16T01:57:07.228+0000 7f2dc67fc640 1 -- 172.21.15.110:0/679298089 <== mon.0 v2:172.21.15.110:3300/0 2 ==== config(26 keys) v1 ==== 1005+0+0 (secure 0 0 0) 0x7f2db8032a00 con 0x7f2dc8101f90
2024-09-16T01:57:08.035 INFO:teuthology.orchestra.run.smithi110.stdout:/usr/bin/ceph: stderr
2024-09-16T01:57:07.228+0000 7f2dc67fc640 1 -- 172.21.15.110:0/679298089 <== mon.0 v2:172.21.15.110:3300/0 3 ==== mon_map magic: 0 v1 ==== 229+0+0 (secure 0 0 0) 0x7f2db80319e0 con 0x7f2dc8101f90
2024-09-16T01:57:08.035 INFO:teuthology.orchestra.run.smithi110.stdout:/usr/bin/ceph: stderr
2024-09-16T01:57:07.228+0000 7f2dcdde6640 1 -- 172.21.15.110:0/679298089 >> [v2:172.21.15.110:3300/0,v1:172.21.15.110:6789/0] conn(0x7f2dc8101f90 msgr2=0x7f2dc81023a0 secure :-1 s=STATE_CONNECTION_ESTABLISHED l=1).mark_down
2024-09-16T01:57:08.035 INFO:teuthology.orchestra.run.smithi110.stdout:/usr/bin/ceph: stderr
2024-09-16T01:57:07.228+0000 7f2dcdde6640 1 --2- 172.21.15.110:0/679298089 >> [v2:172.21.15.110:3300/0,v1:172.21.15.110:6789/0] conn(0x7f2dc8101f90 0x7f2dc81023a0 secure :-1 s=READY pgs=35 cs=0 l=1 rev1=1 crypto rx=0x7f2db8009840 tx=0x7f2db80091d0 comp rx=0 tx=0).stop
2024-09-16T01:57:08.035 INFO:teuthology.orchestra.run.smithi110.stdout:/usr/bin/ceph: stderr
2024-09-16T01:57:07.229+0000 7f2dcdde6640 1 -- 172.21.15.110:0/679298089 shutdown_connections
2024-09-16T01:57:08.035 INFO:teuthology.orchestra.run.smithi110.stdout:/usr/bin/ceph: stderr
2024-09-16T01:57:07.229+0000 7f2dcdde6640 1 --2- 172.21.15.110:0/679298089 >> [v2:172.21.15.110:3300/0,v1:172.21.15.110:6789/0] conn(0x7f2dc8101f90 0x7f2dc81023a0 unknown :-1 s=CLOSED pgs=35 cs=0 l=1 rev1=1 crypto rx=0 tx=0 comp rx=0 tx=0).stop
2024-09-16T01:57:08.035 INFO:teuthology.orchestra.run.smithi110.stdout:/usr/bin/ceph: stderr
2024-09-16T01:57:07.229+0000 7f2dcdde6640 1 -- 172.21.15.110:0/679298089 >> 172.21.15.110:0/679298089 conn(0x7f2dc80fd710 msgr2=0x7f2dc80ffb40 unknown :-1 s=STATE_NONE l=0).mark_down
2024-09-16T01:57:08.035 INFO:teuthology.orchestra.run.smithi110.stdout:/usr/bin/ceph: stderr
2024-09-16T01:57:07.229+0000 7f2dcdde6640 1 -- 172.21.15.110:0/679298089 shutdown_connections
2024-09-16T01:57:08.035 INFO:teuthology.orchestra.run.smithi110.stdout:/usr/bin/ceph: stderr
2024-09-16T01:57:07.229+0000 7f2dcdde6640 1 -- 172.21.15.110:0/679298089 wait complete.
2024-09-16T01:57:08.035 INFO:teuthology.orchestra.run.smithi110.stdout:/usr/bin/ceph: stderr
2024-09-16T01:57:07.229+0000 7f2dcdde6640 1 Processor -- start
2024-09-16T01:57:08.035 INFO:teuthology.orchestra.run.smithi110.stdout:/usr/bin/ceph: stderr
2024-09-16T01:57:07.229+0000 7f2dcdde6640 1 -- start start
2024-09-16T01:57:08.035 INFO:teuthology.orchestra.run.smithi110.stdout:/usr/bin/ceph: stderr
2024-09-16T01:57:07.229+0000 7f2dcdde6640 1 --2- >> [v2:172.21.15.110:3300/0,v1:172.21.15.110:6789/0] conn(0x7f2dc8101f90 0x7f2dc8110ce0 unknown :-1 s=NONE pgs=0 cs=0 l=1 rev1=0 crypto rx=0 tx=0 comp rx=0 tx=0).connect
2024-09-16T01:57:08.036 INFO:teuthology.orchestra.run.smithi110.stdout:/usr/bin/ceph: stderr
2024-09-16T01:57:07.229+0000 7f2dcdde6640 1 -- --> [v2:172.21.15.110:3300/0,v1:172.21.15.110:6789/0] -- mon_getmap magic: 0 v1 -- 0x7f2dc8111220 con 0x7f2dc8101f90
2024-09-16T01:57:08.036 INFO:teuthology.orchestra.run.smithi110.stdout:/usr/bin/ceph: stderr
2024-09-16T01:57:07.230+0000 7f2dc77fe640 1 --2- >> [v2:172.21.15.110:3300/0,v1:172.21.15.110:6789/0] conn(0x7f2dc8101f90 0x7f2dc8110ce0 unknown :-1 s=BANNER_CONNECTING pgs=0 cs=0 l=1 rev1=0 crypto rx=0 tx=0 comp rx=0 tx=0)._handle_peer_banner_payload supported=3 required=0
2024-09-16T01:57:08.036 INFO:teuthology.orchestra.run.smithi110.stdout:/usr/bin/ceph: stderr
2024-09-16T01:57:07.230+0000 7f2dc77fe640 1 --2- >> [v2:172.21.15.110:3300/0,v1:172.21.15.110:6789/0] conn(0x7f2dc8101f90 0x7f2dc8110ce0 unknown :-1 s=HELLO_CONNECTING pgs=0 cs=0 l=1 rev1=1 crypto rx=0 tx=0 comp rx=0 tx=0).handle_hello peer v2:172.21.15.110:3300/0 says I am v2:172.21.15.110:44206/0 (socket says 172.21.15.110:44206)
2024-09-16T01:57:08.036 INFO:teuthology.orchestra.run.smithi110.stdout:/usr/bin/ceph: stderr
2024-09-16T01:57:07.230+0000 7f2dc77fe640 1 -- 172.21.15.110:0/1775627202 learned_addr learned my addr 172.21.15.110:0/1775627202 (peer_addr_for_me v2:172.21.15.110:0/0)
2024-09-16T01:57:08.036 INFO:teuthology.orchestra.run.smithi110.stdout:/usr/bin/ceph: stderr
2024-09-16T01:57:07.230+0000 7f2dc77fe640 1 -- 172.21.15.110:0/1775627202 --> [v2:172.21.15.110:3300/0,v1:172.21.15.110:6789/0] -- mon_subscribe({config=0+,monmap=0+}) v3 -- 0x7f2db8009450 con 0x7f2dc8101f90
2024-09-16T01:57:08.036 INFO:teuthology.orchestra.run.smithi110.stdout:/usr/bin/ceph: stderr
2024-09-16T01:57:07.230+0000 7f2dc77fe640 1 --2- 172.21.15.110:0/1775627202 >> [v2:172.21.15.110:3300/0,v1:172.21.15.110:6789/0] conn(0x7f2dc8101f90 0x7f2dc8110ce0 secure :-1 s=READY pgs=36 cs=0 l=1 rev1=1 crypto rx=0x7f2db80098a0 tx=0x7f2db8008040 comp rx=0 tx=0).ready entity=mon.0 client_cookie=0 server_cookie=0 in_seq=0 out_seq=0
2024-09-16T01:57:08.036 INFO:teuthology.orchestra.run.smithi110.stdout:/usr/bin/ceph: stderr
2024-09-16T01:57:07.230+0000 7f2daffff640 1 -- 172.21.15.110:0/1775627202 <== mon.0 v2:172.21.15.110:3300/0 1 ==== mon_map magic: 0 v1 ==== 229+0+0 (secure 0 0 0) 0x7f2db8032880 con 0x7f2dc8101f90
2024-09-16T01:57:08.036 INFO:teuthology.orchestra.run.smithi110.stdout:/usr/bin/ceph: stderr
2024-09-16T01:57:07.230+0000 7f2daffff640 1 -- 172.21.15.110:0/1775627202 <== mon.0 v2:172.21.15.110:3300/0 2 ==== config(26 keys) v1 ==== 1005+0+0 (secure 0 0 0) 0x7f2db803d8b0 con 0x7f2dc8101f90
2024-09-16T01:57:08.036 INFO:teuthology.orchestra.run.smithi110.stdout:/usr/bin/ceph: stderr
2024-09-16T01:57:07.230+0000 7f2dcdde6640 1 -- 172.21.15.110:0/1775627202 --> [v2:172.21.15.110:3300/0,v1:172.21.15.110:6789/0] -- mon_subscribe({mgrmap=0+}) v3 -- 0x7f2dc8111420 con 0x7f2dc8101f90
2024-09-16T01:57:08.036 INFO:teuthology.orchestra.run.smithi110.stdout:/usr/bin/ceph: stderr
2024-09-16T01:57:07.230+0000 7f2daffff640 1 -- 172.21.15.110:0/1775627202 <== mon.0 v2:172.21.15.110:3300/0 3 ==== mon_map magic: 0 v1 ==== 229+0+0 (secure 0 0 0) 0x7f2db803b910 con 0x7f2dc8101f90
2024-09-16T01:57:08.036 INFO:teuthology.orchestra.run.smithi110.stdout:/usr/bin/ceph: stderr
2024-09-16T01:57:07.230+0000 7f2dcdde6640 1 -- 172.21.15.110:0/1775627202 --> [v2:172.21.15.110:3300/0,v1:172.21.15.110:6789/0] -- mon_subscribe({osdmap=0}) v3 -- 0x7f2dc8111890 con 0x7f2dc8101f90
2024-09-16T01:57:08.037 INFO:teuthology.orchestra.run.smithi110.stdout:/usr/bin/ceph: stderr
2024-09-16T01:57:07.231+0000 7f2daffff640 1 -- 172.21.15.110:0/1775627202 <== mon.0 v2:172.21.15.110:3300/0 4 ==== mgrmap(e 8) v1 ==== 45507+0+0 (secure 0 0 0) 0x7f2db8039070 con 0x7f2dc8101f90
2024-09-16T01:57:08.037 INFO:teuthology.orchestra.run.smithi110.stdout:/usr/bin/ceph: stderr
2024-09-16T01:57:07.231+0000 7f2dcdde6640 1 -- 172.21.15.110:0/1775627202 --> [v2:172.21.15.110:3300/0,v1:172.21.15.110:6789/0] -- mon_command({"prefix": "get_command_descriptions"} v 0) v1 -- 0x7f2dc804b720 con 0x7f2dc8101f90
2024-09-16T01:57:08.037 INFO:teuthology.orchestra.run.smithi110.stdout:/usr/bin/ceph: stderr
2024-09-16T01:57:07.231+0000 7f2daffff640 1 --2- 172.21.15.110:0/1775627202 >> [v2:172.21.15.110:6800/3914114363,v1:172.21.15.110:6801/3914114363] conn(0x7f2db00394e0 0x7f2db003b990 unknown :-1 s=NONE pgs=0 cs=0 l=1 rev1=0 crypto rx=0 tx=0 comp rx=0 tx=0).connect
2024-09-16T01:57:08.037 INFO:teuthology.orchestra.run.smithi110.stdout:/usr/bin/ceph: stderr
2024-09-16T01:57:07.231+0000 7f2daffff640 1 -- 172.21.15.110:0/1775627202 <== mon.0 v2:172.21.15.110:3300/0 5 ==== osd_map(2..2 src has 1..2) v4 ==== 936+0+0 (secure 0 0 0) 0x7f2db806d0f0 con 0x7f2dc8101f90
2024-09-16T01:57:08.037 INFO:teuthology.orchestra.run.smithi110.stdout:/usr/bin/ceph: stderr
2024-09-16T01:57:07.231+0000 7f2dc6ffd640 1 --2- 172.21.15.110:0/1775627202 >> [v2:172.21.15.110:6800/3914114363,v1:172.21.15.110:6801/3914114363] conn(0x7f2db00394e0 0x7f2db003b990 unknown :-1 s=BANNER_CONNECTING pgs=0 cs=0 l=1 rev1=0 crypto rx=0 tx=0 comp rx=0 tx=0)._handle_peer_banner_payload supported=3 required=0
2024-09-16T01:57:08.037 INFO:teuthology.orchestra.run.smithi110.stdout:/usr/bin/ceph: stderr
2024-09-16T01:57:07.232+0000 7f2dc6ffd640 1 --2- 172.21.15.110:0/1775627202 >> [v2:172.21.15.110:6800/3914114363,v1:172.21.15.110:6801/3914114363] conn(0x7f2db00394e0 0x7f2db003b990 secure :-1 s=READY pgs=8 cs=0 l=1 rev1=1 crypto rx=0x7f2dbc00ad90 tx=0x7f2dbc009410 comp rx=0 tx=0).ready entity=mgr.14116 client_cookie=0 server_cookie=0 in_seq=0 out_seq=0
2024-09-16T01:57:08.037 INFO:teuthology.orchestra.run.smithi110.stdout:/usr/bin/ceph: stderr
2024-09-16T01:57:07.236+0000 7f2daffff640 1 -- 172.21.15.110:0/1775627202 <== mon.0 v2:172.21.15.110:3300/0 6 ==== mon_command_ack([{"prefix": "get_command_descriptions"}]=0 v0) v1 ==== 72+0+176781 (secure 0 0 0) 0x7f2db804eda0 con 0x7f2dc8101f90
2024-09-16T01:57:08.037 INFO:teuthology.orchestra.run.smithi110.stdout:/usr/bin/ceph: stderr
2024-09-16T01:57:07.395+0000 7f2dcdde6640 1 -- 172.21.15.110:0/1775627202 --> [v2:172.21.15.110:6800/3914114363,v1:172.21.15.110:6801/3914114363] -- mgr_command(tid 0: {"prefix": "cephadm set-user", "user": "root", "target": ["mon-mgr", ""]}) v1 -- 0x7f2dc8111890 con 0x7f2db00394e0
2024-09-16T01:57:08.037 INFO:teuthology.orchestra.run.smithi110.stdout:/usr/bin/ceph: stderr
2024-09-16T01:57:07.396+0000 7f2daffff640 1 -- 172.21.15.110:0/1775627202 <== mgr.14116 v2:172.21.15.110:6800/3914114363 1 ==== mgr_command_reply(tid 0: 0 ) v1 ==== 8+0+16 (secure 0 0 0) 0x7f2dc8111890 con 0x7f2db00394e0
2024-09-16T01:57:08.037 INFO:teuthology.orchestra.run.smithi110.stdout:/usr/bin/ceph: stderr
2024-09-16T01:57:07.398+0000 7f2dcdde6640 1 -- 172.21.15.110:0/1775627202 >> [v2:172.21.15.110:6800/3914114363,v1:172.21.15.110:6801/3914114363] conn(0x7f2db00394e0 msgr2=0x7f2db003b990 secure :-1 s=STATE_CONNECTION_ESTABLISHED l=1).mark_down
2024-09-16T01:57:08.038 INFO:teuthology.orchestra.run.smithi110.stdout:/usr/bin/ceph: stderr
2024-09-16T01:57:07.398+0000 7f2dcdde6640 1 --2- 172.21.15.110:0/1775627202 >> [v2:172.21.15.110:6800/3914114363,v1:172.21.15.110:6801/3914114363] conn(0x7f2db00394e0 0x7f2db003b990 secure :-1 s=READY pgs=8 cs=0 l=1 rev1=1 crypto rx=0x7f2dbc00ad90 tx=0x7f2dbc009410 comp rx=0 tx=0).stop
2024-09-16T01:57:08.038 INFO:teuthology.orchestra.run.smithi110.stdout:/usr/bin/ceph: stderr
2024-09-16T01:57:07.398+0000 7f2dcdde6640 1 -- 172.21.15.110:0/1775627202 >> [v2:172.21.15.110:3300/0,v1:172.21.15.110:6789/0] conn(0x7f2dc8101f90 msgr2=0x7f2dc8110ce0 secure :-1 s=STATE_CONNECTION_ESTABLISHED l=1).mark_down
2024-09-16T01:57:08.038 INFO:teuthology.orchestra.run.smithi110.stdout:/usr/bin/ceph: stderr
2024-09-16T01:57:07.398+0000 7f2dcdde6640 1 --2- 172.21.15.110:0/1775627202 >> [v2:172.21.15.110:3300/0,v1:172.21.15.110:6789/0] conn(0x7f2dc8101f90 0x7f2dc8110ce0 secure :-1 s=READY pgs=36 cs=0 l=1 rev1=1 crypto rx=0x7f2db80098a0 tx=0x7f2db8008040 comp rx=0 tx=0).stop
2024-09-16T01:57:08.038 INFO:teuthology.orchestra.run.smithi110.stdout:/usr/bin/ceph: stderr
2024-09-16T01:57:07.398+0000 7f2dcdde6640 1 -- 172.21.15.110:0/1775627202 shutdown_connections
2024-09-16T01:57:08.038 INFO:teuthology.orchestra.run.smithi110.stdout:/usr/bin/ceph: stderr
2024-09-16T01:57:07.398+0000 7f2dcdde6640 1 --2- 172.21.15.110:0/1775627202 >> [v2:172.21.15.110:6800/3914114363,v1:172.21.15.110:6801/3914114363] conn(0x7f2db00394e0 0x7f2db003b990 unknown :-1 s=CLOSED pgs=8 cs=0 l=1 rev1=1 crypto rx=0 tx=0 comp rx=0 tx=0).stop
2024-09-16T01:57:08.038 INFO:teuthology.orchestra.run.smithi110.stdout:/usr/bin/ceph: stderr
2024-09-16T01:57:07.398+0000 7f2dcdde6640 1 --2- 172.21.15.110:0/1775627202 >> [v2:172.21.15.110:3300/0,v1:172.21.15.110:6789/0] conn(0x7f2dc8101f90 0x7f2dc8110ce0 unknown :-1 s=CLOSED pgs=36 cs=0 l=1 rev1=1 crypto rx=0 tx=0 comp rx=0 tx=0).stop
2024-09-16T01:57:08.038 INFO:teuthology.orchestra.run.smithi110.stdout:/usr/bin/ceph: stderr
2024-09-16T01:57:07.398+0000 7f2dcdde6640 1 -- 172.21.15.110:0/1775627202 >> 172.21.15.110:0/1775627202 conn(0x7f2dc80fd710 msgr2=0x7f2dc80fe260 unknown :-1 s=STATE_NONE l=0).mark_down
2024-09-16T01:57:08.038 INFO:teuthology.orchestra.run.smithi110.stdout:/usr/bin/ceph: stderr
2024-09-16T01:57:07.398+0000 7f2dcdde6640 1 -- 172.21.15.110:0/1775627202 shutdown_connections
2024-09-16T01:57:08.038 INFO:teuthology.orchestra.run.smithi110.stdout:/usr/bin/ceph: stderr
2024-09-16T01:57:07.398+0000 7f2dcdde6640 1 -- 172.21.15.110:0/1775627202 wait complete.
2024-09-16T01:57:08.038 INFO:teuthology.orchestra.run.smithi110.stdout:Generating ssh key...
2024-09-16T01:57:08.706 INFO:journalctl@ceph.mon.smithi110.smithi110.stdout:Sep 16 01:57:08 smithi110 ceph-mon[27634]: from='client.14130 -' entity='client.admin' cmd=[{"prefix": "cephadm set-user", "user": "root", "target": ["mon-mgr", ""]}]: dispatch
2024-09-16T01:57:09.307 INFO:teuthology.orchestra.run.smithi110.stdout:/usr/bin/ceph: stderr
2024-09-16T01:57:08.432+0000 7f35ba144640 1 Processor -- start
