2024-09-17T11:37:00.231 INFO:teuthology.orchestra.run.smithi049.stdout:/usr/bin/ceph: stderr
2024-09-17T11:36:59.473+0000 7f9ca5ffb640 1 -- 172.21.15.49:0/2204197882 <== mon.0 v2:172.21.15.49:3300/0 3 ==== mon_map magic: 0 ==== 205+0+0 (secure 0 0 0) 0x7f9c98030690 con 0x7f9ca8106960
2024-09-17T11:37:00.231 INFO:teuthology.orchestra.run.smithi049.stdout:/usr/bin/ceph: stderr
2024-09-17T11:36:59.474+0000 7f9cad3e2640 1 -- 172.21.15.49:0/2204197882 >> [v2:172.21.15.49:3300/0,v1:172.21.15.49:6789/0] conn(0x7f9ca8106960 msgr2=0x7f9ca8106d60 secure :-1 s=STATE_CONNECTION_ESTABLISHED l=1).mark_down
2024-09-17T11:37:00.231 INFO:teuthology.orchestra.run.smithi049.stdout:/usr/bin/ceph: stderr
2024-09-17T11:36:59.474+0000 7f9cad3e2640 1 --2- 172.21.15.49:0/2204197882 >> [v2:172.21.15.49:3300/0,v1:172.21.15.49:6789/0] conn(0x7f9ca8106960 0x7f9ca8106d60 secure :-1 s=READY pgs=18 cs=0 l=1 rev1=1 crypto rx=0x7f9c98009820 tx=0x7f9c9802a270 comp rx=0 tx=0).stop
2024-09-17T11:37:00.232 INFO:teuthology.orchestra.run.smithi049.stdout:/usr/bin/ceph: stderr
2024-09-17T11:36:59.474+0000 7f9cad3e2640 1 -- 172.21.15.49:0/2204197882 shutdown_connections
2024-09-17T11:37:00.232 INFO:teuthology.orchestra.run.smithi049.stdout:/usr/bin/ceph: stderr
2024-09-17T11:36:59.474+0000 7f9cad3e2640 1 --2- 172.21.15.49:0/2204197882 >> [v2:172.21.15.49:3300/0,v1:172.21.15.49:6789/0] conn(0x7f9ca8106960 0x7f9ca8106d60 unknown :-1 s=CLOSED pgs=18 cs=0 l=1 rev1=1 crypto rx=0 tx=0 comp rx=0 tx=0).stop
2024-09-17T11:37:00.232 INFO:teuthology.orchestra.run.smithi049.stdout:/usr/bin/ceph: stderr
2024-09-17T11:36:59.474+0000 7f9cad3e2640 1 -- 172.21.15.49:0/2204197882 >> 172.21.15.49:0/2204197882 conn(0x7f9ca8102250 msgr2=0x7f9ca8104670 unknown :-1 s=STATE_NONE l=0).mark_down
2024-09-17T11:37:00.232 INFO:teuthology.orchestra.run.smithi049.stdout:/usr/bin/ceph: stderr
2024-09-17T11:36:59.474+0000 7f9cad3e2640 1 -- 172.21.15.49:0/2204197882 shutdown_connections
2024-09-17T11:37:00.232 INFO:teuthology.orchestra.run.smithi049.stdout:/usr/bin/ceph: stderr
2024-09-17T11:36:59.474+0000 7f9cad3e2640 1 -- 172.21.15.49:0/2204197882 wait complete.
2024-09-17T11:37:00.232 INFO:teuthology.orchestra.run.smithi049.stdout:/usr/bin/ceph: stderr
2024-09-17T11:36:59.474+0000 7f9cad3e2640 1 Processor -- start
2024-09-17T11:37:00.232 INFO:teuthology.orchestra.run.smithi049.stdout:/usr/bin/ceph: stderr
2024-09-17T11:36:59.475+0000 7f9cad3e2640 1 -- start start
2024-09-17T11:37:00.232 INFO:teuthology.orchestra.run.smithi049.stdout:/usr/bin/ceph: stderr
2024-09-17T11:36:59.475+0000 7f9cad3e2640 1 --2- >> [v2:172.21.15.49:3300/0,v1:172.21.15.49:6789/0] conn(0x7f9ca8106960 0x7f9ca819a8e0 unknown :-1 s=NONE pgs=0 cs=0 l=1 rev1=0 crypto rx=0 tx=0 comp rx=0 tx=0).connect
2024-09-17T11:37:00.232 INFO:teuthology.orchestra.run.smithi049.stdout:/usr/bin/ceph: stderr
2024-09-17T11:36:59.475+0000 7f9cad3e2640 1 -- --> [v2:172.21.15.49:3300/0,v1:172.21.15.49:6789/0] -- mon_getmap magic: 0 -- 0x7f9ca810ade0 con 0x7f9ca8106960
2024-09-17T11:37:00.232 INFO:teuthology.orchestra.run.smithi049.stdout:/usr/bin/ceph: stderr
2024-09-17T11:36:59.475+0000 7f9ca6ffd640 1 --2- >> [v2:172.21.15.49:3300/0,v1:172.21.15.49:6789/0] conn(0x7f9ca8106960 0x7f9ca819a8e0 unknown :-1 s=BANNER_CONNECTING pgs=0 cs=0 l=1 rev1=0 crypto rx=0 tx=0 comp rx=0 tx=0)._handle_peer_banner_payload supported=3 required=0
2024-09-17T11:37:00.232 INFO:teuthology.orchestra.run.smithi049.stdout:/usr/bin/ceph: stderr
2024-09-17T11:36:59.475+0000 7f9ca6ffd640 1 --2- >> [v2:172.21.15.49:3300/0,v1:172.21.15.49:6789/0] conn(0x7f9ca8106960 0x7f9ca819a8e0 unknown :-1 s=HELLO_CONNECTING pgs=0 cs=0 l=1 rev1=1 crypto rx=0 tx=0 comp rx=0 tx=0).handle_hello peer v2:172.21.15.49:3300/0 says I am v2:172.21.15.49:50790/0 (socket says 172.21.15.49:50790)
2024-09-17T11:37:00.232 INFO:teuthology.orchestra.run.smithi049.stdout:/usr/bin/ceph: stderr
2024-09-17T11:36:59.475+0000 7f9ca6ffd640 1 -- 172.21.15.49:0/2693302296 learned_addr learned my addr 172.21.15.49:0/2693302296 (peer_addr_for_me v2:172.21.15.49:0/0)
2024-09-17T11:37:00.232 INFO:teuthology.orchestra.run.smithi049.stdout:/usr/bin/ceph: stderr
2024-09-17T11:36:59.475+0000 7f9ca6ffd640 1 -- 172.21.15.49:0/2693302296 --> [v2:172.21.15.49:3300/0,v1:172.21.15.49:6789/0] -- mon_subscribe({config=0+,monmap=0+}) -- 0x7f9ca819ae40 con 0x7f9ca8106960
2024-09-17T11:37:00.232 INFO:teuthology.orchestra.run.smithi049.stdout:/usr/bin/ceph: stderr
2024-09-17T11:36:59.475+0000 7f9ca6ffd640 1 --2- 172.21.15.49:0/2693302296 >> [v2:172.21.15.49:3300/0,v1:172.21.15.49:6789/0] conn(0x7f9ca8106960 0x7f9ca819a8e0 secure :-1 s=READY pgs=19 cs=0 l=1 rev1=1 crypto rx=0x7f9c98006f10 tx=0x7f9c98032670 comp rx=0 tx=0).ready entity=mon.0 client_cookie=0 server_cookie=0 in_seq=0 out_seq=0
2024-09-17T11:37:00.233 INFO:teuthology.orchestra.run.smithi049.stdout:/usr/bin/ceph: stderr
2024-09-17T11:36:59.475+0000 7f9c8ffff640 1 -- 172.21.15.49:0/2693302296 <== mon.0 v2:172.21.15.49:3300/0 1 ==== mon_map magic: 0 ==== 205+0+0 (secure 0 0 0) 0x7f9c98037040 con 0x7f9ca8106960
2024-09-17T11:37:00.233 INFO:teuthology.orchestra.run.smithi049.stdout:/usr/bin/ceph: stderr
2024-09-17T11:36:59.475+0000 7f9c8ffff640 1 -- 172.21.15.49:0/2693302296 <== mon.0 v2:172.21.15.49:3300/0 2 ==== config(25 keys) ==== 1023+0+0 (secure 0 0 0) 0x7f9c98040070 con 0x7f9ca8106960
2024-09-17T11:37:00.233 INFO:teuthology.orchestra.run.smithi049.stdout:/usr/bin/ceph: stderr
2024-09-17T11:36:59.475+0000 7f9cad3e2640 1 -- 172.21.15.49:0/2693302296 --> [v2:172.21.15.49:3300/0,v1:172.21.15.49:6789/0] -- mon_subscribe({mgrmap=0+}) -- 0x7f9ca819b0d0 con 0x7f9ca8106960
2024-09-17T11:37:00.233 INFO:teuthology.orchestra.run.smithi049.stdout:/usr/bin/ceph: stderr
2024-09-17T11:36:59.475+0000 7f9c8ffff640 1 -- 172.21.15.49:0/2693302296 <== mon.0 v2:172.21.15.49:3300/0 3 ==== mon_map magic: 0 ==== 205+0+0 (secure 0 0 0) 0x7f9c9803a390 con 0x7f9ca8106960
2024-09-17T11:37:00.233 INFO:teuthology.orchestra.run.smithi049.stdout:/usr/bin/ceph: stderr
2024-09-17T11:36:59.476+0000 7f9cad3e2640 1 -- 172.21.15.49:0/2693302296 --> [v2:172.21.15.49:3300/0,v1:172.21.15.49:6789/0] -- mon_subscribe({osdmap=0}) -- 0x7f9ca819ba90 con 0x7f9ca8106960
2024-09-17T11:37:00.233 INFO:teuthology.orchestra.run.smithi049.stdout:/usr/bin/ceph: stderr
2024-09-17T11:36:59.476+0000 7f9c8ffff640 1 -- 172.21.15.49:0/2693302296 <== mon.0 v2:172.21.15.49:3300/0 4 ==== mgrmap(e 4) ==== 51719+0+0 (secure 0 0 0) 0x7f9c9803a650 con 0x7f9ca8106960
2024-09-17T11:37:00.233 INFO:teuthology.orchestra.run.smithi049.stdout:/usr/bin/ceph: stderr
2024-09-17T11:36:59.476+0000 7f9cad3e2640 1 -- 172.21.15.49:0/2693302296 --> [v2:172.21.15.49:3300/0,v1:172.21.15.49:6789/0] -- mon_command({"prefix": "get_command_descriptions"} v 0) -- 0x7f9ca8106de0 con 0x7f9ca8106960
2024-09-17T11:37:00.233 INFO:teuthology.orchestra.run.smithi049.stdout:/usr/bin/ceph: stderr
2024-09-17T11:36:59.477+0000 7f9c8ffff640 1 --2- 172.21.15.49:0/2693302296 >> v2:172.21.15.49:6800/1073451895 conn(0x7f9c9003f680 0x7f9c90041b40 unknown :-1 s=NONE pgs=0 cs=0 l=1 rev1=0 crypto rx=0 tx=0 comp rx=0 tx=0).connect
2024-09-17T11:37:00.233 INFO:teuthology.orchestra.run.smithi049.stdout:/usr/bin/ceph: stderr
2024-09-17T11:36:59.477+0000 7f9c8ffff640 1 -- 172.21.15.49:0/2693302296 <== mon.0 v2:172.21.15.49:3300/0 5 ==== osd_map(1..1 src has 1..1) ==== 725+0+0 (secure 0 0 0) 0x7f9c98073d30 con 0x7f9ca8106960
2024-09-17T11:37:00.233 INFO:teuthology.orchestra.run.smithi049.stdout:/usr/bin/ceph: stderr
2024-09-17T11:36:59.477+0000 7f9ca67fc640 1 --2- 172.21.15.49:0/2693302296 >> v2:172.21.15.49:6800/1073451895 conn(0x7f9c9003f680 0x7f9c90041b40 unknown :-1 s=BANNER_CONNECTING pgs=0 cs=0 l=1 rev1=0 crypto rx=0 tx=0 comp rx=0 tx=0)._handle_peer_banner_payload supported=3 required=0
2024-09-17T11:37:00.233 INFO:teuthology.orchestra.run.smithi049.stdout:/usr/bin/ceph: stderr
2024-09-17T11:36:59.477+0000 7f9ca67fc640 1 --2- 172.21.15.49:0/2693302296 >> v2:172.21.15.49:6800/1073451895 conn(0x7f9c9003f680 0x7f9c90041b40 secure :-1 s=READY pgs=7 cs=0 l=1 rev1=1 crypto rx=0x7f9c9c0098c0 tx=0x7f9c9c006db0 comp rx=0 tx=0).ready entity=mgr.14100 client_cookie=0 server_cookie=0 in_seq=0 out_seq=0
2024-09-17T11:37:00.233 INFO:teuthology.orchestra.run.smithi049.stdout:/usr/bin/ceph: stderr
2024-09-17T11:36:59.481+0000 7f9c8ffff640 1 -- 172.21.15.49:0/2693302296 <== mon.0 v2:172.21.15.49:3300/0 6 ==== mon_command_ack([{"prefix": "get_command_descriptions"}]=0 v0) ==== 72+0+196987 (secure 0 0 0) 0x7f9c9803a940 con 0x7f9ca8106960
2024-09-17T11:37:00.233 INFO:teuthology.orchestra.run.smithi049.stdout:/usr/bin/ceph: stderr
2024-09-17T11:36:59.668+0000 7f9cad3e2640 1 -- 172.21.15.49:0/2693302296 --> [v2:172.21.15.49:3300/0,v1:172.21.15.49:6789/0] -- mon_command({"prefix": "config assimilate-conf"} v 0) -- 0x7f9ca819c1b0 con 0x7f9ca8106960
2024-09-17T11:37:00.234 INFO:teuthology.orchestra.run.smithi049.stdout:/usr/bin/ceph: stderr
2024-09-17T11:36:59.669+0000 7f9c8ffff640 1 -- 172.21.15.49:0/2693302296 <== mon.0 v2:172.21.15.49:3300/0 7 ==== mon_command_ack([{"prefix": "config assimilate-conf"}]=0 v3) ==== 70+0+374 (secure 0 0 0) 0x7f9c98073a90 con 0x7f9ca8106960
2024-09-17T11:37:00.234 INFO:teuthology.orchestra.run.smithi049.stdout:/usr/bin/ceph: stderr
2024-09-17T11:36:59.672+0000 7f9cad3e2640 1 -- 172.21.15.49:0/2693302296 >> v2:172.21.15.49:6800/1073451895 conn(0x7f9c9003f680 msgr2=0x7f9c90041b40 secure :-1 s=STATE_CONNECTION_ESTABLISHED l=1).mark_down
2024-09-17T11:37:00.234 INFO:teuthology.orchestra.run.smithi049.stdout:/usr/bin/ceph: stderr
2024-09-17T11:36:59.672+0000 7f9cad3e2640 1 --2- 172.21.15.49:0/2693302296 >> v2:172.21.15.49:6800/1073451895 conn(0x7f9c9003f680 0x7f9c90041b40 secure :-1 s=READY pgs=7 cs=0 l=1 rev1=1 crypto rx=0x7f9c9c0098c0 tx=0x7f9c9c006db0 comp rx=0 tx=0).stop
2024-09-17T11:37:00.234 INFO:teuthology.orchestra.run.smithi049.stdout:/usr/bin/ceph: stderr
2024-09-17T11:36:59.672+0000 7f9cad3e2640 1 -- 172.21.15.49:0/2693302296 >> [v2:172.21.15.49:3300/0,v1:172.21.15.49:6789/0] conn(0x7f9ca8106960 msgr2=0x7f9ca819a8e0 secure :-1 s=STATE_CONNECTION_ESTABLISHED l=1).mark_down
2024-09-17T11:37:00.234 INFO:teuthology.orchestra.run.smithi049.stdout:/usr/bin/ceph: stderr
2024-09-17T11:36:59.672+0000 7f9cad3e2640 1 --2- 172.21.15.49:0/2693302296 >> [v2:172.21.15.49:3300/0,v1:172.21.15.49:6789/0] conn(0x7f9ca8106960 0x7f9ca819a8e0 secure :-1 s=READY pgs=19 cs=0 l=1 rev1=1 crypto rx=0x7f9c98006f10 tx=0x7f9c98032670 comp rx=0 tx=0).stop
2024-09-17T11:37:00.234 INFO:teuthology.orchestra.run.smithi049.stdout:/usr/bin/ceph: stderr
2024-09-17T11:36:59.672+0000 7f9cad3e2640 1 -- 172.21.15.49:0/2693302296 shutdown_connections
2024-09-17T11:37:00.234 INFO:teuthology.orchestra.run.smithi049.stdout:/usr/bin/ceph: stderr
2024-09-17T11:36:59.672+0000 7f9cad3e2640 1 --2- 172.21.15.49:0/2693302296 >> v2:172.21.15.49:6800/1073451895 conn(0x7f9c9003f680 0x7f9c90041b40 unknown :-1 s=CLOSED pgs=7 cs=0 l=1 rev1=1 crypto rx=0 tx=0 comp rx=0 tx=0).stop
2024-09-17T11:37:00.234 INFO:teuthology.orchestra.run.smithi049.stdout:/usr/bin/ceph: stderr
2024-09-17T11:36:59.672+0000 7f9cad3e2640 1 --2- 172.21.15.49:0/2693302296 >> [v2:172.21.15.49:3300/0,v1:172.21.15.49:6789/0] conn(0x7f9ca8106960 0x7f9ca819a8e0 unknown :-1 s=CLOSED pgs=19 cs=0 l=1 rev1=1 crypto rx=0 tx=0 comp rx=0 tx=0).stop
2024-09-17T11:37:00.234 INFO:teuthology.orchestra.run.smithi049.stdout:/usr/bin/ceph: stderr
2024-09-17T11:36:59.672+0000 7f9cad3e2640 1 -- 172.21.15.49:0/2693302296 >> 172.21.15.49:0/2693302296 conn(0x7f9ca8102250 msgr2=0x7f9ca8102ca0 unknown :-1 s=STATE_NONE l=0).mark_down
2024-09-17T11:37:00.234 INFO:teuthology.orchestra.run.smithi049.stdout:/usr/bin/ceph: stderr
2024-09-17T11:36:59.672+0000 7f9cad3e2640 1 -- 172.21.15.49:0/2693302296 shutdown_connections
2024-09-17T11:37:00.234 INFO:teuthology.orchestra.run.smithi049.stdout:/usr/bin/ceph: stderr
2024-09-17T11:36:59.672+0000 7f9cad3e2640 1 -- 172.21.15.49:0/2693302296 wait complete.
2024-09-17T11:37:00.234 INFO:teuthology.orchestra.run.smithi049.stdout:Enabling cephadm module...
2024-09-17T11:37:00.607 INFO:journalctl@ceph.mon.a.smithi049.stdout:Sep 17 11:37:00 smithi049 ceph-mon[30017]: from='client.? 172.21.15.49:0/2693302296' entity='client.admin' cmd={"prefix": "config assimilate-conf"} : dispatch
2024-09-17T11:37:01.785 INFO:journalctl@ceph.mon.a.smithi049.stdout:Sep 17 11:37:01 smithi049 ceph-mon[30017]: from='client.? 172.21.15.49:0/32286682' entity='client.admin' cmd={"prefix": "mgr module enable", "module": "cephadm"} : dispatch
2024-09-17T11:37:01.785 INFO:journalctl@ceph.mgr.y.smithi049.stdout:Sep 17 11:37:01 smithi049 ceph-f97d9e96-74e8-11ef-bceb-c7b262605968-mgr-y[30268]: ignoring --setuser ceph since I am not root
2024-09-17T11:37:01.785 INFO:journalctl@ceph.mgr.y.smithi049.stdout:Sep 17 11:37:01 smithi049 ceph-f97d9e96-74e8-11ef-bceb-c7b262605968-mgr-y[30268]: ignoring --setgroup ceph since I am not root
2024-09-17T11:37:02.079 INFO:teuthology.orchestra.run.smithi049.stdout:/usr/bin/ceph: stderr
2024-09-17T11:37:00.621+0000 7f45d1cde640 1 Processor -- start
2024-09-17T11:37:02.079 INFO:teuthology.orchestra.run.smithi049.stdout:/usr/bin/ceph: stderr
2024-09-17T11:37:00.622+0000 7f45d1cde640 1 -- start start
2024-09-17T11:37:02.079 INFO:teuthology.orchestra.run.smithi049.stdout:/usr/bin/ceph: stderr
2024-09-17T11:37:00.622+0000 7f45d1cde640 1 --2- >> [v2:172.21.15.49:3300/0,v1:172.21.15.49:6789/0] conn(0x7f45cc07cce0 0x7f45cc07b340 unknown :-1 s=NONE pgs=0 cs=0 l=0 rev1=0 crypto rx=0 tx=0 comp rx=0 tx=0).connect
2024-09-17T11:37:02.079 INFO:teuthology.orchestra.run.smithi049.stdout:/usr/bin/ceph: stderr
2024-09-17T11:37:00.622+0000 7f45d1cde640 1 -- --> [v2:172.21.15.49:3300/0,v1:172.21.15.49:6789/0] -- mon_getmap magic: 0 -- 0x7f45cc07d190 con 0x7f45cc07cce0
2024-09-17T11:37:02.079 INFO:teuthology.orchestra.run.smithi049.stdout:/usr/bin/ceph: stderr
2024-09-17T11:37:00.622+0000 7f45cb7fe640 1 --2- >> [v2:172.21.15.49:3300/0,v1:172.21.15.49:6789/0] conn(0x7f45cc07cce0 0x7f45cc07b340 unknown :-1 s=BANNER_CONNECTING pgs=0 cs=0 l=0 rev1=0 crypto rx=0 tx=0 comp rx=0 tx=0)._handle_peer_banner_payload supported=3 required=0
2024-09-17T11:37:02.079 INFO:teuthology.orchestra.run.smithi049.stdout:/usr/bin/ceph: stderr
2024-09-17T11:37:00.622+0000 7f45cb7fe640 1 --2- >> [v2:172.21.15.49:3300/0,v1:172.21.15.49:6789/0] conn(0x7f45cc07cce0 0x7f45cc07b340 unknown :-1 s=HELLO_CONNECTING pgs=0 cs=0 l=0 rev1=1 crypto rx=0 tx=0 comp rx=0 tx=0).handle_hello peer v2:172.21.15.49:3300/0 says I am v2:172.21.15.49:50800/0 (socket says 172.21.15.49:50800)
2024-09-17T11:37:02.079 INFO:teuthology.orchestra.run.smithi049.stdout:/usr/bin/ceph: stderr
2024-09-17T11:37:00.622+0000 7f45cb7fe640 1 -- 172.21.15.49:0/1184832399 learned_addr learned my addr 172.21.15.49:0/1184832399 (peer_addr_for_me v2:172.21.15.49:0/0)
2024-09-17T11:37:02.079 INFO:teuthology.orchestra.run.smithi049.stdout:/usr/bin/ceph: stderr
2024-09-17T11:37:00.622+0000 7f45cb7fe640 1 -- 172.21.15.49:0/1184832399 --> [v2:172.21.15.49:3300/0,v1:172.21.15.49:6789/0] -- mon_subscribe({config=0+,monmap=0+}) -- 0x7f45cc07b880 con 0x7f45cc07cce0
2024-09-17T11:37:02.079 INFO:teuthology.orchestra.run.smithi049.stdout:/usr/bin/ceph: stderr
2024-09-17T11:37:00.623+0000 7f45cb7fe640 1 --2- 172.21.15.49:0/1184832399 >> [v2:172.21.15.49:3300/0,v1:172.21.15.49:6789/0] conn(0x7f45cc07cce0 0x7f45cc07b340 secure :-1 s=READY pgs=20 cs=0 l=1 rev1=1 crypto rx=0x7f45bc009820 tx=0x7f45bc02a270 comp rx=0 tx=0).ready entity=mon.0 client_cookie=85acb096824a63aa server_cookie=0 in_seq=0 out_seq=0
2024-09-17T11:37:02.079 INFO:teuthology.orchestra.run.smithi049.stdout:/usr/bin/ceph: stderr
2024-09-17T11:37:00.623+0000 7f45ca7fc640 1 -- 172.21.15.49:0/1184832399 <== mon.0 v2:172.21.15.49:3300/0 1 ==== mon_map magic: 0 ==== 205+0+0 (secure 0 0 0) 0x7f45bc037070 con 0x7f45cc07cce0
2024-09-17T11:37:02.080 INFO:teuthology.orchestra.run.smithi049.stdout:/usr/bin/ceph: stderr
2024-09-17T11:37:00.623+0000 7f45ca7fc640 1 -- 172.21.15.49:0/1184832399 <== mon.0 v2:172.21.15.49:3300/0 2 ==== config(25 keys) ==== 1023+0+0 (secure 0 0 0) 0x7f45bc0328a0 con 0x7f45cc07cce0
2024-09-17T11:37:02.080 INFO:teuthology.orchestra.run.smithi049.stdout:/usr/bin/ceph: stderr
2024-09-17T11:37:00.623+0000 7f45ca7fc640 1 -- 172.21.15.49:0/1184832399 <== mon.0 v2:172.21.15.49:3300/0 3 ==== mon_map magic: 0 ==== 205+0+0 (secure 0 0 0) 0x7f45bc030690 con 0x7f45cc07cce0
2024-09-17T11:37:02.080 INFO:teuthology.orchestra.run.smithi049.stdout:/usr/bin/ceph: stderr
2024-09-17T11:37:00.624+0000 7f45d1cde640 1 -- 172.21.15.49:0/1184832399 >> [v2:172.21.15.49:3300/0,v1:172.21.15.49:6789/0] conn(0x7f45cc07cce0 msgr2=0x7f45cc07b340 secure :-1 s=STATE_CONNECTION_ESTABLISHED l=1).mark_down
2024-09-17T11:37:02.080 INFO:teuthology.orchestra.run.smithi049.stdout:/usr/bin/ceph: stderr
2024-09-17T11:37:00.624+0000 7f45d1cde640 1 --2- 172.21.15.49:0/1184832399 >> [v2:172.21.15.49:3300/0,v1:172.21.15.49:6789/0] conn(0x7f45cc07cce0 0x7f45cc07b340 secure :-1 s=READY pgs=20 cs=0 l=1 rev1=1 crypto rx=0x7f45bc009820 tx=0x7f45bc02a270 comp rx=0 tx=0).stop
2024-09-17T11:37:02.080 INFO:teuthology.orchestra.run.smithi049.stdout:/usr/bin/ceph: stderr
2024-09-17T11:37:00.624+0000 7f45d1cde640 1 -- 172.21.15.49:0/1184832399 shutdown_connections
2024-09-17T11:37:02.080 INFO:teuthology.orchestra.run.smithi049.stdout:/usr/bin/ceph: stderr
2024-09-17T11:37:00.624+0000 7f45d1cde640 1 --2- 172.21.15.49:0/1184832399 >> [v2:172.21.15.49:3300/0,v1:172.21.15.49:6789/0] conn(0x7f45cc07cce0 0x7f45cc07b340 unknown :-1 s=CLOSED pgs=20 cs=0 l=1 rev1=1 crypto rx=0 tx=0 comp rx=0 tx=0).stop
2024-09-17T11:37:02.080 INFO:teuthology.orchestra.run.smithi049.stdout:/usr/bin/ceph: stderr
2024-09-17T11:37:00.624+0000 7f45d1cde640 1 -- 172.21.15.49:0/1184832399 >> 172.21.15.49:0/1184832399 conn(0x7f45cc102250 msgr2=0x7f45cc104670 unknown :-1 s=STATE_NONE l=0).mark_down
2024-09-17T11:37:02.080 INFO:teuthology.orchestra.run.smithi049.stdout:/usr/bin/ceph: stderr
2024-09-17T11:37:00.624+0000 7f45d1cde640 1 -- 172.21.15.49:0/1184832399 shutdown_connections
2024-09-17T11:37:02.080 INFO:teuthology.orchestra.run.smithi049.stdout:/usr/bin/ceph: stderr
2024-09-17T11:37:00.624+0000 7f45d1cde640 1 -- 172.21.15.49:0/1184832399 wait complete.
2024-09-17T11:37:02.080 INFO:teuthology.orchestra.run.smithi049.stdout:/usr/bin/ceph: stderr
2024-09-17T11:37:00.624+0000 7f45d1cde640 1 Processor -- start
2024-09-17T11:37:02.081 INFO:teuthology.orchestra.run.smithi049.stdout:/usr/bin/ceph: stderr
2024-09-17T11:37:00.625+0000 7f45d1cde640 1 -- start start
2024-09-17T11:37:02.081 INFO:teuthology.orchestra.run.smithi049.stdout:/usr/bin/ceph: stderr
2024-09-17T11:37:00.625+0000 7f45d1cde640 1 --2- >> [v2:172.21.15.49:3300/0,v1:172.21.15.49:6789/0] conn(0x7f45cc07cce0 0x7f45cc19caa0 unknown :-1 s=NONE pgs=0 cs=0 l=1 rev1=0 crypto rx=0 tx=0 comp rx=0 tx=0).connect
2024-09-17T11:37:02.081 INFO:teuthology.orchestra.run.smithi049.stdout:/usr/bin/ceph: stderr
2024-09-17T11:37:00.625+0000 7f45d1cde640 1 -- --> [v2:172.21.15.49:3300/0,v1:172.21.15.49:6789/0] -- mon_getmap magic: 0 -- 0x7f45cc10ceb0 con 0x7f45cc07cce0
2024-09-17T11:37:02.081 INFO:teuthology.orchestra.run.smithi049.stdout:/usr/bin/ceph: stderr
2024-09-17T11:37:00.625+0000 7f45cb7fe640 1 --2- >> [v2:172.21.15.49:3300/0,v1:172.21.15.49:6789/0] conn(0x7f45cc07cce0 0x7f45cc19caa0 unknown :-1 s=BANNER_CONNECTING pgs=0 cs=0 l=1 rev1=0 crypto rx=0 tx=0 comp rx=0 tx=0)._handle_peer_banner_payload supported=3 required=0
2024-09-17T11:37:02.081 INFO:teuthology.orchestra.run.smithi049.stdout:/usr/bin/ceph: stderr
2024-09-17T11:37:00.625+0000 7f45cb7fe640 1 --2- >> [v2:172.21.15.49:3300/0,v1:172.21.15.49:6789/0] conn(0x7f45cc07cce0 0x7f45cc19caa0 unknown :-1 s=HELLO_CONNECTING pgs=0 cs=0 l=1 rev1=1 crypto rx=0 tx=0 comp rx=0 tx=0).handle_hello peer v2:172.21.15.49:3300/0 says I am v2:172.21.15.49:50804/0 (socket says 172.21.15.49:50804)
2024-09-17T11:37:02.081 INFO:teuthology.orchestra.run.smithi049.stdout:/usr/bin/ceph: stderr
2024-09-17T11:37:00.625+0000 7f45cb7fe640 1 -- 172.21.15.49:0/32286682 learned_addr learned my addr 172.21.15.49:0/32286682 (peer_addr_for_me v2:172.21.15.49:0/0)
2024-09-17T11:37:02.081 INFO:teuthology.orchestra.run.smithi049.stdout:/usr/bin/ceph: stderr
2024-09-17T11:37:00.625+0000 7f45cb7fe640 1 -- 172.21.15.49:0/32286682 --> [v2:172.21.15.49:3300/0,v1:172.21.15.49:6789/0] -- mon_subscribe({config=0+,monmap=0+}) -- 0x7f45cc19d000 con 0x7f45cc07cce0
2024-09-17T11:37:02.081 INFO:teuthology.orchestra.run.smithi049.stdout:/usr/bin/ceph: stderr
2024-09-17T11:37:00.625+0000 7f45cb7fe640 1 --2- 172.21.15.49:0/32286682 >> [v2:172.21.15.49:3300/0,v1:172.21.15.49:6789/0] conn(0x7f45cc07cce0 0x7f45cc19caa0 secure :-1 s=READY pgs=21 cs=0 l=1 rev1=1 crypto rx=0x7f45bc000c00 tx=0x7f45bc032740 comp rx=0 tx=0).ready entity=mon.0 client_cookie=0 server_cookie=0 in_seq=0 out_seq=0
2024-09-17T11:37:02.081 INFO:teuthology.orchestra.run.smithi049.stdout:/usr/bin/ceph: stderr
2024-09-17T11:37:00.625+0000 7f45c8ff9640 1 -- 172.21.15.49:0/32286682 <== mon.0 v2:172.21.15.49:3300/0 1 ==== mon_map magic: 0 ==== 205+0+0 (secure 0 0 0) 0x7f45bc037040 con 0x7f45cc07cce0
2024-09-17T11:37:02.081 INFO:teuthology.orchestra.run.smithi049.stdout:/usr/bin/ceph: stderr
2024-09-17T11:37:00.625+0000 7f45c8ff9640 1 -- 172.21.15.49:0/32286682 <== mon.0 v2:172.21.15.49:3300/0 2 ==== config(25 keys) ==== 1023+0+0 (secure 0 0 0) 0x7f45bc040070 con 0x7f45cc07cce0
2024-09-17T11:37:02.081 INFO:teuthology.orchestra.run.smithi049.stdout:/usr/bin/ceph: stderr
2024-09-17T11:37:00.625+0000 7f45d1cde640 1 -- 172.21.15.49:0/32286682 --> [v2:172.21.15.49:3300/0,v1:172.21.15.49:6789/0] -- mon_subscribe({mgrmap=0+}) -- 0x7f45cc19d290 con 0x7f45cc07cce0
2024-09-17T11:37:02.081 INFO:teuthology.orchestra.run.smithi049.stdout:/usr/bin/ceph: stderr
2024-09-17T11:37:00.625+0000 7f45c8ff9640 1 -- 172.21.15.49:0/32286682 <== mon.0 v2:172.21.15.49:3300/0 3 ==== mon_map magic: 0 ==== 205+0+0 (secure 0 0 0) 0x7f45bc03be40 con 0x7f45cc07cce0
2024-09-17T11:37:02.082 INFO:teuthology.orchestra.run.smithi049.stdout:/usr/bin/ceph: stderr
2024-09-17T11:37:00.626+0000 7f45d1cde640 1 -- 172.21.15.49:0/32286682 --> [v2:172.21.15.49:3300/0,v1:172.21.15.49:6789/0] -- mon_subscribe({osdmap=0}) -- 0x7f45cc19dc50 con 0x7f45cc07cce0
2024-09-17T11:37:02.082 INFO:teuthology.orchestra.run.smithi049.stdout:/usr/bin/ceph: stderr
2024-09-17T11:37:00.627+0000 7f45c8ff9640 1 -- 172.21.15.49:0/32286682 <== mon.0 v2:172.21.15.49:3300/0 4 ==== mgrmap(e 4) ==== 51719+0+0 (secure 0 0 0) 0x7f45bc045460 con 0x7f45cc07cce0
2024-09-17T11:37:02.082 INFO:teuthology.orchestra.run.smithi049.stdout:/usr/bin/ceph: stderr
2024-09-17T11:37:00.627+0000 7f45d1cde640 1 -- 172.21.15.49:0/32286682 --> [v2:172.21.15.49:3300/0,v1:172.21.15.49:6789/0] -- mon_command({"prefix": "get_command_descriptions"} v 0) -- 0x7f45cc07b3c0 con 0x7f45cc07cce0
2024-09-17T11:37:02.082 INFO:teuthology.orchestra.run.smithi049.stdout:/usr/bin/ceph: stderr
2024-09-17T11:37:00.627+0000 7f45c8ff9640 1 --2- 172.21.15.49:0/32286682 >> v2:172.21.15.49:6800/1073451895 conn(0x7f45b803f6d0 0x7f45b8041b90 unknown :-1 s=NONE pgs=0 cs=0 l=1 rev1=0 crypto rx=0 tx=0 comp rx=0 tx=0).connect
2024-09-17T11:37:02.082 INFO:teuthology.orchestra.run.smithi049.stdout:/usr/bin/ceph: stderr
2024-09-17T11:37:00.627+0000 7f45c8ff9640 1 -- 172.21.15.49:0/32286682 <== mon.0 v2:172.21.15.49:3300/0 5 ==== osd_map(1..1 src has 1..1) ==== 725+0+0 (secure 0 0 0) 0x7f45bc073c40 con 0x7f45cc07cce0
2024-09-17T11:37:02.082 INFO:teuthology.orchestra.run.smithi049.stdout:/usr/bin/ceph: stderr
2024-09-17T11:37:00.627+0000 7f45caffd640 1 --2- 172.21.15.49:0/32286682 >> v2:172.21.15.49:6800/1073451895 conn(0x7f45b803f6d0 0x7f45b8041b90 unknown :-1 s=BANNER_CONNECTING pgs=0 cs=0 l=1 rev1=0 crypto rx=0 tx=0 comp rx=0 tx=0)._handle_peer_banner_payload supported=3 required=0
2024-09-17T11:37:02.082 INFO:teuthology.orchestra.run.smithi049.stdout:/usr/bin/ceph: stderr
2024-09-17T11:37:00.627+0000 7f45caffd640 1 --2- 172.21.15.49:0/32286682 >> v2:172.21.15.49:6800/1073451895 conn(0x7f45b803f6d0 0x7f45b8041b90 secure :-1 s=READY pgs=8 cs=0 l=1 rev1=1 crypto rx=0x7f45b40098c0 tx=0x7f45b4006db0 comp rx=0 tx=0).ready entity=mgr.14100 client_cookie=0 server_cookie=0 in_seq=0 out_seq=0
2024-09-17T11:37:02.082 INFO:teuthology.orchestra.run.smithi049.stdout:/usr/bin/ceph: stderr
2024-09-17T11:37:00.632+0000 7f45c8ff9640 1 -- 172.21.15.49:0/32286682 <== mon.0 v2:172.21.15.49:3300/0 6 ==== mon_command_ack([{"prefix": "get_command_descriptions"}]=0 v0) ==== 72+0+196987 (secure 0 0 0) 0x7f45bc03b430 con 0x7f45cc07cce0
2024-09-17T11:37:02.082 INFO:teuthology.orchestra.run.smithi049.stdout:/usr/bin/ceph: stderr
2024-09-17T11:37:00.868+0000 7f45d1cde640 1 -- 172.21.15.49:0/32286682 --> [v2:172.21.15.49:3300/0,v1:172.21.15.49:6789/0] -- mon_command({"prefix": "mgr module enable", "module": "cephadm"} v 0) -- 0x7f45cc19e370 con 0x7f45cc07cce0
2024-09-17T11:37:02.082 INFO:teuthology.orchestra.run.smithi049.stdout:/usr/bin/ceph: stderr
2024-09-17T11:37:01.467+0000 7f45c8ff9640 1 -- 172.21.15.49:0/32286682 <== mon.0 v2:172.21.15.49:3300/0 7 ==== mon_command_ack([{"prefix": "mgr module enable", "module": "cephadm"}]=0 v5) ==== 86+0+0 (secure 0 0 0) 0x7f45bc0739a0 con 0x7f45cc07cce0
2024-09-17T11:37:02.083 INFO:teuthology.orchestra.run.smithi049.stdout:/usr/bin/ceph: stderr
2024-09-17T11:37:01.469+0000 7f45c8ff9640 1 -- 172.21.15.49:0/32286682 <== mon.0 v2:172.21.15.49:3300/0 8 ==== mgrmap(e 5) ==== 51730+0+0 (secure 0 0 0) 0x7f45bc045750 con 0x7f45cc07cce0
2024-09-17T11:37:02.083 INFO:teuthology.orchestra.run.smithi049.stdout:/usr/bin/ceph: stderr
2024-09-17T11:37:01.471+0000 7f45d1cde640 1 -- 172.21.15.49:0/32286682 >> v2:172.21.15.49:6800/1073451895 conn(0x7f45b803f6d0 msgr2=0x7f45b8041b90 secure :-1 s=STATE_CONNECTION_ESTABLISHED l=1).mark_down
2024-09-17T11:37:02.083 INFO:teuthology.orchestra.run.smithi049.stdout:/usr/bin/ceph: stderr
2024-09-17T11:37:01.471+0000 7f45d1cde640 1 --2- 172.21.15.49:0/32286682 >> v2:172.21.15.49:6800/1073451895 conn(0x7f45b803f6d0 0x7f45b8041b90 secure :-1 s=READY pgs=8 cs=0 l=1 rev1=1 crypto rx=0x7f45b40098c0 tx=0x7f45b4006db0 comp rx=0 tx=0).stop
2024-09-17T11:37:02.083 INFO:teuthology.orchestra.run.smithi049.stdout:/usr/bin/ceph: stderr
2024-09-17T11:37:01.471+0000 7f45d1cde640 1 -- 172.21.15.49:0/32286682 >> [v2:172.21.15.49:3300/0,v1:172.21.15.49:6789/0] conn(0x7f45cc07cce0 msgr2=0x7f45cc19caa0 secure :-1 s=STATE_CONNECTION_ESTABLISHED l=1).mark_down
2024-09-17T11:37:02.083 INFO:teuthology.orchestra.run.smithi049.stdout:/usr/bin/ceph: stderr
2024-09-17T11:37:01.471+0000 7f45d1cde640 1 --2- 172.21.15.49:0/32286682 >> [v2:172.21.15.49:3300/0,v1:172.21.15.49:6789/0] conn(0x7f45cc07cce0 0x7f45cc19caa0 secure :-1 s=READY pgs=21 cs=0 l=1 rev1=1 crypto rx=0x7f45bc000c00 tx=0x7f45bc032740 comp rx=0 tx=0).stop
2024-09-17T11:37:02.083 INFO:teuthology.orchestra.run.smithi049.stdout:/usr/bin/ceph: stderr
2024-09-17T11:37:01.471+0000 7f45d1cde640 1 -- 172.21.15.49:0/32286682 shutdown_connections
2024-09-17T11:37:02.083 INFO:teuthology.orchestra.run.smithi049.stdout:/usr/bin/ceph: stderr
2024-09-17T11:37:01.471+0000 7f45d1cde640 1 --2- 172.21.15.49:0/32286682 >> v2:172.21.15.49:6800/1073451895 conn(0x7f45b803f6d0 0x7f45b8041b90 unknown :-1 s=CLOSED pgs=8 cs=0 l=1 rev1=1 crypto rx=0 tx=0 comp rx=0 tx=0).stop
2024-09-17T11:37:02.083 INFO:teuthology.orchestra.run.smithi049.stdout:/usr/bin/ceph: stderr
2024-09-17T11:37:01.471+0000 7f45d1cde640 1 --2- 172.21.15.49:0/32286682 >> [v2:172.21.15.49:3300/0,v1:172.21.15.49:6789/0] conn(0x7f45cc07cce0 0x7f45cc19caa0 unknown :-1 s=CLOSED pgs=21 cs=0 l=1 rev1=1 crypto rx=0 tx=0 comp rx=0 tx=0).stop
2024-09-17T11:37:02.083 INFO:teuthology.orchestra.run.smithi049.stdout:/usr/bin/ceph: stderr
2024-09-17T11:37:01.471+0000 7f45d1cde640 1 -- 172.21.15.49:0/32286682 >> 172.21.15.49:0/32286682 conn(0x7f45cc102250 msgr2=0x7f45cc102d00 unknown :-1 s=STATE_NONE l=0).mark_down
2024-09-17T11:37:02.084 INFO:teuthology.orchestra.run.smithi049.stdout:/usr/bin/ceph: stderr
2024-09-17T11:37:01.471+0000 7f45d1cde640 1 -- 172.21.15.49:0/32286682 shutdown_connections
2024-09-17T11:37:02.084 INFO:teuthology.orchestra.run.smithi049.stdout:/usr/bin/ceph: stderr
2024-09-17T11:37:01.471+0000 7f45d1cde640 1 -- 172.21.15.49:0/32286682 wait complete.
2024-09-17T11:37:02.650 INFO:journalctl@ceph.mon.a.smithi049.stdout:Sep 17 11:37:02 smithi049 ceph-mon[30017]: from='client.? 172.21.15.49:0/32286682' entity='client.admin' cmd='[{"prefix": "mgr module enable", "module": "cephadm"}]': finished
2024-09-17T11:37:02.650 INFO:journalctl@ceph.mon.a.smithi049.stdout:Sep 17 11:37:02 smithi049 ceph-mon[30017]: mgrmap e5: y(active, since 5s)
2024-09-17T11:37:03.375 INFO:teuthology.orchestra.run.smithi049.stdout:/usr/bin/ceph: stdout {
2024-09-17T11:37:03.376 INFO:teuthology.orchestra.run.smithi049.stdout:/usr/bin/ceph: stdout "epoch": 5,
2024-09-17T11:37:03.376 INFO:teuthology.orchestra.run.smithi049.stdout:/usr/bin/ceph: stdout "available": true,
2024-09-17T11:37:03.376 INFO:teuthology.orchestra.run.smithi049.stdout:/usr/bin/ceph: stdout "active_name": "y",
2024-09-17T11:37:03.376 INFO:teuthology.orchestra.run.smithi049.stdout:/usr/bin/ceph: stdout "num_standby": 0
2024-09-17T11:37:03.376 INFO:teuthology.orchestra.run.smithi049.stdout:/usr/bin/ceph: stdout }
2024-09-17T11:37:03.376 INFO:teuthology.orchestra.run.smithi049.stdout:/usr/bin/ceph: stderr
2024-09-17T11:37:02.536+0000 7fa496f47640 1 Processor -- start
2024-09-17T11:37:03.376 INFO:teuthology.orchestra.run.smithi049.stdout:/usr/bin/ceph: stderr
2024-09-17T11:37:02.536+0000 7fa496f47640 1 -- start start
2024-09-17T11:37:03.376 INFO:teuthology.orchestra.run.smithi049.stdout:/usr/bin/ceph: stderr
2024-09-17T11:37:02.537+0000 7fa496f47640 1 --2- >> [v2:172.21.15.49:3300/0,v1:172.21.15.49:6789/0] conn(0x7fa49007a440 0x7fa490109520 unknown :-1 s=NONE pgs=0 cs=0 l=0 rev1=0 crypto rx=0 tx=0 comp rx=0 tx=0).connect
2024-09-17T11:37:03.376 INFO:teuthology.orchestra.run.smithi049.stdout:/usr/bin/ceph: stderr
2024-09-17T11:37:02.537+0000 7fa496f47640 1 -- --> [v2:172.21.15.49:3300/0,v1:172.21.15.49:6789/0] -- mon_getmap magic: 0 -- 0x7fa490109a60 con 0x7fa49007a440
2024-09-17T11:37:03.376 INFO:teuthology.orchestra.run.smithi049.stdout:/usr/bin/ceph: stderr
2024-09-17T11:37:02.537+0000 7fa494ce3640 1 --2- >> [v2:172.21.15.49:3300/0,v1:172.21.15.49:6789/0] conn(0x7fa49007a440 0x7fa490109520 unknown :-1 s=BANNER_CONNECTING pgs=0 cs=0 l=0 rev1=0 crypto rx=0 tx=0 comp rx=0 tx=0)._handle_peer_banner_payload supported=3 required=0
2024-09-17T11:37:03.376 INFO:teuthology.orchestra.run.smithi049.stdout:/usr/bin/ceph: stderr
2024-09-17T11:37:02.537+0000 7fa494ce3640 1 --2- >> [v2:172.21.15.49:3300/0,v1:172.21.15.49:6789/0] conn(0x7fa49007a440 0x7fa490109520 unknown :-1 s=HELLO_CONNECTING pgs=0 cs=0 l=0 rev1=1 crypto rx=0 tx=0 comp rx=0 tx=0).handle_hello peer v2:172.21.15.49:3300/0 says I am v2:172.21.15.49:50840/0 (socket says 172.21.15.49:50840)
2024-09-17T11:37:03.377 INFO:teuthology.orchestra.run.smithi049.stdout:/usr/bin/ceph: stderr
2024-09-17T11:37:02.537+0000 7fa494ce3640 1 -- 172.21.15.49:0/3184798436 learned_addr learned my addr 172.21.15.49:0/3184798436 (peer_addr_for_me v2:172.21.15.49:0/0)
2024-09-17T11:37:03.377 INFO:teuthology.orchestra.run.smithi049.stdout:/usr/bin/ceph: stderr
2024-09-17T11:37:02.537+0000 7fa494ce3640 1 -- 172.21.15.49:0/3184798436 --> [v2:172.21.15.49:3300/0,v1:172.21.15.49:6789/0] -- mon_subscribe({config=0+,monmap=0+}) -- 0x7fa490109be0 con 0x7fa49007a440
2024-09-17T11:37:03.377 INFO:teuthology.orchestra.run.smithi049.stdout:/usr/bin/ceph: stderr
2024-09-17T11:37:02.538+0000 7fa494ce3640 1 --2- 172.21.15.49:0/3184798436 >> [v2:172.21.15.49:3300/0,v1:172.21.15.49:6789/0] conn(0x7fa49007a440 0x7fa490109520 secure :-1 s=READY pgs=24 cs=0 l=1 rev1=1 crypto rx=0x7fa484009820 tx=0x7fa48402a300 comp rx=0 tx=0).ready entity=mon.0 client_cookie=61f428e7c183f623 server_cookie=0 in_seq=0 out_seq=0
2024-09-17T11:37:03.377 INFO:teuthology.orchestra.run.smithi049.stdout:/usr/bin/ceph: stderr
2024-09-17T11:37:02.538+0000 7fa48f7fe640 1 -- 172.21.15.49:0/3184798436 <== mon.0 v2:172.21.15.49:3300/0 1 ==== mon_map magic: 0 ==== 205+0+0 (secure 0 0 0) 0x7fa484037070 con 0x7fa49007a440
2024-09-17T11:37:03.377 INFO:teuthology.orchestra.run.smithi049.stdout:/usr/bin/ceph: stderr
2024-09-17T11:37:02.538+0000 7fa48f7fe640 1 -- 172.21.15.49:0/3184798436 <== mon.0 v2:172.21.15.49:3300/0 2 ==== config(25 keys) ==== 1023+0+0 (secure 0 0 0) 0x7fa4840328a0 con 0x7fa49007a440
2024-09-17T11:37:03.377 INFO:teuthology.orchestra.run.smithi049.stdout:/usr/bin/ceph: stderr
2024-09-17T11:37:02.538+0000 7fa48f7fe640 1 -- 172.21.15.49:0/3184798436 <== mon.0 v2:172.21.15.49:3300/0 3 ==== mon_map magic: 0 ==== 205+0+0 (secure 0 0 0) 0x7fa484030710 con 0x7fa49007a440
2024-09-17T11:37:03.377 INFO:teuthology.orchestra.run.smithi049.stdout:/usr/bin/ceph: stderr
2024-09-17T11:37:02.538+0000 7fa496f47640 1 -- 172.21.15.49:0/3184798436 >> [v2:172.21.15.49:3300/0,v1:172.21.15.49:6789/0] conn(0x7fa49007a440 msgr2=0x7fa490109520 secure :-1 s=STATE_CONNECTION_ESTABLISHED l=1).mark_down
2024-09-17T11:37:03.377 INFO:teuthology.orchestra.run.smithi049.stdout:/usr/bin/ceph: stderr
2024-09-17T11:37:02.539+0000 7fa496f47640 1 --2- 172.21.15.49:0/3184798436 >> [v2:172.21.15.49:3300/0,v1:172.21.15.49:6789/0] conn(0x7fa49007a440 0x7fa490109520 secure :-1 s=READY pgs=24 cs=0 l=1 rev1=1 crypto rx=0x7fa484009820 tx=0x7fa48402a300 comp rx=0 tx=0).stop
2024-09-17T11:37:03.377 INFO:teuthology.orchestra.run.smithi049.stdout:/usr/bin/ceph: stderr
2024-09-17T11:37:02.539+0000 7fa496f47640 1 -- 172.21.15.49:0/3184798436 shutdown_connections
2024-09-17T11:37:03.377 INFO:teuthology.orchestra.run.smithi049.stdout:/usr/bin/ceph: stderr
2024-09-17T11:37:02.539+0000 7fa496f47640 1 --2- 172.21.15.49:0/3184798436 >> [v2:172.21.15.49:3300/0,v1:172.21.15.49:6789/0] conn(0x7fa49007a440 0x7fa490109520 unknown :-1 s=CLOSED pgs=24 cs=0 l=1 rev1=1 crypto rx=0 tx=0 comp rx=0 tx=0).stop
2024-09-17T11:37:03.377 INFO:teuthology.orchestra.run.smithi049.stdout:/usr/bin/ceph: stderr
2024-09-17T11:37:02.539+0000 7fa496f47640 1 -- 172.21.15.49:0/3184798436 >> 172.21.15.49:0/3184798436 conn(0x7fa4901011b0 msgr2=0x7fa4901035d0 unknown :-1 s=STATE_NONE l=0).mark_down
2024-09-17T11:37:03.377 INFO:teuthology.orchestra.run.smithi049.stdout:/usr/bin/ceph: stderr
2024-09-17T11:37:02.539+0000 7fa496f47640 1 -- 172.21.15.49:0/3184798436 shutdown_connections
2024-09-17T11:37:03.377 INFO:teuthology.orchestra.run.smithi049.stdout:/usr/bin/ceph: stderr
2024-09-17T11:37:02.539+0000 7fa496f47640 1 -- 172.21.15.49:0/3184798436 wait complete.
2024-09-17T11:37:03.377 INFO:teuthology.orchestra.run.smithi049.stdout:/usr/bin/ceph: stderr
2024-09-17T11:37:02.539+0000 7fa496f47640 1 Processor -- start
2024-09-17T11:37:03.378 INFO:teuthology.orchestra.run.smithi049.stdout:/usr/bin/ceph: stderr
2024-09-17T11:37:02.539+0000 7fa496f47640 1 -- start start
2024-09-17T11:37:03.378 INFO:teuthology.orchestra.run.smithi049.stdout:/usr/bin/ceph: stderr
2024-09-17T11:37:02.540+0000 7fa496f47640 1 --2- >> [v2:172.21.15.49:3300/0,v1:172.21.15.49:6789/0] conn(0x7fa49007a440 0x7fa49019a8c0 unknown :-1 s=NONE pgs=0 cs=0 l=1 rev1=0 crypto rx=0 tx=0 comp rx=0 tx=0).connect
2024-09-17T11:37:03.378 INFO:teuthology.orchestra.run.smithi049.stdout:/usr/bin/ceph: stderr
2024-09-17T11:37:02.540+0000 7fa496f47640 1 -- --> [v2:172.21.15.49:3300/0,v1:172.21.15.49:6789/0] -- mon_getmap magic: 0 -- 0x7fa49010aca0 con 0x7fa49007a440
2024-09-17T11:37:03.378 INFO:teuthology.orchestra.run.smithi049.stdout:/usr/bin/ceph: stderr
2024-09-17T11:37:02.540+0000 7fa494ce3640 1 --2- >> [v2:172.21.15.49:3300/0,v1:172.21.15.49:6789/0] conn(0x7fa49007a440 0x7fa49019a8c0 unknown :-1 s=BANNER_CONNECTING pgs=0 cs=0 l=1 rev1=0 crypto rx=0 tx=0 comp rx=0 tx=0)._handle_peer_banner_payload supported=3 required=0
2024-09-17T11:37:03.378 INFO:teuthology.orchestra.run.smithi049.stdout:/usr/bin/ceph: stderr
2024-09-17T11:37:02.540+0000 7fa494ce3640 1 --2- >> [v2:172.21.15.49:3300/0,v1:172.21.15.49:6789/0] conn(0x7fa49007a440 0x7fa49019a8c0 unknown :-1 s=HELLO_CONNECTING pgs=0 cs=0 l=1 rev1=1 crypto rx=0 tx=0 comp rx=0 tx=0).handle_hello peer v2:172.21.15.49:3300/0 says I am v2:172.21.15.49:50848/0 (socket says 172.21.15.49:50848)
2024-09-17T11:37:03.378 INFO:teuthology.orchestra.run.smithi049.stdout:/usr/bin/ceph: stderr
2024-09-17T11:37:02.540+0000 7fa494ce3640 1 -- 172.21.15.49:0/1678351673 learned_addr learned my addr 172.21.15.49:0/1678351673 (peer_addr_for_me v2:172.21.15.49:0/0)
2024-09-17T11:37:03.378 INFO:teuthology.orchestra.run.smithi049.stdout:/usr/bin/ceph: stderr
2024-09-17T11:37:02.540+0000 7fa494ce3640 1 -- 172.21.15.49:0/1678351673 --> [v2:172.21.15.49:3300/0,v1:172.21.15.49:6789/0] -- mon_subscribe({config=0+,monmap=0+}) -- 0x7fa49019ae20 con 0x7fa49007a440
2024-09-17T11:37:03.378 INFO:teuthology.orchestra.run.smithi049.stdout:/usr/bin/ceph: stderr
2024-09-17T11:37:02.540+0000 7fa494ce3640 1 --2- 172.21.15.49:0/1678351673 >> [v2:172.21.15.49:3300/0,v1:172.21.15.49:6789/0] conn(0x7fa49007a440 0x7fa49019a8c0 secure :-1 s=READY pgs=25 cs=0 l=1 rev1=1 crypto rx=0x7fa484030460 tx=0x7fa484030710 comp rx=0 tx=0).ready entity=mon.0 client_cookie=0 server_cookie=0 in_seq=0 out_seq=0
2024-09-17T11:37:03.378 INFO:teuthology.orchestra.run.smithi049.stdout:/usr/bin/ceph: stderr
2024-09-17T11:37:02.540+0000 7fa48dffb640 1 -- 172.21.15.49:0/1678351673 <== mon.0 v2:172.21.15.49:3300/0 1 ==== mon_map magic: 0 ==== 205+0+0 (secure 0 0 0) 0x7fa484037040 con 0x7fa49007a440
2024-09-17T11:37:03.378 INFO:teuthology.orchestra.run.smithi049.stdout:/usr/bin/ceph: stderr
2024-09-17T11:37:02.540+0000 7fa48dffb640 1 -- 172.21.15.49:0/1678351673 <== mon.0 v2:172.21.15.49:3300/0 2 ==== config(25 keys) ==== 1023+0+0 (secure 0 0 0) 0x7fa484040070 con 0x7fa49007a440
2024-09-17T11:37:03.378 INFO:teuthology.orchestra.run.smithi049.stdout:/usr/bin/ceph: stderr
2024-09-17T11:37:02.540+0000 7fa496f47640 1 -- 172.21.15.49:0/1678351673 --> [v2:172.21.15.49:3300/0,v1:172.21.15.49:6789/0] -- mon_subscribe({mgrmap=0+}) -- 0x7fa49019b0b0 con 0x7fa49007a440
2024-09-17T11:37:03.378 INFO:teuthology.orchestra.run.smithi049.stdout:/usr/bin/ceph: stderr
2024-09-17T11:37:02.540+0000 7fa48dffb640 1 -- 172.21.15.49:0/1678351673 <== mon.0 v2:172.21.15.49:3300/0 3 ==== mon_map magic: 0 ==== 205+0+0 (secure 0 0 0) 0x7fa48403be30 con 0x7fa49007a440
2024-09-17T11:37:03.379 INFO:teuthology.orchestra.run.smithi049.stdout:/usr/bin/ceph: stderr
2024-09-17T11:37:02.541+0000 7fa496f47640 1 -- 172.21.15.49:0/1678351673 --> [v2:172.21.15.49:3300/0,v1:172.21.15.49:6789/0] -- mon_subscribe({osdmap=0}) -- 0x7fa49019ba70 con 0x7fa49007a440
2024-09-17T11:37:03.379 INFO:teuthology.orchestra.run.smithi049.stdout:/usr/bin/ceph: stderr
2024-09-17T11:37:02.541+0000 7fa496f47640 1 -- 172.21.15.49:0/1678351673 --> [v2:172.21.15.49:3300/0,v1:172.21.15.49:6789/0] -- mon_command({"prefix": "get_command_descriptions"} v 0) -- 0x7fa490107590 con 0x7fa49007a440
2024-09-17T11:37:03.379 INFO:teuthology.orchestra.run.smithi049.stdout:/usr/bin/ceph: stderr
2024-09-17T11:37:02.542+0000 7fa48dffb640 1 -- 172.21.15.49:0/1678351673 <== mon.0 v2:172.21.15.49:3300/0 4 ==== mgrmap(e 5) ==== 51730+0+0 (secure 0 0 0) 0x7fa484045460 con 0x7fa49007a440
2024-09-17T11:37:03.379 INFO:teuthology.orchestra.run.smithi049.stdout:/usr/bin/ceph: stderr
2024-09-17T11:37:02.542+0000 7fa48dffb640 1 --2- 172.21.15.49:0/1678351673 >> v2:172.21.15.49:6800/1073451895 conn(0x7fa48003f6d0 0x7fa480041b90 unknown :-1 s=NONE pgs=0 cs=0 l=1 rev1=0 crypto rx=0 tx=0 comp rx=0 tx=0).connect
2024-09-17T11:37:03.379 INFO:teuthology.orchestra.run.smithi049.stdout:/usr/bin/ceph: stderr
2024-09-17T11:37:02.542+0000 7fa48dffb640 1 -- 172.21.15.49:0/1678351673 <== mon.0 v2:172.21.15.49:3300/0 5 ==== osd_map(1..1 src has 1..1) ==== 725+0+0 (secure 0 0 0) 0x7fa484073d90 con 0x7fa49007a440
2024-09-17T11:37:03.379 INFO:teuthology.orchestra.run.smithi049.stdout:/usr/bin/ceph: stderr
2024-09-17T11:37:02.542+0000 7fa48ffff640 1 -- 172.21.15.49:0/1678351673 >> v2:172.21.15.49:6800/1073451895 conn(0x7fa48003f6d0 msgr2=0x7fa480041b90 unknown :-1 s=STATE_CONNECTING_RE l=1).process reconnect failed to v2:172.21.15.49:6800/1073451895
2024-09-17T11:37:03.379 INFO:teuthology.orchestra.run.smithi049.stdout:/usr/bin/ceph: stderr
2024-09-17T11:37:02.542+0000 7fa48ffff640 1 --2- 172.21.15.49:0/1678351673 >> v2:172.21.15.49:6800/1073451895 conn(0x7fa48003f6d0 0x7fa480041b90 unknown :-1 s=START_CONNECT pgs=0 cs=0 l=1 rev1=0 crypto rx=0 tx=0 comp rx=0 tx=0)._fault waiting 0.200000
2024-09-17T11:37:03.379 INFO:teuthology.orchestra.run.smithi049.stdout:/usr/bin/ceph: stderr
2024-09-17T11:37:02.550+0000 7fa48dffb640 1 -- 172.21.15.49:0/1678351673 <== mon.0 v2:172.21.15.49:3300/0 6 ==== mon_command_ack([{"prefix": "get_command_descriptions"}]=0 v0) ==== 72+0+196987 (secure 0 0 0) 0x7fa484079020 con 0x7fa49007a440
2024-09-17T11:37:03.379 INFO:teuthology.orchestra.run.smithi049.stdout:/usr/bin/ceph: stderr
2024-09-17T11:37:02.743+0000 7fa48ffff640 1 -- 172.21.15.49:0/1678351673 >> v2:172.21.15.49:6800/1073451895 conn(0x7fa48003f6d0 msgr2=0x7fa480041b90 unknown :-1 s=STATE_CONNECTING_RE l=1).process reconnect failed to v2:172.21.15.49:6800/1073451895
2024-09-17T11:37:03.379 INFO:teuthology.orchestra.run.smithi049.stdout:/usr/bin/ceph: stderr
2024-09-17T11:37:02.743+0000 7fa48ffff640 1 --2- 172.21.15.49:0/1678351673 >> v2:172.21.15.49:6800/1073451895 conn(0x7fa48003f6d0 0x7fa480041b90 unknown :-1 s=START_CONNECT pgs=0 cs=0 l=1 rev1=0 crypto rx=0 tx=0 comp rx=0 tx=0)._fault waiting 0.400000
2024-09-17T11:37:03.379 INFO:teuthology.orchestra.run.smithi049.stdout:/usr/bin/ceph: stderr
2024-09-17T11:37:02.788+0000 7fa496f47640 1 -- 172.21.15.49:0/1678351673 --> [v2:172.21.15.49:3300/0,v1:172.21.15.49:6789/0] -- mon_command({"prefix": "mgr stat"} v 0) -- 0x7fa49019c190 con 0x7fa49007a440
2024-09-17T11:37:03.379 INFO:teuthology.orchestra.run.smithi049.stdout:/usr/bin/ceph: stderr
2024-09-17T11:37:02.788+0000 7fa48dffb640 1 -- 172.21.15.49:0/1678351673 <== mon.0 v2:172.21.15.49:3300/0 7 ==== mon_command_ack([{"prefix": "mgr stat"}]=0 v5) ==== 56+0+88 (secure 0 0 0) 0x7fa484073af0 con 0x7fa49007a440
2024-09-17T11:37:03.379 INFO:teuthology.orchestra.run.smithi049.stdout:/usr/bin/ceph: stderr
2024-09-17T11:37:02.791+0000 7fa496f47640 1 -- 172.21.15.49:0/1678351673 >> v2:172.21.15.49:6800/1073451895 conn(0x7fa48003f6d0 msgr2=0x7fa480041b90 unknown :-1 s=STATE_CONNECTING l=1).mark_down
2024-09-17T11:37:03.380 INFO:teuthology.orchestra.run.smithi049.stdout:/usr/bin/ceph: stderr
2024-09-17T11:37:02.791+0000 7fa496f47640 1 --2- 172.21.15.49:0/1678351673 >> v2:172.21.15.49:6800/1073451895 conn(0x7fa48003f6d0 0x7fa480041b90 unknown :-1 s=START_CONNECT pgs=0 cs=0 l=1 rev1=0 crypto rx=0 tx=0 comp rx=0 tx=0).stop
2024-09-17T11:37:03.380 INFO:teuthology.orchestra.run.smithi049.stdout:/usr/bin/ceph: stderr
2024-09-17T11:37:02.791+0000 7fa496f47640 1 -- 172.21.15.49:0/1678351673 >> [v2:172.21.15.49:3300/0,v1:172.21.15.49:6789/0] conn(0x7fa49007a440 msgr2=0x7fa49019a8c0 secure :-1 s=STATE_CONNECTION_ESTABLISHED l=1).mark_down
2024-09-17T11:37:03.380 INFO:teuthology.orchestra.run.smithi049.stdout:/usr/bin/ceph: stderr
2024-09-17T11:37:02.791+0000 7fa496f47640 1 --2- 172.21.15.49:0/1678351673 >> [v2:172.21.15.49:3300/0,v1:172.21.15.49:6789/0] conn(0x7fa49007a440 0x7fa49019a8c0 secure :-1 s=READY pgs=25 cs=0 l=1 rev1=1 crypto rx=0x7fa484030460 tx=0x7fa484030710 comp rx=0 tx=0).stop
2024-09-17T11:37:03.380 INFO:teuthology.orchestra.run.smithi049.stdout:/usr/bin/ceph: stderr
2024-09-17T11:37:02.791+0000 7fa496f47640 1 -- 172.21.15.49:0/1678351673 shutdown_connections
2024-09-17T11:37:03.380 INFO:teuthology.orchestra.run.smithi049.stdout:/usr/bin/ceph: stderr
2024-09-17T11:37:02.791+0000 7fa496f47640 1 --2- 172.21.15.49:0/1678351673 >> v2:172.21.15.49:6800/1073451895 conn(0x7fa48003f6d0 0x7fa480041b90 unknown :-1 s=CLOSED pgs=0 cs=0 l=1 rev1=0 crypto rx=0 tx=0 comp rx=0 tx=0).stop
2024-09-17T11:37:03.380 INFO:teuthology.orchestra.run.smithi049.stdout:/usr/bin/ceph: stderr
2024-09-17T11:37:02.791+0000 7fa496f47640 1 --2- 172.21.15.49:0/1678351673 >> [v2:172.21.15.49:3300/0,v1:172.21.15.49:6789/0] conn(0x7fa49007a440 0x7fa49019a8c0 unknown :-1 s=CLOSED pgs=25 cs=0 l=1 rev1=1 crypto rx=0 tx=0 comp rx=0 tx=0).stop
2024-09-17T11:37:03.380 INFO:teuthology.orchestra.run.smithi049.stdout:/usr/bin/ceph: stderr
2024-09-17T11:37:02.791+0000 7fa496f47640 1 -- 172.21.15.49:0/1678351673 >> 172.21.15.49:0/1678351673 conn(0x7fa4901011b0 msgr2=0x7fa490101ca0 unknown :-1 s=STATE_NONE l=0).mark_down
2024-09-17T11:37:03.380 INFO:teuthology.orchestra.run.smithi049.stdout:/usr/bin/ceph: stderr
2024-09-17T11:37:02.791+0000 7fa496f47640 1 -- 172.21.15.49:0/1678351673 shutdown_connections
2024-09-17T11:37:03.380 INFO:teuthology.orchestra.run.smithi049.stdout:/usr/bin/ceph: stderr
2024-09-17T11:37:02.791+0000 7fa496f47640 1 -- 172.21.15.49:0/1678351673 wait complete.
2024-09-17T11:37:03.380 INFO:teuthology.orchestra.run.smithi049.stdout:Waiting for the mgr to restart...
2024-09-17T11:37:03.380 INFO:teuthology.orchestra.run.smithi049.stdout:Waiting for mgr epoch 5...
2024-09-17T11:37:03.623 INFO:journalctl@ceph.mon.a.smithi049.stdout:Sep 17 11:37:03 smithi049 ceph-mon[30017]: from='client.? 172.21.15.49:0/1678351673' entity='client.admin' cmd={"prefix": "mgr stat"} : dispatch
2024-09-17T11:37:07.150 INFO:journalctl@ceph.mon.a.smithi049.stdout:Sep 17 11:37:06 smithi049 ceph-mon[30017]: Active manager daemon y restarted
2024-09-17T11:37:07.150 INFO:journalctl@ceph.mon.a.smithi049.stdout:Sep 17 11:37:06 smithi049 ceph-mon[30017]: Activating manager daemon y
2024-09-17T11:37:07.151 INFO:journalctl@ceph.mon.a.smithi049.stdout:Sep 17 11:37:06 smithi049 ceph-mon[30017]: osdmap e2: 0 total, 0 up, 0 in
2024-09-17T11:37:07.151 INFO:journalctl@ceph.mon.a.smithi049.stdout:Sep 17 11:37:06 smithi049 ceph-mon[30017]: mgrmap e6: y(active, starting, since 0.00353354s)
2024-09-17T11:37:07.151 INFO:journalctl@ceph.mon.a.smithi049.stdout:Sep 17 11:37:06 smithi049 ceph-mon[30017]: from='mgr.14118 172.21.15.49:0/2932232191' entity='mgr.y' cmd={"prefix": "mon metadata", "id": "a"} : dispatch
2024-09-17T11:37:07.151 INFO:journalctl@ceph.mon.a.smithi049.stdout:Sep 17 11:37:06 smithi049 ceph-mon[30017]: from='mgr.14118 172.21.15.49:0/2932232191' entity='mgr.y' cmd={"prefix": "mgr metadata", "who": "y", "id": "y"} : dispatch
2024-09-17T11:37:07.151 INFO:journalctl@ceph.mon.a.smithi049.stdout:Sep 17 11:37:06 smithi049 ceph-mon[30017]: from='mgr.14118 172.21.15.49:0/2932232191' entity='mgr.y' cmd={"prefix": "mds metadata"} : dispatch
2024-09-17T11:37:07.152 INFO:journalctl@ceph.mon.a.smithi049.stdout:Sep 17 11:37:06 smithi049 ceph-mon[30017]: from='mgr.14118 172.21.15.49:0/2932232191' entity='mgr.y' cmd={"prefix": "osd metadata"} : dispatch
2024-09-17T11:37:07.152 INFO:journalctl@ceph.mon.a.smithi049.stdout:Sep 17 11:37:06 smithi049 ceph-mon[30017]: from='mgr.14118 172.21.15.49:0/2932232191' entity='mgr.y' cmd={"prefix": "mon metadata"} : dispatch
2024-09-17T11:37:07.152 INFO:journalctl@ceph.mon.a.smithi049.stdout:Sep 17 11:37:06 smithi049 ceph-mon[30017]: Manager daemon y is now available
2024-09-17T11:37:08.216 INFO:teuthology.orchestra.run.smithi049.stdout:/usr/bin/ceph: stdout {
2024-09-17T11:37:08.217 INFO:teuthology.orchestra.run.smithi049.stdout:/usr/bin/ceph: stdout "mgrmap_epoch": 7,
2024-09-17T11:37:08.217 INFO:teuthology.orchestra.run.smithi049.stdout:/usr/bin/ceph: stdout "initialized": true
2024-09-17T11:37:08.217 INFO:teuthology.orchestra.run.smithi049.stdout:/usr/bin/ceph: stdout }
2024-09-17T11:37:08.217 INFO:teuthology.orchestra.run.smithi049.stdout:/usr/bin/ceph: stderr
2024-09-17T11:37:03.792+0000 7f25ebf87640 1 Processor -- start
2024-09-17T11:37:08.217 INFO:teuthology.orchestra.run.smithi049.stdout:/usr/bin/ceph: stderr
2024-09-17T11:37:03.792+0000 7f25ebf87640 1 -- start start
2024-09-17T11:37:08.217 INFO:teuthology.orchestra.run.smithi049.stdout:/usr/bin/ceph: stderr
2024-09-17T11:37:03.793+0000 7f25ebf87640 1 --2- >> [v2:172.21.15.49:3300/0,v1:172.21.15.49:6789/0] conn(0x7f25e407a440 0x7f25e4109530 unknown :-1 s=NONE pgs=0 cs=0 l=0 rev1=0 crypto rx=0 tx=0 comp rx=0 tx=0).connect
2024-09-17T11:37:08.217 INFO:teuthology.orchestra.run.smithi049.stdout:/usr/bin/ceph: stderr
2024-09-17T11:37:03.793+0000 7f25ebf87640 1 -- --> [v2:172.21.15.49:3300/0,v1:172.21.15.49:6789/0] -- mon_getmap magic: 0 -- 0x7f25e4109a70 con 0x7f25e407a440
2024-09-17T11:37:08.217 INFO:teuthology.orchestra.run.smithi049.stdout:/usr/bin/ceph: stderr
2024-09-17T11:37:03.793+0000 7f25e9d23640 1 --2- >> [v2:172.21.15.49:3300/0,v1:172.21.15.49:6789/0] conn(0x7f25e407a440 0x7f25e4109530 unknown :-1 s=BANNER_CONNECTING pgs=0 cs=0 l=0 rev1=0 crypto rx=0 tx=0 comp rx=0 tx=0)._handle_peer_banner_payload supported=3 required=0
2024-09-17T11:37:08.217 INFO:teuthology.orchestra.run.smithi049.stdout:/usr/bin/ceph: stderr
2024-09-17T11:37:03.793+0000 7f25e9d23640 1 --2- >> [v2:172.21.15.49:3300/0,v1:172.21.15.49:6789/0] conn(0x7f25e407a440 0x7f25e4109530 unknown :-1 s=HELLO_CONNECTING pgs=0 cs=0 l=0 rev1=1 crypto rx=0 tx=0 comp rx=0 tx=0).handle_hello peer v2:172.21.15.49:3300/0 says I am v2:172.21.15.49:36458/0 (socket says 172.21.15.49:36458)
2024-09-17T11:37:08.218 INFO:teuthology.orchestra.run.smithi049.stdout:/usr/bin/ceph: stderr
2024-09-17T11:37:03.793+0000 7f25e9d23640 1 -- 172.21.15.49:0/2103809871 learned_addr learned my addr 172.21.15.49:0/2103809871 (peer_addr_for_me v2:172.21.15.49:0/0)
2024-09-17T11:37:08.218 INFO:teuthology.orchestra.run.smithi049.stdout:/usr/bin/ceph: stderr
2024-09-17T11:37:03.793+0000 7f25e9d23640 1 -- 172.21.15.49:0/2103809871 --> [v2:172.21.15.49:3300/0,v1:172.21.15.49:6789/0] -- mon_subscribe({config=0+,monmap=0+}) -- 0x7f25e4109bf0 con 0x7f25e407a440
