2024-09-17T11:37:13.651+0000 7f6efdff6640 1 -- 172.21.15.49:0/1612486637 shutdown_connections
2024-09-17T11:37:14.348 INFO:teuthology.orchestra.run.smithi049.stdout:/usr/bin/ceph: stderr
2024-09-17T11:37:13.651+0000 7f6efdff6640 1 -- 172.21.15.49:0/1612486637 wait complete.
2024-09-17T11:37:14.348 INFO:teuthology.orchestra.run.smithi049.stdout:/usr/bin/ceph: stderr
2024-09-17T11:37:13.651+0000 7f6efdff6640 1 Processor -- start
2024-09-17T11:37:14.348 INFO:teuthology.orchestra.run.smithi049.stdout:/usr/bin/ceph: stderr
2024-09-17T11:37:13.651+0000 7f6efdff6640 1 -- start start
2024-09-17T11:37:14.348 INFO:teuthology.orchestra.run.smithi049.stdout:/usr/bin/ceph: stderr
2024-09-17T11:37:13.651+0000 7f6efdff6640 1 --2- >> [v2:172.21.15.49:3300/0,v1:172.21.15.49:6789/0] conn(0x7f6ef807ac00 0x7f6ef8106be0 unknown :-1 s=NONE pgs=0 cs=0 l=1 rev1=0 crypto rx=0 tx=0 comp rx=0 tx=0).connect
2024-09-17T11:37:14.348 INFO:teuthology.orchestra.run.smithi049.stdout:/usr/bin/ceph: stderr
2024-09-17T11:37:13.651+0000 7f6efdff6640 1 -- --> [v2:172.21.15.49:3300/0,v1:172.21.15.49:6789/0] -- mon_getmap magic: 0 -- 0x7f6ef810ac40 con 0x7f6ef807ac00
2024-09-17T11:37:14.348 INFO:teuthology.orchestra.run.smithi049.stdout:/usr/bin/ceph: stderr
2024-09-17T11:37:13.652+0000 7f6ef77fe640 1 --2- >> [v2:172.21.15.49:3300/0,v1:172.21.15.49:6789/0] conn(0x7f6ef807ac00 0x7f6ef8106be0 unknown :-1 s=BANNER_CONNECTING pgs=0 cs=0 l=1 rev1=0 crypto rx=0 tx=0 comp rx=0 tx=0)._handle_peer_banner_payload supported=3 required=0
2024-09-17T11:37:14.349 INFO:teuthology.orchestra.run.smithi049.stdout:/usr/bin/ceph: stderr
2024-09-17T11:37:13.652+0000 7f6ef77fe640 1 --2- >> [v2:172.21.15.49:3300/0,v1:172.21.15.49:6789/0] conn(0x7f6ef807ac00 0x7f6ef8106be0 unknown :-1 s=HELLO_CONNECTING pgs=0 cs=0 l=1 rev1=1 crypto rx=0 tx=0 comp rx=0 tx=0).handle_hello peer v2:172.21.15.49:3300/0 says I am v2:172.21.15.49:44218/0 (socket says 172.21.15.49:44218)
2024-09-17T11:37:14.349 INFO:teuthology.orchestra.run.smithi049.stdout:/usr/bin/ceph: stderr
2024-09-17T11:37:13.652+0000 7f6ef77fe640 1 -- 172.21.15.49:0/707633166 learned_addr learned my addr 172.21.15.49:0/707633166 (peer_addr_for_me v2:172.21.15.49:0/0)
2024-09-17T11:37:14.349 INFO:teuthology.orchestra.run.smithi049.stdout:/usr/bin/ceph: stderr
2024-09-17T11:37:13.652+0000 7f6ef77fe640 1 -- 172.21.15.49:0/707633166 --> [v2:172.21.15.49:3300/0,v1:172.21.15.49:6789/0] -- mon_subscribe({config=0+,monmap=0+}) -- 0x7f6ef8107140 con 0x7f6ef807ac00
2024-09-17T11:37:14.349 INFO:teuthology.orchestra.run.smithi049.stdout:/usr/bin/ceph: stderr
2024-09-17T11:37:13.652+0000 7f6ef77fe640 1 --2- 172.21.15.49:0/707633166 >> [v2:172.21.15.49:3300/0,v1:172.21.15.49:6789/0] conn(0x7f6ef807ac00 0x7f6ef8106be0 secure :-1 s=READY pgs=44 cs=0 l=1 rev1=1 crypto rx=0x7f6ee8006f10 tx=0x7f6ee8032670 comp rx=0 tx=0).ready entity=mon.0 client_cookie=0 server_cookie=0 in_seq=0 out_seq=0
2024-09-17T11:37:14.349 INFO:teuthology.orchestra.run.smithi049.stdout:/usr/bin/ceph: stderr
2024-09-17T11:37:13.652+0000 7f6ef4ff9640 1 -- 172.21.15.49:0/707633166 <== mon.0 v2:172.21.15.49:3300/0 1 ==== mon_map magic: 0 ==== 205+0+0 (secure 0 0 0) 0x7f6ee8037040 con 0x7f6ef807ac00
2024-09-17T11:37:14.349 INFO:teuthology.orchestra.run.smithi049.stdout:/usr/bin/ceph: stderr
2024-09-17T11:37:13.652+0000 7f6ef4ff9640 1 -- 172.21.15.49:0/707633166 <== mon.0 v2:172.21.15.49:3300/0 2 ==== config(25 keys) ==== 1023+0+0 (secure 0 0 0) 0x7f6ee8040070 con 0x7f6ef807ac00
2024-09-17T11:37:14.349 INFO:teuthology.orchestra.run.smithi049.stdout:/usr/bin/ceph: stderr
2024-09-17T11:37:13.652+0000 7f6efdff6640 1 -- 172.21.15.49:0/707633166 --> [v2:172.21.15.49:3300/0,v1:172.21.15.49:6789/0] -- mon_subscribe({mgrmap=0+}) -- 0x7f6ef8105530 con 0x7f6ef807ac00
2024-09-17T11:37:14.349 INFO:teuthology.orchestra.run.smithi049.stdout:/usr/bin/ceph: stderr
2024-09-17T11:37:13.652+0000 7f6ef4ff9640 1 -- 172.21.15.49:0/707633166 <== mon.0 v2:172.21.15.49:3300/0 3 ==== mon_map magic: 0 ==== 205+0+0 (secure 0 0 0) 0x7f6ee803a390 con 0x7f6ef807ac00
2024-09-17T11:37:14.349 INFO:teuthology.orchestra.run.smithi049.stdout:/usr/bin/ceph: stderr
2024-09-17T11:37:13.652+0000 7f6efdff6640 1 -- 172.21.15.49:0/707633166 --> [v2:172.21.15.49:3300/0,v1:172.21.15.49:6789/0] -- mon_subscribe({osdmap=0}) -- 0x7f6ef8105b10 con 0x7f6ef807ac00
2024-09-17T11:37:14.349 INFO:teuthology.orchestra.run.smithi049.stdout:/usr/bin/ceph: stderr
2024-09-17T11:37:13.653+0000 7f6ef4ff9640 1 -- 172.21.15.49:0/707633166 <== mon.0 v2:172.21.15.49:3300/0 4 ==== mgrmap(e 8) ==== 51730+0+0 (secure 0 0 0) 0x7f6ee803b430 con 0x7f6ef807ac00
2024-09-17T11:37:14.349 INFO:teuthology.orchestra.run.smithi049.stdout:/usr/bin/ceph: stderr
2024-09-17T11:37:13.653+0000 7f6efdff6640 1 -- 172.21.15.49:0/707633166 --> [v2:172.21.15.49:3300/0,v1:172.21.15.49:6789/0] -- mon_command({"prefix": "get_command_descriptions"} v 0) -- 0x7f6ef8107600 con 0x7f6ef807ac00
2024-09-17T11:37:14.349 INFO:teuthology.orchestra.run.smithi049.stdout:/usr/bin/ceph: stderr
2024-09-17T11:37:13.654+0000 7f6ef4ff9640 1 --2- 172.21.15.49:0/707633166 >> v2:172.21.15.49:6800/1315254490 conn(0x7f6ee003f720 0x7f6ee0041be0 unknown :-1 s=NONE pgs=0 cs=0 l=1 rev1=0 crypto rx=0 tx=0 comp rx=0 tx=0).connect
2024-09-17T11:37:14.349 INFO:teuthology.orchestra.run.smithi049.stdout:/usr/bin/ceph: stderr
2024-09-17T11:37:13.654+0000 7f6ef4ff9640 1 -- 172.21.15.49:0/707633166 <== mon.0 v2:172.21.15.49:3300/0 5 ==== osd_map(2..2 src has 1..2) ==== 897+0+0 (secure 0 0 0) 0x7f6ee8073d40 con 0x7f6ef807ac00
2024-09-17T11:37:14.350 INFO:teuthology.orchestra.run.smithi049.stdout:/usr/bin/ceph: stderr
2024-09-17T11:37:13.654+0000 7f6ef6ffd640 1 --2- 172.21.15.49:0/707633166 >> v2:172.21.15.49:6800/1315254490 conn(0x7f6ee003f720 0x7f6ee0041be0 unknown :-1 s=BANNER_CONNECTING pgs=0 cs=0 l=1 rev1=0 crypto rx=0 tx=0 comp rx=0 tx=0)._handle_peer_banner_payload supported=3 required=0
2024-09-17T11:37:14.350 INFO:teuthology.orchestra.run.smithi049.stdout:/usr/bin/ceph: stderr
2024-09-17T11:37:13.654+0000 7f6ef6ffd640 1 --2- 172.21.15.49:0/707633166 >> v2:172.21.15.49:6800/1315254490 conn(0x7f6ee003f720 0x7f6ee0041be0 secure :-1 s=READY pgs=11 cs=0 l=1 rev1=1 crypto rx=0x7f6eec0098c0 tx=0x7f6eec006db0 comp rx=0 tx=0).ready entity=mgr.14118 client_cookie=0 server_cookie=0 in_seq=0 out_seq=0
2024-09-17T11:37:14.350 INFO:teuthology.orchestra.run.smithi049.stdout:/usr/bin/ceph: stderr
2024-09-17T11:37:13.658+0000 7f6ef4ff9640 1 -- 172.21.15.49:0/707633166 <== mon.0 v2:172.21.15.49:3300/0 6 ==== mon_command_ack([{"prefix": "get_command_descriptions"}]=0 v0) ==== 72+0+196987 (secure 0 0 0) 0x7f6ee807a080 con 0x7f6ef807ac00
2024-09-17T11:37:14.350 INFO:teuthology.orchestra.run.smithi049.stdout:/usr/bin/ceph: stderr
2024-09-17T11:37:13.844+0000 7f6efdff6640 1 -- 172.21.15.49:0/707633166 --> v2:172.21.15.49:6800/1315254490 -- mgr_command(tid 0: {"prefix": "cephadm get-pub-key", "target": ["mon-mgr", ""]}) -- 0x7f6ef8106160 con 0x7f6ee003f720
2024-09-17T11:37:14.350 INFO:teuthology.orchestra.run.smithi049.stdout:/usr/bin/ceph: stderr
2024-09-17T11:37:13.845+0000 7f6ef4ff9640 1 -- 172.21.15.49:0/707633166 <== mgr.14118 v2:172.21.15.49:6800/1315254490 1 ==== mgr_command_reply(tid 0: 0 ) ==== 8+0+595 (secure 0 0 0) 0x7f6ef8106160 con 0x7f6ee003f720
2024-09-17T11:37:14.350 INFO:teuthology.orchestra.run.smithi049.stdout:/usr/bin/ceph: stderr
2024-09-17T11:37:13.847+0000 7f6efdff6640 1 -- 172.21.15.49:0/707633166 >> v2:172.21.15.49:6800/1315254490 conn(0x7f6ee003f720 msgr2=0x7f6ee0041be0 secure :-1 s=STATE_CONNECTION_ESTABLISHED l=1).mark_down
2024-09-17T11:37:14.350 INFO:teuthology.orchestra.run.smithi049.stdout:/usr/bin/ceph: stderr
2024-09-17T11:37:13.847+0000 7f6efdff6640 1 --2- 172.21.15.49:0/707633166 >> v2:172.21.15.49:6800/1315254490 conn(0x7f6ee003f720 0x7f6ee0041be0 secure :-1 s=READY pgs=11 cs=0 l=1 rev1=1 crypto rx=0x7f6eec0098c0 tx=0x7f6eec006db0 comp rx=0 tx=0).stop
2024-09-17T11:37:14.350 INFO:teuthology.orchestra.run.smithi049.stdout:/usr/bin/ceph: stderr
2024-09-17T11:37:13.847+0000 7f6efdff6640 1 -- 172.21.15.49:0/707633166 >> [v2:172.21.15.49:3300/0,v1:172.21.15.49:6789/0] conn(0x7f6ef807ac00 msgr2=0x7f6ef8106be0 secure :-1 s=STATE_CONNECTION_ESTABLISHED l=1).mark_down
2024-09-17T11:37:14.350 INFO:teuthology.orchestra.run.smithi049.stdout:/usr/bin/ceph: stderr
2024-09-17T11:37:13.847+0000 7f6efdff6640 1 --2- 172.21.15.49:0/707633166 >> [v2:172.21.15.49:3300/0,v1:172.21.15.49:6789/0] conn(0x7f6ef807ac00 0x7f6ef8106be0 secure :-1 s=READY pgs=44 cs=0 l=1 rev1=1 crypto rx=0x7f6ee8006f10 tx=0x7f6ee8032670 comp rx=0 tx=0).stop
2024-09-17T11:37:14.350 INFO:teuthology.orchestra.run.smithi049.stdout:/usr/bin/ceph: stderr
2024-09-17T11:37:13.847+0000 7f6efdff6640 1 -- 172.21.15.49:0/707633166 shutdown_connections
2024-09-17T11:37:14.350 INFO:teuthology.orchestra.run.smithi049.stdout:/usr/bin/ceph: stderr
2024-09-17T11:37:13.847+0000 7f6efdff6640 1 --2- 172.21.15.49:0/707633166 >> v2:172.21.15.49:6800/1315254490 conn(0x7f6ee003f720 0x7f6ee0041be0 unknown :-1 s=CLOSED pgs=11 cs=0 l=1 rev1=1 crypto rx=0 tx=0 comp rx=0 tx=0).stop
2024-09-17T11:37:14.350 INFO:teuthology.orchestra.run.smithi049.stdout:/usr/bin/ceph: stderr
2024-09-17T11:37:13.847+0000 7f6efdff6640 1 --2- 172.21.15.49:0/707633166 >> [v2:172.21.15.49:3300/0,v1:172.21.15.49:6789/0] conn(0x7f6ef807ac00 0x7f6ef8106be0 unknown :-1 s=CLOSED pgs=44 cs=0 l=1 rev1=1 crypto rx=0 tx=0 comp rx=0 tx=0).stop
2024-09-17T11:37:14.351 INFO:teuthology.orchestra.run.smithi049.stdout:/usr/bin/ceph: stderr
2024-09-17T11:37:13.847+0000 7f6efdff6640 1 -- 172.21.15.49:0/707633166 >> 172.21.15.49:0/707633166 conn(0x7f6ef8101140 msgr2=0x7f6ef8101bf0 unknown :-1 s=STATE_NONE l=0).mark_down
2024-09-17T11:37:14.351 INFO:teuthology.orchestra.run.smithi049.stdout:/usr/bin/ceph: stderr
2024-09-17T11:37:13.847+0000 7f6efdff6640 1 -- 172.21.15.49:0/707633166 shutdown_connections
2024-09-17T11:37:14.351 INFO:teuthology.orchestra.run.smithi049.stdout:/usr/bin/ceph: stderr
2024-09-17T11:37:13.847+0000 7f6efdff6640 1 -- 172.21.15.49:0/707633166 wait complete.
2024-09-17T11:37:14.351 INFO:teuthology.orchestra.run.smithi049.stdout:Wrote public SSH key to /home/ubuntu/cephtest/ceph.pub
2024-09-17T11:37:14.351 INFO:teuthology.orchestra.run.smithi049.stdout:Adding key to root@localhost authorized_keys...
2024-09-17T11:37:14.351 INFO:teuthology.orchestra.run.smithi049.stdout:Adding host smithi049...
2024-09-17T11:37:14.990 INFO:journalctl@ceph.mon.a.smithi049.stdout:Sep 17 11:37:14 smithi049 ceph-mon[30017]: from='client.14138 -' entity='client.admin' cmd=[{"prefix": "cephadm get-pub-key", "target": ["mon-mgr", ""]}]: dispatch
2024-09-17T11:37:15.983 INFO:journalctl@ceph.mon.a.smithi049.stdout:Sep 17 11:37:15 smithi049 ceph-mon[30017]: from='client.14140 -' entity='client.admin' cmd=[{"prefix": "orch host add", "hostname": "smithi049", "addr": "172.21.15.49", "target": ["mon-mgr", ""]}]: dispatch
2024-09-17T11:37:16.830 INFO:journalctl@ceph.mon.a.smithi049.stdout:Sep 17 11:37:16 smithi049 ceph-mon[30017]: Deploying cephadm binary to smithi049
2024-09-17T11:37:19.362 INFO:teuthology.orchestra.run.smithi049.stdout:/usr/bin/ceph: stdout Added host 'smithi049' with addr '172.21.15.49'
2024-09-17T11:37:19.363 INFO:teuthology.orchestra.run.smithi049.stdout:/usr/bin/ceph: stderr
2024-09-17T11:37:14.791+0000 7fccc7ff9640 1 Processor -- start
2024-09-17T11:37:19.363 INFO:teuthology.orchestra.run.smithi049.stdout:/usr/bin/ceph: stderr
2024-09-17T11:37:14.791+0000 7fccc7ff9640 1 -- start start
2024-09-17T11:37:19.363 INFO:teuthology.orchestra.run.smithi049.stdout:/usr/bin/ceph: stderr
2024-09-17T11:37:14.791+0000 7fccc7ff9640 1 --2- >> [v2:172.21.15.49:3300/0,v1:172.21.15.49:6789/0] conn(0x7fccc0106960 0x7fccc0106d60 unknown :-1 s=NONE pgs=0 cs=0 l=0 rev1=0 crypto rx=0 tx=0 comp rx=0 tx=0).connect
2024-09-17T11:37:19.363 INFO:teuthology.orchestra.run.smithi049.stdout:/usr/bin/ceph: stderr
2024-09-17T11:37:14.791+0000 7fccc7ff9640 1 -- --> [v2:172.21.15.49:3300/0,v1:172.21.15.49:6789/0] -- mon_getmap magic: 0 -- 0x7fccc0107350 con 0x7fccc0106960
2024-09-17T11:37:19.363 INFO:teuthology.orchestra.run.smithi049.stdout:/usr/bin/ceph: stderr
2024-09-17T11:37:14.791+0000 7fccc5d95640 1 --2- >> [v2:172.21.15.49:3300/0,v1:172.21.15.49:6789/0] conn(0x7fccc0106960 0x7fccc0106d60 unknown :-1 s=BANNER_CONNECTING pgs=0 cs=0 l=0 rev1=0 crypto rx=0 tx=0 comp rx=0 tx=0)._handle_peer_banner_payload supported=3 required=0
2024-09-17T11:37:19.363 INFO:teuthology.orchestra.run.smithi049.stdout:/usr/bin/ceph: stderr
2024-09-17T11:37:14.792+0000 7fccc5d95640 1 --2- >> [v2:172.21.15.49:3300/0,v1:172.21.15.49:6789/0] conn(0x7fccc0106960 0x7fccc0106d60 unknown :-1 s=HELLO_CONNECTING pgs=0 cs=0 l=0 rev1=1 crypto rx=0 tx=0 comp rx=0 tx=0).handle_hello peer v2:172.21.15.49:3300/0 says I am v2:172.21.15.49:44220/0 (socket says 172.21.15.49:44220)
2024-09-17T11:37:19.363 INFO:teuthology.orchestra.run.smithi049.stdout:/usr/bin/ceph: stderr
2024-09-17T11:37:14.792+0000 7fccc5d95640 1 -- 172.21.15.49:0/1314588589 learned_addr learned my addr 172.21.15.49:0/1314588589 (peer_addr_for_me v2:172.21.15.49:0/0)
2024-09-17T11:37:19.363 INFO:teuthology.orchestra.run.smithi049.stdout:/usr/bin/ceph: stderr
2024-09-17T11:37:14.792+0000 7fccc5d95640 1 -- 172.21.15.49:0/1314588589 --> [v2:172.21.15.49:3300/0,v1:172.21.15.49:6789/0] -- mon_subscribe({config=0+,monmap=0+}) -- 0x7fccc01074d0 con 0x7fccc0106960
2024-09-17T11:37:19.363 INFO:teuthology.orchestra.run.smithi049.stdout:/usr/bin/ceph: stderr
2024-09-17T11:37:14.792+0000 7fccc5d95640 1 --2- 172.21.15.49:0/1314588589 >> [v2:172.21.15.49:3300/0,v1:172.21.15.49:6789/0] conn(0x7fccc0106960 0x7fccc0106d60 secure :-1 s=READY pgs=45 cs=0 l=1 rev1=1 crypto rx=0x7fccbc009820 tx=0x7fccbc02a270 comp rx=0 tx=0).ready entity=mon.0 client_cookie=aee6262ed413d72e server_cookie=0 in_seq=0 out_seq=0
2024-09-17T11:37:19.364 INFO:teuthology.orchestra.run.smithi049.stdout:/usr/bin/ceph: stderr
2024-09-17T11:37:14.793+0000 7fccc4d93640 1 -- 172.21.15.49:0/1314588589 <== mon.0 v2:172.21.15.49:3300/0 1 ==== mon_map magic: 0 ==== 205+0+0 (secure 0 0 0) 0x7fccbc037070 con 0x7fccc0106960
2024-09-17T11:37:19.364 INFO:teuthology.orchestra.run.smithi049.stdout:/usr/bin/ceph: stderr
2024-09-17T11:37:14.793+0000 7fccc4d93640 1 -- 172.21.15.49:0/1314588589 <== mon.0 v2:172.21.15.49:3300/0 2 ==== config(25 keys) ==== 1023+0+0 (secure 0 0 0) 0x7fccbc0328a0 con 0x7fccc0106960
2024-09-17T11:37:19.364 INFO:teuthology.orchestra.run.smithi049.stdout:/usr/bin/ceph: stderr
2024-09-17T11:37:14.793+0000 7fccc4d93640 1 -- 172.21.15.49:0/1314588589 <== mon.0 v2:172.21.15.49:3300/0 3 ==== mon_map magic: 0 ==== 205+0+0 (secure 0 0 0) 0x7fccbc030690 con 0x7fccc0106960
2024-09-17T11:37:19.364 INFO:teuthology.orchestra.run.smithi049.stdout:/usr/bin/ceph: stderr
2024-09-17T11:37:14.793+0000 7fccc7ff9640 1 -- 172.21.15.49:0/1314588589 >> [v2:172.21.15.49:3300/0,v1:172.21.15.49:6789/0] conn(0x7fccc0106960 msgr2=0x7fccc0106d60 secure :-1 s=STATE_CONNECTION_ESTABLISHED l=1).mark_down
2024-09-17T11:37:19.364 INFO:teuthology.orchestra.run.smithi049.stdout:/usr/bin/ceph: stderr
2024-09-17T11:37:14.793+0000 7fccc7ff9640 1 --2- 172.21.15.49:0/1314588589 >> [v2:172.21.15.49:3300/0,v1:172.21.15.49:6789/0] conn(0x7fccc0106960 0x7fccc0106d60 secure :-1 s=READY pgs=45 cs=0 l=1 rev1=1 crypto rx=0x7fccbc009820 tx=0x7fccbc02a270 comp rx=0 tx=0).stop
2024-09-17T11:37:19.364 INFO:teuthology.orchestra.run.smithi049.stdout:/usr/bin/ceph: stderr
2024-09-17T11:37:14.793+0000 7fccc7ff9640 1 -- 172.21.15.49:0/1314588589 shutdown_connections
2024-09-17T11:37:19.364 INFO:teuthology.orchestra.run.smithi049.stdout:/usr/bin/ceph: stderr
2024-09-17T11:37:14.793+0000 7fccc7ff9640 1 --2- 172.21.15.49:0/1314588589 >> [v2:172.21.15.49:3300/0,v1:172.21.15.49:6789/0] conn(0x7fccc0106960 0x7fccc0106d60 unknown :-1 s=CLOSED pgs=45 cs=0 l=1 rev1=1 crypto rx=0 tx=0 comp rx=0 tx=0).stop
2024-09-17T11:37:19.364 INFO:teuthology.orchestra.run.smithi049.stdout:/usr/bin/ceph: stderr
2024-09-17T11:37:14.793+0000 7fccc7ff9640 1 -- 172.21.15.49:0/1314588589 >> 172.21.15.49:0/1314588589 conn(0x7fccc0102250 msgr2=0x7fccc0104670 unknown :-1 s=STATE_NONE l=0).mark_down
2024-09-17T11:37:19.364 INFO:teuthology.orchestra.run.smithi049.stdout:/usr/bin/ceph: stderr
2024-09-17T11:37:14.793+0000 7fccc7ff9640 1 -- 172.21.15.49:0/1314588589 shutdown_connections
2024-09-17T11:37:19.364 INFO:teuthology.orchestra.run.smithi049.stdout:/usr/bin/ceph: stderr
2024-09-17T11:37:14.793+0000 7fccc7ff9640 1 -- 172.21.15.49:0/1314588589 wait complete.
2024-09-17T11:37:19.364 INFO:teuthology.orchestra.run.smithi049.stdout:/usr/bin/ceph: stderr
2024-09-17T11:37:14.794+0000 7fccc7ff9640 1 Processor -- start
2024-09-17T11:37:19.365 INFO:teuthology.orchestra.run.smithi049.stdout:/usr/bin/ceph: stderr
2024-09-17T11:37:14.794+0000 7fccc7ff9640 1 -- start start
2024-09-17T11:37:19.365 INFO:teuthology.orchestra.run.smithi049.stdout:/usr/bin/ceph: stderr
2024-09-17T11:37:14.794+0000 7fccc7ff9640 1 --2- >> [v2:172.21.15.49:3300/0,v1:172.21.15.49:6789/0] conn(0x7fccc0106960 0x7fccc019a8e0 unknown :-1 s=NONE pgs=0 cs=0 l=1 rev1=0 crypto rx=0 tx=0 comp rx=0 tx=0).connect
2024-09-17T11:37:19.365 INFO:teuthology.orchestra.run.smithi049.stdout:/usr/bin/ceph: stderr
2024-09-17T11:37:14.794+0000 7fccc7ff9640 1 -- --> [v2:172.21.15.49:3300/0,v1:172.21.15.49:6789/0] -- mon_getmap magic: 0 -- 0x7fccc010ade0 con 0x7fccc0106960
2024-09-17T11:37:19.365 INFO:teuthology.orchestra.run.smithi049.stdout:/usr/bin/ceph: stderr
2024-09-17T11:37:14.794+0000 7fccc5d95640 1 --2- >> [v2:172.21.15.49:3300/0,v1:172.21.15.49:6789/0] conn(0x7fccc0106960 0x7fccc019a8e0 unknown :-1 s=BANNER_CONNECTING pgs=0 cs=0 l=1 rev1=0 crypto rx=0 tx=0 comp rx=0 tx=0)._handle_peer_banner_payload supported=3 required=0
2024-09-17T11:37:19.365 INFO:teuthology.orchestra.run.smithi049.stdout:/usr/bin/ceph: stderr
2024-09-17T11:37:14.794+0000 7fccc5d95640 1 --2- >> [v2:172.21.15.49:3300/0,v1:172.21.15.49:6789/0] conn(0x7fccc0106960 0x7fccc019a8e0 unknown :-1 s=HELLO_CONNECTING pgs=0 cs=0 l=1 rev1=1 crypto rx=0 tx=0 comp rx=0 tx=0).handle_hello peer v2:172.21.15.49:3300/0 says I am v2:172.21.15.49:44228/0 (socket says 172.21.15.49:44228)
2024-09-17T11:37:19.365 INFO:teuthology.orchestra.run.smithi049.stdout:/usr/bin/ceph: stderr
2024-09-17T11:37:14.794+0000 7fccc5d95640 1 -- 172.21.15.49:0/3647475478 learned_addr learned my addr 172.21.15.49:0/3647475478 (peer_addr_for_me v2:172.21.15.49:0/0)
2024-09-17T11:37:19.365 INFO:teuthology.orchestra.run.smithi049.stdout:/usr/bin/ceph: stderr
2024-09-17T11:37:14.794+0000 7fccc5d95640 1 -- 172.21.15.49:0/3647475478 --> [v2:172.21.15.49:3300/0,v1:172.21.15.49:6789/0] -- mon_subscribe({config=0+,monmap=0+}) -- 0x7fccc019ae40 con 0x7fccc0106960
2024-09-17T11:37:19.365 INFO:teuthology.orchestra.run.smithi049.stdout:/usr/bin/ceph: stderr
2024-09-17T11:37:14.795+0000 7fccc5d95640 1 --2- 172.21.15.49:0/3647475478 >> [v2:172.21.15.49:3300/0,v1:172.21.15.49:6789/0] conn(0x7fccc0106960 0x7fccc019a8e0 secure :-1 s=READY pgs=46 cs=0 l=1 rev1=1 crypto rx=0x7fccbc006f10 tx=0x7fccbc032670 comp rx=0 tx=0).ready entity=mon.0 client_cookie=0 server_cookie=0 in_seq=0 out_seq=0
2024-09-17T11:37:19.365 INFO:teuthology.orchestra.run.smithi049.stdout:/usr/bin/ceph: stderr
2024-09-17T11:37:14.795+0000 7fccb6ffd640 1 -- 172.21.15.49:0/3647475478 <== mon.0 v2:172.21.15.49:3300/0 1 ==== mon_map magic: 0 ==== 205+0+0 (secure 0 0 0) 0x7fccbc037040 con 0x7fccc0106960
2024-09-17T11:37:19.366 INFO:teuthology.orchestra.run.smithi049.stdout:/usr/bin/ceph: stderr
2024-09-17T11:37:14.795+0000 7fccb6ffd640 1 -- 172.21.15.49:0/3647475478 <== mon.0 v2:172.21.15.49:3300/0 2 ==== config(25 keys) ==== 1023+0+0 (secure 0 0 0) 0x7fccbc040070 con 0x7fccc0106960
2024-09-17T11:37:19.366 INFO:teuthology.orchestra.run.smithi049.stdout:/usr/bin/ceph: stderr
2024-09-17T11:37:14.795+0000 7fccc7ff9640 1 -- 172.21.15.49:0/3647475478 --> [v2:172.21.15.49:3300/0,v1:172.21.15.49:6789/0] -- mon_subscribe({mgrmap=0+}) -- 0x7fccc019b0d0 con 0x7fccc0106960
2024-09-17T11:37:19.366 INFO:teuthology.orchestra.run.smithi049.stdout:/usr/bin/ceph: stderr
2024-09-17T11:37:14.795+0000 7fccb6ffd640 1 -- 172.21.15.49:0/3647475478 <== mon.0 v2:172.21.15.49:3300/0 3 ==== mon_map magic: 0 ==== 205+0+0 (secure 0 0 0) 0x7fccbc03a390 con 0x7fccc0106960
2024-09-17T11:37:19.366 INFO:teuthology.orchestra.run.smithi049.stdout:/usr/bin/ceph: stderr
2024-09-17T11:37:14.795+0000 7fccc7ff9640 1 -- 172.21.15.49:0/3647475478 --> [v2:172.21.15.49:3300/0,v1:172.21.15.49:6789/0] -- mon_subscribe({osdmap=0}) -- 0x7fccc019ba90 con 0x7fccc0106960
2024-09-17T11:37:19.366 INFO:teuthology.orchestra.run.smithi049.stdout:/usr/bin/ceph: stderr
2024-09-17T11:37:14.796+0000 7fccb6ffd640 1 -- 172.21.15.49:0/3647475478 <== mon.0 v2:172.21.15.49:3300/0 4 ==== mgrmap(e 8) ==== 51730+0+0 (secure 0 0 0) 0x7fccbc03b430 con 0x7fccc0106960
2024-09-17T11:37:19.366 INFO:teuthology.orchestra.run.smithi049.stdout:/usr/bin/ceph: stderr
2024-09-17T11:37:14.796+0000 7fccc7ff9640 1 -- 172.21.15.49:0/3647475478 --> [v2:172.21.15.49:3300/0,v1:172.21.15.49:6789/0] -- mon_command({"prefix": "get_command_descriptions"} v 0) -- 0x7fccc0106de0 con 0x7fccc0106960
2024-09-17T11:37:19.366 INFO:teuthology.orchestra.run.smithi049.stdout:/usr/bin/ceph: stderr
2024-09-17T11:37:14.796+0000 7fccb6ffd640 1 --2- 172.21.15.49:0/3647475478 >> v2:172.21.15.49:6800/1315254490 conn(0x7fccac03f720 0x7fccac041be0 unknown :-1 s=NONE pgs=0 cs=0 l=1 rev1=0 crypto rx=0 tx=0 comp rx=0 tx=0).connect
2024-09-17T11:37:19.366 INFO:teuthology.orchestra.run.smithi049.stdout:/usr/bin/ceph: stderr
2024-09-17T11:37:14.796+0000 7fccb6ffd640 1 -- 172.21.15.49:0/3647475478 <== mon.0 v2:172.21.15.49:3300/0 5 ==== osd_map(2..2 src has 1..2) ==== 897+0+0 (secure 0 0 0) 0x7fccbc073cf0 con 0x7fccc0106960
2024-09-17T11:37:19.366 INFO:teuthology.orchestra.run.smithi049.stdout:/usr/bin/ceph: stderr
2024-09-17T11:37:14.796+0000 7fccc5594640 1 --2- 172.21.15.49:0/3647475478 >> v2:172.21.15.49:6800/1315254490 conn(0x7fccac03f720 0x7fccac041be0 unknown :-1 s=BANNER_CONNECTING pgs=0 cs=0 l=1 rev1=0 crypto rx=0 tx=0 comp rx=0 tx=0)._handle_peer_banner_payload supported=3 required=0
2024-09-17T11:37:19.366 INFO:teuthology.orchestra.run.smithi049.stdout:/usr/bin/ceph: stderr
2024-09-17T11:37:14.796+0000 7fccc5594640 1 --2- 172.21.15.49:0/3647475478 >> v2:172.21.15.49:6800/1315254490 conn(0x7fccac03f720 0x7fccac041be0 secure :-1 s=READY pgs=12 cs=0 l=1 rev1=1 crypto rx=0x7fccb00098c0 tx=0x7fccb0006db0 comp rx=0 tx=0).ready entity=mgr.14118 client_cookie=0 server_cookie=0 in_seq=0 out_seq=0
2024-09-17T11:37:19.367 INFO:teuthology.orchestra.run.smithi049.stdout:/usr/bin/ceph: stderr
2024-09-17T11:37:14.801+0000 7fccb6ffd640 1 -- 172.21.15.49:0/3647475478 <== mon.0 v2:172.21.15.49:3300/0 6 ==== mon_command_ack([{"prefix": "get_command_descriptions"}]=0 v0) ==== 72+0+196987 (secure 0 0 0) 0x7fccbc043360 con 0x7fccc0106960
2024-09-17T11:37:19.367 INFO:teuthology.orchestra.run.smithi049.stdout:/usr/bin/ceph: stderr
2024-09-17T11:37:14.989+0000 7fccc7ff9640 1 -- 172.21.15.49:0/3647475478 --> v2:172.21.15.49:6800/1315254490 -- mgr_command(tid 0: {"prefix": "orch host add", "hostname": "smithi049", "addr": "172.21.15.49", "target": ["mon-mgr", ""]}) -- 0x7fccc01033b0 con 0x7fccac03f720
2024-09-17T11:37:19.367 INFO:teuthology.orchestra.run.smithi049.stdout:/usr/bin/ceph: stderr
2024-09-17T11:37:18.765+0000 7fccb6ffd640 1 -- 172.21.15.49:0/3647475478 <== mgr.14118 v2:172.21.15.49:6800/1315254490 1 ==== mgr_command_reply(tid 0: 0 ) ==== 8+0+48 (secure 0 0 0) 0x7fccc01033b0 con 0x7fccac03f720
2024-09-17T11:37:19.367 INFO:teuthology.orchestra.run.smithi049.stdout:/usr/bin/ceph: stderr
2024-09-17T11:37:18.768+0000 7fccc7ff9640 1 -- 172.21.15.49:0/3647475478 >> v2:172.21.15.49:6800/1315254490 conn(0x7fccac03f720 msgr2=0x7fccac041be0 secure :-1 s=STATE_CONNECTION_ESTABLISHED l=1).mark_down
2024-09-17T11:37:19.367 INFO:teuthology.orchestra.run.smithi049.stdout:/usr/bin/ceph: stderr
2024-09-17T11:37:18.768+0000 7fccc7ff9640 1 --2- 172.21.15.49:0/3647475478 >> v2:172.21.15.49:6800/1315254490 conn(0x7fccac03f720 0x7fccac041be0 secure :-1 s=READY pgs=12 cs=0 l=1 rev1=1 crypto rx=0x7fccb00098c0 tx=0x7fccb0006db0 comp rx=0 tx=0).stop
2024-09-17T11:37:19.367 INFO:teuthology.orchestra.run.smithi049.stdout:/usr/bin/ceph: stderr
2024-09-17T11:37:18.768+0000 7fccc7ff9640 1 -- 172.21.15.49:0/3647475478 >> [v2:172.21.15.49:3300/0,v1:172.21.15.49:6789/0] conn(0x7fccc0106960 msgr2=0x7fccc019a8e0 secure :-1 s=STATE_CONNECTION_ESTABLISHED l=1).mark_down
2024-09-17T11:37:19.367 INFO:teuthology.orchestra.run.smithi049.stdout:/usr/bin/ceph: stderr
2024-09-17T11:37:18.768+0000 7fccc7ff9640 1 --2- 172.21.15.49:0/3647475478 >> [v2:172.21.15.49:3300/0,v1:172.21.15.49:6789/0] conn(0x7fccc0106960 0x7fccc019a8e0 secure :-1 s=READY pgs=46 cs=0 l=1 rev1=1 crypto rx=0x7fccbc006f10 tx=0x7fccbc032670 comp rx=0 tx=0).stop
2024-09-17T11:37:19.367 INFO:teuthology.orchestra.run.smithi049.stdout:/usr/bin/ceph: stderr
2024-09-17T11:37:18.768+0000 7fccc7ff9640 1 -- 172.21.15.49:0/3647475478 shutdown_connections
2024-09-17T11:37:19.367 INFO:teuthology.orchestra.run.smithi049.stdout:/usr/bin/ceph: stderr
2024-09-17T11:37:18.768+0000 7fccc7ff9640 1 --2- 172.21.15.49:0/3647475478 >> v2:172.21.15.49:6800/1315254490 conn(0x7fccac03f720 0x7fccac041be0 unknown :-1 s=CLOSED pgs=12 cs=0 l=1 rev1=1 crypto rx=0 tx=0 comp rx=0 tx=0).stop
2024-09-17T11:37:19.367 INFO:teuthology.orchestra.run.smithi049.stdout:/usr/bin/ceph: stderr
2024-09-17T11:37:18.768+0000 7fccc7ff9640 1 --2- 172.21.15.49:0/3647475478 >> [v2:172.21.15.49:3300/0,v1:172.21.15.49:6789/0] conn(0x7fccc0106960 0x7fccc019a8e0 unknown :-1 s=CLOSED pgs=46 cs=0 l=1 rev1=1 crypto rx=0 tx=0 comp rx=0 tx=0).stop
2024-09-17T11:37:19.367 INFO:teuthology.orchestra.run.smithi049.stdout:/usr/bin/ceph: stderr
2024-09-17T11:37:18.768+0000 7fccc7ff9640 1 -- 172.21.15.49:0/3647475478 >> 172.21.15.49:0/3647475478 conn(0x7fccc0102250 msgr2=0x7fccc0102ca0 unknown :-1 s=STATE_NONE l=0).mark_down
2024-09-17T11:37:19.367 INFO:teuthology.orchestra.run.smithi049.stdout:/usr/bin/ceph: stderr
2024-09-17T11:37:18.768+0000 7fccc7ff9640 1 -- 172.21.15.49:0/3647475478 shutdown_connections
2024-09-17T11:37:19.368 INFO:teuthology.orchestra.run.smithi049.stdout:/usr/bin/ceph: stderr
2024-09-17T11:37:18.768+0000 7fccc7ff9640 1 -- 172.21.15.49:0/3647475478 wait complete.
2024-09-17T11:37:19.368 INFO:teuthology.orchestra.run.smithi049.stdout:Deploying unmanaged mon service...
2024-09-17T11:37:20.026 INFO:journalctl@ceph.mon.a.smithi049.stdout:Sep 17 11:37:19 smithi049 ceph-mon[30017]: from='mgr.14118 172.21.15.49:0/2932232191' entity='mgr.y'
2024-09-17T11:37:20.026 INFO:journalctl@ceph.mon.a.smithi049.stdout:Sep 17 11:37:19 smithi049 ceph-mon[30017]: Added host smithi049
2024-09-17T11:37:20.026 INFO:journalctl@ceph.mon.a.smithi049.stdout:Sep 17 11:37:19 smithi049 ceph-mon[30017]: from='mgr.14118 172.21.15.49:0/2932232191' entity='mgr.y' cmd={"prefix": "config dump", "format": "json"} : dispatch
2024-09-17T11:37:20.747 INFO:teuthology.orchestra.run.smithi049.stdout:/usr/bin/ceph: stdout Scheduled mon update...
2024-09-17T11:37:20.776 INFO:teuthology.orchestra.run.smithi049.stdout:/usr/bin/ceph: stderr
2024-09-17T11:37:19.792+0000 7f3c79a91640 1 Processor -- start
2024-09-17T11:37:20.776 INFO:teuthology.orchestra.run.smithi049.stdout:/usr/bin/ceph: stderr
2024-09-17T11:37:19.792+0000 7f3c79a91640 1 -- start start
2024-09-17T11:37:20.776 INFO:teuthology.orchestra.run.smithi049.stdout:/usr/bin/ceph: stderr
2024-09-17T11:37:19.793+0000 7f3c79a91640 1 --2- >> [v2:172.21.15.49:3300/0,v1:172.21.15.49:6789/0] conn(0x7f3c7407a2b0 0x7f3c7410b9a0 unknown :-1 s=NONE pgs=0 cs=0 l=0 rev1=0 crypto rx=0 tx=0 comp rx=0 tx=0).connect
2024-09-17T11:37:20.776 INFO:teuthology.orchestra.run.smithi049.stdout:/usr/bin/ceph: stderr
2024-09-17T11:37:19.793+0000 7f3c79a91640 1 -- --> [v2:172.21.15.49:3300/0,v1:172.21.15.49:6789/0] -- mon_getmap magic: 0 -- 0x7f3c7407a6b0 con 0x7f3c7407a2b0
2024-09-17T11:37:20.776 INFO:teuthology.orchestra.run.smithi049.stdout:/usr/bin/ceph: stderr
2024-09-17T11:37:19.793+0000 7f3c737fe640 1 --2- >> [v2:172.21.15.49:3300/0,v1:172.21.15.49:6789/0] conn(0x7f3c7407a2b0 0x7f3c7410b9a0 unknown :-1 s=BANNER_CONNECTING pgs=0 cs=0 l=0 rev1=0 crypto rx=0 tx=0 comp rx=0 tx=0)._handle_peer_banner_payload supported=3 required=0
2024-09-17T11:37:20.776 INFO:teuthology.orchestra.run.smithi049.stdout:/usr/bin/ceph: stderr
2024-09-17T11:37:19.793+0000 7f3c737fe640 1 --2- >> [v2:172.21.15.49:3300/0,v1:172.21.15.49:6789/0] conn(0x7f3c7407a2b0 0x7f3c7410b9a0 unknown :-1 s=HELLO_CONNECTING pgs=0 cs=0 l=0 rev1=1 crypto rx=0 tx=0 comp rx=0 tx=0).handle_hello peer v2:172.21.15.49:3300/0 says I am v2:172.21.15.49:44234/0 (socket says 172.21.15.49:44234)
2024-09-17T11:37:20.776 INFO:teuthology.orchestra.run.smithi049.stdout:/usr/bin/ceph: stderr
2024-09-17T11:37:19.793+0000 7f3c737fe640 1 -- 172.21.15.49:0/2368370089 learned_addr learned my addr 172.21.15.49:0/2368370089 (peer_addr_for_me v2:172.21.15.49:0/0)
2024-09-17T11:37:20.776 INFO:teuthology.orchestra.run.smithi049.stdout:/usr/bin/ceph: stderr
2024-09-17T11:37:19.793+0000 7f3c737fe640 1 -- 172.21.15.49:0/2368370089 --> [v2:172.21.15.49:3300/0,v1:172.21.15.49:6789/0] -- mon_subscribe({config=0+,monmap=0+}) -- 0x7f3c7410bee0 con 0x7f3c7407a2b0
2024-09-17T11:37:20.777 INFO:teuthology.orchestra.run.smithi049.stdout:/usr/bin/ceph: stderr
2024-09-17T11:37:19.794+0000 7f3c737fe640 1 --2- 172.21.15.49:0/2368370089 >> [v2:172.21.15.49:3300/0,v1:172.21.15.49:6789/0] conn(0x7f3c7407a2b0 0x7f3c7410b9a0 secure :-1 s=READY pgs=47 cs=0 l=1 rev1=1 crypto rx=0x7f3c64009820 tx=0x7f3c6402a270 comp rx=0 tx=0).ready entity=mon.0 client_cookie=af32df902d1e1086 server_cookie=0 in_seq=0 out_seq=0
2024-09-17T11:37:20.777 INFO:teuthology.orchestra.run.smithi049.stdout:/usr/bin/ceph: stderr
2024-09-17T11:37:19.794+0000 7f3c727fc640 1 -- 172.21.15.49:0/2368370089 <== mon.0 v2:172.21.15.49:3300/0 1 ==== mon_map magic: 0 ==== 205+0+0 (secure 0 0 0) 0x7f3c64037070 con 0x7f3c7407a2b0
2024-09-17T11:37:20.777 INFO:teuthology.orchestra.run.smithi049.stdout:/usr/bin/ceph: stderr
2024-09-17T11:37:19.794+0000 7f3c727fc640 1 -- 172.21.15.49:0/2368370089 <== mon.0 v2:172.21.15.49:3300/0 2 ==== config(25 keys) ==== 1023+0+0 (secure 0 0 0) 0x7f3c640328a0 con 0x7f3c7407a2b0
2024-09-17T11:37:20.777 INFO:teuthology.orchestra.run.smithi049.stdout:/usr/bin/ceph: stderr
2024-09-17T11:37:19.794+0000 7f3c727fc640 1 -- 172.21.15.49:0/2368370089 <== mon.0 v2:172.21.15.49:3300/0 3 ==== mon_map magic: 0 ==== 205+0+0 (secure 0 0 0) 0x7f3c64030690 con 0x7f3c7407a2b0
2024-09-17T11:37:20.777 INFO:teuthology.orchestra.run.smithi049.stdout:/usr/bin/ceph: stderr
2024-09-17T11:37:19.794+0000 7f3c79a91640 1 -- 172.21.15.49:0/2368370089 >> [v2:172.21.15.49:3300/0,v1:172.21.15.49:6789/0] conn(0x7f3c7407a2b0 msgr2=0x7f3c7410b9a0 secure :-1 s=STATE_CONNECTION_ESTABLISHED l=1).mark_down
2024-09-17T11:37:20.777 INFO:teuthology.orchestra.run.smithi049.stdout:/usr/bin/ceph: stderr
2024-09-17T11:37:19.794+0000 7f3c79a91640 1 --2- 172.21.15.49:0/2368370089 >> [v2:172.21.15.49:3300/0,v1:172.21.15.49:6789/0] conn(0x7f3c7407a2b0 0x7f3c7410b9a0 secure :-1 s=READY pgs=47 cs=0 l=1 rev1=1 crypto rx=0x7f3c64009820 tx=0x7f3c6402a270 comp rx=0 tx=0).stop
2024-09-17T11:37:20.777 INFO:teuthology.orchestra.run.smithi049.stdout:/usr/bin/ceph: stderr
2024-09-17T11:37:19.794+0000 7f3c79a91640 1 -- 172.21.15.49:0/2368370089 shutdown_connections
2024-09-17T11:37:20.777 INFO:teuthology.orchestra.run.smithi049.stdout:/usr/bin/ceph: stderr
2024-09-17T11:37:19.794+0000 7f3c79a91640 1 --2- 172.21.15.49:0/2368370089 >> [v2:172.21.15.49:3300/0,v1:172.21.15.49:6789/0] conn(0x7f3c7407a2b0 0x7f3c7410b9a0 unknown :-1 s=CLOSED pgs=47 cs=0 l=1 rev1=1 crypto rx=0 tx=0 comp rx=0 tx=0).stop
2024-09-17T11:37:20.777 INFO:teuthology.orchestra.run.smithi049.stdout:/usr/bin/ceph: stderr
2024-09-17T11:37:19.794+0000 7f3c79a91640 1 -- 172.21.15.49:0/2368370089 >> 172.21.15.49:0/2368370089 conn(0x7f3c741011b0 msgr2=0x7f3c741035d0 unknown :-1 s=STATE_NONE l=0).mark_down
2024-09-17T11:37:20.777 INFO:teuthology.orchestra.run.smithi049.stdout:/usr/bin/ceph: stderr
2024-09-17T11:37:19.795+0000 7f3c79a91640 1 -- 172.21.15.49:0/2368370089 shutdown_connections
2024-09-17T11:37:20.777 INFO:teuthology.orchestra.run.smithi049.stdout:/usr/bin/ceph: stderr
2024-09-17T11:37:19.795+0000 7f3c79a91640 1 -- 172.21.15.49:0/2368370089 wait complete.
2024-09-17T11:37:20.777 INFO:teuthology.orchestra.run.smithi049.stdout:/usr/bin/ceph: stderr
2024-09-17T11:37:19.795+0000 7f3c79a91640 1 Processor -- start
2024-09-17T11:37:20.777 INFO:teuthology.orchestra.run.smithi049.stdout:/usr/bin/ceph: stderr
2024-09-17T11:37:19.795+0000 7f3c79a91640 1 -- start start
2024-09-17T11:37:20.778 INFO:teuthology.orchestra.run.smithi049.stdout:/usr/bin/ceph: stderr
2024-09-17T11:37:19.796+0000 7f3c79a91640 1 --2- >> [v2:172.21.15.49:3300/0,v1:172.21.15.49:6789/0] conn(0x7f3c7407a2b0 0x7f3c7419ca30 unknown :-1 s=NONE pgs=0 cs=0 l=1 rev1=0 crypto rx=0 tx=0 comp rx=0 tx=0).connect
2024-09-17T11:37:20.778 INFO:teuthology.orchestra.run.smithi049.stdout:/usr/bin/ceph: stderr
2024-09-17T11:37:19.796+0000 7f3c79a91640 1 -- --> [v2:172.21.15.49:3300/0,v1:172.21.15.49:6789/0] -- mon_getmap magic: 0 -- 0x7f3c7410ce70 con 0x7f3c7407a2b0
2024-09-17T11:37:20.778 INFO:teuthology.orchestra.run.smithi049.stdout:/usr/bin/ceph: stderr
2024-09-17T11:37:19.796+0000 7f3c737fe640 1 --2- >> [v2:172.21.15.49:3300/0,v1:172.21.15.49:6789/0] conn(0x7f3c7407a2b0 0x7f3c7419ca30 unknown :-1 s=BANNER_CONNECTING pgs=0 cs=0 l=1 rev1=0 crypto rx=0 tx=0 comp rx=0 tx=0)._handle_peer_banner_payload supported=3 required=0
2024-09-17T11:37:20.778 INFO:teuthology.orchestra.run.smithi049.stdout:/usr/bin/ceph: stderr
2024-09-17T11:37:19.796+0000 7f3c737fe640 1 --2- >> [v2:172.21.15.49:3300/0,v1:172.21.15.49:6789/0] conn(0x7f3c7407a2b0 0x7f3c7419ca30 unknown :-1 s=HELLO_CONNECTING pgs=0 cs=0 l=1 rev1=1 crypto rx=0 tx=0 comp rx=0 tx=0).handle_hello peer v2:172.21.15.49:3300/0 says I am v2:172.21.15.49:44246/0 (socket says 172.21.15.49:44246)
2024-09-17T11:37:20.778 INFO:teuthology.orchestra.run.smithi049.stdout:/usr/bin/ceph: stderr
2024-09-17T11:37:19.796+0000 7f3c737fe640 1 -- 172.21.15.49:0/1855997059 learned_addr learned my addr 172.21.15.49:0/1855997059 (peer_addr_for_me v2:172.21.15.49:0/0)
2024-09-17T11:37:20.778 INFO:teuthology.orchestra.run.smithi049.stdout:/usr/bin/ceph: stderr
2024-09-17T11:37:19.796+0000 7f3c737fe640 1 -- 172.21.15.49:0/1855997059 --> [v2:172.21.15.49:3300/0,v1:172.21.15.49:6789/0] -- mon_subscribe({config=0+,monmap=0+}) -- 0x7f3c7419cf90 con 0x7f3c7407a2b0
2024-09-17T11:37:20.778 INFO:teuthology.orchestra.run.smithi049.stdout:/usr/bin/ceph: stderr
2024-09-17T11:37:19.796+0000 7f3c737fe640 1 --2- 172.21.15.49:0/1855997059 >> [v2:172.21.15.49:3300/0,v1:172.21.15.49:6789/0] conn(0x7f3c7407a2b0 0x7f3c7419ca30 secure :-1 s=READY pgs=48 cs=0 l=1 rev1=1 crypto rx=0x7f3c64006f10 tx=0x7f3c64032670 comp rx=0 tx=0).ready entity=mon.0 client_cookie=0 server_cookie=0 in_seq=0 out_seq=0
2024-09-17T11:37:20.778 INFO:teuthology.orchestra.run.smithi049.stdout:/usr/bin/ceph: stderr
2024-09-17T11:37:19.796+0000 7f3c70ff9640 1 -- 172.21.15.49:0/1855997059 <== mon.0 v2:172.21.15.49:3300/0 1 ==== mon_map magic: 0 ==== 205+0+0 (secure 0 0 0) 0x7f3c64037040 con 0x7f3c7407a2b0
2024-09-17T11:37:20.778 INFO:teuthology.orchestra.run.smithi049.stdout:/usr/bin/ceph: stderr
2024-09-17T11:37:19.796+0000 7f3c70ff9640 1 -- 172.21.15.49:0/1855997059 <== mon.0 v2:172.21.15.49:3300/0 2 ==== config(25 keys) ==== 1023+0+0 (secure 0 0 0) 0x7f3c64040070 con 0x7f3c7407a2b0
2024-09-17T11:37:20.778 INFO:teuthology.orchestra.run.smithi049.stdout:/usr/bin/ceph: stderr
2024-09-17T11:37:19.796+0000 7f3c70ff9640 1 -- 172.21.15.49:0/1855997059 <== mon.0 v2:172.21.15.49:3300/0 3 ==== mon_map magic: 0 ==== 205+0+0 (secure 0 0 0) 0x7f3c6403a390 con 0x7f3c7407a2b0
2024-09-17T11:37:20.778 INFO:teuthology.orchestra.run.smithi049.stdout:/usr/bin/ceph: stderr
2024-09-17T11:37:19.796+0000 7f3c79a91640 1 -- 172.21.15.49:0/1855997059 --> [v2:172.21.15.49:3300/0,v1:172.21.15.49:6789/0] -- mon_subscribe({mgrmap=0+}) -- 0x7f3c7419d220 con 0x7f3c7407a2b0
2024-09-17T11:37:20.778 INFO:teuthology.orchestra.run.smithi049.stdout:/usr/bin/ceph: stderr
2024-09-17T11:37:19.796+0000 7f3c79a91640 1 -- 172.21.15.49:0/1855997059 --> [v2:172.21.15.49:3300/0,v1:172.21.15.49:6789/0] -- mon_subscribe({osdmap=0}) -- 0x7f3c7419dc60 con 0x7f3c7407a2b0
2024-09-17T11:37:20.778 INFO:teuthology.orchestra.run.smithi049.stdout:/usr/bin/ceph: stderr
2024-09-17T11:37:19.797+0000 7f3c70ff9640 1 -- 172.21.15.49:0/1855997059 <== mon.0 v2:172.21.15.49:3300/0 4 ==== mgrmap(e 8) ==== 51730+0+0 (secure 0 0 0) 0x7f3c6403b430 con 0x7f3c7407a2b0
2024-09-17T11:37:20.778 INFO:teuthology.orchestra.run.smithi049.stdout:/usr/bin/ceph: stderr
2024-09-17T11:37:19.797+0000 7f3c79a91640 1 -- 172.21.15.49:0/1855997059 --> [v2:172.21.15.49:3300/0,v1:172.21.15.49:6789/0] -- mon_command({"prefix": "get_command_descriptions"} v 0) -- 0x7f3c7410ba20 con 0x7f3c7407a2b0
2024-09-17T11:37:20.779 INFO:teuthology.orchestra.run.smithi049.stdout:/usr/bin/ceph: stderr
2024-09-17T11:37:19.798+0000 7f3c70ff9640 1 --2- 172.21.15.49:0/1855997059 >> v2:172.21.15.49:6800/1315254490 conn(0x7f3c5c03f6d0 0x7f3c5c041b90 unknown :-1 s=NONE pgs=0 cs=0 l=1 rev1=0 crypto rx=0 tx=0 comp rx=0 tx=0).connect
2024-09-17T11:37:20.779 INFO:teuthology.orchestra.run.smithi049.stdout:/usr/bin/ceph: stderr
2024-09-17T11:37:19.798+0000 7f3c70ff9640 1 -- 172.21.15.49:0/1855997059 <== mon.0 v2:172.21.15.49:3300/0 5 ==== osd_map(2..2 src has 1..2) ==== 897+0+0 (secure 0 0 0) 0x7f3c64073dd0 con 0x7f3c7407a2b0
2024-09-17T11:37:20.779 INFO:teuthology.orchestra.run.smithi049.stdout:/usr/bin/ceph: stderr
2024-09-17T11:37:19.798+0000 7f3c72ffd640 1 --2- 172.21.15.49:0/1855997059 >> v2:172.21.15.49:6800/1315254490 conn(0x7f3c5c03f6d0 0x7f3c5c041b90 unknown :-1 s=BANNER_CONNECTING pgs=0 cs=0 l=1 rev1=0 crypto rx=0 tx=0 comp rx=0 tx=0)._handle_peer_banner_payload supported=3 required=0
2024-09-17T11:37:20.779 INFO:teuthology.orchestra.run.smithi049.stdout:/usr/bin/ceph: stderr
2024-09-17T11:37:19.798+0000 7f3c72ffd640 1 --2- 172.21.15.49:0/1855997059 >> v2:172.21.15.49:6800/1315254490 conn(0x7f3c5c03f6d0 0x7f3c5c041b90 secure :-1 s=READY pgs=13 cs=0 l=1 rev1=1 crypto rx=0x7f3c680098c0 tx=0x7f3c68006db0 comp rx=0 tx=0).ready entity=mgr.14118 client_cookie=0 server_cookie=0 in_seq=0 out_seq=0
2024-09-17T11:37:20.779 INFO:teuthology.orchestra.run.smithi049.stdout:/usr/bin/ceph: stderr
2024-09-17T11:37:19.802+0000 7f3c70ff9640 1 -- 172.21.15.49:0/1855997059 <== mon.0 v2:172.21.15.49:3300/0 6 ==== mon_command_ack([{"prefix": "get_command_descriptions"}]=0 v0) ==== 72+0+196987 (secure 0 0 0) 0x7f3c64041270 con 0x7f3c7407a2b0
2024-09-17T11:37:20.779 INFO:teuthology.orchestra.run.smithi049.stdout:/usr/bin/ceph: stderr
2024-09-17T11:37:20.024+0000 7f3c79a91640 1 -- 172.21.15.49:0/1855997059 --> v2:172.21.15.49:6800/1315254490 -- mgr_command(tid 0: {"prefix": "orch apply", "service_type": "mon", "unmanaged": true, "target": ["mon-mgr", ""]}) -- 0x7f3c7419e500 con 0x7f3c5c03f6d0
2024-09-17T11:37:20.779 INFO:teuthology.orchestra.run.smithi049.stdout:/usr/bin/ceph: stderr
2024-09-17T11:37:20.029+0000 7f3c70ff9640 1 -- 172.21.15.49:0/1855997059 <== mgr.14118 v2:172.21.15.49:6800/1315254490 1 ==== mgr_command_reply(tid 0: 0 ) ==== 8+0+24 (secure 0 0 0) 0x7f3c7419e500 con 0x7f3c5c03f6d0
2024-09-17T11:37:20.779 INFO:teuthology.orchestra.run.smithi049.stdout:/usr/bin/ceph: stderr
2024-09-17T11:37:20.031+0000 7f3c79a91640 1 -- 172.21.15.49:0/1855997059 >> v2:172.21.15.49:6800/1315254490 conn(0x7f3c5c03f6d0 msgr2=0x7f3c5c041b90 secure :-1 s=STATE_CONNECTION_ESTABLISHED l=1).mark_down
2024-09-17T11:37:20.779 INFO:teuthology.orchestra.run.smithi049.stdout:/usr/bin/ceph: stderr
2024-09-17T11:37:20.031+0000 7f3c79a91640 1 --2- 172.21.15.49:0/1855997059 >> v2:172.21.15.49:6800/1315254490 conn(0x7f3c5c03f6d0 0x7f3c5c041b90 secure :-1 s=READY pgs=13 cs=0 l=1 rev1=1 crypto rx=0x7f3c680098c0 tx=0x7f3c68006db0 comp rx=0 tx=0).stop
2024-09-17T11:37:20.779 INFO:teuthology.orchestra.run.smithi049.stdout:/usr/bin/ceph: stderr
2024-09-17T11:37:20.031+0000 7f3c79a91640 1 -- 172.21.15.49:0/1855997059 >> [v2:172.21.15.49:3300/0,v1:172.21.15.49:6789/0] conn(0x7f3c7407a2b0 msgr2=0x7f3c7419ca30 secure :-1 s=STATE_CONNECTION_ESTABLISHED l=1).mark_down
2024-09-17T11:37:20.779 INFO:teuthology.orchestra.run.smithi049.stdout:/usr/bin/ceph: stderr
2024-09-17T11:37:20.031+0000 7f3c79a91640 1 --2- 172.21.15.49:0/1855997059 >> [v2:172.21.15.49:3300/0,v1:172.21.15.49:6789/0] conn(0x7f3c7407a2b0 0x7f3c7419ca30 secure :-1 s=READY pgs=48 cs=0 l=1 rev1=1 crypto rx=0x7f3c64006f10 tx=0x7f3c64032670 comp rx=0 tx=0).stop
2024-09-17T11:37:20.779 INFO:teuthology.orchestra.run.smithi049.stdout:/usr/bin/ceph: stderr
2024-09-17T11:37:20.031+0000 7f3c79a91640 1 -- 172.21.15.49:0/1855997059 shutdown_connections
2024-09-17T11:37:20.779 INFO:teuthology.orchestra.run.smithi049.stdout:/usr/bin/ceph: stderr
2024-09-17T11:37:20.031+0000 7f3c79a91640 1 --2- 172.21.15.49:0/1855997059 >> v2:172.21.15.49:6800/1315254490 conn(0x7f3c5c03f6d0 0x7f3c5c041b90 unknown :-1 s=CLOSED pgs=13 cs=0 l=1 rev1=1 crypto rx=0 tx=0 comp rx=0 tx=0).stop
2024-09-17T11:37:20.780 INFO:teuthology.orchestra.run.smithi049.stdout:/usr/bin/ceph: stderr
2024-09-17T11:37:20.031+0000 7f3c79a91640 1 --2- 172.21.15.49:0/1855997059 >> [v2:172.21.15.49:3300/0,v1:172.21.15.49:6789/0] conn(0x7f3c7407a2b0 0x7f3c7419ca30 unknown :-1 s=CLOSED pgs=48 cs=0 l=1 rev1=1 crypto rx=0 tx=0 comp rx=0 tx=0).stop
2024-09-17T11:37:20.780 INFO:teuthology.orchestra.run.smithi049.stdout:/usr/bin/ceph: stderr
2024-09-17T11:37:20.031+0000 7f3c79a91640 1 -- 172.21.15.49:0/1855997059 >> 172.21.15.49:0/1855997059 conn(0x7f3c741011b0 msgr2=0x7f3c74101c40 unknown :-1 s=STATE_NONE l=0).mark_down
2024-09-17T11:37:20.780 INFO:teuthology.orchestra.run.smithi049.stdout:/usr/bin/ceph: stderr
2024-09-17T11:37:20.031+0000 7f3c79a91640 1 -- 172.21.15.49:0/1855997059 shutdown_connections
2024-09-17T11:37:20.780 INFO:teuthology.orchestra.run.smithi049.stdout:/usr/bin/ceph: stderr
2024-09-17T11:37:20.031+0000 7f3c79a91640 1 -- 172.21.15.49:0/1855997059 wait complete.
2024-09-17T11:37:20.780 INFO:teuthology.orchestra.run.smithi049.stdout:Deploying unmanaged mgr service...
2024-09-17T11:37:21.283 INFO:journalctl@ceph.mon.a.smithi049.stdout:Sep 17 11:37:21 smithi049 ceph-mon[30017]: from='client.14142 -' entity='client.admin' cmd=[{"prefix": "orch apply", "service_type": "mon", "unmanaged": true, "target": ["mon-mgr", ""]}]: dispatch
2024-09-17T11:37:21.283 INFO:journalctl@ceph.mon.a.smithi049.stdout:Sep 17 11:37:21 smithi049 ceph-mon[30017]: Saving service mon spec with placement count:5
2024-09-17T11:37:21.283 INFO:journalctl@ceph.mon.a.smithi049.stdout:Sep 17 11:37:21 smithi049 ceph-mon[30017]: from='mgr.14118 172.21.15.49:0/2932232191' entity='mgr.y'
2024-09-17T11:37:22.568 INFO:teuthology.orchestra.run.smithi049.stdout:/usr/bin/ceph: stdout Scheduled mgr update...
2024-09-17T11:37:22.568 INFO:teuthology.orchestra.run.smithi049.stdout:/usr/bin/ceph: stderr
2024-09-17T11:37:21.695+0000 7ff2c1012640 1 Processor -- start
2024-09-17T11:37:22.568 INFO:teuthology.orchestra.run.smithi049.stdout:/usr/bin/ceph: stderr
2024-09-17T11:37:21.695+0000 7ff2c1012640 1 -- start start
2024-09-17T11:37:22.568 INFO:teuthology.orchestra.run.smithi049.stdout:/usr/bin/ceph: stderr
2024-09-17T11:37:21.695+0000 7ff2c1012640 1 --2- >> [v2:172.21.15.49:3300/0,v1:172.21.15.49:6789/0] conn(0x7ff2bc07cce0 0x7ff2bc07b340 unknown :-1 s=NONE pgs=0 cs=0 l=0 rev1=0 crypto rx=0 tx=0 comp rx=0 tx=0).connect
2024-09-17T11:37:22.569 INFO:teuthology.orchestra.run.smithi049.stdout:/usr/bin/ceph: stderr
2024-09-17T11:37:21.695+0000 7ff2c1012640 1 -- --> [v2:172.21.15.49:3300/0,v1:172.21.15.49:6789/0] -- mon_getmap magic: 0 -- 0x7ff2bc07d190 con 0x7ff2bc07cce0
2024-09-17T11:37:22.569 INFO:teuthology.orchestra.run.smithi049.stdout:/usr/bin/ceph: stderr
2024-09-17T11:37:21.696+0000 7ff2bad9d640 1 --2- >> [v2:172.21.15.49:3300/0,v1:172.21.15.49:6789/0] conn(0x7ff2bc07cce0 0x7ff2bc07b340 unknown :-1 s=BANNER_CONNECTING pgs=0 cs=0 l=0 rev1=0 crypto rx=0 tx=0 comp rx=0 tx=0)._handle_peer_banner_payload supported=3 required=0
2024-09-17T11:37:22.569 INFO:teuthology.orchestra.run.smithi049.stdout:/usr/bin/ceph: stderr
2024-09-17T11:37:21.696+0000 7ff2bad9d640 1 --2- >> [v2:172.21.15.49:3300/0,v1:172.21.15.49:6789/0] conn(0x7ff2bc07cce0 0x7ff2bc07b340 unknown :-1 s=HELLO_CONNECTING pgs=0 cs=0 l=0 rev1=1 crypto rx=0 tx=0 comp rx=0 tx=0).handle_hello peer v2:172.21.15.49:3300/0 says I am v2:172.21.15.49:44250/0 (socket says 172.21.15.49:44250)
2024-09-17T11:37:22.569 INFO:teuthology.orchestra.run.smithi049.stdout:/usr/bin/ceph: stderr
2024-09-17T11:37:21.696+0000 7ff2bad9d640 1 -- 172.21.15.49:0/1818851794 learned_addr learned my addr 172.21.15.49:0/1818851794 (peer_addr_for_me v2:172.21.15.49:0/0)
2024-09-17T11:37:22.569 INFO:teuthology.orchestra.run.smithi049.stdout:/usr/bin/ceph: stderr
2024-09-17T11:37:21.696+0000 7ff2bad9d640 1 -- 172.21.15.49:0/1818851794 --> [v2:172.21.15.49:3300/0,v1:172.21.15.49:6789/0] -- mon_subscribe({config=0+,monmap=0+}) -- 0x7ff2bc07b880 con 0x7ff2bc07cce0
2024-09-17T11:37:22.569 INFO:teuthology.orchestra.run.smithi049.stdout:/usr/bin/ceph: stderr
2024-09-17T11:37:21.697+0000 7ff2bad9d640 1 --2- 172.21.15.49:0/1818851794 >> [v2:172.21.15.49:3300/0,v1:172.21.15.49:6789/0] conn(0x7ff2bc07cce0 0x7ff2bc07b340 secure :-1 s=READY pgs=49 cs=0 l=1 rev1=1 crypto rx=0x7ff2ac009e80 tx=0x7ff2ac02a7a0 comp rx=0 tx=0).ready entity=mon.0 client_cookie=201aa17d6856495c server_cookie=0 in_seq=0 out_seq=0
2024-09-17T11:37:22.569 INFO:teuthology.orchestra.run.smithi049.stdout:/usr/bin/ceph: stderr
2024-09-17T11:37:21.697+0000 7ff2b9d9b640 1 -- 172.21.15.49:0/1818851794 <== mon.0 v2:172.21.15.49:3300/0 1 ==== mon_map magic: 0 ==== 205+0+0 (secure 0 0 0) 0x7ff2ac036070 con 0x7ff2bc07cce0
2024-09-17T11:37:22.569 INFO:teuthology.orchestra.run.smithi049.stdout:/usr/bin/ceph: stderr
2024-09-17T11:37:21.697+0000 7ff2b9d9b640 1 -- 172.21.15.49:0/1818851794 <== mon.0 v2:172.21.15.49:3300/0 2 ==== config(25 keys) ==== 1023+0+0 (secure 0 0 0) 0x7ff2ac031860 con 0x7ff2bc07cce0
2024-09-17T11:37:22.569 INFO:teuthology.orchestra.run.smithi049.stdout:/usr/bin/ceph: stderr
2024-09-17T11:37:21.697+0000 7ff2b9d9b640 1 -- 172.21.15.49:0/1818851794 <== mon.0 v2:172.21.15.49:3300/0 3 ==== mon_map magic: 0 ==== 205+0+0 (secure 0 0 0) 0x7ff2ac007880 con 0x7ff2bc07cce0
2024-09-17T11:37:22.569 INFO:teuthology.orchestra.run.smithi049.stdout:/usr/bin/ceph: stderr
2024-09-17T11:37:21.697+0000 7ff2c1012640 1 -- 172.21.15.49:0/1818851794 >> [v2:172.21.15.49:3300/0,v1:172.21.15.49:6789/0] conn(0x7ff2bc07cce0 msgr2=0x7ff2bc07b340 secure :-1 s=STATE_CONNECTION_ESTABLISHED l=1).mark_down
2024-09-17T11:37:22.569 INFO:teuthology.orchestra.run.smithi049.stdout:/usr/bin/ceph: stderr
2024-09-17T11:37:21.697+0000 7ff2c1012640 1 --2- 172.21.15.49:0/1818851794 >> [v2:172.21.15.49:3300/0,v1:172.21.15.49:6789/0] conn(0x7ff2bc07cce0 0x7ff2bc07b340 secure :-1 s=READY pgs=49 cs=0 l=1 rev1=1 crypto rx=0x7ff2ac009e80 tx=0x7ff2ac02a7a0 comp rx=0 tx=0).stop
2024-09-17T11:37:22.569 INFO:teuthology.orchestra.run.smithi049.stdout:/usr/bin/ceph: stderr
2024-09-17T11:37:21.697+0000 7ff2c1012640 1 -- 172.21.15.49:0/1818851794 shutdown_connections
2024-09-17T11:37:22.569 INFO:teuthology.orchestra.run.smithi049.stdout:/usr/bin/ceph: stderr
2024-09-17T11:37:21.697+0000 7ff2c1012640 1 --2- 172.21.15.49:0/1818851794 >> [v2:172.21.15.49:3300/0,v1:172.21.15.49:6789/0] conn(0x7ff2bc07cce0 0x7ff2bc07b340 unknown :-1 s=CLOSED pgs=49 cs=0 l=1 rev1=1 crypto rx=0 tx=0 comp rx=0 tx=0).stop
2024-09-17T11:37:22.570 INFO:teuthology.orchestra.run.smithi049.stdout:/usr/bin/ceph: stderr
2024-09-17T11:37:21.697+0000 7ff2c1012640 1 -- 172.21.15.49:0/1818851794 >> 172.21.15.49:0/1818851794 conn(0x7ff2bc102250 msgr2=0x7ff2bc104670 unknown :-1 s=STATE_NONE l=0).mark_down
2024-09-17T11:37:22.570 INFO:teuthology.orchestra.run.smithi049.stdout:/usr/bin/ceph: stderr
2024-09-17T11:37:21.697+0000 7ff2c1012640 1 -- 172.21.15.49:0/1818851794 shutdown_connections
2024-09-17T11:37:22.570 INFO:teuthology.orchestra.run.smithi049.stdout:/usr/bin/ceph: stderr
2024-09-17T11:37:21.697+0000 7ff2c1012640 1 -- 172.21.15.49:0/1818851794 wait complete.
2024-09-17T11:37:22.570 INFO:teuthology.orchestra.run.smithi049.stdout:/usr/bin/ceph: stderr
2024-09-17T11:37:21.698+0000 7ff2c1012640 1 Processor -- start
2024-09-17T11:37:22.570 INFO:teuthology.orchestra.run.smithi049.stdout:/usr/bin/ceph: stderr
2024-09-17T11:37:21.698+0000 7ff2c1012640 1 -- start start
2024-09-17T11:37:22.570 INFO:teuthology.orchestra.run.smithi049.stdout:/usr/bin/ceph: stderr
2024-09-17T11:37:21.698+0000 7ff2c1012640 1 --2- >> [v2:172.21.15.49:3300/0,v1:172.21.15.49:6789/0] conn(0x7ff2bc07cce0 0x7ff2bc19caa0 unknown :-1 s=NONE pgs=0 cs=0 l=1 rev1=0 crypto rx=0 tx=0 comp rx=0 tx=0).connect
2024-09-17T11:37:22.570 INFO:teuthology.orchestra.run.smithi049.stdout:/usr/bin/ceph: stderr
2024-09-17T11:37:21.698+0000 7ff2c1012640 1 -- --> [v2:172.21.15.49:3300/0,v1:172.21.15.49:6789/0] -- mon_getmap magic: 0 -- 0x7ff2bc10ceb0 con 0x7ff2bc07cce0
2024-09-17T11:37:22.570 INFO:teuthology.orchestra.run.smithi049.stdout:/usr/bin/ceph: stderr
2024-09-17T11:37:21.699+0000 7ff2bad9d640 1 --2- >> [v2:172.21.15.49:3300/0,v1:172.21.15.49:6789/0] conn(0x7ff2bc07cce0 0x7ff2bc19caa0 unknown :-1 s=BANNER_CONNECTING pgs=0 cs=0 l=1 rev1=0 crypto rx=0 tx=0 comp rx=0 tx=0)._handle_peer_banner_payload supported=3 required=0
2024-09-17T11:37:22.570 INFO:teuthology.orchestra.run.smithi049.stdout:/usr/bin/ceph: stderr
