2024-09-17T08:42:00.192 INFO:teuthology.orchestra.run.smithi078.stdout:/usr/bin/ceph: stderr
2024-09-17T08:41:59.609+0000 7febabf64640 1 --2- 172.21.15.78:0/1378823549 >> [v2:172.21.15.78:6800/2109055855,v1:172.21.15.78:6801/2109055855] conn(0x7feb90038670 0x7feb9003ab30 secure :-1 s=READY pgs=7 cs=0 l=1 rev1=1 crypto rx=0x7feb940098c0 tx=0x7feb94006db0 comp rx=0 tx=0).stop
2024-09-17T08:42:00.192 INFO:teuthology.orchestra.run.smithi078.stdout:/usr/bin/ceph: stderr
2024-09-17T08:41:59.609+0000 7febabf64640 1 -- 172.21.15.78:0/1378823549 >> [v2:172.21.15.78:3300/0,v1:172.21.15.78:6789/0] conn(0x7feba4105b80 msgr2=0x7feba4199780 secure :-1 s=STATE_CONNECTION_ESTABLISHED l=1).mark_down
2024-09-17T08:42:00.192 INFO:teuthology.orchestra.run.smithi078.stdout:/usr/bin/ceph: stderr
2024-09-17T08:41:59.609+0000 7febabf64640 1 --2- 172.21.15.78:0/1378823549 >> [v2:172.21.15.78:3300/0,v1:172.21.15.78:6789/0] conn(0x7feba4105b80 0x7feba4199780 secure :-1 s=READY pgs=36 cs=0 l=1 rev1=1 crypto rx=0x7feba002a790 tx=0x7feba0032d50 comp rx=0 tx=0).stop
2024-09-17T08:42:00.192 INFO:teuthology.orchestra.run.smithi078.stdout:/usr/bin/ceph: stderr
2024-09-17T08:41:59.609+0000 7febabf64640 1 -- 172.21.15.78:0/1378823549 shutdown_connections
2024-09-17T08:42:00.192 INFO:teuthology.orchestra.run.smithi078.stdout:/usr/bin/ceph: stderr
2024-09-17T08:41:59.609+0000 7febabf64640 1 --2- 172.21.15.78:0/1378823549 >> [v2:172.21.15.78:6800/2109055855,v1:172.21.15.78:6801/2109055855] conn(0x7feb90038670 0x7feb9003ab30 unknown :-1 s=CLOSED pgs=7 cs=0 l=1 rev1=1 crypto rx=0 tx=0 comp rx=0 tx=0).stop
2024-09-17T08:42:00.193 INFO:teuthology.orchestra.run.smithi078.stdout:/usr/bin/ceph: stderr
2024-09-17T08:41:59.609+0000 7febabf64640 1 --2- 172.21.15.78:0/1378823549 >> [v2:172.21.15.78:3300/0,v1:172.21.15.78:6789/0] conn(0x7feba4105b80 0x7feba4199780 unknown :-1 s=CLOSED pgs=36 cs=0 l=1 rev1=1 crypto rx=0 tx=0 comp rx=0 tx=0).stop
2024-09-17T08:42:00.193 INFO:teuthology.orchestra.run.smithi078.stdout:/usr/bin/ceph: stderr
2024-09-17T08:41:59.609+0000 7febabf64640 1 -- 172.21.15.78:0/1378823549 >> 172.21.15.78:0/1378823549 conn(0x7feba40791a0 msgr2=0x7feba4103520 unknown :-1 s=STATE_NONE l=0).mark_down
2024-09-17T08:42:00.193 INFO:teuthology.orchestra.run.smithi078.stdout:/usr/bin/ceph: stderr
2024-09-17T08:41:59.609+0000 7febabf64640 1 -- 172.21.15.78:0/1378823549 shutdown_connections
2024-09-17T08:42:00.193 INFO:teuthology.orchestra.run.smithi078.stdout:/usr/bin/ceph: stderr
2024-09-17T08:41:59.609+0000 7febabf64640 1 -- 172.21.15.78:0/1378823549 wait complete.
2024-09-17T08:42:00.855 INFO:journalctl@ceph.mon.a.smithi078.stdout:Sep 17 08:42:00 smithi078 bash[22670]: audit
2024-09-17T08:41:59.597498+0000 mgr.y (mgr.14118) 9 : audit [DBG] from='client.14130 -' entity='client.admin' cmd=[{"prefix": "orch set backend", "module_name": "cephadm", "target": ["mon-mgr", ""]}]: dispatch
2024-09-17T08:42:00.855 INFO:journalctl@ceph.mon.a.smithi078.stdout:Sep 17 08:42:00 smithi078 bash[22670]: audit
2024-09-17T08:41:59.605735+0000 mon.a (mon.0) 51 : audit [INF] from='mgr.14118 172.21.15.78:0/132909293' entity='mgr.y'
2024-09-17T08:42:00.855 INFO:journalctl@ceph.mon.a.smithi078.stdout:Sep 17 08:42:00 smithi078 bash[22670]: audit
2024-09-17T08:41:59.619138+0000 mon.a (mon.0) 52 : audit [DBG] from='mgr.14118 172.21.15.78:0/132909293' entity='mgr.y' cmd=[{"prefix": "config dump", "format": "json"}]: dispatch
2024-09-17T08:42:02.105 INFO:journalctl@ceph.mon.a.smithi078.stdout:Sep 17 08:42:01 smithi078 bash[22670]: audit
2024-09-17T08:42:01.531951+0000 mgr.y (mgr.14118) 10 : audit [DBG] from='client.14132 -' entity='client.admin' cmd=[{"prefix": "cephadm set-user", "user": "root", "target": ["mon-mgr", ""]}]: dispatch
2024-09-17T08:42:02.141 INFO:teuthology.orchestra.run.smithi078.stdout:/usr/bin/ceph: stdout value unchanged
2024-09-17T08:42:02.141 INFO:teuthology.orchestra.run.smithi078.stdout:/usr/bin/ceph: stderr
2024-09-17T08:42:01.202+0000 7fad767e8640 1 Processor -- start
2024-09-17T08:42:02.142 INFO:teuthology.orchestra.run.smithi078.stdout:/usr/bin/ceph: stderr
2024-09-17T08:42:01.202+0000 7fad767e8640 1 -- start start
2024-09-17T08:42:02.142 INFO:teuthology.orchestra.run.smithi078.stdout:/usr/bin/ceph: stderr
2024-09-17T08:42:01.206+0000 7fad767e8640 1 --2- >> [v2:172.21.15.78:3300/0,v1:172.21.15.78:6789/0] conn(0x7fad70102280 0x7fad70102680 unknown :-1 s=NONE pgs=0 cs=0 l=0 rev1=0 crypto rx=0 tx=0 comp rx=0 tx=0).connect
2024-09-17T08:42:02.142 INFO:teuthology.orchestra.run.smithi078.stdout:/usr/bin/ceph: stderr
2024-09-17T08:42:01.206+0000 7fad767e8640 1 -- --> [v2:172.21.15.78:3300/0,v1:172.21.15.78:6789/0] -- mon_getmap magic: 0 v1 -- 0x7fad700776e0 con 0x7fad70102280
2024-09-17T08:42:02.142 INFO:teuthology.orchestra.run.smithi078.stdout:/usr/bin/ceph: stderr
2024-09-17T08:42:01.206+0000 7fad6ffff640 1 --2- >> [v2:172.21.15.78:3300/0,v1:172.21.15.78:6789/0] conn(0x7fad70102280 0x7fad70102680 unknown :-1 s=BANNER_CONNECTING pgs=0 cs=0 l=0 rev1=0 crypto rx=0 tx=0 comp rx=0 tx=0)._handle_peer_banner_payload supported=3 required=0
2024-09-17T08:42:02.142 INFO:teuthology.orchestra.run.smithi078.stdout:/usr/bin/ceph: stderr
2024-09-17T08:42:01.206+0000 7fad6ffff640 1 --2- >> [v2:172.21.15.78:3300/0,v1:172.21.15.78:6789/0] conn(0x7fad70102280 0x7fad70102680 unknown :-1 s=HELLO_CONNECTING pgs=0 cs=0 l=0 rev1=1 crypto rx=0 tx=0 comp rx=0 tx=0).handle_hello peer v2:172.21.15.78:3300/0 says I am v2:172.21.15.78:43464/0 (socket says 172.21.15.78:43464)
2024-09-17T08:42:02.142 INFO:teuthology.orchestra.run.smithi078.stdout:/usr/bin/ceph: stderr
2024-09-17T08:42:01.206+0000 7fad6ffff640 1 -- 172.21.15.78:0/2790347290 learned_addr learned my addr 172.21.15.78:0/2790347290 (peer_addr_for_me v2:172.21.15.78:0/0)
2024-09-17T08:42:02.142 INFO:teuthology.orchestra.run.smithi078.stdout:/usr/bin/ceph: stderr
2024-09-17T08:42:01.206+0000 7fad6ffff640 1 -- 172.21.15.78:0/2790347290 --> [v2:172.21.15.78:3300/0,v1:172.21.15.78:6789/0] -- mon_subscribe({config=0+,monmap=0+}) v3 -- 0x7fad70102bc0 con 0x7fad70102280
2024-09-17T08:42:02.142 INFO:teuthology.orchestra.run.smithi078.stdout:/usr/bin/ceph: stderr
2024-09-17T08:42:01.206+0000 7fad6ffff640 1 --2- 172.21.15.78:0/2790347290 >> [v2:172.21.15.78:3300/0,v1:172.21.15.78:6789/0] conn(0x7fad70102280 0x7fad70102680 secure :-1 s=READY pgs=37 cs=0 l=1 rev1=1 crypto rx=0x7fad60009820 tx=0x7fad6002a270 comp rx=0 tx=0).ready entity=mon.0 client_cookie=5062367efe4816c3 server_cookie=0 in_seq=0 out_seq=0
2024-09-17T08:42:02.142 INFO:teuthology.orchestra.run.smithi078.stdout:/usr/bin/ceph: stderr
2024-09-17T08:42:01.206+0000 7fad6effd640 1 -- 172.21.15.78:0/2790347290 <== mon.0 v2:172.21.15.78:3300/0 1 ==== mon_map magic: 0 v1 ==== 205+0+0 (secure 0 0 0) 0x7fad6002ae70 con 0x7fad70102280
2024-09-17T08:42:02.142 INFO:teuthology.orchestra.run.smithi078.stdout:/usr/bin/ceph: stderr
2024-09-17T08:42:01.206+0000 7fad6effd640 1 -- 172.21.15.78:0/2790347290 <== mon.0 v2:172.21.15.78:3300/0 2 ==== config(23 keys) v1 ==== 976+0+0 (secure 0 0 0) 0x7fad60032870 con 0x7fad70102280
2024-09-17T08:42:02.142 INFO:teuthology.orchestra.run.smithi078.stdout:/usr/bin/ceph: stderr
2024-09-17T08:42:01.206+0000 7fad6effd640 1 -- 172.21.15.78:0/2790347290 <== mon.0 v2:172.21.15.78:3300/0 3 ==== mon_map magic: 0 v1 ==== 205+0+0 (secure 0 0 0) 0x7fad60030690 con 0x7fad70102280
2024-09-17T08:42:02.142 INFO:teuthology.orchestra.run.smithi078.stdout:/usr/bin/ceph: stderr
2024-09-17T08:42:01.206+0000 7fad767e8640 1 -- 172.21.15.78:0/2790347290 >> [v2:172.21.15.78:3300/0,v1:172.21.15.78:6789/0] conn(0x7fad70102280 msgr2=0x7fad70102680 secure :-1 s=STATE_CONNECTION_ESTABLISHED l=1).mark_down
2024-09-17T08:42:02.142 INFO:teuthology.orchestra.run.smithi078.stdout:/usr/bin/ceph: stderr
2024-09-17T08:42:01.206+0000 7fad767e8640 1 --2- 172.21.15.78:0/2790347290 >> [v2:172.21.15.78:3300/0,v1:172.21.15.78:6789/0] conn(0x7fad70102280 0x7fad70102680 secure :-1 s=READY pgs=37 cs=0 l=1 rev1=1 crypto rx=0x7fad60009820 tx=0x7fad6002a270 comp rx=0 tx=0).stop
2024-09-17T08:42:02.143 INFO:teuthology.orchestra.run.smithi078.stdout:/usr/bin/ceph: stderr
2024-09-17T08:42:01.206+0000 7fad767e8640 1 -- 172.21.15.78:0/2790347290 shutdown_connections
2024-09-17T08:42:02.143 INFO:teuthology.orchestra.run.smithi078.stdout:/usr/bin/ceph: stderr
2024-09-17T08:42:01.206+0000 7fad767e8640 1 --2- 172.21.15.78:0/2790347290 >> [v2:172.21.15.78:3300/0,v1:172.21.15.78:6789/0] conn(0x7fad70102280 0x7fad70102680 unknown :-1 s=CLOSED pgs=37 cs=0 l=1 rev1=1 crypto rx=0 tx=0 comp rx=0 tx=0).stop
2024-09-17T08:42:02.143 INFO:teuthology.orchestra.run.smithi078.stdout:/usr/bin/ceph: stderr
2024-09-17T08:42:01.206+0000 7fad767e8640 1 -- 172.21.15.78:0/2790347290 >> 172.21.15.78:0/2790347290 conn(0x7fad700fe0b0 msgr2=0x7fad701004d0 unknown :-1 s=STATE_NONE l=0).mark_down
2024-09-17T08:42:02.143 INFO:teuthology.orchestra.run.smithi078.stdout:/usr/bin/ceph: stderr
2024-09-17T08:42:01.206+0000 7fad767e8640 1 -- 172.21.15.78:0/2790347290 shutdown_connections
2024-09-17T08:42:02.143 INFO:teuthology.orchestra.run.smithi078.stdout:/usr/bin/ceph: stderr
2024-09-17T08:42:01.206+0000 7fad767e8640 1 -- 172.21.15.78:0/2790347290 wait complete.
2024-09-17T08:42:02.143 INFO:teuthology.orchestra.run.smithi078.stdout:/usr/bin/ceph: stderr
2024-09-17T08:42:01.206+0000 7fad767e8640 1 Processor -- start
2024-09-17T08:42:02.143 INFO:teuthology.orchestra.run.smithi078.stdout:/usr/bin/ceph: stderr
2024-09-17T08:42:01.206+0000 7fad767e8640 1 -- start start
2024-09-17T08:42:02.143 INFO:teuthology.orchestra.run.smithi078.stdout:/usr/bin/ceph: stderr
2024-09-17T08:42:01.206+0000 7fad767e8640 1 --2- >> [v2:172.21.15.78:3300/0,v1:172.21.15.78:6789/0] conn(0x7fad70102280 0x7fad70199740 unknown :-1 s=NONE pgs=0 cs=0 l=1 rev1=0 crypto rx=0 tx=0 comp rx=0 tx=0).connect
2024-09-17T08:42:02.143 INFO:teuthology.orchestra.run.smithi078.stdout:/usr/bin/ceph: stderr
2024-09-17T08:42:01.206+0000 7fad767e8640 1 -- --> [v2:172.21.15.78:3300/0,v1:172.21.15.78:6789/0] -- mon_getmap magic: 0 v1 -- 0x7fad70199c80 con 0x7fad70102280
2024-09-17T08:42:02.143 INFO:teuthology.orchestra.run.smithi078.stdout:/usr/bin/ceph: stderr
2024-09-17T08:42:01.206+0000 7fad6ffff640 1 --2- >> [v2:172.21.15.78:3300/0,v1:172.21.15.78:6789/0] conn(0x7fad70102280 0x7fad70199740 unknown :-1 s=BANNER_CONNECTING pgs=0 cs=0 l=1 rev1=0 crypto rx=0 tx=0 comp rx=0 tx=0)._handle_peer_banner_payload supported=3 required=0
2024-09-17T08:42:02.143 INFO:teuthology.orchestra.run.smithi078.stdout:/usr/bin/ceph: stderr
2024-09-17T08:42:01.206+0000 7fad6ffff640 1 --2- >> [v2:172.21.15.78:3300/0,v1:172.21.15.78:6789/0] conn(0x7fad70102280 0x7fad70199740 unknown :-1 s=HELLO_CONNECTING pgs=0 cs=0 l=1 rev1=1 crypto rx=0 tx=0 comp rx=0 tx=0).handle_hello peer v2:172.21.15.78:3300/0 says I am v2:172.21.15.78:43470/0 (socket says 172.21.15.78:43470)
2024-09-17T08:42:02.143 INFO:teuthology.orchestra.run.smithi078.stdout:/usr/bin/ceph: stderr
2024-09-17T08:42:01.206+0000 7fad6ffff640 1 -- 172.21.15.78:0/1637258691 learned_addr learned my addr 172.21.15.78:0/1637258691 (peer_addr_for_me v2:172.21.15.78:0/0)
2024-09-17T08:42:02.143 INFO:teuthology.orchestra.run.smithi078.stdout:/usr/bin/ceph: stderr
2024-09-17T08:42:01.210+0000 7fad6ffff640 1 -- 172.21.15.78:0/1637258691 --> [v2:172.21.15.78:3300/0,v1:172.21.15.78:6789/0] -- mon_subscribe({config=0+,monmap=0+}) v3 -- 0x7fad600094d0 con 0x7fad70102280
2024-09-17T08:42:02.143 INFO:teuthology.orchestra.run.smithi078.stdout:/usr/bin/ceph: stderr
2024-09-17T08:42:01.210+0000 7fad6ffff640 1 --2- 172.21.15.78:0/1637258691 >> [v2:172.21.15.78:3300/0,v1:172.21.15.78:6789/0] conn(0x7fad70102280 0x7fad70199740 secure :-1 s=READY pgs=38 cs=0 l=1 rev1=1 crypto rx=0x7fad600097f0 tx=0x7fad60032c10 comp rx=0 tx=0).ready entity=mon.0 client_cookie=0 server_cookie=0 in_seq=0 out_seq=0
2024-09-17T08:42:02.144 INFO:teuthology.orchestra.run.smithi078.stdout:/usr/bin/ceph: stderr
2024-09-17T08:42:01.210+0000 7fad6d7fa640 1 -- 172.21.15.78:0/1637258691 <== mon.0 v2:172.21.15.78:3300/0 1 ==== mon_map magic: 0 v1 ==== 205+0+0 (secure 0 0 0) 0x7fad60030ce0 con 0x7fad70102280
2024-09-17T08:42:02.144 INFO:teuthology.orchestra.run.smithi078.stdout:/usr/bin/ceph: stderr
2024-09-17T08:42:01.210+0000 7fad6d7fa640 1 -- 172.21.15.78:0/1637258691 <== mon.0 v2:172.21.15.78:3300/0 2 ==== config(23 keys) v1 ==== 976+0+0 (secure 0 0 0) 0x7fad60030e40 con 0x7fad70102280
2024-09-17T08:42:02.144 INFO:teuthology.orchestra.run.smithi078.stdout:/usr/bin/ceph: stderr
2024-09-17T08:42:01.210+0000 7fad6d7fa640 1 -- 172.21.15.78:0/1637258691 <== mon.0 v2:172.21.15.78:3300/0 3 ==== mon_map magic: 0 v1 ==== 205+0+0 (secure 0 0 0) 0x7fad6003a520 con 0x7fad70102280
2024-09-17T08:42:02.144 INFO:teuthology.orchestra.run.smithi078.stdout:/usr/bin/ceph: stderr
2024-09-17T08:42:01.210+0000 7fad767e8640 1 -- 172.21.15.78:0/1637258691 --> [v2:172.21.15.78:3300/0,v1:172.21.15.78:6789/0] -- mon_subscribe({mgrmap=0+}) v3 -- 0x7fad70199e80 con 0x7fad70102280
2024-09-17T08:42:02.144 INFO:teuthology.orchestra.run.smithi078.stdout:/usr/bin/ceph: stderr
2024-09-17T08:42:01.210+0000 7fad767e8640 1 -- 172.21.15.78:0/1637258691 --> [v2:172.21.15.78:3300/0,v1:172.21.15.78:6789/0] -- mon_subscribe({osdmap=0}) v3 -- 0x7fad7019a320 con 0x7fad70102280
2024-09-17T08:42:02.144 INFO:teuthology.orchestra.run.smithi078.stdout:/usr/bin/ceph: stderr
2024-09-17T08:42:01.210+0000 7fad6d7fa640 1 -- 172.21.15.78:0/1637258691 <== mon.0 v2:172.21.15.78:3300/0 4 ==== mgrmap(e 8) v1 ==== 45541+0+0 (secure 0 0 0) 0x7fad60039040 con 0x7fad70102280
2024-09-17T08:42:02.144 INFO:teuthology.orchestra.run.smithi078.stdout:/usr/bin/ceph: stderr
2024-09-17T08:42:01.210+0000 7fad6d7fa640 1 --2- 172.21.15.78:0/1637258691 >> [v2:172.21.15.78:6800/2109055855,v1:172.21.15.78:6801/2109055855] conn(0x7fad58038670 0x7fad5803ab30 unknown :-1 s=NONE pgs=0 cs=0 l=1 rev1=0 crypto rx=0 tx=0 comp rx=0 tx=0).connect
2024-09-17T08:42:02.144 INFO:teuthology.orchestra.run.smithi078.stdout:/usr/bin/ceph: stderr
2024-09-17T08:42:01.210+0000 7fad767e8640 1 -- 172.21.15.78:0/1637258691 --> [v2:172.21.15.78:3300/0,v1:172.21.15.78:6789/0] -- mon_command({"prefix": "get_command_descriptions"} v 0) v1 -- 0x7fad70193470 con 0x7fad70102280
2024-09-17T08:42:02.144 INFO:teuthology.orchestra.run.smithi078.stdout:/usr/bin/ceph: stderr
2024-09-17T08:42:01.210+0000 7fad6f7fe640 1 --2- 172.21.15.78:0/1637258691 >> [v2:172.21.15.78:6800/2109055855,v1:172.21.15.78:6801/2109055855] conn(0x7fad58038670 0x7fad5803ab30 unknown :-1 s=BANNER_CONNECTING pgs=0 cs=0 l=1 rev1=0 crypto rx=0 tx=0 comp rx=0 tx=0)._handle_peer_banner_payload supported=3 required=0
2024-09-17T08:42:02.144 INFO:teuthology.orchestra.run.smithi078.stdout:/usr/bin/ceph: stderr
2024-09-17T08:42:01.210+0000 7fad6d7fa640 1 -- 172.21.15.78:0/1637258691 <== mon.0 v2:172.21.15.78:3300/0 5 ==== osd_map(2..2 src has 1..2) v4 ==== 940+0+0 (secure 0 0 0) 0x7fad6006ba80 con 0x7fad70102280
2024-09-17T08:42:02.144 INFO:teuthology.orchestra.run.smithi078.stdout:/usr/bin/ceph: stderr
2024-09-17T08:42:01.210+0000 7fad6f7fe640 1 --2- 172.21.15.78:0/1637258691 >> [v2:172.21.15.78:6800/2109055855,v1:172.21.15.78:6801/2109055855] conn(0x7fad58038670 0x7fad5803ab30 secure :-1 s=READY pgs=8 cs=0 l=1 rev1=1 crypto rx=0x7fad640098c0 tx=0x7fad64006db0 comp rx=0 tx=0).ready entity=mgr.14118 client_cookie=0 server_cookie=0 in_seq=0 out_seq=0
2024-09-17T08:42:02.144 INFO:teuthology.orchestra.run.smithi078.stdout:/usr/bin/ceph: stderr
2024-09-17T08:42:01.214+0000 7fad6d7fa640 1 -- 172.21.15.78:0/1637258691 <== mon.0 v2:172.21.15.78:3300/0 6 ==== mon_command_ack([{"prefix": "get_command_descriptions"}]=0 v0) v1 ==== 72+0+183819 (secure 0 0 0) 0x7fad6003f020 con 0x7fad70102280
2024-09-17T08:42:02.144 INFO:teuthology.orchestra.run.smithi078.stdout:/usr/bin/ceph: stderr
2024-09-17T08:42:01.530+0000 7fad767e8640 1 -- 172.21.15.78:0/1637258691 --> [v2:172.21.15.78:6800/2109055855,v1:172.21.15.78:6801/2109055855] -- mgr_command(tid 0: {"prefix": "cephadm set-user", "user": "root", "target": ["mon-mgr", ""]}) v1 -- 0x7fad7002c450 con 0x7fad58038670
2024-09-17T08:42:02.145 INFO:teuthology.orchestra.run.smithi078.stdout:/usr/bin/ceph: stderr
2024-09-17T08:42:01.530+0000 7fad6d7fa640 1 -- 172.21.15.78:0/1637258691 <== mgr.14118 v2:172.21.15.78:6800/2109055855 1 ==== mgr_command_reply(tid 0: 0 ) v1 ==== 8+0+16 (secure 0 0 0) 0x7fad7002c450 con 0x7fad58038670
2024-09-17T08:42:02.145 INFO:teuthology.orchestra.run.smithi078.stdout:/usr/bin/ceph: stderr
2024-09-17T08:42:01.534+0000 7fad767e8640 1 -- 172.21.15.78:0/1637258691 >> [v2:172.21.15.78:6800/2109055855,v1:172.21.15.78:6801/2109055855] conn(0x7fad58038670 msgr2=0x7fad5803ab30 secure :-1 s=STATE_CONNECTION_ESTABLISHED l=1).mark_down
2024-09-17T08:42:02.145 INFO:teuthology.orchestra.run.smithi078.stdout:/usr/bin/ceph: stderr
2024-09-17T08:42:01.534+0000 7fad767e8640 1 --2- 172.21.15.78:0/1637258691 >> [v2:172.21.15.78:6800/2109055855,v1:172.21.15.78:6801/2109055855] conn(0x7fad58038670 0x7fad5803ab30 secure :-1 s=READY pgs=8 cs=0 l=1 rev1=1 crypto rx=0x7fad640098c0 tx=0x7fad64006db0 comp rx=0 tx=0).stop
2024-09-17T08:42:02.145 INFO:teuthology.orchestra.run.smithi078.stdout:/usr/bin/ceph: stderr
2024-09-17T08:42:01.534+0000 7fad767e8640 1 -- 172.21.15.78:0/1637258691 >> [v2:172.21.15.78:3300/0,v1:172.21.15.78:6789/0] conn(0x7fad70102280 msgr2=0x7fad70199740 secure :-1 s=STATE_CONNECTION_ESTABLISHED l=1).mark_down
2024-09-17T08:42:02.145 INFO:teuthology.orchestra.run.smithi078.stdout:/usr/bin/ceph: stderr
2024-09-17T08:42:01.534+0000 7fad767e8640 1 --2- 172.21.15.78:0/1637258691 >> [v2:172.21.15.78:3300/0,v1:172.21.15.78:6789/0] conn(0x7fad70102280 0x7fad70199740 secure :-1 s=READY pgs=38 cs=0 l=1 rev1=1 crypto rx=0x7fad600097f0 tx=0x7fad60032c10 comp rx=0 tx=0).stop
2024-09-17T08:42:02.145 INFO:teuthology.orchestra.run.smithi078.stdout:/usr/bin/ceph: stderr
2024-09-17T08:42:01.534+0000 7fad767e8640 1 -- 172.21.15.78:0/1637258691 shutdown_connections
2024-09-17T08:42:02.145 INFO:teuthology.orchestra.run.smithi078.stdout:/usr/bin/ceph: stderr
2024-09-17T08:42:01.534+0000 7fad767e8640 1 --2- 172.21.15.78:0/1637258691 >> [v2:172.21.15.78:6800/2109055855,v1:172.21.15.78:6801/2109055855] conn(0x7fad58038670 0x7fad5803ab30 unknown :-1 s=CLOSED pgs=8 cs=0 l=1 rev1=1 crypto rx=0 tx=0 comp rx=0 tx=0).stop
2024-09-17T08:42:02.145 INFO:teuthology.orchestra.run.smithi078.stdout:/usr/bin/ceph: stderr
2024-09-17T08:42:01.534+0000 7fad767e8640 1 --2- 172.21.15.78:0/1637258691 >> [v2:172.21.15.78:3300/0,v1:172.21.15.78:6789/0] conn(0x7fad70102280 0x7fad70199740 unknown :-1 s=CLOSED pgs=38 cs=0 l=1 rev1=1 crypto rx=0 tx=0 comp rx=0 tx=0).stop
2024-09-17T08:42:02.145 INFO:teuthology.orchestra.run.smithi078.stdout:/usr/bin/ceph: stderr
2024-09-17T08:42:01.534+0000 7fad767e8640 1 -- 172.21.15.78:0/1637258691 >> 172.21.15.78:0/1637258691 conn(0x7fad700fe0b0 msgr2=0x7fad70190640 unknown :-1 s=STATE_NONE l=0).mark_down
2024-09-17T08:42:02.145 INFO:teuthology.orchestra.run.smithi078.stdout:/usr/bin/ceph: stderr
2024-09-17T08:42:01.534+0000 7fad767e8640 1 -- 172.21.15.78:0/1637258691 shutdown_connections
2024-09-17T08:42:02.145 INFO:teuthology.orchestra.run.smithi078.stdout:/usr/bin/ceph: stderr
2024-09-17T08:42:01.534+0000 7fad767e8640 1 -- 172.21.15.78:0/1637258691 wait complete.
2024-09-17T08:42:02.145 INFO:teuthology.orchestra.run.smithi078.stdout:Generating ssh key...
2024-09-17T08:42:04.105 INFO:journalctl@ceph.mgr.y.smithi078.stdout:Sep 17 08:42:03 smithi078 bash[22923]: Generating public/private rsa key pair.
2024-09-17T08:42:04.106 INFO:journalctl@ceph.mgr.y.smithi078.stdout:Sep 17 08:42:03 smithi078 bash[22923]: Your identification has been saved in /tmp/tmp3truo15b/key
2024-09-17T08:42:04.106 INFO:journalctl@ceph.mgr.y.smithi078.stdout:Sep 17 08:42:03 smithi078 bash[22923]: Your public key has been saved in /tmp/tmp3truo15b/key.pub
2024-09-17T08:42:04.106 INFO:journalctl@ceph.mgr.y.smithi078.stdout:Sep 17 08:42:03 smithi078 bash[22923]: The key fingerprint is:
2024-09-17T08:42:04.106 INFO:journalctl@ceph.mgr.y.smithi078.stdout:Sep 17 08:42:03 smithi078 bash[22923]: SHA256:ZcOJQyhZavZbPzZ4jQ1EP1cOjb777jkbBaMQQwJZ0yk ceph-7121dba6-74d0-11ef-bceb-c7b262605968
2024-09-17T08:42:04.106 INFO:journalctl@ceph.mgr.y.smithi078.stdout:Sep 17 08:42:03 smithi078 bash[22923]: The key's randomart image is:
2024-09-17T08:42:04.106 INFO:journalctl@ceph.mgr.y.smithi078.stdout:Sep 17 08:42:03 smithi078 bash[22923]: +---[RSA 3072]----+
2024-09-17T08:42:04.106 INFO:journalctl@ceph.mgr.y.smithi078.stdout:Sep 17 08:42:03 smithi078 bash[22923]: | oo==o=. .o.|
2024-09-17T08:42:04.106 INFO:journalctl@ceph.mgr.y.smithi078.stdout:Sep 17 08:42:03 smithi078 bash[22923]: | o.o.E*o= .+.|
2024-09-17T08:42:04.106 INFO:journalctl@ceph.mgr.y.smithi078.stdout:Sep 17 08:42:03 smithi078 bash[22923]: | +. o.O o.+ .|
2024-09-17T08:42:04.106 INFO:journalctl@ceph.mgr.y.smithi078.stdout:Sep 17 08:42:03 smithi078 bash[22923]: | o . = o +.o |
2024-09-17T08:42:04.106 INFO:journalctl@ceph.mgr.y.smithi078.stdout:Sep 17 08:42:03 smithi078 bash[22923]: | . S . . ..|
2024-09-17T08:42:04.106 INFO:journalctl@ceph.mgr.y.smithi078.stdout:Sep 17 08:42:03 smithi078 bash[22923]: | o o = . .|
2024-09-17T08:42:04.106 INFO:journalctl@ceph.mgr.y.smithi078.stdout:Sep 17 08:42:03 smithi078 bash[22923]: | . . B o o |
2024-09-17T08:42:04.106 INFO:journalctl@ceph.mgr.y.smithi078.stdout:Sep 17 08:42:03 smithi078 bash[22923]: | o o ..o|
2024-09-17T08:42:04.107 INFO:journalctl@ceph.mgr.y.smithi078.stdout:Sep 17 08:42:03 smithi078 bash[22923]: | **|
2024-09-17T08:42:04.107 INFO:journalctl@ceph.mgr.y.smithi078.stdout:Sep 17 08:42:03 smithi078 bash[22923]: +----[SHA256]-----+
2024-09-17T08:42:04.349 INFO:teuthology.orchestra.run.smithi078.stdout:/usr/bin/ceph: stderr
2024-09-17T08:42:03.274+0000 7f96e7b40640 1 Processor -- start
2024-09-17T08:42:04.349 INFO:teuthology.orchestra.run.smithi078.stdout:/usr/bin/ceph: stderr
2024-09-17T08:42:03.274+0000 7f96e7b40640 1 -- start start
2024-09-17T08:42:04.349 INFO:teuthology.orchestra.run.smithi078.stdout:/usr/bin/ceph: stderr
2024-09-17T08:42:03.274+0000 7f96e7b40640 1 --2- >> [v2:172.21.15.78:3300/0,v1:172.21.15.78:6789/0] conn(0x7f96e0102850 0x7f96e0102c50 unknown :-1 s=NONE pgs=0 cs=0 l=0 rev1=0 crypto rx=0 tx=0 comp rx=0 tx=0).connect
2024-09-17T08:42:04.349 INFO:teuthology.orchestra.run.smithi078.stdout:/usr/bin/ceph: stderr
2024-09-17T08:42:03.274+0000 7f96e7b40640 1 -- --> [v2:172.21.15.78:3300/0,v1:172.21.15.78:6789/0] -- mon_getmap magic: 0 v1 -- 0x7f96e0103220 con 0x7f96e0102850
2024-09-17T08:42:04.349 INFO:teuthology.orchestra.run.smithi078.stdout:/usr/bin/ceph: stderr
2024-09-17T08:42:03.274+0000 7f96e58dc640 1 --2- >> [v2:172.21.15.78:3300/0,v1:172.21.15.78:6789/0] conn(0x7f96e0102850 0x7f96e0102c50 unknown :-1 s=BANNER_CONNECTING pgs=0 cs=0 l=0 rev1=0 crypto rx=0 tx=0 comp rx=0 tx=0)._handle_peer_banner_payload supported=3 required=0
2024-09-17T08:42:04.349 INFO:teuthology.orchestra.run.smithi078.stdout:/usr/bin/ceph: stderr
2024-09-17T08:42:03.274+0000 7f96e58dc640 1 --2- >> [v2:172.21.15.78:3300/0,v1:172.21.15.78:6789/0] conn(0x7f96e0102850 0x7f96e0102c50 unknown :-1 s=HELLO_CONNECTING pgs=0 cs=0 l=0 rev1=1 crypto rx=0 tx=0 comp rx=0 tx=0).handle_hello peer v2:172.21.15.78:3300/0 says I am v2:172.21.15.78:55844/0 (socket says 172.21.15.78:55844)
2024-09-17T08:42:04.349 INFO:teuthology.orchestra.run.smithi078.stdout:/usr/bin/ceph: stderr
2024-09-17T08:42:03.274+0000 7f96e58dc640 1 -- 172.21.15.78:0/236824784 learned_addr learned my addr 172.21.15.78:0/236824784 (peer_addr_for_me v2:172.21.15.78:0/0)
2024-09-17T08:42:04.349 INFO:teuthology.orchestra.run.smithi078.stdout:/usr/bin/ceph: stderr
2024-09-17T08:42:03.274+0000 7f96e58dc640 1 -- 172.21.15.78:0/236824784 --> [v2:172.21.15.78:3300/0,v1:172.21.15.78:6789/0] -- mon_subscribe({config=0+,monmap=0+}) v3 -- 0x7f96e0103a50 con 0x7f96e0102850
2024-09-17T08:42:04.350 INFO:teuthology.orchestra.run.smithi078.stdout:/usr/bin/ceph: stderr
2024-09-17T08:42:03.274+0000 7f96e58dc640 1 --2- 172.21.15.78:0/236824784 >> [v2:172.21.15.78:3300/0,v1:172.21.15.78:6789/0] conn(0x7f96e0102850 0x7f96e0102c50 secure :-1 s=READY pgs=39 cs=0 l=1 rev1=1 crypto rx=0x7f96dc009820 tx=0x7f96dc02a270 comp rx=0 tx=0).ready entity=mon.0 client_cookie=a5f9f15660c17c4c server_cookie=0 in_seq=0 out_seq=0
2024-09-17T08:42:04.350 INFO:teuthology.orchestra.run.smithi078.stdout:/usr/bin/ceph: stderr
2024-09-17T08:42:03.274+0000 7f96e48da640 1 -- 172.21.15.78:0/236824784 <== mon.0 v2:172.21.15.78:3300/0 1 ==== mon_map magic: 0 v1 ==== 205+0+0 (secure 0 0 0) 0x7f96dc02ae70 con 0x7f96e0102850
2024-09-17T08:42:04.350 INFO:teuthology.orchestra.run.smithi078.stdout:/usr/bin/ceph: stderr
2024-09-17T08:42:03.274+0000 7f96e48da640 1 -- 172.21.15.78:0/236824784 <== mon.0 v2:172.21.15.78:3300/0 2 ==== config(23 keys) v1 ==== 976+0+0 (secure 0 0 0) 0x7f96dc032870 con 0x7f96e0102850
2024-09-17T08:42:04.350 INFO:teuthology.orchestra.run.smithi078.stdout:/usr/bin/ceph: stderr
2024-09-17T08:42:03.274+0000 7f96e48da640 1 -- 172.21.15.78:0/236824784 <== mon.0 v2:172.21.15.78:3300/0 3 ==== mon_map magic: 0 v1 ==== 205+0+0 (secure 0 0 0) 0x7f96dc030690 con 0x7f96e0102850
2024-09-17T08:42:04.350 INFO:teuthology.orchestra.run.smithi078.stdout:/usr/bin/ceph: stderr
2024-09-17T08:42:03.274+0000 7f96e7b40640 1 -- 172.21.15.78:0/236824784 >> [v2:172.21.15.78:3300/0,v1:172.21.15.78:6789/0] conn(0x7f96e0102850 msgr2=0x7f96e0102c50 secure :-1 s=STATE_CONNECTION_ESTABLISHED l=1).mark_down
2024-09-17T08:42:04.350 INFO:teuthology.orchestra.run.smithi078.stdout:/usr/bin/ceph: stderr
2024-09-17T08:42:03.274+0000 7f96e7b40640 1 --2- 172.21.15.78:0/236824784 >> [v2:172.21.15.78:3300/0,v1:172.21.15.78:6789/0] conn(0x7f96e0102850 0x7f96e0102c50 secure :-1 s=READY pgs=39 cs=0 l=1 rev1=1 crypto rx=0x7f96dc009820 tx=0x7f96dc02a270 comp rx=0 tx=0).stop
2024-09-17T08:42:04.350 INFO:teuthology.orchestra.run.smithi078.stdout:/usr/bin/ceph: stderr
2024-09-17T08:42:03.274+0000 7f96e7b40640 1 -- 172.21.15.78:0/236824784 shutdown_connections
2024-09-17T08:42:04.350 INFO:teuthology.orchestra.run.smithi078.stdout:/usr/bin/ceph: stderr
2024-09-17T08:42:03.274+0000 7f96e7b40640 1 --2- 172.21.15.78:0/236824784 >> [v2:172.21.15.78:3300/0,v1:172.21.15.78:6789/0] conn(0x7f96e0102850 0x7f96e0102c50 unknown :-1 s=CLOSED pgs=39 cs=0 l=1 rev1=1 crypto rx=0 tx=0 comp rx=0 tx=0).stop
2024-09-17T08:42:04.350 INFO:teuthology.orchestra.run.smithi078.stdout:/usr/bin/ceph: stderr
2024-09-17T08:42:03.274+0000 7f96e7b40640 1 -- 172.21.15.78:0/236824784 >> 172.21.15.78:0/236824784 conn(0x7f96e00fe040 msgr2=0x7f96e0100460 unknown :-1 s=STATE_NONE l=0).mark_down
2024-09-17T08:42:04.350 INFO:teuthology.orchestra.run.smithi078.stdout:/usr/bin/ceph: stderr
2024-09-17T08:42:03.274+0000 7f96e7b40640 1 -- 172.21.15.78:0/236824784 shutdown_connections
2024-09-17T08:42:04.350 INFO:teuthology.orchestra.run.smithi078.stdout:/usr/bin/ceph: stderr
2024-09-17T08:42:03.274+0000 7f96e7b40640 1 -- 172.21.15.78:0/236824784 wait complete.
2024-09-17T08:42:04.350 INFO:teuthology.orchestra.run.smithi078.stdout:/usr/bin/ceph: stderr
2024-09-17T08:42:03.274+0000 7f96e7b40640 1 Processor -- start
2024-09-17T08:42:04.350 INFO:teuthology.orchestra.run.smithi078.stdout:/usr/bin/ceph: stderr
2024-09-17T08:42:03.274+0000 7f96e7b40640 1 -- start start
2024-09-17T08:42:04.351 INFO:teuthology.orchestra.run.smithi078.stdout:/usr/bin/ceph: stderr
2024-09-17T08:42:03.274+0000 7f96e7b40640 1 --2- >> [v2:172.21.15.78:3300/0,v1:172.21.15.78:6789/0] conn(0x7f96e0102850 0x7f96e0199830 unknown :-1 s=NONE pgs=0 cs=0 l=1 rev1=0 crypto rx=0 tx=0 comp rx=0 tx=0).connect
2024-09-17T08:42:04.351 INFO:teuthology.orchestra.run.smithi078.stdout:/usr/bin/ceph: stderr
2024-09-17T08:42:03.274+0000 7f96e7b40640 1 -- --> [v2:172.21.15.78:3300/0,v1:172.21.15.78:6789/0] -- mon_getmap magic: 0 v1 -- 0x7f96e0199d70 con 0x7f96e0102850
2024-09-17T08:42:04.351 INFO:teuthology.orchestra.run.smithi078.stdout:/usr/bin/ceph: stderr
2024-09-17T08:42:03.274+0000 7f96e58dc640 1 --2- >> [v2:172.21.15.78:3300/0,v1:172.21.15.78:6789/0] conn(0x7f96e0102850 0x7f96e0199830 unknown :-1 s=BANNER_CONNECTING pgs=0 cs=0 l=1 rev1=0 crypto rx=0 tx=0 comp rx=0 tx=0)._handle_peer_banner_payload supported=3 required=0
2024-09-17T08:42:04.351 INFO:teuthology.orchestra.run.smithi078.stdout:/usr/bin/ceph: stderr
2024-09-17T08:42:03.274+0000 7f96e58dc640 1 --2- >> [v2:172.21.15.78:3300/0,v1:172.21.15.78:6789/0] conn(0x7f96e0102850 0x7f96e0199830 unknown :-1 s=HELLO_CONNECTING pgs=0 cs=0 l=1 rev1=1 crypto rx=0 tx=0 comp rx=0 tx=0).handle_hello peer v2:172.21.15.78:3300/0 says I am v2:172.21.15.78:55860/0 (socket says 172.21.15.78:55860)
2024-09-17T08:42:04.351 INFO:teuthology.orchestra.run.smithi078.stdout:/usr/bin/ceph: stderr
2024-09-17T08:42:03.274+0000 7f96e58dc640 1 -- 172.21.15.78:0/3665493693 learned_addr learned my addr 172.21.15.78:0/3665493693 (peer_addr_for_me v2:172.21.15.78:0/0)
2024-09-17T08:42:04.351 INFO:teuthology.orchestra.run.smithi078.stdout:/usr/bin/ceph: stderr
2024-09-17T08:42:03.278+0000 7f96e58dc640 1 -- 172.21.15.78:0/3665493693 --> [v2:172.21.15.78:3300/0,v1:172.21.15.78:6789/0] -- mon_subscribe({config=0+,monmap=0+}) v3 -- 0x7f96dc0094d0 con 0x7f96e0102850
2024-09-17T08:42:04.351 INFO:teuthology.orchestra.run.smithi078.stdout:/usr/bin/ceph: stderr
2024-09-17T08:42:03.278+0000 7f96e58dc640 1 --2- 172.21.15.78:0/3665493693 >> [v2:172.21.15.78:3300/0,v1:172.21.15.78:6789/0] conn(0x7f96e0102850 0x7f96e0199830 secure :-1 s=READY pgs=40 cs=0 l=1 rev1=1 crypto rx=0x7f96dc02a790 tx=0x7f96dc032d50 comp rx=0 tx=0).ready entity=mon.0 client_cookie=0 server_cookie=0 in_seq=0 out_seq=0
2024-09-17T08:42:04.351 INFO:teuthology.orchestra.run.smithi078.stdout:/usr/bin/ceph: stderr
2024-09-17T08:42:03.278+0000 7f96d6ffd640 1 -- 172.21.15.78:0/3665493693 <== mon.0 v2:172.21.15.78:3300/0 1 ==== mon_map magic: 0 v1 ==== 205+0+0 (secure 0 0 0) 0x7f96dc030c90 con 0x7f96e0102850
2024-09-17T08:42:04.351 INFO:teuthology.orchestra.run.smithi078.stdout:/usr/bin/ceph: stderr
2024-09-17T08:42:03.278+0000 7f96e7b40640 1 -- 172.21.15.78:0/3665493693 --> [v2:172.21.15.78:3300/0,v1:172.21.15.78:6789/0] -- mon_subscribe({mgrmap=0+}) v3 -- 0x7f96e0199f70 con 0x7f96e0102850
2024-09-17T08:42:04.351 INFO:teuthology.orchestra.run.smithi078.stdout:/usr/bin/ceph: stderr
2024-09-17T08:42:03.278+0000 7f96d6ffd640 1 -- 172.21.15.78:0/3665493693 <== mon.0 v2:172.21.15.78:3300/0 2 ==== config(23 keys) v1 ==== 976+0+0 (secure 0 0 0) 0x7f96dc030df0 con 0x7f96e0102850
2024-09-17T08:42:04.351 INFO:teuthology.orchestra.run.smithi078.stdout:/usr/bin/ceph: stderr
2024-09-17T08:42:03.278+0000 7f96d6ffd640 1 -- 172.21.15.78:0/3665493693 <== mon.0 v2:172.21.15.78:3300/0 3 ==== mon_map magic: 0 v1 ==== 205+0+0 (secure 0 0 0) 0x7f96dc03a390 con 0x7f96e0102850
2024-09-17T08:42:04.351 INFO:teuthology.orchestra.run.smithi078.stdout:/usr/bin/ceph: stderr
2024-09-17T08:42:03.278+0000 7f96e7b40640 1 -- 172.21.15.78:0/3665493693 --> [v2:172.21.15.78:3300/0,v1:172.21.15.78:6789/0] -- mon_subscribe({osdmap=0}) v3 -- 0x7f96e019a410 con 0x7f96e0102850
2024-09-17T08:42:04.351 INFO:teuthology.orchestra.run.smithi078.stdout:/usr/bin/ceph: stderr
2024-09-17T08:42:03.278+0000 7f96d6ffd640 1 -- 172.21.15.78:0/3665493693 <== mon.0 v2:172.21.15.78:3300/0 4 ==== mgrmap(e 8) v1 ==== 45541+0+0 (secure 0 0 0) 0x7f96dc039040 con 0x7f96e0102850
2024-09-17T08:42:04.352 INFO:teuthology.orchestra.run.smithi078.stdout:/usr/bin/ceph: stderr
2024-09-17T08:42:03.278+0000 7f96e7b40640 1 -- 172.21.15.78:0/3665493693 --> [v2:172.21.15.78:3300/0,v1:172.21.15.78:6789/0] -- mon_command({"prefix": "get_command_descriptions"} v 0) v1 -- 0x7f96e0102c50 con 0x7f96e0102850
2024-09-17T08:42:04.352 INFO:teuthology.orchestra.run.smithi078.stdout:/usr/bin/ceph: stderr
2024-09-17T08:42:03.278+0000 7f96d6ffd640 1 --2- 172.21.15.78:0/3665493693 >> [v2:172.21.15.78:6800/2109055855,v1:172.21.15.78:6801/2109055855] conn(0x7f96cc038670 0x7f96cc03ab30 unknown :-1 s=NONE pgs=0 cs=0 l=1 rev1=0 crypto rx=0 tx=0 comp rx=0 tx=0).connect
2024-09-17T08:42:04.352 INFO:teuthology.orchestra.run.smithi078.stdout:/usr/bin/ceph: stderr
2024-09-17T08:42:03.278+0000 7f96d6ffd640 1 -- 172.21.15.78:0/3665493693 <== mon.0 v2:172.21.15.78:3300/0 5 ==== osd_map(2..2 src has 1..2) v4 ==== 940+0+0 (secure 0 0 0) 0x7f96dc06b670 con 0x7f96e0102850
2024-09-17T08:42:04.352 INFO:teuthology.orchestra.run.smithi078.stdout:/usr/bin/ceph: stderr
2024-09-17T08:42:03.278+0000 7f96e50db640 1 --2- 172.21.15.78:0/3665493693 >> [v2:172.21.15.78:6800/2109055855,v1:172.21.15.78:6801/2109055855] conn(0x7f96cc038670 0x7f96cc03ab30 unknown :-1 s=BANNER_CONNECTING pgs=0 cs=0 l=1 rev1=0 crypto rx=0 tx=0 comp rx=0 tx=0)._handle_peer_banner_payload supported=3 required=0
2024-09-17T08:42:04.352 INFO:teuthology.orchestra.run.smithi078.stdout:/usr/bin/ceph: stderr
2024-09-17T08:42:03.278+0000 7f96e50db640 1 --2- 172.21.15.78:0/3665493693 >> [v2:172.21.15.78:6800/2109055855,v1:172.21.15.78:6801/2109055855] conn(0x7f96cc038670 0x7f96cc03ab30 secure :-1 s=READY pgs=9 cs=0 l=1 rev1=1 crypto rx=0x7f96d00098c0 tx=0x7f96d0006db0 comp rx=0 tx=0).ready entity=mgr.14118 client_cookie=0 server_cookie=0 in_seq=0 out_seq=0
2024-09-17T08:42:04.352 INFO:teuthology.orchestra.run.smithi078.stdout:/usr/bin/ceph: stderr
2024-09-17T08:42:03.282+0000 7f96d6ffd640 1 -- 172.21.15.78:0/3665493693 <== mon.0 v2:172.21.15.78:3300/0 6 ==== mon_command_ack([{"prefix": "get_command_descriptions"}]=0 v0) v1 ==== 72+0+183819 (secure 0 0 0) 0x7f96dc0313a0 con 0x7f96e0102850
2024-09-17T08:42:04.352 INFO:teuthology.orchestra.run.smithi078.stdout:/usr/bin/ceph: stderr
2024-09-17T08:42:03.598+0000 7f96e7b40640 1 -- 172.21.15.78:0/3665493693 --> [v2:172.21.15.78:6800/2109055855,v1:172.21.15.78:6801/2109055855] -- mgr_command(tid 0: {"prefix": "cephadm generate-key", "target": ["mon-mgr", ""]}) v1 -- 0x7f96e002c450 con 0x7f96cc038670
2024-09-17T08:42:04.352 INFO:teuthology.orchestra.run.smithi078.stdout:/usr/bin/ceph: stderr
2024-09-17T08:42:03.770+0000 7f96d6ffd640 1 -- 172.21.15.78:0/3665493693 <== mgr.14118 v2:172.21.15.78:6800/2109055855 1 ==== mgr_command_reply(tid 0: 0 ) v1 ==== 8+0+0 (secure 0 0 0) 0x7f96e002c450 con 0x7f96cc038670
2024-09-17T08:42:04.352 INFO:teuthology.orchestra.run.smithi078.stdout:/usr/bin/ceph: stderr
2024-09-17T08:42:03.774+0000 7f96e7b40640 1 -- 172.21.15.78:0/3665493693 >> [v2:172.21.15.78:6800/2109055855,v1:172.21.15.78:6801/2109055855] conn(0x7f96cc038670 msgr2=0x7f96cc03ab30 secure :-1 s=STATE_CONNECTION_ESTABLISHED l=1).mark_down
2024-09-17T08:42:04.352 INFO:teuthology.orchestra.run.smithi078.stdout:/usr/bin/ceph: stderr
2024-09-17T08:42:03.774+0000 7f96e7b40640 1 --2- 172.21.15.78:0/3665493693 >> [v2:172.21.15.78:6800/2109055855,v1:172.21.15.78:6801/2109055855] conn(0x7f96cc038670 0x7f96cc03ab30 secure :-1 s=READY pgs=9 cs=0 l=1 rev1=1 crypto rx=0x7f96d00098c0 tx=0x7f96d0006db0 comp rx=0 tx=0).stop
2024-09-17T08:42:04.352 INFO:teuthology.orchestra.run.smithi078.stdout:/usr/bin/ceph: stderr
2024-09-17T08:42:03.774+0000 7f96e7b40640 1 -- 172.21.15.78:0/3665493693 >> [v2:172.21.15.78:3300/0,v1:172.21.15.78:6789/0] conn(0x7f96e0102850 msgr2=0x7f96e0199830 secure :-1 s=STATE_CONNECTION_ESTABLISHED l=1).mark_down
2024-09-17T08:42:04.352 INFO:teuthology.orchestra.run.smithi078.stdout:/usr/bin/ceph: stderr
2024-09-17T08:42:03.774+0000 7f96e7b40640 1 --2- 172.21.15.78:0/3665493693 >> [v2:172.21.15.78:3300/0,v1:172.21.15.78:6789/0] conn(0x7f96e0102850 0x7f96e0199830 secure :-1 s=READY pgs=40 cs=0 l=1 rev1=1 crypto rx=0x7f96dc02a790 tx=0x7f96dc032d50 comp rx=0 tx=0).stop
2024-09-17T08:42:04.352 INFO:teuthology.orchestra.run.smithi078.stdout:/usr/bin/ceph: stderr
2024-09-17T08:42:03.774+0000 7f96e7b40640 1 -- 172.21.15.78:0/3665493693 shutdown_connections
2024-09-17T08:42:04.353 INFO:teuthology.orchestra.run.smithi078.stdout:/usr/bin/ceph: stderr
2024-09-17T08:42:03.774+0000 7f96e7b40640 1 --2- 172.21.15.78:0/3665493693 >> [v2:172.21.15.78:6800/2109055855,v1:172.21.15.78:6801/2109055855] conn(0x7f96cc038670 0x7f96cc03ab30 unknown :-1 s=CLOSED pgs=9 cs=0 l=1 rev1=1 crypto rx=0 tx=0 comp rx=0 tx=0).stop
2024-09-17T08:42:04.353 INFO:teuthology.orchestra.run.smithi078.stdout:/usr/bin/ceph: stderr
2024-09-17T08:42:03.774+0000 7f96e7b40640 1 --2- 172.21.15.78:0/3665493693 >> [v2:172.21.15.78:3300/0,v1:172.21.15.78:6789/0] conn(0x7f96e0102850 0x7f96e0199830 unknown :-1 s=CLOSED pgs=40 cs=0 l=1 rev1=1 crypto rx=0 tx=0 comp rx=0 tx=0).stop
2024-09-17T08:42:04.353 INFO:teuthology.orchestra.run.smithi078.stdout:/usr/bin/ceph: stderr
2024-09-17T08:42:03.774+0000 7f96e7b40640 1 -- 172.21.15.78:0/3665493693 >> 172.21.15.78:0/3665493693 conn(0x7f96e00fe040 msgr2=0x7f96e00fefd0 unknown :-1 s=STATE_NONE l=0).mark_down
2024-09-17T08:42:04.353 INFO:teuthology.orchestra.run.smithi078.stdout:/usr/bin/ceph: stderr
2024-09-17T08:42:03.774+0000 7f96e7b40640 1 -- 172.21.15.78:0/3665493693 shutdown_connections
2024-09-17T08:42:04.353 INFO:teuthology.orchestra.run.smithi078.stdout:/usr/bin/ceph: stderr
2024-09-17T08:42:03.774+0000 7f96e7b40640 1 -- 172.21.15.78:0/3665493693 wait complete.
2024-09-17T08:42:05.105 INFO:journalctl@ceph.mon.a.smithi078.stdout:Sep 17 08:42:04 smithi078 bash[22670]: audit
2024-09-17T08:42:03.600625+0000 mgr.y (mgr.14118) 11 : audit [DBG] from='client.14134 -' entity='client.admin' cmd=[{"prefix": "cephadm generate-key", "target": ["mon-mgr", ""]}]: dispatch
2024-09-17T08:42:05.105 INFO:journalctl@ceph.mon.a.smithi078.stdout:Sep 17 08:42:04 smithi078 bash[22670]: cephadm
2024-09-17T08:42:03.601036+0000 mgr.y (mgr.14118) 12 : cephadm [INF] Generating ssh key...
2024-09-17T08:42:05.105 INFO:journalctl@ceph.mon.a.smithi078.stdout:Sep 17 08:42:04 smithi078 bash[22670]: audit
2024-09-17T08:42:03.765808+0000 mon.a (mon.0) 53 : audit [INF] from='mgr.14118 172.21.15.78:0/132909293' entity='mgr.y'
2024-09-17T08:42:05.105 INFO:journalctl@ceph.mon.a.smithi078.stdout:Sep 17 08:42:04 smithi078 bash[22670]: audit
2024-09-17T08:42:03.771074+0000 mon.a (mon.0) 54 : audit [INF] from='mgr.14118 172.21.15.78:0/132909293' entity='mgr.y'
2024-09-17T08:42:06.105 INFO:journalctl@ceph.mon.a.smithi078.stdout:Sep 17 08:42:05 smithi078 bash[22670]: audit
2024-09-17T08:42:05.646033+0000 mgr.y (mgr.14118) 13 : audit [DBG] from='client.14136 -' entity='client.admin' cmd=[{"prefix": "cephadm get-pub-key", "target": ["mon-mgr", ""]}]: dispatch
2024-09-17T08:42:06.190 INFO:teuthology.orchestra.run.smithi078.stdout:/usr/bin/ceph: stdout ssh-rsa AAAAB3NzaC1yc2EAAAADAQABAAABgQC81WJZUWpyUhFyBIDhgyvej44AkZRvg4ZDdkLpI2GNLtGYZcgZicnu7GkLe8J3xuAvuiyL1/qnCuQwkYviWApU8L5vo+xjuyQs9ImrdcWmYik8DuJ73ib3AE4+UXQCS2RAqBFSjkZuxxAxk7yN9DO9kq4y12RTdvPcnJ3k7eV1nD1kqzelJvSfBJPr/ZaJjNU0JC4B7ut9dVRNMCkPKovnFnf7HDOHaS97vywBZYirUvylcl5kvbiqLW5AULYgDxvqvlmNokqvlTXkrQsXN9gBkMppGuosu4AA9psxjseDy0vrApLrhZmZl4MHgPfxIdWzHGRR8YcRNQk9InenWZscs1bPG++8vZM5KBNhooYfwFArPHtwKxzcARMMMwl6e/sAUJFPFp7S7xhBQExJd8qA2ZOZG8sjB1MXq2sHbriEg8XqbRFoV+nQFQbExY/AeXZCiXDHQn0p6w1WRdRIJYslW3mltkGuok7jYjdEFPMGUSoxXOEwbPQF7Ox6I1p9Ro8= ceph-7121dba6-74d0-11ef-bceb-c7b262605968
2024-09-17T08:42:06.190 INFO:teuthology.orchestra.run.smithi078.stdout:/usr/bin/ceph: stderr
2024-09-17T08:42:05.302+0000 7f107bf2b640 1 Processor -- start
2024-09-17T08:42:06.190 INFO:teuthology.orchestra.run.smithi078.stdout:/usr/bin/ceph: stderr
2024-09-17T08:42:05.306+0000 7f107bf2b640 1 -- start start
2024-09-17T08:42:06.190 INFO:teuthology.orchestra.run.smithi078.stdout:/usr/bin/ceph: stderr
2024-09-17T08:42:05.306+0000 7f107bf2b640 1 --2- >> [v2:172.21.15.78:3300/0,v1:172.21.15.78:6789/0] conn(0x7f1074105be0 0x7f1074105fe0 unknown :-1 s=NONE pgs=0 cs=0 l=0 rev1=0 crypto rx=0 tx=0 comp rx=0 tx=0).connect
2024-09-17T08:42:06.190 INFO:teuthology.orchestra.run.smithi078.stdout:/usr/bin/ceph: stderr
2024-09-17T08:42:05.306+0000 7f107bf2b640 1 -- --> [v2:172.21.15.78:3300/0,v1:172.21.15.78:6789/0] -- mon_getmap magic: 0 v1 -- 0x7f10741065b0 con 0x7f1074105be0
2024-09-17T08:42:06.190 INFO:teuthology.orchestra.run.smithi078.stdout:/usr/bin/ceph: stderr
2024-09-17T08:42:05.306+0000 7f1079cc7640 1 --2- >> [v2:172.21.15.78:3300/0,v1:172.21.15.78:6789/0] conn(0x7f1074105be0 0x7f1074105fe0 unknown :-1 s=BANNER_CONNECTING pgs=0 cs=0 l=0 rev1=0 crypto rx=0 tx=0 comp rx=0 tx=0)._handle_peer_banner_payload supported=3 required=0
2024-09-17T08:42:06.190 INFO:teuthology.orchestra.run.smithi078.stdout:/usr/bin/ceph: stderr
2024-09-17T08:42:05.306+0000 7f1079cc7640 1 --2- >> [v2:172.21.15.78:3300/0,v1:172.21.15.78:6789/0] conn(0x7f1074105be0 0x7f1074105fe0 unknown :-1 s=HELLO_CONNECTING pgs=0 cs=0 l=0 rev1=1 crypto rx=0 tx=0 comp rx=0 tx=0).handle_hello peer v2:172.21.15.78:3300/0 says I am v2:172.21.15.78:55874/0 (socket says 172.21.15.78:55874)
2024-09-17T08:42:06.190 INFO:teuthology.orchestra.run.smithi078.stdout:/usr/bin/ceph: stderr
2024-09-17T08:42:05.306+0000 7f1079cc7640 1 -- 172.21.15.78:0/3743938370 learned_addr learned my addr 172.21.15.78:0/3743938370 (peer_addr_for_me v2:172.21.15.78:0/0)
2024-09-17T08:42:06.191 INFO:teuthology.orchestra.run.smithi078.stdout:/usr/bin/ceph: stderr
2024-09-17T08:42:05.306+0000 7f1079cc7640 1 -- 172.21.15.78:0/3743938370 --> [v2:172.21.15.78:3300/0,v1:172.21.15.78:6789/0] -- mon_subscribe({config=0+,monmap=0+}) v3 -- 0x7f1074106d90 con 0x7f1074105be0
2024-09-17T08:42:06.191 INFO:teuthology.orchestra.run.smithi078.stdout:/usr/bin/ceph: stderr
2024-09-17T08:42:05.306+0000 7f1079cc7640 1 --2- 172.21.15.78:0/3743938370 >> [v2:172.21.15.78:3300/0,v1:172.21.15.78:6789/0] conn(0x7f1074105be0 0x7f1074105fe0 secure :-1 s=READY pgs=41 cs=0 l=1 rev1=1 crypto rx=0x7f1064009820 tx=0x7f106402a270 comp rx=0 tx=0).ready entity=mon.0 client_cookie=d0870bb9620cb682 server_cookie=0 in_seq=0 out_seq=0
2024-09-17T08:42:06.191 INFO:teuthology.orchestra.run.smithi078.stdout:/usr/bin/ceph: stderr
2024-09-17T08:42:05.306+0000 7f1078cc5640 1 -- 172.21.15.78:0/3743938370 <== mon.0 v2:172.21.15.78:3300/0 1 ==== mon_map magic: 0 v1 ==== 205+0+0 (secure 0 0 0) 0x7f106402ae70 con 0x7f1074105be0
2024-09-17T08:42:06.191 INFO:teuthology.orchestra.run.smithi078.stdout:/usr/bin/ceph: stderr
2024-09-17T08:42:05.306+0000 7f1078cc5640 1 -- 172.21.15.78:0/3743938370 <== mon.0 v2:172.21.15.78:3300/0 2 ==== config(23 keys) v1 ==== 976+0+0 (secure 0 0 0) 0x7f1064032870 con 0x7f1074105be0
2024-09-17T08:42:06.191 INFO:teuthology.orchestra.run.smithi078.stdout:/usr/bin/ceph: stderr
2024-09-17T08:42:05.306+0000 7f1078cc5640 1 -- 172.21.15.78:0/3743938370 <== mon.0 v2:172.21.15.78:3300/0 3 ==== mon_map magic: 0 v1 ==== 205+0+0 (secure 0 0 0) 0x7f1064030690 con 0x7f1074105be0
2024-09-17T08:42:06.191 INFO:teuthology.orchestra.run.smithi078.stdout:/usr/bin/ceph: stderr
2024-09-17T08:42:05.306+0000 7f107bf2b640 1 -- 172.21.15.78:0/3743938370 >> [v2:172.21.15.78:3300/0,v1:172.21.15.78:6789/0] conn(0x7f1074105be0 msgr2=0x7f1074105fe0 secure :-1 s=STATE_CONNECTION_ESTABLISHED l=1).mark_down
2024-09-17T08:42:06.191 INFO:teuthology.orchestra.run.smithi078.stdout:/usr/bin/ceph: stderr
2024-09-17T08:42:05.306+0000 7f107bf2b640 1 --2- 172.21.15.78:0/3743938370 >> [v2:172.21.15.78:3300/0,v1:172.21.15.78:6789/0] conn(0x7f1074105be0 0x7f1074105fe0 secure :-1 s=READY pgs=41 cs=0 l=1 rev1=1 crypto rx=0x7f1064009820 tx=0x7f106402a270 comp rx=0 tx=0).stop
2024-09-17T08:42:06.191 INFO:teuthology.orchestra.run.smithi078.stdout:/usr/bin/ceph: stderr
2024-09-17T08:42:05.306+0000 7f107bf2b640 1 -- 172.21.15.78:0/3743938370 shutdown_connections
2024-09-17T08:42:06.191 INFO:teuthology.orchestra.run.smithi078.stdout:/usr/bin/ceph: stderr
2024-09-17T08:42:05.306+0000 7f107bf2b640 1 --2- 172.21.15.78:0/3743938370 >> [v2:172.21.15.78:3300/0,v1:172.21.15.78:6789/0] conn(0x7f1074105be0 0x7f1074105fe0 unknown :-1 s=CLOSED pgs=41 cs=0 l=1 rev1=1 crypto rx=0 tx=0 comp rx=0 tx=0).stop
2024-09-17T08:42:06.191 INFO:teuthology.orchestra.run.smithi078.stdout:/usr/bin/ceph: stderr
2024-09-17T08:42:05.306+0000 7f107bf2b640 1 -- 172.21.15.78:0/3743938370 >> 172.21.15.78:0/3743938370 conn(0x7f10740791d0 msgr2=0x7f1074103d80 unknown :-1 s=STATE_NONE l=0).mark_down
2024-09-17T08:42:06.191 INFO:teuthology.orchestra.run.smithi078.stdout:/usr/bin/ceph: stderr
2024-09-17T08:42:05.306+0000 7f107bf2b640 1 -- 172.21.15.78:0/3743938370 shutdown_connections
2024-09-17T08:42:06.191 INFO:teuthology.orchestra.run.smithi078.stdout:/usr/bin/ceph: stderr
2024-09-17T08:42:05.306+0000 7f107bf2b640 1 -- 172.21.15.78:0/3743938370 wait complete.
2024-09-17T08:42:06.191 INFO:teuthology.orchestra.run.smithi078.stdout:/usr/bin/ceph: stderr
2024-09-17T08:42:05.306+0000 7f107bf2b640 1 Processor -- start
2024-09-17T08:42:06.192 INFO:teuthology.orchestra.run.smithi078.stdout:/usr/bin/ceph: stderr
2024-09-17T08:42:05.306+0000 7f107bf2b640 1 -- start start
2024-09-17T08:42:06.192 INFO:teuthology.orchestra.run.smithi078.stdout:/usr/bin/ceph: stderr
2024-09-17T08:42:05.306+0000 7f107bf2b640 1 --2- >> [v2:172.21.15.78:3300/0,v1:172.21.15.78:6789/0] conn(0x7f1074105be0 0x7f1074199790 unknown :-1 s=NONE pgs=0 cs=0 l=1 rev1=0 crypto rx=0 tx=0 comp rx=0 tx=0).connect
2024-09-17T08:42:06.192 INFO:teuthology.orchestra.run.smithi078.stdout:/usr/bin/ceph: stderr
2024-09-17T08:42:05.306+0000 7f107bf2b640 1 -- --> [v2:172.21.15.78:3300/0,v1:172.21.15.78:6789/0] -- mon_getmap magic: 0 v1 -- 0x7f1074199cd0 con 0x7f1074105be0
2024-09-17T08:42:06.192 INFO:teuthology.orchestra.run.smithi078.stdout:/usr/bin/ceph: stderr
2024-09-17T08:42:05.306+0000 7f1079cc7640 1 --2- >> [v2:172.21.15.78:3300/0,v1:172.21.15.78:6789/0] conn(0x7f1074105be0 0x7f1074199790 unknown :-1 s=BANNER_CONNECTING pgs=0 cs=0 l=1 rev1=0 crypto rx=0 tx=0 comp rx=0 tx=0)._handle_peer_banner_payload supported=3 required=0
2024-09-17T08:42:06.192 INFO:teuthology.orchestra.run.smithi078.stdout:/usr/bin/ceph: stderr
2024-09-17T08:42:05.306+0000 7f1079cc7640 1 --2- >> [v2:172.21.15.78:3300/0,v1:172.21.15.78:6789/0] conn(0x7f1074105be0 0x7f1074199790 unknown :-1 s=HELLO_CONNECTING pgs=0 cs=0 l=1 rev1=1 crypto rx=0 tx=0 comp rx=0 tx=0).handle_hello peer v2:172.21.15.78:3300/0 says I am v2:172.21.15.78:55888/0 (socket says 172.21.15.78:55888)
2024-09-17T08:42:06.192 INFO:teuthology.orchestra.run.smithi078.stdout:/usr/bin/ceph: stderr
2024-09-17T08:42:05.306+0000 7f1079cc7640 1 -- 172.21.15.78:0/65581967 learned_addr learned my addr 172.21.15.78:0/65581967 (peer_addr_for_me v2:172.21.15.78:0/0)
2024-09-17T08:42:06.192 INFO:teuthology.orchestra.run.smithi078.stdout:/usr/bin/ceph: stderr
2024-09-17T08:42:05.310+0000 7f1079cc7640 1 -- 172.21.15.78:0/65581967 --> [v2:172.21.15.78:3300/0,v1:172.21.15.78:6789/0] -- mon_subscribe({config=0+,monmap=0+}) v3 -- 0x7f10640094d0 con 0x7f1074105be0
2024-09-17T08:42:06.192 INFO:teuthology.orchestra.run.smithi078.stdout:/usr/bin/ceph: stderr
2024-09-17T08:42:05.310+0000 7f1079cc7640 1 --2- 172.21.15.78:0/65581967 >> [v2:172.21.15.78:3300/0,v1:172.21.15.78:6789/0] conn(0x7f1074105be0 0x7f1074199790 secure :-1 s=READY pgs=42 cs=0 l=1 rev1=1 crypto rx=0x7f10640097f0 tx=0x7f1064032c10 comp rx=0 tx=0).ready entity=mon.0 client_cookie=0 server_cookie=0 in_seq=0 out_seq=0
2024-09-17T08:42:06.192 INFO:teuthology.orchestra.run.smithi078.stdout:/usr/bin/ceph: stderr
2024-09-17T08:42:05.310+0000 7f106affd640 1 -- 172.21.15.78:0/65581967 <== mon.0 v2:172.21.15.78:3300/0 1 ==== mon_map magic: 0 v1 ==== 205+0+0 (secure 0 0 0) 0x7f1064030bb0 con 0x7f1074105be0
2024-09-17T08:42:06.193 INFO:teuthology.orchestra.run.smithi078.stdout:/usr/bin/ceph: stderr
2024-09-17T08:42:05.310+0000 7f106affd640 1 -- 172.21.15.78:0/65581967 <== mon.0 v2:172.21.15.78:3300/0 2 ==== config(23 keys) v1 ==== 976+0+0 (secure 0 0 0) 0x7f1064030d10 con 0x7f1074105be0
2024-09-17T08:42:06.193 INFO:teuthology.orchestra.run.smithi078.stdout:/usr/bin/ceph: stderr
2024-09-17T08:42:05.310+0000 7f106affd640 1 -- 172.21.15.78:0/65581967 <== mon.0 v2:172.21.15.78:3300/0 3 ==== mon_map magic: 0 v1 ==== 205+0+0 (secure 0 0 0) 0x7f106403a520 con 0x7f1074105be0
2024-09-17T08:42:06.193 INFO:teuthology.orchestra.run.smithi078.stdout:/usr/bin/ceph: stderr
2024-09-17T08:42:05.310+0000 7f107bf2b640 1 -- 172.21.15.78:0/65581967 --> [v2:172.21.15.78:3300/0,v1:172.21.15.78:6789/0] -- mon_subscribe({mgrmap=0+}) v3 -- 0x7f1074199ed0 con 0x7f1074105be0
2024-09-17T08:42:06.193 INFO:teuthology.orchestra.run.smithi078.stdout:/usr/bin/ceph: stderr
2024-09-17T08:42:05.310+0000 7f107bf2b640 1 -- 172.21.15.78:0/65581967 --> [v2:172.21.15.78:3300/0,v1:172.21.15.78:6789/0] -- mon_subscribe({osdmap=0}) v3 -- 0x7f107419a370 con 0x7f1074105be0
2024-09-17T08:42:06.193 INFO:teuthology.orchestra.run.smithi078.stdout:/usr/bin/ceph: stderr
2024-09-17T08:42:05.310+0000 7f106affd640 1 -- 172.21.15.78:0/65581967 <== mon.0 v2:172.21.15.78:3300/0 4 ==== mgrmap(e 8) v1 ==== 45541+0+0 (secure 0 0 0) 0x7f1064039040 con 0x7f1074105be0
2024-09-17T08:42:06.193 INFO:teuthology.orchestra.run.smithi078.stdout:/usr/bin/ceph: stderr
2024-09-17T08:42:05.310+0000 7f107bf2b640 1 -- 172.21.15.78:0/65581967 --> [v2:172.21.15.78:3300/0,v1:172.21.15.78:6789/0] -- mon_command({"prefix": "get_command_descriptions"} v 0) v1 -- 0x7f1074105fe0 con 0x7f1074105be0
2024-09-17T08:42:06.193 INFO:teuthology.orchestra.run.smithi078.stdout:/usr/bin/ceph: stderr
2024-09-17T08:42:05.310+0000 7f106affd640 1 --2- 172.21.15.78:0/65581967 >> [v2:172.21.15.78:6800/2109055855,v1:172.21.15.78:6801/2109055855] conn(0x7f1060038670 0x7f106003ab30 unknown :-1 s=NONE pgs=0 cs=0 l=1 rev1=0 crypto rx=0 tx=0 comp rx=0 tx=0).connect
2024-09-17T08:42:06.193 INFO:teuthology.orchestra.run.smithi078.stdout:/usr/bin/ceph: stderr
2024-09-17T08:42:05.310+0000 7f106affd640 1 -- 172.21.15.78:0/65581967 <== mon.0 v2:172.21.15.78:3300/0 5 ==== osd_map(2..2 src has 1..2) v4 ==== 940+0+0 (secure 0 0 0) 0x7f106406b710 con 0x7f1074105be0
2024-09-17T08:42:06.193 INFO:teuthology.orchestra.run.smithi078.stdout:/usr/bin/ceph: stderr
