2024-09-17T08:41:54.213+0000 7f2423b5c040 -1 mgr[py] Module diskprediction_local has missing NOTIFY_TYPES member
2024-09-17T08:41:54.469 INFO:journalctl@ceph.mgr.y.smithi078.stdout:Sep 17 08:41:54 smithi078 bash[22923]: debug
2024-09-17T08:41:54.389+0000 7f2423b5c040 -1 mgr[py] Module orchestrator has missing NOTIFY_TYPES member
2024-09-17T08:41:54.815 INFO:journalctl@ceph.mgr.y.smithi078.stdout:Sep 17 08:41:54 smithi078 bash[22923]: debug
2024-09-17T08:41:54.557+0000 7f2423b5c040 -1 mgr[py] Module rbd_support has missing NOTIFY_TYPES member
2024-09-17T08:41:54.815 INFO:journalctl@ceph.mgr.y.smithi078.stdout:Sep 17 08:41:54 smithi078 bash[22923]: debug
2024-09-17T08:41:54.637+0000 7f2423b5c040 -1 mgr[py] Module alerts has missing NOTIFY_TYPES member
2024-09-17T08:41:55.105 INFO:journalctl@ceph.mgr.y.smithi078.stdout:Sep 17 08:41:54 smithi078 bash[22923]: debug
2024-09-17T08:41:54.809+0000 7f2423b5c040 -1 mgr[py] Module test_orchestrator has missing NOTIFY_TYPES member
2024-09-17T08:41:55.855 INFO:journalctl@ceph.mgr.y.smithi078.stdout:Sep 17 08:41:55 smithi078 bash[22923]: debug
2024-09-17T08:41:55.593+0000 7f2423b5c040 -1 mgr[py] Module influx has missing NOTIFY_TYPES member
2024-09-17T08:41:55.855 INFO:journalctl@ceph.mgr.y.smithi078.stdout:Sep 17 08:41:55 smithi078 bash[22923]: debug
2024-09-17T08:41:55.665+0000 7f2423b5c040 -1 mgr[py] Module status has missing NOTIFY_TYPES member
2024-09-17T08:41:56.336 INFO:journalctl@ceph.mgr.y.smithi078.stdout:Sep 17 08:41:55 smithi078 bash[22923]: debug
2024-09-17T08:41:55.881+0000 7f2423b5c040 -1 mgr[py] Module volumes has missing NOTIFY_TYPES member
2024-09-17T08:41:56.336 INFO:journalctl@ceph.mgr.y.smithi078.stdout:Sep 17 08:41:55 smithi078 bash[22923]: debug
2024-09-17T08:41:55.953+0000 7f2423b5c040 -1 mgr[py] Module osd_perf_query has missing NOTIFY_TYPES member
2024-09-17T08:41:56.605 INFO:journalctl@ceph.mgr.y.smithi078.stdout:Sep 17 08:41:56 smithi078 bash[22923]: debug
2024-09-17T08:41:56.333+0000 7f2423b5c040 -1 mgr[py] Module prometheus has missing NOTIFY_TYPES member
2024-09-17T08:41:56.605 INFO:journalctl@ceph.mgr.y.smithi078.stdout:Sep 17 08:41:56 smithi078 bash[22923]: debug
2024-09-17T08:41:56.409+0000 7f2423b5c040 -1 mgr[py] Module snap_schedule has missing NOTIFY_TYPES member
2024-09-17T08:41:56.605 INFO:journalctl@ceph.mon.a.smithi078.stdout:Sep 17 08:41:56 smithi078 bash[22670]: cluster
2024-09-17T08:41:56.432403+0000 mon.a (mon.0) 30 : cluster [INF] Active manager daemon y restarted
2024-09-17T08:41:56.606 INFO:journalctl@ceph.mon.a.smithi078.stdout:Sep 17 08:41:56 smithi078 bash[22670]: cluster
2024-09-17T08:41:56.432955+0000 mon.a (mon.0) 31 : cluster [INF] Activating manager daemon y
2024-09-17T08:41:56.606 INFO:journalctl@ceph.mon.a.smithi078.stdout:Sep 17 08:41:56 smithi078 bash[22670]: cluster
2024-09-17T08:41:56.441951+0000 mon.a (mon.0) 32 : cluster [DBG] osdmap e2: 0 total, 0 up, 0 in
2024-09-17T08:41:56.606 INFO:journalctl@ceph.mon.a.smithi078.stdout:Sep 17 08:41:56 smithi078 bash[22670]: cluster
2024-09-17T08:41:56.442189+0000 mon.a (mon.0) 33 : cluster [DBG] mgrmap e6: y(active, starting, since 0.00940525s)
2024-09-17T08:41:56.606 INFO:journalctl@ceph.mon.a.smithi078.stdout:Sep 17 08:41:56 smithi078 bash[22670]: audit
2024-09-17T08:41:56.444008+0000 mon.a (mon.0) 34 : audit [DBG] from='mgr.14118 172.21.15.78:0/132909293' entity='mgr.y' cmd=[{"prefix": "mon metadata", "id": "a"}]: dispatch
2024-09-17T08:41:56.606 INFO:journalctl@ceph.mon.a.smithi078.stdout:Sep 17 08:41:56 smithi078 bash[22670]: audit
2024-09-17T08:41:56.445611+0000 mon.a (mon.0) 35 : audit [DBG] from='mgr.14118 172.21.15.78:0/132909293' entity='mgr.y' cmd=[{"prefix": "mgr metadata", "who": "y", "id": "y"}]: dispatch
2024-09-17T08:41:56.606 INFO:journalctl@ceph.mon.a.smithi078.stdout:Sep 17 08:41:56 smithi078 bash[22670]: audit
2024-09-17T08:41:56.447103+0000 mon.a (mon.0) 36 : audit [DBG] from='mgr.14118 172.21.15.78:0/132909293' entity='mgr.y' cmd=[{"prefix": "mds metadata"}]: dispatch
2024-09-17T08:41:56.606 INFO:journalctl@ceph.mon.a.smithi078.stdout:Sep 17 08:41:56 smithi078 bash[22670]: audit
2024-09-17T08:41:56.447476+0000 mon.a (mon.0) 37 : audit [DBG] from='mgr.14118 172.21.15.78:0/132909293' entity='mgr.y' cmd=[{"prefix": "osd metadata"}]: dispatch
2024-09-17T08:41:56.606 INFO:journalctl@ceph.mon.a.smithi078.stdout:Sep 17 08:41:56 smithi078 bash[22670]: audit
2024-09-17T08:41:56.447813+0000 mon.a (mon.0) 38 : audit [DBG] from='mgr.14118 172.21.15.78:0/132909293' entity='mgr.y' cmd=[{"prefix": "mon metadata"}]: dispatch
2024-09-17T08:41:56.606 INFO:journalctl@ceph.mon.a.smithi078.stdout:Sep 17 08:41:56 smithi078 bash[22670]: cluster
2024-09-17T08:41:56.472562+0000 mon.a (mon.0) 39 : cluster [INF] Manager daemon y is now available
2024-09-17T08:41:57.855 INFO:journalctl@ceph.mon.a.smithi078.stdout:Sep 17 08:41:57 smithi078 bash[22670]: cephadm
2024-09-17T08:41:56.482476+0000 mgr.y (mgr.14118) 1 : cephadm [INF] Found migration_current of "None". Setting to last migration.
2024-09-17T08:41:57.856 INFO:journalctl@ceph.mon.a.smithi078.stdout:Sep 17 08:41:57 smithi078 bash[22670]: audit
2024-09-17T08:41:56.487828+0000 mon.a (mon.0) 40 : audit [INF] from='mgr.14118 172.21.15.78:0/132909293' entity='mgr.y'
2024-09-17T08:41:57.856 INFO:journalctl@ceph.mon.a.smithi078.stdout:Sep 17 08:41:57 smithi078 bash[22670]: audit
2024-09-17T08:41:56.493754+0000 mon.a (mon.0) 41 : audit [INF] from='mgr.14118 172.21.15.78:0/132909293' entity='mgr.y'
2024-09-17T08:41:57.856 INFO:journalctl@ceph.mon.a.smithi078.stdout:Sep 17 08:41:57 smithi078 bash[22670]: audit
2024-09-17T08:41:56.497616+0000 mon.a (mon.0) 42 : audit [DBG] from='mgr.14118 172.21.15.78:0/132909293' entity='mgr.y' cmd=[{"prefix": "config dump", "format": "json"}]: dispatch
2024-09-17T08:41:57.856 INFO:journalctl@ceph.mon.a.smithi078.stdout:Sep 17 08:41:57 smithi078 bash[22670]: audit
2024-09-17T08:41:56.500288+0000 mon.a (mon.0) 43 : audit [DBG] from='mgr.14118 172.21.15.78:0/132909293' entity='mgr.y' cmd=[{"prefix": "config dump", "format": "json"}]: dispatch
2024-09-17T08:41:57.856 INFO:journalctl@ceph.mon.a.smithi078.stdout:Sep 17 08:41:57 smithi078 bash[22670]: audit
2024-09-17T08:41:56.509386+0000 mon.a (mon.0) 44 : audit [INF] from='mgr.14118 172.21.15.78:0/132909293' entity='mgr.y' cmd=[{"prefix":"config rm","who":"mgr","name":"mgr/rbd_support/y/mirror_snapshot_schedule"}]: dispatch
2024-09-17T08:41:57.856 INFO:journalctl@ceph.mon.a.smithi078.stdout:Sep 17 08:41:57 smithi078 bash[22670]: audit
2024-09-17T08:41:56.511663+0000 mon.a (mon.0) 45 : audit [INF] from='mgr.14118 172.21.15.78:0/132909293' entity='mgr.y' cmd=[{"prefix":"config rm","who":"mgr","name":"mgr/rbd_support/y/trash_purge_schedule"}]: dispatch
2024-09-17T08:41:57.856 INFO:journalctl@ceph.mon.a.smithi078.stdout:Sep 17 08:41:57 smithi078 bash[22670]: audit
2024-09-17T08:41:57.250948+0000 mon.a (mon.0) 46 : audit [INF] from='mgr.14118 172.21.15.78:0/132909293' entity='mgr.y'
2024-09-17T08:41:57.856 INFO:journalctl@ceph.mon.a.smithi078.stdout:Sep 17 08:41:57 smithi078 bash[22670]: audit
2024-09-17T08:41:57.256753+0000 mon.a (mon.0) 47 : audit [INF] from='mgr.14118 172.21.15.78:0/132909293' entity='mgr.y'
2024-09-17T08:41:57.856 INFO:journalctl@ceph.mon.a.smithi078.stdout:Sep 17 08:41:57 smithi078 bash[22670]: cluster
2024-09-17T08:41:57.444514+0000 mon.a (mon.0) 48 : cluster [DBG] mgrmap e7: y(active, since 1.01172s)
2024-09-17T08:41:58.086 INFO:teuthology.orchestra.run.smithi078.stdout:/usr/bin/ceph: stdout {
2024-09-17T08:41:58.086 INFO:teuthology.orchestra.run.smithi078.stdout:/usr/bin/ceph: stdout "mgrmap_epoch": 7,
2024-09-17T08:41:58.087 INFO:teuthology.orchestra.run.smithi078.stdout:/usr/bin/ceph: stdout "initialized": true
2024-09-17T08:41:58.087 INFO:teuthology.orchestra.run.smithi078.stdout:/usr/bin/ceph: stdout }
2024-09-17T08:41:58.087 INFO:teuthology.orchestra.run.smithi078.stdout:/usr/bin/ceph: stderr
2024-09-17T08:41:54.609+0000 7f36dbb70640 1 Processor -- start
2024-09-17T08:41:58.087 INFO:teuthology.orchestra.run.smithi078.stdout:/usr/bin/ceph: stderr
2024-09-17T08:41:54.609+0000 7f36dbb70640 1 -- start start
2024-09-17T08:41:58.087 INFO:teuthology.orchestra.run.smithi078.stdout:/usr/bin/ceph: stderr
2024-09-17T08:41:54.609+0000 7f36dbb70640 1 --2- >> [v2:172.21.15.78:3300/0,v1:172.21.15.78:6789/0] conn(0x7f36d4102250 0x7f36d4102650 unknown :-1 s=NONE pgs=0 cs=0 l=0 rev1=0 crypto rx=0 tx=0 comp rx=0 tx=0).connect
2024-09-17T08:41:58.087 INFO:teuthology.orchestra.run.smithi078.stdout:/usr/bin/ceph: stderr
2024-09-17T08:41:54.609+0000 7f36dbb70640 1 -- --> [v2:172.21.15.78:3300/0,v1:172.21.15.78:6789/0] -- mon_getmap magic: 0 v1 -- 0x7f36d4076e30 con 0x7f36d4102250
2024-09-17T08:41:58.087 INFO:teuthology.orchestra.run.smithi078.stdout:/usr/bin/ceph: stderr
2024-09-17T08:41:54.609+0000 7f36d990c640 1 --2- >> [v2:172.21.15.78:3300/0,v1:172.21.15.78:6789/0] conn(0x7f36d4102250 0x7f36d4102650 unknown :-1 s=BANNER_CONNECTING pgs=0 cs=0 l=0 rev1=0 crypto rx=0 tx=0 comp rx=0 tx=0)._handle_peer_banner_payload supported=3 required=0
2024-09-17T08:41:58.087 INFO:teuthology.orchestra.run.smithi078.stdout:/usr/bin/ceph: stderr
2024-09-17T08:41:54.609+0000 7f36d990c640 1 --2- >> [v2:172.21.15.78:3300/0,v1:172.21.15.78:6789/0] conn(0x7f36d4102250 0x7f36d4102650 unknown :-1 s=HELLO_CONNECTING pgs=0 cs=0 l=0 rev1=1 crypto rx=0 tx=0 comp rx=0 tx=0).handle_hello peer v2:172.21.15.78:3300/0 says I am v2:172.21.15.78:43380/0 (socket says 172.21.15.78:43380)
2024-09-17T08:41:58.087 INFO:teuthology.orchestra.run.smithi078.stdout:/usr/bin/ceph: stderr
2024-09-17T08:41:54.609+0000 7f36d990c640 1 -- 172.21.15.78:0/1827113562 learned_addr learned my addr 172.21.15.78:0/1827113562 (peer_addr_for_me v2:172.21.15.78:0/0)
2024-09-17T08:41:58.087 INFO:teuthology.orchestra.run.smithi078.stdout:/usr/bin/ceph: stderr
2024-09-17T08:41:54.609+0000 7f36d990c640 1 -- 172.21.15.78:0/1827113562 --> [v2:172.21.15.78:3300/0,v1:172.21.15.78:6789/0] -- mon_subscribe({config=0+,monmap=0+}) v3 -- 0x7f36d4076f70 con 0x7f36d4102250
2024-09-17T08:41:58.087 INFO:teuthology.orchestra.run.smithi078.stdout:/usr/bin/ceph: stderr
2024-09-17T08:41:54.609+0000 7f36d990c640 1 --2- 172.21.15.78:0/1827113562 >> [v2:172.21.15.78:3300/0,v1:172.21.15.78:6789/0] conn(0x7f36d4102250 0x7f36d4102650 secure :-1 s=READY pgs=26 cs=0 l=1 rev1=1 crypto rx=0x7f36d0009820 tx=0x7f36d002a270 comp rx=0 tx=0).ready entity=mon.0 client_cookie=e40b517135f619b7 server_cookie=0 in_seq=0 out_seq=0
2024-09-17T08:41:58.087 INFO:teuthology.orchestra.run.smithi078.stdout:/usr/bin/ceph: stderr
2024-09-17T08:41:54.609+0000 7f36d890a640 1 -- 172.21.15.78:0/1827113562 <== mon.0 v2:172.21.15.78:3300/0 1 ==== mon_map magic: 0 v1 ==== 205+0+0 (secure 0 0 0) 0x7f36d002ae70 con 0x7f36d4102250
2024-09-17T08:41:58.088 INFO:teuthology.orchestra.run.smithi078.stdout:/usr/bin/ceph: stderr
2024-09-17T08:41:54.609+0000 7f36d890a640 1 -- 172.21.15.78:0/1827113562 <== mon.0 v2:172.21.15.78:3300/0 2 ==== config(23 keys) v1 ==== 976+0+0 (secure 0 0 0) 0x7f36d0032870 con 0x7f36d4102250
2024-09-17T08:41:58.088 INFO:teuthology.orchestra.run.smithi078.stdout:/usr/bin/ceph: stderr
2024-09-17T08:41:54.609+0000 7f36d890a640 1 -- 172.21.15.78:0/1827113562 <== mon.0 v2:172.21.15.78:3300/0 3 ==== mon_map magic: 0 v1 ==== 205+0+0 (secure 0 0 0) 0x7f36d0030690 con 0x7f36d4102250
2024-09-17T08:41:58.088 INFO:teuthology.orchestra.run.smithi078.stdout:/usr/bin/ceph: stderr
2024-09-17T08:41:54.609+0000 7f36dbb70640 1 -- 172.21.15.78:0/1827113562 >> [v2:172.21.15.78:3300/0,v1:172.21.15.78:6789/0] conn(0x7f36d4102250 msgr2=0x7f36d4102650 secure :-1 s=STATE_CONNECTION_ESTABLISHED l=1).mark_down
2024-09-17T08:41:58.088 INFO:teuthology.orchestra.run.smithi078.stdout:/usr/bin/ceph: stderr
2024-09-17T08:41:54.609+0000 7f36dbb70640 1 --2- 172.21.15.78:0/1827113562 >> [v2:172.21.15.78:3300/0,v1:172.21.15.78:6789/0] conn(0x7f36d4102250 0x7f36d4102650 secure :-1 s=READY pgs=26 cs=0 l=1 rev1=1 crypto rx=0x7f36d0009820 tx=0x7f36d002a270 comp rx=0 tx=0).stop
2024-09-17T08:41:58.088 INFO:teuthology.orchestra.run.smithi078.stdout:/usr/bin/ceph: stderr
2024-09-17T08:41:54.609+0000 7f36dbb70640 1 -- 172.21.15.78:0/1827113562 shutdown_connections
2024-09-17T08:41:58.088 INFO:teuthology.orchestra.run.smithi078.stdout:/usr/bin/ceph: stderr
2024-09-17T08:41:54.609+0000 7f36dbb70640 1 --2- 172.21.15.78:0/1827113562 >> [v2:172.21.15.78:3300/0,v1:172.21.15.78:6789/0] conn(0x7f36d4102250 0x7f36d4102650 unknown :-1 s=CLOSED pgs=26 cs=0 l=1 rev1=1 crypto rx=0 tx=0 comp rx=0 tx=0).stop
2024-09-17T08:41:58.088 INFO:teuthology.orchestra.run.smithi078.stdout:/usr/bin/ceph: stderr
2024-09-17T08:41:54.609+0000 7f36dbb70640 1 -- 172.21.15.78:0/1827113562 >> 172.21.15.78:0/1827113562 conn(0x7f36d40fe040 msgr2=0x7f36d4100460 unknown :-1 s=STATE_NONE l=0).mark_down
2024-09-17T08:41:58.088 INFO:teuthology.orchestra.run.smithi078.stdout:/usr/bin/ceph: stderr
2024-09-17T08:41:54.609+0000 7f36dbb70640 1 -- 172.21.15.78:0/1827113562 shutdown_connections
2024-09-17T08:41:58.088 INFO:teuthology.orchestra.run.smithi078.stdout:/usr/bin/ceph: stderr
2024-09-17T08:41:54.609+0000 7f36dbb70640 1 -- 172.21.15.78:0/1827113562 wait complete.
2024-09-17T08:41:58.088 INFO:teuthology.orchestra.run.smithi078.stdout:/usr/bin/ceph: stderr
2024-09-17T08:41:54.609+0000 7f36dbb70640 1 Processor -- start
2024-09-17T08:41:58.088 INFO:teuthology.orchestra.run.smithi078.stdout:/usr/bin/ceph: stderr
2024-09-17T08:41:54.609+0000 7f36dbb70640 1 -- start start
2024-09-17T08:41:58.088 INFO:teuthology.orchestra.run.smithi078.stdout:/usr/bin/ceph: stderr
2024-09-17T08:41:54.609+0000 7f36dbb70640 1 --2- >> [v2:172.21.15.78:3300/0,v1:172.21.15.78:6789/0] conn(0x7f36d4102250 0x7f36d4199790 unknown :-1 s=NONE pgs=0 cs=0 l=1 rev1=0 crypto rx=0 tx=0 comp rx=0 tx=0).connect
2024-09-17T08:41:58.088 INFO:teuthology.orchestra.run.smithi078.stdout:/usr/bin/ceph: stderr
2024-09-17T08:41:54.609+0000 7f36dbb70640 1 -- --> [v2:172.21.15.78:3300/0,v1:172.21.15.78:6789/0] -- mon_getmap magic: 0 v1 -- 0x7f36d4199cd0 con 0x7f36d4102250
2024-09-17T08:41:58.089 INFO:teuthology.orchestra.run.smithi078.stdout:/usr/bin/ceph: stderr
2024-09-17T08:41:54.613+0000 7f36d990c640 1 --2- >> [v2:172.21.15.78:3300/0,v1:172.21.15.78:6789/0] conn(0x7f36d4102250 0x7f36d4199790 unknown :-1 s=BANNER_CONNECTING pgs=0 cs=0 l=1 rev1=0 crypto rx=0 tx=0 comp rx=0 tx=0)._handle_peer_banner_payload supported=3 required=0
2024-09-17T08:41:58.089 INFO:teuthology.orchestra.run.smithi078.stdout:/usr/bin/ceph: stderr
2024-09-17T08:41:54.613+0000 7f36d990c640 1 --2- >> [v2:172.21.15.78:3300/0,v1:172.21.15.78:6789/0] conn(0x7f36d4102250 0x7f36d4199790 unknown :-1 s=HELLO_CONNECTING pgs=0 cs=0 l=1 rev1=1 crypto rx=0 tx=0 comp rx=0 tx=0).handle_hello peer v2:172.21.15.78:3300/0 says I am v2:172.21.15.78:43390/0 (socket says 172.21.15.78:43390)
2024-09-17T08:41:58.089 INFO:teuthology.orchestra.run.smithi078.stdout:/usr/bin/ceph: stderr
2024-09-17T08:41:54.613+0000 7f36d990c640 1 -- 172.21.15.78:0/789941104 learned_addr learned my addr 172.21.15.78:0/789941104 (peer_addr_for_me v2:172.21.15.78:0/0)
2024-09-17T08:41:58.089 INFO:teuthology.orchestra.run.smithi078.stdout:/usr/bin/ceph: stderr
2024-09-17T08:41:54.613+0000 7f36d990c640 1 -- 172.21.15.78:0/789941104 --> [v2:172.21.15.78:3300/0,v1:172.21.15.78:6789/0] -- mon_subscribe({config=0+,monmap=0+}) v3 -- 0x7f36d00094d0 con 0x7f36d4102250
2024-09-17T08:41:58.089 INFO:teuthology.orchestra.run.smithi078.stdout:/usr/bin/ceph: stderr
2024-09-17T08:41:54.613+0000 7f36d990c640 1 --2- 172.21.15.78:0/789941104 >> [v2:172.21.15.78:3300/0,v1:172.21.15.78:6789/0] conn(0x7f36d4102250 0x7f36d4199790 secure :-1 s=READY pgs=27 cs=0 l=1 rev1=1 crypto rx=0x7f36d00097f0 tx=0x7f36d0032c10 comp rx=0 tx=0).ready entity=mon.0 client_cookie=0 server_cookie=0 in_seq=0 out_seq=0
2024-09-17T08:41:58.089 INFO:teuthology.orchestra.run.smithi078.stdout:/usr/bin/ceph: stderr
2024-09-17T08:41:54.613+0000 7f36caffd640 1 -- 172.21.15.78:0/789941104 <== mon.0 v2:172.21.15.78:3300/0 1 ==== mon_map magic: 0 v1 ==== 205+0+0 (secure 0 0 0) 0x7f36d0030bb0 con 0x7f36d4102250
2024-09-17T08:41:58.089 INFO:teuthology.orchestra.run.smithi078.stdout:/usr/bin/ceph: stderr
2024-09-17T08:41:54.613+0000 7f36caffd640 1 -- 172.21.15.78:0/789941104 <== mon.0 v2:172.21.15.78:3300/0 2 ==== config(23 keys) v1 ==== 976+0+0 (secure 0 0 0) 0x7f36d0030d10 con 0x7f36d4102250
2024-09-17T08:41:58.089 INFO:teuthology.orchestra.run.smithi078.stdout:/usr/bin/ceph: stderr
2024-09-17T08:41:54.613+0000 7f36caffd640 1 -- 172.21.15.78:0/789941104 <== mon.0 v2:172.21.15.78:3300/0 3 ==== mon_map magic: 0 v1 ==== 205+0+0 (secure 0 0 0) 0x7f36d003a520 con 0x7f36d4102250
2024-09-17T08:41:58.089 INFO:teuthology.orchestra.run.smithi078.stdout:/usr/bin/ceph: stderr
2024-09-17T08:41:54.613+0000 7f36dbb70640 1 -- 172.21.15.78:0/789941104 --> [v2:172.21.15.78:3300/0,v1:172.21.15.78:6789/0] -- mon_subscribe({mgrmap=0+}) v3 -- 0x7f36d4199ed0 con 0x7f36d4102250
2024-09-17T08:41:58.089 INFO:teuthology.orchestra.run.smithi078.stdout:/usr/bin/ceph: stderr
2024-09-17T08:41:54.613+0000 7f36dbb70640 1 -- 172.21.15.78:0/789941104 --> [v2:172.21.15.78:3300/0,v1:172.21.15.78:6789/0] -- mon_subscribe({osdmap=0}) v3 -- 0x7f36d419a370 con 0x7f36d4102250
2024-09-17T08:41:58.089 INFO:teuthology.orchestra.run.smithi078.stdout:/usr/bin/ceph: stderr
2024-09-17T08:41:54.613+0000 7f36caffd640 1 -- 172.21.15.78:0/789941104 <== mon.0 v2:172.21.15.78:3300/0 4 ==== mgrmap(e 5) v1 ==== 45541+0+0 (secure 0 0 0) 0x7f36d0039040 con 0x7f36d4102250
2024-09-17T08:41:58.089 INFO:teuthology.orchestra.run.smithi078.stdout:/usr/bin/ceph: stderr
2024-09-17T08:41:54.613+0000 7f36caffd640 1 --2- 172.21.15.78:0/789941104 >> [v2:172.21.15.78:6800/3976204901,v1:172.21.15.78:6801/3976204901] conn(0x7f36c0038670 0x7f36c003ab30 unknown :-1 s=NONE pgs=0 cs=0 l=1 rev1=0 crypto rx=0 tx=0 comp rx=0 tx=0).connect
2024-09-17T08:41:58.090 INFO:teuthology.orchestra.run.smithi078.stdout:/usr/bin/ceph: stderr
2024-09-17T08:41:54.613+0000 7f36caffd640 1 -- 172.21.15.78:0/789941104 --> [v2:172.21.15.78:6800/3976204901,v1:172.21.15.78:6801/3976204901] -- command(tid 0: {"prefix": "get_command_descriptions"}) v1 -- 0x7f36c003b240 con 0x7f36c0038670
2024-09-17T08:41:58.090 INFO:teuthology.orchestra.run.smithi078.stdout:/usr/bin/ceph: stderr
2024-09-17T08:41:54.613+0000 7f36caffd640 1 -- 172.21.15.78:0/789941104 <== mon.0 v2:172.21.15.78:3300/0 5 ==== osd_map(1..1 src has 1..1) v4 ==== 725+0+0 (secure 0 0 0) 0x7f36d006b6e0 con 0x7f36d4102250
2024-09-17T08:41:58.090 INFO:teuthology.orchestra.run.smithi078.stdout:/usr/bin/ceph: stderr
2024-09-17T08:41:54.613+0000 7f36d910b640 1 -- 172.21.15.78:0/789941104 >> [v2:172.21.15.78:6800/3976204901,v1:172.21.15.78:6801/3976204901] conn(0x7f36c0038670 msgr2=0x7f36c003ab30 unknown :-1 s=STATE_CONNECTING_RE l=1).process reconnect failed to v2:172.21.15.78:6800/3976204901
2024-09-17T08:41:58.090 INFO:teuthology.orchestra.run.smithi078.stdout:/usr/bin/ceph: stderr
2024-09-17T08:41:54.613+0000 7f36d910b640 1 --2- 172.21.15.78:0/789941104 >> [v2:172.21.15.78:6800/3976204901,v1:172.21.15.78:6801/3976204901] conn(0x7f36c0038670 0x7f36c003ab30 unknown :-1 s=START_CONNECT pgs=0 cs=0 l=1 rev1=0 crypto rx=0 tx=0 comp rx=0 tx=0)._fault waiting 0.200000
2024-09-17T08:41:58.090 INFO:teuthology.orchestra.run.smithi078.stdout:/usr/bin/ceph: stderr
2024-09-17T08:41:54.813+0000 7f36d910b640 1 -- 172.21.15.78:0/789941104 >> [v2:172.21.15.78:6800/3976204901,v1:172.21.15.78:6801/3976204901] conn(0x7f36c0038670 msgr2=0x7f36c003ab30 unknown :-1 s=STATE_CONNECTING_RE l=1).process reconnect failed to v2:172.21.15.78:6800/3976204901
2024-09-17T08:41:58.090 INFO:teuthology.orchestra.run.smithi078.stdout:/usr/bin/ceph: stderr
2024-09-17T08:41:54.813+0000 7f36d910b640 1 --2- 172.21.15.78:0/789941104 >> [v2:172.21.15.78:6800/3976204901,v1:172.21.15.78:6801/3976204901] conn(0x7f36c0038670 0x7f36c003ab30 unknown :-1 s=START_CONNECT pgs=0 cs=0 l=1 rev1=0 crypto rx=0 tx=0 comp rx=0 tx=0)._fault waiting 0.400000
2024-09-17T08:41:58.090 INFO:teuthology.orchestra.run.smithi078.stdout:/usr/bin/ceph: stderr
2024-09-17T08:41:55.213+0000 7f36d910b640 1 -- 172.21.15.78:0/789941104 >> [v2:172.21.15.78:6800/3976204901,v1:172.21.15.78:6801/3976204901] conn(0x7f36c0038670 msgr2=0x7f36c003ab30 unknown :-1 s=STATE_CONNECTING_RE l=1).process reconnect failed to v2:172.21.15.78:6800/3976204901
2024-09-17T08:41:58.090 INFO:teuthology.orchestra.run.smithi078.stdout:/usr/bin/ceph: stderr
2024-09-17T08:41:55.213+0000 7f36d910b640 1 --2- 172.21.15.78:0/789941104 >> [v2:172.21.15.78:6800/3976204901,v1:172.21.15.78:6801/3976204901] conn(0x7f36c0038670 0x7f36c003ab30 unknown :-1 s=START_CONNECT pgs=0 cs=0 l=1 rev1=0 crypto rx=0 tx=0 comp rx=0 tx=0)._fault waiting 0.800000
2024-09-17T08:41:58.090 INFO:teuthology.orchestra.run.smithi078.stdout:/usr/bin/ceph: stderr
2024-09-17T08:41:56.017+0000 7f36d910b640 1 -- 172.21.15.78:0/789941104 >> [v2:172.21.15.78:6800/3976204901,v1:172.21.15.78:6801/3976204901] conn(0x7f36c0038670 msgr2=0x7f36c003ab30 unknown :-1 s=STATE_CONNECTING_RE l=1).process reconnect failed to v2:172.21.15.78:6800/3976204901
2024-09-17T08:41:58.091 INFO:teuthology.orchestra.run.smithi078.stdout:/usr/bin/ceph: stderr
2024-09-17T08:41:56.017+0000 7f36d910b640 1 --2- 172.21.15.78:0/789941104 >> [v2:172.21.15.78:6800/3976204901,v1:172.21.15.78:6801/3976204901] conn(0x7f36c0038670 0x7f36c003ab30 unknown :-1 s=START_CONNECT pgs=0 cs=0 l=1 rev1=0 crypto rx=0 tx=0 comp rx=0 tx=0)._fault waiting 1.600000
2024-09-17T08:41:58.091 INFO:teuthology.orchestra.run.smithi078.stdout:/usr/bin/ceph: stderr
2024-09-17T08:41:56.437+0000 7f36caffd640 1 -- 172.21.15.78:0/789941104 <== mon.0 v2:172.21.15.78:3300/0 6 ==== mgrmap(e 6) v1 ==== 45308+0+0 (secure 0 0 0) 0x7f36d006a520 con 0x7f36d4102250
2024-09-17T08:41:58.091 INFO:teuthology.orchestra.run.smithi078.stdout:/usr/bin/ceph: stderr
2024-09-17T08:41:56.437+0000 7f36caffd640 1 -- 172.21.15.78:0/789941104 >> [v2:172.21.15.78:6800/3976204901,v1:172.21.15.78:6801/3976204901] conn(0x7f36c0038670 msgr2=0x7f36c003ab30 unknown :-1 s=STATE_CONNECTING l=1).mark_down
2024-09-17T08:41:58.091 INFO:teuthology.orchestra.run.smithi078.stdout:/usr/bin/ceph: stderr
2024-09-17T08:41:56.437+0000 7f36caffd640 1 --2- 172.21.15.78:0/789941104 >> [v2:172.21.15.78:6800/3976204901,v1:172.21.15.78:6801/3976204901] conn(0x7f36c0038670 0x7f36c003ab30 unknown :-1 s=START_CONNECT pgs=0 cs=0 l=1 rev1=0 crypto rx=0 tx=0 comp rx=0 tx=0).stop
2024-09-17T08:41:58.091 INFO:teuthology.orchestra.run.smithi078.stdout:/usr/bin/ceph: stderr
2024-09-17T08:41:57.437+0000 7f36caffd640 1 -- 172.21.15.78:0/789941104 <== mon.0 v2:172.21.15.78:3300/0 7 ==== mgrmap(e 7) v1 ==== 45435+0+0 (secure 0 0 0) 0x7f36d006d6e0 con 0x7f36d4102250
2024-09-17T08:41:58.091 INFO:teuthology.orchestra.run.smithi078.stdout:/usr/bin/ceph: stderr
2024-09-17T08:41:57.437+0000 7f36caffd640 1 --2- 172.21.15.78:0/789941104 >> [v2:172.21.15.78:6800/2109055855,v1:172.21.15.78:6801/2109055855] conn(0x7f36c003bf50 0x7f36c003e340 unknown :-1 s=NONE pgs=0 cs=0 l=1 rev1=0 crypto rx=0 tx=0 comp rx=0 tx=0).connect
2024-09-17T08:41:58.091 INFO:teuthology.orchestra.run.smithi078.stdout:/usr/bin/ceph: stderr
2024-09-17T08:41:57.437+0000 7f36caffd640 1 -- 172.21.15.78:0/789941104 --> [v2:172.21.15.78:6800/2109055855,v1:172.21.15.78:6801/2109055855] -- command(tid 0: {"prefix": "get_command_descriptions"}) v1 -- 0x7f36c003b240 con 0x7f36c003bf50
2024-09-17T08:41:58.091 INFO:teuthology.orchestra.run.smithi078.stdout:/usr/bin/ceph: stderr
2024-09-17T08:41:57.437+0000 7f36d910b640 1 --2- 172.21.15.78:0/789941104 >> [v2:172.21.15.78:6800/2109055855,v1:172.21.15.78:6801/2109055855] conn(0x7f36c003bf50 0x7f36c003e340 unknown :-1 s=BANNER_CONNECTING pgs=0 cs=0 l=1 rev1=0 crypto rx=0 tx=0 comp rx=0 tx=0)._handle_peer_banner_payload supported=3 required=0
2024-09-17T08:41:58.091 INFO:teuthology.orchestra.run.smithi078.stdout:/usr/bin/ceph: stderr
2024-09-17T08:41:57.437+0000 7f36d910b640 1 --2- 172.21.15.78:0/789941104 >> [v2:172.21.15.78:6800/2109055855,v1:172.21.15.78:6801/2109055855] conn(0x7f36c003bf50 0x7f36c003e340 secure :-1 s=READY pgs=2 cs=0 l=1 rev1=1 crypto rx=0x7f36c4003980 tx=0x7f36c40092b0 comp rx=0 tx=0).ready entity=mgr.14118 client_cookie=0 server_cookie=0 in_seq=0 out_seq=0
2024-09-17T08:41:58.091 INFO:teuthology.orchestra.run.smithi078.stdout:/usr/bin/ceph: stderr
2024-09-17T08:41:57.441+0000 7f36caffd640 1 -- 172.21.15.78:0/789941104 <== mgr.14118 v2:172.21.15.78:6800/2109055855 1 ==== command_reply(tid 0: 0 ) v1 ==== 8+0+7774 (secure 0 0 0) 0x7f36c003b240 con 0x7f36c003bf50
2024-09-17T08:41:58.092 INFO:teuthology.orchestra.run.smithi078.stdout:/usr/bin/ceph: stderr
2024-09-17T08:41:57.449+0000 7f36dbb70640 1 -- 172.21.15.78:0/789941104 --> [v2:172.21.15.78:6800/2109055855,v1:172.21.15.78:6801/2109055855] -- command(tid 1: {"prefix": "mgr_status"}) v1 -- 0x7f36d41037c0 con 0x7f36c003bf50
2024-09-17T08:41:58.092 INFO:teuthology.orchestra.run.smithi078.stdout:/usr/bin/ceph: stderr
2024-09-17T08:41:57.449+0000 7f36caffd640 1 -- 172.21.15.78:0/789941104 <== mgr.14118 v2:172.21.15.78:6800/2109055855 2 ==== command_reply(tid 1: 0 ) v1 ==== 8+0+51 (secure 0 0 0) 0x7f36d41037c0 con 0x7f36c003bf50
2024-09-17T08:41:58.092 INFO:teuthology.orchestra.run.smithi078.stdout:/usr/bin/ceph: stderr
2024-09-17T08:41:57.449+0000 7f36dbb70640 1 -- 172.21.15.78:0/789941104 >> [v2:172.21.15.78:6800/2109055855,v1:172.21.15.78:6801/2109055855] conn(0x7f36c003bf50 msgr2=0x7f36c003e340 secure :-1 s=STATE_CONNECTION_ESTABLISHED l=1).mark_down
2024-09-17T08:41:58.092 INFO:teuthology.orchestra.run.smithi078.stdout:/usr/bin/ceph: stderr
2024-09-17T08:41:57.449+0000 7f36dbb70640 1 --2- 172.21.15.78:0/789941104 >> [v2:172.21.15.78:6800/2109055855,v1:172.21.15.78:6801/2109055855] conn(0x7f36c003bf50 0x7f36c003e340 secure :-1 s=READY pgs=2 cs=0 l=1 rev1=1 crypto rx=0x7f36c4003980 tx=0x7f36c40092b0 comp rx=0 tx=0).stop
2024-09-17T08:41:58.092 INFO:teuthology.orchestra.run.smithi078.stdout:/usr/bin/ceph: stderr
2024-09-17T08:41:57.449+0000 7f36dbb70640 1 -- 172.21.15.78:0/789941104 >> [v2:172.21.15.78:3300/0,v1:172.21.15.78:6789/0] conn(0x7f36d4102250 msgr2=0x7f36d4199790 secure :-1 s=STATE_CONNECTION_ESTABLISHED l=1).mark_down
2024-09-17T08:41:58.092 INFO:teuthology.orchestra.run.smithi078.stdout:/usr/bin/ceph: stderr
2024-09-17T08:41:57.449+0000 7f36dbb70640 1 --2- 172.21.15.78:0/789941104 >> [v2:172.21.15.78:3300/0,v1:172.21.15.78:6789/0] conn(0x7f36d4102250 0x7f36d4199790 secure :-1 s=READY pgs=27 cs=0 l=1 rev1=1 crypto rx=0x7f36d00097f0 tx=0x7f36d0032c10 comp rx=0 tx=0).stop
2024-09-17T08:41:58.092 INFO:teuthology.orchestra.run.smithi078.stdout:/usr/bin/ceph: stderr
2024-09-17T08:41:57.449+0000 7f36dbb70640 1 -- 172.21.15.78:0/789941104 shutdown_connections
2024-09-17T08:41:58.092 INFO:teuthology.orchestra.run.smithi078.stdout:/usr/bin/ceph: stderr
2024-09-17T08:41:57.449+0000 7f36dbb70640 1 --2- 172.21.15.78:0/789941104 >> [v2:172.21.15.78:6800/2109055855,v1:172.21.15.78:6801/2109055855] conn(0x7f36c003bf50 0x7f36c003e340 unknown :-1 s=CLOSED pgs=2 cs=0 l=1 rev1=1 crypto rx=0 tx=0 comp rx=0 tx=0).stop
2024-09-17T08:41:58.092 INFO:teuthology.orchestra.run.smithi078.stdout:/usr/bin/ceph: stderr
2024-09-17T08:41:57.449+0000 7f36dbb70640 1 --2- 172.21.15.78:0/789941104 >> [v2:172.21.15.78:6800/3976204901,v1:172.21.15.78:6801/3976204901] conn(0x7f36c0038670 0x7f36c003ab30 unknown :-1 s=CLOSED pgs=0 cs=0 l=1 rev1=0 crypto rx=0 tx=0 comp rx=0 tx=0).stop
2024-09-17T08:41:58.092 INFO:teuthology.orchestra.run.smithi078.stdout:/usr/bin/ceph: stderr
2024-09-17T08:41:57.449+0000 7f36dbb70640 1 --2- 172.21.15.78:0/789941104 >> [v2:172.21.15.78:3300/0,v1:172.21.15.78:6789/0] conn(0x7f36d4102250 0x7f36d4199790 unknown :-1 s=CLOSED pgs=27 cs=0 l=1 rev1=1 crypto rx=0 tx=0 comp rx=0 tx=0).stop
2024-09-17T08:41:58.092 INFO:teuthology.orchestra.run.smithi078.stdout:/usr/bin/ceph: stderr
2024-09-17T08:41:57.449+0000 7f36dbb70640 1 -- 172.21.15.78:0/789941104 >> 172.21.15.78:0/789941104 conn(0x7f36d40fe040 msgr2=0x7f36d4190670 unknown :-1 s=STATE_NONE l=0).mark_down
2024-09-17T08:41:58.092 INFO:teuthology.orchestra.run.smithi078.stdout:/usr/bin/ceph: stderr
2024-09-17T08:41:57.453+0000 7f36dbb70640 1 -- 172.21.15.78:0/789941104 shutdown_connections
2024-09-17T08:41:58.092 INFO:teuthology.orchestra.run.smithi078.stdout:/usr/bin/ceph: stderr
2024-09-17T08:41:57.453+0000 7f36dbb70640 1 -- 172.21.15.78:0/789941104 wait complete.
2024-09-17T08:41:58.093 INFO:teuthology.orchestra.run.smithi078.stdout:mgr epoch 5 is available
2024-09-17T08:41:58.093 INFO:teuthology.orchestra.run.smithi078.stdout:Setting orchestrator backend to cephadm...
2024-09-17T08:41:58.500 INFO:journalctl@ceph.mgr.y.smithi078.stdout:Sep 17 08:41:58 smithi078 bash[22923]: debug
2024-09-17T08:41:58.381+0000 7f2391065640 -1 log_channel(cephadm) log [ERR] : [17/Sep/2024:08:41:58] ENGINE Error in HTTPServer.serve
2024-09-17T08:41:58.500 INFO:journalctl@ceph.mgr.y.smithi078.stdout:Sep 17 08:41:58 smithi078 bash[22923]: Traceback (most recent call last):
2024-09-17T08:41:58.500 INFO:journalctl@ceph.mgr.y.smithi078.stdout:Sep 17 08:41:58 smithi078 bash[22923]: File "/lib/python3.9/site-packages/cheroot/server.py", line 1823, in serve
2024-09-17T08:41:58.500 INFO:journalctl@ceph.mgr.y.smithi078.stdout:Sep 17 08:41:58 smithi078 bash[22923]: self._connections.run(self.expiration_interval)
2024-09-17T08:41:58.500 INFO:journalctl@ceph.mgr.y.smithi078.stdout:Sep 17 08:41:58 smithi078 bash[22923]: File "/lib/python3.9/site-packages/cheroot/connections.py", line 203, in run
2024-09-17T08:41:58.500 INFO:journalctl@ceph.mgr.y.smithi078.stdout:Sep 17 08:41:58 smithi078 bash[22923]: self._run(expiration_interval)
2024-09-17T08:41:58.501 INFO:journalctl@ceph.mgr.y.smithi078.stdout:Sep 17 08:41:58 smithi078 bash[22923]: File "/lib/python3.9/site-packages/cheroot/connections.py", line 246, in _run
2024-09-17T08:41:58.501 INFO:journalctl@ceph.mgr.y.smithi078.stdout:Sep 17 08:41:58 smithi078 bash[22923]: new_conn = self._from_server_socket(self.server.socket)
2024-09-17T08:41:58.501 INFO:journalctl@ceph.mgr.y.smithi078.stdout:Sep 17 08:41:58 smithi078 bash[22923]: File "/lib/python3.9/site-packages/cheroot/connections.py", line 300, in _from_server_socket
2024-09-17T08:41:58.501 INFO:journalctl@ceph.mgr.y.smithi078.stdout:Sep 17 08:41:58 smithi078 bash[22923]: s, ssl_env = self.server.ssl_adapter.wrap(s)
2024-09-17T08:41:58.501 INFO:journalctl@ceph.mgr.y.smithi078.stdout:Sep 17 08:41:58 smithi078 bash[22923]: File "/lib/python3.9/site-packages/cheroot/ssl/builtin.py", line 277, in wrap
2024-09-17T08:41:58.501 INFO:journalctl@ceph.mgr.y.smithi078.stdout:Sep 17 08:41:58 smithi078 bash[22923]: s = self.context.wrap_socket(
2024-09-17T08:41:58.501 INFO:journalctl@ceph.mgr.y.smithi078.stdout:Sep 17 08:41:58 smithi078 bash[22923]: File "/lib64/python3.9/ssl.py", line 501, in wrap_socket
2024-09-17T08:41:58.501 INFO:journalctl@ceph.mgr.y.smithi078.stdout:Sep 17 08:41:58 smithi078 bash[22923]: return self.sslsocket_class._create(
2024-09-17T08:41:58.501 INFO:journalctl@ceph.mgr.y.smithi078.stdout:Sep 17 08:41:58 smithi078 bash[22923]: File "/lib64/python3.9/ssl.py", line 1074, in _create
2024-09-17T08:41:58.501 INFO:journalctl@ceph.mgr.y.smithi078.stdout:Sep 17 08:41:58 smithi078 bash[22923]: self.do_handshake()
2024-09-17T08:41:58.501 INFO:journalctl@ceph.mgr.y.smithi078.stdout:Sep 17 08:41:58 smithi078 bash[22923]: File "/lib64/python3.9/ssl.py", line 1343, in do_handshake
2024-09-17T08:41:58.501 INFO:journalctl@ceph.mgr.y.smithi078.stdout:Sep 17 08:41:58 smithi078 bash[22923]: self._sslobj.do_handshake()
2024-09-17T08:41:58.501 INFO:journalctl@ceph.mgr.y.smithi078.stdout:Sep 17 08:41:58 smithi078 bash[22923]: ssl.SSLZeroReturnError: TLS/SSL connection has been closed (EOF) (_ssl.c:1133)
2024-09-17T08:41:58.855 INFO:journalctl@ceph.mon.a.smithi078.stdout:Sep 17 08:41:58 smithi078 bash[22670]: audit
2024-09-17T08:41:57.442584+0000 mgr.y (mgr.14118) 2 : audit [DBG] from='client.14122 -' entity='client.admin' cmd=[{"prefix": "get_command_descriptions"}]: dispatch
2024-09-17T08:41:58.855 INFO:journalctl@ceph.mon.a.smithi078.stdout:Sep 17 08:41:58 smithi078 bash[22670]: audit
2024-09-17T08:41:57.453749+0000 mgr.y (mgr.14118) 3 : audit [DBG] from='client.14122 -' entity='client.admin' cmd=[{"prefix": "mgr_status"}]: dispatch
2024-09-17T08:41:58.855 INFO:journalctl@ceph.mon.a.smithi078.stdout:Sep 17 08:41:58 smithi078 bash[22670]: audit
2024-09-17T08:41:58.481713+0000 mon.a (mon.0) 49 : audit [DBG] from='mgr.14118 172.21.15.78:0/132909293' entity='mgr.y' cmd=[{"prefix": "config dump", "format": "json"}]: dispatch
2024-09-17T08:41:59.799 INFO:journalctl@ceph.mon.a.smithi078.stdout:Sep 17 08:41:59 smithi078 bash[22670]: cephadm
2024-09-17T08:41:58.257538+0000 mgr.y (mgr.14118) 4 : cephadm [INF] [17/Sep/2024:08:41:58] ENGINE Bus STARTING
2024-09-17T08:41:59.799 INFO:journalctl@ceph.mon.a.smithi078.stdout:Sep 17 08:41:59 smithi078 bash[22670]: cephadm
2024-09-17T08:41:58.379219+0000 mgr.y (mgr.14118) 5 : cephadm [INF] [17/Sep/2024:08:41:58] ENGINE Serving on https://172.21.15.78:7150
2024-09-17T08:41:59.799 INFO:journalctl@ceph.mon.a.smithi078.stdout:Sep 17 08:41:59 smithi078 bash[22670]: cephadm
2024-09-17T08:41:58.383115+0000 mgr.y (mgr.14118) 6 : cephadm [ERR] [17/Sep/2024:08:41:58] ENGINE Error in HTTPServer.serve
2024-09-17T08:41:59.799 INFO:journalctl@ceph.mon.a.smithi078.stdout:Sep 17 08:41:59 smithi078 bash[22670]: Traceback (most recent call last):
2024-09-17T08:41:59.799 INFO:journalctl@ceph.mon.a.smithi078.stdout:Sep 17 08:41:59 smithi078 bash[22670]: File "/lib/python3.9/site-packages/cheroot/server.py", line 1823, in serve
2024-09-17T08:41:59.799 INFO:journalctl@ceph.mon.a.smithi078.stdout:Sep 17 08:41:59 smithi078 bash[22670]: self._connections.run(self.expiration_interval)
2024-09-17T08:41:59.799 INFO:journalctl@ceph.mon.a.smithi078.stdout:Sep 17 08:41:59 smithi078 bash[22670]: File "/lib/python3.9/site-packages/cheroot/connections.py", line 203, in run
2024-09-17T08:41:59.799 INFO:journalctl@ceph.mon.a.smithi078.stdout:Sep 17 08:41:59 smithi078 bash[22670]: self._run(expiration_interval)
2024-09-17T08:41:59.799 INFO:journalctl@ceph.mon.a.smithi078.stdout:Sep 17 08:41:59 smithi078 bash[22670]: File "/lib/python3.9/site-packages/cheroot/connections.py", line 246, in _run
2024-09-17T08:41:59.800 INFO:journalctl@ceph.mon.a.smithi078.stdout:Sep 17 08:41:59 smithi078 bash[22670]: new_conn = self._from_server_socket(self.server.socket)
2024-09-17T08:41:59.800 INFO:journalctl@ceph.mon.a.smithi078.stdout:Sep 17 08:41:59 smithi078 bash[22670]: File "/lib/python3.9/site-packages/cheroot/connections.py", line 300, in _from_server_socket
2024-09-17T08:41:59.800 INFO:journalctl@ceph.mon.a.smithi078.stdout:Sep 17 08:41:59 smithi078 bash[22670]: s, ssl_env = self.server.ssl_adapter.wrap(s)
2024-09-17T08:41:59.800 INFO:journalctl@ceph.mon.a.smithi078.stdout:Sep 17 08:41:59 smithi078 bash[22670]: File "/lib/python3.9/site-packages/cheroot/ssl/builtin.py", line 277, in wrap
2024-09-17T08:41:59.800 INFO:journalctl@ceph.mon.a.smithi078.stdout:Sep 17 08:41:59 smithi078 bash[22670]: s = self.context.wrap_socket(
2024-09-17T08:41:59.800 INFO:journalctl@ceph.mon.a.smithi078.stdout:Sep 17 08:41:59 smithi078 bash[22670]: File "/lib64/python3.9/ssl.py", line 501, in wrap_socket
2024-09-17T08:41:59.800 INFO:journalctl@ceph.mon.a.smithi078.stdout:Sep 17 08:41:59 smithi078 bash[22670]: return self.sslsocket_class._create(
2024-09-17T08:41:59.800 INFO:journalctl@ceph.mon.a.smithi078.stdout:Sep 17 08:41:59 smithi078 bash[22670]: File "/lib64/python3.9/ssl.py", line 1074, in _create
2024-09-17T08:41:59.800 INFO:journalctl@ceph.mon.a.smithi078.stdout:Sep 17 08:41:59 smithi078 bash[22670]: self.do_handshake()
2024-09-17T08:41:59.800 INFO:journalctl@ceph.mon.a.smithi078.stdout:Sep 17 08:41:59 smithi078 bash[22670]: File "/lib64/python3.9/ssl.py", line 1343, in do_handshake
2024-09-17T08:41:59.801 INFO:journalctl@ceph.mon.a.smithi078.stdout:Sep 17 08:41:59 smithi078 bash[22670]: self._sslobj.do_handshake()
2024-09-17T08:41:59.801 INFO:journalctl@ceph.mon.a.smithi078.stdout:Sep 17 08:41:59 smithi078 bash[22670]: ssl.SSLZeroReturnError: TLS/SSL connection has been closed (EOF) (_ssl.c:1133)
2024-09-17T08:41:59.801 INFO:journalctl@ceph.mon.a.smithi078.stdout:Sep 17 08:41:59 smithi078 bash[22670]: cephadm
2024-09-17T08:41:58.480412+0000 mgr.y (mgr.14118) 7 : cephadm [INF] [17/Sep/2024:08:41:58] ENGINE Serving on http://172.21.15.78:8765
2024-09-17T08:41:59.801 INFO:journalctl@ceph.mon.a.smithi078.stdout:Sep 17 08:41:59 smithi078 bash[22670]: cephadm
2024-09-17T08:41:58.480543+0000 mgr.y (mgr.14118) 8 : cephadm [INF] [17/Sep/2024:08:41:58] ENGINE Bus STARTED
2024-09-17T08:41:59.801 INFO:journalctl@ceph.mon.a.smithi078.stdout:Sep 17 08:41:59 smithi078 bash[22670]: cluster
2024-09-17T08:41:58.497003+0000 mon.a (mon.0) 50 : cluster [DBG] mgrmap e8: y(active, since 2s)
2024-09-17T08:42:00.186 INFO:teuthology.orchestra.run.smithi078.stdout:/usr/bin/ceph: stderr
2024-09-17T08:41:59.241+0000 7febabf64640 1 Processor -- start
2024-09-17T08:42:00.186 INFO:teuthology.orchestra.run.smithi078.stdout:/usr/bin/ceph: stderr
2024-09-17T08:41:59.241+0000 7febabf64640 1 -- start start
2024-09-17T08:42:00.186 INFO:teuthology.orchestra.run.smithi078.stdout:/usr/bin/ceph: stderr
2024-09-17T08:41:59.241+0000 7febabf64640 1 --2- >> [v2:172.21.15.78:3300/0,v1:172.21.15.78:6789/0] conn(0x7feba4105b80 0x7feba4105f80 unknown :-1 s=NONE pgs=0 cs=0 l=0 rev1=0 crypto rx=0 tx=0 comp rx=0 tx=0).connect
2024-09-17T08:42:00.187 INFO:teuthology.orchestra.run.smithi078.stdout:/usr/bin/ceph: stderr
2024-09-17T08:41:59.241+0000 7febabf64640 1 -- --> [v2:172.21.15.78:3300/0,v1:172.21.15.78:6789/0] -- mon_getmap magic: 0 v1 -- 0x7feba4106550 con 0x7feba4105b80
2024-09-17T08:42:00.187 INFO:teuthology.orchestra.run.smithi078.stdout:/usr/bin/ceph: stderr
2024-09-17T08:41:59.241+0000 7feba9d00640 1 --2- >> [v2:172.21.15.78:3300/0,v1:172.21.15.78:6789/0] conn(0x7feba4105b80 0x7feba4105f80 unknown :-1 s=BANNER_CONNECTING pgs=0 cs=0 l=0 rev1=0 crypto rx=0 tx=0 comp rx=0 tx=0)._handle_peer_banner_payload supported=3 required=0
2024-09-17T08:42:00.187 INFO:teuthology.orchestra.run.smithi078.stdout:/usr/bin/ceph: stderr
2024-09-17T08:41:59.241+0000 7feba9d00640 1 --2- >> [v2:172.21.15.78:3300/0,v1:172.21.15.78:6789/0] conn(0x7feba4105b80 0x7feba4105f80 unknown :-1 s=HELLO_CONNECTING pgs=0 cs=0 l=0 rev1=1 crypto rx=0 tx=0 comp rx=0 tx=0).handle_hello peer v2:172.21.15.78:3300/0 says I am v2:172.21.15.78:43444/0 (socket says 172.21.15.78:43444)
2024-09-17T08:42:00.187 INFO:teuthology.orchestra.run.smithi078.stdout:/usr/bin/ceph: stderr
2024-09-17T08:41:59.241+0000 7feba9d00640 1 -- 172.21.15.78:0/784556765 learned_addr learned my addr 172.21.15.78:0/784556765 (peer_addr_for_me v2:172.21.15.78:0/0)
2024-09-17T08:42:00.187 INFO:teuthology.orchestra.run.smithi078.stdout:/usr/bin/ceph: stderr
2024-09-17T08:41:59.241+0000 7feba9d00640 1 -- 172.21.15.78:0/784556765 --> [v2:172.21.15.78:3300/0,v1:172.21.15.78:6789/0] -- mon_subscribe({config=0+,monmap=0+}) v3 -- 0x7feba4106d80 con 0x7feba4105b80
2024-09-17T08:42:00.187 INFO:teuthology.orchestra.run.smithi078.stdout:/usr/bin/ceph: stderr
2024-09-17T08:41:59.241+0000 7feba9d00640 1 --2- 172.21.15.78:0/784556765 >> [v2:172.21.15.78:3300/0,v1:172.21.15.78:6789/0] conn(0x7feba4105b80 0x7feba4105f80 secure :-1 s=READY pgs=35 cs=0 l=1 rev1=1 crypto rx=0x7feba0009820 tx=0x7feba002a270 comp rx=0 tx=0).ready entity=mon.0 client_cookie=ec8b397e1eaddd31 server_cookie=0 in_seq=0 out_seq=0
2024-09-17T08:42:00.187 INFO:teuthology.orchestra.run.smithi078.stdout:/usr/bin/ceph: stderr
2024-09-17T08:41:59.241+0000 7feba8cfe640 1 -- 172.21.15.78:0/784556765 <== mon.0 v2:172.21.15.78:3300/0 1 ==== mon_map magic: 0 v1 ==== 205+0+0 (secure 0 0 0) 0x7feba002ae70 con 0x7feba4105b80
2024-09-17T08:42:00.187 INFO:teuthology.orchestra.run.smithi078.stdout:/usr/bin/ceph: stderr
2024-09-17T08:41:59.241+0000 7feba8cfe640 1 -- 172.21.15.78:0/784556765 <== mon.0 v2:172.21.15.78:3300/0 2 ==== config(23 keys) v1 ==== 976+0+0 (secure 0 0 0) 0x7feba0032870 con 0x7feba4105b80
2024-09-17T08:42:00.187 INFO:teuthology.orchestra.run.smithi078.stdout:/usr/bin/ceph: stderr
2024-09-17T08:41:59.241+0000 7feba8cfe640 1 -- 172.21.15.78:0/784556765 <== mon.0 v2:172.21.15.78:3300/0 3 ==== mon_map magic: 0 v1 ==== 205+0+0 (secure 0 0 0) 0x7feba0030690 con 0x7feba4105b80
2024-09-17T08:42:00.188 INFO:teuthology.orchestra.run.smithi078.stdout:/usr/bin/ceph: stderr
2024-09-17T08:41:59.245+0000 7febabf64640 1 -- 172.21.15.78:0/784556765 >> [v2:172.21.15.78:3300/0,v1:172.21.15.78:6789/0] conn(0x7feba4105b80 msgr2=0x7feba4105f80 secure :-1 s=STATE_CONNECTION_ESTABLISHED l=1).mark_down
2024-09-17T08:42:00.188 INFO:teuthology.orchestra.run.smithi078.stdout:/usr/bin/ceph: stderr
2024-09-17T08:41:59.245+0000 7febabf64640 1 --2- 172.21.15.78:0/784556765 >> [v2:172.21.15.78:3300/0,v1:172.21.15.78:6789/0] conn(0x7feba4105b80 0x7feba4105f80 secure :-1 s=READY pgs=35 cs=0 l=1 rev1=1 crypto rx=0x7feba0009820 tx=0x7feba002a270 comp rx=0 tx=0).stop
2024-09-17T08:42:00.188 INFO:teuthology.orchestra.run.smithi078.stdout:/usr/bin/ceph: stderr
2024-09-17T08:41:59.245+0000 7febabf64640 1 -- 172.21.15.78:0/784556765 shutdown_connections
2024-09-17T08:42:00.188 INFO:teuthology.orchestra.run.smithi078.stdout:/usr/bin/ceph: stderr
2024-09-17T08:41:59.245+0000 7febabf64640 1 --2- 172.21.15.78:0/784556765 >> [v2:172.21.15.78:3300/0,v1:172.21.15.78:6789/0] conn(0x7feba4105b80 0x7feba4105f80 unknown :-1 s=CLOSED pgs=35 cs=0 l=1 rev1=1 crypto rx=0 tx=0 comp rx=0 tx=0).stop
2024-09-17T08:42:00.188 INFO:teuthology.orchestra.run.smithi078.stdout:/usr/bin/ceph: stderr
2024-09-17T08:41:59.245+0000 7febabf64640 1 -- 172.21.15.78:0/784556765 >> 172.21.15.78:0/784556765 conn(0x7feba40791a0 msgr2=0x7feba4103d80 unknown :-1 s=STATE_NONE l=0).mark_down
2024-09-17T08:42:00.190 INFO:teuthology.orchestra.run.smithi078.stdout:/usr/bin/ceph: stderr
2024-09-17T08:41:59.245+0000 7febabf64640 1 -- 172.21.15.78:0/784556765 shutdown_connections
2024-09-17T08:42:00.190 INFO:teuthology.orchestra.run.smithi078.stdout:/usr/bin/ceph: stderr
2024-09-17T08:41:59.245+0000 7febabf64640 1 -- 172.21.15.78:0/784556765 wait complete.
2024-09-17T08:42:00.190 INFO:teuthology.orchestra.run.smithi078.stdout:/usr/bin/ceph: stderr
2024-09-17T08:41:59.245+0000 7febabf64640 1 Processor -- start
2024-09-17T08:42:00.190 INFO:teuthology.orchestra.run.smithi078.stdout:/usr/bin/ceph: stderr
2024-09-17T08:41:59.245+0000 7febabf64640 1 -- start start
2024-09-17T08:42:00.190 INFO:teuthology.orchestra.run.smithi078.stdout:/usr/bin/ceph: stderr
2024-09-17T08:41:59.245+0000 7febabf64640 1 --2- >> [v2:172.21.15.78:3300/0,v1:172.21.15.78:6789/0] conn(0x7feba4105b80 0x7feba4199780 unknown :-1 s=NONE pgs=0 cs=0 l=1 rev1=0 crypto rx=0 tx=0 comp rx=0 tx=0).connect
2024-09-17T08:42:00.190 INFO:teuthology.orchestra.run.smithi078.stdout:/usr/bin/ceph: stderr
2024-09-17T08:41:59.245+0000 7febabf64640 1 -- --> [v2:172.21.15.78:3300/0,v1:172.21.15.78:6789/0] -- mon_getmap magic: 0 v1 -- 0x7feba4199cc0 con 0x7feba4105b80
2024-09-17T08:42:00.190 INFO:teuthology.orchestra.run.smithi078.stdout:/usr/bin/ceph: stderr
2024-09-17T08:41:59.245+0000 7feba9d00640 1 --2- >> [v2:172.21.15.78:3300/0,v1:172.21.15.78:6789/0] conn(0x7feba4105b80 0x7feba4199780 unknown :-1 s=BANNER_CONNECTING pgs=0 cs=0 l=1 rev1=0 crypto rx=0 tx=0 comp rx=0 tx=0)._handle_peer_banner_payload supported=3 required=0
2024-09-17T08:42:00.191 INFO:teuthology.orchestra.run.smithi078.stdout:/usr/bin/ceph: stderr
2024-09-17T08:41:59.245+0000 7feba9d00640 1 --2- >> [v2:172.21.15.78:3300/0,v1:172.21.15.78:6789/0] conn(0x7feba4105b80 0x7feba4199780 unknown :-1 s=HELLO_CONNECTING pgs=0 cs=0 l=1 rev1=1 crypto rx=0 tx=0 comp rx=0 tx=0).handle_hello peer v2:172.21.15.78:3300/0 says I am v2:172.21.15.78:43448/0 (socket says 172.21.15.78:43448)
2024-09-17T08:42:00.191 INFO:teuthology.orchestra.run.smithi078.stdout:/usr/bin/ceph: stderr
2024-09-17T08:41:59.245+0000 7feba9d00640 1 -- 172.21.15.78:0/1378823549 learned_addr learned my addr 172.21.15.78:0/1378823549 (peer_addr_for_me v2:172.21.15.78:0/0)
2024-09-17T08:42:00.191 INFO:teuthology.orchestra.run.smithi078.stdout:/usr/bin/ceph: stderr
2024-09-17T08:41:59.245+0000 7feba9d00640 1 -- 172.21.15.78:0/1378823549 --> [v2:172.21.15.78:3300/0,v1:172.21.15.78:6789/0] -- mon_subscribe({config=0+,monmap=0+}) v3 -- 0x7feba00094d0 con 0x7feba4105b80
2024-09-17T08:42:00.191 INFO:teuthology.orchestra.run.smithi078.stdout:/usr/bin/ceph: stderr
2024-09-17T08:41:59.245+0000 7feba9d00640 1 --2- 172.21.15.78:0/1378823549 >> [v2:172.21.15.78:3300/0,v1:172.21.15.78:6789/0] conn(0x7feba4105b80 0x7feba4199780 secure :-1 s=READY pgs=36 cs=0 l=1 rev1=1 crypto rx=0x7feba002a790 tx=0x7feba0032d50 comp rx=0 tx=0).ready entity=mon.0 client_cookie=0 server_cookie=0 in_seq=0 out_seq=0
2024-09-17T08:42:00.191 INFO:teuthology.orchestra.run.smithi078.stdout:/usr/bin/ceph: stderr
2024-09-17T08:41:59.245+0000 7feb9affd640 1 -- 172.21.15.78:0/1378823549 <== mon.0 v2:172.21.15.78:3300/0 1 ==== mon_map magic: 0 v1 ==== 205+0+0 (secure 0 0 0) 0x7feba0030c90 con 0x7feba4105b80
2024-09-17T08:42:00.191 INFO:teuthology.orchestra.run.smithi078.stdout:/usr/bin/ceph: stderr
2024-09-17T08:41:59.245+0000 7feb9affd640 1 -- 172.21.15.78:0/1378823549 <== mon.0 v2:172.21.15.78:3300/0 2 ==== config(23 keys) v1 ==== 976+0+0 (secure 0 0 0) 0x7feba0030df0 con 0x7feba4105b80
2024-09-17T08:42:00.191 INFO:teuthology.orchestra.run.smithi078.stdout:/usr/bin/ceph: stderr
2024-09-17T08:41:59.245+0000 7feb9affd640 1 -- 172.21.15.78:0/1378823549 <== mon.0 v2:172.21.15.78:3300/0 3 ==== mon_map magic: 0 v1 ==== 205+0+0 (secure 0 0 0) 0x7feba003a520 con 0x7feba4105b80
2024-09-17T08:42:00.191 INFO:teuthology.orchestra.run.smithi078.stdout:/usr/bin/ceph: stderr
2024-09-17T08:41:59.245+0000 7febabf64640 1 -- 172.21.15.78:0/1378823549 --> [v2:172.21.15.78:3300/0,v1:172.21.15.78:6789/0] -- mon_subscribe({mgrmap=0+}) v3 -- 0x7feba4199ec0 con 0x7feba4105b80
2024-09-17T08:42:00.191 INFO:teuthology.orchestra.run.smithi078.stdout:/usr/bin/ceph: stderr
2024-09-17T08:41:59.245+0000 7febabf64640 1 -- 172.21.15.78:0/1378823549 --> [v2:172.21.15.78:3300/0,v1:172.21.15.78:6789/0] -- mon_subscribe({osdmap=0}) v3 -- 0x7feba419a360 con 0x7feba4105b80
2024-09-17T08:42:00.191 INFO:teuthology.orchestra.run.smithi078.stdout:/usr/bin/ceph: stderr
2024-09-17T08:41:59.249+0000 7feb9affd640 1 -- 172.21.15.78:0/1378823549 <== mon.0 v2:172.21.15.78:3300/0 4 ==== mgrmap(e 8) v1 ==== 45541+0+0 (secure 0 0 0) 0x7feba0039040 con 0x7feba4105b80
2024-09-17T08:42:00.191 INFO:teuthology.orchestra.run.smithi078.stdout:/usr/bin/ceph: stderr
2024-09-17T08:41:59.249+0000 7feb9affd640 1 --2- 172.21.15.78:0/1378823549 >> [v2:172.21.15.78:6800/2109055855,v1:172.21.15.78:6801/2109055855] conn(0x7feb90038670 0x7feb9003ab30 unknown :-1 s=NONE pgs=0 cs=0 l=1 rev1=0 crypto rx=0 tx=0 comp rx=0 tx=0).connect
2024-09-17T08:42:00.191 INFO:teuthology.orchestra.run.smithi078.stdout:/usr/bin/ceph: stderr
2024-09-17T08:41:59.249+0000 7febabf64640 1 -- 172.21.15.78:0/1378823549 --> [v2:172.21.15.78:3300/0,v1:172.21.15.78:6789/0] -- mon_command({"prefix": "get_command_descriptions"} v 0) v1 -- 0x7feba4105f80 con 0x7feba4105b80
2024-09-17T08:42:00.192 INFO:teuthology.orchestra.run.smithi078.stdout:/usr/bin/ceph: stderr
2024-09-17T08:41:59.249+0000 7feb9affd640 1 -- 172.21.15.78:0/1378823549 <== mon.0 v2:172.21.15.78:3300/0 5 ==== osd_map(2..2 src has 1..2) v4 ==== 940+0+0 (secure 0 0 0) 0x7feba006b840 con 0x7feba4105b80
2024-09-17T08:42:00.192 INFO:teuthology.orchestra.run.smithi078.stdout:/usr/bin/ceph: stderr
2024-09-17T08:41:59.249+0000 7feba94ff640 1 --2- 172.21.15.78:0/1378823549 >> [v2:172.21.15.78:6800/2109055855,v1:172.21.15.78:6801/2109055855] conn(0x7feb90038670 0x7feb9003ab30 unknown :-1 s=BANNER_CONNECTING pgs=0 cs=0 l=1 rev1=0 crypto rx=0 tx=0 comp rx=0 tx=0)._handle_peer_banner_payload supported=3 required=0
2024-09-17T08:42:00.192 INFO:teuthology.orchestra.run.smithi078.stdout:/usr/bin/ceph: stderr
2024-09-17T08:41:59.249+0000 7feba94ff640 1 --2- 172.21.15.78:0/1378823549 >> [v2:172.21.15.78:6800/2109055855,v1:172.21.15.78:6801/2109055855] conn(0x7feb90038670 0x7feb9003ab30 secure :-1 s=READY pgs=7 cs=0 l=1 rev1=1 crypto rx=0x7feb940098c0 tx=0x7feb94006db0 comp rx=0 tx=0).ready entity=mgr.14118 client_cookie=0 server_cookie=0 in_seq=0 out_seq=0
2024-09-17T08:42:00.192 INFO:teuthology.orchestra.run.smithi078.stdout:/usr/bin/ceph: stderr
2024-09-17T08:41:59.253+0000 7feb9affd640 1 -- 172.21.15.78:0/1378823549 <== mon.0 v2:172.21.15.78:3300/0 6 ==== mon_command_ack([{"prefix": "get_command_descriptions"}]=0 v0) v1 ==== 72+0+183819 (secure 0 0 0) 0x7feba0037070 con 0x7feba4105b80
2024-09-17T08:42:00.192 INFO:teuthology.orchestra.run.smithi078.stdout:/usr/bin/ceph: stderr
2024-09-17T08:41:59.593+0000 7febabf64640 1 -- 172.21.15.78:0/1378823549 --> [v2:172.21.15.78:6800/2109055855,v1:172.21.15.78:6801/2109055855] -- mgr_command(tid 0: {"prefix": "orch set backend", "module_name": "cephadm", "target": ["mon-mgr", ""]}) v1 -- 0x7feba4103c30 con 0x7feb90038670
2024-09-17T08:42:00.192 INFO:teuthology.orchestra.run.smithi078.stdout:/usr/bin/ceph: stderr
2024-09-17T08:41:59.609+0000 7feb9affd640 1 -- 172.21.15.78:0/1378823549 <== mgr.14118 v2:172.21.15.78:6800/2109055855 1 ==== mgr_command_reply(tid 0: 0 ) v1 ==== 8+0+0 (secure 0 0 0) 0x7feba4103c30 con 0x7feb90038670
2024-09-17T08:42:00.192 INFO:teuthology.orchestra.run.smithi078.stdout:/usr/bin/ceph: stderr
2024-09-17T08:41:59.609+0000 7febabf64640 1 -- 172.21.15.78:0/1378823549 >> [v2:172.21.15.78:6800/2109055855,v1:172.21.15.78:6801/2109055855] conn(0x7feb90038670 msgr2=0x7feb9003ab30 secure :-1 s=STATE_CONNECTION_ESTABLISHED l=1).mark_down
