2024-09-19T04:06:35.138 INFO:journalctl@ceph.mon.a.smithi094.stdout:Sep 19 04:06:35 smithi094 ceph-mon[30972]: from='client.14164 -' entity='client.admin' cmd=[{"prefix": "dashboard ac-user-create", "username": "admin", "rolename": "administrator", "force_password": true, "pwd_update_required": true, "target": ["mon-mgr", ""]}]: dispatch
2024-09-19T04:06:35.844 INFO:teuthology.orchestra.run.smithi094.stdout:/usr/bin/ceph: stdout 8443
2024-09-19T04:06:35.844 INFO:teuthology.orchestra.run.smithi094.stdout:/usr/bin/ceph: stderr
2024-09-19T04:06:34.947+0000 7f05f0798640 1 Processor -- start
2024-09-19T04:06:35.844 INFO:teuthology.orchestra.run.smithi094.stdout:/usr/bin/ceph: stderr
2024-09-19T04:06:34.947+0000 7f05f0798640 1 -- start start
2024-09-19T04:06:35.845 INFO:teuthology.orchestra.run.smithi094.stdout:/usr/bin/ceph: stderr
2024-09-19T04:06:34.947+0000 7f05f0798640 1 --2- >> [v2:172.21.15.94:3300/0,v1:172.21.15.94:6789/0] conn(0x7f05e81076e0 0x7f05e8107ae0 unknown :-1 s=NONE pgs=0 cs=0 l=0 rev1=0 crypto rx=0 tx=0 comp rx=0 tx=0).connect
2024-09-19T04:06:35.845 INFO:teuthology.orchestra.run.smithi094.stdout:/usr/bin/ceph: stderr
2024-09-19T04:06:34.947+0000 7f05f0798640 1 -- --> [v2:172.21.15.94:3300/0,v1:172.21.15.94:6789/0] -- mon_getmap magic: 0 -- 0x7f05e81080b0 con 0x7f05e81076e0
2024-09-19T04:06:35.845 INFO:teuthology.orchestra.run.smithi094.stdout:/usr/bin/ceph: stderr
2024-09-19T04:06:34.948+0000 7f05ee534640 1 --2- >> [v2:172.21.15.94:3300/0,v1:172.21.15.94:6789/0] conn(0x7f05e81076e0 0x7f05e8107ae0 unknown :-1 s=BANNER_CONNECTING pgs=0 cs=0 l=0 rev1=0 crypto rx=0 tx=0 comp rx=0 tx=0)._handle_peer_banner_payload supported=3 required=0
2024-09-19T04:06:35.845 INFO:teuthology.orchestra.run.smithi094.stdout:/usr/bin/ceph: stderr
2024-09-19T04:06:34.948+0000 7f05ee534640 1 --2- >> [v2:172.21.15.94:3300/0,v1:172.21.15.94:6789/0] conn(0x7f05e81076e0 0x7f05e8107ae0 unknown :-1 s=HELLO_CONNECTING pgs=0 cs=0 l=0 rev1=1 crypto rx=0 tx=0 comp rx=0 tx=0).handle_hello peer v2:172.21.15.94:3300/0 says I am v2:172.21.15.94:60854/0 (socket says 172.21.15.94:60854)
2024-09-19T04:06:35.845 INFO:teuthology.orchestra.run.smithi094.stdout:/usr/bin/ceph: stderr
2024-09-19T04:06:34.948+0000 7f05ee534640 1 -- 172.21.15.94:0/952320608 learned_addr learned my addr 172.21.15.94:0/952320608 (peer_addr_for_me v2:172.21.15.94:0/0)
2024-09-19T04:06:35.845 INFO:teuthology.orchestra.run.smithi094.stdout:/usr/bin/ceph: stderr
2024-09-19T04:06:34.948+0000 7f05ee534640 1 -- 172.21.15.94:0/952320608 --> [v2:172.21.15.94:3300/0,v1:172.21.15.94:6789/0] -- mon_subscribe({config=0+,monmap=0+}) -- 0x7f05e8108840 con 0x7f05e81076e0
2024-09-19T04:06:35.845 INFO:teuthology.orchestra.run.smithi094.stdout:/usr/bin/ceph: stderr
2024-09-19T04:06:34.948+0000 7f05ee534640 1 --2- 172.21.15.94:0/952320608 >> [v2:172.21.15.94:3300/0,v1:172.21.15.94:6789/0] conn(0x7f05e81076e0 0x7f05e8107ae0 secure :-1 s=READY pgs=72 cs=0 l=1 rev1=1 crypto rx=0x7f05e4009820 tx=0x7f05e402a270 comp rx=0 tx=0).ready entity=mon.0 client_cookie=46136fe733e2dc40 server_cookie=0 in_seq=0 out_seq=0
2024-09-19T04:06:35.845 INFO:teuthology.orchestra.run.smithi094.stdout:/usr/bin/ceph: stderr
2024-09-19T04:06:34.949+0000 7f05ed532640 1 -- 172.21.15.94:0/952320608 <== mon.0 v2:172.21.15.94:3300/0 1 ==== mon_map magic: 0 ==== 205+0+0 (secure 0 0 0) 0x7f05e4037070 con 0x7f05e81076e0
2024-09-19T04:06:35.845 INFO:teuthology.orchestra.run.smithi094.stdout:/usr/bin/ceph: stderr
2024-09-19T04:06:34.949+0000 7f05ed532640 1 -- 172.21.15.94:0/952320608 <== mon.0 v2:172.21.15.94:3300/0 2 ==== config(26 keys) ==== 1102+0+0 (secure 0 0 0) 0x7f05e40328f0 con 0x7f05e81076e0
2024-09-19T04:06:35.845 INFO:teuthology.orchestra.run.smithi094.stdout:/usr/bin/ceph: stderr
2024-09-19T04:06:34.949+0000 7f05ed532640 1 -- 172.21.15.94:0/952320608 <== mon.0 v2:172.21.15.94:3300/0 3 ==== mon_map magic: 0 ==== 205+0+0 (secure 0 0 0) 0x7f05e4030740 con 0x7f05e81076e0
2024-09-19T04:06:35.846 INFO:teuthology.orchestra.run.smithi094.stdout:/usr/bin/ceph: stderr
2024-09-19T04:06:34.949+0000 7f05f0798640 1 -- 172.21.15.94:0/952320608 >> [v2:172.21.15.94:3300/0,v1:172.21.15.94:6789/0] conn(0x7f05e81076e0 msgr2=0x7f05e8107ae0 secure :-1 s=STATE_CONNECTION_ESTABLISHED l=1).mark_down
2024-09-19T04:06:35.846 INFO:teuthology.orchestra.run.smithi094.stdout:/usr/bin/ceph: stderr
2024-09-19T04:06:34.949+0000 7f05f0798640 1 --2- 172.21.15.94:0/952320608 >> [v2:172.21.15.94:3300/0,v1:172.21.15.94:6789/0] conn(0x7f05e81076e0 0x7f05e8107ae0 secure :-1 s=READY pgs=72 cs=0 l=1 rev1=1 crypto rx=0x7f05e4009820 tx=0x7f05e402a270 comp rx=0 tx=0).stop
2024-09-19T04:06:35.846 INFO:teuthology.orchestra.run.smithi094.stdout:/usr/bin/ceph: stderr
2024-09-19T04:06:34.949+0000 7f05f0798640 1 -- 172.21.15.94:0/952320608 shutdown_connections
2024-09-19T04:06:35.846 INFO:teuthology.orchestra.run.smithi094.stdout:/usr/bin/ceph: stderr
2024-09-19T04:06:34.949+0000 7f05f0798640 1 --2- 172.21.15.94:0/952320608 >> [v2:172.21.15.94:3300/0,v1:172.21.15.94:6789/0] conn(0x7f05e81076e0 0x7f05e8107ae0 unknown :-1 s=CLOSED pgs=72 cs=0 l=1 rev1=1 crypto rx=0 tx=0 comp rx=0 tx=0).stop
2024-09-19T04:06:35.846 INFO:teuthology.orchestra.run.smithi094.stdout:/usr/bin/ceph: stderr
2024-09-19T04:06:34.949+0000 7f05f0798640 1 -- 172.21.15.94:0/952320608 >> 172.21.15.94:0/952320608 conn(0x7f05e8102ed0 msgr2=0x7f05e81052f0 unknown :-1 s=STATE_NONE l=0).mark_down
2024-09-19T04:06:35.846 INFO:teuthology.orchestra.run.smithi094.stdout:/usr/bin/ceph: stderr
2024-09-19T04:06:34.949+0000 7f05f0798640 1 -- 172.21.15.94:0/952320608 shutdown_connections
2024-09-19T04:06:35.846 INFO:teuthology.orchestra.run.smithi094.stdout:/usr/bin/ceph: stderr
2024-09-19T04:06:34.949+0000 7f05f0798640 1 -- 172.21.15.94:0/952320608 wait complete.
2024-09-19T04:06:35.846 INFO:teuthology.orchestra.run.smithi094.stdout:/usr/bin/ceph: stderr
2024-09-19T04:06:34.950+0000 7f05f0798640 1 Processor -- start
2024-09-19T04:06:35.846 INFO:teuthology.orchestra.run.smithi094.stdout:/usr/bin/ceph: stderr
2024-09-19T04:06:34.950+0000 7f05f0798640 1 -- start start
2024-09-19T04:06:35.846 INFO:teuthology.orchestra.run.smithi094.stdout:/usr/bin/ceph: stderr
2024-09-19T04:06:34.950+0000 7f05f0798640 1 --2- >> [v2:172.21.15.94:3300/0,v1:172.21.15.94:6789/0] conn(0x7f05e81076e0 0x7f05e819b630 unknown :-1 s=NONE pgs=0 cs=0 l=1 rev1=0 crypto rx=0 tx=0 comp rx=0 tx=0).connect
2024-09-19T04:06:35.846 INFO:teuthology.orchestra.run.smithi094.stdout:/usr/bin/ceph: stderr
2024-09-19T04:06:34.950+0000 7f05f0798640 1 -- --> [v2:172.21.15.94:3300/0,v1:172.21.15.94:6789/0] -- mon_getmap magic: 0 -- 0x7f05e810bbf0 con 0x7f05e81076e0
2024-09-19T04:06:35.846 INFO:teuthology.orchestra.run.smithi094.stdout:/usr/bin/ceph: stderr
2024-09-19T04:06:34.950+0000 7f05ee534640 1 --2- >> [v2:172.21.15.94:3300/0,v1:172.21.15.94:6789/0] conn(0x7f05e81076e0 0x7f05e819b630 unknown :-1 s=BANNER_CONNECTING pgs=0 cs=0 l=1 rev1=0 crypto rx=0 tx=0 comp rx=0 tx=0)._handle_peer_banner_payload supported=3 required=0
2024-09-19T04:06:35.847 INFO:teuthology.orchestra.run.smithi094.stdout:/usr/bin/ceph: stderr
2024-09-19T04:06:34.950+0000 7f05ee534640 1 --2- >> [v2:172.21.15.94:3300/0,v1:172.21.15.94:6789/0] conn(0x7f05e81076e0 0x7f05e819b630 unknown :-1 s=HELLO_CONNECTING pgs=0 cs=0 l=1 rev1=1 crypto rx=0 tx=0 comp rx=0 tx=0).handle_hello peer v2:172.21.15.94:3300/0 says I am v2:172.21.15.94:60862/0 (socket says 172.21.15.94:60862)
2024-09-19T04:06:35.847 INFO:teuthology.orchestra.run.smithi094.stdout:/usr/bin/ceph: stderr
2024-09-19T04:06:34.950+0000 7f05ee534640 1 -- 172.21.15.94:0/38527475 learned_addr learned my addr 172.21.15.94:0/38527475 (peer_addr_for_me v2:172.21.15.94:0/0)
2024-09-19T04:06:35.847 INFO:teuthology.orchestra.run.smithi094.stdout:/usr/bin/ceph: stderr
2024-09-19T04:06:34.950+0000 7f05ee534640 1 -- 172.21.15.94:0/38527475 --> [v2:172.21.15.94:3300/0,v1:172.21.15.94:6789/0] -- mon_subscribe({config=0+,monmap=0+}) -- 0x7f05e819bb70 con 0x7f05e81076e0
2024-09-19T04:06:35.847 INFO:teuthology.orchestra.run.smithi094.stdout:/usr/bin/ceph: stderr
2024-09-19T04:06:34.951+0000 7f05ee534640 1 --2- 172.21.15.94:0/38527475 >> [v2:172.21.15.94:3300/0,v1:172.21.15.94:6789/0] conn(0x7f05e81076e0 0x7f05e819b630 secure :-1 s=READY pgs=73 cs=0 l=1 rev1=1 crypto rx=0x7f05e4009940 tx=0x7f05e4030cc0 comp rx=0 tx=0).ready entity=mon.0 client_cookie=0 server_cookie=0 in_seq=0 out_seq=0
2024-09-19T04:06:35.847 INFO:teuthology.orchestra.run.smithi094.stdout:/usr/bin/ceph: stderr
2024-09-19T04:06:34.951+0000 7f05df7fe640 1 -- 172.21.15.94:0/38527475 <== mon.0 v2:172.21.15.94:3300/0 1 ==== mon_map magic: 0 ==== 205+0+0 (secure 0 0 0) 0x7f05e4042070 con 0x7f05e81076e0
2024-09-19T04:06:35.847 INFO:teuthology.orchestra.run.smithi094.stdout:/usr/bin/ceph: stderr
2024-09-19T04:06:34.951+0000 7f05df7fe640 1 -- 172.21.15.94:0/38527475 <== mon.0 v2:172.21.15.94:3300/0 2 ==== config(26 keys) ==== 1102+0+0 (secure 0 0 0) 0x7f05e4030e30 con 0x7f05e81076e0
2024-09-19T04:06:35.847 INFO:teuthology.orchestra.run.smithi094.stdout:/usr/bin/ceph: stderr
2024-09-19T04:06:34.951+0000 7f05f0798640 1 -- 172.21.15.94:0/38527475 --> [v2:172.21.15.94:3300/0,v1:172.21.15.94:6789/0] -- mon_subscribe({mgrmap=0+}) -- 0x7f05e819be00 con 0x7f05e81076e0
2024-09-19T04:06:35.847 INFO:teuthology.orchestra.run.smithi094.stdout:/usr/bin/ceph: stderr
2024-09-19T04:06:34.951+0000 7f05df7fe640 1 -- 172.21.15.94:0/38527475 <== mon.0 v2:172.21.15.94:3300/0 3 ==== mon_map magic: 0 ==== 205+0+0 (secure 0 0 0) 0x7f05e4037040 con 0x7f05e81076e0
2024-09-19T04:06:35.847 INFO:teuthology.orchestra.run.smithi094.stdout:/usr/bin/ceph: stderr
2024-09-19T04:06:34.951+0000 7f05f0798640 1 -- 172.21.15.94:0/38527475 --> [v2:172.21.15.94:3300/0,v1:172.21.15.94:6789/0] -- mon_subscribe({osdmap=0}) -- 0x7f05e819eaf0 con 0x7f05e81076e0
2024-09-19T04:06:35.847 INFO:teuthology.orchestra.run.smithi094.stdout:/usr/bin/ceph: stderr
2024-09-19T04:06:34.952+0000 7f05df7fe640 1 -- 172.21.15.94:0/38527475 <== mon.0 v2:172.21.15.94:3300/0 4 ==== mgrmap(e 12) ==== 46474+0+0 (secure 0 0 0) 0x7f05e4045070 con 0x7f05e81076e0
2024-09-19T04:06:35.848 INFO:teuthology.orchestra.run.smithi094.stdout:/usr/bin/ceph: stderr
2024-09-19T04:06:34.952+0000 7f05f0798640 1 -- 172.21.15.94:0/38527475 --> [v2:172.21.15.94:3300/0,v1:172.21.15.94:6789/0] -- mon_command({"prefix": "get_command_descriptions"} v 0) -- 0x7f05e810bd70 con 0x7f05e81076e0
2024-09-19T04:06:35.848 INFO:teuthology.orchestra.run.smithi094.stdout:/usr/bin/ceph: stderr
2024-09-19T04:06:34.952+0000 7f05df7fe640 1 --2- 172.21.15.94:0/38527475 >> [v2:172.21.15.94:6800/2308569937,v1:172.21.15.94:6801/2308569937] conn(0x7f05d4039200 0x7f05d403b6c0 unknown :-1 s=NONE pgs=0 cs=0 l=1 rev1=0 crypto rx=0 tx=0 comp rx=0 tx=0).connect
2024-09-19T04:06:35.848 INFO:teuthology.orchestra.run.smithi094.stdout:/usr/bin/ceph: stderr
2024-09-19T04:06:34.952+0000 7f05df7fe640 1 -- 172.21.15.94:0/38527475 <== mon.0 v2:172.21.15.94:3300/0 5 ==== osd_map(3..3 src has 1..3) ==== 1155+0+0 (secure 0 0 0) 0x7f05e406c570 con 0x7f05e81076e0
2024-09-19T04:06:35.848 INFO:teuthology.orchestra.run.smithi094.stdout:/usr/bin/ceph: stderr
2024-09-19T04:06:34.952+0000 7f05edd33640 1 --2- 172.21.15.94:0/38527475 >> [v2:172.21.15.94:6800/2308569937,v1:172.21.15.94:6801/2308569937] conn(0x7f05d4039200 0x7f05d403b6c0 unknown :-1 s=BANNER_CONNECTING pgs=0 cs=0 l=1 rev1=0 crypto rx=0 tx=0 comp rx=0 tx=0)._handle_peer_banner_payload supported=3 required=0
2024-09-19T04:06:35.848 INFO:teuthology.orchestra.run.smithi094.stdout:/usr/bin/ceph: stderr
2024-09-19T04:06:34.952+0000 7f05edd33640 1 --2- 172.21.15.94:0/38527475 >> [v2:172.21.15.94:6800/2308569937,v1:172.21.15.94:6801/2308569937] conn(0x7f05d4039200 0x7f05d403b6c0 secure :-1 s=READY pgs=9 cs=0 l=1 rev1=1 crypto rx=0x7f05d80098c0 tx=0x7f05d8006db0 comp rx=0 tx=0).ready entity=mgr.14150 client_cookie=0 server_cookie=0 in_seq=0 out_seq=0
2024-09-19T04:06:35.848 INFO:teuthology.orchestra.run.smithi094.stdout:/usr/bin/ceph: stderr
2024-09-19T04:06:34.957+0000 7f05df7fe640 1 -- 172.21.15.94:0/38527475 <== mon.0 v2:172.21.15.94:3300/0 6 ==== mon_command_ack([{"prefix": "get_command_descriptions"}]=0 v0) ==== 72+0+188913 (secure 0 0 0) 0x7f05e403c650 con 0x7f05e81076e0
2024-09-19T04:06:35.848 INFO:teuthology.orchestra.run.smithi094.stdout:/usr/bin/ceph: stderr
2024-09-19T04:06:35.144+0000 7f05f0798640 1 -- 172.21.15.94:0/38527475 --> [v2:172.21.15.94:3300/0,v1:172.21.15.94:6789/0] -- mon_command({"prefix": "config get", "who": "mgr", "key": "mgr/dashboard/ssl_server_port"} v 0) -- 0x7f05e819ecc0 con 0x7f05e81076e0
2024-09-19T04:06:35.848 INFO:teuthology.orchestra.run.smithi094.stdout:/usr/bin/ceph: stderr
2024-09-19T04:06:35.144+0000 7f05df7fe640 1 -- 172.21.15.94:0/38527475 <== mon.0 v2:172.21.15.94:3300/0 7 ==== mon_command_ack([{"prefix": "config get", "who": "mgr", "key": "mgr/dashboard/ssl_server_port"}]=0 v8) ==== 112+0+5 (secure 0 0 0) 0x7f05e4046bd0 con 0x7f05e81076e0
2024-09-19T04:06:35.848 INFO:teuthology.orchestra.run.smithi094.stdout:/usr/bin/ceph: stderr
2024-09-19T04:06:35.146+0000 7f05f0798640 1 -- 172.21.15.94:0/38527475 >> [v2:172.21.15.94:6800/2308569937,v1:172.21.15.94:6801/2308569937] conn(0x7f05d4039200 msgr2=0x7f05d403b6c0 secure :-1 s=STATE_CONNECTION_ESTABLISHED l=1).mark_down
2024-09-19T04:06:35.848 INFO:teuthology.orchestra.run.smithi094.stdout:/usr/bin/ceph: stderr
2024-09-19T04:06:35.146+0000 7f05f0798640 1 --2- 172.21.15.94:0/38527475 >> [v2:172.21.15.94:6800/2308569937,v1:172.21.15.94:6801/2308569937] conn(0x7f05d4039200 0x7f05d403b6c0 secure :-1 s=READY pgs=9 cs=0 l=1 rev1=1 crypto rx=0x7f05d80098c0 tx=0x7f05d8006db0 comp rx=0 tx=0).stop
2024-09-19T04:06:35.848 INFO:teuthology.orchestra.run.smithi094.stdout:/usr/bin/ceph: stderr
2024-09-19T04:06:35.146+0000 7f05f0798640 1 -- 172.21.15.94:0/38527475 >> [v2:172.21.15.94:3300/0,v1:172.21.15.94:6789/0] conn(0x7f05e81076e0 msgr2=0x7f05e819b630 secure :-1 s=STATE_CONNECTION_ESTABLISHED l=1).mark_down
2024-09-19T04:06:35.849 INFO:teuthology.orchestra.run.smithi094.stdout:/usr/bin/ceph: stderr
2024-09-19T04:06:35.146+0000 7f05f0798640 1 --2- 172.21.15.94:0/38527475 >> [v2:172.21.15.94:3300/0,v1:172.21.15.94:6789/0] conn(0x7f05e81076e0 0x7f05e819b630 secure :-1 s=READY pgs=73 cs=0 l=1 rev1=1 crypto rx=0x7f05e4009940 tx=0x7f05e4030cc0 comp rx=0 tx=0).stop
2024-09-19T04:06:35.849 INFO:teuthology.orchestra.run.smithi094.stdout:/usr/bin/ceph: stderr
2024-09-19T04:06:35.146+0000 7f05f0798640 1 -- 172.21.15.94:0/38527475 shutdown_connections
2024-09-19T04:06:35.849 INFO:teuthology.orchestra.run.smithi094.stdout:/usr/bin/ceph: stderr
2024-09-19T04:06:35.146+0000 7f05f0798640 1 --2- 172.21.15.94:0/38527475 >> [v2:172.21.15.94:6800/2308569937,v1:172.21.15.94:6801/2308569937] conn(0x7f05d4039200 0x7f05d403b6c0 unknown :-1 s=CLOSED pgs=9 cs=0 l=1 rev1=1 crypto rx=0 tx=0 comp rx=0 tx=0).stop
2024-09-19T04:06:35.849 INFO:teuthology.orchestra.run.smithi094.stdout:/usr/bin/ceph: stderr
2024-09-19T04:06:35.146+0000 7f05f0798640 1 --2- 172.21.15.94:0/38527475 >> [v2:172.21.15.94:3300/0,v1:172.21.15.94:6789/0] conn(0x7f05e81076e0 0x7f05e819b630 unknown :-1 s=CLOSED pgs=73 cs=0 l=1 rev1=1 crypto rx=0 tx=0 comp rx=0 tx=0).stop
2024-09-19T04:06:35.849 INFO:teuthology.orchestra.run.smithi094.stdout:/usr/bin/ceph: stderr
2024-09-19T04:06:35.146+0000 7f05f0798640 1 -- 172.21.15.94:0/38527475 >> 172.21.15.94:0/38527475 conn(0x7f05e8102ed0 msgr2=0x7f05e8103a10 unknown :-1 s=STATE_NONE l=0).mark_down
2024-09-19T04:06:35.849 INFO:teuthology.orchestra.run.smithi094.stdout:/usr/bin/ceph: stderr
2024-09-19T04:06:35.147+0000 7f05f0798640 1 -- 172.21.15.94:0/38527475 shutdown_connections
2024-09-19T04:06:35.849 INFO:teuthology.orchestra.run.smithi094.stdout:/usr/bin/ceph: stderr
2024-09-19T04:06:35.147+0000 7f05f0798640 1 -- 172.21.15.94:0/38527475 wait complete.
2024-09-19T04:06:35.851 INFO:teuthology.orchestra.run.smithi094.stdout:Non-zero exit code 1 from systemctl is-enabled firewalld.service
2024-09-19T04:06:35.851 INFO:teuthology.orchestra.run.smithi094.stdout:systemctl: stdout disabled
2024-09-19T04:06:35.859 INFO:teuthology.orchestra.run.smithi094.stdout:Non-zero exit code 3 from systemctl is-active firewalld.service
2024-09-19T04:06:35.859 INFO:teuthology.orchestra.run.smithi094.stdout:systemctl: stdout inactive
2024-09-19T04:06:35.859 INFO:teuthology.orchestra.run.smithi094.stdout:firewalld.service is not enabled
2024-09-19T04:06:35.859 INFO:teuthology.orchestra.run.smithi094.stdout:Not possible to open ports <[8443]>. firewalld.service is not available
2024-09-19T04:06:35.860 INFO:teuthology.orchestra.run.smithi094.stdout:Ceph Dashboard is now available at:
2024-09-19T04:06:35.861 INFO:teuthology.orchestra.run.smithi094.stdout:
2024-09-19T04:06:35.861 INFO:teuthology.orchestra.run.smithi094.stdout: URL: https://smithi094.front.sepia.ceph.com:8443/
2024-09-19T04:06:35.861 INFO:teuthology.orchestra.run.smithi094.stdout: User: admin
2024-09-19T04:06:35.861 INFO:teuthology.orchestra.run.smithi094.stdout: Password: 6skbxh8ppj
2024-09-19T04:06:35.861 INFO:teuthology.orchestra.run.smithi094.stdout:
2024-09-19T04:06:35.861 INFO:teuthology.orchestra.run.smithi094.stdout:Saving cluster configuration to /var/lib/ceph/503c4526-763c-11ef-bceb-c7b262605968/config directory
2024-09-19T04:06:36.092 INFO:journalctl@ceph.mon.a.smithi094.stdout:Sep 19 04:06:36 smithi094 ceph-mon[30972]: from='client.? 172.21.15.94:0/38527475' entity='client.admin' cmd=[{"prefix": "config get", "who": "mgr", "key": "mgr/dashboard/ssl_server_port"}]: dispatch
2024-09-19T04:06:37.305 INFO:teuthology.orchestra.run.smithi094.stdout:/usr/bin/ceph: stderr
2024-09-19T04:06:36.393+0000 7f29e80f8640 1 Processor -- start
2024-09-19T04:06:37.305 INFO:teuthology.orchestra.run.smithi094.stdout:/usr/bin/ceph: stderr
2024-09-19T04:06:36.393+0000 7f29e80f8640 1 -- start start
2024-09-19T04:06:37.305 INFO:teuthology.orchestra.run.smithi094.stdout:/usr/bin/ceph: stderr
2024-09-19T04:06:36.393+0000 7f29e80f8640 1 --2- >> [v2:172.21.15.94:3300/0,v1:172.21.15.94:6789/0] conn(0x7f29e0108140 0x7f29e010a530 unknown :-1 s=NONE pgs=0 cs=0 l=0 rev1=0 crypto rx=0 tx=0 comp rx=0 tx=0).connect
2024-09-19T04:06:37.305 INFO:teuthology.orchestra.run.smithi094.stdout:/usr/bin/ceph: stderr
2024-09-19T04:06:36.393+0000 7f29e80f8640 1 -- --> [v2:172.21.15.94:3300/0,v1:172.21.15.94:6789/0] -- mon_getmap magic: 0 -- 0x7f29e007bde0 con 0x7f29e0108140
2024-09-19T04:06:37.305 INFO:teuthology.orchestra.run.smithi094.stdout:/usr/bin/ceph: stderr
2024-09-19T04:06:36.394+0000 7f29e5e94640 1 --2- >> [v2:172.21.15.94:3300/0,v1:172.21.15.94:6789/0] conn(0x7f29e0108140 0x7f29e010a530 unknown :-1 s=BANNER_CONNECTING pgs=0 cs=0 l=0 rev1=0 crypto rx=0 tx=0 comp rx=0 tx=0)._handle_peer_banner_payload supported=3 required=0
2024-09-19T04:06:37.305 INFO:teuthology.orchestra.run.smithi094.stdout:/usr/bin/ceph: stderr
2024-09-19T04:06:36.394+0000 7f29e5e94640 1 --2- >> [v2:172.21.15.94:3300/0,v1:172.21.15.94:6789/0] conn(0x7f29e0108140 0x7f29e010a530 unknown :-1 s=HELLO_CONNECTING pgs=0 cs=0 l=0 rev1=1 crypto rx=0 tx=0 comp rx=0 tx=0).handle_hello peer v2:172.21.15.94:3300/0 says I am v2:172.21.15.94:60866/0 (socket says 172.21.15.94:60866)
2024-09-19T04:06:37.305 INFO:teuthology.orchestra.run.smithi094.stdout:/usr/bin/ceph: stderr
2024-09-19T04:06:36.394+0000 7f29e5e94640 1 -- 172.21.15.94:0/3159852164 learned_addr learned my addr 172.21.15.94:0/3159852164 (peer_addr_for_me v2:172.21.15.94:0/0)
2024-09-19T04:06:37.306 INFO:teuthology.orchestra.run.smithi094.stdout:/usr/bin/ceph: stderr
2024-09-19T04:06:36.394+0000 7f29e5e94640 1 -- 172.21.15.94:0/3159852164 --> [v2:172.21.15.94:3300/0,v1:172.21.15.94:6789/0] -- mon_subscribe({config=0+,monmap=0+}) -- 0x7f29e010aa70 con 0x7f29e0108140
2024-09-19T04:06:37.306 INFO:teuthology.orchestra.run.smithi094.stdout:/usr/bin/ceph: stderr
2024-09-19T04:06:36.395+0000 7f29e5e94640 1 --2- 172.21.15.94:0/3159852164 >> [v2:172.21.15.94:3300/0,v1:172.21.15.94:6789/0] conn(0x7f29e0108140 0x7f29e010a530 secure :-1 s=READY pgs=74 cs=0 l=1 rev1=1 crypto rx=0x7f29dc009e80 tx=0x7f29dc02a7a0 comp rx=0 tx=0).ready entity=mon.0 client_cookie=1854e98a7c0dbc25 server_cookie=0 in_seq=0 out_seq=0
2024-09-19T04:06:37.306 INFO:teuthology.orchestra.run.smithi094.stdout:/usr/bin/ceph: stderr
2024-09-19T04:06:36.395+0000 7f29e4e92640 1 -- 172.21.15.94:0/3159852164 <== mon.0 v2:172.21.15.94:3300/0 1 ==== mon_map magic: 0 ==== 205+0+0 (secure 0 0 0) 0x7f29dc036070 con 0x7f29e0108140
2024-09-19T04:06:37.306 INFO:teuthology.orchestra.run.smithi094.stdout:/usr/bin/ceph: stderr
2024-09-19T04:06:36.395+0000 7f29e4e92640 1 -- 172.21.15.94:0/3159852164 <== mon.0 v2:172.21.15.94:3300/0 2 ==== config(26 keys) ==== 1102+0+0 (secure 0 0 0) 0x7f29dc0318b0 con 0x7f29e0108140
2024-09-19T04:06:37.306 INFO:teuthology.orchestra.run.smithi094.stdout:/usr/bin/ceph: stderr
2024-09-19T04:06:36.395+0000 7f29e4e92640 1 -- 172.21.15.94:0/3159852164 <== mon.0 v2:172.21.15.94:3300/0 3 ==== mon_map magic: 0 ==== 205+0+0 (secure 0 0 0) 0x7f29dc007930 con 0x7f29e0108140
2024-09-19T04:06:37.306 INFO:teuthology.orchestra.run.smithi094.stdout:/usr/bin/ceph: stderr
2024-09-19T04:06:36.395+0000 7f29e80f8640 1 -- 172.21.15.94:0/3159852164 >> [v2:172.21.15.94:3300/0,v1:172.21.15.94:6789/0] conn(0x7f29e0108140 msgr2=0x7f29e010a530 secure :-1 s=STATE_CONNECTION_ESTABLISHED l=1).mark_down
2024-09-19T04:06:37.306 INFO:teuthology.orchestra.run.smithi094.stdout:/usr/bin/ceph: stderr
2024-09-19T04:06:36.395+0000 7f29e80f8640 1 --2- 172.21.15.94:0/3159852164 >> [v2:172.21.15.94:3300/0,v1:172.21.15.94:6789/0] conn(0x7f29e0108140 0x7f29e010a530 secure :-1 s=READY pgs=74 cs=0 l=1 rev1=1 crypto rx=0x7f29dc009e80 tx=0x7f29dc02a7a0 comp rx=0 tx=0).stop
2024-09-19T04:06:37.306 INFO:teuthology.orchestra.run.smithi094.stdout:/usr/bin/ceph: stderr
2024-09-19T04:06:36.395+0000 7f29e80f8640 1 -- 172.21.15.94:0/3159852164 shutdown_connections
2024-09-19T04:06:37.306 INFO:teuthology.orchestra.run.smithi094.stdout:/usr/bin/ceph: stderr
2024-09-19T04:06:36.395+0000 7f29e80f8640 1 --2- 172.21.15.94:0/3159852164 >> [v2:172.21.15.94:3300/0,v1:172.21.15.94:6789/0] conn(0x7f29e0108140 0x7f29e010a530 unknown :-1 s=CLOSED pgs=74 cs=0 l=1 rev1=1 crypto rx=0 tx=0 comp rx=0 tx=0).stop
2024-09-19T04:06:37.306 INFO:teuthology.orchestra.run.smithi094.stdout:/usr/bin/ceph: stderr
2024-09-19T04:06:36.395+0000 7f29e80f8640 1 -- 172.21.15.94:0/3159852164 >> 172.21.15.94:0/3159852164 conn(0x7f29e0101d80 msgr2=0x7f29e01041a0 unknown :-1 s=STATE_NONE l=0).mark_down
2024-09-19T04:06:37.306 INFO:teuthology.orchestra.run.smithi094.stdout:/usr/bin/ceph: stderr
2024-09-19T04:06:36.396+0000 7f29e80f8640 1 -- 172.21.15.94:0/3159852164 shutdown_connections
2024-09-19T04:06:37.306 INFO:teuthology.orchestra.run.smithi094.stdout:/usr/bin/ceph: stderr
2024-09-19T04:06:36.396+0000 7f29e80f8640 1 -- 172.21.15.94:0/3159852164 wait complete.
2024-09-19T04:06:37.306 INFO:teuthology.orchestra.run.smithi094.stdout:/usr/bin/ceph: stderr
2024-09-19T04:06:36.396+0000 7f29e80f8640 1 Processor -- start
2024-09-19T04:06:37.307 INFO:teuthology.orchestra.run.smithi094.stdout:/usr/bin/ceph: stderr
2024-09-19T04:06:36.396+0000 7f29e80f8640 1 -- start start
2024-09-19T04:06:37.307 INFO:teuthology.orchestra.run.smithi094.stdout:/usr/bin/ceph: stderr
2024-09-19T04:06:36.396+0000 7f29e80f8640 1 --2- >> [v2:172.21.15.94:3300/0,v1:172.21.15.94:6789/0] conn(0x7f29e0108140 0x7f29e019b610 unknown :-1 s=NONE pgs=0 cs=0 l=1 rev1=0 crypto rx=0 tx=0 comp rx=0 tx=0).connect
2024-09-19T04:06:37.307 INFO:teuthology.orchestra.run.smithi094.stdout:/usr/bin/ceph: stderr
2024-09-19T04:06:36.396+0000 7f29e80f8640 1 -- --> [v2:172.21.15.94:3300/0,v1:172.21.15.94:6789/0] -- mon_getmap magic: 0 -- 0x7f29e010ba30 con 0x7f29e0108140
2024-09-19T04:06:37.307 INFO:teuthology.orchestra.run.smithi094.stdout:/usr/bin/ceph: stderr
2024-09-19T04:06:36.396+0000 7f29e5e94640 1 --2- >> [v2:172.21.15.94:3300/0,v1:172.21.15.94:6789/0] conn(0x7f29e0108140 0x7f29e019b610 unknown :-1 s=BANNER_CONNECTING pgs=0 cs=0 l=1 rev1=0 crypto rx=0 tx=0 comp rx=0 tx=0)._handle_peer_banner_payload supported=3 required=0
2024-09-19T04:06:37.307 INFO:teuthology.orchestra.run.smithi094.stdout:/usr/bin/ceph: stderr
2024-09-19T04:06:36.396+0000 7f29e5e94640 1 --2- >> [v2:172.21.15.94:3300/0,v1:172.21.15.94:6789/0] conn(0x7f29e0108140 0x7f29e019b610 unknown :-1 s=HELLO_CONNECTING pgs=0 cs=0 l=1 rev1=1 crypto rx=0 tx=0 comp rx=0 tx=0).handle_hello peer v2:172.21.15.94:3300/0 says I am v2:172.21.15.94:60872/0 (socket says 172.21.15.94:60872)
2024-09-19T04:06:37.307 INFO:teuthology.orchestra.run.smithi094.stdout:/usr/bin/ceph: stderr
2024-09-19T04:06:36.396+0000 7f29e5e94640 1 -- 172.21.15.94:0/383660247 learned_addr learned my addr 172.21.15.94:0/383660247 (peer_addr_for_me v2:172.21.15.94:0/0)
2024-09-19T04:06:37.307 INFO:teuthology.orchestra.run.smithi094.stdout:/usr/bin/ceph: stderr
2024-09-19T04:06:36.397+0000 7f29e5e94640 1 -- 172.21.15.94:0/383660247 --> [v2:172.21.15.94:3300/0,v1:172.21.15.94:6789/0] -- mon_subscribe({config=0+,monmap=0+}) -- 0x7f29e019bb50 con 0x7f29e0108140
2024-09-19T04:06:37.307 INFO:teuthology.orchestra.run.smithi094.stdout:/usr/bin/ceph: stderr
2024-09-19T04:06:36.397+0000 7f29e5e94640 1 --2- 172.21.15.94:0/383660247 >> [v2:172.21.15.94:3300/0,v1:172.21.15.94:6789/0] conn(0x7f29e0108140 0x7f29e019b610 secure :-1 s=READY pgs=75 cs=0 l=1 rev1=1 crypto rx=0x7f29dc031cc0 tx=0x7f29dc031cf0 comp rx=0 tx=0).ready entity=mon.0 client_cookie=0 server_cookie=0 in_seq=0 out_seq=0
2024-09-19T04:06:37.307 INFO:teuthology.orchestra.run.smithi094.stdout:/usr/bin/ceph: stderr
2024-09-19T04:06:36.397+0000 7f29d6ffd640 1 -- 172.21.15.94:0/383660247 <== mon.0 v2:172.21.15.94:3300/0 1 ==== mon_map magic: 0 ==== 205+0+0 (secure 0 0 0) 0x7f29dc036050 con 0x7f29e0108140
2024-09-19T04:06:37.307 INFO:teuthology.orchestra.run.smithi094.stdout:/usr/bin/ceph: stderr
2024-09-19T04:06:36.397+0000 7f29d6ffd640 1 -- 172.21.15.94:0/383660247 <== mon.0 v2:172.21.15.94:3300/0 2 ==== config(26 keys) ==== 1102+0+0 (secure 0 0 0) 0x7f29dc042070 con 0x7f29e0108140
2024-09-19T04:06:37.307 INFO:teuthology.orchestra.run.smithi094.stdout:/usr/bin/ceph: stderr
2024-09-19T04:06:36.397+0000 7f29e80f8640 1 -- 172.21.15.94:0/383660247 --> [v2:172.21.15.94:3300/0,v1:172.21.15.94:6789/0] -- mon_subscribe({mgrmap=0+}) -- 0x7f29e019bde0 con 0x7f29e0108140
2024-09-19T04:06:37.307 INFO:teuthology.orchestra.run.smithi094.stdout:/usr/bin/ceph: stderr
2024-09-19T04:06:36.397+0000 7f29d6ffd640 1 -- 172.21.15.94:0/383660247 <== mon.0 v2:172.21.15.94:3300/0 3 ==== mon_map magic: 0 ==== 205+0+0 (secure 0 0 0) 0x7f29dc03db10 con 0x7f29e0108140
2024-09-19T04:06:37.308 INFO:teuthology.orchestra.run.smithi094.stdout:/usr/bin/ceph: stderr
2024-09-19T04:06:36.397+0000 7f29e80f8640 1 -- 172.21.15.94:0/383660247 --> [v2:172.21.15.94:3300/0,v1:172.21.15.94:6789/0] -- mon_subscribe({osdmap=0}) -- 0x7f29e019ead0 con 0x7f29e0108140
2024-09-19T04:06:37.308 INFO:teuthology.orchestra.run.smithi094.stdout:/usr/bin/ceph: stderr
2024-09-19T04:06:36.398+0000 7f29d6ffd640 1 -- 172.21.15.94:0/383660247 <== mon.0 v2:172.21.15.94:3300/0 4 ==== mgrmap(e 13) ==== 46517+0+0 (secure 0 0 0) 0x7f29dc03dcb0 con 0x7f29e0108140
2024-09-19T04:06:37.308 INFO:teuthology.orchestra.run.smithi094.stdout:/usr/bin/ceph: stderr
2024-09-19T04:06:36.398+0000 7f29e80f8640 1 -- 172.21.15.94:0/383660247 --> [v2:172.21.15.94:3300/0,v1:172.21.15.94:6789/0] -- mon_command({"prefix": "get_command_descriptions"} v 0) -- 0x7f29e01085a0 con 0x7f29e0108140
2024-09-19T04:06:37.308 INFO:teuthology.orchestra.run.smithi094.stdout:/usr/bin/ceph: stderr
2024-09-19T04:06:36.398+0000 7f29d6ffd640 1 --2- 172.21.15.94:0/383660247 >> [v2:172.21.15.94:6800/2308569937,v1:172.21.15.94:6801/2308569937] conn(0x7f29cc039300 0x7f29cc03b7c0 unknown :-1 s=NONE pgs=0 cs=0 l=1 rev1=0 crypto rx=0 tx=0 comp rx=0 tx=0).connect
2024-09-19T04:06:37.308 INFO:teuthology.orchestra.run.smithi094.stdout:/usr/bin/ceph: stderr
2024-09-19T04:06:36.398+0000 7f29d6ffd640 1 -- 172.21.15.94:0/383660247 <== mon.0 v2:172.21.15.94:3300/0 5 ==== osd_map(3..3 src has 1..3) ==== 1155+0+0 (secure 0 0 0) 0x7f29dc06dcd0 con 0x7f29e0108140
2024-09-19T04:06:37.308 INFO:teuthology.orchestra.run.smithi094.stdout:/usr/bin/ceph: stderr
2024-09-19T04:06:36.398+0000 7f29e5693640 1 --2- 172.21.15.94:0/383660247 >> [v2:172.21.15.94:6800/2308569937,v1:172.21.15.94:6801/2308569937] conn(0x7f29cc039300 0x7f29cc03b7c0 unknown :-1 s=BANNER_CONNECTING pgs=0 cs=0 l=1 rev1=0 crypto rx=0 tx=0 comp rx=0 tx=0)._handle_peer_banner_payload supported=3 required=0
2024-09-19T04:06:37.308 INFO:teuthology.orchestra.run.smithi094.stdout:/usr/bin/ceph: stderr
2024-09-19T04:06:36.399+0000 7f29e5693640 1 --2- 172.21.15.94:0/383660247 >> [v2:172.21.15.94:6800/2308569937,v1:172.21.15.94:6801/2308569937] conn(0x7f29cc039300 0x7f29cc03b7c0 secure :-1 s=READY pgs=10 cs=0 l=1 rev1=1 crypto rx=0x7f29d00098c0 tx=0x7f29d0006db0 comp rx=0 tx=0).ready entity=mgr.14150 client_cookie=0 server_cookie=0 in_seq=0 out_seq=0
2024-09-19T04:06:37.308 INFO:teuthology.orchestra.run.smithi094.stdout:/usr/bin/ceph: stderr
2024-09-19T04:06:36.403+0000 7f29d6ffd640 1 -- 172.21.15.94:0/383660247 <== mon.0 v2:172.21.15.94:3300/0 6 ==== mon_command_ack([{"prefix": "get_command_descriptions"}]=0 v0) ==== 72+0+188913 (secure 0 0 0) 0x7f29dc073020 con 0x7f29e0108140
2024-09-19T04:06:37.308 INFO:teuthology.orchestra.run.smithi094.stdout:/usr/bin/ceph: stderr
2024-09-19T04:06:36.660+0000 7f29e80f8640 1 -- 172.21.15.94:0/383660247 --> [v2:172.21.15.94:3300/0,v1:172.21.15.94:6789/0] -- mon_command([{prefix=config-key set, key=mgr/dashboard/cluster/status}] v 0) -- 0x7f29e019eca0 con 0x7f29e0108140
2024-09-19T04:06:37.308 INFO:teuthology.orchestra.run.smithi094.stdout:/usr/bin/ceph: stderr
2024-09-19T04:06:36.662+0000 7f29d6ffd640 1 -- 172.21.15.94:0/383660247 <== mon.0 v2:172.21.15.94:3300/0 7 ==== mon_command_ack([{prefix=config-key set, key=mgr/dashboard/cluster/status}]=0 set mgr/dashboard/cluster/status v28)=0 set mgr/dashboard/cluster/status v28) ==== 153+0+0 (secure 0 0 0) 0x7f29dc044310 con 0x7f29e0108140
2024-09-19T04:06:37.308 INFO:teuthology.orchestra.run.smithi094.stdout:/usr/bin/ceph: stderr set mgr/dashboard/cluster/status
2024-09-19T04:06:37.308 INFO:teuthology.orchestra.run.smithi094.stdout:/usr/bin/ceph: stderr
2024-09-19T04:06:36.665+0000 7f29e80f8640 1 -- 172.21.15.94:0/383660247 >> [v2:172.21.15.94:6800/2308569937,v1:172.21.15.94:6801/2308569937] conn(0x7f29cc039300 msgr2=0x7f29cc03b7c0 secure :-1 s=STATE_CONNECTION_ESTABLISHED l=1).mark_down
2024-09-19T04:06:37.308 INFO:teuthology.orchestra.run.smithi094.stdout:/usr/bin/ceph: stderr
2024-09-19T04:06:36.665+0000 7f29e80f8640 1 --2- 172.21.15.94:0/383660247 >> [v2:172.21.15.94:6800/2308569937,v1:172.21.15.94:6801/2308569937] conn(0x7f29cc039300 0x7f29cc03b7c0 secure :-1 s=READY pgs=10 cs=0 l=1 rev1=1 crypto rx=0x7f29d00098c0 tx=0x7f29d0006db0 comp rx=0 tx=0).stop
2024-09-19T04:06:37.309 INFO:teuthology.orchestra.run.smithi094.stdout:/usr/bin/ceph: stderr
2024-09-19T04:06:36.665+0000 7f29e80f8640 1 -- 172.21.15.94:0/383660247 >> [v2:172.21.15.94:3300/0,v1:172.21.15.94:6789/0] conn(0x7f29e0108140 msgr2=0x7f29e019b610 secure :-1 s=STATE_CONNECTION_ESTABLISHED l=1).mark_down
2024-09-19T04:06:37.309 INFO:teuthology.orchestra.run.smithi094.stdout:/usr/bin/ceph: stderr
2024-09-19T04:06:36.665+0000 7f29e80f8640 1 --2- 172.21.15.94:0/383660247 >> [v2:172.21.15.94:3300/0,v1:172.21.15.94:6789/0] conn(0x7f29e0108140 0x7f29e019b610 secure :-1 s=READY pgs=75 cs=0 l=1 rev1=1 crypto rx=0x7f29dc031cc0 tx=0x7f29dc031cf0 comp rx=0 tx=0).stop
2024-09-19T04:06:37.309 INFO:teuthology.orchestra.run.smithi094.stdout:/usr/bin/ceph: stderr
2024-09-19T04:06:36.665+0000 7f29e80f8640 1 -- 172.21.15.94:0/383660247 shutdown_connections
2024-09-19T04:06:37.309 INFO:teuthology.orchestra.run.smithi094.stdout:/usr/bin/ceph: stderr
2024-09-19T04:06:36.665+0000 7f29e80f8640 1 --2- 172.21.15.94:0/383660247 >> [v2:172.21.15.94:6800/2308569937,v1:172.21.15.94:6801/2308569937] conn(0x7f29cc039300 0x7f29cc03b7c0 unknown :-1 s=CLOSED pgs=10 cs=0 l=1 rev1=1 crypto rx=0 tx=0 comp rx=0 tx=0).stop
2024-09-19T04:06:37.309 INFO:teuthology.orchestra.run.smithi094.stdout:/usr/bin/ceph: stderr
2024-09-19T04:06:36.665+0000 7f29e80f8640 1 --2- 172.21.15.94:0/383660247 >> [v2:172.21.15.94:3300/0,v1:172.21.15.94:6789/0] conn(0x7f29e0108140 0x7f29e019b610 unknown :-1 s=CLOSED pgs=75 cs=0 l=1 rev1=1 crypto rx=0 tx=0 comp rx=0 tx=0).stop
2024-09-19T04:06:37.309 INFO:teuthology.orchestra.run.smithi094.stdout:/usr/bin/ceph: stderr
2024-09-19T04:06:36.665+0000 7f29e80f8640 1 -- 172.21.15.94:0/383660247 >> 172.21.15.94:0/383660247 conn(0x7f29e0101d80 msgr2=0x7f29e0102990 unknown :-1 s=STATE_NONE l=0).mark_down
2024-09-19T04:06:37.309 INFO:teuthology.orchestra.run.smithi094.stdout:/usr/bin/ceph: stderr
2024-09-19T04:06:36.665+0000 7f29e80f8640 1 -- 172.21.15.94:0/383660247 shutdown_connections
2024-09-19T04:06:37.309 INFO:teuthology.orchestra.run.smithi094.stdout:/usr/bin/ceph: stderr
2024-09-19T04:06:36.665+0000 7f29e80f8640 1 -- 172.21.15.94:0/383660247 wait complete.
2024-09-19T04:06:37.309 INFO:teuthology.orchestra.run.smithi094.stdout:You can access the Ceph CLI as following in case of multi-cluster or non-default config:
2024-09-19T04:06:37.309 INFO:teuthology.orchestra.run.smithi094.stdout:
2024-09-19T04:06:37.309 INFO:teuthology.orchestra.run.smithi094.stdout: sudo /home/ubuntu/cephtest/cephadm shell --fsid 503c4526-763c-11ef-bceb-c7b262605968 -c /etc/ceph/ceph.conf -k /etc/ceph/ceph.client.admin.keyring
2024-09-19T04:06:37.309 INFO:teuthology.orchestra.run.smithi094.stdout:
2024-09-19T04:06:37.309 INFO:teuthology.orchestra.run.smithi094.stdout:Or, if you are only running a single cluster on this host:
2024-09-19T04:06:37.310 INFO:teuthology.orchestra.run.smithi094.stdout:
2024-09-19T04:06:37.310 INFO:teuthology.orchestra.run.smithi094.stdout: sudo /home/ubuntu/cephtest/cephadm shell
2024-09-19T04:06:37.310 INFO:teuthology.orchestra.run.smithi094.stdout:
2024-09-19T04:06:37.310 INFO:teuthology.orchestra.run.smithi094.stdout:Please consider enabling telemetry to help improve Ceph:
2024-09-19T04:06:37.310 INFO:teuthology.orchestra.run.smithi094.stdout:
2024-09-19T04:06:37.310 INFO:teuthology.orchestra.run.smithi094.stdout: ceph telemetry on
2024-09-19T04:06:37.310 INFO:teuthology.orchestra.run.smithi094.stdout:
2024-09-19T04:06:37.310 INFO:teuthology.orchestra.run.smithi094.stdout:For more information see:
2024-09-19T04:06:37.310 INFO:teuthology.orchestra.run.smithi094.stdout:
2024-09-19T04:06:37.310 INFO:teuthology.orchestra.run.smithi094.stdout: https://docs.ceph.com/en/latest/mgr/telemetry/
2024-09-19T04:06:37.310 INFO:teuthology.orchestra.run.smithi094.stdout:
2024-09-19T04:06:37.310 INFO:teuthology.orchestra.run.smithi094.stdout:Bootstrap complete.
2024-09-19T04:06:37.329 INFO:journalctl@ceph.mon.a.smithi094.stdout:Sep 19 04:06:37 smithi094 ceph-mon[30972]: mgrmap e13: x(active, since 6s)
2024-09-19T04:06:37.329 INFO:journalctl@ceph.mon.a.smithi094.stdout:Sep 19 04:06:37 smithi094 ceph-mon[30972]: from='client.? 172.21.15.94:0/383660247' entity='client.admin'
2024-09-19T04:06:37.343 INFO:tasks.cephadm:Fetching config...
2024-09-19T04:06:37.343 DEBUG:teuthology.orchestra.run.smithi094:> set -ex
2024-09-19T04:06:37.343 DEBUG:teuthology.orchestra.run.smithi094:> dd if=/etc/ceph/ceph.conf of=/dev/stdout
2024-09-19T04:06:37.360 INFO:tasks.cephadm:Fetching client.admin keyring...
2024-09-19T04:06:37.360 DEBUG:teuthology.orchestra.run.smithi094:> set -ex
2024-09-19T04:06:37.360 DEBUG:teuthology.orchestra.run.smithi094:> dd if=/etc/ceph/ceph.client.admin.keyring of=/dev/stdout
2024-09-19T04:06:37.415 INFO:tasks.cephadm:Fetching mon keyring...
2024-09-19T04:06:37.416 DEBUG:teuthology.orchestra.run.smithi094:> set -ex
2024-09-19T04:06:37.416 DEBUG:teuthology.orchestra.run.smithi094:> sudo dd if=/var/lib/ceph/503c4526-763c-11ef-bceb-c7b262605968/mon.a/keyring of=/dev/stdout
2024-09-19T04:06:37.481 INFO:tasks.cephadm:Fetching pub ssh key...
2024-09-19T04:06:37.481 DEBUG:teuthology.orchestra.run.smithi094:> set -ex
2024-09-19T04:06:37.481 DEBUG:teuthology.orchestra.run.smithi094:> dd if=/home/ubuntu/cephtest/ceph.pub of=/dev/stdout
2024-09-19T04:06:37.537 INFO:tasks.cephadm:Installing pub ssh key for root users...
2024-09-19T04:06:37.537 DEBUG:teuthology.orchestra.run.smithi094:> sudo install -d -m 0700 /root/.ssh && echo 'ssh-rsa AAAAB3NzaC1yc2EAAAADAQABAAABgQDQO1N3pjspPUsujM8AnLcWTKmJDQUxhNso1yA3ObI9+OgF+9zDWCGNidtBioDDcaZ3IsOyhsGzuo3xTNOg18g5c894eedX++/3aU7gtPYgLdf+GbtH6/a5AG7geATCz/TO3HHoQBggnknWodAC3p4ROryECmPmtPPbW4H0cYo1h80vAhxCBWJeuX6Ro7q/ldt45Rl60gMk2G754QExCgLpgfSJ2M0nQ3gPMgdiv4eTTSRLDjci2dNZH8cE0njGOA/LjU8ewUAKwKyx4FN0LvdL2/O/8VqZ/lDFtr+YIknoVtyzT1jadjD+UH3sOQKSXIE6BK7RS4HJzTx/TBrBGMRbrjqtn1oHIGplnMATmg469gejv4JGbk4q5h0qq3bMeBD18plQ3rexYsH7ek4ZcWErkTxzKksmMFNBHJk1hmkBnQSUGpVLVZXC4SOJ91yFgH+zXZrLdVYs335O8EPkMLVJ1xFxLRfuGD7vPI4XClGsUwQNcEYpVoJ+vChgzlBdQiE= ceph-503c4526-763c-11ef-bceb-c7b262605968' | sudo tee -a /root/.ssh/authorized_keys && sudo chmod 0600 /root/.ssh/authorized_keys
2024-09-19T04:06:37.610 INFO:teuthology.orchestra.run.smithi094.stdout:ssh-rsa AAAAB3NzaC1yc2EAAAADAQABAAABgQDQO1N3pjspPUsujM8AnLcWTKmJDQUxhNso1yA3ObI9+OgF+9zDWCGNidtBioDDcaZ3IsOyhsGzuo3xTNOg18g5c894eedX++/3aU7gtPYgLdf+GbtH6/a5AG7geATCz/TO3HHoQBggnknWodAC3p4ROryECmPmtPPbW4H0cYo1h80vAhxCBWJeuX6Ro7q/ldt45Rl60gMk2G754QExCgLpgfSJ2M0nQ3gPMgdiv4eTTSRLDjci2dNZH8cE0njGOA/LjU8ewUAKwKyx4FN0LvdL2/O/8VqZ/lDFtr+YIknoVtyzT1jadjD+UH3sOQKSXIE6BK7RS4HJzTx/TBrBGMRbrjqtn1oHIGplnMATmg469gejv4JGbk4q5h0qq3bMeBD18plQ3rexYsH7ek4ZcWErkTxzKksmMFNBHJk1hmkBnQSUGpVLVZXC4SOJ91yFgH+zXZrLdVYs335O8EPkMLVJ1xFxLRfuGD7vPI4XClGsUwQNcEYpVoJ+vChgzlBdQiE= ceph-503c4526-763c-11ef-bceb-c7b262605968
2024-09-19T04:06:37.621 DEBUG:teuthology.orchestra.run.smithi104:> sudo install -d -m 0700 /root/.ssh && echo 'ssh-rsa AAAAB3NzaC1yc2EAAAADAQABAAABgQDQO1N3pjspPUsujM8AnLcWTKmJDQUxhNso1yA3ObI9+OgF+9zDWCGNidtBioDDcaZ3IsOyhsGzuo3xTNOg18g5c894eedX++/3aU7gtPYgLdf+GbtH6/a5AG7geATCz/TO3HHoQBggnknWodAC3p4ROryECmPmtPPbW4H0cYo1h80vAhxCBWJeuX6Ro7q/ldt45Rl60gMk2G754QExCgLpgfSJ2M0nQ3gPMgdiv4eTTSRLDjci2dNZH8cE0njGOA/LjU8ewUAKwKyx4FN0LvdL2/O/8VqZ/lDFtr+YIknoVtyzT1jadjD+UH3sOQKSXIE6BK7RS4HJzTx/TBrBGMRbrjqtn1oHIGplnMATmg469gejv4JGbk4q5h0qq3bMeBD18plQ3rexYsH7ek4ZcWErkTxzKksmMFNBHJk1hmkBnQSUGpVLVZXC4SOJ91yFgH+zXZrLdVYs335O8EPkMLVJ1xFxLRfuGD7vPI4XClGsUwQNcEYpVoJ+vChgzlBdQiE= ceph-503c4526-763c-11ef-bceb-c7b262605968' | sudo tee -a /root/.ssh/authorized_keys && sudo chmod 0600 /root/.ssh/authorized_keys
2024-09-19T04:06:37.891 INFO:teuthology.orchestra.run.smithi104.stdout:ssh-rsa AAAAB3NzaC1yc2EAAAADAQABAAABgQDQO1N3pjspPUsujM8AnLcWTKmJDQUxhNso1yA3ObI9+OgF+9zDWCGNidtBioDDcaZ3IsOyhsGzuo3xTNOg18g5c894eedX++/3aU7gtPYgLdf+GbtH6/a5AG7geATCz/TO3HHoQBggnknWodAC3p4ROryECmPmtPPbW4H0cYo1h80vAhxCBWJeuX6Ro7q/ldt45Rl60gMk2G754QExCgLpgfSJ2M0nQ3gPMgdiv4eTTSRLDjci2dNZH8cE0njGOA/LjU8ewUAKwKyx4FN0LvdL2/O/8VqZ/lDFtr+YIknoVtyzT1jadjD+UH3sOQKSXIE6BK7RS4HJzTx/TBrBGMRbrjqtn1oHIGplnMATmg469gejv4JGbk4q5h0qq3bMeBD18plQ3rexYsH7ek4ZcWErkTxzKksmMFNBHJk1hmkBnQSUGpVLVZXC4SOJ91yFgH+zXZrLdVYs335O8EPkMLVJ1xFxLRfuGD7vPI4XClGsUwQNcEYpVoJ+vChgzlBdQiE= ceph-503c4526-763c-11ef-bceb-c7b262605968
2024-09-19T04:06:37.905 DEBUG:teuthology.orchestra.run.smithi112:> sudo install -d -m 0700 /root/.ssh && echo 'ssh-rsa AAAAB3NzaC1yc2EAAAADAQABAAABgQDQO1N3pjspPUsujM8AnLcWTKmJDQUxhNso1yA3ObI9+OgF+9zDWCGNidtBioDDcaZ3IsOyhsGzuo3xTNOg18g5c894eedX++/3aU7gtPYgLdf+GbtH6/a5AG7geATCz/TO3HHoQBggnknWodAC3p4ROryECmPmtPPbW4H0cYo1h80vAhxCBWJeuX6Ro7q/ldt45Rl60gMk2G754QExCgLpgfSJ2M0nQ3gPMgdiv4eTTSRLDjci2dNZH8cE0njGOA/LjU8ewUAKwKyx4FN0LvdL2/O/8VqZ/lDFtr+YIknoVtyzT1jadjD+UH3sOQKSXIE6BK7RS4HJzTx/TBrBGMRbrjqtn1oHIGplnMATmg469gejv4JGbk4q5h0qq3bMeBD18plQ3rexYsH7ek4ZcWErkTxzKksmMFNBHJk1hmkBnQSUGpVLVZXC4SOJ91yFgH+zXZrLdVYs335O8EPkMLVJ1xFxLRfuGD7vPI4XClGsUwQNcEYpVoJ+vChgzlBdQiE= ceph-503c4526-763c-11ef-bceb-c7b262605968' | sudo tee -a /root/.ssh/authorized_keys && sudo chmod 0600 /root/.ssh/authorized_keys
2024-09-19T04:06:38.023 INFO:teuthology.orchestra.run.smithi112.stdout:ssh-rsa AAAAB3NzaC1yc2EAAAADAQABAAABgQDQO1N3pjspPUsujM8AnLcWTKmJDQUxhNso1yA3ObI9+OgF+9zDWCGNidtBioDDcaZ3IsOyhsGzuo3xTNOg18g5c894eedX++/3aU7gtPYgLdf+GbtH6/a5AG7geATCz/TO3HHoQBggnknWodAC3p4ROryECmPmtPPbW4H0cYo1h80vAhxCBWJeuX6Ro7q/ldt45Rl60gMk2G754QExCgLpgfSJ2M0nQ3gPMgdiv4eTTSRLDjci2dNZH8cE0njGOA/LjU8ewUAKwKyx4FN0LvdL2/O/8VqZ/lDFtr+YIknoVtyzT1jadjD+UH3sOQKSXIE6BK7RS4HJzTx/TBrBGMRbrjqtn1oHIGplnMATmg469gejv4JGbk4q5h0qq3bMeBD18plQ3rexYsH7ek4ZcWErkTxzKksmMFNBHJk1hmkBnQSUGpVLVZXC4SOJ91yFgH+zXZrLdVYs335O8EPkMLVJ1xFxLRfuGD7vPI4XClGsUwQNcEYpVoJ+vChgzlBdQiE= ceph-503c4526-763c-11ef-bceb-c7b262605968
2024-09-19T04:06:38.037 DEBUG:teuthology.orchestra.run.smithi094:> sudo /home/ubuntu/cephtest/cephadm --image quay-quay-quay.apps.os.sepia.ceph.com/ceph-ci/ceph:2f599a46ad10e37c929e5c43da2f6907ddcd1961 shell -c /etc/ceph/ceph.conf -k /etc/ceph/ceph.client.admin.keyring --fsid 503c4526-763c-11ef-bceb-c7b262605968 -- ceph config set mgr mgr/cephadm/allow_ptrace true
2024-09-19T04:06:38.292 INFO:teuthology.orchestra.run.smithi094.stderr:Inferring config /var/lib/ceph/503c4526-763c-11ef-bceb-c7b262605968/mon.a/config
2024-09-19T04:06:38.850 INFO:teuthology.orchestra.run.smithi094.stderr:2024-09-19T04:06:38.836+0000 7f710079c640 1 -- 172.21.15.94:0/3786916732 >> [v2:172.21.15.94:3300/0,v1:172.21.15.94:6789/0] conn(0x7f70f81004e0 msgr2=0x7f70f81008e0 secure :-1 s=STATE_CONNECTION_ESTABLISHED l=1).mark_down
2024-09-19T04:06:38.850 INFO:teuthology.orchestra.run.smithi094.stderr:2024-09-19T04:06:38.836+0000 7f710079c640 1 --2- 172.21.15.94:0/3786916732 >> [v2:172.21.15.94:3300/0,v1:172.21.15.94:6789/0] conn(0x7f70f81004e0 0x7f70f81008e0 secure :-1 s=READY pgs=76 cs=0 l=1 rev1=1 crypto rx=0x7f70f4009880 tx=0x7f70f402a5d0 comp rx=0 tx=0).stop
2024-09-19T04:06:38.850 INFO:teuthology.orchestra.run.smithi094.stderr:2024-09-19T04:06:38.836+0000 7f710079c640 1 -- 172.21.15.94:0/3786916732 shutdown_connections
2024-09-19T04:06:38.850 INFO:teuthology.orchestra.run.smithi094.stderr:2024-09-19T04:06:38.836+0000 7f710079c640 1 --2- 172.21.15.94:0/3786916732 >> [v2:172.21.15.94:3300/0,v1:172.21.15.94:6789/0] conn(0x7f70f81004e0 0x7f70f81008e0 unknown :-1 s=CLOSED pgs=76 cs=0 l=1 rev1=1 crypto rx=0 tx=0 comp rx=0 tx=0).stop
2024-09-19T04:06:38.850 INFO:teuthology.orchestra.run.smithi094.stderr:2024-09-19T04:06:38.836+0000 7f710079c640 1 -- 172.21.15.94:0/3786916732 >> 172.21.15.94:0/3786916732 conn(0x7f70f80fbc70 msgr2=0x7f70f80fe0b0 unknown :-1 s=STATE_NONE l=0).mark_down
2024-09-19T04:06:38.851 INFO:teuthology.orchestra.run.smithi094.stderr:2024-09-19T04:06:38.836+0000 7f710079c640 1 -- 172.21.15.94:0/3786916732 shutdown_connections
2024-09-19T04:06:38.851 INFO:teuthology.orchestra.run.smithi094.stderr:2024-09-19T04:06:38.836+0000 7f710079c640 1 -- 172.21.15.94:0/3786916732 wait complete.
2024-09-19T04:06:38.851 INFO:teuthology.orchestra.run.smithi094.stderr:2024-09-19T04:06:38.837+0000 7f710079c640 1 Processor -- start
2024-09-19T04:06:38.851 INFO:teuthology.orchestra.run.smithi094.stderr:2024-09-19T04:06:38.837+0000 7f710079c640 1 -- start start
2024-09-19T04:06:38.851 INFO:teuthology.orchestra.run.smithi094.stderr:2024-09-19T04:06:38.837+0000 7f710079c640 1 --2- >> [v2:172.21.15.94:3300/0,v1:172.21.15.94:6789/0] conn(0x7f70f81004e0 0x7f70f806a990 unknown :-1 s=NONE pgs=0 cs=0 l=1 rev1=0 crypto rx=0 tx=0 comp rx=0 tx=0).connect
2024-09-19T04:06:38.851 INFO:teuthology.orchestra.run.smithi094.stderr:2024-09-19T04:06:38.837+0000 7f710079c640 1 -- --> [v2:172.21.15.94:3300/0,v1:172.21.15.94:6789/0] -- mon_getmap magic: 0 -- 0x7f70f81064a0 con 0x7f70f81004e0
2024-09-19T04:06:38.851 INFO:teuthology.orchestra.run.smithi094.stderr:2024-09-19T04:06:38.837+0000 7f70fe538640 1 --2- >> [v2:172.21.15.94:3300/0,v1:172.21.15.94:6789/0] conn(0x7f70f81004e0 0x7f70f806a990 unknown :-1 s=BANNER_CONNECTING pgs=0 cs=0 l=1 rev1=0 crypto rx=0 tx=0 comp rx=0 tx=0)._handle_peer_banner_payload supported=3 required=0
2024-09-19T04:06:38.851 INFO:teuthology.orchestra.run.smithi094.stderr:2024-09-19T04:06:38.837+0000 7f70fe538640 1 --2- >> [v2:172.21.15.94:3300/0,v1:172.21.15.94:6789/0] conn(0x7f70f81004e0 0x7f70f806a990 unknown :-1 s=HELLO_CONNECTING pgs=0 cs=0 l=1 rev1=1 crypto rx=0 tx=0 comp rx=0 tx=0).handle_hello peer v2:172.21.15.94:3300/0 says I am v2:172.21.15.94:60888/0 (socket says 172.21.15.94:60888)
2024-09-19T04:06:38.851 INFO:teuthology.orchestra.run.smithi094.stderr:2024-09-19T04:06:38.837+0000 7f70fe538640 1 -- 172.21.15.94:0/4074660503 learned_addr learned my addr 172.21.15.94:0/4074660503 (peer_addr_for_me v2:172.21.15.94:0/0)
2024-09-19T04:06:38.851 INFO:teuthology.orchestra.run.smithi094.stderr:2024-09-19T04:06:38.838+0000 7f70fe538640 1 -- 172.21.15.94:0/4074660503 --> [v2:172.21.15.94:3300/0,v1:172.21.15.94:6789/0] -- mon_subscribe({config=0+,monmap=0+}) -- 0x7f70f81999c0 con 0x7f70f81004e0
2024-09-19T04:06:38.851 INFO:teuthology.orchestra.run.smithi094.stderr:2024-09-19T04:06:38.838+0000 7f70fe538640 1 --2- 172.21.15.94:0/4074660503 >> [v2:172.21.15.94:3300/0,v1:172.21.15.94:6789/0] conn(0x7f70f81004e0 0x7f70f806a990 secure :-1 s=READY pgs=77 cs=0 l=1 rev1=1 crypto rx=0x7f70f4009230 tx=0x7f70f40048f0 comp rx=0 tx=0).ready entity=mon.0 client_cookie=0 server_cookie=0 in_seq=0 out_seq=0
2024-09-19T04:06:38.852 INFO:teuthology.orchestra.run.smithi094.stderr:2024-09-19T04:06:38.838+0000 7f70ef7fe640 1 -- 172.21.15.94:0/4074660503 <== mon.0 v2:172.21.15.94:3300/0 1 ==== mon_map magic: 0 ==== 205+0+0 (secure 0 0 0) 0x7f70f403f070 con 0x7f70f81004e0
2024-09-19T04:06:38.852 INFO:teuthology.orchestra.run.smithi094.stderr:2024-09-19T04:06:38.838+0000 7f70ef7fe640 1 -- 172.21.15.94:0/4074660503 <== mon.0 v2:172.21.15.94:3300/0 2 ==== config(26 keys) ==== 1102+0+0 (secure 0 0 0) 0x7f70f4003aa0 con 0x7f70f81004e0
2024-09-19T04:06:38.852 INFO:teuthology.orchestra.run.smithi094.stderr:2024-09-19T04:06:38.838+0000 7f710079c640 1 -- 172.21.15.94:0/4074660503 --> [v2:172.21.15.94:3300/0,v1:172.21.15.94:6789/0] -- mon_subscribe({mgrmap=0+}) -- 0x7f70f8199b90 con 0x7f70f81004e0
2024-09-19T04:06:38.852 INFO:teuthology.orchestra.run.smithi094.stderr:2024-09-19T04:06:38.838+0000 7f70ef7fe640 1 -- 172.21.15.94:0/4074660503 <== mon.0 v2:172.21.15.94:3300/0 3 ==== mon_map magic: 0 ==== 205+0+0 (secure 0 0 0) 0x7f70f4035030 con 0x7f70f81004e0
2024-09-19T04:06:38.852 INFO:teuthology.orchestra.run.smithi094.stderr:2024-09-19T04:06:38.838+0000 7f710079c640 1 -- 172.21.15.94:0/4074660503 --> [v2:172.21.15.94:3300/0,v1:172.21.15.94:6789/0] -- mon_subscribe({osdmap=0}) -- 0x7f70f8199fb0 con 0x7f70f81004e0
2024-09-19T04:06:38.852 INFO:teuthology.orchestra.run.smithi094.stderr:2024-09-19T04:06:38.839+0000 7f70ef7fe640 1 -- 172.21.15.94:0/4074660503 <== mon.0 v2:172.21.15.94:3300/0 4 ==== mgrmap(e 13) ==== 46517+0+0 (secure 0 0 0) 0x7f70f4042070 con 0x7f70f81004e0
2024-09-19T04:06:38.852 INFO:teuthology.orchestra.run.smithi094.stderr:2024-09-19T04:06:38.839+0000 7f710079c640 1 -- 172.21.15.94:0/4074660503 --> [v2:172.21.15.94:3300/0,v1:172.21.15.94:6789/0] -- mon_command({"prefix": "get_command_descriptions"} v 0) -- 0x7f70f8106c20 con 0x7f70f81004e0
2024-09-19T04:06:38.852 INFO:teuthology.orchestra.run.smithi094.stderr:2024-09-19T04:06:38.839+0000 7f70ef7fe640 1 --2- 172.21.15.94:0/4074660503 >> [v2:172.21.15.94:6800/2308569937,v1:172.21.15.94:6801/2308569937] conn(0x7f70e40392a0 0x7f70e403b760 unknown :-1 s=NONE pgs=0 cs=0 l=1 rev1=0 crypto rx=0 tx=0 comp rx=0 tx=0).connect
2024-09-19T04:06:38.852 INFO:teuthology.orchestra.run.smithi094.stderr:2024-09-19T04:06:38.840+0000 7f70ef7fe640 1 -- 172.21.15.94:0/4074660503 <== mon.0 v2:172.21.15.94:3300/0 5 ==== osd_map(3..3 src has 1..3) ==== 1155+0+0 (secure 0 0 0) 0x7f70f406d1b0 con 0x7f70f81004e0
2024-09-19T04:06:38.852 INFO:teuthology.orchestra.run.smithi094.stderr:2024-09-19T04:06:38.840+0000 7f70fdd37640 1 --2- 172.21.15.94:0/4074660503 >> [v2:172.21.15.94:6800/2308569937,v1:172.21.15.94:6801/2308569937] conn(0x7f70e40392a0 0x7f70e403b760 unknown :-1 s=BANNER_CONNECTING pgs=0 cs=0 l=1 rev1=0 crypto rx=0 tx=0 comp rx=0 tx=0)._handle_peer_banner_payload supported=3 required=0
2024-09-19T04:06:38.853 INFO:teuthology.orchestra.run.smithi094.stderr:2024-09-19T04:06:38.840+0000 7f70fdd37640 1 --2- 172.21.15.94:0/4074660503 >> [v2:172.21.15.94:6800/2308569937,v1:172.21.15.94:6801/2308569937] conn(0x7f70e40392a0 0x7f70e403b760 secure :-1 s=READY pgs=11 cs=0 l=1 rev1=1 crypto rx=0x7f70e80098c0 tx=0x7f70e8006db0 comp rx=0 tx=0).ready entity=mgr.14150 client_cookie=0 server_cookie=0 in_seq=0 out_seq=0
2024-09-19T04:06:38.853 INFO:teuthology.orchestra.run.smithi094.stderr:2024-09-19T04:06:38.844+0000 7f70ef7fe640 1 -- 172.21.15.94:0/4074660503 <== mon.0 v2:172.21.15.94:3300/0 6 ==== mon_command_ack([{"prefix": "get_command_descriptions"}]=0 v0) ==== 72+0+188913 (secure 0 0 0) 0x7f70f4039350 con 0x7f70f81004e0
2024-09-19T04:06:39.021 INFO:teuthology.orchestra.run.smithi094.stderr:2024-09-19T04:06:39.019+0000 7f710079c640 1 -- 172.21.15.94:0/4074660503 --> [v2:172.21.15.94:3300/0,v1:172.21.15.94:6789/0] -- mon_command([{prefix=config set, name=mgr/cephadm/allow_ptrace}] v 0) -- 0x7f70f818f260 con 0x7f70f81004e0
2024-09-19T04:06:39.023 INFO:teuthology.orchestra.run.smithi094.stderr:2024-09-19T04:06:39.021+0000 7f70ef7fe640 1 -- 172.21.15.94:0/4074660503 <== mon.0 v2:172.21.15.94:3300/0 7 ==== mon_command_ack([{prefix=config set, name=mgr/cephadm/allow_ptrace}]=0 v9)=0 v9) ==== 125+0+0 (secure 0 0 0) 0x7f70f402f300 con 0x7f70f81004e0
2024-09-19T04:06:39.025 INFO:teuthology.orchestra.run.smithi094.stderr:2024-09-19T04:06:39.024+0000 7f710079c640 1 -- 172.21.15.94:0/4074660503 >> [v2:172.21.15.94:6800/2308569937,v1:172.21.15.94:6801/2308569937] conn(0x7f70e40392a0 msgr2=0x7f70e403b760 secure :-1 s=STATE_CONNECTION_ESTABLISHED l=1).mark_down
