2024-09-19T04:06:20.249 INFO:teuthology.orchestra.run.smithi094.stdout:/usr/bin/ceph: stderr
2024-09-19T04:06:19.254+0000 7f6018bf5640 1 -- 172.21.15.94:0/1869023620 <== mon.0 v2:172.21.15.94:3300/0 2 ==== config(26 keys) ==== 1071+0+0 (secure 0 0 0) 0x7f60080328d0 con 0x7f60141076c0
2024-09-19T04:06:20.249 INFO:teuthology.orchestra.run.smithi094.stdout:/usr/bin/ceph: stderr
2024-09-19T04:06:19.254+0000 7f6018bf5640 1 -- 172.21.15.94:0/1869023620 <== mon.0 v2:172.21.15.94:3300/0 3 ==== mon_map magic: 0 ==== 205+0+0 (secure 0 0 0) 0x7f60080307d0 con 0x7f60141076c0
2024-09-19T04:06:20.249 INFO:teuthology.orchestra.run.smithi094.stdout:/usr/bin/ceph: stderr
2024-09-19T04:06:19.255+0000 7f601be5b640 1 -- 172.21.15.94:0/1869023620 >> [v2:172.21.15.94:3300/0,v1:172.21.15.94:6789/0] conn(0x7f60141076c0 msgr2=0x7f6014107ac0 secure :-1 s=STATE_CONNECTION_ESTABLISHED l=1).mark_down
2024-09-19T04:06:20.249 INFO:teuthology.orchestra.run.smithi094.stdout:/usr/bin/ceph: stderr
2024-09-19T04:06:19.255+0000 7f601be5b640 1 --2- 172.21.15.94:0/1869023620 >> [v2:172.21.15.94:3300/0,v1:172.21.15.94:6789/0] conn(0x7f60141076c0 0x7f6014107ac0 secure :-1 s=READY pgs=47 cs=0 l=1 rev1=1 crypto rx=0x7f6008009820 tx=0x7f600802a270 comp rx=0 tx=0).stop
2024-09-19T04:06:20.249 INFO:teuthology.orchestra.run.smithi094.stdout:/usr/bin/ceph: stderr
2024-09-19T04:06:19.255+0000 7f601be5b640 1 -- 172.21.15.94:0/1869023620 shutdown_connections
2024-09-19T04:06:20.249 INFO:teuthology.orchestra.run.smithi094.stdout:/usr/bin/ceph: stderr
2024-09-19T04:06:19.255+0000 7f601be5b640 1 --2- 172.21.15.94:0/1869023620 >> [v2:172.21.15.94:3300/0,v1:172.21.15.94:6789/0] conn(0x7f60141076c0 0x7f6014107ac0 unknown :-1 s=CLOSED pgs=47 cs=0 l=1 rev1=1 crypto rx=0 tx=0 comp rx=0 tx=0).stop
2024-09-19T04:06:20.249 INFO:teuthology.orchestra.run.smithi094.stdout:/usr/bin/ceph: stderr
2024-09-19T04:06:19.255+0000 7f601be5b640 1 -- 172.21.15.94:0/1869023620 >> 172.21.15.94:0/1869023620 conn(0x7f6014102ed0 msgr2=0x7f60141052f0 unknown :-1 s=STATE_NONE l=0).mark_down
2024-09-19T04:06:20.249 INFO:teuthology.orchestra.run.smithi094.stdout:/usr/bin/ceph: stderr
2024-09-19T04:06:19.255+0000 7f601be5b640 1 -- 172.21.15.94:0/1869023620 shutdown_connections
2024-09-19T04:06:20.249 INFO:teuthology.orchestra.run.smithi094.stdout:/usr/bin/ceph: stderr
2024-09-19T04:06:19.255+0000 7f601be5b640 1 -- 172.21.15.94:0/1869023620 wait complete.
2024-09-19T04:06:20.250 INFO:teuthology.orchestra.run.smithi094.stdout:/usr/bin/ceph: stderr
2024-09-19T04:06:19.255+0000 7f601be5b640 1 Processor -- start
2024-09-19T04:06:20.250 INFO:teuthology.orchestra.run.smithi094.stdout:/usr/bin/ceph: stderr
2024-09-19T04:06:19.256+0000 7f601be5b640 1 -- start start
2024-09-19T04:06:20.250 INFO:teuthology.orchestra.run.smithi094.stdout:/usr/bin/ceph: stderr
2024-09-19T04:06:19.256+0000 7f601be5b640 1 --2- >> [v2:172.21.15.94:3300/0,v1:172.21.15.94:6789/0] conn(0x7f60141076c0 0x7f601419d810 unknown :-1 s=NONE pgs=0 cs=0 l=1 rev1=0 crypto rx=0 tx=0 comp rx=0 tx=0).connect
2024-09-19T04:06:20.250 INFO:teuthology.orchestra.run.smithi094.stdout:/usr/bin/ceph: stderr
2024-09-19T04:06:19.256+0000 7f601be5b640 1 -- --> [v2:172.21.15.94:3300/0,v1:172.21.15.94:6789/0] -- mon_getmap magic: 0 -- 0x7f601410bbd0 con 0x7f60141076c0
2024-09-19T04:06:20.250 INFO:teuthology.orchestra.run.smithi094.stdout:/usr/bin/ceph: stderr
2024-09-19T04:06:19.256+0000 7f6019bf7640 1 --2- >> [v2:172.21.15.94:3300/0,v1:172.21.15.94:6789/0] conn(0x7f60141076c0 0x7f601419d810 unknown :-1 s=BANNER_CONNECTING pgs=0 cs=0 l=1 rev1=0 crypto rx=0 tx=0 comp rx=0 tx=0)._handle_peer_banner_payload supported=3 required=0
2024-09-19T04:06:20.250 INFO:teuthology.orchestra.run.smithi094.stdout:/usr/bin/ceph: stderr
2024-09-19T04:06:19.256+0000 7f6019bf7640 1 --2- >> [v2:172.21.15.94:3300/0,v1:172.21.15.94:6789/0] conn(0x7f60141076c0 0x7f601419d810 unknown :-1 s=HELLO_CONNECTING pgs=0 cs=0 l=1 rev1=1 crypto rx=0 tx=0 comp rx=0 tx=0).handle_hello peer v2:172.21.15.94:3300/0 says I am v2:172.21.15.94:57454/0 (socket says 172.21.15.94:57454)
2024-09-19T04:06:20.250 INFO:teuthology.orchestra.run.smithi094.stdout:/usr/bin/ceph: stderr
2024-09-19T04:06:19.256+0000 7f6019bf7640 1 -- 172.21.15.94:0/3197363761 learned_addr learned my addr 172.21.15.94:0/3197363761 (peer_addr_for_me v2:172.21.15.94:0/0)
2024-09-19T04:06:20.250 INFO:teuthology.orchestra.run.smithi094.stdout:/usr/bin/ceph: stderr
2024-09-19T04:06:19.256+0000 7f6019bf7640 1 -- 172.21.15.94:0/3197363761 --> [v2:172.21.15.94:3300/0,v1:172.21.15.94:6789/0] -- mon_subscribe({config=0+,monmap=0+}) -- 0x7f601419dd50 con 0x7f60141076c0
2024-09-19T04:06:20.250 INFO:teuthology.orchestra.run.smithi094.stdout:/usr/bin/ceph: stderr
2024-09-19T04:06:19.256+0000 7f6019bf7640 1 --2- 172.21.15.94:0/3197363761 >> [v2:172.21.15.94:3300/0,v1:172.21.15.94:6789/0] conn(0x7f60141076c0 0x7f601419d810 secure :-1 s=READY pgs=48 cs=0 l=1 rev1=1 crypto rx=0x7f6008009940 tx=0x7f6008032e10 comp rx=0 tx=0).ready entity=mon.0 client_cookie=0 server_cookie=0 in_seq=0 out_seq=0
2024-09-19T04:06:20.250 INFO:teuthology.orchestra.run.smithi094.stdout:/usr/bin/ceph: stderr
2024-09-19T04:06:19.256+0000 7f6006ffd640 1 -- 172.21.15.94:0/3197363761 <== mon.0 v2:172.21.15.94:3300/0 1 ==== mon_map magic: 0 ==== 205+0+0 (secure 0 0 0) 0x7f6008042070 con 0x7f60141076c0
2024-09-19T04:06:20.250 INFO:teuthology.orchestra.run.smithi094.stdout:/usr/bin/ceph: stderr
2024-09-19T04:06:19.256+0000 7f601be5b640 1 -- 172.21.15.94:0/3197363761 --> [v2:172.21.15.94:3300/0,v1:172.21.15.94:6789/0] -- mon_subscribe({mgrmap=0+}) -- 0x7f601419dfe0 con 0x7f60141076c0
2024-09-19T04:06:20.250 INFO:teuthology.orchestra.run.smithi094.stdout:/usr/bin/ceph: stderr
2024-09-19T04:06:19.256+0000 7f6006ffd640 1 -- 172.21.15.94:0/3197363761 <== mon.0 v2:172.21.15.94:3300/0 2 ==== config(26 keys) ==== 1071+0+0 (secure 0 0 0) 0x7f6008030c80 con 0x7f60141076c0
2024-09-19T04:06:20.251 INFO:teuthology.orchestra.run.smithi094.stdout:/usr/bin/ceph: stderr
2024-09-19T04:06:19.256+0000 7f6006ffd640 1 -- 172.21.15.94:0/3197363761 <== mon.0 v2:172.21.15.94:3300/0 3 ==== mon_map magic: 0 ==== 205+0+0 (secure 0 0 0) 0x7f6008037040 con 0x7f60141076c0
2024-09-19T04:06:20.251 INFO:teuthology.orchestra.run.smithi094.stdout:/usr/bin/ceph: stderr
2024-09-19T04:06:19.256+0000 7f601be5b640 1 -- 172.21.15.94:0/3197363761 --> [v2:172.21.15.94:3300/0,v1:172.21.15.94:6789/0] -- mon_subscribe({osdmap=0}) -- 0x7f60141a0cd0 con 0x7f60141076c0
2024-09-19T04:06:20.251 INFO:teuthology.orchestra.run.smithi094.stdout:/usr/bin/ceph: stderr
2024-09-19T04:06:19.257+0000 7f6006ffd640 1 -- 172.21.15.94:0/3197363761 <== mon.0 v2:172.21.15.94:3300/0 4 ==== mgrmap(e 8) ==== 46461+0+0 (secure 0 0 0) 0x7f6008045070 con 0x7f60141076c0
2024-09-19T04:06:20.251 INFO:teuthology.orchestra.run.smithi094.stdout:/usr/bin/ceph: stderr
2024-09-19T04:06:19.257+0000 7f601be5b640 1 -- 172.21.15.94:0/3197363761 --> [v2:172.21.15.94:3300/0,v1:172.21.15.94:6789/0] -- mon_command({"prefix": "get_command_descriptions"} v 0) -- 0x7f601410bd50 con 0x7f60141076c0
2024-09-19T04:06:20.251 INFO:teuthology.orchestra.run.smithi094.stdout:/usr/bin/ceph: stderr
2024-09-19T04:06:19.257+0000 7f6006ffd640 1 --2- 172.21.15.94:0/3197363761 >> [v2:172.21.15.94:6800/3136401482,v1:172.21.15.94:6801/3136401482] conn(0x7f60000391b0 0x7f600003b670 unknown :-1 s=NONE pgs=0 cs=0 l=1 rev1=0 crypto rx=0 tx=0 comp rx=0 tx=0).connect
2024-09-19T04:06:20.251 INFO:teuthology.orchestra.run.smithi094.stdout:/usr/bin/ceph: stderr
2024-09-19T04:06:19.257+0000 7f6006ffd640 1 -- 172.21.15.94:0/3197363761 <== mon.0 v2:172.21.15.94:3300/0 5 ==== osd_map(2..2 src has 1..2) ==== 940+0+0 (secure 0 0 0) 0x7f600806c180 con 0x7f60141076c0
2024-09-19T04:06:20.251 INFO:teuthology.orchestra.run.smithi094.stdout:/usr/bin/ceph: stderr
2024-09-19T04:06:19.258+0000 7f60193f6640 1 --2- 172.21.15.94:0/3197363761 >> [v2:172.21.15.94:6800/3136401482,v1:172.21.15.94:6801/3136401482] conn(0x7f60000391b0 0x7f600003b670 unknown :-1 s=BANNER_CONNECTING pgs=0 cs=0 l=1 rev1=0 crypto rx=0 tx=0 comp rx=0 tx=0)._handle_peer_banner_payload supported=3 required=0
2024-09-19T04:06:20.251 INFO:teuthology.orchestra.run.smithi094.stdout:/usr/bin/ceph: stderr
2024-09-19T04:06:19.258+0000 7f60193f6640 1 --2- 172.21.15.94:0/3197363761 >> [v2:172.21.15.94:6800/3136401482,v1:172.21.15.94:6801/3136401482] conn(0x7f60000391b0 0x7f600003b670 secure :-1 s=READY pgs=13 cs=0 l=1 rev1=1 crypto rx=0x7f60100098c0 tx=0x7f6010006db0 comp rx=0 tx=0).ready entity=mgr.14118 client_cookie=0 server_cookie=0 in_seq=0 out_seq=0
2024-09-19T04:06:20.251 INFO:teuthology.orchestra.run.smithi094.stdout:/usr/bin/ceph: stderr
2024-09-19T04:06:19.262+0000 7f6006ffd640 1 -- 172.21.15.94:0/3197363761 <== mon.0 v2:172.21.15.94:3300/0 6 ==== mon_command_ack([{"prefix": "get_command_descriptions"}]=0 v0) ==== 72+0+188913 (secure 0 0 0) 0x7f6008045360 con 0x7f60141076c0
2024-09-19T04:06:20.251 INFO:teuthology.orchestra.run.smithi094.stdout:/usr/bin/ceph: stderr
2024-09-19T04:06:19.443+0000 7f601be5b640 1 -- 172.21.15.94:0/3197363761 --> [v2:172.21.15.94:6800/3136401482,v1:172.21.15.94:6801/3136401482] -- mgr_command(tid 0: {"prefix": "orch apply", "service_type": "mgr", "unmanaged": true, "target": ["mon-mgr", ""]}) -- 0x7f6014104090 con 0x7f60000391b0
2024-09-19T04:06:20.251 INFO:teuthology.orchestra.run.smithi094.stdout:/usr/bin/ceph: stderr
2024-09-19T04:06:19.447+0000 7f6006ffd640 1 -- 172.21.15.94:0/3197363761 <== mgr.14118 v2:172.21.15.94:6800/3136401482 1 ==== mgr_command_reply(tid 0: 0 ) ==== 8+0+24 (secure 0 0 0) 0x7f6014104090 con 0x7f60000391b0
2024-09-19T04:06:20.251 INFO:teuthology.orchestra.run.smithi094.stdout:/usr/bin/ceph: stderr
2024-09-19T04:06:19.449+0000 7f601be5b640 1 -- 172.21.15.94:0/3197363761 >> [v2:172.21.15.94:6800/3136401482,v1:172.21.15.94:6801/3136401482] conn(0x7f60000391b0 msgr2=0x7f600003b670 secure :-1 s=STATE_CONNECTION_ESTABLISHED l=1).mark_down
2024-09-19T04:06:20.251 INFO:teuthology.orchestra.run.smithi094.stdout:/usr/bin/ceph: stderr
2024-09-19T04:06:19.449+0000 7f601be5b640 1 --2- 172.21.15.94:0/3197363761 >> [v2:172.21.15.94:6800/3136401482,v1:172.21.15.94:6801/3136401482] conn(0x7f60000391b0 0x7f600003b670 secure :-1 s=READY pgs=13 cs=0 l=1 rev1=1 crypto rx=0x7f60100098c0 tx=0x7f6010006db0 comp rx=0 tx=0).stop
2024-09-19T04:06:20.252 INFO:teuthology.orchestra.run.smithi094.stdout:/usr/bin/ceph: stderr
2024-09-19T04:06:19.449+0000 7f601be5b640 1 -- 172.21.15.94:0/3197363761 >> [v2:172.21.15.94:3300/0,v1:172.21.15.94:6789/0] conn(0x7f60141076c0 msgr2=0x7f601419d810 secure :-1 s=STATE_CONNECTION_ESTABLISHED l=1).mark_down
2024-09-19T04:06:20.252 INFO:teuthology.orchestra.run.smithi094.stdout:/usr/bin/ceph: stderr
2024-09-19T04:06:19.449+0000 7f601be5b640 1 --2- 172.21.15.94:0/3197363761 >> [v2:172.21.15.94:3300/0,v1:172.21.15.94:6789/0] conn(0x7f60141076c0 0x7f601419d810 secure :-1 s=READY pgs=48 cs=0 l=1 rev1=1 crypto rx=0x7f6008009940 tx=0x7f6008032e10 comp rx=0 tx=0).stop
2024-09-19T04:06:20.252 INFO:teuthology.orchestra.run.smithi094.stdout:/usr/bin/ceph: stderr
2024-09-19T04:06:19.449+0000 7f601be5b640 1 -- 172.21.15.94:0/3197363761 shutdown_connections
2024-09-19T04:06:20.252 INFO:teuthology.orchestra.run.smithi094.stdout:/usr/bin/ceph: stderr
2024-09-19T04:06:19.449+0000 7f601be5b640 1 --2- 172.21.15.94:0/3197363761 >> [v2:172.21.15.94:6800/3136401482,v1:172.21.15.94:6801/3136401482] conn(0x7f60000391b0 0x7f600003b670 unknown :-1 s=CLOSED pgs=13 cs=0 l=1 rev1=1 crypto rx=0 tx=0 comp rx=0 tx=0).stop
2024-09-19T04:06:20.252 INFO:teuthology.orchestra.run.smithi094.stdout:/usr/bin/ceph: stderr
2024-09-19T04:06:19.449+0000 7f601be5b640 1 --2- 172.21.15.94:0/3197363761 >> [v2:172.21.15.94:3300/0,v1:172.21.15.94:6789/0] conn(0x7f60141076c0 0x7f601419d810 unknown :-1 s=CLOSED pgs=48 cs=0 l=1 rev1=1 crypto rx=0 tx=0 comp rx=0 tx=0).stop
2024-09-19T04:06:20.252 INFO:teuthology.orchestra.run.smithi094.stdout:/usr/bin/ceph: stderr
2024-09-19T04:06:19.449+0000 7f601be5b640 1 -- 172.21.15.94:0/3197363761 >> 172.21.15.94:0/3197363761 conn(0x7f6014102ed0 msgr2=0x7f6014103980 unknown :-1 s=STATE_NONE l=0).mark_down
2024-09-19T04:06:20.252 INFO:teuthology.orchestra.run.smithi094.stdout:/usr/bin/ceph: stderr
2024-09-19T04:06:19.449+0000 7f601be5b640 1 -- 172.21.15.94:0/3197363761 shutdown_connections
2024-09-19T04:06:20.252 INFO:teuthology.orchestra.run.smithi094.stdout:/usr/bin/ceph: stderr
2024-09-19T04:06:19.449+0000 7f601be5b640 1 -- 172.21.15.94:0/3197363761 wait complete.
2024-09-19T04:06:20.836 INFO:journalctl@ceph.mon.a.smithi094.stdout:Sep 19 04:06:20 smithi094 ceph-mon[30972]: from='client.14142 -' entity='client.admin' cmd=[{"prefix": "orch apply", "service_type": "mgr", "unmanaged": true, "target": ["mon-mgr", ""]}]: dispatch
2024-09-19T04:06:20.836 INFO:journalctl@ceph.mon.a.smithi094.stdout:Sep 19 04:06:20 smithi094 ceph-mon[30972]: Saving service mgr spec with placement count:2
2024-09-19T04:06:20.837 INFO:journalctl@ceph.mon.a.smithi094.stdout:Sep 19 04:06:20 smithi094 ceph-mon[30972]: from='mgr.14118 172.21.15.94:0/69125653' entity='mgr.x'
2024-09-19T04:06:22.287 INFO:journalctl@ceph.mon.a.smithi094.stdout:Sep 19 04:06:21 smithi094 ceph-mon[30972]: from='mgr.14118 172.21.15.94:0/69125653' entity='mgr.x'
2024-09-19T04:06:22.288 INFO:journalctl@ceph.mon.a.smithi094.stdout:Sep 19 04:06:21 smithi094 ceph-mon[30972]: from='mgr.14118 172.21.15.94:0/69125653' entity='mgr.x'
2024-09-19T04:06:22.288 INFO:journalctl@ceph.mon.a.smithi094.stdout:Sep 19 04:06:21 smithi094 ceph-mon[30972]: from='client.? 172.21.15.94:0/837353369' entity='client.admin'
2024-09-19T04:06:22.295 INFO:teuthology.orchestra.run.smithi094.stdout:/usr/bin/ceph: stderr
2024-09-19T04:06:21.347+0000 7f4c540d2640 1 Processor -- start
2024-09-19T04:06:22.295 INFO:teuthology.orchestra.run.smithi094.stdout:/usr/bin/ceph: stderr
2024-09-19T04:06:21.347+0000 7f4c540d2640 1 -- start start
2024-09-19T04:06:22.295 INFO:teuthology.orchestra.run.smithi094.stdout:/usr/bin/ceph: stderr
2024-09-19T04:06:21.347+0000 7f4c540d2640 1 --2- >> [v2:172.21.15.94:3300/0,v1:172.21.15.94:6789/0] conn(0x7f4c4c108140 0x7f4c4c10a530 unknown :-1 s=NONE pgs=0 cs=0 l=0 rev1=0 crypto rx=0 tx=0 comp rx=0 tx=0).connect
2024-09-19T04:06:22.295 INFO:teuthology.orchestra.run.smithi094.stdout:/usr/bin/ceph: stderr
2024-09-19T04:06:21.347+0000 7f4c540d2640 1 -- --> [v2:172.21.15.94:3300/0,v1:172.21.15.94:6789/0] -- mon_getmap magic: 0 -- 0x7f4c4c07bde0 con 0x7f4c4c108140
2024-09-19T04:06:22.295 INFO:teuthology.orchestra.run.smithi094.stdout:/usr/bin/ceph: stderr
2024-09-19T04:06:21.347+0000 7f4c51e6e640 1 --2- >> [v2:172.21.15.94:3300/0,v1:172.21.15.94:6789/0] conn(0x7f4c4c108140 0x7f4c4c10a530 unknown :-1 s=BANNER_CONNECTING pgs=0 cs=0 l=0 rev1=0 crypto rx=0 tx=0 comp rx=0 tx=0)._handle_peer_banner_payload supported=3 required=0
2024-09-19T04:06:22.295 INFO:teuthology.orchestra.run.smithi094.stdout:/usr/bin/ceph: stderr
2024-09-19T04:06:21.348+0000 7f4c51e6e640 1 --2- >> [v2:172.21.15.94:3300/0,v1:172.21.15.94:6789/0] conn(0x7f4c4c108140 0x7f4c4c10a530 unknown :-1 s=HELLO_CONNECTING pgs=0 cs=0 l=0 rev1=1 crypto rx=0 tx=0 comp rx=0 tx=0).handle_hello peer v2:172.21.15.94:3300/0 says I am v2:172.21.15.94:57458/0 (socket says 172.21.15.94:57458)
2024-09-19T04:06:22.295 INFO:teuthology.orchestra.run.smithi094.stdout:/usr/bin/ceph: stderr
2024-09-19T04:06:21.348+0000 7f4c51e6e640 1 -- 172.21.15.94:0/1165890148 learned_addr learned my addr 172.21.15.94:0/1165890148 (peer_addr_for_me v2:172.21.15.94:0/0)
2024-09-19T04:06:22.295 INFO:teuthology.orchestra.run.smithi094.stdout:/usr/bin/ceph: stderr
2024-09-19T04:06:21.348+0000 7f4c51e6e640 1 -- 172.21.15.94:0/1165890148 --> [v2:172.21.15.94:3300/0,v1:172.21.15.94:6789/0] -- mon_subscribe({config=0+,monmap=0+}) -- 0x7f4c4c10aa70 con 0x7f4c4c108140
2024-09-19T04:06:22.296 INFO:teuthology.orchestra.run.smithi094.stdout:/usr/bin/ceph: stderr
2024-09-19T04:06:21.348+0000 7f4c51e6e640 1 --2- 172.21.15.94:0/1165890148 >> [v2:172.21.15.94:3300/0,v1:172.21.15.94:6789/0] conn(0x7f4c4c108140 0x7f4c4c10a530 secure :-1 s=READY pgs=49 cs=0 l=1 rev1=1 crypto rx=0x7f4c48009820 tx=0x7f4c4802a270 comp rx=0 tx=0).ready entity=mon.0 client_cookie=e184239bce6e96e8 server_cookie=0 in_seq=0 out_seq=0
2024-09-19T04:06:22.296 INFO:teuthology.orchestra.run.smithi094.stdout:/usr/bin/ceph: stderr
2024-09-19T04:06:21.349+0000 7f4c50e6c640 1 -- 172.21.15.94:0/1165890148 <== mon.0 v2:172.21.15.94:3300/0 1 ==== mon_map magic: 0 ==== 205+0+0 (secure 0 0 0) 0x7f4c48037070 con 0x7f4c4c108140
2024-09-19T04:06:22.296 INFO:teuthology.orchestra.run.smithi094.stdout:/usr/bin/ceph: stderr
2024-09-19T04:06:21.349+0000 7f4c50e6c640 1 -- 172.21.15.94:0/1165890148 <== mon.0 v2:172.21.15.94:3300/0 2 ==== config(26 keys) ==== 1102+0+0 (secure 0 0 0) 0x7f4c480328f0 con 0x7f4c4c108140
2024-09-19T04:06:22.296 INFO:teuthology.orchestra.run.smithi094.stdout:/usr/bin/ceph: stderr
2024-09-19T04:06:21.349+0000 7f4c50e6c640 1 -- 172.21.15.94:0/1165890148 <== mon.0 v2:172.21.15.94:3300/0 3 ==== mon_map magic: 0 ==== 205+0+0 (secure 0 0 0) 0x7f4c48030740 con 0x7f4c4c108140
2024-09-19T04:06:22.296 INFO:teuthology.orchestra.run.smithi094.stdout:/usr/bin/ceph: stderr
2024-09-19T04:06:21.349+0000 7f4c540d2640 1 -- 172.21.15.94:0/1165890148 >> [v2:172.21.15.94:3300/0,v1:172.21.15.94:6789/0] conn(0x7f4c4c108140 msgr2=0x7f4c4c10a530 secure :-1 s=STATE_CONNECTION_ESTABLISHED l=1).mark_down
2024-09-19T04:06:22.296 INFO:teuthology.orchestra.run.smithi094.stdout:/usr/bin/ceph: stderr
2024-09-19T04:06:21.349+0000 7f4c540d2640 1 --2- 172.21.15.94:0/1165890148 >> [v2:172.21.15.94:3300/0,v1:172.21.15.94:6789/0] conn(0x7f4c4c108140 0x7f4c4c10a530 secure :-1 s=READY pgs=49 cs=0 l=1 rev1=1 crypto rx=0x7f4c48009820 tx=0x7f4c4802a270 comp rx=0 tx=0).stop
2024-09-19T04:06:22.296 INFO:teuthology.orchestra.run.smithi094.stdout:/usr/bin/ceph: stderr
2024-09-19T04:06:21.349+0000 7f4c540d2640 1 -- 172.21.15.94:0/1165890148 shutdown_connections
2024-09-19T04:06:22.296 INFO:teuthology.orchestra.run.smithi094.stdout:/usr/bin/ceph: stderr
2024-09-19T04:06:21.349+0000 7f4c540d2640 1 --2- 172.21.15.94:0/1165890148 >> [v2:172.21.15.94:3300/0,v1:172.21.15.94:6789/0] conn(0x7f4c4c108140 0x7f4c4c10a530 unknown :-1 s=CLOSED pgs=49 cs=0 l=1 rev1=1 crypto rx=0 tx=0 comp rx=0 tx=0).stop
2024-09-19T04:06:22.296 INFO:teuthology.orchestra.run.smithi094.stdout:/usr/bin/ceph: stderr
2024-09-19T04:06:21.349+0000 7f4c540d2640 1 -- 172.21.15.94:0/1165890148 >> 172.21.15.94:0/1165890148 conn(0x7f4c4c101d80 msgr2=0x7f4c4c1041a0 unknown :-1 s=STATE_NONE l=0).mark_down
2024-09-19T04:06:22.296 INFO:teuthology.orchestra.run.smithi094.stdout:/usr/bin/ceph: stderr
2024-09-19T04:06:21.350+0000 7f4c540d2640 1 -- 172.21.15.94:0/1165890148 shutdown_connections
2024-09-19T04:06:22.296 INFO:teuthology.orchestra.run.smithi094.stdout:/usr/bin/ceph: stderr
2024-09-19T04:06:21.350+0000 7f4c540d2640 1 -- 172.21.15.94:0/1165890148 wait complete.
2024-09-19T04:06:22.296 INFO:teuthology.orchestra.run.smithi094.stdout:/usr/bin/ceph: stderr
2024-09-19T04:06:21.350+0000 7f4c540d2640 1 Processor -- start
2024-09-19T04:06:22.297 INFO:teuthology.orchestra.run.smithi094.stdout:/usr/bin/ceph: stderr
2024-09-19T04:06:21.350+0000 7f4c540d2640 1 -- start start
2024-09-19T04:06:22.297 INFO:teuthology.orchestra.run.smithi094.stdout:/usr/bin/ceph: stderr
2024-09-19T04:06:21.350+0000 7f4c540d2640 1 --2- >> [v2:172.21.15.94:3300/0,v1:172.21.15.94:6789/0] conn(0x7f4c4c108140 0x7f4c4c19d810 unknown :-1 s=NONE pgs=0 cs=0 l=1 rev1=0 crypto rx=0 tx=0 comp rx=0 tx=0).connect
2024-09-19T04:06:22.297 INFO:teuthology.orchestra.run.smithi094.stdout:/usr/bin/ceph: stderr
2024-09-19T04:06:21.350+0000 7f4c540d2640 1 -- --> [v2:172.21.15.94:3300/0,v1:172.21.15.94:6789/0] -- mon_getmap magic: 0 -- 0x7f4c4c10ba30 con 0x7f4c4c108140
2024-09-19T04:06:22.297 INFO:teuthology.orchestra.run.smithi094.stdout:/usr/bin/ceph: stderr
2024-09-19T04:06:21.350+0000 7f4c51e6e640 1 --2- >> [v2:172.21.15.94:3300/0,v1:172.21.15.94:6789/0] conn(0x7f4c4c108140 0x7f4c4c19d810 unknown :-1 s=BANNER_CONNECTING pgs=0 cs=0 l=1 rev1=0 crypto rx=0 tx=0 comp rx=0 tx=0)._handle_peer_banner_payload supported=3 required=0
2024-09-19T04:06:22.297 INFO:teuthology.orchestra.run.smithi094.stdout:/usr/bin/ceph: stderr
2024-09-19T04:06:21.350+0000 7f4c51e6e640 1 --2- >> [v2:172.21.15.94:3300/0,v1:172.21.15.94:6789/0] conn(0x7f4c4c108140 0x7f4c4c19d810 unknown :-1 s=HELLO_CONNECTING pgs=0 cs=0 l=1 rev1=1 crypto rx=0 tx=0 comp rx=0 tx=0).handle_hello peer v2:172.21.15.94:3300/0 says I am v2:172.21.15.94:57468/0 (socket says 172.21.15.94:57468)
2024-09-19T04:06:22.297 INFO:teuthology.orchestra.run.smithi094.stdout:/usr/bin/ceph: stderr
2024-09-19T04:06:21.350+0000 7f4c51e6e640 1 -- 172.21.15.94:0/837353369 learned_addr learned my addr 172.21.15.94:0/837353369 (peer_addr_for_me v2:172.21.15.94:0/0)
2024-09-19T04:06:22.297 INFO:teuthology.orchestra.run.smithi094.stdout:/usr/bin/ceph: stderr
2024-09-19T04:06:21.351+0000 7f4c51e6e640 1 -- 172.21.15.94:0/837353369 --> [v2:172.21.15.94:3300/0,v1:172.21.15.94:6789/0] -- mon_subscribe({config=0+,monmap=0+}) -- 0x7f4c4c19dd50 con 0x7f4c4c108140
2024-09-19T04:06:22.297 INFO:teuthology.orchestra.run.smithi094.stdout:/usr/bin/ceph: stderr
2024-09-19T04:06:21.351+0000 7f4c51e6e640 1 --2- 172.21.15.94:0/837353369 >> [v2:172.21.15.94:3300/0,v1:172.21.15.94:6789/0] conn(0x7f4c4c108140 0x7f4c4c19d810 secure :-1 s=READY pgs=50 cs=0 l=1 rev1=1 crypto rx=0x7f4c480327b0 tx=0x7f4c480327e0 comp rx=0 tx=0).ready entity=mon.0 client_cookie=0 server_cookie=0 in_seq=0 out_seq=0
2024-09-19T04:06:22.297 INFO:teuthology.orchestra.run.smithi094.stdout:/usr/bin/ceph: stderr
2024-09-19T04:06:21.351+0000 7f4c42ffd640 1 -- 172.21.15.94:0/837353369 <== mon.0 v2:172.21.15.94:3300/0 1 ==== mon_map magic: 0 ==== 205+0+0 (secure 0 0 0) 0x7f4c48042070 con 0x7f4c4c108140
2024-09-19T04:06:22.297 INFO:teuthology.orchestra.run.smithi094.stdout:/usr/bin/ceph: stderr
2024-09-19T04:06:21.351+0000 7f4c540d2640 1 -- 172.21.15.94:0/837353369 --> [v2:172.21.15.94:3300/0,v1:172.21.15.94:6789/0] -- mon_subscribe({mgrmap=0+}) -- 0x7f4c4c19dfe0 con 0x7f4c4c108140
2024-09-19T04:06:22.297 INFO:teuthology.orchestra.run.smithi094.stdout:/usr/bin/ceph: stderr
2024-09-19T04:06:21.351+0000 7f4c540d2640 1 -- 172.21.15.94:0/837353369 --> [v2:172.21.15.94:3300/0,v1:172.21.15.94:6789/0] -- mon_subscribe({osdmap=0}) -- 0x7f4c4c1a0cd0 con 0x7f4c4c108140
2024-09-19T04:06:22.297 INFO:teuthology.orchestra.run.smithi094.stdout:/usr/bin/ceph: stderr
2024-09-19T04:06:21.351+0000 7f4c42ffd640 1 -- 172.21.15.94:0/837353369 <== mon.0 v2:172.21.15.94:3300/0 2 ==== config(26 keys) ==== 1102+0+0 (secure 0 0 0) 0x7f4c480328d0 con 0x7f4c4c108140
2024-09-19T04:06:22.297 INFO:teuthology.orchestra.run.smithi094.stdout:/usr/bin/ceph: stderr
2024-09-19T04:06:21.351+0000 7f4c42ffd640 1 -- 172.21.15.94:0/837353369 <== mon.0 v2:172.21.15.94:3300/0 3 ==== mon_map magic: 0 ==== 205+0+0 (secure 0 0 0) 0x7f4c48037040 con 0x7f4c4c108140
2024-09-19T04:06:22.298 INFO:teuthology.orchestra.run.smithi094.stdout:/usr/bin/ceph: stderr
2024-09-19T04:06:21.352+0000 7f4c42ffd640 1 -- 172.21.15.94:0/837353369 <== mon.0 v2:172.21.15.94:3300/0 4 ==== mgrmap(e 8) ==== 46461+0+0 (secure 0 0 0) 0x7f4c48045070 con 0x7f4c4c108140
2024-09-19T04:06:22.298 INFO:teuthology.orchestra.run.smithi094.stdout:/usr/bin/ceph: stderr
2024-09-19T04:06:21.352+0000 7f4c540d2640 1 -- 172.21.15.94:0/837353369 --> [v2:172.21.15.94:3300/0,v1:172.21.15.94:6789/0] -- mon_command({"prefix": "get_command_descriptions"} v 0) -- 0x7f4c300052c0 con 0x7f4c4c108140
2024-09-19T04:06:22.298 INFO:teuthology.orchestra.run.smithi094.stdout:/usr/bin/ceph: stderr
2024-09-19T04:06:21.352+0000 7f4c42ffd640 1 --2- 172.21.15.94:0/837353369 >> [v2:172.21.15.94:6800/3136401482,v1:172.21.15.94:6801/3136401482] conn(0x7f4c380391b0 0x7f4c3803b670 unknown :-1 s=NONE pgs=0 cs=0 l=1 rev1=0 crypto rx=0 tx=0 comp rx=0 tx=0).connect
2024-09-19T04:06:22.298 INFO:teuthology.orchestra.run.smithi094.stdout:/usr/bin/ceph: stderr
2024-09-19T04:06:21.353+0000 7f4c42ffd640 1 -- 172.21.15.94:0/837353369 <== mon.0 v2:172.21.15.94:3300/0 5 ==== osd_map(2..2 src has 1..2) ==== 940+0+0 (secure 0 0 0) 0x7f4c48030d50 con 0x7f4c4c108140
2024-09-19T04:06:22.298 INFO:teuthology.orchestra.run.smithi094.stdout:/usr/bin/ceph: stderr
2024-09-19T04:06:21.353+0000 7f4c5166d640 1 --2- 172.21.15.94:0/837353369 >> [v2:172.21.15.94:6800/3136401482,v1:172.21.15.94:6801/3136401482] conn(0x7f4c380391b0 0x7f4c3803b670 unknown :-1 s=BANNER_CONNECTING pgs=0 cs=0 l=1 rev1=0 crypto rx=0 tx=0 comp rx=0 tx=0)._handle_peer_banner_payload supported=3 required=0
2024-09-19T04:06:22.298 INFO:teuthology.orchestra.run.smithi094.stdout:/usr/bin/ceph: stderr
2024-09-19T04:06:21.353+0000 7f4c5166d640 1 --2- 172.21.15.94:0/837353369 >> [v2:172.21.15.94:6800/3136401482,v1:172.21.15.94:6801/3136401482] conn(0x7f4c380391b0 0x7f4c3803b670 secure :-1 s=READY pgs=14 cs=0 l=1 rev1=1 crypto rx=0x7f4c3c0098c0 tx=0x7f4c3c006db0 comp rx=0 tx=0).ready entity=mgr.14118 client_cookie=0 server_cookie=0 in_seq=0 out_seq=0
2024-09-19T04:06:22.298 INFO:teuthology.orchestra.run.smithi094.stdout:/usr/bin/ceph: stderr
2024-09-19T04:06:21.357+0000 7f4c42ffd640 1 -- 172.21.15.94:0/837353369 <== mon.0 v2:172.21.15.94:3300/0 6 ==== mon_command_ack([{"prefix": "get_command_descriptions"}]=0 v0) ==== 72+0+188913 (secure 0 0 0) 0x7f4c4806c8b0 con 0x7f4c4c108140
2024-09-19T04:06:22.298 INFO:teuthology.orchestra.run.smithi094.stdout:/usr/bin/ceph: stderr
2024-09-19T04:06:21.541+0000 7f4c540d2640 1 -- 172.21.15.94:0/837353369 --> [v2:172.21.15.94:3300/0,v1:172.21.15.94:6789/0] -- mon_command([{prefix=config set, name=mgr/cephadm/container_init}] v 0) -- 0x7f4c300055b0 con 0x7f4c4c108140
2024-09-19T04:06:22.298 INFO:teuthology.orchestra.run.smithi094.stdout:/usr/bin/ceph: stderr
2024-09-19T04:06:21.543+0000 7f4c42ffd640 1 -- 172.21.15.94:0/837353369 <== mon.0 v2:172.21.15.94:3300/0 7 ==== mon_command_ack([{prefix=config set, name=mgr/cephadm/container_init}]=0 v7)=0 v7) ==== 142+0+0 (secure 0 0 0) 0x7f4c48042210 con 0x7f4c4c108140
2024-09-19T04:06:22.298 INFO:teuthology.orchestra.run.smithi094.stdout:/usr/bin/ceph: stderr
2024-09-19T04:06:21.546+0000 7f4c540d2640 1 -- 172.21.15.94:0/837353369 >> [v2:172.21.15.94:6800/3136401482,v1:172.21.15.94:6801/3136401482] conn(0x7f4c380391b0 msgr2=0x7f4c3803b670 secure :-1 s=STATE_CONNECTION_ESTABLISHED l=1).mark_down
2024-09-19T04:06:22.298 INFO:teuthology.orchestra.run.smithi094.stdout:/usr/bin/ceph: stderr
2024-09-19T04:06:21.546+0000 7f4c540d2640 1 --2- 172.21.15.94:0/837353369 >> [v2:172.21.15.94:6800/3136401482,v1:172.21.15.94:6801/3136401482] conn(0x7f4c380391b0 0x7f4c3803b670 secure :-1 s=READY pgs=14 cs=0 l=1 rev1=1 crypto rx=0x7f4c3c0098c0 tx=0x7f4c3c006db0 comp rx=0 tx=0).stop
2024-09-19T04:06:22.298 INFO:teuthology.orchestra.run.smithi094.stdout:/usr/bin/ceph: stderr
2024-09-19T04:06:21.546+0000 7f4c540d2640 1 -- 172.21.15.94:0/837353369 >> [v2:172.21.15.94:3300/0,v1:172.21.15.94:6789/0] conn(0x7f4c4c108140 msgr2=0x7f4c4c19d810 secure :-1 s=STATE_CONNECTION_ESTABLISHED l=1).mark_down
2024-09-19T04:06:22.299 INFO:teuthology.orchestra.run.smithi094.stdout:/usr/bin/ceph: stderr
2024-09-19T04:06:21.546+0000 7f4c540d2640 1 --2- 172.21.15.94:0/837353369 >> [v2:172.21.15.94:3300/0,v1:172.21.15.94:6789/0] conn(0x7f4c4c108140 0x7f4c4c19d810 secure :-1 s=READY pgs=50 cs=0 l=1 rev1=1 crypto rx=0x7f4c480327b0 tx=0x7f4c480327e0 comp rx=0 tx=0).stop
2024-09-19T04:06:22.299 INFO:teuthology.orchestra.run.smithi094.stdout:/usr/bin/ceph: stderr
2024-09-19T04:06:21.546+0000 7f4c540d2640 1 -- 172.21.15.94:0/837353369 shutdown_connections
2024-09-19T04:06:22.299 INFO:teuthology.orchestra.run.smithi094.stdout:/usr/bin/ceph: stderr
2024-09-19T04:06:21.546+0000 7f4c540d2640 1 --2- 172.21.15.94:0/837353369 >> [v2:172.21.15.94:6800/3136401482,v1:172.21.15.94:6801/3136401482] conn(0x7f4c380391b0 0x7f4c3803b670 unknown :-1 s=CLOSED pgs=14 cs=0 l=1 rev1=1 crypto rx=0 tx=0 comp rx=0 tx=0).stop
2024-09-19T04:06:22.299 INFO:teuthology.orchestra.run.smithi094.stdout:/usr/bin/ceph: stderr
2024-09-19T04:06:21.546+0000 7f4c540d2640 1 --2- 172.21.15.94:0/837353369 >> [v2:172.21.15.94:3300/0,v1:172.21.15.94:6789/0] conn(0x7f4c4c108140 0x7f4c4c19d810 unknown :-1 s=CLOSED pgs=50 cs=0 l=1 rev1=1 crypto rx=0 tx=0 comp rx=0 tx=0).stop
2024-09-19T04:06:22.299 INFO:teuthology.orchestra.run.smithi094.stdout:/usr/bin/ceph: stderr
2024-09-19T04:06:21.546+0000 7f4c540d2640 1 -- 172.21.15.94:0/837353369 >> 172.21.15.94:0/837353369 conn(0x7f4c4c101d80 msgr2=0x7f4c4c102900 unknown :-1 s=STATE_NONE l=0).mark_down
2024-09-19T04:06:22.299 INFO:teuthology.orchestra.run.smithi094.stdout:/usr/bin/ceph: stderr
2024-09-19T04:06:21.546+0000 7f4c540d2640 1 -- 172.21.15.94:0/837353369 shutdown_connections
2024-09-19T04:06:22.299 INFO:teuthology.orchestra.run.smithi094.stdout:/usr/bin/ceph: stderr
2024-09-19T04:06:21.546+0000 7f4c540d2640 1 -- 172.21.15.94:0/837353369 wait complete.
2024-09-19T04:06:23.705 INFO:teuthology.orchestra.run.smithi094.stdout:/usr/bin/ceph: stderr
2024-09-19T04:06:22.659+0000 7f4da584e640 1 Processor -- start
2024-09-19T04:06:23.705 INFO:teuthology.orchestra.run.smithi094.stdout:/usr/bin/ceph: stderr
2024-09-19T04:06:22.659+0000 7f4da584e640 1 -- start start
2024-09-19T04:06:23.705 INFO:teuthology.orchestra.run.smithi094.stdout:/usr/bin/ceph: stderr
2024-09-19T04:06:22.659+0000 7f4da584e640 1 --2- >> [v2:172.21.15.94:3300/0,v1:172.21.15.94:6789/0] conn(0x7f4da01076e0 0x7f4da0107ae0 unknown :-1 s=NONE pgs=0 cs=0 l=0 rev1=0 crypto rx=0 tx=0 comp rx=0 tx=0).connect
2024-09-19T04:06:23.705 INFO:teuthology.orchestra.run.smithi094.stdout:/usr/bin/ceph: stderr
2024-09-19T04:06:22.659+0000 7f4da584e640 1 -- --> [v2:172.21.15.94:3300/0,v1:172.21.15.94:6789/0] -- mon_getmap magic: 0 -- 0x7f4da01080b0 con 0x7f4da01076e0
2024-09-19T04:06:23.705 INFO:teuthology.orchestra.run.smithi094.stdout:/usr/bin/ceph: stderr
2024-09-19T04:06:22.659+0000 7f4d9effd640 1 --2- >> [v2:172.21.15.94:3300/0,v1:172.21.15.94:6789/0] conn(0x7f4da01076e0 0x7f4da0107ae0 unknown :-1 s=BANNER_CONNECTING pgs=0 cs=0 l=0 rev1=0 crypto rx=0 tx=0 comp rx=0 tx=0)._handle_peer_banner_payload supported=3 required=0
2024-09-19T04:06:23.706 INFO:teuthology.orchestra.run.smithi094.stdout:/usr/bin/ceph: stderr
2024-09-19T04:06:22.659+0000 7f4d9effd640 1 --2- >> [v2:172.21.15.94:3300/0,v1:172.21.15.94:6789/0] conn(0x7f4da01076e0 0x7f4da0107ae0 unknown :-1 s=HELLO_CONNECTING pgs=0 cs=0 l=0 rev1=1 crypto rx=0 tx=0 comp rx=0 tx=0).handle_hello peer v2:172.21.15.94:3300/0 says I am v2:172.21.15.94:33788/0 (socket says 172.21.15.94:33788)
2024-09-19T04:06:23.706 INFO:teuthology.orchestra.run.smithi094.stdout:/usr/bin/ceph: stderr
2024-09-19T04:06:22.659+0000 7f4d9effd640 1 -- 172.21.15.94:0/3843811410 learned_addr learned my addr 172.21.15.94:0/3843811410 (peer_addr_for_me v2:172.21.15.94:0/0)
2024-09-19T04:06:23.706 INFO:teuthology.orchestra.run.smithi094.stdout:/usr/bin/ceph: stderr
2024-09-19T04:06:22.659+0000 7f4d9effd640 1 -- 172.21.15.94:0/3843811410 --> [v2:172.21.15.94:3300/0,v1:172.21.15.94:6789/0] -- mon_subscribe({config=0+,monmap=0+}) -- 0x7f4da0108840 con 0x7f4da01076e0
2024-09-19T04:06:23.706 INFO:teuthology.orchestra.run.smithi094.stdout:/usr/bin/ceph: stderr
2024-09-19T04:06:22.660+0000 7f4d9effd640 1 --2- 172.21.15.94:0/3843811410 >> [v2:172.21.15.94:3300/0,v1:172.21.15.94:6789/0] conn(0x7f4da01076e0 0x7f4da0107ae0 secure :-1 s=READY pgs=51 cs=0 l=1 rev1=1 crypto rx=0x7f4d90009820 tx=0x7f4d9002a270 comp rx=0 tx=0).ready entity=mon.0 client_cookie=f6f852817603ed66 server_cookie=0 in_seq=0 out_seq=0
2024-09-19T04:06:23.706 INFO:teuthology.orchestra.run.smithi094.stdout:/usr/bin/ceph: stderr
2024-09-19T04:06:22.660+0000 7f4d9e7fc640 1 -- 172.21.15.94:0/3843811410 <== mon.0 v2:172.21.15.94:3300/0 1 ==== mon_map magic: 0 ==== 205+0+0 (secure 0 0 0) 0x7f4d90037070 con 0x7f4da01076e0
2024-09-19T04:06:23.706 INFO:teuthology.orchestra.run.smithi094.stdout:/usr/bin/ceph: stderr
2024-09-19T04:06:22.660+0000 7f4d9e7fc640 1 -- 172.21.15.94:0/3843811410 <== mon.0 v2:172.21.15.94:3300/0 2 ==== config(26 keys) ==== 1102+0+0 (secure 0 0 0) 0x7f4d900328f0 con 0x7f4da01076e0
2024-09-19T04:06:23.706 INFO:teuthology.orchestra.run.smithi094.stdout:/usr/bin/ceph: stderr
2024-09-19T04:06:22.660+0000 7f4d9e7fc640 1 -- 172.21.15.94:0/3843811410 <== mon.0 v2:172.21.15.94:3300/0 3 ==== mon_map magic: 0 ==== 205+0+0 (secure 0 0 0) 0x7f4d90030740 con 0x7f4da01076e0
2024-09-19T04:06:23.706 INFO:teuthology.orchestra.run.smithi094.stdout:/usr/bin/ceph: stderr
2024-09-19T04:06:22.661+0000 7f4da584e640 1 -- 172.21.15.94:0/3843811410 >> [v2:172.21.15.94:3300/0,v1:172.21.15.94:6789/0] conn(0x7f4da01076e0 msgr2=0x7f4da0107ae0 secure :-1 s=STATE_CONNECTION_ESTABLISHED l=1).mark_down
2024-09-19T04:06:23.706 INFO:teuthology.orchestra.run.smithi094.stdout:/usr/bin/ceph: stderr
2024-09-19T04:06:22.661+0000 7f4da584e640 1 --2- 172.21.15.94:0/3843811410 >> [v2:172.21.15.94:3300/0,v1:172.21.15.94:6789/0] conn(0x7f4da01076e0 0x7f4da0107ae0 secure :-1 s=READY pgs=51 cs=0 l=1 rev1=1 crypto rx=0x7f4d90009820 tx=0x7f4d9002a270 comp rx=0 tx=0).stop
2024-09-19T04:06:23.706 INFO:teuthology.orchestra.run.smithi094.stdout:/usr/bin/ceph: stderr
2024-09-19T04:06:22.661+0000 7f4da584e640 1 -- 172.21.15.94:0/3843811410 shutdown_connections
2024-09-19T04:06:23.706 INFO:teuthology.orchestra.run.smithi094.stdout:/usr/bin/ceph: stderr
2024-09-19T04:06:22.661+0000 7f4da584e640 1 --2- 172.21.15.94:0/3843811410 >> [v2:172.21.15.94:3300/0,v1:172.21.15.94:6789/0] conn(0x7f4da01076e0 0x7f4da0107ae0 unknown :-1 s=CLOSED pgs=51 cs=0 l=1 rev1=1 crypto rx=0 tx=0 comp rx=0 tx=0).stop
2024-09-19T04:06:23.706 INFO:teuthology.orchestra.run.smithi094.stdout:/usr/bin/ceph: stderr
2024-09-19T04:06:22.661+0000 7f4da584e640 1 -- 172.21.15.94:0/3843811410 >> 172.21.15.94:0/3843811410 conn(0x7f4da0102ed0 msgr2=0x7f4da01052f0 unknown :-1 s=STATE_NONE l=0).mark_down
2024-09-19T04:06:23.706 INFO:teuthology.orchestra.run.smithi094.stdout:/usr/bin/ceph: stderr
2024-09-19T04:06:22.661+0000 7f4da584e640 1 -- 172.21.15.94:0/3843811410 shutdown_connections
2024-09-19T04:06:23.706 INFO:teuthology.orchestra.run.smithi094.stdout:/usr/bin/ceph: stderr
2024-09-19T04:06:22.661+0000 7f4da584e640 1 -- 172.21.15.94:0/3843811410 wait complete.
2024-09-19T04:06:23.707 INFO:teuthology.orchestra.run.smithi094.stdout:/usr/bin/ceph: stderr
2024-09-19T04:06:22.661+0000 7f4da584e640 1 Processor -- start
2024-09-19T04:06:23.707 INFO:teuthology.orchestra.run.smithi094.stdout:/usr/bin/ceph: stderr
2024-09-19T04:06:22.661+0000 7f4da584e640 1 -- start start
2024-09-19T04:06:23.707 INFO:teuthology.orchestra.run.smithi094.stdout:/usr/bin/ceph: stderr
2024-09-19T04:06:22.662+0000 7f4da584e640 1 --2- >> [v2:172.21.15.94:3300/0,v1:172.21.15.94:6789/0] conn(0x7f4da01076e0 0x7f4da007db50 unknown :-1 s=NONE pgs=0 cs=0 l=1 rev1=0 crypto rx=0 tx=0 comp rx=0 tx=0).connect
2024-09-19T04:06:23.707 INFO:teuthology.orchestra.run.smithi094.stdout:/usr/bin/ceph: stderr
2024-09-19T04:06:22.662+0000 7f4da584e640 1 -- --> [v2:172.21.15.94:3300/0,v1:172.21.15.94:6789/0] -- mon_getmap magic: 0 -- 0x7f4da010bbf0 con 0x7f4da01076e0
2024-09-19T04:06:23.707 INFO:teuthology.orchestra.run.smithi094.stdout:/usr/bin/ceph: stderr
2024-09-19T04:06:22.662+0000 7f4d9effd640 1 --2- >> [v2:172.21.15.94:3300/0,v1:172.21.15.94:6789/0] conn(0x7f4da01076e0 0x7f4da007db50 unknown :-1 s=BANNER_CONNECTING pgs=0 cs=0 l=1 rev1=0 crypto rx=0 tx=0 comp rx=0 tx=0)._handle_peer_banner_payload supported=3 required=0
2024-09-19T04:06:23.707 INFO:teuthology.orchestra.run.smithi094.stdout:/usr/bin/ceph: stderr
2024-09-19T04:06:22.662+0000 7f4d9effd640 1 --2- >> [v2:172.21.15.94:3300/0,v1:172.21.15.94:6789/0] conn(0x7f4da01076e0 0x7f4da007db50 unknown :-1 s=HELLO_CONNECTING pgs=0 cs=0 l=1 rev1=1 crypto rx=0 tx=0 comp rx=0 tx=0).handle_hello peer v2:172.21.15.94:3300/0 says I am v2:172.21.15.94:33792/0 (socket says 172.21.15.94:33792)
2024-09-19T04:06:23.707 INFO:teuthology.orchestra.run.smithi094.stdout:/usr/bin/ceph: stderr
2024-09-19T04:06:22.662+0000 7f4d9effd640 1 -- 172.21.15.94:0/665084837 learned_addr learned my addr 172.21.15.94:0/665084837 (peer_addr_for_me v2:172.21.15.94:0/0)
2024-09-19T04:06:23.707 INFO:teuthology.orchestra.run.smithi094.stdout:/usr/bin/ceph: stderr
2024-09-19T04:06:22.662+0000 7f4d9effd640 1 -- 172.21.15.94:0/665084837 --> [v2:172.21.15.94:3300/0,v1:172.21.15.94:6789/0] -- mon_subscribe({config=0+,monmap=0+}) -- 0x7f4da007e090 con 0x7f4da01076e0
2024-09-19T04:06:23.707 INFO:teuthology.orchestra.run.smithi094.stdout:/usr/bin/ceph: stderr
2024-09-19T04:06:22.662+0000 7f4d9effd640 1 --2- 172.21.15.94:0/665084837 >> [v2:172.21.15.94:3300/0,v1:172.21.15.94:6789/0] conn(0x7f4da01076e0 0x7f4da007db50 secure :-1 s=READY pgs=52 cs=0 l=1 rev1=1 crypto rx=0x7f4d90009940 tx=0x7f4d90030cc0 comp rx=0 tx=0).ready entity=mon.0 client_cookie=0 server_cookie=0 in_seq=0 out_seq=0
2024-09-19T04:06:23.707 INFO:teuthology.orchestra.run.smithi094.stdout:/usr/bin/ceph: stderr
2024-09-19T04:06:22.662+0000 7f4da484c640 1 -- 172.21.15.94:0/665084837 <== mon.0 v2:172.21.15.94:3300/0 1 ==== mon_map magic: 0 ==== 205+0+0 (secure 0 0 0) 0x7f4d90042070 con 0x7f4da01076e0
2024-09-19T04:06:23.708 INFO:teuthology.orchestra.run.smithi094.stdout:/usr/bin/ceph: stderr
2024-09-19T04:06:22.662+0000 7f4da484c640 1 -- 172.21.15.94:0/665084837 <== mon.0 v2:172.21.15.94:3300/0 2 ==== config(26 keys) ==== 1102+0+0 (secure 0 0 0) 0x7f4d90030e30 con 0x7f4da01076e0
2024-09-19T04:06:23.708 INFO:teuthology.orchestra.run.smithi094.stdout:/usr/bin/ceph: stderr
2024-09-19T04:06:22.662+0000 7f4da584e640 1 -- 172.21.15.94:0/665084837 --> [v2:172.21.15.94:3300/0,v1:172.21.15.94:6789/0] -- mon_subscribe({mgrmap=0+}) -- 0x7f4da007c280 con 0x7f4da01076e0
2024-09-19T04:06:23.708 INFO:teuthology.orchestra.run.smithi094.stdout:/usr/bin/ceph: stderr
2024-09-19T04:06:22.662+0000 7f4da484c640 1 -- 172.21.15.94:0/665084837 <== mon.0 v2:172.21.15.94:3300/0 3 ==== mon_map magic: 0 ==== 205+0+0 (secure 0 0 0) 0x7f4d90037040 con 0x7f4da01076e0
2024-09-19T04:06:23.708 INFO:teuthology.orchestra.run.smithi094.stdout:/usr/bin/ceph: stderr
2024-09-19T04:06:22.662+0000 7f4da584e640 1 -- 172.21.15.94:0/665084837 --> [v2:172.21.15.94:3300/0,v1:172.21.15.94:6789/0] -- mon_subscribe({osdmap=0}) -- 0x7f4da007c7c0 con 0x7f4da01076e0
2024-09-19T04:06:23.708 INFO:teuthology.orchestra.run.smithi094.stdout:/usr/bin/ceph: stderr
2024-09-19T04:06:22.663+0000 7f4da484c640 1 -- 172.21.15.94:0/665084837 <== mon.0 v2:172.21.15.94:3300/0 4 ==== mgrmap(e 8) ==== 46461+0+0 (secure 0 0 0) 0x7f4d90045070 con 0x7f4da01076e0
2024-09-19T04:06:23.708 INFO:teuthology.orchestra.run.smithi094.stdout:/usr/bin/ceph: stderr
2024-09-19T04:06:22.664+0000 7f4da584e640 1 -- 172.21.15.94:0/665084837 --> [v2:172.21.15.94:3300/0,v1:172.21.15.94:6789/0] -- mon_command({"prefix": "get_command_descriptions"} v 0) -- 0x7f4da0107b60 con 0x7f4da01076e0
2024-09-19T04:06:23.708 INFO:teuthology.orchestra.run.smithi094.stdout:/usr/bin/ceph: stderr
2024-09-19T04:06:22.664+0000 7f4da484c640 1 --2- 172.21.15.94:0/665084837 >> [v2:172.21.15.94:6800/3136401482,v1:172.21.15.94:6801/3136401482] conn(0x7f4d8c039200 0x7f4d8c03b6c0 unknown :-1 s=NONE pgs=0 cs=0 l=1 rev1=0 crypto rx=0 tx=0 comp rx=0 tx=0).connect
2024-09-19T04:06:23.708 INFO:teuthology.orchestra.run.smithi094.stdout:/usr/bin/ceph: stderr
2024-09-19T04:06:22.664+0000 7f4da484c640 1 -- 172.21.15.94:0/665084837 <== mon.0 v2:172.21.15.94:3300/0 5 ==== osd_map(2..2 src has 1..2) ==== 940+0+0 (secure 0 0 0) 0x7f4d9006c440 con 0x7f4da01076e0
2024-09-19T04:06:23.708 INFO:teuthology.orchestra.run.smithi094.stdout:/usr/bin/ceph: stderr
2024-09-19T04:06:22.664+0000 7f4d967fc640 1 --2- 172.21.15.94:0/665084837 >> [v2:172.21.15.94:6800/3136401482,v1:172.21.15.94:6801/3136401482] conn(0x7f4d8c039200 0x7f4d8c03b6c0 unknown :-1 s=BANNER_CONNECTING pgs=0 cs=0 l=1 rev1=0 crypto rx=0 tx=0 comp rx=0 tx=0)._handle_peer_banner_payload supported=3 required=0
2024-09-19T04:06:23.708 INFO:teuthology.orchestra.run.smithi094.stdout:/usr/bin/ceph: stderr
2024-09-19T04:06:22.664+0000 7f4d967fc640 1 --2- 172.21.15.94:0/665084837 >> [v2:172.21.15.94:6800/3136401482,v1:172.21.15.94:6801/3136401482] conn(0x7f4d8c039200 0x7f4d8c03b6c0 secure :-1 s=READY pgs=15 cs=0 l=1 rev1=1 crypto rx=0x7f4d880098c0 tx=0x7f4d88006db0 comp rx=0 tx=0).ready entity=mgr.14118 client_cookie=0 server_cookie=0 in_seq=0 out_seq=0
2024-09-19T04:06:23.708 INFO:teuthology.orchestra.run.smithi094.stdout:/usr/bin/ceph: stderr
2024-09-19T04:06:22.668+0000 7f4da484c640 1 -- 172.21.15.94:0/665084837 <== mon.0 v2:172.21.15.94:3300/0 6 ==== mon_command_ack([{"prefix": "get_command_descriptions"}]=0 v0) ==== 72+0+188913 (secure 0 0 0) 0x7f4d90045360 con 0x7f4da01076e0
2024-09-19T04:06:23.708 INFO:teuthology.orchestra.run.smithi094.stdout:/usr/bin/ceph: stderr
2024-09-19T04:06:22.836+0000 7f4da584e640 1 -- 172.21.15.94:0/665084837 --> [v2:172.21.15.94:3300/0,v1:172.21.15.94:6789/0] -- mon_command([{prefix=config set, name=mgr/dashboard/ssl_server_port}] v 0) -- 0x7f4da007ca40 con 0x7f4da01076e0
2024-09-19T04:06:23.709 INFO:teuthology.orchestra.run.smithi094.stdout:/usr/bin/ceph: stderr
2024-09-19T04:06:22.839+0000 7f4da484c640 1 -- 172.21.15.94:0/665084837 <== mon.0 v2:172.21.15.94:3300/0 7 ==== mon_command_ack([{prefix=config set, name=mgr/dashboard/ssl_server_port}]=0 v8)=0 v8) ==== 130+0+0 (secure 0 0 0) 0x7f4d9003b330 con 0x7f4da01076e0
2024-09-19T04:06:23.709 INFO:teuthology.orchestra.run.smithi094.stdout:/usr/bin/ceph: stderr
2024-09-19T04:06:22.841+0000 7f4da584e640 1 -- 172.21.15.94:0/665084837 >> [v2:172.21.15.94:6800/3136401482,v1:172.21.15.94:6801/3136401482] conn(0x7f4d8c039200 msgr2=0x7f4d8c03b6c0 secure :-1 s=STATE_CONNECTION_ESTABLISHED l=1).mark_down
2024-09-19T04:06:23.709 INFO:teuthology.orchestra.run.smithi094.stdout:/usr/bin/ceph: stderr
2024-09-19T04:06:22.841+0000 7f4da584e640 1 --2- 172.21.15.94:0/665084837 >> [v2:172.21.15.94:6800/3136401482,v1:172.21.15.94:6801/3136401482] conn(0x7f4d8c039200 0x7f4d8c03b6c0 secure :-1 s=READY pgs=15 cs=0 l=1 rev1=1 crypto rx=0x7f4d880098c0 tx=0x7f4d88006db0 comp rx=0 tx=0).stop
2024-09-19T04:06:23.709 INFO:teuthology.orchestra.run.smithi094.stdout:/usr/bin/ceph: stderr
2024-09-19T04:06:22.841+0000 7f4da584e640 1 -- 172.21.15.94:0/665084837 >> [v2:172.21.15.94:3300/0,v1:172.21.15.94:6789/0] conn(0x7f4da01076e0 msgr2=0x7f4da007db50 secure :-1 s=STATE_CONNECTION_ESTABLISHED l=1).mark_down
2024-09-19T04:06:23.709 INFO:teuthology.orchestra.run.smithi094.stdout:/usr/bin/ceph: stderr
2024-09-19T04:06:22.841+0000 7f4da584e640 1 --2- 172.21.15.94:0/665084837 >> [v2:172.21.15.94:3300/0,v1:172.21.15.94:6789/0] conn(0x7f4da01076e0 0x7f4da007db50 secure :-1 s=READY pgs=52 cs=0 l=1 rev1=1 crypto rx=0x7f4d90009940 tx=0x7f4d90030cc0 comp rx=0 tx=0).stop
2024-09-19T04:06:23.709 INFO:teuthology.orchestra.run.smithi094.stdout:/usr/bin/ceph: stderr
2024-09-19T04:06:22.841+0000 7f4da584e640 1 -- 172.21.15.94:0/665084837 shutdown_connections
2024-09-19T04:06:23.709 INFO:teuthology.orchestra.run.smithi094.stdout:/usr/bin/ceph: stderr
2024-09-19T04:06:22.841+0000 7f4da584e640 1 --2- 172.21.15.94:0/665084837 >> [v2:172.21.15.94:6800/3136401482,v1:172.21.15.94:6801/3136401482] conn(0x7f4d8c039200 0x7f4d8c03b6c0 unknown :-1 s=CLOSED pgs=15 cs=0 l=1 rev1=1 crypto rx=0 tx=0 comp rx=0 tx=0).stop
2024-09-19T04:06:23.709 INFO:teuthology.orchestra.run.smithi094.stdout:/usr/bin/ceph: stderr
2024-09-19T04:06:22.841+0000 7f4da584e640 1 --2- 172.21.15.94:0/665084837 >> [v2:172.21.15.94:3300/0,v1:172.21.15.94:6789/0] conn(0x7f4da01076e0 0x7f4da007db50 unknown :-1 s=CLOSED pgs=52 cs=0 l=1 rev1=1 crypto rx=0 tx=0 comp rx=0 tx=0).stop
2024-09-19T04:06:23.709 INFO:teuthology.orchestra.run.smithi094.stdout:/usr/bin/ceph: stderr
2024-09-19T04:06:22.841+0000 7f4da584e640 1 -- 172.21.15.94:0/665084837 >> 172.21.15.94:0/665084837 conn(0x7f4da0102ed0 msgr2=0x7f4da0103a70 unknown :-1 s=STATE_NONE l=0).mark_down
2024-09-19T04:06:23.709 INFO:teuthology.orchestra.run.smithi094.stdout:/usr/bin/ceph: stderr
2024-09-19T04:06:22.841+0000 7f4da584e640 1 -- 172.21.15.94:0/665084837 shutdown_connections
2024-09-19T04:06:23.709 INFO:teuthology.orchestra.run.smithi094.stdout:/usr/bin/ceph: stderr
2024-09-19T04:06:22.841+0000 7f4da584e640 1 -- 172.21.15.94:0/665084837 wait complete.
2024-09-19T04:06:23.709 INFO:teuthology.orchestra.run.smithi094.stdout:Enabling the dashboard module...
2024-09-19T04:06:24.076 INFO:journalctl@ceph.mon.a.smithi094.stdout:Sep 19 04:06:23 smithi094 ceph-mon[30972]: from='client.? 172.21.15.94:0/665084837' entity='client.admin'
2024-09-19T04:06:24.076 INFO:journalctl@ceph.mon.a.smithi094.stdout:Sep 19 04:06:23 smithi094 ceph-mon[30972]: from='mgr.14118 172.21.15.94:0/69125653' entity='mgr.x'
2024-09-19T04:06:25.534 INFO:journalctl@ceph.mon.a.smithi094.stdout:Sep 19 04:06:25 smithi094 ceph-mon[30972]: from='mgr.14118 172.21.15.94:0/69125653' entity='mgr.x'
2024-09-19T04:06:25.534 INFO:journalctl@ceph.mon.a.smithi094.stdout:Sep 19 04:06:25 smithi094 ceph-mon[30972]: from='client.? 172.21.15.94:0/2588603070' entity='client.admin' cmd=[{"prefix": "mgr module enable", "module": "dashboard"}]: dispatch
2024-09-19T04:06:25.534 INFO:journalctl@ceph.mgr.x.smithi094.stdout:Sep 19 04:06:25 smithi094 ceph-503c4526-763c-11ef-bceb-c7b262605968-mgr-x[31210]: ignoring --setuser ceph since I am not root
2024-09-19T04:06:25.535 INFO:journalctl@ceph.mgr.x.smithi094.stdout:Sep 19 04:06:25 smithi094 ceph-503c4526-763c-11ef-bceb-c7b262605968-mgr-x[31210]: ignoring --setgroup ceph since I am not root
2024-09-19T04:06:25.535 INFO:journalctl@ceph.mgr.x.smithi094.stdout:Sep 19 04:06:25 smithi094 ceph-503c4526-763c-11ef-bceb-c7b262605968-mgr-x[31210]:
2024-09-19T04:06:25.375+0000 7f7555e32040 -1 mgr[py] Module osd_perf_query has missing NOTIFY_TYPES member
2024-09-19T04:06:25.535 INFO:journalctl@ceph.mgr.x.smithi094.stdout:Sep 19 04:06:25 smithi094 ceph-503c4526-763c-11ef-bceb-c7b262605968-mgr-x[31210]:
2024-09-19T04:06:25.432+0000 7f7555e32040 -1 mgr[py] Module osd_support has missing NOTIFY_TYPES member
2024-09-19T04:06:25.796 INFO:journalctl@ceph.mgr.x.smithi094.stdout:Sep 19 04:06:25 smithi094 ceph-503c4526-763c-11ef-bceb-c7b262605968-mgr-x[31210]:
2024-09-19T04:06:25.582+0000 7f7555e32040 -1 mgr[py] Module diskprediction_local has missing NOTIFY_TYPES member
2024-09-19T04:06:25.796 INFO:journalctl@ceph.mgr.x.smithi094.stdout:Sep 19 04:06:25 smithi094 ceph-503c4526-763c-11ef-bceb-c7b262605968-mgr-x[31210]:
2024-09-19T04:06:25.648+0000 7f7555e32040 -1 mgr[py] Module crash has missing NOTIFY_TYPES member
2024-09-19T04:06:25.796 INFO:journalctl@ceph.mgr.x.smithi094.stdout:Sep 19 04:06:25 smithi094 ceph-503c4526-763c-11ef-bceb-c7b262605968-mgr-x[31210]:
2024-09-19T04:06:25.794+0000 7f7555e32040 -1 mgr[py] Module test_orchestrator has missing NOTIFY_TYPES member
2024-09-19T04:06:26.090 INFO:journalctl@ceph.mgr.x.smithi094.stdout:Sep 19 04:06:25 smithi094 ceph-503c4526-763c-11ef-bceb-c7b262605968-mgr-x[31210]:
2024-09-19T04:06:25.937+0000 7f7555e32040 -1 mgr[py] Module snap_schedule has missing NOTIFY_TYPES member
2024-09-19T04:06:26.254 INFO:teuthology.orchestra.run.smithi094.stdout:/usr/bin/ceph: stderr
2024-09-19T04:06:24.156+0000 7faf32941640 1 Processor -- start
2024-09-19T04:06:26.254 INFO:teuthology.orchestra.run.smithi094.stdout:/usr/bin/ceph: stderr
2024-09-19T04:06:24.156+0000 7faf32941640 1 -- start start
2024-09-19T04:06:26.254 INFO:teuthology.orchestra.run.smithi094.stdout:/usr/bin/ceph: stderr
2024-09-19T04:06:24.157+0000 7faf32941640 1 --2- >> [v2:172.21.15.94:3300/0,v1:172.21.15.94:6789/0] conn(0x7faf2c108160 0x7faf2c10a550 unknown :-1 s=NONE pgs=0 cs=0 l=0 rev1=0 crypto rx=0 tx=0 comp rx=0 tx=0).connect
2024-09-19T04:06:26.255 INFO:teuthology.orchestra.run.smithi094.stdout:/usr/bin/ceph: stderr
2024-09-19T04:06:24.157+0000 7faf32941640 1 -- --> [v2:172.21.15.94:3300/0,v1:172.21.15.94:6789/0] -- mon_getmap magic: 0 -- 0x7faf2c07bdc0 con 0x7faf2c108160
2024-09-19T04:06:26.255 INFO:teuthology.orchestra.run.smithi094.stdout:/usr/bin/ceph: stderr
2024-09-19T04:06:24.157+0000 7faf2bfff640 1 --2- >> [v2:172.21.15.94:3300/0,v1:172.21.15.94:6789/0] conn(0x7faf2c108160 0x7faf2c10a550 unknown :-1 s=BANNER_CONNECTING pgs=0 cs=0 l=0 rev1=0 crypto rx=0 tx=0 comp rx=0 tx=0)._handle_peer_banner_payload supported=3 required=0
2024-09-19T04:06:26.255 INFO:teuthology.orchestra.run.smithi094.stdout:/usr/bin/ceph: stderr
2024-09-19T04:06:24.157+0000 7faf2bfff640 1 --2- >> [v2:172.21.15.94:3300/0,v1:172.21.15.94:6789/0] conn(0x7faf2c108160 0x7faf2c10a550 unknown :-1 s=HELLO_CONNECTING pgs=0 cs=0 l=0 rev1=1 crypto rx=0 tx=0 comp rx=0 tx=0).handle_hello peer v2:172.21.15.94:3300/0 says I am v2:172.21.15.94:33806/0 (socket says 172.21.15.94:33806)
2024-09-19T04:06:26.255 INFO:teuthology.orchestra.run.smithi094.stdout:/usr/bin/ceph: stderr
2024-09-19T04:06:24.157+0000 7faf2bfff640 1 -- 172.21.15.94:0/1738388660 learned_addr learned my addr 172.21.15.94:0/1738388660 (peer_addr_for_me v2:172.21.15.94:0/0)
2024-09-19T04:06:26.255 INFO:teuthology.orchestra.run.smithi094.stdout:/usr/bin/ceph: stderr
2024-09-19T04:06:24.157+0000 7faf2bfff640 1 -- 172.21.15.94:0/1738388660 --> [v2:172.21.15.94:3300/0,v1:172.21.15.94:6789/0] -- mon_subscribe({config=0+,monmap=0+}) -- 0x7faf2c10aa90 con 0x7faf2c108160
2024-09-19T04:06:26.255 INFO:teuthology.orchestra.run.smithi094.stdout:/usr/bin/ceph: stderr
2024-09-19T04:06:24.158+0000 7faf2bfff640 1 --2- 172.21.15.94:0/1738388660 >> [v2:172.21.15.94:3300/0,v1:172.21.15.94:6789/0] conn(0x7faf2c108160 0x7faf2c10a550 secure :-1 s=READY pgs=53 cs=0 l=1 rev1=1 crypto rx=0x7faf1c009820 tx=0x7faf1c02a270 comp rx=0 tx=0).ready entity=mon.0 client_cookie=3138821a24e99f4d server_cookie=0 in_seq=0 out_seq=0
2024-09-19T04:06:26.255 INFO:teuthology.orchestra.run.smithi094.stdout:/usr/bin/ceph: stderr
