2024-09-19T04:07:38.484 INFO:teuthology.orchestra.run.smithi007.stdout:/usr/bin/ceph: stderr
2024-09-19T04:07:37.242+0000 7fa8573b0640 1 Processor -- start
2024-09-19T04:07:38.484 INFO:teuthology.orchestra.run.smithi007.stdout:/usr/bin/ceph: stderr
2024-09-19T04:07:37.242+0000 7fa8573b0640 1 -- start start
2024-09-19T04:07:38.484 INFO:teuthology.orchestra.run.smithi007.stdout:/usr/bin/ceph: stderr
2024-09-19T04:07:37.242+0000 7fa8573b0640 1 --2- >> [v2:172.21.15.7:3300/0,v1:172.21.15.7:6789/0] conn(0x7fa850108110 0x7fa85019b640 unknown :-1 s=NONE pgs=0 cs=0 l=1 rev1=0 crypto rx=0 tx=0 comp rx=0 tx=0).connect
2024-09-19T04:07:38.484 INFO:teuthology.orchestra.run.smithi007.stdout:/usr/bin/ceph: stderr
2024-09-19T04:07:37.242+0000 7fa8573b0640 1 -- --> [v2:172.21.15.7:3300/0,v1:172.21.15.7:6789/0] -- mon_getmap magic: 0 -- 0x7fa85010ba60 con 0x7fa850108110
2024-09-19T04:07:38.484 INFO:teuthology.orchestra.run.smithi007.stdout:/usr/bin/ceph: stderr
2024-09-19T04:07:37.243+0000 7fa85514c640 1 --2- >> [v2:172.21.15.7:3300/0,v1:172.21.15.7:6789/0] conn(0x7fa850108110 0x7fa85019b640 unknown :-1 s=BANNER_CONNECTING pgs=0 cs=0 l=1 rev1=0 crypto rx=0 tx=0 comp rx=0 tx=0)._handle_peer_banner_payload supported=3 required=0
2024-09-19T04:07:38.484 INFO:teuthology.orchestra.run.smithi007.stdout:/usr/bin/ceph: stderr
2024-09-19T04:07:37.243+0000 7fa85514c640 1 --2- >> [v2:172.21.15.7:3300/0,v1:172.21.15.7:6789/0] conn(0x7fa850108110 0x7fa85019b640 unknown :-1 s=HELLO_CONNECTING pgs=0 cs=0 l=1 rev1=1 crypto rx=0 tx=0 comp rx=0 tx=0).handle_hello peer v2:172.21.15.7:3300/0 says I am v2:172.21.15.7:32872/0 (socket says 172.21.15.7:32872)
2024-09-19T04:07:38.484 INFO:teuthology.orchestra.run.smithi007.stdout:/usr/bin/ceph: stderr
2024-09-19T04:07:37.243+0000 7fa85514c640 1 -- 172.21.15.7:0/3013340997 learned_addr learned my addr 172.21.15.7:0/3013340997 (peer_addr_for_me v2:172.21.15.7:0/0)
2024-09-19T04:07:38.484 INFO:teuthology.orchestra.run.smithi007.stdout:/usr/bin/ceph: stderr
2024-09-19T04:07:37.243+0000 7fa85514c640 1 -- 172.21.15.7:0/3013340997 --> [v2:172.21.15.7:3300/0,v1:172.21.15.7:6789/0] -- mon_subscribe({config=0+,monmap=0+}) -- 0x7fa85019bb80 con 0x7fa850108110
2024-09-19T04:07:38.484 INFO:teuthology.orchestra.run.smithi007.stdout:/usr/bin/ceph: stderr
2024-09-19T04:07:37.243+0000 7fa85514c640 1 --2- 172.21.15.7:0/3013340997 >> [v2:172.21.15.7:3300/0,v1:172.21.15.7:6789/0] conn(0x7fa850108110 0x7fa85019b640 secure :-1 s=READY pgs=52 cs=0 l=1 rev1=1 crypto rx=0x7fa84c030380 tx=0x7fa84c032670 comp rx=0 tx=0).ready entity=mon.0 client_cookie=0 server_cookie=0 in_seq=0 out_seq=0
2024-09-19T04:07:38.484 INFO:teuthology.orchestra.run.smithi007.stdout:/usr/bin/ceph: stderr
2024-09-19T04:07:37.243+0000 7fa8467fc640 1 -- 172.21.15.7:0/3013340997 <== mon.0 v2:172.21.15.7:3300/0 1 ==== mon_map magic: 0 ==== 205+0+0 (secure 0 0 0) 0x7fa84c037040 con 0x7fa850108110
2024-09-19T04:07:38.484 INFO:teuthology.orchestra.run.smithi007.stdout:/usr/bin/ceph: stderr
2024-09-19T04:07:37.243+0000 7fa8467fc640 1 -- 172.21.15.7:0/3013340997 <== mon.0 v2:172.21.15.7:3300/0 2 ==== config(27 keys) ==== 1140+0+0 (secure 0 0 0) 0x7fa84c040070 con 0x7fa850108110
2024-09-19T04:07:38.485 INFO:teuthology.orchestra.run.smithi007.stdout:/usr/bin/ceph: stderr
2024-09-19T04:07:37.243+0000 7fa8573b0640 1 -- 172.21.15.7:0/3013340997 --> [v2:172.21.15.7:3300/0,v1:172.21.15.7:6789/0] -- mon_subscribe({mgrmap=0+}) -- 0x7fa85019be10 con 0x7fa850108110
2024-09-19T04:07:38.485 INFO:teuthology.orchestra.run.smithi007.stdout:/usr/bin/ceph: stderr
2024-09-19T04:07:37.243+0000 7fa8467fc640 1 -- 172.21.15.7:0/3013340997 <== mon.0 v2:172.21.15.7:3300/0 3 ==== mon_map magic: 0 ==== 205+0+0 (secure 0 0 0) 0x7fa84c03a7b0 con 0x7fa850108110
2024-09-19T04:07:38.485 INFO:teuthology.orchestra.run.smithi007.stdout:/usr/bin/ceph: stderr
2024-09-19T04:07:37.243+0000 7fa8573b0640 1 -- 172.21.15.7:0/3013340997 --> [v2:172.21.15.7:3300/0,v1:172.21.15.7:6789/0] -- mon_subscribe({osdmap=0}) -- 0x7fa85019eb00 con 0x7fa850108110
2024-09-19T04:07:38.485 INFO:teuthology.orchestra.run.smithi007.stdout:/usr/bin/ceph: stderr
2024-09-19T04:07:37.244+0000 7fa8467fc640 1 -- 172.21.15.7:0/3013340997 <== mon.0 v2:172.21.15.7:3300/0 4 ==== mgrmap(e 8) ==== 46461+0+0 (secure 0 0 0) 0x7fa84c03bc00 con 0x7fa850108110
2024-09-19T04:07:38.485 INFO:teuthology.orchestra.run.smithi007.stdout:/usr/bin/ceph: stderr
2024-09-19T04:07:37.244+0000 7fa8573b0640 1 -- 172.21.15.7:0/3013340997 --> [v2:172.21.15.7:3300/0,v1:172.21.15.7:6789/0] -- mon_command({"prefix": "get_command_descriptions"} v 0) -- 0x7fa850108570 con 0x7fa850108110
2024-09-19T04:07:38.485 INFO:teuthology.orchestra.run.smithi007.stdout:/usr/bin/ceph: stderr
2024-09-19T04:07:37.244+0000 7fa8467fc640 1 --2- 172.21.15.7:0/3013340997 >> [v2:172.21.15.7:6800/751091002,v1:172.21.15.7:6801/751091002] conn(0x7fa83c0391b0 0x7fa83c03b670 unknown :-1 s=NONE pgs=0 cs=0 l=1 rev1=0 crypto rx=0 tx=0 comp rx=0 tx=0).connect
2024-09-19T04:07:38.485 INFO:teuthology.orchestra.run.smithi007.stdout:/usr/bin/ceph: stderr
2024-09-19T04:07:37.244+0000 7fa8467fc640 1 -- 172.21.15.7:0/3013340997 <== mon.0 v2:172.21.15.7:3300/0 5 ==== osd_map(2..2 src has 1..2) ==== 940+0+0 (secure 0 0 0) 0x7fa84c06c8c0 con 0x7fa850108110
2024-09-19T04:07:38.485 INFO:teuthology.orchestra.run.smithi007.stdout:/usr/bin/ceph: stderr
2024-09-19T04:07:37.244+0000 7fa85494b640 1 --2- 172.21.15.7:0/3013340997 >> [v2:172.21.15.7:6800/751091002,v1:172.21.15.7:6801/751091002] conn(0x7fa83c0391b0 0x7fa83c03b670 unknown :-1 s=BANNER_CONNECTING pgs=0 cs=0 l=1 rev1=0 crypto rx=0 tx=0 comp rx=0 tx=0)._handle_peer_banner_payload supported=3 required=0
2024-09-19T04:07:38.485 INFO:teuthology.orchestra.run.smithi007.stdout:/usr/bin/ceph: stderr
2024-09-19T04:07:37.245+0000 7fa85494b640 1 --2- 172.21.15.7:0/3013340997 >> [v2:172.21.15.7:6800/751091002,v1:172.21.15.7:6801/751091002] conn(0x7fa83c0391b0 0x7fa83c03b670 secure :-1 s=READY pgs=15 cs=0 l=1 rev1=1 crypto rx=0x7fa8400098c0 tx=0x7fa840006db0 comp rx=0 tx=0).ready entity=mgr.14118 client_cookie=0 server_cookie=0 in_seq=0 out_seq=0
2024-09-19T04:07:38.485 INFO:teuthology.orchestra.run.smithi007.stdout:/usr/bin/ceph: stderr
2024-09-19T04:07:37.249+0000 7fa8467fc640 1 -- 172.21.15.7:0/3013340997 <== mon.0 v2:172.21.15.7:3300/0 6 ==== mon_command_ack([{"prefix": "get_command_descriptions"}]=0 v0) ==== 72+0+188913 (secure 0 0 0) 0x7fa84c040220 con 0x7fa850108110
2024-09-19T04:07:38.485 INFO:teuthology.orchestra.run.smithi007.stdout:/usr/bin/ceph: stderr
2024-09-19T04:07:37.426+0000 7fa8573b0640 1 -- 172.21.15.7:0/3013340997 --> [v2:172.21.15.7:3300/0,v1:172.21.15.7:6789/0] -- mon_command([{prefix=config set, name=mgr/dashboard/ssl_server_port}] v 0) -- 0x7fa85019f160 con 0x7fa850108110
2024-09-19T04:07:38.485 INFO:teuthology.orchestra.run.smithi007.stdout:/usr/bin/ceph: stderr
2024-09-19T04:07:37.429+0000 7fa8467fc640 1 -- 172.21.15.7:0/3013340997 <== mon.0 v2:172.21.15.7:3300/0 7 ==== mon_command_ack([{prefix=config set, name=mgr/dashboard/ssl_server_port}]=0 v8)=0 v8) ==== 130+0+0 (secure 0 0 0) 0x7fa84c042da0 con 0x7fa850108110
2024-09-19T04:07:38.486 INFO:teuthology.orchestra.run.smithi007.stdout:/usr/bin/ceph: stderr
2024-09-19T04:07:37.431+0000 7fa8573b0640 1 -- 172.21.15.7:0/3013340997 >> [v2:172.21.15.7:6800/751091002,v1:172.21.15.7:6801/751091002] conn(0x7fa83c0391b0 msgr2=0x7fa83c03b670 secure :-1 s=STATE_CONNECTION_ESTABLISHED l=1).mark_down
2024-09-19T04:07:38.486 INFO:teuthology.orchestra.run.smithi007.stdout:/usr/bin/ceph: stderr
2024-09-19T04:07:37.431+0000 7fa8573b0640 1 --2- 172.21.15.7:0/3013340997 >> [v2:172.21.15.7:6800/751091002,v1:172.21.15.7:6801/751091002] conn(0x7fa83c0391b0 0x7fa83c03b670 secure :-1 s=READY pgs=15 cs=0 l=1 rev1=1 crypto rx=0x7fa8400098c0 tx=0x7fa840006db0 comp rx=0 tx=0).stop
2024-09-19T04:07:38.486 INFO:teuthology.orchestra.run.smithi007.stdout:/usr/bin/ceph: stderr
2024-09-19T04:07:37.431+0000 7fa8573b0640 1 -- 172.21.15.7:0/3013340997 >> [v2:172.21.15.7:3300/0,v1:172.21.15.7:6789/0] conn(0x7fa850108110 msgr2=0x7fa85019b640 secure :-1 s=STATE_CONNECTION_ESTABLISHED l=1).mark_down
2024-09-19T04:07:38.486 INFO:teuthology.orchestra.run.smithi007.stdout:/usr/bin/ceph: stderr
2024-09-19T04:07:37.431+0000 7fa8573b0640 1 --2- 172.21.15.7:0/3013340997 >> [v2:172.21.15.7:3300/0,v1:172.21.15.7:6789/0] conn(0x7fa850108110 0x7fa85019b640 secure :-1 s=READY pgs=52 cs=0 l=1 rev1=1 crypto rx=0x7fa84c030380 tx=0x7fa84c032670 comp rx=0 tx=0).stop
2024-09-19T04:07:38.486 INFO:teuthology.orchestra.run.smithi007.stdout:/usr/bin/ceph: stderr
2024-09-19T04:07:37.432+0000 7fa8573b0640 1 -- 172.21.15.7:0/3013340997 shutdown_connections
2024-09-19T04:07:38.486 INFO:teuthology.orchestra.run.smithi007.stdout:/usr/bin/ceph: stderr
2024-09-19T04:07:37.432+0000 7fa8573b0640 1 --2- 172.21.15.7:0/3013340997 >> [v2:172.21.15.7:6800/751091002,v1:172.21.15.7:6801/751091002] conn(0x7fa83c0391b0 0x7fa83c03b670 unknown :-1 s=CLOSED pgs=15 cs=0 l=1 rev1=1 crypto rx=0 tx=0 comp rx=0 tx=0).stop
2024-09-19T04:07:38.486 INFO:teuthology.orchestra.run.smithi007.stdout:/usr/bin/ceph: stderr
2024-09-19T04:07:37.432+0000 7fa8573b0640 1 --2- 172.21.15.7:0/3013340997 >> [v2:172.21.15.7:3300/0,v1:172.21.15.7:6789/0] conn(0x7fa850108110 0x7fa85019b640 unknown :-1 s=CLOSED pgs=52 cs=0 l=1 rev1=1 crypto rx=0 tx=0 comp rx=0 tx=0).stop
2024-09-19T04:07:38.486 INFO:teuthology.orchestra.run.smithi007.stdout:/usr/bin/ceph: stderr
2024-09-19T04:07:37.432+0000 7fa8573b0640 1 -- 172.21.15.7:0/3013340997 >> 172.21.15.7:0/3013340997 conn(0x7fa850101db0 msgr2=0x7fa8501028c0 unknown :-1 s=STATE_NONE l=0).mark_down
2024-09-19T04:07:38.486 INFO:teuthology.orchestra.run.smithi007.stdout:/usr/bin/ceph: stderr
2024-09-19T04:07:37.432+0000 7fa8573b0640 1 -- 172.21.15.7:0/3013340997 shutdown_connections
2024-09-19T04:07:38.486 INFO:teuthology.orchestra.run.smithi007.stdout:/usr/bin/ceph: stderr
2024-09-19T04:07:37.432+0000 7fa8573b0640 1 -- 172.21.15.7:0/3013340997 wait complete.
2024-09-19T04:07:38.486 INFO:teuthology.orchestra.run.smithi007.stdout:Enabling the dashboard module...
2024-09-19T04:07:40.216 INFO:journalctl@ceph.mon.a.smithi007.stdout:Sep 19 04:07:39 smithi007 ceph-mon[31360]: from='mgr.14118 172.21.15.7:0/3147503308' entity='mgr.x'
2024-09-19T04:07:40.216 INFO:journalctl@ceph.mon.a.smithi007.stdout:Sep 19 04:07:39 smithi007 ceph-mon[31360]: from='client.? 172.21.15.7:0/2474508654' entity='client.admin' cmd=[{"prefix": "mgr module enable", "module": "dashboard"}]: dispatch
2024-09-19T04:07:40.217 INFO:journalctl@ceph.mgr.x.smithi007.stdout:Sep 19 04:07:40 smithi007 ceph-77957c0a-763c-11ef-bceb-c7b262605968-mgr-x[31590]: ignoring --setuser ceph since I am not root
2024-09-19T04:07:40.217 INFO:journalctl@ceph.mgr.x.smithi007.stdout:Sep 19 04:07:40 smithi007 ceph-77957c0a-763c-11ef-bceb-c7b262605968-mgr-x[31590]: ignoring --setgroup ceph since I am not root
2024-09-19T04:07:40.217 INFO:journalctl@ceph.mgr.x.smithi007.stdout:Sep 19 04:07:40 smithi007 ceph-77957c0a-763c-11ef-bceb-c7b262605968-mgr-x[31590]:
2024-09-19T04:07:40.115+0000 7fd30f311040 -1 mgr[py] Module osd_perf_query has missing NOTIFY_TYPES member
2024-09-19T04:07:40.217 INFO:journalctl@ceph.mgr.x.smithi007.stdout:Sep 19 04:07:40 smithi007 ceph-77957c0a-763c-11ef-bceb-c7b262605968-mgr-x[31590]:
2024-09-19T04:07:40.175+0000 7fd30f311040 -1 mgr[py] Module osd_support has missing NOTIFY_TYPES member
2024-09-19T04:07:40.555 INFO:journalctl@ceph.mgr.x.smithi007.stdout:Sep 19 04:07:40 smithi007 ceph-77957c0a-763c-11ef-bceb-c7b262605968-mgr-x[31590]:
2024-09-19T04:07:40.329+0000 7fd30f311040 -1 mgr[py] Module diskprediction_local has missing NOTIFY_TYPES member
2024-09-19T04:07:40.555 INFO:journalctl@ceph.mgr.x.smithi007.stdout:Sep 19 04:07:40 smithi007 ceph-77957c0a-763c-11ef-bceb-c7b262605968-mgr-x[31590]:
2024-09-19T04:07:40.398+0000 7fd30f311040 -1 mgr[py] Module crash has missing NOTIFY_TYPES member
2024-09-19T04:07:40.555 INFO:journalctl@ceph.mgr.x.smithi007.stdout:Sep 19 04:07:40 smithi007 ceph-77957c0a-763c-11ef-bceb-c7b262605968-mgr-x[31590]:
2024-09-19T04:07:40.553+0000 7fd30f311040 -1 mgr[py] Module test_orchestrator has missing NOTIFY_TYPES member
2024-09-19T04:07:40.876 INFO:journalctl@ceph.mgr.x.smithi007.stdout:Sep 19 04:07:40 smithi007 ceph-77957c0a-763c-11ef-bceb-c7b262605968-mgr-x[31590]:
2024-09-19T04:07:40.700+0000 7fd30f311040 -1 mgr[py] Module snap_schedule has missing NOTIFY_TYPES member
2024-09-19T04:07:40.904 INFO:teuthology.orchestra.run.smithi007.stdout:/usr/bin/ceph: stderr
2024-09-19T04:07:38.909+0000 7ff59fd80640 1 Processor -- start
2024-09-19T04:07:40.904 INFO:teuthology.orchestra.run.smithi007.stdout:/usr/bin/ceph: stderr
2024-09-19T04:07:38.909+0000 7ff59fd80640 1 -- start start
2024-09-19T04:07:40.904 INFO:teuthology.orchestra.run.smithi007.stdout:/usr/bin/ceph: stderr
2024-09-19T04:07:38.909+0000 7ff59fd80640 1 --2- >> [v2:172.21.15.7:3300/0,v1:172.21.15.7:6789/0] conn(0x7ff598108090 0x7ff59810a480 unknown :-1 s=NONE pgs=0 cs=0 l=0 rev1=0 crypto rx=0 tx=0 comp rx=0 tx=0).connect
2024-09-19T04:07:40.904 INFO:teuthology.orchestra.run.smithi007.stdout:/usr/bin/ceph: stderr
2024-09-19T04:07:38.909+0000 7ff59fd80640 1 -- --> [v2:172.21.15.7:3300/0,v1:172.21.15.7:6789/0] -- mon_getmap magic: 0 -- 0x7ff59807beb0 con 0x7ff598108090
2024-09-19T04:07:40.905 INFO:teuthology.orchestra.run.smithi007.stdout:/usr/bin/ceph: stderr
2024-09-19T04:07:38.910+0000 7ff59db1c640 1 --2- >> [v2:172.21.15.7:3300/0,v1:172.21.15.7:6789/0] conn(0x7ff598108090 0x7ff59810a480 unknown :-1 s=BANNER_CONNECTING pgs=0 cs=0 l=0 rev1=0 crypto rx=0 tx=0 comp rx=0 tx=0)._handle_peer_banner_payload supported=3 required=0
2024-09-19T04:07:40.905 INFO:teuthology.orchestra.run.smithi007.stdout:/usr/bin/ceph: stderr
2024-09-19T04:07:38.910+0000 7ff59db1c640 1 --2- >> [v2:172.21.15.7:3300/0,v1:172.21.15.7:6789/0] conn(0x7ff598108090 0x7ff59810a480 unknown :-1 s=HELLO_CONNECTING pgs=0 cs=0 l=0 rev1=1 crypto rx=0 tx=0 comp rx=0 tx=0).handle_hello peer v2:172.21.15.7:3300/0 says I am v2:172.21.15.7:44270/0 (socket says 172.21.15.7:44270)
2024-09-19T04:07:40.905 INFO:teuthology.orchestra.run.smithi007.stdout:/usr/bin/ceph: stderr
2024-09-19T04:07:38.910+0000 7ff59db1c640 1 -- 172.21.15.7:0/2948482472 learned_addr learned my addr 172.21.15.7:0/2948482472 (peer_addr_for_me v2:172.21.15.7:0/0)
2024-09-19T04:07:40.905 INFO:teuthology.orchestra.run.smithi007.stdout:/usr/bin/ceph: stderr
2024-09-19T04:07:38.910+0000 7ff59db1c640 1 -- 172.21.15.7:0/2948482472 --> [v2:172.21.15.7:3300/0,v1:172.21.15.7:6789/0] -- mon_subscribe({config=0+,monmap=0+}) -- 0x7ff59810a9c0 con 0x7ff598108090
2024-09-19T04:07:40.905 INFO:teuthology.orchestra.run.smithi007.stdout:/usr/bin/ceph: stderr
2024-09-19T04:07:38.911+0000 7ff59db1c640 1 --2- 172.21.15.7:0/2948482472 >> [v2:172.21.15.7:3300/0,v1:172.21.15.7:6789/0] conn(0x7ff598108090 0x7ff59810a480 secure :-1 s=READY pgs=53 cs=0 l=1 rev1=1 crypto rx=0x7ff594009e80 tx=0x7ff59402a7a0 comp rx=0 tx=0).ready entity=mon.0 client_cookie=d548fcd7807ec80f server_cookie=0 in_seq=0 out_seq=0
2024-09-19T04:07:40.905 INFO:teuthology.orchestra.run.smithi007.stdout:/usr/bin/ceph: stderr
2024-09-19T04:07:38.911+0000 7ff59cb1a640 1 -- 172.21.15.7:0/2948482472 <== mon.0 v2:172.21.15.7:3300/0 1 ==== mon_map magic: 0 ==== 205+0+0 (secure 0 0 0) 0x7ff594036070 con 0x7ff598108090
2024-09-19T04:07:40.905 INFO:teuthology.orchestra.run.smithi007.stdout:/usr/bin/ceph: stderr
2024-09-19T04:07:38.911+0000 7ff59cb1a640 1 -- 172.21.15.7:0/2948482472 <== mon.0 v2:172.21.15.7:3300/0 2 ==== config(27 keys) ==== 1140+0+0 (secure 0 0 0) 0x7ff5940318e0 con 0x7ff598108090
2024-09-19T04:07:40.905 INFO:teuthology.orchestra.run.smithi007.stdout:/usr/bin/ceph: stderr
2024-09-19T04:07:38.911+0000 7ff59cb1a640 1 -- 172.21.15.7:0/2948482472 <== mon.0 v2:172.21.15.7:3300/0 3 ==== mon_map magic: 0 ==== 205+0+0 (secure 0 0 0) 0x7ff594007a00 con 0x7ff598108090
2024-09-19T04:07:40.905 INFO:teuthology.orchestra.run.smithi007.stdout:/usr/bin/ceph: stderr
2024-09-19T04:07:38.912+0000 7ff59fd80640 1 -- 172.21.15.7:0/2948482472 >> [v2:172.21.15.7:3300/0,v1:172.21.15.7:6789/0] conn(0x7ff598108090 msgr2=0x7ff59810a480 secure :-1 s=STATE_CONNECTION_ESTABLISHED l=1).mark_down
2024-09-19T04:07:40.905 INFO:teuthology.orchestra.run.smithi007.stdout:/usr/bin/ceph: stderr
2024-09-19T04:07:38.912+0000 7ff59fd80640 1 --2- 172.21.15.7:0/2948482472 >> [v2:172.21.15.7:3300/0,v1:172.21.15.7:6789/0] conn(0x7ff598108090 0x7ff59810a480 secure :-1 s=READY pgs=53 cs=0 l=1 rev1=1 crypto rx=0x7ff594009e80 tx=0x7ff59402a7a0 comp rx=0 tx=0).stop
2024-09-19T04:07:40.905 INFO:teuthology.orchestra.run.smithi007.stdout:/usr/bin/ceph: stderr
2024-09-19T04:07:38.912+0000 7ff59fd80640 1 -- 172.21.15.7:0/2948482472 shutdown_connections
2024-09-19T04:07:40.905 INFO:teuthology.orchestra.run.smithi007.stdout:/usr/bin/ceph: stderr
2024-09-19T04:07:38.912+0000 7ff59fd80640 1 --2- 172.21.15.7:0/2948482472 >> [v2:172.21.15.7:3300/0,v1:172.21.15.7:6789/0] conn(0x7ff598108090 0x7ff59810a480 unknown :-1 s=CLOSED pgs=53 cs=0 l=1 rev1=1 crypto rx=0 tx=0 comp rx=0 tx=0).stop
2024-09-19T04:07:40.905 INFO:teuthology.orchestra.run.smithi007.stdout:/usr/bin/ceph: stderr
2024-09-19T04:07:38.912+0000 7ff59fd80640 1 -- 172.21.15.7:0/2948482472 >> 172.21.15.7:0/2948482472 conn(0x7ff598101db0 msgr2=0x7ff5981041d0 unknown :-1 s=STATE_NONE l=0).mark_down
2024-09-19T04:07:40.906 INFO:teuthology.orchestra.run.smithi007.stdout:/usr/bin/ceph: stderr
2024-09-19T04:07:38.912+0000 7ff59fd80640 1 -- 172.21.15.7:0/2948482472 shutdown_connections
2024-09-19T04:07:40.906 INFO:teuthology.orchestra.run.smithi007.stdout:/usr/bin/ceph: stderr
2024-09-19T04:07:38.912+0000 7ff59fd80640 1 -- 172.21.15.7:0/2948482472 wait complete.
2024-09-19T04:07:40.906 INFO:teuthology.orchestra.run.smithi007.stdout:/usr/bin/ceph: stderr
2024-09-19T04:07:38.912+0000 7ff59fd80640 1 Processor -- start
2024-09-19T04:07:40.906 INFO:teuthology.orchestra.run.smithi007.stdout:/usr/bin/ceph: stderr
2024-09-19T04:07:38.913+0000 7ff59fd80640 1 -- start start
2024-09-19T04:07:40.906 INFO:teuthology.orchestra.run.smithi007.stdout:/usr/bin/ceph: stderr
2024-09-19T04:07:38.913+0000 7ff59fd80640 1 --2- >> [v2:172.21.15.7:3300/0,v1:172.21.15.7:6789/0] conn(0x7ff598108090 0x7ff598107910 unknown :-1 s=NONE pgs=0 cs=0 l=1 rev1=0 crypto rx=0 tx=0 comp rx=0 tx=0).connect
2024-09-19T04:07:40.906 INFO:teuthology.orchestra.run.smithi007.stdout:/usr/bin/ceph: stderr
2024-09-19T04:07:38.913+0000 7ff59fd80640 1 -- --> [v2:172.21.15.7:3300/0,v1:172.21.15.7:6789/0] -- mon_getmap magic: 0 -- 0x7ff59810baa0 con 0x7ff598108090
2024-09-19T04:07:40.906 INFO:teuthology.orchestra.run.smithi007.stdout:/usr/bin/ceph: stderr
2024-09-19T04:07:38.913+0000 7ff59db1c640 1 --2- >> [v2:172.21.15.7:3300/0,v1:172.21.15.7:6789/0] conn(0x7ff598108090 0x7ff598107910 unknown :-1 s=BANNER_CONNECTING pgs=0 cs=0 l=1 rev1=0 crypto rx=0 tx=0 comp rx=0 tx=0)._handle_peer_banner_payload supported=3 required=0
2024-09-19T04:07:40.906 INFO:teuthology.orchestra.run.smithi007.stdout:/usr/bin/ceph: stderr
2024-09-19T04:07:38.913+0000 7ff59db1c640 1 --2- >> [v2:172.21.15.7:3300/0,v1:172.21.15.7:6789/0] conn(0x7ff598108090 0x7ff598107910 unknown :-1 s=HELLO_CONNECTING pgs=0 cs=0 l=1 rev1=1 crypto rx=0 tx=0 comp rx=0 tx=0).handle_hello peer v2:172.21.15.7:3300/0 says I am v2:172.21.15.7:44274/0 (socket says 172.21.15.7:44274)
2024-09-19T04:07:40.906 INFO:teuthology.orchestra.run.smithi007.stdout:/usr/bin/ceph: stderr
2024-09-19T04:07:38.913+0000 7ff59db1c640 1 -- 172.21.15.7:0/2474508654 learned_addr learned my addr 172.21.15.7:0/2474508654 (peer_addr_for_me v2:172.21.15.7:0/0)
2024-09-19T04:07:40.906 INFO:teuthology.orchestra.run.smithi007.stdout:/usr/bin/ceph: stderr
2024-09-19T04:07:38.913+0000 7ff59db1c640 1 -- 172.21.15.7:0/2474508654 --> [v2:172.21.15.7:3300/0,v1:172.21.15.7:6789/0] -- mon_subscribe({config=0+,monmap=0+}) -- 0x7ff598107e50 con 0x7ff598108090
2024-09-19T04:07:40.906 INFO:teuthology.orchestra.run.smithi007.stdout:/usr/bin/ceph: stderr
2024-09-19T04:07:38.913+0000 7ff59db1c640 1 --2- 172.21.15.7:0/2474508654 >> [v2:172.21.15.7:3300/0,v1:172.21.15.7:6789/0] conn(0x7ff598108090 0x7ff598107910 secure :-1 s=READY pgs=54 cs=0 l=1 rev1=1 crypto rx=0x7ff594031cf0 tx=0x7ff594031d20 comp rx=0 tx=0).ready entity=mon.0 client_cookie=0 server_cookie=0 in_seq=0 out_seq=0
2024-09-19T04:07:40.906 INFO:teuthology.orchestra.run.smithi007.stdout:/usr/bin/ceph: stderr
2024-09-19T04:07:38.913+0000 7ff58effd640 1 -- 172.21.15.7:0/2474508654 <== mon.0 v2:172.21.15.7:3300/0 1 ==== mon_map magic: 0 ==== 205+0+0 (secure 0 0 0) 0x7ff594036050 con 0x7ff598108090
2024-09-19T04:07:40.906 INFO:teuthology.orchestra.run.smithi007.stdout:/usr/bin/ceph: stderr
2024-09-19T04:07:38.913+0000 7ff58effd640 1 -- 172.21.15.7:0/2474508654 <== mon.0 v2:172.21.15.7:3300/0 2 ==== config(27 keys) ==== 1140+0+0 (secure 0 0 0) 0x7ff594042070 con 0x7ff598108090
2024-09-19T04:07:40.907 INFO:teuthology.orchestra.run.smithi007.stdout:/usr/bin/ceph: stderr
2024-09-19T04:07:38.913+0000 7ff59fd80640 1 -- 172.21.15.7:0/2474508654 --> [v2:172.21.15.7:3300/0,v1:172.21.15.7:6789/0] -- mon_subscribe({mgrmap=0+}) -- 0x7ff598106040 con 0x7ff598108090
2024-09-19T04:07:40.907 INFO:teuthology.orchestra.run.smithi007.stdout:/usr/bin/ceph: stderr
2024-09-19T04:07:38.913+0000 7ff58effd640 1 -- 172.21.15.7:0/2474508654 <== mon.0 v2:172.21.15.7:3300/0 3 ==== mon_map magic: 0 ==== 205+0+0 (secure 0 0 0) 0x7ff59403d9b0 con 0x7ff598108090
2024-09-19T04:07:40.907 INFO:teuthology.orchestra.run.smithi007.stdout:/usr/bin/ceph: stderr
2024-09-19T04:07:38.913+0000 7ff59fd80640 1 -- 172.21.15.7:0/2474508654 --> [v2:172.21.15.7:3300/0,v1:172.21.15.7:6789/0] -- mon_subscribe({osdmap=0}) -- 0x7ff598106580 con 0x7ff598108090
2024-09-19T04:07:40.907 INFO:teuthology.orchestra.run.smithi007.stdout:/usr/bin/ceph: stderr
2024-09-19T04:07:38.914+0000 7ff58effd640 1 -- 172.21.15.7:0/2474508654 <== mon.0 v2:172.21.15.7:3300/0 4 ==== mgrmap(e 8) ==== 46461+0+0 (secure 0 0 0) 0x7ff59403db50 con 0x7ff598108090
2024-09-19T04:07:40.907 INFO:teuthology.orchestra.run.smithi007.stdout:/usr/bin/ceph: stderr
2024-09-19T04:07:38.914+0000 7ff59fd80640 1 -- 172.21.15.7:0/2474508654 --> [v2:172.21.15.7:3300/0,v1:172.21.15.7:6789/0] -- mon_command({"prefix": "get_command_descriptions"} v 0) -- 0x7ff5981084f0 con 0x7ff598108090
2024-09-19T04:07:40.907 INFO:teuthology.orchestra.run.smithi007.stdout:/usr/bin/ceph: stderr
2024-09-19T04:07:38.914+0000 7ff58effd640 1 --2- 172.21.15.7:0/2474508654 >> [v2:172.21.15.7:6800/751091002,v1:172.21.15.7:6801/751091002] conn(0x7ff584039200 0x7ff58403b6c0 unknown :-1 s=NONE pgs=0 cs=0 l=1 rev1=0 crypto rx=0 tx=0 comp rx=0 tx=0).connect
2024-09-19T04:07:40.907 INFO:teuthology.orchestra.run.smithi007.stdout:/usr/bin/ceph: stderr
2024-09-19T04:07:38.915+0000 7ff58effd640 1 -- 172.21.15.7:0/2474508654 <== mon.0 v2:172.21.15.7:3300/0 5 ==== osd_map(2..2 src has 1..2) ==== 940+0+0 (secure 0 0 0) 0x7ff59406d630 con 0x7ff598108090
2024-09-19T04:07:40.907 INFO:teuthology.orchestra.run.smithi007.stdout:/usr/bin/ceph: stderr
2024-09-19T04:07:38.915+0000 7ff59d31b640 1 --2- 172.21.15.7:0/2474508654 >> [v2:172.21.15.7:6800/751091002,v1:172.21.15.7:6801/751091002] conn(0x7ff584039200 0x7ff58403b6c0 unknown :-1 s=BANNER_CONNECTING pgs=0 cs=0 l=1 rev1=0 crypto rx=0 tx=0 comp rx=0 tx=0)._handle_peer_banner_payload supported=3 required=0
2024-09-19T04:07:40.907 INFO:teuthology.orchestra.run.smithi007.stdout:/usr/bin/ceph: stderr
2024-09-19T04:07:38.915+0000 7ff59d31b640 1 --2- 172.21.15.7:0/2474508654 >> [v2:172.21.15.7:6800/751091002,v1:172.21.15.7:6801/751091002] conn(0x7ff584039200 0x7ff58403b6c0 secure :-1 s=READY pgs=16 cs=0 l=1 rev1=1 crypto rx=0x7ff5880098c0 tx=0x7ff588006db0 comp rx=0 tx=0).ready entity=mgr.14118 client_cookie=0 server_cookie=0 in_seq=0 out_seq=0
2024-09-19T04:07:40.907 INFO:teuthology.orchestra.run.smithi007.stdout:/usr/bin/ceph: stderr
2024-09-19T04:07:38.920+0000 7ff58effd640 1 -- 172.21.15.7:0/2474508654 <== mon.0 v2:172.21.15.7:3300/0 6 ==== mon_command_ack([{"prefix": "get_command_descriptions"}]=0 v0) ==== 72+0+188913 (secure 0 0 0) 0x7ff59403bda0 con 0x7ff598108090
2024-09-19T04:07:40.907 INFO:teuthology.orchestra.run.smithi007.stdout:/usr/bin/ceph: stderr
2024-09-19T04:07:39.145+0000 7ff59fd80640 1 -- 172.21.15.7:0/2474508654 --> [v2:172.21.15.7:3300/0,v1:172.21.15.7:6789/0] -- mon_command({"prefix": "mgr module enable", "module": "dashboard"} v 0) -- 0x7ff598106e60 con 0x7ff598108090
2024-09-19T04:07:40.907 INFO:teuthology.orchestra.run.smithi007.stdout:/usr/bin/ceph: stderr
2024-09-19T04:07:39.958+0000 7ff58effd640 1 -- 172.21.15.7:0/2474508654 <== mon.0 v2:172.21.15.7:3300/0 7 ==== mon_command_ack([{"prefix": "mgr module enable", "module": "dashboard"}]=0 v9) ==== 88+0+0 (secure 0 0 0) 0x7ff594047460 con 0x7ff598108090
2024-09-19T04:07:40.908 INFO:teuthology.orchestra.run.smithi007.stdout:/usr/bin/ceph: stderr
2024-09-19T04:07:39.960+0000 7ff58effd640 1 -- 172.21.15.7:0/2474508654 <== mon.0 v2:172.21.15.7:3300/0 8 ==== mgrmap(e 9) ==== 46474+0+0 (secure 0 0 0) 0x7ff59403b610 con 0x7ff598108090
2024-09-19T04:07:40.908 INFO:teuthology.orchestra.run.smithi007.stdout:/usr/bin/ceph: stderr
2024-09-19T04:07:39.961+0000 7ff59fd80640 1 -- 172.21.15.7:0/2474508654 >> [v2:172.21.15.7:6800/751091002,v1:172.21.15.7:6801/751091002] conn(0x7ff584039200 msgr2=0x7ff58403b6c0 secure :-1 s=STATE_CONNECTION_ESTABLISHED l=1).mark_down
2024-09-19T04:07:40.908 INFO:teuthology.orchestra.run.smithi007.stdout:/usr/bin/ceph: stderr
2024-09-19T04:07:39.962+0000 7ff59fd80640 1 --2- 172.21.15.7:0/2474508654 >> [v2:172.21.15.7:6800/751091002,v1:172.21.15.7:6801/751091002] conn(0x7ff584039200 0x7ff58403b6c0 secure :-1 s=READY pgs=16 cs=0 l=1 rev1=1 crypto rx=0x7ff5880098c0 tx=0x7ff588006db0 comp rx=0 tx=0).stop
2024-09-19T04:07:40.908 INFO:teuthology.orchestra.run.smithi007.stdout:/usr/bin/ceph: stderr
2024-09-19T04:07:39.962+0000 7ff59fd80640 1 -- 172.21.15.7:0/2474508654 >> [v2:172.21.15.7:3300/0,v1:172.21.15.7:6789/0] conn(0x7ff598108090 msgr2=0x7ff598107910 secure :-1 s=STATE_CONNECTION_ESTABLISHED l=1).mark_down
2024-09-19T04:07:40.908 INFO:teuthology.orchestra.run.smithi007.stdout:/usr/bin/ceph: stderr
2024-09-19T04:07:39.962+0000 7ff59fd80640 1 --2- 172.21.15.7:0/2474508654 >> [v2:172.21.15.7:3300/0,v1:172.21.15.7:6789/0] conn(0x7ff598108090 0x7ff598107910 secure :-1 s=READY pgs=54 cs=0 l=1 rev1=1 crypto rx=0x7ff594031cf0 tx=0x7ff594031d20 comp rx=0 tx=0).stop
2024-09-19T04:07:40.908 INFO:teuthology.orchestra.run.smithi007.stdout:/usr/bin/ceph: stderr
2024-09-19T04:07:39.962+0000 7ff59fd80640 1 -- 172.21.15.7:0/2474508654 shutdown_connections
2024-09-19T04:07:40.908 INFO:teuthology.orchestra.run.smithi007.stdout:/usr/bin/ceph: stderr
2024-09-19T04:07:39.962+0000 7ff59fd80640 1 --2- 172.21.15.7:0/2474508654 >> [v2:172.21.15.7:6800/751091002,v1:172.21.15.7:6801/751091002] conn(0x7ff584039200 0x7ff58403b6c0 unknown :-1 s=CLOSED pgs=16 cs=0 l=1 rev1=1 crypto rx=0 tx=0 comp rx=0 tx=0).stop
2024-09-19T04:07:40.908 INFO:teuthology.orchestra.run.smithi007.stdout:/usr/bin/ceph: stderr
2024-09-19T04:07:39.962+0000 7ff59fd80640 1 --2- 172.21.15.7:0/2474508654 >> [v2:172.21.15.7:3300/0,v1:172.21.15.7:6789/0] conn(0x7ff598108090 0x7ff598107910 unknown :-1 s=CLOSED pgs=54 cs=0 l=1 rev1=1 crypto rx=0 tx=0 comp rx=0 tx=0).stop
2024-09-19T04:07:40.908 INFO:teuthology.orchestra.run.smithi007.stdout:/usr/bin/ceph: stderr
2024-09-19T04:07:39.962+0000 7ff59fd80640 1 -- 172.21.15.7:0/2474508654 >> 172.21.15.7:0/2474508654 conn(0x7ff598101db0 msgr2=0x7ff5981028a0 unknown :-1 s=STATE_NONE l=0).mark_down
2024-09-19T04:07:40.908 INFO:teuthology.orchestra.run.smithi007.stdout:/usr/bin/ceph: stderr
2024-09-19T04:07:39.962+0000 7ff59fd80640 1 -- 172.21.15.7:0/2474508654 shutdown_connections
2024-09-19T04:07:40.908 INFO:teuthology.orchestra.run.smithi007.stdout:/usr/bin/ceph: stderr
2024-09-19T04:07:39.962+0000 7ff59fd80640 1 -- 172.21.15.7:0/2474508654 wait complete.
2024-09-19T04:07:41.167 INFO:journalctl@ceph.mon.a.smithi007.stdout:Sep 19 04:07:40 smithi007 ceph-mon[31360]: from='client.? 172.21.15.7:0/2474508654' entity='client.admin' cmd='[{"prefix": "mgr module enable", "module": "dashboard"}]': finished
2024-09-19T04:07:41.167 INFO:journalctl@ceph.mon.a.smithi007.stdout:Sep 19 04:07:40 smithi007 ceph-mon[31360]: mgrmap e9: x(active, since 19s)
2024-09-19T04:07:41.167 INFO:journalctl@ceph.mgr.x.smithi007.stdout:Sep 19 04:07:41 smithi007 ceph-77957c0a-763c-11ef-bceb-c7b262605968-mgr-x[31590]:
2024-09-19T04:07:41.036+0000 7fd30f311040 -1 mgr[py] Module prometheus has missing NOTIFY_TYPES member
2024-09-19T04:07:41.168 INFO:journalctl@ceph.mgr.x.smithi007.stdout:Sep 19 04:07:41 smithi007 ceph-77957c0a-763c-11ef-bceb-c7b262605968-mgr-x[31590]:
2024-09-19T04:07:41.100+0000 7fd30f311040 -1 mgr[py] Module selftest has missing NOTIFY_TYPES member
2024-09-19T04:07:41.544 INFO:journalctl@ceph.mgr.x.smithi007.stdout:Sep 19 04:07:41 smithi007 ceph-77957c0a-763c-11ef-bceb-c7b262605968-mgr-x[31590]:
2024-09-19T04:07:41.298+0000 7fd30f311040 -1 mgr[py] Module volumes has missing NOTIFY_TYPES member
2024-09-19T04:07:42.243 INFO:journalctl@ceph.mon.a.smithi007.stdout:Sep 19 04:07:41 smithi007 ceph-mon[31360]: from='client.? 172.21.15.7:0/2555094172' entity='client.admin' cmd=[{"prefix": "mgr stat"}]: dispatch
2024-09-19T04:07:42.280 INFO:teuthology.orchestra.run.smithi007.stdout:/usr/bin/ceph: stdout {
2024-09-19T04:07:42.280 INFO:teuthology.orchestra.run.smithi007.stdout:/usr/bin/ceph: stdout "epoch": 9,
2024-09-19T04:07:42.280 INFO:teuthology.orchestra.run.smithi007.stdout:/usr/bin/ceph: stdout "available": true,
2024-09-19T04:07:42.281 INFO:teuthology.orchestra.run.smithi007.stdout:/usr/bin/ceph: stdout "active_name": "x",
2024-09-19T04:07:42.281 INFO:teuthology.orchestra.run.smithi007.stdout:/usr/bin/ceph: stdout "num_standby": 0
2024-09-19T04:07:42.281 INFO:teuthology.orchestra.run.smithi007.stdout:/usr/bin/ceph: stdout }
2024-09-19T04:07:42.281 INFO:teuthology.orchestra.run.smithi007.stdout:/usr/bin/ceph: stderr
2024-09-19T04:07:41.337+0000 7f6c9066b640 1 Processor -- start
2024-09-19T04:07:42.281 INFO:teuthology.orchestra.run.smithi007.stdout:/usr/bin/ceph: stderr
2024-09-19T04:07:41.337+0000 7f6c9066b640 1 -- start start
2024-09-19T04:07:42.281 INFO:teuthology.orchestra.run.smithi007.stdout:/usr/bin/ceph: stderr
2024-09-19T04:07:41.337+0000 7f6c9066b640 1 --2- >> [v2:172.21.15.7:3300/0,v1:172.21.15.7:6789/0] conn(0x7f6c88107740 0x7f6c88107b40 unknown :-1 s=NONE pgs=0 cs=0 l=0 rev1=0 crypto rx=0 tx=0 comp rx=0 tx=0).connect
2024-09-19T04:07:42.281 INFO:teuthology.orchestra.run.smithi007.stdout:/usr/bin/ceph: stderr
2024-09-19T04:07:41.337+0000 7f6c9066b640 1 -- --> [v2:172.21.15.7:3300/0,v1:172.21.15.7:6789/0] -- mon_getmap magic: 0 -- 0x7f6c88108110 con 0x7f6c88107740
2024-09-19T04:07:42.281 INFO:teuthology.orchestra.run.smithi007.stdout:/usr/bin/ceph: stderr
2024-09-19T04:07:41.337+0000 7f6c8e407640 1 --2- >> [v2:172.21.15.7:3300/0,v1:172.21.15.7:6789/0] conn(0x7f6c88107740 0x7f6c88107b40 unknown :-1 s=BANNER_CONNECTING pgs=0 cs=0 l=0 rev1=0 crypto rx=0 tx=0 comp rx=0 tx=0)._handle_peer_banner_payload supported=3 required=0
2024-09-19T04:07:42.281 INFO:teuthology.orchestra.run.smithi007.stdout:/usr/bin/ceph: stderr
2024-09-19T04:07:41.337+0000 7f6c8e407640 1 --2- >> [v2:172.21.15.7:3300/0,v1:172.21.15.7:6789/0] conn(0x7f6c88107740 0x7f6c88107b40 unknown :-1 s=HELLO_CONNECTING pgs=0 cs=0 l=0 rev1=1 crypto rx=0 tx=0 comp rx=0 tx=0).handle_hello peer v2:172.21.15.7:3300/0 says I am v2:172.21.15.7:44298/0 (socket says 172.21.15.7:44298)
2024-09-19T04:07:42.282 INFO:teuthology.orchestra.run.smithi007.stdout:/usr/bin/ceph: stderr
2024-09-19T04:07:41.337+0000 7f6c8e407640 1 -- 172.21.15.7:0/2220117567 learned_addr learned my addr 172.21.15.7:0/2220117567 (peer_addr_for_me v2:172.21.15.7:0/0)
2024-09-19T04:07:42.282 INFO:teuthology.orchestra.run.smithi007.stdout:/usr/bin/ceph: stderr
2024-09-19T04:07:41.338+0000 7f6c8e407640 1 -- 172.21.15.7:0/2220117567 --> [v2:172.21.15.7:3300/0,v1:172.21.15.7:6789/0] -- mon_subscribe({config=0+,monmap=0+}) -- 0x7f6c881088a0 con 0x7f6c88107740
2024-09-19T04:07:42.282 INFO:teuthology.orchestra.run.smithi007.stdout:/usr/bin/ceph: stderr
2024-09-19T04:07:41.338+0000 7f6c8e407640 1 --2- 172.21.15.7:0/2220117567 >> [v2:172.21.15.7:3300/0,v1:172.21.15.7:6789/0] conn(0x7f6c88107740 0x7f6c88107b40 secure :-1 s=READY pgs=57 cs=0 l=1 rev1=1 crypto rx=0x7f6c84009820 tx=0x7f6c8402a270 comp rx=0 tx=0).ready entity=mon.0 client_cookie=e47b1d7e0bb1bcec server_cookie=0 in_seq=0 out_seq=0
2024-09-19T04:07:42.282 INFO:teuthology.orchestra.run.smithi007.stdout:/usr/bin/ceph: stderr
2024-09-19T04:07:41.338+0000 7f6c8d405640 1 -- 172.21.15.7:0/2220117567 <== mon.0 v2:172.21.15.7:3300/0 1 ==== mon_map magic: 0 ==== 205+0+0 (secure 0 0 0) 0x7f6c84037070 con 0x7f6c88107740
2024-09-19T04:07:42.282 INFO:teuthology.orchestra.run.smithi007.stdout:/usr/bin/ceph: stderr
2024-09-19T04:07:41.339+0000 7f6c8d405640 1 -- 172.21.15.7:0/2220117567 <== mon.0 v2:172.21.15.7:3300/0 2 ==== config(27 keys) ==== 1140+0+0 (secure 0 0 0) 0x7f6c84032920 con 0x7f6c88107740
2024-09-19T04:07:42.282 INFO:teuthology.orchestra.run.smithi007.stdout:/usr/bin/ceph: stderr
2024-09-19T04:07:41.339+0000 7f6c8d405640 1 -- 172.21.15.7:0/2220117567 <== mon.0 v2:172.21.15.7:3300/0 3 ==== mon_map magic: 0 ==== 205+0+0 (secure 0 0 0) 0x7f6c84030810 con 0x7f6c88107740
2024-09-19T04:07:42.282 INFO:teuthology.orchestra.run.smithi007.stdout:/usr/bin/ceph: stderr
2024-09-19T04:07:41.339+0000 7f6c9066b640 1 -- 172.21.15.7:0/2220117567 >> [v2:172.21.15.7:3300/0,v1:172.21.15.7:6789/0] conn(0x7f6c88107740 msgr2=0x7f6c88107b40 secure :-1 s=STATE_CONNECTION_ESTABLISHED l=1).mark_down
2024-09-19T04:07:42.282 INFO:teuthology.orchestra.run.smithi007.stdout:/usr/bin/ceph: stderr
2024-09-19T04:07:41.339+0000 7f6c9066b640 1 --2- 172.21.15.7:0/2220117567 >> [v2:172.21.15.7:3300/0,v1:172.21.15.7:6789/0] conn(0x7f6c88107740 0x7f6c88107b40 secure :-1 s=READY pgs=57 cs=0 l=1 rev1=1 crypto rx=0x7f6c84009820 tx=0x7f6c8402a270 comp rx=0 tx=0).stop
2024-09-19T04:07:42.282 INFO:teuthology.orchestra.run.smithi007.stdout:/usr/bin/ceph: stderr
2024-09-19T04:07:41.339+0000 7f6c9066b640 1 -- 172.21.15.7:0/2220117567 shutdown_connections
2024-09-19T04:07:42.282 INFO:teuthology.orchestra.run.smithi007.stdout:/usr/bin/ceph: stderr
2024-09-19T04:07:41.339+0000 7f6c9066b640 1 --2- 172.21.15.7:0/2220117567 >> [v2:172.21.15.7:3300/0,v1:172.21.15.7:6789/0] conn(0x7f6c88107740 0x7f6c88107b40 unknown :-1 s=CLOSED pgs=57 cs=0 l=1 rev1=1 crypto rx=0 tx=0 comp rx=0 tx=0).stop
2024-09-19T04:07:42.282 INFO:teuthology.orchestra.run.smithi007.stdout:/usr/bin/ceph: stderr
2024-09-19T04:07:41.339+0000 7f6c9066b640 1 -- 172.21.15.7:0/2220117567 >> 172.21.15.7:0/2220117567 conn(0x7f6c88102eb0 msgr2=0x7f6c88105310 unknown :-1 s=STATE_NONE l=0).mark_down
2024-09-19T04:07:42.282 INFO:teuthology.orchestra.run.smithi007.stdout:/usr/bin/ceph: stderr
2024-09-19T04:07:41.339+0000 7f6c9066b640 1 -- 172.21.15.7:0/2220117567 shutdown_connections
2024-09-19T04:07:42.282 INFO:teuthology.orchestra.run.smithi007.stdout:/usr/bin/ceph: stderr
2024-09-19T04:07:41.339+0000 7f6c9066b640 1 -- 172.21.15.7:0/2220117567 wait complete.
2024-09-19T04:07:42.283 INFO:teuthology.orchestra.run.smithi007.stdout:/usr/bin/ceph: stderr
2024-09-19T04:07:41.340+0000 7f6c9066b640 1 Processor -- start
2024-09-19T04:07:42.283 INFO:teuthology.orchestra.run.smithi007.stdout:/usr/bin/ceph: stderr
2024-09-19T04:07:41.340+0000 7f6c9066b640 1 -- start start
2024-09-19T04:07:42.283 INFO:teuthology.orchestra.run.smithi007.stdout:/usr/bin/ceph: stderr
2024-09-19T04:07:41.340+0000 7f6c9066b640 1 --2- >> [v2:172.21.15.7:3300/0,v1:172.21.15.7:6789/0] conn(0x7f6c88107740 0x7f6c8807db70 unknown :-1 s=NONE pgs=0 cs=0 l=1 rev1=0 crypto rx=0 tx=0 comp rx=0 tx=0).connect
2024-09-19T04:07:42.283 INFO:teuthology.orchestra.run.smithi007.stdout:/usr/bin/ceph: stderr
2024-09-19T04:07:41.340+0000 7f6c9066b640 1 -- --> [v2:172.21.15.7:3300/0,v1:172.21.15.7:6789/0] -- mon_getmap magic: 0 -- 0x7f6c8810bc50 con 0x7f6c88107740
2024-09-19T04:07:42.283 INFO:teuthology.orchestra.run.smithi007.stdout:/usr/bin/ceph: stderr
2024-09-19T04:07:41.340+0000 7f6c8e407640 1 --2- >> [v2:172.21.15.7:3300/0,v1:172.21.15.7:6789/0] conn(0x7f6c88107740 0x7f6c8807db70 unknown :-1 s=BANNER_CONNECTING pgs=0 cs=0 l=1 rev1=0 crypto rx=0 tx=0 comp rx=0 tx=0)._handle_peer_banner_payload supported=3 required=0
2024-09-19T04:07:42.283 INFO:teuthology.orchestra.run.smithi007.stdout:/usr/bin/ceph: stderr
2024-09-19T04:07:41.340+0000 7f6c8e407640 1 --2- >> [v2:172.21.15.7:3300/0,v1:172.21.15.7:6789/0] conn(0x7f6c88107740 0x7f6c8807db70 unknown :-1 s=HELLO_CONNECTING pgs=0 cs=0 l=1 rev1=1 crypto rx=0 tx=0 comp rx=0 tx=0).handle_hello peer v2:172.21.15.7:3300/0 says I am v2:172.21.15.7:44304/0 (socket says 172.21.15.7:44304)
2024-09-19T04:07:42.283 INFO:teuthology.orchestra.run.smithi007.stdout:/usr/bin/ceph: stderr
2024-09-19T04:07:41.340+0000 7f6c8e407640 1 -- 172.21.15.7:0/2555094172 learned_addr learned my addr 172.21.15.7:0/2555094172 (peer_addr_for_me v2:172.21.15.7:0/0)
2024-09-19T04:07:42.283 INFO:teuthology.orchestra.run.smithi007.stdout:/usr/bin/ceph: stderr
2024-09-19T04:07:41.341+0000 7f6c8e407640 1 -- 172.21.15.7:0/2555094172 --> [v2:172.21.15.7:3300/0,v1:172.21.15.7:6789/0] -- mon_subscribe({config=0+,monmap=0+}) -- 0x7f6c8807e0b0 con 0x7f6c88107740
2024-09-19T04:07:42.283 INFO:teuthology.orchestra.run.smithi007.stdout:/usr/bin/ceph: stderr
2024-09-19T04:07:41.341+0000 7f6c8e407640 1 --2- 172.21.15.7:0/2555094172 >> [v2:172.21.15.7:3300/0,v1:172.21.15.7:6789/0] conn(0x7f6c88107740 0x7f6c8807db70 secure :-1 s=READY pgs=58 cs=0 l=1 rev1=1 crypto rx=0x7f6c84030560 tx=0x7f6c84032670 comp rx=0 tx=0).ready entity=mon.0 client_cookie=0 server_cookie=0 in_seq=0 out_seq=0
2024-09-19T04:07:42.283 INFO:teuthology.orchestra.run.smithi007.stdout:/usr/bin/ceph: stderr
2024-09-19T04:07:41.341+0000 7f6c7f7fe640 1 -- 172.21.15.7:0/2555094172 <== mon.0 v2:172.21.15.7:3300/0 1 ==== mon_map magic: 0 ==== 205+0+0 (secure 0 0 0) 0x7f6c84037040 con 0x7f6c88107740
2024-09-19T04:07:42.283 INFO:teuthology.orchestra.run.smithi007.stdout:/usr/bin/ceph: stderr
2024-09-19T04:07:41.341+0000 7f6c7f7fe640 1 -- 172.21.15.7:0/2555094172 <== mon.0 v2:172.21.15.7:3300/0 2 ==== config(27 keys) ==== 1140+0+0 (secure 0 0 0) 0x7f6c84040070 con 0x7f6c88107740
2024-09-19T04:07:42.283 INFO:teuthology.orchestra.run.smithi007.stdout:/usr/bin/ceph: stderr
2024-09-19T04:07:41.341+0000 7f6c9066b640 1 -- 172.21.15.7:0/2555094172 --> [v2:172.21.15.7:3300/0,v1:172.21.15.7:6789/0] -- mon_subscribe({mgrmap=0+}) -- 0x7f6c8807c2a0 con 0x7f6c88107740
2024-09-19T04:07:42.283 INFO:teuthology.orchestra.run.smithi007.stdout:/usr/bin/ceph: stderr
2024-09-19T04:07:41.341+0000 7f6c7f7fe640 1 -- 172.21.15.7:0/2555094172 <== mon.0 v2:172.21.15.7:3300/0 3 ==== mon_map magic: 0 ==== 205+0+0 (secure 0 0 0) 0x7f6c8403a6d0 con 0x7f6c88107740
2024-09-19T04:07:42.284 INFO:teuthology.orchestra.run.smithi007.stdout:/usr/bin/ceph: stderr
2024-09-19T04:07:41.341+0000 7f6c9066b640 1 -- 172.21.15.7:0/2555094172 --> [v2:172.21.15.7:3300/0,v1:172.21.15.7:6789/0] -- mon_subscribe({osdmap=0}) -- 0x7f6c8807c7e0 con 0x7f6c88107740
2024-09-19T04:07:42.284 INFO:teuthology.orchestra.run.smithi007.stdout:/usr/bin/ceph: stderr
2024-09-19T04:07:41.342+0000 7f6c7f7fe640 1 -- 172.21.15.7:0/2555094172 <== mon.0 v2:172.21.15.7:3300/0 4 ==== mgrmap(e 9) ==== 46474+0+0 (secure 0 0 0) 0x7f6c8403bb20 con 0x7f6c88107740
2024-09-19T04:07:42.284 INFO:teuthology.orchestra.run.smithi007.stdout:/usr/bin/ceph: stderr
2024-09-19T04:07:41.342+0000 7f6c9066b640 1 -- 172.21.15.7:0/2555094172 --> [v2:172.21.15.7:3300/0,v1:172.21.15.7:6789/0] -- mon_command({"prefix": "get_command_descriptions"} v 0) -- 0x7f6c88107bc0 con 0x7f6c88107740
2024-09-19T04:07:42.284 INFO:teuthology.orchestra.run.smithi007.stdout:/usr/bin/ceph: stderr
2024-09-19T04:07:41.342+0000 7f6c7f7fe640 1 --2- 172.21.15.7:0/2555094172 >> [v2:172.21.15.7:6800/751091002,v1:172.21.15.7:6801/751091002] conn(0x7f6c74039260 0x7f6c7403b720 unknown :-1 s=NONE pgs=0 cs=0 l=1 rev1=0 crypto rx=0 tx=0 comp rx=0 tx=0).connect
2024-09-19T04:07:42.284 INFO:teuthology.orchestra.run.smithi007.stdout:/usr/bin/ceph: stderr
2024-09-19T04:07:41.342+0000 7f6c7f7fe640 1 -- 172.21.15.7:0/2555094172 <== mon.0 v2:172.21.15.7:3300/0 5 ==== osd_map(2..2 src has 1..2) ==== 940+0+0 (secure 0 0 0) 0x7f6c8406c7f0 con 0x7f6c88107740
2024-09-19T04:07:42.284 INFO:teuthology.orchestra.run.smithi007.stdout:/usr/bin/ceph: stderr
2024-09-19T04:07:41.342+0000 7f6c8dc06640 1 -- 172.21.15.7:0/2555094172 >> [v2:172.21.15.7:6800/751091002,v1:172.21.15.7:6801/751091002] conn(0x7f6c74039260 msgr2=0x7f6c7403b720 unknown :-1 s=STATE_CONNECTING_RE l=1).process reconnect failed to v2:172.21.15.7:6800/751091002
2024-09-19T04:07:42.284 INFO:teuthology.orchestra.run.smithi007.stdout:/usr/bin/ceph: stderr
2024-09-19T04:07:41.342+0000 7f6c8dc06640 1 --2- 172.21.15.7:0/2555094172 >> [v2:172.21.15.7:6800/751091002,v1:172.21.15.7:6801/751091002] conn(0x7f6c74039260 0x7f6c7403b720 unknown :-1 s=START_CONNECT pgs=0 cs=0 l=1 rev1=0 crypto rx=0 tx=0 comp rx=0 tx=0)._fault waiting 0.200000
2024-09-19T04:07:42.284 INFO:teuthology.orchestra.run.smithi007.stdout:/usr/bin/ceph: stderr
2024-09-19T04:07:41.351+0000 7f6c7f7fe640 1 -- 172.21.15.7:0/2555094172 <== mon.0 v2:172.21.15.7:3300/0 6 ==== mon_command_ack([{"prefix": "get_command_descriptions"}]=0 v0) ==== 72+0+188913 (secure 0 0 0) 0x7f6c8404a200 con 0x7f6c88107740
2024-09-19T04:07:42.284 INFO:teuthology.orchestra.run.smithi007.stdout:/usr/bin/ceph: stderr
2024-09-19T04:07:41.543+0000 7f6c8dc06640 1 -- 172.21.15.7:0/2555094172 >> [v2:172.21.15.7:6800/751091002,v1:172.21.15.7:6801/751091002] conn(0x7f6c74039260 msgr2=0x7f6c7403b720 unknown :-1 s=STATE_CONNECTING_RE l=1).process reconnect failed to v2:172.21.15.7:6800/751091002
2024-09-19T04:07:42.284 INFO:teuthology.orchestra.run.smithi007.stdout:/usr/bin/ceph: stderr
2024-09-19T04:07:41.543+0000 7f6c8dc06640 1 --2- 172.21.15.7:0/2555094172 >> [v2:172.21.15.7:6800/751091002,v1:172.21.15.7:6801/751091002] conn(0x7f6c74039260 0x7f6c7403b720 unknown :-1 s=START_CONNECT pgs=0 cs=0 l=1 rev1=0 crypto rx=0 tx=0 comp rx=0 tx=0)._fault waiting 0.400000
2024-09-19T04:07:42.284 INFO:teuthology.orchestra.run.smithi007.stdout:/usr/bin/ceph: stderr
2024-09-19T04:07:41.575+0000 7f6c9066b640 1 -- 172.21.15.7:0/2555094172 --> [v2:172.21.15.7:3300/0,v1:172.21.15.7:6789/0] -- mon_command({"prefix": "mgr stat"} v 0) -- 0x7f6c8807cf80 con 0x7f6c88107740
2024-09-19T04:07:42.284 INFO:teuthology.orchestra.run.smithi007.stdout:/usr/bin/ceph: stderr
2024-09-19T04:07:41.575+0000 7f6c7f7fe640 1 -- 172.21.15.7:0/2555094172 <== mon.0 v2:172.21.15.7:3300/0 7 ==== mon_command_ack([{"prefix": "mgr stat"}]=0 v9) ==== 56+0+88 (secure 0 0 0) 0x7f6c84031e80 con 0x7f6c88107740
2024-09-19T04:07:42.284 INFO:teuthology.orchestra.run.smithi007.stdout:/usr/bin/ceph: stderr
2024-09-19T04:07:41.577+0000 7f6c9066b640 1 -- 172.21.15.7:0/2555094172 >> [v2:172.21.15.7:6800/751091002,v1:172.21.15.7:6801/751091002] conn(0x7f6c74039260 msgr2=0x7f6c7403b720 unknown :-1 s=STATE_CONNECTING l=1).mark_down
2024-09-19T04:07:42.285 INFO:teuthology.orchestra.run.smithi007.stdout:/usr/bin/ceph: stderr
2024-09-19T04:07:41.577+0000 7f6c9066b640 1 --2- 172.21.15.7:0/2555094172 >> [v2:172.21.15.7:6800/751091002,v1:172.21.15.7:6801/751091002] conn(0x7f6c74039260 0x7f6c7403b720 unknown :-1 s=START_CONNECT pgs=0 cs=0 l=1 rev1=0 crypto rx=0 tx=0 comp rx=0 tx=0).stop
2024-09-19T04:07:42.285 INFO:teuthology.orchestra.run.smithi007.stdout:/usr/bin/ceph: stderr
2024-09-19T04:07:41.577+0000 7f6c9066b640 1 -- 172.21.15.7:0/2555094172 >> [v2:172.21.15.7:3300/0,v1:172.21.15.7:6789/0] conn(0x7f6c88107740 msgr2=0x7f6c8807db70 secure :-1 s=STATE_CONNECTION_ESTABLISHED l=1).mark_down
2024-09-19T04:07:42.285 INFO:teuthology.orchestra.run.smithi007.stdout:/usr/bin/ceph: stderr
2024-09-19T04:07:41.577+0000 7f6c9066b640 1 --2- 172.21.15.7:0/2555094172 >> [v2:172.21.15.7:3300/0,v1:172.21.15.7:6789/0] conn(0x7f6c88107740 0x7f6c8807db70 secure :-1 s=READY pgs=58 cs=0 l=1 rev1=1 crypto rx=0x7f6c84030560 tx=0x7f6c84032670 comp rx=0 tx=0).stop
2024-09-19T04:07:42.285 INFO:teuthology.orchestra.run.smithi007.stdout:/usr/bin/ceph: stderr
2024-09-19T04:07:41.577+0000 7f6c9066b640 1 -- 172.21.15.7:0/2555094172 shutdown_connections
2024-09-19T04:07:42.285 INFO:teuthology.orchestra.run.smithi007.stdout:/usr/bin/ceph: stderr
2024-09-19T04:07:41.577+0000 7f6c9066b640 1 --2- 172.21.15.7:0/2555094172 >> [v2:172.21.15.7:6800/751091002,v1:172.21.15.7:6801/751091002] conn(0x7f6c74039260 0x7f6c7403b720 unknown :-1 s=CLOSED pgs=0 cs=0 l=1 rev1=0 crypto rx=0 tx=0 comp rx=0 tx=0).stop
2024-09-19T04:07:42.285 INFO:teuthology.orchestra.run.smithi007.stdout:/usr/bin/ceph: stderr
2024-09-19T04:07:41.577+0000 7f6c9066b640 1 --2- 172.21.15.7:0/2555094172 >> [v2:172.21.15.7:3300/0,v1:172.21.15.7:6789/0] conn(0x7f6c88107740 0x7f6c8807db70 unknown :-1 s=CLOSED pgs=58 cs=0 l=1 rev1=1 crypto rx=0 tx=0 comp rx=0 tx=0).stop
2024-09-19T04:07:42.285 INFO:teuthology.orchestra.run.smithi007.stdout:/usr/bin/ceph: stderr
2024-09-19T04:07:41.577+0000 7f6c9066b640 1 -- 172.21.15.7:0/2555094172 >> 172.21.15.7:0/2555094172 conn(0x7f6c88102eb0 msgr2=0x7f6c88103ad0 unknown :-1 s=STATE_NONE l=0).mark_down
2024-09-19T04:07:42.285 INFO:teuthology.orchestra.run.smithi007.stdout:/usr/bin/ceph: stderr
2024-09-19T04:07:41.577+0000 7f6c9066b640 1 -- 172.21.15.7:0/2555094172 shutdown_connections
2024-09-19T04:07:42.285 INFO:teuthology.orchestra.run.smithi007.stdout:/usr/bin/ceph: stderr
2024-09-19T04:07:41.577+0000 7f6c9066b640 1 -- 172.21.15.7:0/2555094172 wait complete.
2024-09-19T04:07:42.285 INFO:teuthology.orchestra.run.smithi007.stdout:Waiting for the mgr to restart...
2024-09-19T04:07:42.285 INFO:teuthology.orchestra.run.smithi007.stdout:Waiting for mgr epoch 9...
2024-09-19T04:07:42.499 INFO:journalctl@ceph.mgr.x.smithi007.stdout:Sep 19 04:07:42 smithi007 ceph-77957c0a-763c-11ef-bceb-c7b262605968-mgr-x[31590]:
2024-09-19T04:07:42.242+0000 7fd30f311040 -1 mgr[py] Module telemetry has missing NOTIFY_TYPES member
2024-09-19T04:07:42.499 INFO:journalctl@ceph.mgr.x.smithi007.stdout:Sep 19 04:07:42 smithi007 ceph-77957c0a-763c-11ef-bceb-c7b262605968-mgr-x[31590]:
2024-09-19T04:07:42.316+0000 7fd30f311040 -1 mgr[py] Module balancer has missing NOTIFY_TYPES member
2024-09-19T04:07:43.195 INFO:journalctl@ceph.mgr.x.smithi007.stdout:Sep 19 04:07:43 smithi007 ceph-77957c0a-763c-11ef-bceb-c7b262605968-mgr-x[31590]:
2024-09-19T04:07:43.073+0000 7fd30f311040 -1 mgr[py] Module rook has missing NOTIFY_TYPES member
2024-09-19T04:07:43.195 INFO:journalctl@ceph.mgr.x.smithi007.stdout:Sep 19 04:07:43 smithi007 ceph-77957c0a-763c-11ef-bceb-c7b262605968-mgr-x[31590]:
2024-09-19T04:07:43.193+0000 7fd30f311040 -1 mgr[py] Module iostat has missing NOTIFY_TYPES member
2024-09-19T04:07:43.564 INFO:journalctl@ceph.mgr.x.smithi007.stdout:Sep 19 04:07:43 smithi007 ceph-77957c0a-763c-11ef-bceb-c7b262605968-mgr-x[31590]:
2024-09-19T04:07:43.343+0000 7fd30f311040 -1 mgr[py] Module orchestrator has missing NOTIFY_TYPES member
2024-09-19T04:07:43.564 INFO:journalctl@ceph.mgr.x.smithi007.stdout:Sep 19 04:07:43 smithi007 ceph-77957c0a-763c-11ef-bceb-c7b262605968-mgr-x[31590]:
2024-09-19T04:07:43.406+0000 7fd30f311040 -1 mgr[py] Module devicehealth has missing NOTIFY_TYPES member
2024-09-19T04:07:43.564 INFO:journalctl@ceph.mgr.x.smithi007.stdout:Sep 19 04:07:43 smithi007 ceph-77957c0a-763c-11ef-bceb-c7b262605968-mgr-x[31590]:
2024-09-19T04:07:43.562+0000 7fd30f311040 -1 mgr[py] Module rgw has missing NOTIFY_TYPES member
2024-09-19T04:07:43.863 INFO:journalctl@ceph.mgr.x.smithi007.stdout:Sep 19 04:07:43 smithi007 ceph-77957c0a-763c-11ef-bceb-c7b262605968-mgr-x[31590]:
2024-09-19T04:07:43.633+0000 7fd30f311040 -1 mgr[py] Module alerts has missing NOTIFY_TYPES member
2024-09-19T04:07:43.863 INFO:journalctl@ceph.mgr.x.smithi007.stdout:Sep 19 04:07:43 smithi007 ceph-77957c0a-763c-11ef-bceb-c7b262605968-mgr-x[31590]:
2024-09-19T04:07:43.696+0000 7fd30f311040 -1 mgr[py] Module progress has missing NOTIFY_TYPES member
2024-09-19T04:07:43.863 INFO:journalctl@ceph.mgr.x.smithi007.stdout:Sep 19 04:07:43 smithi007 ceph-77957c0a-763c-11ef-bceb-c7b262605968-mgr-x[31590]:
2024-09-19T04:07:43.862+0000 7fd30f311040 -1 mgr[py] Module nfs has missing NOTIFY_TYPES member
2024-09-19T04:07:44.126 INFO:journalctl@ceph.mgr.x.smithi007.stdout:Sep 19 04:07:43 smithi007 ceph-77957c0a-763c-11ef-bceb-c7b262605968-mgr-x[31590]:
2024-09-19T04:07:43.930+0000 7fd30f311040 -1 mgr[py] Module status has missing NOTIFY_TYPES member
2024-09-19T04:07:44.127 INFO:journalctl@ceph.mgr.x.smithi007.stdout:Sep 19 04:07:44 smithi007 ceph-77957c0a-763c-11ef-bceb-c7b262605968-mgr-x[31590]:
2024-09-19T04:07:43.999+0000 7fd30f311040 -1 mgr[py] Module pg_autoscaler has missing NOTIFY_TYPES member
2024-09-19T04:07:44.127 INFO:journalctl@ceph.mgr.x.smithi007.stdout:Sep 19 04:07:44 smithi007 ceph-77957c0a-763c-11ef-bceb-c7b262605968-mgr-x[31590]:
2024-09-19T04:07:44.085+0000 7fd30f311040 -1 mgr[py] Module rbd_support has missing NOTIFY_TYPES member
2024-09-19T04:07:44.626 INFO:journalctl@ceph.mgr.x.smithi007.stdout:Sep 19 04:07:44 smithi007 ceph-77957c0a-763c-11ef-bceb-c7b262605968-mgr-x[31590]:
2024-09-19T04:07:44.148+0000 7fd30f311040 -1 mgr[py] Module influx has missing NOTIFY_TYPES member
2024-09-19T04:07:44.627 INFO:journalctl@ceph.mgr.x.smithi007.stdout:Sep 19 04:07:44 smithi007 ceph-77957c0a-763c-11ef-bceb-c7b262605968-mgr-x[31590]:
2024-09-19T04:07:44.209+0000 7fd30f311040 -1 mgr[py] Module zabbix has missing NOTIFY_TYPES member
2024-09-19T04:07:45.293 INFO:journalctl@ceph.mgr.x.smithi007.stdout:Sep 19 04:07:45 smithi007 ceph-77957c0a-763c-11ef-bceb-c7b262605968-mgr-x[31590]:
