2024-09-19T04:10:58.730 INFO:journalctl@ceph.mgr.x.smithi107.stdout:Sep 19 04:10:58 smithi107 ceph-e2ec5b0e-763c-11ef-bceb-c7b262605968-mgr-x[30884]:
2024-09-19T04:10:58.508+0000 7f59599d3040 -1 mgr[py] Module status has missing NOTIFY_TYPES member
2024-09-19T04:10:58.730 INFO:journalctl@ceph.mgr.x.smithi107.stdout:Sep 19 04:10:58 smithi107 ceph-e2ec5b0e-763c-11ef-bceb-c7b262605968-mgr-x[30884]:
2024-09-19T04:10:58.585+0000 7f59599d3040 -1 mgr[py] Module pg_autoscaler has missing NOTIFY_TYPES member
2024-09-19T04:10:58.731 INFO:journalctl@ceph.mgr.x.smithi107.stdout:Sep 19 04:10:58 smithi107 ceph-e2ec5b0e-763c-11ef-bceb-c7b262605968-mgr-x[30884]:
2024-09-19T04:10:58.679+0000 7f59599d3040 -1 mgr[py] Module rbd_support has missing NOTIFY_TYPES member
2024-09-19T04:10:59.230 INFO:journalctl@ceph.mgr.x.smithi107.stdout:Sep 19 04:10:58 smithi107 ceph-e2ec5b0e-763c-11ef-bceb-c7b262605968-mgr-x[30884]:
2024-09-19T04:10:58.748+0000 7f59599d3040 -1 mgr[py] Module influx has missing NOTIFY_TYPES member
2024-09-19T04:10:59.230 INFO:journalctl@ceph.mgr.x.smithi107.stdout:Sep 19 04:10:58 smithi107 ceph-e2ec5b0e-763c-11ef-bceb-c7b262605968-mgr-x[30884]:
2024-09-19T04:10:58.816+0000 7f59599d3040 -1 mgr[py] Module zabbix has missing NOTIFY_TYPES member
2024-09-19T04:10:59.980 INFO:journalctl@ceph.mgr.x.smithi107.stdout:Sep 19 04:10:59 smithi107 ceph-e2ec5b0e-763c-11ef-bceb-c7b262605968-mgr-x[30884]:
2024-09-19T04:10:59.718+0000 7f59599d3040 -1 mgr[py] Module telegraf has missing NOTIFY_TYPES member
2024-09-19T04:10:59.981 INFO:journalctl@ceph.mon.a.smithi107.stdout:Sep 19 04:10:59 smithi107 ceph-mon[30659]: Active manager daemon x restarted
2024-09-19T04:10:59.981 INFO:journalctl@ceph.mon.a.smithi107.stdout:Sep 19 04:10:59 smithi107 ceph-mon[30659]: Activating manager daemon x
2024-09-19T04:10:59.981 INFO:journalctl@ceph.mon.a.smithi107.stdout:Sep 19 04:10:59 smithi107 ceph-mon[30659]: osdmap e3: 0 total, 0 up, 0 in
2024-09-19T04:10:59.981 INFO:journalctl@ceph.mon.a.smithi107.stdout:Sep 19 04:10:59 smithi107 ceph-mon[30659]: mgrmap e10: x(active, starting, since 0.00466394s)
2024-09-19T04:10:59.981 INFO:journalctl@ceph.mon.a.smithi107.stdout:Sep 19 04:10:59 smithi107 ceph-mon[30659]: from='mgr.14146 172.21.15.107:0/1512822829' entity='mgr.x' cmd=[{"prefix": "mon metadata", "id": "a"}]: dispatch
2024-09-19T04:10:59.981 INFO:journalctl@ceph.mon.a.smithi107.stdout:Sep 19 04:10:59 smithi107 ceph-mon[30659]: from='mgr.14146 172.21.15.107:0/1512822829' entity='mgr.x' cmd=[{"prefix": "mgr metadata", "who": "x", "id": "x"}]: dispatch
2024-09-19T04:10:59.981 INFO:journalctl@ceph.mon.a.smithi107.stdout:Sep 19 04:10:59 smithi107 ceph-mon[30659]: from='mgr.14146 172.21.15.107:0/1512822829' entity='mgr.x' cmd=[{"prefix": "mds metadata"}]: dispatch
2024-09-19T04:10:59.981 INFO:journalctl@ceph.mon.a.smithi107.stdout:Sep 19 04:10:59 smithi107 ceph-mon[30659]: from='mgr.14146 172.21.15.107:0/1512822829' entity='mgr.x' cmd=[{"prefix": "osd metadata"}]: dispatch
2024-09-19T04:10:59.981 INFO:journalctl@ceph.mon.a.smithi107.stdout:Sep 19 04:10:59 smithi107 ceph-mon[30659]: from='mgr.14146 172.21.15.107:0/1512822829' entity='mgr.x' cmd=[{"prefix": "mon metadata"}]: dispatch
2024-09-19T04:10:59.981 INFO:journalctl@ceph.mon.a.smithi107.stdout:Sep 19 04:10:59 smithi107 ceph-mon[30659]: Manager daemon x is now available
2024-09-19T04:10:59.982 INFO:journalctl@ceph.mon.a.smithi107.stdout:Sep 19 04:10:59 smithi107 ceph-mon[30659]: from='mgr.14146 172.21.15.107:0/1512822829' entity='mgr.x' cmd=[{"prefix": "config dump", "format": "json"}]: dispatch
2024-09-19T04:10:59.982 INFO:journalctl@ceph.mon.a.smithi107.stdout:Sep 19 04:10:59 smithi107 ceph-mon[30659]: from='mgr.14146 172.21.15.107:0/1512822829' entity='mgr.x' cmd=[{"prefix":"config rm","who":"mgr","name":"mgr/rbd_support/x/mirror_snapshot_schedule"}]: dispatch
2024-09-19T04:11:00.980 INFO:journalctl@ceph.mon.a.smithi107.stdout:Sep 19 04:11:00 smithi107 ceph-mon[30659]: from='mgr.14146 172.21.15.107:0/1512822829' entity='mgr.x' cmd=[{"prefix":"config rm","who":"mgr","name":"mgr/rbd_support/x/trash_purge_schedule"}]: dispatch
2024-09-19T04:11:00.981 INFO:journalctl@ceph.mon.a.smithi107.stdout:Sep 19 04:11:00 smithi107 ceph-mon[30659]: mgrmap e11: x(active, since 1.00773s)
2024-09-19T04:11:01.481 INFO:journalctl@ceph.mgr.x.smithi107.stdout:Sep 19 04:11:01 smithi107 ceph-e2ec5b0e-763c-11ef-bceb-c7b262605968-mgr-x[30884]:
2024-09-19T04:11:01.369+0000 7f58b6400640 -1 log_channel(cephadm) log [ERR] : [19/Sep/2024:04:11:01] ENGINE Error in HTTPServer.serve
2024-09-19T04:11:01.481 INFO:journalctl@ceph.mgr.x.smithi107.stdout:Sep 19 04:11:01 smithi107 ceph-e2ec5b0e-763c-11ef-bceb-c7b262605968-mgr-x[30884]: Traceback (most recent call last):
2024-09-19T04:11:01.481 INFO:journalctl@ceph.mgr.x.smithi107.stdout:Sep 19 04:11:01 smithi107 ceph-e2ec5b0e-763c-11ef-bceb-c7b262605968-mgr-x[30884]: File "/lib/python3.9/site-packages/cheroot/server.py", line 1823, in serve
2024-09-19T04:11:01.481 INFO:journalctl@ceph.mgr.x.smithi107.stdout:Sep 19 04:11:01 smithi107 ceph-e2ec5b0e-763c-11ef-bceb-c7b262605968-mgr-x[30884]: self._connections.run(self.expiration_interval)
2024-09-19T04:11:01.481 INFO:journalctl@ceph.mgr.x.smithi107.stdout:Sep 19 04:11:01 smithi107 ceph-e2ec5b0e-763c-11ef-bceb-c7b262605968-mgr-x[30884]: File "/lib/python3.9/site-packages/cheroot/connections.py", line 203, in run
2024-09-19T04:11:01.481 INFO:journalctl@ceph.mgr.x.smithi107.stdout:Sep 19 04:11:01 smithi107 ceph-e2ec5b0e-763c-11ef-bceb-c7b262605968-mgr-x[30884]: self._run(expiration_interval)
2024-09-19T04:11:01.481 INFO:journalctl@ceph.mgr.x.smithi107.stdout:Sep 19 04:11:01 smithi107 ceph-e2ec5b0e-763c-11ef-bceb-c7b262605968-mgr-x[30884]: File "/lib/python3.9/site-packages/cheroot/connections.py", line 246, in _run
2024-09-19T04:11:01.481 INFO:journalctl@ceph.mgr.x.smithi107.stdout:Sep 19 04:11:01 smithi107 ceph-e2ec5b0e-763c-11ef-bceb-c7b262605968-mgr-x[30884]: new_conn = self._from_server_socket(self.server.socket)
2024-09-19T04:11:01.481 INFO:journalctl@ceph.mgr.x.smithi107.stdout:Sep 19 04:11:01 smithi107 ceph-e2ec5b0e-763c-11ef-bceb-c7b262605968-mgr-x[30884]: File "/lib/python3.9/site-packages/cheroot/connections.py", line 300, in _from_server_socket
2024-09-19T04:11:01.482 INFO:journalctl@ceph.mgr.x.smithi107.stdout:Sep 19 04:11:01 smithi107 ceph-e2ec5b0e-763c-11ef-bceb-c7b262605968-mgr-x[30884]: s, ssl_env = self.server.ssl_adapter.wrap(s)
2024-09-19T04:11:01.482 INFO:journalctl@ceph.mgr.x.smithi107.stdout:Sep 19 04:11:01 smithi107 ceph-e2ec5b0e-763c-11ef-bceb-c7b262605968-mgr-x[30884]: File "/lib/python3.9/site-packages/cheroot/ssl/builtin.py", line 277, in wrap
2024-09-19T04:11:01.482 INFO:journalctl@ceph.mgr.x.smithi107.stdout:Sep 19 04:11:01 smithi107 ceph-e2ec5b0e-763c-11ef-bceb-c7b262605968-mgr-x[30884]: s = self.context.wrap_socket(
2024-09-19T04:11:01.482 INFO:journalctl@ceph.mgr.x.smithi107.stdout:Sep 19 04:11:01 smithi107 ceph-e2ec5b0e-763c-11ef-bceb-c7b262605968-mgr-x[30884]: File "/lib64/python3.9/ssl.py", line 501, in wrap_socket
2024-09-19T04:11:01.482 INFO:journalctl@ceph.mgr.x.smithi107.stdout:Sep 19 04:11:01 smithi107 ceph-e2ec5b0e-763c-11ef-bceb-c7b262605968-mgr-x[30884]: return self.sslsocket_class._create(
2024-09-19T04:11:01.482 INFO:journalctl@ceph.mgr.x.smithi107.stdout:Sep 19 04:11:01 smithi107 ceph-e2ec5b0e-763c-11ef-bceb-c7b262605968-mgr-x[30884]: File "/lib64/python3.9/ssl.py", line 1074, in _create
2024-09-19T04:11:01.482 INFO:journalctl@ceph.mgr.x.smithi107.stdout:Sep 19 04:11:01 smithi107 ceph-e2ec5b0e-763c-11ef-bceb-c7b262605968-mgr-x[30884]: self.do_handshake()
2024-09-19T04:11:01.482 INFO:journalctl@ceph.mgr.x.smithi107.stdout:Sep 19 04:11:01 smithi107 ceph-e2ec5b0e-763c-11ef-bceb-c7b262605968-mgr-x[30884]: File "/lib64/python3.9/ssl.py", line 1343, in do_handshake
2024-09-19T04:11:01.482 INFO:journalctl@ceph.mgr.x.smithi107.stdout:Sep 19 04:11:01 smithi107 ceph-e2ec5b0e-763c-11ef-bceb-c7b262605968-mgr-x[30884]: self._sslobj.do_handshake()
2024-09-19T04:11:01.482 INFO:journalctl@ceph.mgr.x.smithi107.stdout:Sep 19 04:11:01 smithi107 ceph-e2ec5b0e-763c-11ef-bceb-c7b262605968-mgr-x[30884]: ssl.SSLZeroReturnError: TLS/SSL connection has been closed (EOF) (_ssl.c:1133)
2024-09-19T04:11:01.482 INFO:journalctl@ceph.mgr.x.smithi107.stdout:Sep 19 04:11:01 smithi107 ceph-e2ec5b0e-763c-11ef-bceb-c7b262605968-mgr-x[30884]:
2024-09-19T04:11:01.921 INFO:journalctl@ceph.mon.a.smithi107.stdout:Sep 19 04:11:01 smithi107 ceph-mon[30659]: from='client.14150 -' entity='client.admin' cmd=[{"prefix": "get_command_descriptions"}]: dispatch
2024-09-19T04:11:01.921 INFO:journalctl@ceph.mon.a.smithi107.stdout:Sep 19 04:11:01 smithi107 ceph-mon[30659]: from='client.14150 -' entity='client.admin' cmd=[{"prefix": "mgr_status"}]: dispatch
2024-09-19T04:11:01.922 INFO:journalctl@ceph.mon.a.smithi107.stdout:Sep 19 04:11:01 smithi107 ceph-mon[30659]: from='mgr.14146 172.21.15.107:0/1512822829' entity='mgr.x'
2024-09-19T04:11:01.934 INFO:teuthology.orchestra.run.smithi107.stdout:/usr/bin/ceph: stdout {
2024-09-19T04:11:01.934 INFO:teuthology.orchestra.run.smithi107.stdout:/usr/bin/ceph: stdout "mgrmap_epoch": 11,
2024-09-19T04:11:01.934 INFO:teuthology.orchestra.run.smithi107.stdout:/usr/bin/ceph: stdout "initialized": true
2024-09-19T04:11:01.934 INFO:teuthology.orchestra.run.smithi107.stdout:/usr/bin/ceph: stdout }
2024-09-19T04:11:01.934 INFO:teuthology.orchestra.run.smithi107.stdout:/usr/bin/ceph: stderr
2024-09-19T04:10:56.432+0000 7fe192400640 1 Processor -- start
2024-09-19T04:11:01.934 INFO:teuthology.orchestra.run.smithi107.stdout:/usr/bin/ceph: stderr
2024-09-19T04:10:56.432+0000 7fe192400640 1 -- start start
2024-09-19T04:11:01.934 INFO:teuthology.orchestra.run.smithi107.stdout:/usr/bin/ceph: stderr
2024-09-19T04:10:56.432+0000 7fe192400640 1 --2- >> [v2:172.21.15.107:3300/0,v1:172.21.15.107:6789/0] conn(0x7fe18c1075c0 0x7fe18c1079c0 unknown :-1 s=NONE pgs=0 cs=0 l=0 rev1=0 crypto rx=0 tx=0 comp rx=0 tx=0).connect
2024-09-19T04:11:01.935 INFO:teuthology.orchestra.run.smithi107.stdout:/usr/bin/ceph: stderr
2024-09-19T04:10:56.432+0000 7fe192400640 1 -- --> [v2:172.21.15.107:3300/0,v1:172.21.15.107:6789/0] -- mon_getmap magic: 0 -- 0x7fe18c107f90 con 0x7fe18c1075c0
2024-09-19T04:11:01.935 INFO:teuthology.orchestra.run.smithi107.stdout:/usr/bin/ceph: stderr
2024-09-19T04:10:56.433+0000 7fe191000640 1 --2- >> [v2:172.21.15.107:3300/0,v1:172.21.15.107:6789/0] conn(0x7fe18c1075c0 0x7fe18c1079c0 unknown :-1 s=BANNER_CONNECTING pgs=0 cs=0 l=0 rev1=0 crypto rx=0 tx=0 comp rx=0 tx=0)._handle_peer_banner_payload supported=3 required=0
2024-09-19T04:11:01.935 INFO:teuthology.orchestra.run.smithi107.stdout:/usr/bin/ceph: stderr
2024-09-19T04:10:56.433+0000 7fe191000640 1 --2- >> [v2:172.21.15.107:3300/0,v1:172.21.15.107:6789/0] conn(0x7fe18c1075c0 0x7fe18c1079c0 unknown :-1 s=HELLO_CONNECTING pgs=0 cs=0 l=0 rev1=1 crypto rx=0 tx=0 comp rx=0 tx=0).handle_hello peer v2:172.21.15.107:3300/0 says I am v2:172.21.15.107:40656/0 (socket says 172.21.15.107:40656)
2024-09-19T04:11:01.935 INFO:teuthology.orchestra.run.smithi107.stdout:/usr/bin/ceph: stderr
2024-09-19T04:10:56.433+0000 7fe191000640 1 -- 172.21.15.107:0/3856636166 learned_addr learned my addr 172.21.15.107:0/3856636166 (peer_addr_for_me v2:172.21.15.107:0/0)
2024-09-19T04:11:01.935 INFO:teuthology.orchestra.run.smithi107.stdout:/usr/bin/ceph: stderr
2024-09-19T04:10:56.433+0000 7fe191000640 1 -- 172.21.15.107:0/3856636166 --> [v2:172.21.15.107:3300/0,v1:172.21.15.107:6789/0] -- mon_subscribe({config=0+,monmap=0+}) -- 0x7fe18c108720 con 0x7fe18c1075c0
2024-09-19T04:11:01.935 INFO:teuthology.orchestra.run.smithi107.stdout:/usr/bin/ceph: stderr
2024-09-19T04:10:56.434+0000 7fe191000640 1 --2- 172.21.15.107:0/3856636166 >> [v2:172.21.15.107:3300/0,v1:172.21.15.107:6789/0] conn(0x7fe18c1075c0 0x7fe18c1079c0 secure :-1 s=READY pgs=55 cs=0 l=1 rev1=1 crypto rx=0x7fe180009820 tx=0x7fe18002a270 comp rx=0 tx=0).ready entity=mon.0 client_cookie=54a95f4a24b9c6d4 server_cookie=0 in_seq=0 out_seq=0
2024-09-19T04:11:01.935 INFO:teuthology.orchestra.run.smithi107.stdout:/usr/bin/ceph: stderr
2024-09-19T04:10:56.434+0000 7fe18b400640 1 -- 172.21.15.107:0/3856636166 <== mon.0 v2:172.21.15.107:3300/0 1 ==== mon_map magic: 0 ==== 205+0+0 (secure 0 0 0) 0x7fe180037070 con 0x7fe18c1075c0
2024-09-19T04:11:01.935 INFO:teuthology.orchestra.run.smithi107.stdout:/usr/bin/ceph: stderr
2024-09-19T04:10:56.434+0000 7fe18b400640 1 -- 172.21.15.107:0/3856636166 <== mon.0 v2:172.21.15.107:3300/0 2 ==== config(27 keys) ==== 1140+0+0 (secure 0 0 0) 0x7fe180032920 con 0x7fe18c1075c0
2024-09-19T04:11:01.935 INFO:teuthology.orchestra.run.smithi107.stdout:/usr/bin/ceph: stderr
2024-09-19T04:10:56.434+0000 7fe18b400640 1 -- 172.21.15.107:0/3856636166 <== mon.0 v2:172.21.15.107:3300/0 3 ==== mon_map magic: 0 ==== 205+0+0 (secure 0 0 0) 0x7fe180030810 con 0x7fe18c1075c0
2024-09-19T04:11:01.935 INFO:teuthology.orchestra.run.smithi107.stdout:/usr/bin/ceph: stderr
2024-09-19T04:10:56.435+0000 7fe192400640 1 -- 172.21.15.107:0/3856636166 >> [v2:172.21.15.107:3300/0,v1:172.21.15.107:6789/0] conn(0x7fe18c1075c0 msgr2=0x7fe18c1079c0 secure :-1 s=STATE_CONNECTION_ESTABLISHED l=1).mark_down
2024-09-19T04:11:01.935 INFO:teuthology.orchestra.run.smithi107.stdout:/usr/bin/ceph: stderr
2024-09-19T04:10:56.435+0000 7fe192400640 1 --2- 172.21.15.107:0/3856636166 >> [v2:172.21.15.107:3300/0,v1:172.21.15.107:6789/0] conn(0x7fe18c1075c0 0x7fe18c1079c0 secure :-1 s=READY pgs=55 cs=0 l=1 rev1=1 crypto rx=0x7fe180009820 tx=0x7fe18002a270 comp rx=0 tx=0).stop
2024-09-19T04:11:01.936 INFO:teuthology.orchestra.run.smithi107.stdout:/usr/bin/ceph: stderr
2024-09-19T04:10:56.435+0000 7fe192400640 1 -- 172.21.15.107:0/3856636166 shutdown_connections
2024-09-19T04:11:01.936 INFO:teuthology.orchestra.run.smithi107.stdout:/usr/bin/ceph: stderr
2024-09-19T04:10:56.435+0000 7fe192400640 1 --2- 172.21.15.107:0/3856636166 >> [v2:172.21.15.107:3300/0,v1:172.21.15.107:6789/0] conn(0x7fe18c1075c0 0x7fe18c1079c0 unknown :-1 s=CLOSED pgs=55 cs=0 l=1 rev1=1 crypto rx=0 tx=0 comp rx=0 tx=0).stop
2024-09-19T04:11:01.936 INFO:teuthology.orchestra.run.smithi107.stdout:/usr/bin/ceph: stderr
2024-09-19T04:10:56.435+0000 7fe192400640 1 -- 172.21.15.107:0/3856636166 >> 172.21.15.107:0/3856636166 conn(0x7fe18c102d90 msgr2=0x7fe18c1051b0 unknown :-1 s=STATE_NONE l=0).mark_down
2024-09-19T04:11:01.936 INFO:teuthology.orchestra.run.smithi107.stdout:/usr/bin/ceph: stderr
2024-09-19T04:10:56.435+0000 7fe192400640 1 -- 172.21.15.107:0/3856636166 shutdown_connections
2024-09-19T04:11:01.936 INFO:teuthology.orchestra.run.smithi107.stdout:/usr/bin/ceph: stderr
2024-09-19T04:10:56.435+0000 7fe192400640 1 -- 172.21.15.107:0/3856636166 wait complete.
2024-09-19T04:11:01.936 INFO:teuthology.orchestra.run.smithi107.stdout:/usr/bin/ceph: stderr
2024-09-19T04:10:56.436+0000 7fe192400640 1 Processor -- start
2024-09-19T04:11:01.936 INFO:teuthology.orchestra.run.smithi107.stdout:/usr/bin/ceph: stderr
2024-09-19T04:10:56.437+0000 7fe192400640 1 -- start start
2024-09-19T04:11:01.936 INFO:teuthology.orchestra.run.smithi107.stdout:/usr/bin/ceph: stderr
2024-09-19T04:10:56.437+0000 7fe192400640 1 --2- >> [v2:172.21.15.107:3300/0,v1:172.21.15.107:6789/0] conn(0x7fe18c1075c0 0x7fe18c194550 unknown :-1 s=NONE pgs=0 cs=0 l=1 rev1=0 crypto rx=0 tx=0 comp rx=0 tx=0).connect
2024-09-19T04:11:01.936 INFO:teuthology.orchestra.run.smithi107.stdout:/usr/bin/ceph: stderr
2024-09-19T04:10:56.437+0000 7fe192400640 1 -- --> [v2:172.21.15.107:3300/0,v1:172.21.15.107:6789/0] -- mon_getmap magic: 0 -- 0x7fe18c10bad0 con 0x7fe18c1075c0
2024-09-19T04:11:01.936 INFO:teuthology.orchestra.run.smithi107.stdout:/usr/bin/ceph: stderr
2024-09-19T04:10:56.437+0000 7fe191000640 1 --2- >> [v2:172.21.15.107:3300/0,v1:172.21.15.107:6789/0] conn(0x7fe18c1075c0 0x7fe18c194550 unknown :-1 s=BANNER_CONNECTING pgs=0 cs=0 l=1 rev1=0 crypto rx=0 tx=0 comp rx=0 tx=0)._handle_peer_banner_payload supported=3 required=0
2024-09-19T04:11:01.936 INFO:teuthology.orchestra.run.smithi107.stdout:/usr/bin/ceph: stderr
2024-09-19T04:10:56.437+0000 7fe191000640 1 --2- >> [v2:172.21.15.107:3300/0,v1:172.21.15.107:6789/0] conn(0x7fe18c1075c0 0x7fe18c194550 unknown :-1 s=HELLO_CONNECTING pgs=0 cs=0 l=1 rev1=1 crypto rx=0 tx=0 comp rx=0 tx=0).handle_hello peer v2:172.21.15.107:3300/0 says I am v2:172.21.15.107:40668/0 (socket says 172.21.15.107:40668)
2024-09-19T04:11:01.937 INFO:teuthology.orchestra.run.smithi107.stdout:/usr/bin/ceph: stderr
2024-09-19T04:10:56.437+0000 7fe191000640 1 -- 172.21.15.107:0/3719836364 learned_addr learned my addr 172.21.15.107:0/3719836364 (peer_addr_for_me v2:172.21.15.107:0/0)
2024-09-19T04:11:01.937 INFO:teuthology.orchestra.run.smithi107.stdout:/usr/bin/ceph: stderr
2024-09-19T04:10:56.438+0000 7fe191000640 1 -- 172.21.15.107:0/3719836364 --> [v2:172.21.15.107:3300/0,v1:172.21.15.107:6789/0] -- mon_subscribe({config=0+,monmap=0+}) -- 0x7fe18c194a90 con 0x7fe18c1075c0
2024-09-19T04:11:01.937 INFO:teuthology.orchestra.run.smithi107.stdout:/usr/bin/ceph: stderr
2024-09-19T04:10:56.438+0000 7fe191000640 1 --2- 172.21.15.107:0/3719836364 >> [v2:172.21.15.107:3300/0,v1:172.21.15.107:6789/0] conn(0x7fe18c1075c0 0x7fe18c194550 secure :-1 s=READY pgs=56 cs=0 l=1 rev1=1 crypto rx=0x7fe1800097f0 tx=0x7fe1800327b0 comp rx=0 tx=0).ready entity=mon.0 client_cookie=0 server_cookie=0 in_seq=0 out_seq=0
2024-09-19T04:11:01.937 INFO:teuthology.orchestra.run.smithi107.stdout:/usr/bin/ceph: stderr
2024-09-19T04:10:56.438+0000 7fe189600640 1 -- 172.21.15.107:0/3719836364 <== mon.0 v2:172.21.15.107:3300/0 1 ==== mon_map magic: 0 ==== 205+0+0 (secure 0 0 0) 0x7fe180037040 con 0x7fe18c1075c0
2024-09-19T04:11:01.937 INFO:teuthology.orchestra.run.smithi107.stdout:/usr/bin/ceph: stderr
2024-09-19T04:10:56.438+0000 7fe189600640 1 -- 172.21.15.107:0/3719836364 <== mon.0 v2:172.21.15.107:3300/0 2 ==== config(27 keys) ==== 1140+0+0 (secure 0 0 0) 0x7fe180030cc0 con 0x7fe18c1075c0
2024-09-19T04:11:01.937 INFO:teuthology.orchestra.run.smithi107.stdout:/usr/bin/ceph: stderr
2024-09-19T04:10:56.438+0000 7fe189600640 1 -- 172.21.15.107:0/3719836364 <== mon.0 v2:172.21.15.107:3300/0 3 ==== mon_map magic: 0 ==== 205+0+0 (secure 0 0 0) 0x7fe18003a640 con 0x7fe18c1075c0
2024-09-19T04:11:01.937 INFO:teuthology.orchestra.run.smithi107.stdout:/usr/bin/ceph: stderr
2024-09-19T04:10:56.438+0000 7fe192400640 1 -- 172.21.15.107:0/3719836364 --> [v2:172.21.15.107:3300/0,v1:172.21.15.107:6789/0] -- mon_subscribe({mgrmap=0+}) -- 0x7fe18c194d20 con 0x7fe18c1075c0
2024-09-19T04:11:01.937 INFO:teuthology.orchestra.run.smithi107.stdout:/usr/bin/ceph: stderr
2024-09-19T04:10:56.438+0000 7fe192400640 1 -- 172.21.15.107:0/3719836364 --> [v2:172.21.15.107:3300/0,v1:172.21.15.107:6789/0] -- mon_subscribe({osdmap=0}) -- 0x7fe18c1912e0 con 0x7fe18c1075c0
2024-09-19T04:11:01.937 INFO:teuthology.orchestra.run.smithi107.stdout:/usr/bin/ceph: stderr
2024-09-19T04:10:56.440+0000 7fe189600640 1 -- 172.21.15.107:0/3719836364 <== mon.0 v2:172.21.15.107:3300/0 4 ==== mgrmap(e 9) ==== 46474+0+0 (secure 0 0 0) 0x7fe18003b3f0 con 0x7fe18c1075c0
2024-09-19T04:11:01.937 INFO:teuthology.orchestra.run.smithi107.stdout:/usr/bin/ceph: stderr
2024-09-19T04:10:56.441+0000 7fe189600640 1 --2- 172.21.15.107:0/3719836364 >> [v2:172.21.15.107:6800/972711045,v1:172.21.15.107:6801/972711045] conn(0x7fe174039260 0x7fe17403b720 unknown :-1 s=NONE pgs=0 cs=0 l=1 rev1=0 crypto rx=0 tx=0 comp rx=0 tx=0).connect
2024-09-19T04:11:01.937 INFO:teuthology.orchestra.run.smithi107.stdout:/usr/bin/ceph: stderr
2024-09-19T04:10:56.441+0000 7fe189600640 1 -- 172.21.15.107:0/3719836364 --> [v2:172.21.15.107:6800/972711045,v1:172.21.15.107:6801/972711045] -- command(tid 0: {"prefix": "get_command_descriptions"}) -- 0x7fe17403be30 con 0x7fe174039260
2024-09-19T04:11:01.937 INFO:teuthology.orchestra.run.smithi107.stdout:/usr/bin/ceph: stderr
2024-09-19T04:10:56.441+0000 7fe189600640 1 -- 172.21.15.107:0/3719836364 <== mon.0 v2:172.21.15.107:3300/0 5 ==== osd_map(2..2 src has 1..2) ==== 940+0+0 (secure 0 0 0) 0x7fe18006c960 con 0x7fe18c1075c0
2024-09-19T04:11:01.938 INFO:teuthology.orchestra.run.smithi107.stdout:/usr/bin/ceph: stderr
2024-09-19T04:10:56.441+0000 7fe18be00640 1 -- 172.21.15.107:0/3719836364 >> [v2:172.21.15.107:6800/972711045,v1:172.21.15.107:6801/972711045] conn(0x7fe174039260 msgr2=0x7fe17403b720 unknown :-1 s=STATE_CONNECTING_RE l=1).process reconnect failed to v2:172.21.15.107:6800/972711045
2024-09-19T04:11:01.938 INFO:teuthology.orchestra.run.smithi107.stdout:/usr/bin/ceph: stderr
2024-09-19T04:10:56.441+0000 7fe18be00640 1 --2- 172.21.15.107:0/3719836364 >> [v2:172.21.15.107:6800/972711045,v1:172.21.15.107:6801/972711045] conn(0x7fe174039260 0x7fe17403b720 unknown :-1 s=START_CONNECT pgs=0 cs=0 l=1 rev1=0 crypto rx=0 tx=0 comp rx=0 tx=0)._fault waiting 0.200000
2024-09-19T04:11:01.938 INFO:teuthology.orchestra.run.smithi107.stdout:/usr/bin/ceph: stderr
2024-09-19T04:10:56.642+0000 7fe18be00640 1 -- 172.21.15.107:0/3719836364 >> [v2:172.21.15.107:6800/972711045,v1:172.21.15.107:6801/972711045] conn(0x7fe174039260 msgr2=0x7fe17403b720 unknown :-1 s=STATE_CONNECTING_RE l=1).process reconnect failed to v2:172.21.15.107:6800/972711045
2024-09-19T04:11:01.938 INFO:teuthology.orchestra.run.smithi107.stdout:/usr/bin/ceph: stderr
2024-09-19T04:10:56.642+0000 7fe18be00640 1 --2- 172.21.15.107:0/3719836364 >> [v2:172.21.15.107:6800/972711045,v1:172.21.15.107:6801/972711045] conn(0x7fe174039260 0x7fe17403b720 unknown :-1 s=START_CONNECT pgs=0 cs=0 l=1 rev1=0 crypto rx=0 tx=0 comp rx=0 tx=0)._fault waiting 0.400000
2024-09-19T04:11:01.938 INFO:teuthology.orchestra.run.smithi107.stdout:/usr/bin/ceph: stderr
2024-09-19T04:10:57.043+0000 7fe18be00640 1 -- 172.21.15.107:0/3719836364 >> [v2:172.21.15.107:6800/972711045,v1:172.21.15.107:6801/972711045] conn(0x7fe174039260 msgr2=0x7fe17403b720 unknown :-1 s=STATE_CONNECTING_RE l=1).process reconnect failed to v2:172.21.15.107:6800/972711045
2024-09-19T04:11:01.938 INFO:teuthology.orchestra.run.smithi107.stdout:/usr/bin/ceph: stderr
2024-09-19T04:10:57.043+0000 7fe18be00640 1 --2- 172.21.15.107:0/3719836364 >> [v2:172.21.15.107:6800/972711045,v1:172.21.15.107:6801/972711045] conn(0x7fe174039260 0x7fe17403b720 unknown :-1 s=START_CONNECT pgs=0 cs=0 l=1 rev1=0 crypto rx=0 tx=0 comp rx=0 tx=0)._fault waiting 0.800000
2024-09-19T04:11:01.938 INFO:teuthology.orchestra.run.smithi107.stdout:/usr/bin/ceph: stderr
2024-09-19T04:10:57.844+0000 7fe18be00640 1 -- 172.21.15.107:0/3719836364 >> [v2:172.21.15.107:6800/972711045,v1:172.21.15.107:6801/972711045] conn(0x7fe174039260 msgr2=0x7fe17403b720 unknown :-1 s=STATE_CONNECTING_RE l=1).process reconnect failed to v2:172.21.15.107:6800/972711045
2024-09-19T04:11:01.938 INFO:teuthology.orchestra.run.smithi107.stdout:/usr/bin/ceph: stderr
2024-09-19T04:10:57.844+0000 7fe18be00640 1 --2- 172.21.15.107:0/3719836364 >> [v2:172.21.15.107:6800/972711045,v1:172.21.15.107:6801/972711045] conn(0x7fe174039260 0x7fe17403b720 unknown :-1 s=START_CONNECT pgs=0 cs=0 l=1 rev1=0 crypto rx=0 tx=0 comp rx=0 tx=0)._fault waiting 1.600000
2024-09-19T04:11:01.938 INFO:teuthology.orchestra.run.smithi107.stdout:/usr/bin/ceph: stderr
2024-09-19T04:10:59.445+0000 7fe18be00640 1 -- 172.21.15.107:0/3719836364 >> [v2:172.21.15.107:6800/972711045,v1:172.21.15.107:6801/972711045] conn(0x7fe174039260 msgr2=0x7fe17403b720 unknown :-1 s=STATE_CONNECTING_RE l=1).process reconnect failed to v2:172.21.15.107:6800/972711045
2024-09-19T04:11:01.938 INFO:teuthology.orchestra.run.smithi107.stdout:/usr/bin/ceph: stderr
2024-09-19T04:10:59.446+0000 7fe18be00640 1 --2- 172.21.15.107:0/3719836364 >> [v2:172.21.15.107:6800/972711045,v1:172.21.15.107:6801/972711045] conn(0x7fe174039260 0x7fe17403b720 unknown :-1 s=START_CONNECT pgs=0 cs=0 l=1 rev1=0 crypto rx=0 tx=0 comp rx=0 tx=0)._fault waiting 3.200000
2024-09-19T04:11:01.938 INFO:teuthology.orchestra.run.smithi107.stdout:/usr/bin/ceph: stderr
2024-09-19T04:10:59.723+0000 7fe189600640 1 -- 172.21.15.107:0/3719836364 <== mon.0 v2:172.21.15.107:3300/0 6 ==== mgrmap(e 10) ==== 46241+0+0 (secure 0 0 0) 0x7fe18003a7e0 con 0x7fe18c1075c0
2024-09-19T04:11:01.938 INFO:teuthology.orchestra.run.smithi107.stdout:/usr/bin/ceph: stderr
2024-09-19T04:10:59.723+0000 7fe189600640 1 -- 172.21.15.107:0/3719836364 >> [v2:172.21.15.107:6800/972711045,v1:172.21.15.107:6801/972711045] conn(0x7fe174039260 msgr2=0x7fe17403b720 unknown :-1 s=STATE_CONNECTING l=1).mark_down
2024-09-19T04:11:01.938 INFO:teuthology.orchestra.run.smithi107.stdout:/usr/bin/ceph: stderr
2024-09-19T04:10:59.723+0000 7fe189600640 1 --2- 172.21.15.107:0/3719836364 >> [v2:172.21.15.107:6800/972711045,v1:172.21.15.107:6801/972711045] conn(0x7fe174039260 0x7fe17403b720 unknown :-1 s=START_CONNECT pgs=0 cs=0 l=1 rev1=0 crypto rx=0 tx=0 comp rx=0 tx=0).stop
2024-09-19T04:11:01.939 INFO:teuthology.orchestra.run.smithi107.stdout:/usr/bin/ceph: stderr
2024-09-19T04:11:00.725+0000 7fe189600640 1 -- 172.21.15.107:0/3719836364 <== mon.0 v2:172.21.15.107:3300/0 7 ==== mgrmap(e 11) ==== 46368+0+0 (secure 0 0 0) 0x7fe18003fd10 con 0x7fe18c1075c0
2024-09-19T04:11:01.939 INFO:teuthology.orchestra.run.smithi107.stdout:/usr/bin/ceph: stderr
2024-09-19T04:11:00.725+0000 7fe189600640 1 --2- 172.21.15.107:0/3719836364 >> [v2:172.21.15.107:6800/3991722475,v1:172.21.15.107:6801/3991722475] conn(0x7fe17403cd20 0x7fe17403f110 unknown :-1 s=NONE pgs=0 cs=0 l=1 rev1=0 crypto rx=0 tx=0 comp rx=0 tx=0).connect
2024-09-19T04:11:01.939 INFO:teuthology.orchestra.run.smithi107.stdout:/usr/bin/ceph: stderr
2024-09-19T04:11:00.725+0000 7fe189600640 1 -- 172.21.15.107:0/3719836364 --> [v2:172.21.15.107:6800/3991722475,v1:172.21.15.107:6801/3991722475] -- command(tid 0: {"prefix": "get_command_descriptions"}) -- 0x7fe1800659c0 con 0x7fe17403cd20
2024-09-19T04:11:01.939 INFO:teuthology.orchestra.run.smithi107.stdout:/usr/bin/ceph: stderr
2024-09-19T04:11:00.726+0000 7fe18be00640 1 --2- 172.21.15.107:0/3719836364 >> [v2:172.21.15.107:6800/3991722475,v1:172.21.15.107:6801/3991722475] conn(0x7fe17403cd20 0x7fe17403f110 unknown :-1 s=BANNER_CONNECTING pgs=0 cs=0 l=1 rev1=0 crypto rx=0 tx=0 comp rx=0 tx=0)._handle_peer_banner_payload supported=3 required=0
2024-09-19T04:11:01.939 INFO:teuthology.orchestra.run.smithi107.stdout:/usr/bin/ceph: stderr
2024-09-19T04:11:00.727+0000 7fe18be00640 1 --2- 172.21.15.107:0/3719836364 >> [v2:172.21.15.107:6800/3991722475,v1:172.21.15.107:6801/3991722475] conn(0x7fe17403cd20 0x7fe17403f110 secure :-1 s=READY pgs=1 cs=0 l=1 rev1=1 crypto rx=0x7fe178003980 tx=0x7fe1780092b0 comp rx=0 tx=0).ready entity=mgr.14146 client_cookie=0 server_cookie=0 in_seq=0 out_seq=0
2024-09-19T04:11:01.939 INFO:teuthology.orchestra.run.smithi107.stdout:/usr/bin/ceph: stderr
2024-09-19T04:11:00.728+0000 7fe189600640 1 -- 172.21.15.107:0/3719836364 <== mgr.14146 v2:172.21.15.107:6800/3991722475 1 ==== command_reply(tid 0: 0 ) ==== 8+0+9564 (secure 0 0 0) 0x7fe1800659c0 con 0x7fe17403cd20
2024-09-19T04:11:01.939 INFO:teuthology.orchestra.run.smithi107.stdout:/usr/bin/ceph: stderr
2024-09-19T04:11:00.735+0000 7fe192400640 1 -- 172.21.15.107:0/3719836364 --> [v2:172.21.15.107:6800/3991722475,v1:172.21.15.107:6801/3991722475] -- command(tid 1: {"prefix": "mgr_status"}) -- 0x7fe18c194ef0 con 0x7fe17403cd20
2024-09-19T04:11:01.939 INFO:teuthology.orchestra.run.smithi107.stdout:/usr/bin/ceph: stderr
2024-09-19T04:11:00.736+0000 7fe189600640 1 -- 172.21.15.107:0/3719836364 <== mgr.14146 v2:172.21.15.107:6800/3991722475 2 ==== command_reply(tid 1: 0 ) ==== 8+0+52 (secure 0 0 0) 0x7fe18c194ef0 con 0x7fe17403cd20
2024-09-19T04:11:01.939 INFO:teuthology.orchestra.run.smithi107.stdout:/usr/bin/ceph: stderr
2024-09-19T04:11:00.736+0000 7fe192400640 1 -- 172.21.15.107:0/3719836364 >> [v2:172.21.15.107:6800/3991722475,v1:172.21.15.107:6801/3991722475] conn(0x7fe17403cd20 msgr2=0x7fe17403f110 secure :-1 s=STATE_CONNECTION_ESTABLISHED l=1).mark_down
2024-09-19T04:11:01.939 INFO:teuthology.orchestra.run.smithi107.stdout:/usr/bin/ceph: stderr
2024-09-19T04:11:00.736+0000 7fe192400640 1 --2- 172.21.15.107:0/3719836364 >> [v2:172.21.15.107:6800/3991722475,v1:172.21.15.107:6801/3991722475] conn(0x7fe17403cd20 0x7fe17403f110 secure :-1 s=READY pgs=1 cs=0 l=1 rev1=1 crypto rx=0x7fe178003980 tx=0x7fe1780092b0 comp rx=0 tx=0).stop
2024-09-19T04:11:01.939 INFO:teuthology.orchestra.run.smithi107.stdout:/usr/bin/ceph: stderr
2024-09-19T04:11:00.736+0000 7fe192400640 1 -- 172.21.15.107:0/3719836364 >> [v2:172.21.15.107:3300/0,v1:172.21.15.107:6789/0] conn(0x7fe18c1075c0 msgr2=0x7fe18c194550 secure :-1 s=STATE_CONNECTION_ESTABLISHED l=1).mark_down
2024-09-19T04:11:01.939 INFO:teuthology.orchestra.run.smithi107.stdout:/usr/bin/ceph: stderr
2024-09-19T04:11:00.736+0000 7fe192400640 1 --2- 172.21.15.107:0/3719836364 >> [v2:172.21.15.107:3300/0,v1:172.21.15.107:6789/0] conn(0x7fe18c1075c0 0x7fe18c194550 secure :-1 s=READY pgs=56 cs=0 l=1 rev1=1 crypto rx=0x7fe1800097f0 tx=0x7fe1800327b0 comp rx=0 tx=0).stop
2024-09-19T04:11:01.939 INFO:teuthology.orchestra.run.smithi107.stdout:/usr/bin/ceph: stderr
2024-09-19T04:11:00.736+0000 7fe192400640 1 -- 172.21.15.107:0/3719836364 shutdown_connections
2024-09-19T04:11:01.940 INFO:teuthology.orchestra.run.smithi107.stdout:/usr/bin/ceph: stderr
2024-09-19T04:11:00.736+0000 7fe192400640 1 --2- 172.21.15.107:0/3719836364 >> [v2:172.21.15.107:6800/3991722475,v1:172.21.15.107:6801/3991722475] conn(0x7fe17403cd20 0x7fe17403f110 unknown :-1 s=CLOSED pgs=1 cs=0 l=1 rev1=1 crypto rx=0 tx=0 comp rx=0 tx=0).stop
2024-09-19T04:11:01.940 INFO:teuthology.orchestra.run.smithi107.stdout:/usr/bin/ceph: stderr
2024-09-19T04:11:00.736+0000 7fe192400640 1 --2- 172.21.15.107:0/3719836364 >> [v2:172.21.15.107:6800/972711045,v1:172.21.15.107:6801/972711045] conn(0x7fe174039260 0x7fe17403b720 unknown :-1 s=CLOSED pgs=0 cs=0 l=1 rev1=0 crypto rx=0 tx=0 comp rx=0 tx=0).stop
2024-09-19T04:11:01.940 INFO:teuthology.orchestra.run.smithi107.stdout:/usr/bin/ceph: stderr
2024-09-19T04:11:00.736+0000 7fe192400640 1 --2- 172.21.15.107:0/3719836364 >> [v2:172.21.15.107:3300/0,v1:172.21.15.107:6789/0] conn(0x7fe18c1075c0 0x7fe18c194550 unknown :-1 s=CLOSED pgs=56 cs=0 l=1 rev1=1 crypto rx=0 tx=0 comp rx=0 tx=0).stop
2024-09-19T04:11:01.940 INFO:teuthology.orchestra.run.smithi107.stdout:/usr/bin/ceph: stderr
2024-09-19T04:11:00.736+0000 7fe192400640 1 -- 172.21.15.107:0/3719836364 >> 172.21.15.107:0/3719836364 conn(0x7fe18c102d90 msgr2=0x7fe18c1038c0 unknown :-1 s=STATE_NONE l=0).mark_down
2024-09-19T04:11:01.940 INFO:teuthology.orchestra.run.smithi107.stdout:/usr/bin/ceph: stderr
2024-09-19T04:11:00.736+0000 7fe192400640 1 -- 172.21.15.107:0/3719836364 shutdown_connections
2024-09-19T04:11:01.940 INFO:teuthology.orchestra.run.smithi107.stdout:/usr/bin/ceph: stderr
2024-09-19T04:11:00.737+0000 7fe192400640 1 -- 172.21.15.107:0/3719836364 wait complete.
2024-09-19T04:11:01.940 INFO:teuthology.orchestra.run.smithi107.stdout:mgr epoch 9 is available
2024-09-19T04:11:01.940 INFO:teuthology.orchestra.run.smithi107.stdout:Generating a dashboard self-signed certificate...
2024-09-19T04:11:03.092 INFO:journalctl@ceph.mon.a.smithi107.stdout:Sep 19 04:11:02 smithi107 ceph-mon[30659]: [19/Sep/2024:04:11:01] ENGINE Bus STARTING
2024-09-19T04:11:03.092 INFO:journalctl@ceph.mon.a.smithi107.stdout:Sep 19 04:11:02 smithi107 ceph-mon[30659]: [19/Sep/2024:04:11:01] ENGINE Serving on https://172.21.15.107:7150
2024-09-19T04:11:03.092 INFO:journalctl@ceph.mon.a.smithi107.stdout:Sep 19 04:11:02 smithi107 ceph-mon[30659]: [19/Sep/2024:04:11:01] ENGINE Error in HTTPServer.serve
2024-09-19T04:11:03.092 INFO:journalctl@ceph.mon.a.smithi107.stdout: Traceback (most recent call last):
2024-09-19T04:11:03.092 INFO:journalctl@ceph.mon.a.smithi107.stdout: File "/lib/python3.9/site-packages/cheroot/server.py", line 1823, in serve
2024-09-19T04:11:03.092 INFO:journalctl@ceph.mon.a.smithi107.stdout: self._connections.run(self.expiration_interval)
2024-09-19T04:11:03.092 INFO:journalctl@ceph.mon.a.smithi107.stdout: File "/lib/python3.9/site-packages/cheroot/connections.py", line 203, in run
2024-09-19T04:11:03.093 INFO:journalctl@ceph.mon.a.smithi107.stdout: self._run(expiration_interval)
2024-09-19T04:11:03.093 INFO:journalctl@ceph.mon.a.smithi107.stdout: File "/lib/python3.9/site-packages/cheroot/connections.py", line 246, in _run
2024-09-19T04:11:03.093 INFO:journalctl@ceph.mon.a.smithi107.stdout: new_conn = self._from_server_socket(self.server.socket)
2024-09-19T04:11:03.093 INFO:journalctl@ceph.mon.a.smithi107.stdout: File "/lib/python3.9/site-packages/cheroot/connections.py", line 300, in _from_server_socket
2024-09-19T04:11:03.093 INFO:journalctl@ceph.mon.a.smithi107.stdout: s, ssl_env = self.server.ssl_adapter.wrap(s)
2024-09-19T04:11:03.093 INFO:journalctl@ceph.mon.a.smithi107.stdout: File "/lib/python3.9/site-packages/cheroot/ssl/builtin.py", line 277, in wrap
2024-09-19T04:11:03.093 INFO:journalctl@ceph.mon.a.smithi107.stdout: s = self.context.wrap_socket(
2024-09-19T04:11:03.093 INFO:journalctl@ceph.mon.a.smithi107.stdout: File "/lib64/python3.9/ssl.py", line 501, in wrap_socket
2024-09-19T04:11:03.093 INFO:journalctl@ceph.mon.a.smithi107.stdout: return self.sslsocket_class._create(
2024-09-19T04:11:03.093 INFO:journalctl@ceph.mon.a.smithi107.stdout: File "/lib64/python3.9/ssl.py", line 1074, in _create
2024-09-19T04:11:03.093 INFO:journalctl@ceph.mon.a.smithi107.stdout: self.do_handshake()
2024-09-19T04:11:03.093 INFO:journalctl@ceph.mon.a.smithi107.stdout: File "/lib64/python3.9/ssl.py", line 1343, in do_handshake
2024-09-19T04:11:03.094 INFO:journalctl@ceph.mon.a.smithi107.stdout: self._sslobj.do_handshake()
2024-09-19T04:11:03.094 INFO:journalctl@ceph.mon.a.smithi107.stdout: ssl.SSLZeroReturnError: TLS/SSL connection has been closed (EOF) (_ssl.c:1133)
2024-09-19T04:11:03.094 INFO:journalctl@ceph.mon.a.smithi107.stdout:Sep 19 04:11:02 smithi107 ceph-mon[30659]: [19/Sep/2024:04:11:01] ENGINE Serving on http://172.21.15.107:8765
2024-09-19T04:11:03.094 INFO:journalctl@ceph.mon.a.smithi107.stdout:Sep 19 04:11:02 smithi107 ceph-mon[30659]: [19/Sep/2024:04:11:01] ENGINE Bus STARTED
2024-09-19T04:11:03.094 INFO:journalctl@ceph.mon.a.smithi107.stdout:Sep 19 04:11:02 smithi107 ceph-mon[30659]: mgrmap e12: x(active, since 2s)
2024-09-19T04:11:03.094 INFO:journalctl@ceph.mon.a.smithi107.stdout:Sep 19 04:11:02 smithi107 ceph-mon[30659]: from='mgr.14146 172.21.15.107:0/1512822829' entity='mgr.x'
2024-09-19T04:11:03.094 INFO:journalctl@ceph.mon.a.smithi107.stdout:Sep 19 04:11:02 smithi107 ceph-mon[30659]: from='mgr.14146 172.21.15.107:0/1512822829' entity='mgr.x'
2024-09-19T04:11:03.094 INFO:journalctl@ceph.mon.a.smithi107.stdout:Sep 19 04:11:02 smithi107 ceph-mon[30659]: from='mgr.14146 172.21.15.107:0/1512822829' entity='mgr.x'
2024-09-19T04:11:03.372 INFO:teuthology.orchestra.run.smithi107.stdout:/usr/bin/ceph: stdout Self-signed certificate created
2024-09-19T04:11:03.372 INFO:teuthology.orchestra.run.smithi107.stdout:/usr/bin/ceph: stderr
2024-09-19T04:11:02.482+0000 7fb773c00640 1 Processor -- start
2024-09-19T04:11:03.372 INFO:teuthology.orchestra.run.smithi107.stdout:/usr/bin/ceph: stderr
2024-09-19T04:11:02.483+0000 7fb773c00640 1 -- start start
2024-09-19T04:11:03.372 INFO:teuthology.orchestra.run.smithi107.stdout:/usr/bin/ceph: stderr
2024-09-19T04:11:02.483+0000 7fb773c00640 1 --2- >> [v2:172.21.15.107:3300/0,v1:172.21.15.107:6789/0] conn(0x7fb76c1076f0 0x7fb76c107af0 unknown :-1 s=NONE pgs=0 cs=0 l=0 rev1=0 crypto rx=0 tx=0 comp rx=0 tx=0).connect
2024-09-19T04:11:03.372 INFO:teuthology.orchestra.run.smithi107.stdout:/usr/bin/ceph: stderr
2024-09-19T04:11:02.483+0000 7fb773c00640 1 -- --> [v2:172.21.15.107:3300/0,v1:172.21.15.107:6789/0] -- mon_getmap magic: 0 -- 0x7fb76c1080c0 con 0x7fb76c1076f0
2024-09-19T04:11:03.373 INFO:teuthology.orchestra.run.smithi107.stdout:/usr/bin/ceph: stderr
2024-09-19T04:11:02.483+0000 7fb771200640 1 --2- >> [v2:172.21.15.107:3300/0,v1:172.21.15.107:6789/0] conn(0x7fb76c1076f0 0x7fb76c107af0 unknown :-1 s=BANNER_CONNECTING pgs=0 cs=0 l=0 rev1=0 crypto rx=0 tx=0 comp rx=0 tx=0)._handle_peer_banner_payload supported=3 required=0
2024-09-19T04:11:03.373 INFO:teuthology.orchestra.run.smithi107.stdout:/usr/bin/ceph: stderr
2024-09-19T04:11:02.483+0000 7fb771200640 1 --2- >> [v2:172.21.15.107:3300/0,v1:172.21.15.107:6789/0] conn(0x7fb76c1076f0 0x7fb76c107af0 unknown :-1 s=HELLO_CONNECTING pgs=0 cs=0 l=0 rev1=1 crypto rx=0 tx=0 comp rx=0 tx=0).handle_hello peer v2:172.21.15.107:3300/0 says I am v2:172.21.15.107:46662/0 (socket says 172.21.15.107:46662)
2024-09-19T04:11:03.373 INFO:teuthology.orchestra.run.smithi107.stdout:/usr/bin/ceph: stderr
2024-09-19T04:11:02.483+0000 7fb771200640 1 -- 172.21.15.107:0/2256089931 learned_addr learned my addr 172.21.15.107:0/2256089931 (peer_addr_for_me v2:172.21.15.107:0/0)
2024-09-19T04:11:03.373 INFO:teuthology.orchestra.run.smithi107.stdout:/usr/bin/ceph: stderr
2024-09-19T04:11:02.484+0000 7fb771200640 1 -- 172.21.15.107:0/2256089931 --> [v2:172.21.15.107:3300/0,v1:172.21.15.107:6789/0] -- mon_subscribe({config=0+,monmap=0+}) -- 0x7fb76c1088f0 con 0x7fb76c1076f0
2024-09-19T04:11:03.373 INFO:teuthology.orchestra.run.smithi107.stdout:/usr/bin/ceph: stderr
2024-09-19T04:11:02.485+0000 7fb771200640 1 --2- 172.21.15.107:0/2256089931 >> [v2:172.21.15.107:3300/0,v1:172.21.15.107:6789/0] conn(0x7fb76c1076f0 0x7fb76c107af0 secure :-1 s=READY pgs=64 cs=0 l=1 rev1=1 crypto rx=0x7fb75c009820 tx=0x7fb75c02a270 comp rx=0 tx=0).ready entity=mon.0 client_cookie=a00f25bf84b4993a server_cookie=0 in_seq=0 out_seq=0
2024-09-19T04:11:03.373 INFO:teuthology.orchestra.run.smithi107.stdout:/usr/bin/ceph: stderr
2024-09-19T04:11:02.485+0000 7fb76be00640 1 -- 172.21.15.107:0/2256089931 <== mon.0 v2:172.21.15.107:3300/0 1 ==== mon_map magic: 0 ==== 205+0+0 (secure 0 0 0) 0x7fb75c037070 con 0x7fb76c1076f0
2024-09-19T04:11:03.373 INFO:teuthology.orchestra.run.smithi107.stdout:/usr/bin/ceph: stderr
2024-09-19T04:11:02.485+0000 7fb76be00640 1 -- 172.21.15.107:0/2256089931 <== mon.0 v2:172.21.15.107:3300/0 2 ==== config(27 keys) ==== 1140+0+0 (secure 0 0 0) 0x7fb75c032920 con 0x7fb76c1076f0
2024-09-19T04:11:03.373 INFO:teuthology.orchestra.run.smithi107.stdout:/usr/bin/ceph: stderr
2024-09-19T04:11:02.485+0000 7fb76be00640 1 -- 172.21.15.107:0/2256089931 <== mon.0 v2:172.21.15.107:3300/0 3 ==== mon_map magic: 0 ==== 205+0+0 (secure 0 0 0) 0x7fb75c030810 con 0x7fb76c1076f0
2024-09-19T04:11:03.373 INFO:teuthology.orchestra.run.smithi107.stdout:/usr/bin/ceph: stderr
2024-09-19T04:11:02.486+0000 7fb773c00640 1 -- 172.21.15.107:0/2256089931 >> [v2:172.21.15.107:3300/0,v1:172.21.15.107:6789/0] conn(0x7fb76c1076f0 msgr2=0x7fb76c107af0 secure :-1 s=STATE_CONNECTION_ESTABLISHED l=1).mark_down
2024-09-19T04:11:03.373 INFO:teuthology.orchestra.run.smithi107.stdout:/usr/bin/ceph: stderr
2024-09-19T04:11:02.486+0000 7fb773c00640 1 --2- 172.21.15.107:0/2256089931 >> [v2:172.21.15.107:3300/0,v1:172.21.15.107:6789/0] conn(0x7fb76c1076f0 0x7fb76c107af0 secure :-1 s=READY pgs=64 cs=0 l=1 rev1=1 crypto rx=0x7fb75c009820 tx=0x7fb75c02a270 comp rx=0 tx=0).stop
2024-09-19T04:11:03.373 INFO:teuthology.orchestra.run.smithi107.stdout:/usr/bin/ceph: stderr
2024-09-19T04:11:02.486+0000 7fb773c00640 1 -- 172.21.15.107:0/2256089931 shutdown_connections
2024-09-19T04:11:03.374 INFO:teuthology.orchestra.run.smithi107.stdout:/usr/bin/ceph: stderr
2024-09-19T04:11:02.486+0000 7fb773c00640 1 --2- 172.21.15.107:0/2256089931 >> [v2:172.21.15.107:3300/0,v1:172.21.15.107:6789/0] conn(0x7fb76c1076f0 0x7fb76c107af0 unknown :-1 s=CLOSED pgs=64 cs=0 l=1 rev1=1 crypto rx=0 tx=0 comp rx=0 tx=0).stop
2024-09-19T04:11:03.374 INFO:teuthology.orchestra.run.smithi107.stdout:/usr/bin/ceph: stderr
2024-09-19T04:11:02.486+0000 7fb773c00640 1 -- 172.21.15.107:0/2256089931 >> 172.21.15.107:0/2256089931 conn(0x7fb76c102ea0 msgr2=0x7fb76c1052c0 unknown :-1 s=STATE_NONE l=0).mark_down
2024-09-19T04:11:03.374 INFO:teuthology.orchestra.run.smithi107.stdout:/usr/bin/ceph: stderr
2024-09-19T04:11:02.486+0000 7fb773c00640 1 -- 172.21.15.107:0/2256089931 shutdown_connections
2024-09-19T04:11:03.374 INFO:teuthology.orchestra.run.smithi107.stdout:/usr/bin/ceph: stderr
2024-09-19T04:11:02.486+0000 7fb773c00640 1 -- 172.21.15.107:0/2256089931 wait complete.
2024-09-19T04:11:03.374 INFO:teuthology.orchestra.run.smithi107.stdout:/usr/bin/ceph: stderr
2024-09-19T04:11:02.487+0000 7fb773c00640 1 Processor -- start
2024-09-19T04:11:03.374 INFO:teuthology.orchestra.run.smithi107.stdout:/usr/bin/ceph: stderr
2024-09-19T04:11:02.487+0000 7fb773c00640 1 -- start start
2024-09-19T04:11:03.374 INFO:teuthology.orchestra.run.smithi107.stdout:/usr/bin/ceph: stderr
2024-09-19T04:11:02.487+0000 7fb773c00640 1 --2- >> [v2:172.21.15.107:3300/0,v1:172.21.15.107:6789/0] conn(0x7fb76c1076f0 0x7fb76c19b6e0 unknown :-1 s=NONE pgs=0 cs=0 l=1 rev1=0 crypto rx=0 tx=0 comp rx=0 tx=0).connect
2024-09-19T04:11:03.374 INFO:teuthology.orchestra.run.smithi107.stdout:/usr/bin/ceph: stderr
2024-09-19T04:11:02.487+0000 7fb773c00640 1 -- --> [v2:172.21.15.107:3300/0,v1:172.21.15.107:6789/0] -- mon_getmap magic: 0 -- 0x7fb76c10bca0 con 0x7fb76c1076f0
2024-09-19T04:11:03.374 INFO:teuthology.orchestra.run.smithi107.stdout:/usr/bin/ceph: stderr
2024-09-19T04:11:02.488+0000 7fb771200640 1 --2- >> [v2:172.21.15.107:3300/0,v1:172.21.15.107:6789/0] conn(0x7fb76c1076f0 0x7fb76c19b6e0 unknown :-1 s=BANNER_CONNECTING pgs=0 cs=0 l=1 rev1=0 crypto rx=0 tx=0 comp rx=0 tx=0)._handle_peer_banner_payload supported=3 required=0
2024-09-19T04:11:03.374 INFO:teuthology.orchestra.run.smithi107.stdout:/usr/bin/ceph: stderr
2024-09-19T04:11:02.488+0000 7fb771200640 1 --2- >> [v2:172.21.15.107:3300/0,v1:172.21.15.107:6789/0] conn(0x7fb76c1076f0 0x7fb76c19b6e0 unknown :-1 s=HELLO_CONNECTING pgs=0 cs=0 l=1 rev1=1 crypto rx=0 tx=0 comp rx=0 tx=0).handle_hello peer v2:172.21.15.107:3300/0 says I am v2:172.21.15.107:46670/0 (socket says 172.21.15.107:46670)
2024-09-19T04:11:03.374 INFO:teuthology.orchestra.run.smithi107.stdout:/usr/bin/ceph: stderr
2024-09-19T04:11:02.488+0000 7fb771200640 1 -- 172.21.15.107:0/1509712440 learned_addr learned my addr 172.21.15.107:0/1509712440 (peer_addr_for_me v2:172.21.15.107:0/0)
2024-09-19T04:11:03.374 INFO:teuthology.orchestra.run.smithi107.stdout:/usr/bin/ceph: stderr
2024-09-19T04:11:02.488+0000 7fb771200640 1 -- 172.21.15.107:0/1509712440 --> [v2:172.21.15.107:3300/0,v1:172.21.15.107:6789/0] -- mon_subscribe({config=0+,monmap=0+}) -- 0x7fb76c19bc20 con 0x7fb76c1076f0
2024-09-19T04:11:03.374 INFO:teuthology.orchestra.run.smithi107.stdout:/usr/bin/ceph: stderr
2024-09-19T04:11:02.488+0000 7fb771200640 1 --2- 172.21.15.107:0/1509712440 >> [v2:172.21.15.107:3300/0,v1:172.21.15.107:6789/0] conn(0x7fb76c1076f0 0x7fb76c19b6e0 secure :-1 s=READY pgs=65 cs=0 l=1 rev1=1 crypto rx=0x7fb75c0097f0 tx=0x7fb75c0327b0 comp rx=0 tx=0).ready entity=mon.0 client_cookie=0 server_cookie=0 in_seq=0 out_seq=0
2024-09-19T04:11:03.375 INFO:teuthology.orchestra.run.smithi107.stdout:/usr/bin/ceph: stderr
2024-09-19T04:11:02.489+0000 7fb76a000640 1 -- 172.21.15.107:0/1509712440 <== mon.0 v2:172.21.15.107:3300/0 1 ==== mon_map magic: 0 ==== 205+0+0 (secure 0 0 0) 0x7fb75c037040 con 0x7fb76c1076f0
2024-09-19T04:11:03.375 INFO:teuthology.orchestra.run.smithi107.stdout:/usr/bin/ceph: stderr
2024-09-19T04:11:02.489+0000 7fb76a000640 1 -- 172.21.15.107:0/1509712440 <== mon.0 v2:172.21.15.107:3300/0 2 ==== config(27 keys) ==== 1140+0+0 (secure 0 0 0) 0x7fb75c030cc0 con 0x7fb76c1076f0
2024-09-19T04:11:03.375 INFO:teuthology.orchestra.run.smithi107.stdout:/usr/bin/ceph: stderr
2024-09-19T04:11:02.489+0000 7fb773c00640 1 -- 172.21.15.107:0/1509712440 --> [v2:172.21.15.107:3300/0,v1:172.21.15.107:6789/0] -- mon_subscribe({mgrmap=0+}) -- 0x7fb76c19beb0 con 0x7fb76c1076f0
2024-09-19T04:11:03.375 INFO:teuthology.orchestra.run.smithi107.stdout:/usr/bin/ceph: stderr
2024-09-19T04:11:02.489+0000 7fb76a000640 1 -- 172.21.15.107:0/1509712440 <== mon.0 v2:172.21.15.107:3300/0 3 ==== mon_map magic: 0 ==== 205+0+0 (secure 0 0 0) 0x7fb75c03a640 con 0x7fb76c1076f0
2024-09-19T04:11:03.375 INFO:teuthology.orchestra.run.smithi107.stdout:/usr/bin/ceph: stderr
2024-09-19T04:11:02.489+0000 7fb773c00640 1 -- 172.21.15.107:0/1509712440 --> [v2:172.21.15.107:3300/0,v1:172.21.15.107:6789/0] -- mon_subscribe({osdmap=0}) -- 0x7fb76c19eba0 con 0x7fb76c1076f0
2024-09-19T04:11:03.375 INFO:teuthology.orchestra.run.smithi107.stdout:/usr/bin/ceph: stderr
2024-09-19T04:11:02.490+0000 7fb76a000640 1 -- 172.21.15.107:0/1509712440 <== mon.0 v2:172.21.15.107:3300/0 4 ==== mgrmap(e 11) ==== 46368+0+0 (secure 0 0 0) 0x7fb75c03a940 con 0x7fb76c1076f0
2024-09-19T04:11:03.375 INFO:teuthology.orchestra.run.smithi107.stdout:/usr/bin/ceph: stderr
2024-09-19T04:11:02.490+0000 7fb773c00640 1 -- 172.21.15.107:0/1509712440 --> [v2:172.21.15.107:3300/0,v1:172.21.15.107:6789/0] -- mon_command({"prefix": "get_command_descriptions"} v 0) -- 0x7fb76c10be20 con 0x7fb76c1076f0
2024-09-19T04:11:03.375 INFO:teuthology.orchestra.run.smithi107.stdout:/usr/bin/ceph: stderr
2024-09-19T04:11:02.490+0000 7fb76a000640 1 --2- 172.21.15.107:0/1509712440 >> [v2:172.21.15.107:6800/3991722475,v1:172.21.15.107:6801/3991722475] conn(0x7fb7500390f0 0x7fb75003b5b0 unknown :-1 s=NONE pgs=0 cs=0 l=1 rev1=0 crypto rx=0 tx=0 comp rx=0 tx=0).connect
2024-09-19T04:11:03.375 INFO:teuthology.orchestra.run.smithi107.stdout:/usr/bin/ceph: stderr
2024-09-19T04:11:02.490+0000 7fb76a000640 1 -- 172.21.15.107:0/1509712440 <== mon.0 v2:172.21.15.107:3300/0 5 ==== osd_map(3..3 src has 1..3) ==== 1155+0+0 (secure 0 0 0) 0x7fb75c06c7a0 con 0x7fb76c1076f0
2024-09-19T04:11:03.375 INFO:teuthology.orchestra.run.smithi107.stdout:/usr/bin/ceph: stderr
2024-09-19T04:11:02.491+0000 7fb763e00640 1 --2- 172.21.15.107:0/1509712440 >> [v2:172.21.15.107:6800/3991722475,v1:172.21.15.107:6801/3991722475] conn(0x7fb7500390f0 0x7fb75003b5b0 unknown :-1 s=BANNER_CONNECTING pgs=0 cs=0 l=1 rev1=0 crypto rx=0 tx=0 comp rx=0 tx=0)._handle_peer_banner_payload supported=3 required=0
2024-09-19T04:11:03.375 INFO:teuthology.orchestra.run.smithi107.stdout:/usr/bin/ceph: stderr
2024-09-19T04:11:02.491+0000 7fb763e00640 1 --2- 172.21.15.107:0/1509712440 >> [v2:172.21.15.107:6800/3991722475,v1:172.21.15.107:6801/3991722475] conn(0x7fb7500390f0 0x7fb75003b5b0 secure :-1 s=READY pgs=7 cs=0 l=1 rev1=1 crypto rx=0x7fb7540098c0 tx=0x7fb754006db0 comp rx=0 tx=0).ready entity=mgr.14146 client_cookie=0 server_cookie=0 in_seq=0 out_seq=0
2024-09-19T04:11:03.375 INFO:teuthology.orchestra.run.smithi107.stdout:/usr/bin/ceph: stderr
2024-09-19T04:11:02.500+0000 7fb76a000640 1 -- 172.21.15.107:0/1509712440 <== mon.0 v2:172.21.15.107:3300/0 6 ==== mon_command_ack([{"prefix": "get_command_descriptions"}]=0 v0) ==== 72+0+188913 (secure 0 0 0) 0x7fb75c03ba40 con 0x7fb76c1076f0
2024-09-19T04:11:03.376 INFO:teuthology.orchestra.run.smithi107.stdout:/usr/bin/ceph: stderr
2024-09-19T04:11:02.503+0000 7fb76a000640 1 -- 172.21.15.107:0/1509712440 <== mon.0 v2:172.21.15.107:3300/0 7 ==== mgrmap(e 12) ==== 46474+0+0 (secure 0 0 0) 0x7fb75c044920 con 0x7fb76c1076f0
2024-09-19T04:11:03.376 INFO:teuthology.orchestra.run.smithi107.stdout:/usr/bin/ceph: stderr
2024-09-19T04:11:02.688+0000 7fb773c00640 1 -- 172.21.15.107:0/1509712440 --> [v2:172.21.15.107:6800/3991722475,v1:172.21.15.107:6801/3991722475] -- mgr_command(tid 0: {"prefix": "dashboard create-self-signed-cert", "target": ["mon-mgr", ""]}) -- 0x7fb76c104100 con 0x7fb7500390f0
2024-09-19T04:11:03.376 INFO:teuthology.orchestra.run.smithi107.stdout:/usr/bin/ceph: stderr
2024-09-19T04:11:02.766+0000 7fb76a000640 1 -- 172.21.15.107:0/1509712440 <== mgr.14146 v2:172.21.15.107:6800/3991722475 1 ==== mgr_command_reply(tid 0: 0 ) ==== 8+0+32 (secure 0 0 0) 0x7fb76c104100 con 0x7fb7500390f0
2024-09-19T04:11:03.376 INFO:teuthology.orchestra.run.smithi107.stdout:/usr/bin/ceph: stderr
2024-09-19T04:11:02.768+0000 7fb773c00640 1 -- 172.21.15.107:0/1509712440 >> [v2:172.21.15.107:6800/3991722475,v1:172.21.15.107:6801/3991722475] conn(0x7fb7500390f0 msgr2=0x7fb75003b5b0 secure :-1 s=STATE_CONNECTION_ESTABLISHED l=1).mark_down
2024-09-19T04:11:03.376 INFO:teuthology.orchestra.run.smithi107.stdout:/usr/bin/ceph: stderr
2024-09-19T04:11:02.768+0000 7fb773c00640 1 --2- 172.21.15.107:0/1509712440 >> [v2:172.21.15.107:6800/3991722475,v1:172.21.15.107:6801/3991722475] conn(0x7fb7500390f0 0x7fb75003b5b0 secure :-1 s=READY pgs=7 cs=0 l=1 rev1=1 crypto rx=0x7fb7540098c0 tx=0x7fb754006db0 comp rx=0 tx=0).stop
2024-09-19T04:11:03.376 INFO:teuthology.orchestra.run.smithi107.stdout:/usr/bin/ceph: stderr
2024-09-19T04:11:02.768+0000 7fb773c00640 1 -- 172.21.15.107:0/1509712440 >> [v2:172.21.15.107:3300/0,v1:172.21.15.107:6789/0] conn(0x7fb76c1076f0 msgr2=0x7fb76c19b6e0 secure :-1 s=STATE_CONNECTION_ESTABLISHED l=1).mark_down
2024-09-19T04:11:03.376 INFO:teuthology.orchestra.run.smithi107.stdout:/usr/bin/ceph: stderr
2024-09-19T04:11:02.768+0000 7fb773c00640 1 --2- 172.21.15.107:0/1509712440 >> [v2:172.21.15.107:3300/0,v1:172.21.15.107:6789/0] conn(0x7fb76c1076f0 0x7fb76c19b6e0 secure :-1 s=READY pgs=65 cs=0 l=1 rev1=1 crypto rx=0x7fb75c0097f0 tx=0x7fb75c0327b0 comp rx=0 tx=0).stop
2024-09-19T04:11:03.376 INFO:teuthology.orchestra.run.smithi107.stdout:/usr/bin/ceph: stderr
2024-09-19T04:11:02.768+0000 7fb773c00640 1 -- 172.21.15.107:0/1509712440 shutdown_connections
2024-09-19T04:11:03.376 INFO:teuthology.orchestra.run.smithi107.stdout:/usr/bin/ceph: stderr
2024-09-19T04:11:02.768+0000 7fb773c00640 1 --2- 172.21.15.107:0/1509712440 >> [v2:172.21.15.107:6800/3991722475,v1:172.21.15.107:6801/3991722475] conn(0x7fb7500390f0 0x7fb75003b5b0 unknown :-1 s=CLOSED pgs=7 cs=0 l=1 rev1=1 crypto rx=0 tx=0 comp rx=0 tx=0).stop
2024-09-19T04:11:03.376 INFO:teuthology.orchestra.run.smithi107.stdout:/usr/bin/ceph: stderr
