2024-09-19T04:22:13.640+0000 7f19065f0640 1 --2- 172.21.15.70:0/2261068800 >> [v2:172.21.15.70:3300/0,v1:172.21.15.70:6789/0] conn(0x7f19001067b0 0x7f1900106bb0 unknown :-1 s=CLOSED pgs=55 cs=0 l=1 rev1=1 crypto rx=0 tx=0 comp rx=0 tx=0).stop
2024-09-19T04:22:14.567 INFO:teuthology.orchestra.run.smithi070.stdout:/usr/bin/ceph: stderr
2024-09-19T04:22:13.640+0000 7f19065f0640 1 -- 172.21.15.70:0/2261068800 >> 172.21.15.70:0/2261068800 conn(0x7f1900101f80 msgr2=0x7f19001043a0 unknown :-1 s=STATE_NONE l=0).mark_down
2024-09-19T04:22:14.567 INFO:teuthology.orchestra.run.smithi070.stdout:/usr/bin/ceph: stderr
2024-09-19T04:22:13.640+0000 7f19065f0640 1 -- 172.21.15.70:0/2261068800 shutdown_connections
2024-09-19T04:22:14.567 INFO:teuthology.orchestra.run.smithi070.stdout:/usr/bin/ceph: stderr
2024-09-19T04:22:13.640+0000 7f19065f0640 1 -- 172.21.15.70:0/2261068800 wait complete.
2024-09-19T04:22:14.567 INFO:teuthology.orchestra.run.smithi070.stdout:/usr/bin/ceph: stderr
2024-09-19T04:22:13.641+0000 7f19065f0640 1 Processor -- start
2024-09-19T04:22:14.567 INFO:teuthology.orchestra.run.smithi070.stdout:/usr/bin/ceph: stderr
2024-09-19T04:22:13.641+0000 7f19065f0640 1 -- start start
2024-09-19T04:22:14.567 INFO:teuthology.orchestra.run.smithi070.stdout:/usr/bin/ceph: stderr
2024-09-19T04:22:13.641+0000 7f19065f0640 1 --2- >> [v2:172.21.15.70:3300/0,v1:172.21.15.70:6789/0] conn(0x7f19001067b0 0x7f190019db40 unknown :-1 s=NONE pgs=0 cs=0 l=1 rev1=0 crypto rx=0 tx=0 comp rx=0 tx=0).connect
2024-09-19T04:22:14.567 INFO:teuthology.orchestra.run.smithi070.stdout:/usr/bin/ceph: stderr
2024-09-19T04:22:13.641+0000 7f19065f0640 1 -- --> [v2:172.21.15.70:3300/0,v1:172.21.15.70:6789/0] -- mon_getmap magic: 0 -- 0x7f190007b170 con 0x7f19001067b0
2024-09-19T04:22:14.567 INFO:teuthology.orchestra.run.smithi070.stdout:/usr/bin/ceph: stderr
2024-09-19T04:22:13.641+0000 7f18fffff640 1 --2- >> [v2:172.21.15.70:3300/0,v1:172.21.15.70:6789/0] conn(0x7f19001067b0 0x7f190019db40 unknown :-1 s=BANNER_CONNECTING pgs=0 cs=0 l=1 rev1=0 crypto rx=0 tx=0 comp rx=0 tx=0)._handle_peer_banner_payload supported=3 required=0
2024-09-19T04:22:14.567 INFO:teuthology.orchestra.run.smithi070.stdout:/usr/bin/ceph: stderr
2024-09-19T04:22:13.641+0000 7f18fffff640 1 --2- >> [v2:172.21.15.70:3300/0,v1:172.21.15.70:6789/0] conn(0x7f19001067b0 0x7f190019db40 unknown :-1 s=HELLO_CONNECTING pgs=0 cs=0 l=1 rev1=1 crypto rx=0 tx=0 comp rx=0 tx=0).handle_hello peer v2:172.21.15.70:3300/0 says I am v2:172.21.15.70:41896/0 (socket says 172.21.15.70:41896)
2024-09-19T04:22:14.567 INFO:teuthology.orchestra.run.smithi070.stdout:/usr/bin/ceph: stderr
2024-09-19T04:22:13.641+0000 7f18fffff640 1 -- 172.21.15.70:0/1230688356 learned_addr learned my addr 172.21.15.70:0/1230688356 (peer_addr_for_me v2:172.21.15.70:0/0)
2024-09-19T04:22:14.568 INFO:teuthology.orchestra.run.smithi070.stdout:/usr/bin/ceph: stderr
2024-09-19T04:22:13.642+0000 7f18fffff640 1 -- 172.21.15.70:0/1230688356 --> [v2:172.21.15.70:3300/0,v1:172.21.15.70:6789/0] -- mon_subscribe({config=0+,monmap=0+}) -- 0x7f190019e080 con 0x7f19001067b0
2024-09-19T04:22:14.568 INFO:teuthology.orchestra.run.smithi070.stdout:/usr/bin/ceph: stderr
2024-09-19T04:22:13.642+0000 7f18fffff640 1 --2- 172.21.15.70:0/1230688356 >> [v2:172.21.15.70:3300/0,v1:172.21.15.70:6789/0] conn(0x7f19001067b0 0x7f190019db40 secure :-1 s=READY pgs=56 cs=0 l=1 rev1=1 crypto rx=0x7f18f002cee0 tx=0x7f18f0032b40 comp rx=0 tx=0).ready entity=mon.0 client_cookie=0 server_cookie=0 in_seq=0 out_seq=0
2024-09-19T04:22:14.568 INFO:teuthology.orchestra.run.smithi070.stdout:/usr/bin/ceph: stderr
2024-09-19T04:22:13.642+0000 7f18fd7fa640 1 -- 172.21.15.70:0/1230688356 <== mon.0 v2:172.21.15.70:3300/0 1 ==== mon_map magic: 0 ==== 205+0+0 (secure 0 0 0) 0x7f18f0042070 con 0x7f19001067b0
2024-09-19T04:22:14.568 INFO:teuthology.orchestra.run.smithi070.stdout:/usr/bin/ceph: stderr
2024-09-19T04:22:13.642+0000 7f19065f0640 1 -- 172.21.15.70:0/1230688356 --> [v2:172.21.15.70:3300/0,v1:172.21.15.70:6789/0] -- mon_subscribe({mgrmap=0+}) -- 0x7f190019e310 con 0x7f19001067b0
2024-09-19T04:22:14.568 INFO:teuthology.orchestra.run.smithi070.stdout:/usr/bin/ceph: stderr
2024-09-19T04:22:13.642+0000 7f18fd7fa640 1 -- 172.21.15.70:0/1230688356 <== mon.0 v2:172.21.15.70:3300/0 2 ==== config(27 keys) ==== 1136+0+0 (secure 0 0 0) 0x7f18f003e910 con 0x7f19001067b0
2024-09-19T04:22:14.568 INFO:teuthology.orchestra.run.smithi070.stdout:/usr/bin/ceph: stderr
2024-09-19T04:22:13.642+0000 7f18fd7fa640 1 -- 172.21.15.70:0/1230688356 <== mon.0 v2:172.21.15.70:3300/0 3 ==== mon_map magic: 0 ==== 205+0+0 (secure 0 0 0) 0x7f18f003c8a0 con 0x7f19001067b0
2024-09-19T04:22:14.568 INFO:teuthology.orchestra.run.smithi070.stdout:/usr/bin/ceph: stderr
2024-09-19T04:22:13.642+0000 7f19065f0640 1 -- 172.21.15.70:0/1230688356 --> [v2:172.21.15.70:3300/0,v1:172.21.15.70:6789/0] -- mon_subscribe({osdmap=0}) -- 0x7f19001a1000 con 0x7f19001067b0
2024-09-19T04:22:14.568 INFO:teuthology.orchestra.run.smithi070.stdout:/usr/bin/ceph: stderr
2024-09-19T04:22:13.643+0000 7f19065f0640 1 -- 172.21.15.70:0/1230688356 --> [v2:172.21.15.70:3300/0,v1:172.21.15.70:6789/0] -- mon_command({"prefix": "get_command_descriptions"} v 0) -- 0x7f1900106bb0 con 0x7f19001067b0
2024-09-19T04:22:14.568 INFO:teuthology.orchestra.run.smithi070.stdout:/usr/bin/ceph: stderr
2024-09-19T04:22:13.643+0000 7f18fd7fa640 1 -- 172.21.15.70:0/1230688356 <== mon.0 v2:172.21.15.70:3300/0 4 ==== mgrmap(e 9) ==== 46474+0+0 (secure 0 0 0) 0x7f18f0045070 con 0x7f19001067b0
2024-09-19T04:22:14.568 INFO:teuthology.orchestra.run.smithi070.stdout:/usr/bin/ceph: stderr
2024-09-19T04:22:13.643+0000 7f18fd7fa640 1 --2- 172.21.15.70:0/1230688356 >> [v2:172.21.15.70:6800/3440627608,v1:172.21.15.70:6801/3440627608] conn(0x7f18e8039200 0x7f18e803b6c0 unknown :-1 s=NONE pgs=0 cs=0 l=1 rev1=0 crypto rx=0 tx=0 comp rx=0 tx=0).connect
2024-09-19T04:22:14.568 INFO:teuthology.orchestra.run.smithi070.stdout:/usr/bin/ceph: stderr
2024-09-19T04:22:13.643+0000 7f18fd7fa640 1 -- 172.21.15.70:0/1230688356 <== mon.0 v2:172.21.15.70:3300/0 5 ==== osd_map(2..2 src has 1..2) ==== 940+0+0 (secure 0 0 0) 0x7f18f0030050 con 0x7f19001067b0
2024-09-19T04:22:14.568 INFO:teuthology.orchestra.run.smithi070.stdout:/usr/bin/ceph: stderr
2024-09-19T04:22:13.643+0000 7f18ff7fe640 1 -- 172.21.15.70:0/1230688356 >> [v2:172.21.15.70:6800/3440627608,v1:172.21.15.70:6801/3440627608] conn(0x7f18e8039200 msgr2=0x7f18e803b6c0 unknown :-1 s=STATE_CONNECTING_RE l=1).process reconnect failed to v2:172.21.15.70:6800/3440627608
2024-09-19T04:22:14.569 INFO:teuthology.orchestra.run.smithi070.stdout:/usr/bin/ceph: stderr
2024-09-19T04:22:13.644+0000 7f18ff7fe640 1 --2- 172.21.15.70:0/1230688356 >> [v2:172.21.15.70:6800/3440627608,v1:172.21.15.70:6801/3440627608] conn(0x7f18e8039200 0x7f18e803b6c0 unknown :-1 s=START_CONNECT pgs=0 cs=0 l=1 rev1=0 crypto rx=0 tx=0 comp rx=0 tx=0)._fault waiting 0.200000
2024-09-19T04:22:14.569 INFO:teuthology.orchestra.run.smithi070.stdout:/usr/bin/ceph: stderr
2024-09-19T04:22:13.648+0000 7f18fd7fa640 1 -- 172.21.15.70:0/1230688356 <== mon.0 v2:172.21.15.70:3300/0 6 ==== mon_command_ack([{"prefix": "get_command_descriptions"}]=0 v0) ==== 72+0+188913 (secure 0 0 0) 0x7f18f00469c0 con 0x7f19001067b0
2024-09-19T04:22:14.569 INFO:teuthology.orchestra.run.smithi070.stdout:/usr/bin/ceph: stderr
2024-09-19T04:22:13.845+0000 7f18ff7fe640 1 -- 172.21.15.70:0/1230688356 >> [v2:172.21.15.70:6800/3440627608,v1:172.21.15.70:6801/3440627608] conn(0x7f18e8039200 msgr2=0x7f18e803b6c0 unknown :-1 s=STATE_CONNECTING_RE l=1).process reconnect failed to v2:172.21.15.70:6800/3440627608
2024-09-19T04:22:14.569 INFO:teuthology.orchestra.run.smithi070.stdout:/usr/bin/ceph: stderr
2024-09-19T04:22:13.845+0000 7f18ff7fe640 1 --2- 172.21.15.70:0/1230688356 >> [v2:172.21.15.70:6800/3440627608,v1:172.21.15.70:6801/3440627608] conn(0x7f18e8039200 0x7f18e803b6c0 unknown :-1 s=START_CONNECT pgs=0 cs=0 l=1 rev1=0 crypto rx=0 tx=0 comp rx=0 tx=0)._fault waiting 0.400000
2024-09-19T04:22:14.569 INFO:teuthology.orchestra.run.smithi070.stdout:/usr/bin/ceph: stderr
2024-09-19T04:22:13.868+0000 7f19065f0640 1 -- 172.21.15.70:0/1230688356 --> [v2:172.21.15.70:3300/0,v1:172.21.15.70:6789/0] -- mon_command({"prefix": "mgr stat"} v 0) -- 0x7f1900192ba0 con 0x7f19001067b0
2024-09-19T04:22:14.569 INFO:teuthology.orchestra.run.smithi070.stdout:/usr/bin/ceph: stderr
2024-09-19T04:22:13.869+0000 7f18fd7fa640 1 -- 172.21.15.70:0/1230688356 <== mon.0 v2:172.21.15.70:3300/0 7 ==== mon_command_ack([{"prefix": "mgr stat"}]=0 v9) ==== 56+0+88 (secure 0 0 0) 0x7f18f0046c20 con 0x7f19001067b0
2024-09-19T04:22:14.569 INFO:teuthology.orchestra.run.smithi070.stdout:/usr/bin/ceph: stderr
2024-09-19T04:22:13.871+0000 7f19065f0640 1 -- 172.21.15.70:0/1230688356 >> [v2:172.21.15.70:6800/3440627608,v1:172.21.15.70:6801/3440627608] conn(0x7f18e8039200 msgr2=0x7f18e803b6c0 unknown :-1 s=STATE_CONNECTING l=1).mark_down
2024-09-19T04:22:14.569 INFO:teuthology.orchestra.run.smithi070.stdout:/usr/bin/ceph: stderr
2024-09-19T04:22:13.871+0000 7f19065f0640 1 --2- 172.21.15.70:0/1230688356 >> [v2:172.21.15.70:6800/3440627608,v1:172.21.15.70:6801/3440627608] conn(0x7f18e8039200 0x7f18e803b6c0 unknown :-1 s=START_CONNECT pgs=0 cs=0 l=1 rev1=0 crypto rx=0 tx=0 comp rx=0 tx=0).stop
2024-09-19T04:22:14.569 INFO:teuthology.orchestra.run.smithi070.stdout:/usr/bin/ceph: stderr
2024-09-19T04:22:13.871+0000 7f19065f0640 1 -- 172.21.15.70:0/1230688356 >> [v2:172.21.15.70:3300/0,v1:172.21.15.70:6789/0] conn(0x7f19001067b0 msgr2=0x7f190019db40 secure :-1 s=STATE_CONNECTION_ESTABLISHED l=1).mark_down
2024-09-19T04:22:14.569 INFO:teuthology.orchestra.run.smithi070.stdout:/usr/bin/ceph: stderr
2024-09-19T04:22:13.871+0000 7f19065f0640 1 --2- 172.21.15.70:0/1230688356 >> [v2:172.21.15.70:3300/0,v1:172.21.15.70:6789/0] conn(0x7f19001067b0 0x7f190019db40 secure :-1 s=READY pgs=56 cs=0 l=1 rev1=1 crypto rx=0x7f18f002cee0 tx=0x7f18f0032b40 comp rx=0 tx=0).stop
2024-09-19T04:22:14.569 INFO:teuthology.orchestra.run.smithi070.stdout:/usr/bin/ceph: stderr
2024-09-19T04:22:13.871+0000 7f19065f0640 1 -- 172.21.15.70:0/1230688356 shutdown_connections
2024-09-19T04:22:14.569 INFO:teuthology.orchestra.run.smithi070.stdout:/usr/bin/ceph: stderr
2024-09-19T04:22:13.871+0000 7f19065f0640 1 --2- 172.21.15.70:0/1230688356 >> [v2:172.21.15.70:6800/3440627608,v1:172.21.15.70:6801/3440627608] conn(0x7f18e8039200 0x7f18e803b6c0 unknown :-1 s=CLOSED pgs=0 cs=0 l=1 rev1=0 crypto rx=0 tx=0 comp rx=0 tx=0).stop
2024-09-19T04:22:14.569 INFO:teuthology.orchestra.run.smithi070.stdout:/usr/bin/ceph: stderr
2024-09-19T04:22:13.871+0000 7f19065f0640 1 --2- 172.21.15.70:0/1230688356 >> [v2:172.21.15.70:3300/0,v1:172.21.15.70:6789/0] conn(0x7f19001067b0 0x7f190019db40 unknown :-1 s=CLOSED pgs=56 cs=0 l=1 rev1=1 crypto rx=0 tx=0 comp rx=0 tx=0).stop
2024-09-19T04:22:14.570 INFO:teuthology.orchestra.run.smithi070.stdout:/usr/bin/ceph: stderr
2024-09-19T04:22:13.871+0000 7f19065f0640 1 -- 172.21.15.70:0/1230688356 >> 172.21.15.70:0/1230688356 conn(0x7f1900101f80 msgr2=0x7f190018fcf0 unknown :-1 s=STATE_NONE l=0).mark_down
2024-09-19T04:22:14.570 INFO:teuthology.orchestra.run.smithi070.stdout:/usr/bin/ceph: stderr
2024-09-19T04:22:13.871+0000 7f19065f0640 1 -- 172.21.15.70:0/1230688356 shutdown_connections
2024-09-19T04:22:14.570 INFO:teuthology.orchestra.run.smithi070.stdout:/usr/bin/ceph: stderr
2024-09-19T04:22:13.871+0000 7f19065f0640 1 -- 172.21.15.70:0/1230688356 wait complete.
2024-09-19T04:22:14.570 INFO:teuthology.orchestra.run.smithi070.stdout:Waiting for the mgr to restart...
2024-09-19T04:22:14.570 INFO:teuthology.orchestra.run.smithi070.stdout:Waiting for mgr epoch 9...
2024-09-19T04:22:14.806 INFO:journalctl@ceph.mgr.x.smithi070.stdout:Sep 19 04:22:14 smithi070 ceph-7f15b24a-763e-11ef-bceb-c7b262605968-mgr-x[31168]:
2024-09-19T04:22:14.667+0000 7f0bc3da2040 -1 mgr[py] Module telemetry has missing NOTIFY_TYPES member
2024-09-19T04:22:14.807 INFO:journalctl@ceph.mgr.x.smithi070.stdout:Sep 19 04:22:14 smithi070 ceph-7f15b24a-763e-11ef-bceb-c7b262605968-mgr-x[31168]:
2024-09-19T04:22:14.736+0000 7f0bc3da2040 -1 mgr[py] Module balancer has missing NOTIFY_TYPES member
2024-09-19T04:22:15.711 INFO:journalctl@ceph.mgr.x.smithi070.stdout:Sep 19 04:22:15 smithi070 ceph-7f15b24a-763e-11ef-bceb-c7b262605968-mgr-x[31168]:
2024-09-19T04:22:15.452+0000 7f0bc3da2040 -1 mgr[py] Module rook has missing NOTIFY_TYPES member
2024-09-19T04:22:15.711 INFO:journalctl@ceph.mgr.x.smithi070.stdout:Sep 19 04:22:15 smithi070 ceph-7f15b24a-763e-11ef-bceb-c7b262605968-mgr-x[31168]:
2024-09-19T04:22:15.567+0000 7f0bc3da2040 -1 mgr[py] Module iostat has missing NOTIFY_TYPES member
2024-09-19T04:22:15.986 INFO:journalctl@ceph.mgr.x.smithi070.stdout:Sep 19 04:22:15 smithi070 ceph-7f15b24a-763e-11ef-bceb-c7b262605968-mgr-x[31168]:
2024-09-19T04:22:15.709+0000 7f0bc3da2040 -1 mgr[py] Module orchestrator has missing NOTIFY_TYPES member
2024-09-19T04:22:15.986 INFO:journalctl@ceph.mgr.x.smithi070.stdout:Sep 19 04:22:15 smithi070 ceph-7f15b24a-763e-11ef-bceb-c7b262605968-mgr-x[31168]:
2024-09-19T04:22:15.770+0000 7f0bc3da2040 -1 mgr[py] Module devicehealth has missing NOTIFY_TYPES member
2024-09-19T04:22:15.986 INFO:journalctl@ceph.mgr.x.smithi070.stdout:Sep 19 04:22:15 smithi070 ceph-7f15b24a-763e-11ef-bceb-c7b262605968-mgr-x[31168]:
2024-09-19T04:22:15.917+0000 7f0bc3da2040 -1 mgr[py] Module rgw has missing NOTIFY_TYPES member
2024-09-19T04:22:15.986 INFO:journalctl@ceph.mgr.x.smithi070.stdout:Sep 19 04:22:15 smithi070 ceph-7f15b24a-763e-11ef-bceb-c7b262605968-mgr-x[31168]:
2024-09-19T04:22:15.984+0000 7f0bc3da2040 -1 mgr[py] Module alerts has missing NOTIFY_TYPES member
2024-09-19T04:22:16.269 INFO:journalctl@ceph.mgr.x.smithi070.stdout:Sep 19 04:22:16 smithi070 ceph-7f15b24a-763e-11ef-bceb-c7b262605968-mgr-x[31168]:
2024-09-19T04:22:16.045+0000 7f0bc3da2040 -1 mgr[py] Module progress has missing NOTIFY_TYPES member
2024-09-19T04:22:16.269 INFO:journalctl@ceph.mgr.x.smithi070.stdout:Sep 19 04:22:16 smithi070 ceph-7f15b24a-763e-11ef-bceb-c7b262605968-mgr-x[31168]:
2024-09-19T04:22:16.200+0000 7f0bc3da2040 -1 mgr[py] Module nfs has missing NOTIFY_TYPES member
2024-09-19T04:22:16.269 INFO:journalctl@ceph.mgr.x.smithi070.stdout:Sep 19 04:22:16 smithi070 ceph-7f15b24a-763e-11ef-bceb-c7b262605968-mgr-x[31168]:
2024-09-19T04:22:16.264+0000 7f0bc3da2040 -1 mgr[py] Module status has missing NOTIFY_TYPES member
2024-09-19T04:22:16.529 INFO:journalctl@ceph.mgr.x.smithi070.stdout:Sep 19 04:22:16 smithi070 ceph-7f15b24a-763e-11ef-bceb-c7b262605968-mgr-x[31168]:
2024-09-19T04:22:16.330+0000 7f0bc3da2040 -1 mgr[py] Module pg_autoscaler has missing NOTIFY_TYPES member
2024-09-19T04:22:16.529 INFO:journalctl@ceph.mgr.x.smithi070.stdout:Sep 19 04:22:16 smithi070 ceph-7f15b24a-763e-11ef-bceb-c7b262605968-mgr-x[31168]:
2024-09-19T04:22:16.412+0000 7f0bc3da2040 -1 mgr[py] Module rbd_support has missing NOTIFY_TYPES member
2024-09-19T04:22:16.530 INFO:journalctl@ceph.mgr.x.smithi070.stdout:Sep 19 04:22:16 smithi070 ceph-7f15b24a-763e-11ef-bceb-c7b262605968-mgr-x[31168]:
2024-09-19T04:22:16.470+0000 7f0bc3da2040 -1 mgr[py] Module influx has missing NOTIFY_TYPES member
2024-09-19T04:22:16.530 INFO:journalctl@ceph.mgr.x.smithi070.stdout:Sep 19 04:22:16 smithi070 ceph-7f15b24a-763e-11ef-bceb-c7b262605968-mgr-x[31168]:
2024-09-19T04:22:16.527+0000 7f0bc3da2040 -1 mgr[py] Module zabbix has missing NOTIFY_TYPES member
2024-09-19T04:22:17.645 INFO:journalctl@ceph.mgr.x.smithi070.stdout:Sep 19 04:22:17 smithi070 ceph-7f15b24a-763e-11ef-bceb-c7b262605968-mgr-x[31168]:
2024-09-19T04:22:17.305+0000 7f0bc3da2040 -1 mgr[py] Module telegraf has missing NOTIFY_TYPES member
2024-09-19T04:22:17.645 INFO:journalctl@ceph.mon.a.smithi070.stdout:Sep 19 04:22:17 smithi070 ceph-mon[30942]: Active manager daemon x restarted
2024-09-19T04:22:17.645 INFO:journalctl@ceph.mon.a.smithi070.stdout:Sep 19 04:22:17 smithi070 ceph-mon[30942]: Activating manager daemon x
2024-09-19T04:22:17.645 INFO:journalctl@ceph.mon.a.smithi070.stdout:Sep 19 04:22:17 smithi070 ceph-mon[30942]: osdmap e3: 0 total, 0 up, 0 in
2024-09-19T04:22:17.646 INFO:journalctl@ceph.mon.a.smithi070.stdout:Sep 19 04:22:17 smithi070 ceph-mon[30942]: mgrmap e10: x(active, starting, since 0.00301561s)
2024-09-19T04:22:17.646 INFO:journalctl@ceph.mon.a.smithi070.stdout:Sep 19 04:22:17 smithi070 ceph-mon[30942]: from='mgr.14148 172.21.15.70:0/3557072521' entity='mgr.x' cmd=[{"prefix": "mon metadata", "id": "a"}]: dispatch
2024-09-19T04:22:17.646 INFO:journalctl@ceph.mon.a.smithi070.stdout:Sep 19 04:22:17 smithi070 ceph-mon[30942]: from='mgr.14148 172.21.15.70:0/3557072521' entity='mgr.x' cmd=[{"prefix": "mgr metadata", "who": "x", "id": "x"}]: dispatch
2024-09-19T04:22:17.646 INFO:journalctl@ceph.mon.a.smithi070.stdout:Sep 19 04:22:17 smithi070 ceph-mon[30942]: from='mgr.14148 172.21.15.70:0/3557072521' entity='mgr.x' cmd=[{"prefix": "mds metadata"}]: dispatch
2024-09-19T04:22:17.646 INFO:journalctl@ceph.mon.a.smithi070.stdout:Sep 19 04:22:17 smithi070 ceph-mon[30942]: from='mgr.14148 172.21.15.70:0/3557072521' entity='mgr.x' cmd=[{"prefix": "osd metadata"}]: dispatch
2024-09-19T04:22:17.646 INFO:journalctl@ceph.mon.a.smithi070.stdout:Sep 19 04:22:17 smithi070 ceph-mon[30942]: from='mgr.14148 172.21.15.70:0/3557072521' entity='mgr.x' cmd=[{"prefix": "mon metadata"}]: dispatch
2024-09-19T04:22:17.646 INFO:journalctl@ceph.mon.a.smithi070.stdout:Sep 19 04:22:17 smithi070 ceph-mon[30942]: Manager daemon x is now available
2024-09-19T04:22:17.646 INFO:journalctl@ceph.mon.a.smithi070.stdout:Sep 19 04:22:17 smithi070 ceph-mon[30942]: from='mgr.14148 172.21.15.70:0/3557072521' entity='mgr.x' cmd=[{"prefix": "config dump", "format": "json"}]: dispatch
2024-09-19T04:22:17.646 INFO:journalctl@ceph.mon.a.smithi070.stdout:Sep 19 04:22:17 smithi070 ceph-mon[30942]: from='mgr.14148 172.21.15.70:0/3557072521' entity='mgr.x' cmd=[{"prefix":"config rm","who":"mgr","name":"mgr/rbd_support/x/mirror_snapshot_schedule"}]: dispatch
2024-09-19T04:22:17.646 INFO:journalctl@ceph.mon.a.smithi070.stdout:Sep 19 04:22:17 smithi070 ceph-mon[30942]: from='mgr.14148 172.21.15.70:0/3557072521' entity='mgr.x' cmd=[{"prefix":"config rm","who":"mgr","name":"mgr/rbd_support/x/trash_purge_schedule"}]: dispatch
2024-09-19T04:22:19.033 INFO:journalctl@ceph.mgr.x.smithi070.stdout:Sep 19 04:22:18 smithi070 ceph-7f15b24a-763e-11ef-bceb-c7b262605968-mgr-x[31168]:
2024-09-19T04:22:18.683+0000 7f0b2f0b6640 -1 log_channel(cephadm) log [ERR] : [19/Sep/2024:04:22:18] ENGINE Error in HTTPServer.serve
2024-09-19T04:22:19.033 INFO:journalctl@ceph.mgr.x.smithi070.stdout:Sep 19 04:22:18 smithi070 ceph-7f15b24a-763e-11ef-bceb-c7b262605968-mgr-x[31168]: Traceback (most recent call last):
2024-09-19T04:22:19.033 INFO:journalctl@ceph.mgr.x.smithi070.stdout:Sep 19 04:22:18 smithi070 ceph-7f15b24a-763e-11ef-bceb-c7b262605968-mgr-x[31168]: File "/lib/python3.9/site-packages/cheroot/server.py", line 1823, in serve
2024-09-19T04:22:19.033 INFO:journalctl@ceph.mgr.x.smithi070.stdout:Sep 19 04:22:18 smithi070 ceph-7f15b24a-763e-11ef-bceb-c7b262605968-mgr-x[31168]: self._connections.run(self.expiration_interval)
2024-09-19T04:22:19.033 INFO:journalctl@ceph.mgr.x.smithi070.stdout:Sep 19 04:22:18 smithi070 ceph-7f15b24a-763e-11ef-bceb-c7b262605968-mgr-x[31168]: File "/lib/python3.9/site-packages/cheroot/connections.py", line 203, in run
2024-09-19T04:22:19.033 INFO:journalctl@ceph.mgr.x.smithi070.stdout:Sep 19 04:22:18 smithi070 ceph-7f15b24a-763e-11ef-bceb-c7b262605968-mgr-x[31168]: self._run(expiration_interval)
2024-09-19T04:22:19.034 INFO:journalctl@ceph.mgr.x.smithi070.stdout:Sep 19 04:22:18 smithi070 ceph-7f15b24a-763e-11ef-bceb-c7b262605968-mgr-x[31168]: File "/lib/python3.9/site-packages/cheroot/connections.py", line 246, in _run
2024-09-19T04:22:19.034 INFO:journalctl@ceph.mgr.x.smithi070.stdout:Sep 19 04:22:18 smithi070 ceph-7f15b24a-763e-11ef-bceb-c7b262605968-mgr-x[31168]: new_conn = self._from_server_socket(self.server.socket)
2024-09-19T04:22:19.034 INFO:journalctl@ceph.mgr.x.smithi070.stdout:Sep 19 04:22:18 smithi070 ceph-7f15b24a-763e-11ef-bceb-c7b262605968-mgr-x[31168]: File "/lib/python3.9/site-packages/cheroot/connections.py", line 300, in _from_server_socket
2024-09-19T04:22:19.034 INFO:journalctl@ceph.mgr.x.smithi070.stdout:Sep 19 04:22:18 smithi070 ceph-7f15b24a-763e-11ef-bceb-c7b262605968-mgr-x[31168]: s, ssl_env = self.server.ssl_adapter.wrap(s)
2024-09-19T04:22:19.034 INFO:journalctl@ceph.mgr.x.smithi070.stdout:Sep 19 04:22:18 smithi070 ceph-7f15b24a-763e-11ef-bceb-c7b262605968-mgr-x[31168]: File "/lib/python3.9/site-packages/cheroot/ssl/builtin.py", line 277, in wrap
2024-09-19T04:22:19.034 INFO:journalctl@ceph.mgr.x.smithi070.stdout:Sep 19 04:22:18 smithi070 ceph-7f15b24a-763e-11ef-bceb-c7b262605968-mgr-x[31168]: s = self.context.wrap_socket(
2024-09-19T04:22:19.034 INFO:journalctl@ceph.mgr.x.smithi070.stdout:Sep 19 04:22:18 smithi070 ceph-7f15b24a-763e-11ef-bceb-c7b262605968-mgr-x[31168]: File "/lib64/python3.9/ssl.py", line 501, in wrap_socket
2024-09-19T04:22:19.034 INFO:journalctl@ceph.mgr.x.smithi070.stdout:Sep 19 04:22:18 smithi070 ceph-7f15b24a-763e-11ef-bceb-c7b262605968-mgr-x[31168]: return self.sslsocket_class._create(
2024-09-19T04:22:19.034 INFO:journalctl@ceph.mgr.x.smithi070.stdout:Sep 19 04:22:18 smithi070 ceph-7f15b24a-763e-11ef-bceb-c7b262605968-mgr-x[31168]: File "/lib64/python3.9/ssl.py", line 1074, in _create
2024-09-19T04:22:19.034 INFO:journalctl@ceph.mgr.x.smithi070.stdout:Sep 19 04:22:18 smithi070 ceph-7f15b24a-763e-11ef-bceb-c7b262605968-mgr-x[31168]: self.do_handshake()
2024-09-19T04:22:19.034 INFO:journalctl@ceph.mgr.x.smithi070.stdout:Sep 19 04:22:18 smithi070 ceph-7f15b24a-763e-11ef-bceb-c7b262605968-mgr-x[31168]: File "/lib64/python3.9/ssl.py", line 1343, in do_handshake
2024-09-19T04:22:19.034 INFO:journalctl@ceph.mgr.x.smithi070.stdout:Sep 19 04:22:18 smithi070 ceph-7f15b24a-763e-11ef-bceb-c7b262605968-mgr-x[31168]: self._sslobj.do_handshake()
2024-09-19T04:22:19.034 INFO:journalctl@ceph.mgr.x.smithi070.stdout:Sep 19 04:22:18 smithi070 ceph-7f15b24a-763e-11ef-bceb-c7b262605968-mgr-x[31168]: ssl.SSLZeroReturnError: TLS/SSL connection has been closed (EOF) (_ssl.c:1133)
2024-09-19T04:22:19.035 INFO:journalctl@ceph.mgr.x.smithi070.stdout:Sep 19 04:22:18 smithi070 ceph-7f15b24a-763e-11ef-bceb-c7b262605968-mgr-x[31168]:
2024-09-19T04:22:19.041 INFO:teuthology.orchestra.run.smithi070.stdout:/usr/bin/ceph: stdout {
2024-09-19T04:22:19.042 INFO:teuthology.orchestra.run.smithi070.stdout:/usr/bin/ceph: stdout "mgrmap_epoch": 11,
2024-09-19T04:22:19.042 INFO:teuthology.orchestra.run.smithi070.stdout:/usr/bin/ceph: stdout "initialized": true
2024-09-19T04:22:19.042 INFO:teuthology.orchestra.run.smithi070.stdout:/usr/bin/ceph: stdout }
2024-09-19T04:22:19.042 INFO:teuthology.orchestra.run.smithi070.stdout:/usr/bin/ceph: stderr
2024-09-19T04:22:14.995+0000 7f03ce6c7640 1 Processor -- start
2024-09-19T04:22:19.042 INFO:teuthology.orchestra.run.smithi070.stdout:/usr/bin/ceph: stderr
2024-09-19T04:22:14.996+0000 7f03ce6c7640 1 -- start start
2024-09-19T04:22:19.042 INFO:teuthology.orchestra.run.smithi070.stdout:/usr/bin/ceph: stderr
2024-09-19T04:22:14.996+0000 7f03ce6c7640 1 --2- >> [v2:172.21.15.70:3300/0,v1:172.21.15.70:6789/0] conn(0x7f03c81083e0 0x7f03c810a7d0 unknown :-1 s=NONE pgs=0 cs=0 l=0 rev1=0 crypto rx=0 tx=0 comp rx=0 tx=0).connect
2024-09-19T04:22:19.042 INFO:teuthology.orchestra.run.smithi070.stdout:/usr/bin/ceph: stderr
2024-09-19T04:22:14.996+0000 7f03ce6c7640 1 -- --> [v2:172.21.15.70:3300/0,v1:172.21.15.70:6789/0] -- mon_getmap magic: 0 -- 0x7f03c807be10 con 0x7f03c81083e0
2024-09-19T04:22:19.042 INFO:teuthology.orchestra.run.smithi070.stdout:/usr/bin/ceph: stderr
2024-09-19T04:22:14.996+0000 7f03c7fff640 1 --2- >> [v2:172.21.15.70:3300/0,v1:172.21.15.70:6789/0] conn(0x7f03c81083e0 0x7f03c810a7d0 unknown :-1 s=BANNER_CONNECTING pgs=0 cs=0 l=0 rev1=0 crypto rx=0 tx=0 comp rx=0 tx=0)._handle_peer_banner_payload supported=3 required=0
2024-09-19T04:22:19.042 INFO:teuthology.orchestra.run.smithi070.stdout:/usr/bin/ceph: stderr
2024-09-19T04:22:14.996+0000 7f03c7fff640 1 --2- >> [v2:172.21.15.70:3300/0,v1:172.21.15.70:6789/0] conn(0x7f03c81083e0 0x7f03c810a7d0 unknown :-1 s=HELLO_CONNECTING pgs=0 cs=0 l=0 rev1=1 crypto rx=0 tx=0 comp rx=0 tx=0).handle_hello peer v2:172.21.15.70:3300/0 says I am v2:172.21.15.70:41904/0 (socket says 172.21.15.70:41904)
2024-09-19T04:22:19.042 INFO:teuthology.orchestra.run.smithi070.stdout:/usr/bin/ceph: stderr
2024-09-19T04:22:14.996+0000 7f03c7fff640 1 -- 172.21.15.70:0/526795771 learned_addr learned my addr 172.21.15.70:0/526795771 (peer_addr_for_me v2:172.21.15.70:0/0)
2024-09-19T04:22:19.042 INFO:teuthology.orchestra.run.smithi070.stdout:/usr/bin/ceph: stderr
2024-09-19T04:22:14.996+0000 7f03c7fff640 1 -- 172.21.15.70:0/526795771 --> [v2:172.21.15.70:3300/0,v1:172.21.15.70:6789/0] -- mon_subscribe({config=0+,monmap=0+}) -- 0x7f03c810ad10 con 0x7f03c81083e0
2024-09-19T04:22:19.042 INFO:teuthology.orchestra.run.smithi070.stdout:/usr/bin/ceph: stderr
2024-09-19T04:22:14.997+0000 7f03c7fff640 1 --2- 172.21.15.70:0/526795771 >> [v2:172.21.15.70:3300/0,v1:172.21.15.70:6789/0] conn(0x7f03c81083e0 0x7f03c810a7d0 secure :-1 s=READY pgs=57 cs=0 l=1 rev1=1 crypto rx=0x7f03b8009820 tx=0x7f03b802a270 comp rx=0 tx=0).ready entity=mon.0 client_cookie=114afc78dedf395e server_cookie=0 in_seq=0 out_seq=0
2024-09-19T04:22:19.043 INFO:teuthology.orchestra.run.smithi070.stdout:/usr/bin/ceph: stderr
2024-09-19T04:22:14.997+0000 7f03c77fe640 1 -- 172.21.15.70:0/526795771 <== mon.0 v2:172.21.15.70:3300/0 1 ==== mon_map magic: 0 ==== 205+0+0 (secure 0 0 0) 0x7f03b8037070 con 0x7f03c81083e0
2024-09-19T04:22:19.043 INFO:teuthology.orchestra.run.smithi070.stdout:/usr/bin/ceph: stderr
2024-09-19T04:22:14.997+0000 7f03c77fe640 1 -- 172.21.15.70:0/526795771 <== mon.0 v2:172.21.15.70:3300/0 2 ==== config(27 keys) ==== 1136+0+0 (secure 0 0 0) 0x7f03b8032910 con 0x7f03c81083e0
2024-09-19T04:22:19.043 INFO:teuthology.orchestra.run.smithi070.stdout:/usr/bin/ceph: stderr
2024-09-19T04:22:14.997+0000 7f03c77fe640 1 -- 172.21.15.70:0/526795771 <== mon.0 v2:172.21.15.70:3300/0 3 ==== mon_map magic: 0 ==== 205+0+0 (secure 0 0 0) 0x7f03b80307d0 con 0x7f03c81083e0
2024-09-19T04:22:19.043 INFO:teuthology.orchestra.run.smithi070.stdout:/usr/bin/ceph: stderr
2024-09-19T04:22:14.998+0000 7f03ce6c7640 1 -- 172.21.15.70:0/526795771 >> [v2:172.21.15.70:3300/0,v1:172.21.15.70:6789/0] conn(0x7f03c81083e0 msgr2=0x7f03c810a7d0 secure :-1 s=STATE_CONNECTION_ESTABLISHED l=1).mark_down
2024-09-19T04:22:19.043 INFO:teuthology.orchestra.run.smithi070.stdout:/usr/bin/ceph: stderr
2024-09-19T04:22:14.998+0000 7f03ce6c7640 1 --2- 172.21.15.70:0/526795771 >> [v2:172.21.15.70:3300/0,v1:172.21.15.70:6789/0] conn(0x7f03c81083e0 0x7f03c810a7d0 secure :-1 s=READY pgs=57 cs=0 l=1 rev1=1 crypto rx=0x7f03b8009820 tx=0x7f03b802a270 comp rx=0 tx=0).stop
2024-09-19T04:22:19.043 INFO:teuthology.orchestra.run.smithi070.stdout:/usr/bin/ceph: stderr
2024-09-19T04:22:14.998+0000 7f03ce6c7640 1 -- 172.21.15.70:0/526795771 shutdown_connections
2024-09-19T04:22:19.043 INFO:teuthology.orchestra.run.smithi070.stdout:/usr/bin/ceph: stderr
2024-09-19T04:22:14.998+0000 7f03ce6c7640 1 --2- 172.21.15.70:0/526795771 >> [v2:172.21.15.70:3300/0,v1:172.21.15.70:6789/0] conn(0x7f03c81083e0 0x7f03c810a7d0 unknown :-1 s=CLOSED pgs=57 cs=0 l=1 rev1=1 crypto rx=0 tx=0 comp rx=0 tx=0).stop
2024-09-19T04:22:19.043 INFO:teuthology.orchestra.run.smithi070.stdout:/usr/bin/ceph: stderr
2024-09-19T04:22:14.998+0000 7f03ce6c7640 1 -- 172.21.15.70:0/526795771 >> 172.21.15.70:0/526795771 conn(0x7f03c8101f80 msgr2=0x7f03c81043a0 unknown :-1 s=STATE_NONE l=0).mark_down
2024-09-19T04:22:19.043 INFO:teuthology.orchestra.run.smithi070.stdout:/usr/bin/ceph: stderr
2024-09-19T04:22:14.998+0000 7f03ce6c7640 1 -- 172.21.15.70:0/526795771 shutdown_connections
2024-09-19T04:22:19.043 INFO:teuthology.orchestra.run.smithi070.stdout:/usr/bin/ceph: stderr
2024-09-19T04:22:14.998+0000 7f03ce6c7640 1 -- 172.21.15.70:0/526795771 wait complete.
2024-09-19T04:22:19.043 INFO:teuthology.orchestra.run.smithi070.stdout:/usr/bin/ceph: stderr
2024-09-19T04:22:14.998+0000 7f03ce6c7640 1 Processor -- start
2024-09-19T04:22:19.043 INFO:teuthology.orchestra.run.smithi070.stdout:/usr/bin/ceph: stderr
2024-09-19T04:22:14.999+0000 7f03ce6c7640 1 -- start start
2024-09-19T04:22:19.043 INFO:teuthology.orchestra.run.smithi070.stdout:/usr/bin/ceph: stderr
2024-09-19T04:22:14.999+0000 7f03ce6c7640 1 --2- >> [v2:172.21.15.70:3300/0,v1:172.21.15.70:6789/0] conn(0x7f03c81083e0 0x7f03c819da70 unknown :-1 s=NONE pgs=0 cs=0 l=1 rev1=0 crypto rx=0 tx=0 comp rx=0 tx=0).connect
2024-09-19T04:22:19.044 INFO:teuthology.orchestra.run.smithi070.stdout:/usr/bin/ceph: stderr
2024-09-19T04:22:14.999+0000 7f03ce6c7640 1 -- --> [v2:172.21.15.70:3300/0,v1:172.21.15.70:6789/0] -- mon_getmap magic: 0 -- 0x7f03c810bd30 con 0x7f03c81083e0
2024-09-19T04:22:19.044 INFO:teuthology.orchestra.run.smithi070.stdout:/usr/bin/ceph: stderr
2024-09-19T04:22:14.999+0000 7f03c7fff640 1 --2- >> [v2:172.21.15.70:3300/0,v1:172.21.15.70:6789/0] conn(0x7f03c81083e0 0x7f03c819da70 unknown :-1 s=BANNER_CONNECTING pgs=0 cs=0 l=1 rev1=0 crypto rx=0 tx=0 comp rx=0 tx=0)._handle_peer_banner_payload supported=3 required=0
2024-09-19T04:22:19.044 INFO:teuthology.orchestra.run.smithi070.stdout:/usr/bin/ceph: stderr
2024-09-19T04:22:14.999+0000 7f03c7fff640 1 --2- >> [v2:172.21.15.70:3300/0,v1:172.21.15.70:6789/0] conn(0x7f03c81083e0 0x7f03c819da70 unknown :-1 s=HELLO_CONNECTING pgs=0 cs=0 l=1 rev1=1 crypto rx=0 tx=0 comp rx=0 tx=0).handle_hello peer v2:172.21.15.70:3300/0 says I am v2:172.21.15.70:41916/0 (socket says 172.21.15.70:41916)
2024-09-19T04:22:19.044 INFO:teuthology.orchestra.run.smithi070.stdout:/usr/bin/ceph: stderr
2024-09-19T04:22:14.999+0000 7f03c7fff640 1 -- 172.21.15.70:0/576408997 learned_addr learned my addr 172.21.15.70:0/576408997 (peer_addr_for_me v2:172.21.15.70:0/0)
2024-09-19T04:22:19.044 INFO:teuthology.orchestra.run.smithi070.stdout:/usr/bin/ceph: stderr
2024-09-19T04:22:14.999+0000 7f03c7fff640 1 -- 172.21.15.70:0/576408997 --> [v2:172.21.15.70:3300/0,v1:172.21.15.70:6789/0] -- mon_subscribe({config=0+,monmap=0+}) -- 0x7f03c819dfb0 con 0x7f03c81083e0
2024-09-19T04:22:19.044 INFO:teuthology.orchestra.run.smithi070.stdout:/usr/bin/ceph: stderr
2024-09-19T04:22:14.999+0000 7f03c7fff640 1 --2- 172.21.15.70:0/576408997 >> [v2:172.21.15.70:3300/0,v1:172.21.15.70:6789/0] conn(0x7f03c81083e0 0x7f03c819da70 secure :-1 s=READY pgs=58 cs=0 l=1 rev1=1 crypto rx=0x7f03b8030520 tx=0x7f03b80327b0 comp rx=0 tx=0).ready entity=mon.0 client_cookie=0 server_cookie=0 in_seq=0 out_seq=0
2024-09-19T04:22:19.044 INFO:teuthology.orchestra.run.smithi070.stdout:/usr/bin/ceph: stderr
2024-09-19T04:22:14.999+0000 7f03c5ffb640 1 -- 172.21.15.70:0/576408997 <== mon.0 v2:172.21.15.70:3300/0 1 ==== mon_map magic: 0 ==== 205+0+0 (secure 0 0 0) 0x7f03b8042070 con 0x7f03c81083e0
2024-09-19T04:22:19.044 INFO:teuthology.orchestra.run.smithi070.stdout:/usr/bin/ceph: stderr
2024-09-19T04:22:14.999+0000 7f03c5ffb640 1 -- 172.21.15.70:0/576408997 <== mon.0 v2:172.21.15.70:3300/0 2 ==== config(27 keys) ==== 1136+0+0 (secure 0 0 0) 0x7f03b8030d50 con 0x7f03c81083e0
2024-09-19T04:22:19.044 INFO:teuthology.orchestra.run.smithi070.stdout:/usr/bin/ceph: stderr
2024-09-19T04:22:14.999+0000 7f03ce6c7640 1 -- 172.21.15.70:0/576408997 --> [v2:172.21.15.70:3300/0,v1:172.21.15.70:6789/0] -- mon_subscribe({mgrmap=0+}) -- 0x7f03c819e240 con 0x7f03c81083e0
2024-09-19T04:22:19.044 INFO:teuthology.orchestra.run.smithi070.stdout:/usr/bin/ceph: stderr
2024-09-19T04:22:15.000+0000 7f03c5ffb640 1 -- 172.21.15.70:0/576408997 <== mon.0 v2:172.21.15.70:3300/0 3 ==== mon_map magic: 0 ==== 205+0+0 (secure 0 0 0) 0x7f03b8037040 con 0x7f03c81083e0
2024-09-19T04:22:19.044 INFO:teuthology.orchestra.run.smithi070.stdout:/usr/bin/ceph: stderr
2024-09-19T04:22:15.000+0000 7f03ce6c7640 1 -- 172.21.15.70:0/576408997 --> [v2:172.21.15.70:3300/0,v1:172.21.15.70:6789/0] -- mon_subscribe({osdmap=0}) -- 0x7f03c81a0f30 con 0x7f03c81083e0
2024-09-19T04:22:19.044 INFO:teuthology.orchestra.run.smithi070.stdout:/usr/bin/ceph: stderr
2024-09-19T04:22:15.001+0000 7f03c5ffb640 1 -- 172.21.15.70:0/576408997 <== mon.0 v2:172.21.15.70:3300/0 4 ==== mgrmap(e 9) ==== 46474+0+0 (secure 0 0 0) 0x7f03b8045070 con 0x7f03c81083e0
2024-09-19T04:22:19.044 INFO:teuthology.orchestra.run.smithi070.stdout:/usr/bin/ceph: stderr
2024-09-19T04:22:15.001+0000 7f03c5ffb640 1 --2- 172.21.15.70:0/576408997 >> [v2:172.21.15.70:6800/3440627608,v1:172.21.15.70:6801/3440627608] conn(0x7f03b4039200 0x7f03b403b6c0 unknown :-1 s=NONE pgs=0 cs=0 l=1 rev1=0 crypto rx=0 tx=0 comp rx=0 tx=0).connect
2024-09-19T04:22:19.045 INFO:teuthology.orchestra.run.smithi070.stdout:/usr/bin/ceph: stderr
2024-09-19T04:22:15.001+0000 7f03c5ffb640 1 -- 172.21.15.70:0/576408997 --> [v2:172.21.15.70:6800/3440627608,v1:172.21.15.70:6801/3440627608] -- command(tid 0: {"prefix": "get_command_descriptions"}) -- 0x7f03b403bdd0 con 0x7f03b4039200
2024-09-19T04:22:19.045 INFO:teuthology.orchestra.run.smithi070.stdout:/usr/bin/ceph: stderr
2024-09-19T04:22:15.001+0000 7f03bffff640 1 -- 172.21.15.70:0/576408997 >> [v2:172.21.15.70:6800/3440627608,v1:172.21.15.70:6801/3440627608] conn(0x7f03b4039200 msgr2=0x7f03b403b6c0 unknown :-1 s=STATE_CONNECTING_RE l=1).process reconnect failed to v2:172.21.15.70:6800/3440627608
2024-09-19T04:22:19.045 INFO:teuthology.orchestra.run.smithi070.stdout:/usr/bin/ceph: stderr
2024-09-19T04:22:15.001+0000 7f03c5ffb640 1 -- 172.21.15.70:0/576408997 <== mon.0 v2:172.21.15.70:3300/0 5 ==== osd_map(2..2 src has 1..2) ==== 940+0+0 (secure 0 0 0) 0x7f03b806c430 con 0x7f03c81083e0
2024-09-19T04:22:19.045 INFO:teuthology.orchestra.run.smithi070.stdout:/usr/bin/ceph: stderr
2024-09-19T04:22:15.001+0000 7f03bffff640 1 --2- 172.21.15.70:0/576408997 >> [v2:172.21.15.70:6800/3440627608,v1:172.21.15.70:6801/3440627608] conn(0x7f03b4039200 0x7f03b403b6c0 unknown :-1 s=START_CONNECT pgs=0 cs=0 l=1 rev1=0 crypto rx=0 tx=0 comp rx=0 tx=0)._fault waiting 0.200000
2024-09-19T04:22:19.045 INFO:teuthology.orchestra.run.smithi070.stdout:/usr/bin/ceph: stderr
2024-09-19T04:22:15.202+0000 7f03bffff640 1 -- 172.21.15.70:0/576408997 >> [v2:172.21.15.70:6800/3440627608,v1:172.21.15.70:6801/3440627608] conn(0x7f03b4039200 msgr2=0x7f03b403b6c0 unknown :-1 s=STATE_CONNECTING_RE l=1).process reconnect failed to v2:172.21.15.70:6800/3440627608
2024-09-19T04:22:19.045 INFO:teuthology.orchestra.run.smithi070.stdout:/usr/bin/ceph: stderr
2024-09-19T04:22:15.202+0000 7f03bffff640 1 --2- 172.21.15.70:0/576408997 >> [v2:172.21.15.70:6800/3440627608,v1:172.21.15.70:6801/3440627608] conn(0x7f03b4039200 0x7f03b403b6c0 unknown :-1 s=START_CONNECT pgs=0 cs=0 l=1 rev1=0 crypto rx=0 tx=0 comp rx=0 tx=0)._fault waiting 0.400000
2024-09-19T04:22:19.045 INFO:teuthology.orchestra.run.smithi070.stdout:/usr/bin/ceph: stderr
2024-09-19T04:22:15.603+0000 7f03bffff640 1 -- 172.21.15.70:0/576408997 >> [v2:172.21.15.70:6800/3440627608,v1:172.21.15.70:6801/3440627608] conn(0x7f03b4039200 msgr2=0x7f03b403b6c0 unknown :-1 s=STATE_CONNECTING_RE l=1).process reconnect failed to v2:172.21.15.70:6800/3440627608
2024-09-19T04:22:19.045 INFO:teuthology.orchestra.run.smithi070.stdout:/usr/bin/ceph: stderr
2024-09-19T04:22:15.603+0000 7f03bffff640 1 --2- 172.21.15.70:0/576408997 >> [v2:172.21.15.70:6800/3440627608,v1:172.21.15.70:6801/3440627608] conn(0x7f03b4039200 0x7f03b403b6c0 unknown :-1 s=START_CONNECT pgs=0 cs=0 l=1 rev1=0 crypto rx=0 tx=0 comp rx=0 tx=0)._fault waiting 0.800000
2024-09-19T04:22:19.045 INFO:teuthology.orchestra.run.smithi070.stdout:/usr/bin/ceph: stderr
2024-09-19T04:22:16.404+0000 7f03bffff640 1 -- 172.21.15.70:0/576408997 >> [v2:172.21.15.70:6800/3440627608,v1:172.21.15.70:6801/3440627608] conn(0x7f03b4039200 msgr2=0x7f03b403b6c0 unknown :-1 s=STATE_CONNECTING_RE l=1).process reconnect failed to v2:172.21.15.70:6800/3440627608
2024-09-19T04:22:19.045 INFO:teuthology.orchestra.run.smithi070.stdout:/usr/bin/ceph: stderr
2024-09-19T04:22:16.404+0000 7f03bffff640 1 --2- 172.21.15.70:0/576408997 >> [v2:172.21.15.70:6800/3440627608,v1:172.21.15.70:6801/3440627608] conn(0x7f03b4039200 0x7f03b403b6c0 unknown :-1 s=START_CONNECT pgs=0 cs=0 l=1 rev1=0 crypto rx=0 tx=0 comp rx=0 tx=0)._fault waiting 1.600000
2024-09-19T04:22:19.045 INFO:teuthology.orchestra.run.smithi070.stdout:/usr/bin/ceph: stderr
2024-09-19T04:22:17.309+0000 7f03c5ffb640 1 -- 172.21.15.70:0/576408997 <== mon.0 v2:172.21.15.70:3300/0 6 ==== mgrmap(e 10) ==== 46241+0+0 (secure 0 0 0) 0x7f03b806aee0 con 0x7f03c81083e0
2024-09-19T04:22:19.045 INFO:teuthology.orchestra.run.smithi070.stdout:/usr/bin/ceph: stderr
2024-09-19T04:22:17.309+0000 7f03c5ffb640 1 -- 172.21.15.70:0/576408997 >> [v2:172.21.15.70:6800/3440627608,v1:172.21.15.70:6801/3440627608] conn(0x7f03b4039200 msgr2=0x7f03b403b6c0 unknown :-1 s=STATE_CONNECTING l=1).mark_down
2024-09-19T04:22:19.045 INFO:teuthology.orchestra.run.smithi070.stdout:/usr/bin/ceph: stderr
2024-09-19T04:22:17.309+0000 7f03c5ffb640 1 --2- 172.21.15.70:0/576408997 >> [v2:172.21.15.70:6800/3440627608,v1:172.21.15.70:6801/3440627608] conn(0x7f03b4039200 0x7f03b403b6c0 unknown :-1 s=START_CONNECT pgs=0 cs=0 l=1 rev1=0 crypto rx=0 tx=0 comp rx=0 tx=0).stop
2024-09-19T04:22:19.046 INFO:teuthology.orchestra.run.smithi070.stdout:/usr/bin/ceph: stderr
2024-09-19T04:22:18.311+0000 7f03c5ffb640 1 -- 172.21.15.70:0/576408997 <== mon.0 v2:172.21.15.70:3300/0 7 ==== mgrmap(e 11) ==== 46368+0+0 (secure 0 0 0) 0x7f03b803c7f0 con 0x7f03c81083e0
2024-09-19T04:22:19.046 INFO:teuthology.orchestra.run.smithi070.stdout:/usr/bin/ceph: stderr
2024-09-19T04:22:18.311+0000 7f03c5ffb640 1 --2- 172.21.15.70:0/576408997 >> [v2:172.21.15.70:6800/4212188848,v1:172.21.15.70:6801/4212188848] conn(0x7f03b403ccc0 0x7f03b403f0b0 unknown :-1 s=NONE pgs=0 cs=0 l=1 rev1=0 crypto rx=0 tx=0 comp rx=0 tx=0).connect
2024-09-19T04:22:19.046 INFO:teuthology.orchestra.run.smithi070.stdout:/usr/bin/ceph: stderr
2024-09-19T04:22:18.311+0000 7f03c5ffb640 1 -- 172.21.15.70:0/576408997 --> [v2:172.21.15.70:6800/4212188848,v1:172.21.15.70:6801/4212188848] -- command(tid 0: {"prefix": "get_command_descriptions"}) -- 0x7f03b8033e50 con 0x7f03b403ccc0
2024-09-19T04:22:19.046 INFO:teuthology.orchestra.run.smithi070.stdout:/usr/bin/ceph: stderr
2024-09-19T04:22:18.311+0000 7f03bffff640 1 --2- 172.21.15.70:0/576408997 >> [v2:172.21.15.70:6800/4212188848,v1:172.21.15.70:6801/4212188848] conn(0x7f03b403ccc0 0x7f03b403f0b0 unknown :-1 s=BANNER_CONNECTING pgs=0 cs=0 l=1 rev1=0 crypto rx=0 tx=0 comp rx=0 tx=0)._handle_peer_banner_payload supported=3 required=0
2024-09-19T04:22:19.046 INFO:teuthology.orchestra.run.smithi070.stdout:/usr/bin/ceph: stderr
2024-09-19T04:22:18.312+0000 7f03bffff640 1 --2- 172.21.15.70:0/576408997 >> [v2:172.21.15.70:6800/4212188848,v1:172.21.15.70:6801/4212188848] conn(0x7f03b403ccc0 0x7f03b403f0b0 secure :-1 s=READY pgs=1 cs=0 l=1 rev1=1 crypto rx=0x7f03b0003980 tx=0x7f03b0006e10 comp rx=0 tx=0).ready entity=mgr.14148 client_cookie=0 server_cookie=0 in_seq=0 out_seq=0
2024-09-19T04:22:19.046 INFO:teuthology.orchestra.run.smithi070.stdout:/usr/bin/ceph: stderr
2024-09-19T04:22:18.313+0000 7f03c5ffb640 1 -- 172.21.15.70:0/576408997 <== mgr.14148 v2:172.21.15.70:6800/4212188848 1 ==== command_reply(tid 0: 0 ) ==== 8+0+9564 (secure 0 0 0) 0x7f03b8033e50 con 0x7f03b403ccc0
2024-09-19T04:22:19.046 INFO:teuthology.orchestra.run.smithi070.stdout:/usr/bin/ceph: stderr
2024-09-19T04:22:18.320+0000 7f03ce6c7640 1 -- 172.21.15.70:0/576408997 --> [v2:172.21.15.70:6800/4212188848,v1:172.21.15.70:6801/4212188848] -- command(tid 1: {"prefix": "mgr_status"}) -- 0x7f03c81087c0 con 0x7f03b403ccc0
2024-09-19T04:22:19.046 INFO:teuthology.orchestra.run.smithi070.stdout:/usr/bin/ceph: stderr
2024-09-19T04:22:18.320+0000 7f03c5ffb640 1 -- 172.21.15.70:0/576408997 <== mgr.14148 v2:172.21.15.70:6800/4212188848 2 ==== command_reply(tid 1: 0 ) ==== 8+0+52 (secure 0 0 0) 0x7f03c81087c0 con 0x7f03b403ccc0
2024-09-19T04:22:19.046 INFO:teuthology.orchestra.run.smithi070.stdout:/usr/bin/ceph: stderr
2024-09-19T04:22:18.320+0000 7f03ce6c7640 1 -- 172.21.15.70:0/576408997 >> [v2:172.21.15.70:6800/4212188848,v1:172.21.15.70:6801/4212188848] conn(0x7f03b403ccc0 msgr2=0x7f03b403f0b0 secure :-1 s=STATE_CONNECTION_ESTABLISHED l=1).mark_down
2024-09-19T04:22:19.046 INFO:teuthology.orchestra.run.smithi070.stdout:/usr/bin/ceph: stderr
2024-09-19T04:22:18.320+0000 7f03ce6c7640 1 --2- 172.21.15.70:0/576408997 >> [v2:172.21.15.70:6800/4212188848,v1:172.21.15.70:6801/4212188848] conn(0x7f03b403ccc0 0x7f03b403f0b0 secure :-1 s=READY pgs=1 cs=0 l=1 rev1=1 crypto rx=0x7f03b0003980 tx=0x7f03b0006e10 comp rx=0 tx=0).stop
2024-09-19T04:22:19.047 INFO:teuthology.orchestra.run.smithi070.stdout:/usr/bin/ceph: stderr
2024-09-19T04:22:18.320+0000 7f03ce6c7640 1 -- 172.21.15.70:0/576408997 >> [v2:172.21.15.70:3300/0,v1:172.21.15.70:6789/0] conn(0x7f03c81083e0 msgr2=0x7f03c819da70 secure :-1 s=STATE_CONNECTION_ESTABLISHED l=1).mark_down
2024-09-19T04:22:19.047 INFO:teuthology.orchestra.run.smithi070.stdout:/usr/bin/ceph: stderr
2024-09-19T04:22:18.320+0000 7f03ce6c7640 1 --2- 172.21.15.70:0/576408997 >> [v2:172.21.15.70:3300/0,v1:172.21.15.70:6789/0] conn(0x7f03c81083e0 0x7f03c819da70 secure :-1 s=READY pgs=58 cs=0 l=1 rev1=1 crypto rx=0x7f03b8030520 tx=0x7f03b80327b0 comp rx=0 tx=0).stop
2024-09-19T04:22:19.047 INFO:teuthology.orchestra.run.smithi070.stdout:/usr/bin/ceph: stderr
2024-09-19T04:22:18.320+0000 7f03ce6c7640 1 -- 172.21.15.70:0/576408997 shutdown_connections
2024-09-19T04:22:19.047 INFO:teuthology.orchestra.run.smithi070.stdout:/usr/bin/ceph: stderr
2024-09-19T04:22:18.320+0000 7f03ce6c7640 1 --2- 172.21.15.70:0/576408997 >> [v2:172.21.15.70:6800/4212188848,v1:172.21.15.70:6801/4212188848] conn(0x7f03b403ccc0 0x7f03b403f0b0 unknown :-1 s=CLOSED pgs=1 cs=0 l=1 rev1=1 crypto rx=0 tx=0 comp rx=0 tx=0).stop
2024-09-19T04:22:19.047 INFO:teuthology.orchestra.run.smithi070.stdout:/usr/bin/ceph: stderr
2024-09-19T04:22:18.320+0000 7f03ce6c7640 1 --2- 172.21.15.70:0/576408997 >> [v2:172.21.15.70:6800/3440627608,v1:172.21.15.70:6801/3440627608] conn(0x7f03b4039200 0x7f03b403b6c0 unknown :-1 s=CLOSED pgs=0 cs=0 l=1 rev1=0 crypto rx=0 tx=0 comp rx=0 tx=0).stop
2024-09-19T04:22:19.047 INFO:teuthology.orchestra.run.smithi070.stdout:/usr/bin/ceph: stderr
2024-09-19T04:22:18.320+0000 7f03ce6c7640 1 --2- 172.21.15.70:0/576408997 >> [v2:172.21.15.70:3300/0,v1:172.21.15.70:6789/0] conn(0x7f03c81083e0 0x7f03c819da70 unknown :-1 s=CLOSED pgs=58 cs=0 l=1 rev1=1 crypto rx=0 tx=0 comp rx=0 tx=0).stop
2024-09-19T04:22:19.047 INFO:teuthology.orchestra.run.smithi070.stdout:/usr/bin/ceph: stderr
2024-09-19T04:22:18.320+0000 7f03ce6c7640 1 -- 172.21.15.70:0/576408997 >> 172.21.15.70:0/576408997 conn(0x7f03c8101f80 msgr2=0x7f03c8102a20 unknown :-1 s=STATE_NONE l=0).mark_down
2024-09-19T04:22:19.047 INFO:teuthology.orchestra.run.smithi070.stdout:/usr/bin/ceph: stderr
2024-09-19T04:22:18.320+0000 7f03ce6c7640 1 -- 172.21.15.70:0/576408997 shutdown_connections
2024-09-19T04:22:19.047 INFO:teuthology.orchestra.run.smithi070.stdout:/usr/bin/ceph: stderr
2024-09-19T04:22:18.320+0000 7f03ce6c7640 1 -- 172.21.15.70:0/576408997 wait complete.
2024-09-19T04:22:19.047 INFO:teuthology.orchestra.run.smithi070.stdout:mgr epoch 9 is available
2024-09-19T04:22:19.047 INFO:teuthology.orchestra.run.smithi070.stdout:Generating a dashboard self-signed certificate...
2024-09-19T04:22:19.630 INFO:journalctl@ceph.mon.a.smithi070.stdout:Sep 19 04:22:19 smithi070 ceph-mon[30942]: from='client.14152 -' entity='client.admin' cmd=[{"prefix": "get_command_descriptions"}]: dispatch
2024-09-19T04:22:19.630 INFO:journalctl@ceph.mon.a.smithi070.stdout:Sep 19 04:22:19 smithi070 ceph-mon[30942]: mgrmap e11: x(active, since 1.00645s)
2024-09-19T04:22:19.630 INFO:journalctl@ceph.mon.a.smithi070.stdout:Sep 19 04:22:19 smithi070 ceph-mon[30942]: from='client.14152 -' entity='client.admin' cmd=[{"prefix": "mgr_status"}]: dispatch
2024-09-19T04:22:20.305 INFO:teuthology.orchestra.run.smithi070.stdout:/usr/bin/ceph: stdout Self-signed certificate created
2024-09-19T04:22:20.305 INFO:teuthology.orchestra.run.smithi070.stdout:/usr/bin/ceph: stderr
2024-09-19T04:22:19.428+0000 7fa305fc3640 1 Processor -- start
2024-09-19T04:22:20.305 INFO:teuthology.orchestra.run.smithi070.stdout:/usr/bin/ceph: stderr
2024-09-19T04:22:19.428+0000 7fa305fc3640 1 -- start start
2024-09-19T04:22:20.305 INFO:teuthology.orchestra.run.smithi070.stdout:/usr/bin/ceph: stderr
2024-09-19T04:22:19.428+0000 7fa305fc3640 1 --2- >> [v2:172.21.15.70:3300/0,v1:172.21.15.70:6789/0] conn(0x7fa30007de70 0x7fa30007c320 unknown :-1 s=NONE pgs=0 cs=0 l=0 rev1=0 crypto rx=0 tx=0 comp rx=0 tx=0).connect
2024-09-19T04:22:20.306 INFO:teuthology.orchestra.run.smithi070.stdout:/usr/bin/ceph: stderr
2024-09-19T04:22:19.428+0000 7fa305fc3640 1 -- --> [v2:172.21.15.70:3300/0,v1:172.21.15.70:6789/0] -- mon_getmap magic: 0 -- 0x7fa30007c860 con 0x7fa30007de70
2024-09-19T04:22:20.306 INFO:teuthology.orchestra.run.smithi070.stdout:/usr/bin/ceph: stderr
2024-09-19T04:22:19.429+0000 7fa2ff7fe640 1 --2- >> [v2:172.21.15.70:3300/0,v1:172.21.15.70:6789/0] conn(0x7fa30007de70 0x7fa30007c320 unknown :-1 s=BANNER_CONNECTING pgs=0 cs=0 l=0 rev1=0 crypto rx=0 tx=0 comp rx=0 tx=0)._handle_peer_banner_payload supported=3 required=0
2024-09-19T04:22:20.306 INFO:teuthology.orchestra.run.smithi070.stdout:/usr/bin/ceph: stderr
2024-09-19T04:22:19.429+0000 7fa2ff7fe640 1 --2- >> [v2:172.21.15.70:3300/0,v1:172.21.15.70:6789/0] conn(0x7fa30007de70 0x7fa30007c320 unknown :-1 s=HELLO_CONNECTING pgs=0 cs=0 l=0 rev1=1 crypto rx=0 tx=0 comp rx=0 tx=0).handle_hello peer v2:172.21.15.70:3300/0 says I am v2:172.21.15.70:42004/0 (socket says 172.21.15.70:42004)
2024-09-19T04:22:20.306 INFO:teuthology.orchestra.run.smithi070.stdout:/usr/bin/ceph: stderr
2024-09-19T04:22:19.429+0000 7fa2ff7fe640 1 -- 172.21.15.70:0/459380988 learned_addr learned my addr 172.21.15.70:0/459380988 (peer_addr_for_me v2:172.21.15.70:0/0)
2024-09-19T04:22:20.306 INFO:teuthology.orchestra.run.smithi070.stdout:/usr/bin/ceph: stderr
2024-09-19T04:22:19.429+0000 7fa2ff7fe640 1 -- 172.21.15.70:0/459380988 --> [v2:172.21.15.70:3300/0,v1:172.21.15.70:6789/0] -- mon_subscribe({config=0+,monmap=0+}) -- 0x7fa30007c9e0 con 0x7fa30007de70
2024-09-19T04:22:20.306 INFO:teuthology.orchestra.run.smithi070.stdout:/usr/bin/ceph: stderr
2024-09-19T04:22:19.430+0000 7fa2ff7fe640 1 --2- 172.21.15.70:0/459380988 >> [v2:172.21.15.70:3300/0,v1:172.21.15.70:6789/0] conn(0x7fa30007de70 0x7fa30007c320 secure :-1 s=READY pgs=66 cs=0 l=1 rev1=1 crypto rx=0x7fa2f0009820 tx=0x7fa2f002a300 comp rx=0 tx=0).ready entity=mon.0 client_cookie=832de831e918c4e8 server_cookie=0 in_seq=0 out_seq=0
2024-09-19T04:22:20.306 INFO:teuthology.orchestra.run.smithi070.stdout:/usr/bin/ceph: stderr
2024-09-19T04:22:19.430+0000 7fa2fe7fc640 1 -- 172.21.15.70:0/459380988 <== mon.0 v2:172.21.15.70:3300/0 1 ==== mon_map magic: 0 ==== 205+0+0 (secure 0 0 0) 0x7fa2f0037070 con 0x7fa30007de70
2024-09-19T04:22:20.306 INFO:teuthology.orchestra.run.smithi070.stdout:/usr/bin/ceph: stderr
2024-09-19T04:22:19.430+0000 7fa2fe7fc640 1 -- 172.21.15.70:0/459380988 <== mon.0 v2:172.21.15.70:3300/0 2 ==== config(27 keys) ==== 1136+0+0 (secure 0 0 0) 0x7fa2f0032910 con 0x7fa30007de70
2024-09-19T04:22:20.306 INFO:teuthology.orchestra.run.smithi070.stdout:/usr/bin/ceph: stderr
2024-09-19T04:22:19.430+0000 7fa2fe7fc640 1 -- 172.21.15.70:0/459380988 <== mon.0 v2:172.21.15.70:3300/0 3 ==== mon_map magic: 0 ==== 205+0+0 (secure 0 0 0) 0x7fa2f0030860 con 0x7fa30007de70
2024-09-19T04:22:20.306 INFO:teuthology.orchestra.run.smithi070.stdout:/usr/bin/ceph: stderr
2024-09-19T04:22:19.430+0000 7fa305fc3640 1 -- 172.21.15.70:0/459380988 >> [v2:172.21.15.70:3300/0,v1:172.21.15.70:6789/0] conn(0x7fa30007de70 msgr2=0x7fa30007c320 secure :-1 s=STATE_CONNECTION_ESTABLISHED l=1).mark_down
2024-09-19T04:22:20.306 INFO:teuthology.orchestra.run.smithi070.stdout:/usr/bin/ceph: stderr
2024-09-19T04:22:19.430+0000 7fa305fc3640 1 --2- 172.21.15.70:0/459380988 >> [v2:172.21.15.70:3300/0,v1:172.21.15.70:6789/0] conn(0x7fa30007de70 0x7fa30007c320 secure :-1 s=READY pgs=66 cs=0 l=1 rev1=1 crypto rx=0x7fa2f0009820 tx=0x7fa2f002a300 comp rx=0 tx=0).stop
2024-09-19T04:22:20.306 INFO:teuthology.orchestra.run.smithi070.stdout:/usr/bin/ceph: stderr
2024-09-19T04:22:19.430+0000 7fa305fc3640 1 -- 172.21.15.70:0/459380988 shutdown_connections
2024-09-19T04:22:20.306 INFO:teuthology.orchestra.run.smithi070.stdout:/usr/bin/ceph: stderr
2024-09-19T04:22:19.430+0000 7fa305fc3640 1 --2- 172.21.15.70:0/459380988 >> [v2:172.21.15.70:3300/0,v1:172.21.15.70:6789/0] conn(0x7fa30007de70 0x7fa30007c320 unknown :-1 s=CLOSED pgs=66 cs=0 l=1 rev1=1 crypto rx=0 tx=0 comp rx=0 tx=0).stop
2024-09-19T04:22:20.307 INFO:teuthology.orchestra.run.smithi070.stdout:/usr/bin/ceph: stderr
2024-09-19T04:22:19.430+0000 7fa305fc3640 1 -- 172.21.15.70:0/459380988 >> 172.21.15.70:0/459380988 conn(0x7fa300103090 msgr2=0x7fa3001054b0 unknown :-1 s=STATE_NONE l=0).mark_down
2024-09-19T04:22:20.307 INFO:teuthology.orchestra.run.smithi070.stdout:/usr/bin/ceph: stderr
2024-09-19T04:22:19.430+0000 7fa305fc3640 1 -- 172.21.15.70:0/459380988 shutdown_connections
2024-09-19T04:22:20.307 INFO:teuthology.orchestra.run.smithi070.stdout:/usr/bin/ceph: stderr
2024-09-19T04:22:19.430+0000 7fa305fc3640 1 -- 172.21.15.70:0/459380988 wait complete.
2024-09-19T04:22:20.307 INFO:teuthology.orchestra.run.smithi070.stdout:/usr/bin/ceph: stderr
2024-09-19T04:22:19.431+0000 7fa305fc3640 1 Processor -- start
2024-09-19T04:22:20.307 INFO:teuthology.orchestra.run.smithi070.stdout:/usr/bin/ceph: stderr
