2024-09-19T04:21:36.724+0000 7ffaef7fe640 1 --2- 172.21.15.70:0/4196206353 >> [v2:172.21.15.70:3300/0,v1:172.21.15.70:6789/0] conn(0x7ffaf0108320 0x7ffaf019b8a0 secure :-1 s=READY pgs=6 cs=0 l=1 rev1=1 crypto rx=0x7ffae0030480 tx=0x7ffae0032ce0 comp rx=0 tx=0).ready entity=mon.0 client_cookie=0 server_cookie=0 in_seq=0 out_seq=0
2024-09-19T04:21:37.434 INFO:teuthology.orchestra.run.smithi070.stdout:/usr/bin/ceph: stderr
2024-09-19T04:21:36.724+0000 7ffaed7fa640 1 -- 172.21.15.70:0/4196206353 <== mon.0 v2:172.21.15.70:3300/0 1 ==== mon_map magic: 0 ==== 205+0+0 (secure 0 0 0) 0x7ffae0037040 con 0x7ffaf0108320
2024-09-19T04:21:37.434 INFO:teuthology.orchestra.run.smithi070.stdout:/usr/bin/ceph: stderr
2024-09-19T04:21:36.724+0000 7ffaed7fa640 1 -- 172.21.15.70:0/4196206353 <== mon.0 v2:172.21.15.70:3300/0 2 ==== config(27 keys) ==== 1105+0+0 (secure 0 0 0) 0x7ffae0040070 con 0x7ffaf0108320
2024-09-19T04:21:37.434 INFO:teuthology.orchestra.run.smithi070.stdout:/usr/bin/ceph: stderr
2024-09-19T04:21:36.724+0000 7ffaf6069640 1 -- 172.21.15.70:0/4196206353 --> [v2:172.21.15.70:3300/0,v1:172.21.15.70:6789/0] -- mon_subscribe({mgrmap=0+}) -- 0x7ffaf019c070 con 0x7ffaf0108320
2024-09-19T04:21:37.434 INFO:teuthology.orchestra.run.smithi070.stdout:/usr/bin/ceph: stderr
2024-09-19T04:21:36.724+0000 7ffaed7fa640 1 -- 172.21.15.70:0/4196206353 <== mon.0 v2:172.21.15.70:3300/0 3 ==== mon_map magic: 0 ==== 205+0+0 (secure 0 0 0) 0x7ffae003a610 con 0x7ffaf0108320
2024-09-19T04:21:37.434 INFO:teuthology.orchestra.run.smithi070.stdout:/usr/bin/ceph: stderr
2024-09-19T04:21:36.724+0000 7ffaf6069640 1 -- 172.21.15.70:0/4196206353 --> [v2:172.21.15.70:3300/0,v1:172.21.15.70:6789/0] -- mon_subscribe({osdmap=0}) -- 0x7ffaf019ed60 con 0x7ffaf0108320
2024-09-19T04:21:37.434 INFO:teuthology.orchestra.run.smithi070.stdout:/usr/bin/ceph: stderr
2024-09-19T04:21:36.724+0000 7ffaed7fa640 1 -- 172.21.15.70:0/4196206353 <== mon.0 v2:172.21.15.70:3300/0 4 ==== mgrmap(e 1) ==== 807+0+0 (secure 0 0 0) 0x7ffae003a8d0 con 0x7ffaf0108320
2024-09-19T04:21:37.434 INFO:teuthology.orchestra.run.smithi070.stdout:/usr/bin/ceph: stderr
2024-09-19T04:21:36.724+0000 7ffaed7fa640 1 -- 172.21.15.70:0/4196206353 <== mon.0 v2:172.21.15.70:3300/0 5 ==== osd_map(1..1 src has 1..1) ==== 725+0+0 (secure 0 0 0) 0x7ffae0045b30 con 0x7ffaf0108320
2024-09-19T04:21:37.434 INFO:teuthology.orchestra.run.smithi070.stdout:/usr/bin/ceph: stderr
2024-09-19T04:21:36.725+0000 7ffaf6069640 1 -- 172.21.15.70:0/4196206353 --> [v2:172.21.15.70:3300/0,v1:172.21.15.70:6789/0] -- mon_command({"prefix": "get_command_descriptions"} v 0) -- 0x7ffaf0108780 con 0x7ffaf0108320
2024-09-19T04:21:37.434 INFO:teuthology.orchestra.run.smithi070.stdout:/usr/bin/ceph: stderr
2024-09-19T04:21:36.727+0000 7ffaed7fa640 1 -- 172.21.15.70:0/4196206353 <== mon.0 v2:172.21.15.70:3300/0 6 ==== mon_command_ack([{"prefix": "get_command_descriptions"}]=0 v0) ==== 72+0+74432 (secure 0 0 0) 0x7ffae003bb00 con 0x7ffaf0108320
2024-09-19T04:21:37.434 INFO:teuthology.orchestra.run.smithi070.stdout:/usr/bin/ceph: stderr
2024-09-19T04:21:36.787+0000 7ffaf6069640 1 -- 172.21.15.70:0/4196206353 --> [v2:172.21.15.70:3300/0,v1:172.21.15.70:6789/0] -- mon_command({"prefix": "status", "format": "json-pretty"} v 0) -- 0x7ffaf019f2d0 con 0x7ffaf0108320
2024-09-19T04:21:37.434 INFO:teuthology.orchestra.run.smithi070.stdout:/usr/bin/ceph: stderr
2024-09-19T04:21:36.788+0000 7ffaed7fa640 1 -- 172.21.15.70:0/4196206353 <== mon.0 v2:172.21.15.70:3300/0 7 ==== mon_command_ack([{"prefix": "status", "format": "json-pretty"}]=0 v0) ==== 79+0+1291 (secure 0 0 0) 0x7ffae003ad50 con 0x7ffaf0108320
2024-09-19T04:21:37.434 INFO:teuthology.orchestra.run.smithi070.stdout:/usr/bin/ceph: stderr
2024-09-19T04:21:36.789+0000 7ffaf6069640 1 -- 172.21.15.70:0/4196206353 >> [v2:172.21.15.70:3300/0,v1:172.21.15.70:6789/0] conn(0x7ffaf0108320 msgr2=0x7ffaf019b8a0 secure :-1 s=STATE_CONNECTION_ESTABLISHED l=1).mark_down
2024-09-19T04:21:37.435 INFO:teuthology.orchestra.run.smithi070.stdout:/usr/bin/ceph: stderr
2024-09-19T04:21:36.789+0000 7ffaf6069640 1 --2- 172.21.15.70:0/4196206353 >> [v2:172.21.15.70:3300/0,v1:172.21.15.70:6789/0] conn(0x7ffaf0108320 0x7ffaf019b8a0 secure :-1 s=READY pgs=6 cs=0 l=1 rev1=1 crypto rx=0x7ffae0030480 tx=0x7ffae0032ce0 comp rx=0 tx=0).stop
2024-09-19T04:21:37.435 INFO:teuthology.orchestra.run.smithi070.stdout:/usr/bin/ceph: stderr
2024-09-19T04:21:36.789+0000 7ffaf6069640 1 -- 172.21.15.70:0/4196206353 shutdown_connections
2024-09-19T04:21:37.435 INFO:teuthology.orchestra.run.smithi070.stdout:/usr/bin/ceph: stderr
2024-09-19T04:21:36.789+0000 7ffaf6069640 1 --2- 172.21.15.70:0/4196206353 >> [v2:172.21.15.70:3300/0,v1:172.21.15.70:6789/0] conn(0x7ffaf0108320 0x7ffaf019b8a0 unknown :-1 s=CLOSED pgs=6 cs=0 l=1 rev1=1 crypto rx=0 tx=0 comp rx=0 tx=0).stop
2024-09-19T04:21:37.435 INFO:teuthology.orchestra.run.smithi070.stdout:/usr/bin/ceph: stderr
2024-09-19T04:21:36.789+0000 7ffaf6069640 1 -- 172.21.15.70:0/4196206353 >> 172.21.15.70:0/4196206353 conn(0x7ffaf0101f80 msgr2=0x7ffaf0102b40 unknown :-1 s=STATE_NONE l=0).mark_down
2024-09-19T04:21:37.435 INFO:teuthology.orchestra.run.smithi070.stdout:/usr/bin/ceph: stderr
2024-09-19T04:21:36.789+0000 7ffaf6069640 1 -- 172.21.15.70:0/4196206353 shutdown_connections
2024-09-19T04:21:37.435 INFO:teuthology.orchestra.run.smithi070.stdout:/usr/bin/ceph: stderr
2024-09-19T04:21:36.789+0000 7ffaf6069640 1 -- 172.21.15.70:0/4196206353 wait complete.
2024-09-19T04:21:37.435 INFO:teuthology.orchestra.run.smithi070.stdout:mgr not available, waiting (1/15)...
2024-09-19T04:21:37.895 INFO:journalctl@ceph.mgr.x.smithi070.stdout:Sep 19 04:21:37 smithi070 ceph-7f15b24a-763e-11ef-bceb-c7b262605968-mgr-x[31168]:
2024-09-19T04:21:37.454+0000 7f17e7685040 -1 mgr[py] Module volumes has missing NOTIFY_TYPES member
2024-09-19T04:21:38.645 INFO:journalctl@ceph.mgr.x.smithi070.stdout:Sep 19 04:21:38 smithi070 ceph-7f15b24a-763e-11ef-bceb-c7b262605968-mgr-x[31168]:
2024-09-19T04:21:38.325+0000 7f17e7685040 -1 mgr[py] Module telemetry has missing NOTIFY_TYPES member
2024-09-19T04:21:38.645 INFO:journalctl@ceph.mgr.x.smithi070.stdout:Sep 19 04:21:38 smithi070 ceph-7f15b24a-763e-11ef-bceb-c7b262605968-mgr-x[31168]:
2024-09-19T04:21:38.391+0000 7f17e7685040 -1 mgr[py] Module balancer has missing NOTIFY_TYPES member
2024-09-19T04:21:39.358 INFO:journalctl@ceph.mgr.x.smithi070.stdout:Sep 19 04:21:39 smithi070 ceph-7f15b24a-763e-11ef-bceb-c7b262605968-mgr-x[31168]:
2024-09-19T04:21:39.098+0000 7f17e7685040 -1 mgr[py] Module rook has missing NOTIFY_TYPES member
2024-09-19T04:21:39.358 INFO:journalctl@ceph.mgr.x.smithi070.stdout:Sep 19 04:21:39 smithi070 ceph-7f15b24a-763e-11ef-bceb-c7b262605968-mgr-x[31168]:
2024-09-19T04:21:39.212+0000 7f17e7685040 -1 mgr[py] Module iostat has missing NOTIFY_TYPES member
2024-09-19T04:21:39.359 INFO:journalctl@ceph.mgr.x.smithi070.stdout:Sep 19 04:21:39 smithi070 ceph-7f15b24a-763e-11ef-bceb-c7b262605968-mgr-x[31168]:
2024-09-19T04:21:39.357+0000 7f17e7685040 -1 mgr[py] Module orchestrator has missing NOTIFY_TYPES member
2024-09-19T04:21:39.644 INFO:journalctl@ceph.mgr.x.smithi070.stdout:Sep 19 04:21:39 smithi070 ceph-7f15b24a-763e-11ef-bceb-c7b262605968-mgr-x[31168]:
2024-09-19T04:21:39.419+0000 7f17e7685040 -1 mgr[py] Module devicehealth has missing NOTIFY_TYPES member
2024-09-19T04:21:39.645 INFO:journalctl@ceph.mgr.x.smithi070.stdout:Sep 19 04:21:39 smithi070 ceph-7f15b24a-763e-11ef-bceb-c7b262605968-mgr-x[31168]:
2024-09-19T04:21:39.576+0000 7f17e7685040 -1 mgr[py] Module rgw has missing NOTIFY_TYPES member
2024-09-19T04:21:39.645 INFO:journalctl@ceph.mgr.x.smithi070.stdout:Sep 19 04:21:39 smithi070 ceph-7f15b24a-763e-11ef-bceb-c7b262605968-mgr-x[31168]:
2024-09-19T04:21:39.643+0000 7f17e7685040 -1 mgr[py] Module alerts has missing NOTIFY_TYPES member
2024-09-19T04:21:39.895 INFO:journalctl@ceph.mgr.x.smithi070.stdout:Sep 19 04:21:39 smithi070 ceph-7f15b24a-763e-11ef-bceb-c7b262605968-mgr-x[31168]:
2024-09-19T04:21:39.701+0000 7f17e7685040 -1 mgr[py] Module progress has missing NOTIFY_TYPES member
2024-09-19T04:21:39.895 INFO:journalctl@ceph.mgr.x.smithi070.stdout:Sep 19 04:21:39 smithi070 ceph-7f15b24a-763e-11ef-bceb-c7b262605968-mgr-x[31168]:
2024-09-19T04:21:39.861+0000 7f17e7685040 -1 mgr[py] Module nfs has missing NOTIFY_TYPES member
2024-09-19T04:21:40.191 INFO:journalctl@ceph.mgr.x.smithi070.stdout:Sep 19 04:21:39 smithi070 ceph-7f15b24a-763e-11ef-bceb-c7b262605968-mgr-x[31168]:
2024-09-19T04:21:39.926+0000 7f17e7685040 -1 mgr[py] Module status has missing NOTIFY_TYPES member
2024-09-19T04:21:40.192 INFO:journalctl@ceph.mgr.x.smithi070.stdout:Sep 19 04:21:39 smithi070 ceph-7f15b24a-763e-11ef-bceb-c7b262605968-mgr-x[31168]:
2024-09-19T04:21:39.991+0000 7f17e7685040 -1 mgr[py] Module pg_autoscaler has missing NOTIFY_TYPES member
2024-09-19T04:21:40.192 INFO:journalctl@ceph.mgr.x.smithi070.stdout:Sep 19 04:21:40 smithi070 ceph-7f15b24a-763e-11ef-bceb-c7b262605968-mgr-x[31168]:
2024-09-19T04:21:40.072+0000 7f17e7685040 -1 mgr[py] Module rbd_support has missing NOTIFY_TYPES member
2024-09-19T04:21:40.192 INFO:journalctl@ceph.mgr.x.smithi070.stdout:Sep 19 04:21:40 smithi070 ceph-7f15b24a-763e-11ef-bceb-c7b262605968-mgr-x[31168]:
2024-09-19T04:21:40.131+0000 7f17e7685040 -1 mgr[py] Module influx has missing NOTIFY_TYPES member
2024-09-19T04:21:40.192 INFO:journalctl@ceph.mgr.x.smithi070.stdout:Sep 19 04:21:40 smithi070 ceph-7f15b24a-763e-11ef-bceb-c7b262605968-mgr-x[31168]:
2024-09-19T04:21:40.190+0000 7f17e7685040 -1 mgr[py] Module zabbix has missing NOTIFY_TYPES member
2024-09-19T04:21:41.145 INFO:journalctl@ceph.mgr.x.smithi070.stdout:Sep 19 04:21:40 smithi070 ceph-7f15b24a-763e-11ef-bceb-c7b262605968-mgr-x[31168]:
2024-09-19T04:21:40.990+0000 7f17e7685040 -1 mgr[py] Module telegraf has missing NOTIFY_TYPES member
2024-09-19T04:21:41.145 INFO:journalctl@ceph.mon.a.smithi070.stdout:Sep 19 04:21:41 smithi070 ceph-mon[30942]: Activating manager daemon x
2024-09-19T04:21:41.145 INFO:journalctl@ceph.mon.a.smithi070.stdout:Sep 19 04:21:41 smithi070 ceph-mon[30942]: mgrmap e2: x(active, starting, since 0.00310637s)
2024-09-19T04:21:41.145 INFO:journalctl@ceph.mon.a.smithi070.stdout:Sep 19 04:21:41 smithi070 ceph-mon[30942]: from='mgr.14100 172.21.15.70:0/407914637' entity='mgr.x' cmd=[{"prefix": "mds metadata"}]: dispatch
2024-09-19T04:21:41.146 INFO:journalctl@ceph.mon.a.smithi070.stdout:Sep 19 04:21:41 smithi070 ceph-mon[30942]: from='mgr.14100 172.21.15.70:0/407914637' entity='mgr.x' cmd=[{"prefix": "osd metadata"}]: dispatch
2024-09-19T04:21:41.146 INFO:journalctl@ceph.mon.a.smithi070.stdout:Sep 19 04:21:41 smithi070 ceph-mon[30942]: from='mgr.14100 172.21.15.70:0/407914637' entity='mgr.x' cmd=[{"prefix": "mon metadata"}]: dispatch
2024-09-19T04:21:41.146 INFO:journalctl@ceph.mon.a.smithi070.stdout:Sep 19 04:21:41 smithi070 ceph-mon[30942]: from='mgr.14100 172.21.15.70:0/407914637' entity='mgr.x' cmd=[{"prefix": "mon metadata", "id": "a"}]: dispatch
2024-09-19T04:21:41.146 INFO:journalctl@ceph.mon.a.smithi070.stdout:Sep 19 04:21:41 smithi070 ceph-mon[30942]: from='mgr.14100 172.21.15.70:0/407914637' entity='mgr.x' cmd=[{"prefix": "mgr metadata", "who": "x", "id": "x"}]: dispatch
2024-09-19T04:21:41.146 INFO:journalctl@ceph.mon.a.smithi070.stdout:Sep 19 04:21:41 smithi070 ceph-mon[30942]: Manager daemon x is now available
2024-09-19T04:21:41.146 INFO:journalctl@ceph.mon.a.smithi070.stdout:Sep 19 04:21:41 smithi070 ceph-mon[30942]: from='mgr.14100 172.21.15.70:0/407914637' entity='mgr.x' cmd=[{"prefix":"config rm","who":"mgr","name":"mgr/rbd_support/x/mirror_snapshot_schedule"}]: dispatch
2024-09-19T04:21:41.146 INFO:journalctl@ceph.mon.a.smithi070.stdout:Sep 19 04:21:41 smithi070 ceph-mon[30942]: from='mgr.14100 172.21.15.70:0/407914637' entity='mgr.x' cmd=[{"prefix":"config rm","who":"mgr","name":"mgr/rbd_support/x/trash_purge_schedule"}]: dispatch
2024-09-19T04:21:41.146 INFO:journalctl@ceph.mon.a.smithi070.stdout:Sep 19 04:21:41 smithi070 ceph-mon[30942]: from='mgr.14100 172.21.15.70:0/407914637' entity='mgr.x'
2024-09-19T04:21:41.146 INFO:journalctl@ceph.mon.a.smithi070.stdout:Sep 19 04:21:41 smithi070 ceph-mon[30942]: from='mgr.14100 172.21.15.70:0/407914637' entity='mgr.x'
2024-09-19T04:21:41.146 INFO:journalctl@ceph.mon.a.smithi070.stdout:Sep 19 04:21:41 smithi070 ceph-mon[30942]: from='mgr.14100 172.21.15.70:0/407914637' entity='mgr.x'
2024-09-19T04:21:43.145 INFO:journalctl@ceph.mon.a.smithi070.stdout:Sep 19 04:21:42 smithi070 ceph-mon[30942]: mgrmap e3: x(active, since 1.00702s)
2024-09-19T04:21:44.145 INFO:journalctl@ceph.mon.a.smithi070.stdout:Sep 19 04:21:43 smithi070 ceph-mon[30942]: mgrmap e4: x(active, since 2s)
2024-09-19T04:21:44.145 INFO:journalctl@ceph.mon.a.smithi070.stdout:Sep 19 04:21:43 smithi070 ceph-mon[30942]: from='client.? 172.21.15.70:0/3509727747' entity='client.admin' cmd=[{"prefix": "status", "format": "json-pretty"}]: dispatch
2024-09-19T04:21:48.474 INFO:teuthology.orchestra.run.smithi070.stdout:/usr/bin/ceph: stdout
2024-09-19T04:21:48.474 INFO:teuthology.orchestra.run.smithi070.stdout:/usr/bin/ceph: stdout {
2024-09-19T04:21:48.475 INFO:teuthology.orchestra.run.smithi070.stdout:/usr/bin/ceph: stdout "fsid": "7f15b24a-763e-11ef-bceb-c7b262605968",
2024-09-19T04:21:48.475 INFO:teuthology.orchestra.run.smithi070.stdout:/usr/bin/ceph: stdout "health": {
2024-09-19T04:21:48.475 INFO:teuthology.orchestra.run.smithi070.stdout:/usr/bin/ceph: stdout "status": "HEALTH_OK",
2024-09-19T04:21:48.475 INFO:teuthology.orchestra.run.smithi070.stdout:/usr/bin/ceph: stdout "checks": {},
2024-09-19T04:21:48.475 INFO:teuthology.orchestra.run.smithi070.stdout:/usr/bin/ceph: stdout "mutes": []
2024-09-19T04:21:48.475 INFO:teuthology.orchestra.run.smithi070.stdout:/usr/bin/ceph: stdout },
2024-09-19T04:21:48.475 INFO:teuthology.orchestra.run.smithi070.stdout:/usr/bin/ceph: stdout "election_epoch": 5,
2024-09-19T04:21:48.475 INFO:teuthology.orchestra.run.smithi070.stdout:/usr/bin/ceph: stdout "quorum": [
2024-09-19T04:21:48.475 INFO:teuthology.orchestra.run.smithi070.stdout:/usr/bin/ceph: stdout 0
2024-09-19T04:21:48.475 INFO:teuthology.orchestra.run.smithi070.stdout:/usr/bin/ceph: stdout ],
2024-09-19T04:21:48.475 INFO:teuthology.orchestra.run.smithi070.stdout:/usr/bin/ceph: stdout "quorum_names": [
2024-09-19T04:21:48.475 INFO:teuthology.orchestra.run.smithi070.stdout:/usr/bin/ceph: stdout "a"
2024-09-19T04:21:48.475 INFO:teuthology.orchestra.run.smithi070.stdout:/usr/bin/ceph: stdout ],
2024-09-19T04:21:48.476 INFO:teuthology.orchestra.run.smithi070.stdout:/usr/bin/ceph: stdout "quorum_age": 8,
2024-09-19T04:21:48.476 INFO:teuthology.orchestra.run.smithi070.stdout:/usr/bin/ceph: stdout "monmap": {
2024-09-19T04:21:48.476 INFO:teuthology.orchestra.run.smithi070.stdout:/usr/bin/ceph: stdout "epoch": 1,
2024-09-19T04:21:48.476 INFO:teuthology.orchestra.run.smithi070.stdout:/usr/bin/ceph: stdout "min_mon_release_name": "squid",
2024-09-19T04:21:48.476 INFO:teuthology.orchestra.run.smithi070.stdout:/usr/bin/ceph: stdout "num_mons": 1
2024-09-19T04:21:48.476 INFO:teuthology.orchestra.run.smithi070.stdout:/usr/bin/ceph: stdout },
2024-09-19T04:21:48.476 INFO:teuthology.orchestra.run.smithi070.stdout:/usr/bin/ceph: stdout "osdmap": {
2024-09-19T04:21:48.476 INFO:teuthology.orchestra.run.smithi070.stdout:/usr/bin/ceph: stdout "epoch": 1,
2024-09-19T04:21:48.476 INFO:teuthology.orchestra.run.smithi070.stdout:/usr/bin/ceph: stdout "num_osds": 0,
2024-09-19T04:21:48.476 INFO:teuthology.orchestra.run.smithi070.stdout:/usr/bin/ceph: stdout "num_up_osds": 0,
2024-09-19T04:21:48.476 INFO:teuthology.orchestra.run.smithi070.stdout:/usr/bin/ceph: stdout "osd_up_since": 0,
2024-09-19T04:21:48.484 INFO:teuthology.orchestra.run.smithi070.stdout:/usr/bin/ceph: stdout "num_in_osds": 0,
2024-09-19T04:21:48.484 INFO:teuthology.orchestra.run.smithi070.stdout:/usr/bin/ceph: stdout "osd_in_since": 0,
2024-09-19T04:21:48.484 INFO:teuthology.orchestra.run.smithi070.stdout:/usr/bin/ceph: stdout "num_remapped_pgs": 0
2024-09-19T04:21:48.485 INFO:teuthology.orchestra.run.smithi070.stdout:/usr/bin/ceph: stdout },
2024-09-19T04:21:48.485 INFO:teuthology.orchestra.run.smithi070.stdout:/usr/bin/ceph: stdout "pgmap": {
2024-09-19T04:21:48.485 INFO:teuthology.orchestra.run.smithi070.stdout:/usr/bin/ceph: stdout "pgs_by_state": [],
2024-09-19T04:21:48.485 INFO:teuthology.orchestra.run.smithi070.stdout:/usr/bin/ceph: stdout "num_pgs": 0,
2024-09-19T04:21:48.485 INFO:teuthology.orchestra.run.smithi070.stdout:/usr/bin/ceph: stdout "num_pools": 0,
2024-09-19T04:21:48.485 INFO:teuthology.orchestra.run.smithi070.stdout:/usr/bin/ceph: stdout "num_objects": 0,
2024-09-19T04:21:48.485 INFO:teuthology.orchestra.run.smithi070.stdout:/usr/bin/ceph: stdout "data_bytes": 0,
2024-09-19T04:21:48.485 INFO:teuthology.orchestra.run.smithi070.stdout:/usr/bin/ceph: stdout "bytes_used": 0,
2024-09-19T04:21:48.485 INFO:teuthology.orchestra.run.smithi070.stdout:/usr/bin/ceph: stdout "bytes_avail": 0,
2024-09-19T04:21:48.485 INFO:teuthology.orchestra.run.smithi070.stdout:/usr/bin/ceph: stdout "bytes_total": 0
2024-09-19T04:21:48.485 INFO:teuthology.orchestra.run.smithi070.stdout:/usr/bin/ceph: stdout },
2024-09-19T04:21:48.485 INFO:teuthology.orchestra.run.smithi070.stdout:/usr/bin/ceph: stdout "fsmap": {
2024-09-19T04:21:48.485 INFO:teuthology.orchestra.run.smithi070.stdout:/usr/bin/ceph: stdout "epoch": 1,
2024-09-19T04:21:48.486 INFO:teuthology.orchestra.run.smithi070.stdout:/usr/bin/ceph: stdout "btime": "2024-09-19T04:21:29:502880+0000",
2024-09-19T04:21:48.486 INFO:teuthology.orchestra.run.smithi070.stdout:/usr/bin/ceph: stdout "by_rank": [],
2024-09-19T04:21:48.486 INFO:teuthology.orchestra.run.smithi070.stdout:/usr/bin/ceph: stdout "up:standby": 0
2024-09-19T04:21:48.486 INFO:teuthology.orchestra.run.smithi070.stdout:/usr/bin/ceph: stdout },
2024-09-19T04:21:48.486 INFO:teuthology.orchestra.run.smithi070.stdout:/usr/bin/ceph: stdout "mgrmap": {
2024-09-19T04:21:48.486 INFO:teuthology.orchestra.run.smithi070.stdout:/usr/bin/ceph: stdout "available": true,
2024-09-19T04:21:48.486 INFO:teuthology.orchestra.run.smithi070.stdout:/usr/bin/ceph: stdout "num_standbys": 0,
2024-09-19T04:21:48.486 INFO:teuthology.orchestra.run.smithi070.stdout:/usr/bin/ceph: stdout "modules": [
2024-09-19T04:21:48.486 INFO:teuthology.orchestra.run.smithi070.stdout:/usr/bin/ceph: stdout "iostat",
2024-09-19T04:21:48.486 INFO:teuthology.orchestra.run.smithi070.stdout:/usr/bin/ceph: stdout "nfs",
2024-09-19T04:21:48.486 INFO:teuthology.orchestra.run.smithi070.stdout:/usr/bin/ceph: stdout "restful"
2024-09-19T04:21:48.486 INFO:teuthology.orchestra.run.smithi070.stdout:/usr/bin/ceph: stdout ],
2024-09-19T04:21:48.486 INFO:teuthology.orchestra.run.smithi070.stdout:/usr/bin/ceph: stdout "services": {}
2024-09-19T04:21:48.486 INFO:teuthology.orchestra.run.smithi070.stdout:/usr/bin/ceph: stdout },
2024-09-19T04:21:48.486 INFO:teuthology.orchestra.run.smithi070.stdout:/usr/bin/ceph: stdout "servicemap": {
2024-09-19T04:21:48.487 INFO:teuthology.orchestra.run.smithi070.stdout:/usr/bin/ceph: stdout "epoch": 1,
2024-09-19T04:21:48.487 INFO:teuthology.orchestra.run.smithi070.stdout:/usr/bin/ceph: stdout "modified": "2024-09-19T04:21:29.503537+0000",
2024-09-19T04:21:48.487 INFO:teuthology.orchestra.run.smithi070.stdout:/usr/bin/ceph: stdout "services": {}
2024-09-19T04:21:48.487 INFO:teuthology.orchestra.run.smithi070.stdout:/usr/bin/ceph: stdout },
2024-09-19T04:21:48.487 INFO:teuthology.orchestra.run.smithi070.stdout:/usr/bin/ceph: stdout "progress_events": {}
2024-09-19T04:21:48.487 INFO:teuthology.orchestra.run.smithi070.stdout:/usr/bin/ceph: stdout }
2024-09-19T04:21:48.487 INFO:teuthology.orchestra.run.smithi070.stdout:/usr/bin/ceph: stderr
2024-09-19T04:21:42.926+0000 7f8132919640 1 Processor -- start
2024-09-19T04:21:48.487 INFO:teuthology.orchestra.run.smithi070.stdout:/usr/bin/ceph: stderr
2024-09-19T04:21:42.926+0000 7f8132919640 1 -- start start
2024-09-19T04:21:48.487 INFO:teuthology.orchestra.run.smithi070.stdout:/usr/bin/ceph: stderr
2024-09-19T04:21:42.926+0000 7f8132919640 1 --2- >> [v2:172.21.15.70:3300/0,v1:172.21.15.70:6789/0] conn(0x7f812c1078c0 0x7f812c107cc0 unknown :-1 s=NONE pgs=0 cs=0 l=0 rev1=0 crypto rx=0 tx=0 comp rx=0 tx=0).connect
2024-09-19T04:21:48.487 INFO:teuthology.orchestra.run.smithi070.stdout:/usr/bin/ceph: stderr
2024-09-19T04:21:42.927+0000 7f8132919640 1 -- --> [v2:172.21.15.70:3300/0,v1:172.21.15.70:6789/0] -- mon_getmap magic: 0 -- 0x7f812c108290 con 0x7f812c1078c0
2024-09-19T04:21:48.487 INFO:teuthology.orchestra.run.smithi070.stdout:/usr/bin/ceph: stderr
2024-09-19T04:21:42.927+0000 7f812bfff640 1 --2- >> [v2:172.21.15.70:3300/0,v1:172.21.15.70:6789/0] conn(0x7f812c1078c0 0x7f812c107cc0 unknown :-1 s=BANNER_CONNECTING pgs=0 cs=0 l=0 rev1=0 crypto rx=0 tx=0 comp rx=0 tx=0)._handle_peer_banner_payload supported=3 required=0
2024-09-19T04:21:48.487 INFO:teuthology.orchestra.run.smithi070.stdout:/usr/bin/ceph: stderr
2024-09-19T04:21:42.927+0000 7f812bfff640 1 --2- >> [v2:172.21.15.70:3300/0,v1:172.21.15.70:6789/0] conn(0x7f812c1078c0 0x7f812c107cc0 unknown :-1 s=HELLO_CONNECTING pgs=0 cs=0 l=0 rev1=1 crypto rx=0 tx=0 comp rx=0 tx=0).handle_hello peer v2:172.21.15.70:3300/0 says I am v2:172.21.15.70:46276/0 (socket says 172.21.15.70:46276)
2024-09-19T04:21:48.488 INFO:teuthology.orchestra.run.smithi070.stdout:/usr/bin/ceph: stderr
2024-09-19T04:21:42.927+0000 7f812bfff640 1 -- 172.21.15.70:0/4191590391 learned_addr learned my addr 172.21.15.70:0/4191590391 (peer_addr_for_me v2:172.21.15.70:0/0)
2024-09-19T04:21:48.488 INFO:teuthology.orchestra.run.smithi070.stdout:/usr/bin/ceph: stderr
2024-09-19T04:21:42.927+0000 7f812bfff640 1 -- 172.21.15.70:0/4191590391 --> [v2:172.21.15.70:3300/0,v1:172.21.15.70:6789/0] -- mon_subscribe({config=0+,monmap=0+}) -- 0x7f812c108a70 con 0x7f812c1078c0
2024-09-19T04:21:48.488 INFO:teuthology.orchestra.run.smithi070.stdout:/usr/bin/ceph: stderr
2024-09-19T04:21:42.928+0000 7f812bfff640 1 --2- 172.21.15.70:0/4191590391 >> [v2:172.21.15.70:3300/0,v1:172.21.15.70:6789/0] conn(0x7f812c1078c0 0x7f812c107cc0 secure :-1 s=READY pgs=14 cs=0 l=1 rev1=1 crypto rx=0x7f811c009820 tx=0x7f811c02a270 comp rx=0 tx=0).ready entity=mon.0 client_cookie=de0117a93b7007b5 server_cookie=0 in_seq=0 out_seq=0
2024-09-19T04:21:48.488 INFO:teuthology.orchestra.run.smithi070.stdout:/usr/bin/ceph: stderr
2024-09-19T04:21:42.928+0000 7f812b7fe640 1 -- 172.21.15.70:0/4191590391 <== mon.0 v2:172.21.15.70:3300/0 1 ==== mon_map magic: 0 ==== 205+0+0 (secure 0 0 0) 0x7f811c037070 con 0x7f812c1078c0
2024-09-19T04:21:48.488 INFO:teuthology.orchestra.run.smithi070.stdout:/usr/bin/ceph: stderr
2024-09-19T04:21:42.928+0000 7f812b7fe640 1 -- 172.21.15.70:0/4191590391 <== mon.0 v2:172.21.15.70:3300/0 2 ==== config(27 keys) ==== 1105+0+0 (secure 0 0 0) 0x7f811c032900 con 0x7f812c1078c0
2024-09-19T04:21:48.488 INFO:teuthology.orchestra.run.smithi070.stdout:/usr/bin/ceph: stderr
2024-09-19T04:21:42.928+0000 7f812b7fe640 1 -- 172.21.15.70:0/4191590391 <== mon.0 v2:172.21.15.70:3300/0 3 ==== mon_map magic: 0 ==== 205+0+0 (secure 0 0 0) 0x7f811c030840 con 0x7f812c1078c0
2024-09-19T04:21:48.488 INFO:teuthology.orchestra.run.smithi070.stdout:/usr/bin/ceph: stderr
2024-09-19T04:21:42.929+0000 7f8132919640 1 -- 172.21.15.70:0/4191590391 >> [v2:172.21.15.70:3300/0,v1:172.21.15.70:6789/0] conn(0x7f812c1078c0 msgr2=0x7f812c107cc0 secure :-1 s=STATE_CONNECTION_ESTABLISHED l=1).mark_down
2024-09-19T04:21:48.488 INFO:teuthology.orchestra.run.smithi070.stdout:/usr/bin/ceph: stderr
2024-09-19T04:21:42.929+0000 7f8132919640 1 --2- 172.21.15.70:0/4191590391 >> [v2:172.21.15.70:3300/0,v1:172.21.15.70:6789/0] conn(0x7f812c1078c0 0x7f812c107cc0 secure :-1 s=READY pgs=14 cs=0 l=1 rev1=1 crypto rx=0x7f811c009820 tx=0x7f811c02a270 comp rx=0 tx=0).stop
2024-09-19T04:21:48.488 INFO:teuthology.orchestra.run.smithi070.stdout:/usr/bin/ceph: stderr
2024-09-19T04:21:42.929+0000 7f8132919640 1 -- 172.21.15.70:0/4191590391 shutdown_connections
2024-09-19T04:21:48.488 INFO:teuthology.orchestra.run.smithi070.stdout:/usr/bin/ceph: stderr
2024-09-19T04:21:42.929+0000 7f8132919640 1 --2- 172.21.15.70:0/4191590391 >> [v2:172.21.15.70:3300/0,v1:172.21.15.70:6789/0] conn(0x7f812c1078c0 0x7f812c107cc0 unknown :-1 s=CLOSED pgs=14 cs=0 l=1 rev1=1 crypto rx=0 tx=0 comp rx=0 tx=0).stop
2024-09-19T04:21:48.488 INFO:teuthology.orchestra.run.smithi070.stdout:/usr/bin/ceph: stderr
2024-09-19T04:21:42.929+0000 7f8132919640 1 -- 172.21.15.70:0/4191590391 >> 172.21.15.70:0/4191590391 conn(0x7f812c103090 msgr2=0x7f812c1054b0 unknown :-1 s=STATE_NONE l=0).mark_down
2024-09-19T04:21:48.488 INFO:teuthology.orchestra.run.smithi070.stdout:/usr/bin/ceph: stderr
2024-09-19T04:21:42.929+0000 7f8132919640 1 -- 172.21.15.70:0/4191590391 shutdown_connections
2024-09-19T04:21:48.488 INFO:teuthology.orchestra.run.smithi070.stdout:/usr/bin/ceph: stderr
2024-09-19T04:21:42.929+0000 7f8132919640 1 -- 172.21.15.70:0/4191590391 wait complete.
2024-09-19T04:21:48.489 INFO:teuthology.orchestra.run.smithi070.stdout:/usr/bin/ceph: stderr
2024-09-19T04:21:42.929+0000 7f8132919640 1 Processor -- start
2024-09-19T04:21:48.489 INFO:teuthology.orchestra.run.smithi070.stdout:/usr/bin/ceph: stderr
2024-09-19T04:21:42.930+0000 7f8132919640 1 -- start start
2024-09-19T04:21:48.489 INFO:teuthology.orchestra.run.smithi070.stdout:/usr/bin/ceph: stderr
2024-09-19T04:21:42.930+0000 7f8132919640 1 --2- >> [v2:172.21.15.70:3300/0,v1:172.21.15.70:6789/0] conn(0x7f812c1078c0 0x7f812c19b840 unknown :-1 s=NONE pgs=0 cs=0 l=1 rev1=0 crypto rx=0 tx=0 comp rx=0 tx=0).connect
2024-09-19T04:21:48.489 INFO:teuthology.orchestra.run.smithi070.stdout:/usr/bin/ceph: stderr
2024-09-19T04:21:42.930+0000 7f8132919640 1 -- --> [v2:172.21.15.70:3300/0,v1:172.21.15.70:6789/0] -- mon_getmap magic: 0 -- 0x7f812c10be20 con 0x7f812c1078c0
2024-09-19T04:21:48.489 INFO:teuthology.orchestra.run.smithi070.stdout:/usr/bin/ceph: stderr
2024-09-19T04:21:42.930+0000 7f812bfff640 1 --2- >> [v2:172.21.15.70:3300/0,v1:172.21.15.70:6789/0] conn(0x7f812c1078c0 0x7f812c19b840 unknown :-1 s=BANNER_CONNECTING pgs=0 cs=0 l=1 rev1=0 crypto rx=0 tx=0 comp rx=0 tx=0)._handle_peer_banner_payload supported=3 required=0
2024-09-19T04:21:48.489 INFO:teuthology.orchestra.run.smithi070.stdout:/usr/bin/ceph: stderr
2024-09-19T04:21:42.930+0000 7f812bfff640 1 --2- >> [v2:172.21.15.70:3300/0,v1:172.21.15.70:6789/0] conn(0x7f812c1078c0 0x7f812c19b840 unknown :-1 s=HELLO_CONNECTING pgs=0 cs=0 l=1 rev1=1 crypto rx=0 tx=0 comp rx=0 tx=0).handle_hello peer v2:172.21.15.70:3300/0 says I am v2:172.21.15.70:46280/0 (socket says 172.21.15.70:46280)
2024-09-19T04:21:48.489 INFO:teuthology.orchestra.run.smithi070.stdout:/usr/bin/ceph: stderr
2024-09-19T04:21:42.930+0000 7f812bfff640 1 -- 172.21.15.70:0/3509727747 learned_addr learned my addr 172.21.15.70:0/3509727747 (peer_addr_for_me v2:172.21.15.70:0/0)
2024-09-19T04:21:48.489 INFO:teuthology.orchestra.run.smithi070.stdout:/usr/bin/ceph: stderr
2024-09-19T04:21:42.930+0000 7f812bfff640 1 -- 172.21.15.70:0/3509727747 --> [v2:172.21.15.70:3300/0,v1:172.21.15.70:6789/0] -- mon_subscribe({config=0+,monmap=0+}) -- 0x7f812c19bd80 con 0x7f812c1078c0
2024-09-19T04:21:48.489 INFO:teuthology.orchestra.run.smithi070.stdout:/usr/bin/ceph: stderr
2024-09-19T04:21:42.930+0000 7f812bfff640 1 --2- 172.21.15.70:0/3509727747 >> [v2:172.21.15.70:3300/0,v1:172.21.15.70:6789/0] conn(0x7f812c1078c0 0x7f812c19b840 secure :-1 s=READY pgs=15 cs=0 l=1 rev1=1 crypto rx=0x7f811c030590 tx=0x7f811c032670 comp rx=0 tx=0).ready entity=mon.0 client_cookie=0 server_cookie=0 in_seq=0 out_seq=0
2024-09-19T04:21:48.489 INFO:teuthology.orchestra.run.smithi070.stdout:/usr/bin/ceph: stderr
2024-09-19T04:21:42.930+0000 7f8129ffb640 1 -- 172.21.15.70:0/3509727747 <== mon.0 v2:172.21.15.70:3300/0 1 ==== mon_map magic: 0 ==== 205+0+0 (secure 0 0 0) 0x7f811c037040 con 0x7f812c1078c0
2024-09-19T04:21:48.489 INFO:teuthology.orchestra.run.smithi070.stdout:/usr/bin/ceph: stderr
2024-09-19T04:21:42.930+0000 7f8129ffb640 1 -- 172.21.15.70:0/3509727747 <== mon.0 v2:172.21.15.70:3300/0 2 ==== config(27 keys) ==== 1105+0+0 (secure 0 0 0) 0x7f811c032be0 con 0x7f812c1078c0
2024-09-19T04:21:48.489 INFO:teuthology.orchestra.run.smithi070.stdout:/usr/bin/ceph: stderr
2024-09-19T04:21:42.930+0000 7f8132919640 1 -- 172.21.15.70:0/3509727747 --> [v2:172.21.15.70:3300/0,v1:172.21.15.70:6789/0] -- mon_subscribe({mgrmap=0+}) -- 0x7f812c19c010 con 0x7f812c1078c0
2024-09-19T04:21:48.489 INFO:teuthology.orchestra.run.smithi070.stdout:/usr/bin/ceph: stderr
2024-09-19T04:21:42.930+0000 7f8129ffb640 1 -- 172.21.15.70:0/3509727747 <== mon.0 v2:172.21.15.70:3300/0 3 ==== mon_map magic: 0 ==== 205+0+0 (secure 0 0 0) 0x7f811c03a520 con 0x7f812c1078c0
2024-09-19T04:21:48.490 INFO:teuthology.orchestra.run.smithi070.stdout:/usr/bin/ceph: stderr
2024-09-19T04:21:42.931+0000 7f8132919640 1 -- 172.21.15.70:0/3509727747 --> [v2:172.21.15.70:3300/0,v1:172.21.15.70:6789/0] -- mon_subscribe({osdmap=0}) -- 0x7f812c19ed00 con 0x7f812c1078c0
2024-09-19T04:21:48.490 INFO:teuthology.orchestra.run.smithi070.stdout:/usr/bin/ceph: stderr
2024-09-19T04:21:42.931+0000 7f8129ffb640 1 -- 172.21.15.70:0/3509727747 <== mon.0 v2:172.21.15.70:3300/0 4 ==== mgrmap(e 3) ==== 46344+0+0 (secure 0 0 0) 0x7f811c03a7e0 con 0x7f812c1078c0
2024-09-19T04:21:48.490 INFO:teuthology.orchestra.run.smithi070.stdout:/usr/bin/ceph: stderr
2024-09-19T04:21:42.932+0000 7f8129ffb640 1 --2- 172.21.15.70:0/3509727747 >> [v2:172.21.15.70:6800/1492093884,v1:172.21.15.70:6801/1492093884] conn(0x7f8118039050 0x7f811803b510 unknown :-1 s=NONE pgs=0 cs=0 l=1 rev1=0 crypto rx=0 tx=0 comp rx=0 tx=0).connect
2024-09-19T04:21:48.490 INFO:teuthology.orchestra.run.smithi070.stdout:/usr/bin/ceph: stderr
2024-09-19T04:21:42.931+0000 7f8132919640 1 -- 172.21.15.70:0/3509727747 --> [v2:172.21.15.70:3300/0,v1:172.21.15.70:6789/0] -- mon_command({"prefix": "get_command_descriptions"} v 0) -- 0x7f812c10bfa0 con 0x7f812c1078c0
2024-09-19T04:21:48.490 INFO:teuthology.orchestra.run.smithi070.stdout:/usr/bin/ceph: stderr
2024-09-19T04:21:42.932+0000 7f8129ffb640 1 -- 172.21.15.70:0/3509727747 <== mon.0 v2:172.21.15.70:3300/0 5 ==== osd_map(1..1 src has 1..1) ==== 725+0+0 (secure 0 0 0) 0x7f811c06c4b0 con 0x7f812c1078c0
2024-09-19T04:21:48.490 INFO:teuthology.orchestra.run.smithi070.stdout:/usr/bin/ceph: stderr
2024-09-19T04:21:42.932+0000 7f8123fff640 1 --2- 172.21.15.70:0/3509727747 >> [v2:172.21.15.70:6800/1492093884,v1:172.21.15.70:6801/1492093884] conn(0x7f8118039050 0x7f811803b510 unknown :-1 s=BANNER_CONNECTING pgs=0 cs=0 l=1 rev1=0 crypto rx=0 tx=0 comp rx=0 tx=0)._handle_peer_banner_payload supported=3 required=0
2024-09-19T04:21:48.490 INFO:teuthology.orchestra.run.smithi070.stdout:/usr/bin/ceph: stderr
2024-09-19T04:21:42.932+0000 7f8123fff640 1 --2- 172.21.15.70:0/3509727747 >> [v2:172.21.15.70:6800/1492093884,v1:172.21.15.70:6801/1492093884] conn(0x7f8118039050 0x7f811803b510 secure :-1 s=READY pgs=6 cs=0 l=1 rev1=1 crypto rx=0x7f81140098c0 tx=0x7f8114006db0 comp rx=0 tx=0).ready entity=mgr.14100 client_cookie=0 server_cookie=0 in_seq=0 out_seq=0
2024-09-19T04:21:48.490 INFO:teuthology.orchestra.run.smithi070.stdout:/usr/bin/ceph: stderr
2024-09-19T04:21:42.937+0000 7f8129ffb640 1 -- 172.21.15.70:0/3509727747 <== mon.0 v2:172.21.15.70:3300/0 6 ==== mon_command_ack([{"prefix": "get_command_descriptions"}]=0 v0) ==== 72+0+188913 (secure 0 0 0) 0x7f811c039bd0 con 0x7f812c1078c0
2024-09-19T04:21:48.490 INFO:teuthology.orchestra.run.smithi070.stdout:/usr/bin/ceph: stderr
2024-09-19T04:21:42.999+0000 7f8129ffb640 1 -- 172.21.15.70:0/3509727747 <== mon.0 v2:172.21.15.70:3300/0 7 ==== mgrmap(e 4) ==== 46450+0+0 (secure 0 0 0) 0x7f811c044780 con 0x7f812c1078c0
2024-09-19T04:21:48.490 INFO:teuthology.orchestra.run.smithi070.stdout:/usr/bin/ceph: stderr
2024-09-19T04:21:43.174+0000 7f8132919640 1 -- 172.21.15.70:0/3509727747 --> [v2:172.21.15.70:3300/0,v1:172.21.15.70:6789/0] -- mon_command({"prefix": "status", "format": "json-pretty"} v 0) -- 0x7f812c19f2f0 con 0x7f812c1078c0
2024-09-19T04:21:48.490 INFO:teuthology.orchestra.run.smithi070.stdout:/usr/bin/ceph: stderr
2024-09-19T04:21:43.174+0000 7f8129ffb640 1 -- 172.21.15.70:0/3509727747 <== mon.0 v2:172.21.15.70:3300/0 8 ==== mon_command_ack([{"prefix": "status", "format": "json-pretty"}]=0 v0) ==== 79+0+1290 (secure 0 0 0) 0x7f811c03b900 con 0x7f812c1078c0
2024-09-19T04:21:48.490 INFO:teuthology.orchestra.run.smithi070.stdout:/usr/bin/ceph: stderr
2024-09-19T04:21:43.176+0000 7f8132919640 1 -- 172.21.15.70:0/3509727747 >> [v2:172.21.15.70:6800/1492093884,v1:172.21.15.70:6801/1492093884] conn(0x7f8118039050 msgr2=0x7f811803b510 secure :-1 s=STATE_CONNECTION_ESTABLISHED l=1).mark_down
2024-09-19T04:21:48.491 INFO:teuthology.orchestra.run.smithi070.stdout:/usr/bin/ceph: stderr
2024-09-19T04:21:43.176+0000 7f8132919640 1 --2- 172.21.15.70:0/3509727747 >> [v2:172.21.15.70:6800/1492093884,v1:172.21.15.70:6801/1492093884] conn(0x7f8118039050 0x7f811803b510 secure :-1 s=READY pgs=6 cs=0 l=1 rev1=1 crypto rx=0x7f81140098c0 tx=0x7f8114006db0 comp rx=0 tx=0).stop
2024-09-19T04:21:48.491 INFO:teuthology.orchestra.run.smithi070.stdout:/usr/bin/ceph: stderr
2024-09-19T04:21:43.176+0000 7f8132919640 1 -- 172.21.15.70:0/3509727747 >> [v2:172.21.15.70:3300/0,v1:172.21.15.70:6789/0] conn(0x7f812c1078c0 msgr2=0x7f812c19b840 secure :-1 s=STATE_CONNECTION_ESTABLISHED l=1).mark_down
2024-09-19T04:21:48.491 INFO:teuthology.orchestra.run.smithi070.stdout:/usr/bin/ceph: stderr
2024-09-19T04:21:43.176+0000 7f8132919640 1 --2- 172.21.15.70:0/3509727747 >> [v2:172.21.15.70:3300/0,v1:172.21.15.70:6789/0] conn(0x7f812c1078c0 0x7f812c19b840 secure :-1 s=READY pgs=15 cs=0 l=1 rev1=1 crypto rx=0x7f811c030590 tx=0x7f811c032670 comp rx=0 tx=0).stop
2024-09-19T04:21:48.491 INFO:teuthology.orchestra.run.smithi070.stdout:/usr/bin/ceph: stderr
2024-09-19T04:21:43.176+0000 7f8132919640 1 -- 172.21.15.70:0/3509727747 shutdown_connections
2024-09-19T04:21:48.491 INFO:teuthology.orchestra.run.smithi070.stdout:/usr/bin/ceph: stderr
2024-09-19T04:21:43.176+0000 7f8132919640 1 --2- 172.21.15.70:0/3509727747 >> [v2:172.21.15.70:6800/1492093884,v1:172.21.15.70:6801/1492093884] conn(0x7f8118039050 0x7f811803b510 unknown :-1 s=CLOSED pgs=6 cs=0 l=1 rev1=1 crypto rx=0 tx=0 comp rx=0 tx=0).stop
2024-09-19T04:21:48.491 INFO:teuthology.orchestra.run.smithi070.stdout:/usr/bin/ceph: stderr
2024-09-19T04:21:43.176+0000 7f8132919640 1 --2- 172.21.15.70:0/3509727747 >> [v2:172.21.15.70:3300/0,v1:172.21.15.70:6789/0] conn(0x7f812c1078c0 0x7f812c19b840 unknown :-1 s=CLOSED pgs=15 cs=0 l=1 rev1=1 crypto rx=0 tx=0 comp rx=0 tx=0).stop
2024-09-19T04:21:48.491 INFO:teuthology.orchestra.run.smithi070.stdout:/usr/bin/ceph: stderr
2024-09-19T04:21:43.176+0000 7f8132919640 1 -- 172.21.15.70:0/3509727747 >> 172.21.15.70:0/3509727747 conn(0x7f812c103090 msgr2=0x7f812c103c10 unknown :-1 s=STATE_NONE l=0).mark_down
2024-09-19T04:21:48.491 INFO:teuthology.orchestra.run.smithi070.stdout:/usr/bin/ceph: stderr
2024-09-19T04:21:43.176+0000 7f8132919640 1 -- 172.21.15.70:0/3509727747 shutdown_connections
2024-09-19T04:21:48.491 INFO:teuthology.orchestra.run.smithi070.stdout:/usr/bin/ceph: stderr
2024-09-19T04:21:43.176+0000 7f8132919640 1 -- 172.21.15.70:0/3509727747 wait complete.
2024-09-19T04:21:48.491 INFO:teuthology.orchestra.run.smithi070.stdout:mgr is available
2024-09-19T04:21:49.326 INFO:journalctl@ceph.mon.a.smithi070.stdout:Sep 19 04:21:49 smithi070 ceph-mon[30942]: from='client.? 172.21.15.70:0/967599756' entity='client.admin' cmd=[{"prefix": "config assimilate-conf"}]: dispatch
2024-09-19T04:21:49.626 INFO:teuthology.orchestra.run.smithi070.stdout:/usr/bin/ceph: stdout
2024-09-19T04:21:49.626 INFO:teuthology.orchestra.run.smithi070.stdout:/usr/bin/ceph: stdout [global]
2024-09-19T04:21:49.626 INFO:teuthology.orchestra.run.smithi070.stdout:/usr/bin/ceph: stdout fsid = 7f15b24a-763e-11ef-bceb-c7b262605968
2024-09-19T04:21:49.626 INFO:teuthology.orchestra.run.smithi070.stdout:/usr/bin/ceph: stdout mon_host = [v2:172.21.15.70:3300,v1:172.21.15.70:6789]
2024-09-19T04:21:49.626 INFO:teuthology.orchestra.run.smithi070.stdout:/usr/bin/ceph: stdout mon_osd_allow_pg_remap = true
2024-09-19T04:21:49.626 INFO:teuthology.orchestra.run.smithi070.stdout:/usr/bin/ceph: stdout mon_osd_allow_primary_affinity = true
2024-09-19T04:21:49.626 INFO:teuthology.orchestra.run.smithi070.stdout:/usr/bin/ceph: stdout mon_warn_on_no_sortbitwise = false
2024-09-19T04:21:49.626 INFO:teuthology.orchestra.run.smithi070.stdout:/usr/bin/ceph: stdout osd_crush_chooseleaf_type = 0
2024-09-19T04:21:49.626 INFO:teuthology.orchestra.run.smithi070.stdout:/usr/bin/ceph: stdout
2024-09-19T04:21:49.626 INFO:teuthology.orchestra.run.smithi070.stdout:/usr/bin/ceph: stdout [mgr]
2024-09-19T04:21:49.627 INFO:teuthology.orchestra.run.smithi070.stdout:/usr/bin/ceph: stdout mgr/telemetry/nag = false
2024-09-19T04:21:49.627 INFO:teuthology.orchestra.run.smithi070.stdout:/usr/bin/ceph: stdout
2024-09-19T04:21:49.627 INFO:teuthology.orchestra.run.smithi070.stdout:/usr/bin/ceph: stdout [osd]
2024-09-19T04:21:49.627 INFO:teuthology.orchestra.run.smithi070.stdout:/usr/bin/ceph: stdout mon_osd_backfillfull_ratio = 0.85
2024-09-19T04:21:49.627 INFO:teuthology.orchestra.run.smithi070.stdout:/usr/bin/ceph: stdout mon_osd_full_ratio = 0.9
2024-09-19T04:21:49.627 INFO:teuthology.orchestra.run.smithi070.stdout:/usr/bin/ceph: stdout mon_osd_nearfull_ratio = 0.8
2024-09-19T04:21:49.627 INFO:teuthology.orchestra.run.smithi070.stdout:/usr/bin/ceph: stdout osd_map_max_advance = 10
2024-09-19T04:21:49.627 INFO:teuthology.orchestra.run.smithi070.stdout:/usr/bin/ceph: stdout osd_sloppy_crc = true
2024-09-19T04:21:49.627 INFO:teuthology.orchestra.run.smithi070.stdout:/usr/bin/ceph: stderr
2024-09-19T04:21:48.886+0000 7f68c86d0640 1 Processor -- start
2024-09-19T04:21:49.627 INFO:teuthology.orchestra.run.smithi070.stdout:/usr/bin/ceph: stderr
2024-09-19T04:21:48.886+0000 7f68c86d0640 1 -- start start
2024-09-19T04:21:49.627 INFO:teuthology.orchestra.run.smithi070.stdout:/usr/bin/ceph: stderr
2024-09-19T04:21:48.886+0000 7f68c86d0640 1 --2- >> [v2:172.21.15.70:3300/0,v1:172.21.15.70:6789/0] conn(0x7f68c0107d20 0x7f68c0108120 unknown :-1 s=NONE pgs=0 cs=0 l=0 rev1=0 crypto rx=0 tx=0 comp rx=0 tx=0).connect
2024-09-19T04:21:49.627 INFO:teuthology.orchestra.run.smithi070.stdout:/usr/bin/ceph: stderr
2024-09-19T04:21:48.886+0000 7f68c86d0640 1 -- --> [v2:172.21.15.70:3300/0,v1:172.21.15.70:6789/0] -- mon_getmap magic: 0 -- 0x7f68c01086f0 con 0x7f68c0107d20
2024-09-19T04:21:49.627 INFO:teuthology.orchestra.run.smithi070.stdout:/usr/bin/ceph: stderr
2024-09-19T04:21:48.886+0000 7f68c646c640 1 --2- >> [v2:172.21.15.70:3300/0,v1:172.21.15.70:6789/0] conn(0x7f68c0107d20 0x7f68c0108120 unknown :-1 s=BANNER_CONNECTING pgs=0 cs=0 l=0 rev1=0 crypto rx=0 tx=0 comp rx=0 tx=0)._handle_peer_banner_payload supported=3 required=0
2024-09-19T04:21:49.627 INFO:teuthology.orchestra.run.smithi070.stdout:/usr/bin/ceph: stderr
2024-09-19T04:21:48.886+0000 7f68c646c640 1 --2- >> [v2:172.21.15.70:3300/0,v1:172.21.15.70:6789/0] conn(0x7f68c0107d20 0x7f68c0108120 unknown :-1 s=HELLO_CONNECTING pgs=0 cs=0 l=0 rev1=1 crypto rx=0 tx=0 comp rx=0 tx=0).handle_hello peer v2:172.21.15.70:3300/0 says I am v2:172.21.15.70:33840/0 (socket says 172.21.15.70:33840)
2024-09-19T04:21:49.628 INFO:teuthology.orchestra.run.smithi070.stdout:/usr/bin/ceph: stderr
2024-09-19T04:21:48.886+0000 7f68c646c640 1 -- 172.21.15.70:0/3770882748 learned_addr learned my addr 172.21.15.70:0/3770882748 (peer_addr_for_me v2:172.21.15.70:0/0)
2024-09-19T04:21:49.628 INFO:teuthology.orchestra.run.smithi070.stdout:/usr/bin/ceph: stderr
2024-09-19T04:21:48.887+0000 7f68c646c640 1 -- 172.21.15.70:0/3770882748 --> [v2:172.21.15.70:3300/0,v1:172.21.15.70:6789/0] -- mon_subscribe({config=0+,monmap=0+}) -- 0x7f68c0108870 con 0x7f68c0107d20
2024-09-19T04:21:49.628 INFO:teuthology.orchestra.run.smithi070.stdout:/usr/bin/ceph: stderr
2024-09-19T04:21:48.887+0000 7f68c646c640 1 --2- 172.21.15.70:0/3770882748 >> [v2:172.21.15.70:3300/0,v1:172.21.15.70:6789/0] conn(0x7f68c0107d20 0x7f68c0108120 secure :-1 s=READY pgs=16 cs=0 l=1 rev1=1 crypto rx=0x7f68bc009820 tx=0x7f68bc02a270 comp rx=0 tx=0).ready entity=mon.0 client_cookie=503241e2e63f8d7a server_cookie=0 in_seq=0 out_seq=0
2024-09-19T04:21:49.628 INFO:teuthology.orchestra.run.smithi070.stdout:/usr/bin/ceph: stderr
2024-09-19T04:21:48.887+0000 7f68c546a640 1 -- 172.21.15.70:0/3770882748 <== mon.0 v2:172.21.15.70:3300/0 1 ==== mon_map magic: 0 ==== 205+0+0 (secure 0 0 0) 0x7f68bc037070 con 0x7f68c0107d20
2024-09-19T04:21:49.628 INFO:teuthology.orchestra.run.smithi070.stdout:/usr/bin/ceph: stderr
2024-09-19T04:21:48.888+0000 7f68c546a640 1 -- 172.21.15.70:0/3770882748 <== mon.0 v2:172.21.15.70:3300/0 2 ==== config(27 keys) ==== 1105+0+0 (secure 0 0 0) 0x7f68bc032900 con 0x7f68c0107d20
2024-09-19T04:21:49.628 INFO:teuthology.orchestra.run.smithi070.stdout:/usr/bin/ceph: stderr
2024-09-19T04:21:48.888+0000 7f68c546a640 1 -- 172.21.15.70:0/3770882748 <== mon.0 v2:172.21.15.70:3300/0 3 ==== mon_map magic: 0 ==== 205+0+0 (secure 0 0 0) 0x7f68bc030840 con 0x7f68c0107d20
2024-09-19T04:21:49.628 INFO:teuthology.orchestra.run.smithi070.stdout:/usr/bin/ceph: stderr
2024-09-19T04:21:48.888+0000 7f68c86d0640 1 -- 172.21.15.70:0/3770882748 >> [v2:172.21.15.70:3300/0,v1:172.21.15.70:6789/0] conn(0x7f68c0107d20 msgr2=0x7f68c0108120 secure :-1 s=STATE_CONNECTION_ESTABLISHED l=1).mark_down
2024-09-19T04:21:49.628 INFO:teuthology.orchestra.run.smithi070.stdout:/usr/bin/ceph: stderr
2024-09-19T04:21:48.888+0000 7f68c86d0640 1 --2- 172.21.15.70:0/3770882748 >> [v2:172.21.15.70:3300/0,v1:172.21.15.70:6789/0] conn(0x7f68c0107d20 0x7f68c0108120 secure :-1 s=READY pgs=16 cs=0 l=1 rev1=1 crypto rx=0x7f68bc009820 tx=0x7f68bc02a270 comp rx=0 tx=0).stop
2024-09-19T04:21:49.628 INFO:teuthology.orchestra.run.smithi070.stdout:/usr/bin/ceph: stderr
2024-09-19T04:21:48.888+0000 7f68c86d0640 1 -- 172.21.15.70:0/3770882748 shutdown_connections
2024-09-19T04:21:49.628 INFO:teuthology.orchestra.run.smithi070.stdout:/usr/bin/ceph: stderr
2024-09-19T04:21:48.888+0000 7f68c86d0640 1 --2- 172.21.15.70:0/3770882748 >> [v2:172.21.15.70:3300/0,v1:172.21.15.70:6789/0] conn(0x7f68c0107d20 0x7f68c0108120 unknown :-1 s=CLOSED pgs=16 cs=0 l=1 rev1=1 crypto rx=0 tx=0 comp rx=0 tx=0).stop
2024-09-19T04:21:49.628 INFO:teuthology.orchestra.run.smithi070.stdout:/usr/bin/ceph: stderr
2024-09-19T04:21:48.888+0000 7f68c86d0640 1 -- 172.21.15.70:0/3770882748 >> 172.21.15.70:0/3770882748 conn(0x7f68c01016e0 msgr2=0x7f68c0103b00 unknown :-1 s=STATE_NONE l=0).mark_down
2024-09-19T04:21:49.628 INFO:teuthology.orchestra.run.smithi070.stdout:/usr/bin/ceph: stderr
2024-09-19T04:21:48.888+0000 7f68c86d0640 1 -- 172.21.15.70:0/3770882748 shutdown_connections
2024-09-19T04:21:49.629 INFO:teuthology.orchestra.run.smithi070.stdout:/usr/bin/ceph: stderr
2024-09-19T04:21:48.888+0000 7f68c86d0640 1 -- 172.21.15.70:0/3770882748 wait complete.
2024-09-19T04:21:49.629 INFO:teuthology.orchestra.run.smithi070.stdout:/usr/bin/ceph: stderr
2024-09-19T04:21:48.889+0000 7f68c86d0640 1 Processor -- start
2024-09-19T04:21:49.629 INFO:teuthology.orchestra.run.smithi070.stdout:/usr/bin/ceph: stderr
2024-09-19T04:21:48.889+0000 7f68c86d0640 1 -- start start
2024-09-19T04:21:49.629 INFO:teuthology.orchestra.run.smithi070.stdout:/usr/bin/ceph: stderr
2024-09-19T04:21:48.889+0000 7f68c86d0640 1 --2- >> [v2:172.21.15.70:3300/0,v1:172.21.15.70:6789/0] conn(0x7f68c0107d20 0x7f68c019d9c0 unknown :-1 s=NONE pgs=0 cs=0 l=1 rev1=0 crypto rx=0 tx=0 comp rx=0 tx=0).connect
2024-09-19T04:21:49.629 INFO:teuthology.orchestra.run.smithi070.stdout:/usr/bin/ceph: stderr
2024-09-19T04:21:48.889+0000 7f68c86d0640 1 -- --> [v2:172.21.15.70:3300/0,v1:172.21.15.70:6789/0] -- mon_getmap magic: 0 -- 0x7f68c0106700 con 0x7f68c0107d20
2024-09-19T04:21:49.629 INFO:teuthology.orchestra.run.smithi070.stdout:/usr/bin/ceph: stderr
2024-09-19T04:21:48.889+0000 7f68c646c640 1 --2- >> [v2:172.21.15.70:3300/0,v1:172.21.15.70:6789/0] conn(0x7f68c0107d20 0x7f68c019d9c0 unknown :-1 s=BANNER_CONNECTING pgs=0 cs=0 l=1 rev1=0 crypto rx=0 tx=0 comp rx=0 tx=0)._handle_peer_banner_payload supported=3 required=0
2024-09-19T04:21:49.629 INFO:teuthology.orchestra.run.smithi070.stdout:/usr/bin/ceph: stderr
2024-09-19T04:21:48.889+0000 7f68c646c640 1 --2- >> [v2:172.21.15.70:3300/0,v1:172.21.15.70:6789/0] conn(0x7f68c0107d20 0x7f68c019d9c0 unknown :-1 s=HELLO_CONNECTING pgs=0 cs=0 l=1 rev1=1 crypto rx=0 tx=0 comp rx=0 tx=0).handle_hello peer v2:172.21.15.70:3300/0 says I am v2:172.21.15.70:33850/0 (socket says 172.21.15.70:33850)
2024-09-19T04:21:49.629 INFO:teuthology.orchestra.run.smithi070.stdout:/usr/bin/ceph: stderr
2024-09-19T04:21:48.889+0000 7f68c646c640 1 -- 172.21.15.70:0/967599756 learned_addr learned my addr 172.21.15.70:0/967599756 (peer_addr_for_me v2:172.21.15.70:0/0)
2024-09-19T04:21:49.629 INFO:teuthology.orchestra.run.smithi070.stdout:/usr/bin/ceph: stderr
2024-09-19T04:21:48.889+0000 7f68c646c640 1 -- 172.21.15.70:0/967599756 --> [v2:172.21.15.70:3300/0,v1:172.21.15.70:6789/0] -- mon_subscribe({config=0+,monmap=0+}) -- 0x7f68c019df00 con 0x7f68c0107d20
2024-09-19T04:21:49.629 INFO:teuthology.orchestra.run.smithi070.stdout:/usr/bin/ceph: stderr
2024-09-19T04:21:48.889+0000 7f68c646c640 1 --2- 172.21.15.70:0/967599756 >> [v2:172.21.15.70:3300/0,v1:172.21.15.70:6789/0] conn(0x7f68c0107d20 0x7f68c019d9c0 secure :-1 s=READY pgs=17 cs=0 l=1 rev1=1 crypto rx=0x7f68bc030590 tx=0x7f68bc032670 comp rx=0 tx=0).ready entity=mon.0 client_cookie=0 server_cookie=0 in_seq=0 out_seq=0
2024-09-19T04:21:49.629 INFO:teuthology.orchestra.run.smithi070.stdout:/usr/bin/ceph: stderr
2024-09-19T04:21:48.890+0000 7f68b77fe640 1 -- 172.21.15.70:0/967599756 <== mon.0 v2:172.21.15.70:3300/0 1 ==== mon_map magic: 0 ==== 205+0+0 (secure 0 0 0) 0x7f68bc037040 con 0x7f68c0107d20
2024-09-19T04:21:49.629 INFO:teuthology.orchestra.run.smithi070.stdout:/usr/bin/ceph: stderr
2024-09-19T04:21:48.890+0000 7f68b77fe640 1 -- 172.21.15.70:0/967599756 <== mon.0 v2:172.21.15.70:3300/0 2 ==== config(27 keys) ==== 1105+0+0 (secure 0 0 0) 0x7f68bc032be0 con 0x7f68c0107d20
2024-09-19T04:21:49.629 INFO:teuthology.orchestra.run.smithi070.stdout:/usr/bin/ceph: stderr
2024-09-19T04:21:48.890+0000 7f68c86d0640 1 -- 172.21.15.70:0/967599756 --> [v2:172.21.15.70:3300/0,v1:172.21.15.70:6789/0] -- mon_subscribe({mgrmap=0+}) -- 0x7f68c019e190 con 0x7f68c0107d20
2024-09-19T04:21:49.630 INFO:teuthology.orchestra.run.smithi070.stdout:/usr/bin/ceph: stderr
2024-09-19T04:21:48.890+0000 7f68b77fe640 1 -- 172.21.15.70:0/967599756 <== mon.0 v2:172.21.15.70:3300/0 3 ==== mon_map magic: 0 ==== 205+0+0 (secure 0 0 0) 0x7f68bc03a520 con 0x7f68c0107d20
2024-09-19T04:21:49.630 INFO:teuthology.orchestra.run.smithi070.stdout:/usr/bin/ceph: stderr
2024-09-19T04:21:48.890+0000 7f68c86d0640 1 -- 172.21.15.70:0/967599756 --> [v2:172.21.15.70:3300/0,v1:172.21.15.70:6789/0] -- mon_subscribe({osdmap=0}) -- 0x7f68c01a0e80 con 0x7f68c0107d20
2024-09-19T04:21:49.630 INFO:teuthology.orchestra.run.smithi070.stdout:/usr/bin/ceph: stderr
2024-09-19T04:21:48.890+0000 7f68b77fe640 1 -- 172.21.15.70:0/967599756 <== mon.0 v2:172.21.15.70:3300/0 4 ==== mgrmap(e 4) ==== 46450+0+0 (secure 0 0 0) 0x7f68bc03a7d0 con 0x7f68c0107d20
2024-09-19T04:21:49.630 INFO:teuthology.orchestra.run.smithi070.stdout:/usr/bin/ceph: stderr
2024-09-19T04:21:48.891+0000 7f68b77fe640 1 --2- 172.21.15.70:0/967599756 >> [v2:172.21.15.70:6800/1492093884,v1:172.21.15.70:6801/1492093884] conn(0x7f68ac0391b0 0x7f68ac03b670 unknown :-1 s=NONE pgs=0 cs=0 l=1 rev1=0 crypto rx=0 tx=0 comp rx=0 tx=0).connect
2024-09-19T04:21:49.630 INFO:teuthology.orchestra.run.smithi070.stdout:/usr/bin/ceph: stderr
2024-09-19T04:21:48.891+0000 7f68b77fe640 1 -- 172.21.15.70:0/967599756 <== mon.0 v2:172.21.15.70:3300/0 5 ==== osd_map(1..1 src has 1..1) ==== 725+0+0 (secure 0 0 0) 0x7f68bc06c550 con 0x7f68c0107d20
2024-09-19T04:21:49.630 INFO:teuthology.orchestra.run.smithi070.stdout:/usr/bin/ceph: stderr
2024-09-19T04:21:48.891+0000 7f68c5c6b640 1 --2- 172.21.15.70:0/967599756 >> [v2:172.21.15.70:6800/1492093884,v1:172.21.15.70:6801/1492093884] conn(0x7f68ac0391b0 0x7f68ac03b670 unknown :-1 s=BANNER_CONNECTING pgs=0 cs=0 l=1 rev1=0 crypto rx=0 tx=0 comp rx=0 tx=0)._handle_peer_banner_payload supported=3 required=0
2024-09-19T04:21:49.630 INFO:teuthology.orchestra.run.smithi070.stdout:/usr/bin/ceph: stderr
2024-09-19T04:21:48.891+0000 7f68c86d0640 1 -- 172.21.15.70:0/967599756 --> [v2:172.21.15.70:3300/0,v1:172.21.15.70:6789/0] -- mon_command({"prefix": "get_command_descriptions"} v 0) -- 0x7f68c01081a0 con 0x7f68c0107d20
2024-09-19T04:21:49.630 INFO:teuthology.orchestra.run.smithi070.stdout:/usr/bin/ceph: stderr
2024-09-19T04:21:48.891+0000 7f68c5c6b640 1 --2- 172.21.15.70:0/967599756 >> [v2:172.21.15.70:6800/1492093884,v1:172.21.15.70:6801/1492093884] conn(0x7f68ac0391b0 0x7f68ac03b670 secure :-1 s=READY pgs=7 cs=0 l=1 rev1=1 crypto rx=0x7f68b00098c0 tx=0x7f68b0006db0 comp rx=0 tx=0).ready entity=mgr.14100 client_cookie=0 server_cookie=0 in_seq=0 out_seq=0
2024-09-19T04:21:49.630 INFO:teuthology.orchestra.run.smithi070.stdout:/usr/bin/ceph: stderr
2024-09-19T04:21:48.896+0000 7f68b77fe640 1 -- 172.21.15.70:0/967599756 <== mon.0 v2:172.21.15.70:3300/0 6 ==== mon_command_ack([{"prefix": "get_command_descriptions"}]=0 v0) ==== 72+0+188913 (secure 0 0 0) 0x7f68bc0371e0 con 0x7f68c0107d20
2024-09-19T04:21:49.630 INFO:teuthology.orchestra.run.smithi070.stdout:/usr/bin/ceph: stderr
2024-09-19T04:21:49.061+0000 7f68c86d0640 1 -- 172.21.15.70:0/967599756 --> [v2:172.21.15.70:3300/0,v1:172.21.15.70:6789/0] -- mon_command({"prefix": "config assimilate-conf"} v 0) -- 0x7f68c01a25a0 con 0x7f68c0107d20
