2024-09-19T04:36:52.282 INFO:teuthology.orchestra.run.smithi123.stdout:/usr/bin/ceph: stderr
2024-09-19T04:36:51.569+0000 7fcec3600640 1 -- 172.21.15.123:0/3086179115 >> [v2:172.21.15.123:6800/3323203947,v1:172.21.15.123:6801/3323203947] conn(0x7fcea0039200 msgr2=0x7fcea003b6c0 secure :-1 s=STATE_CONNECTION_ESTABLISHED l=1).mark_down
2024-09-19T04:36:52.282 INFO:teuthology.orchestra.run.smithi123.stdout:/usr/bin/ceph: stderr
2024-09-19T04:36:51.569+0000 7fcec3600640 1 --2- 172.21.15.123:0/3086179115 >> [v2:172.21.15.123:6800/3323203947,v1:172.21.15.123:6801/3323203947] conn(0x7fcea0039200 0x7fcea003b6c0 secure :-1 s=READY pgs=9 cs=0 l=1 rev1=1 crypto rx=0x7fcea40098c0 tx=0x7fcea4006db0 comp rx=0 tx=0).stop
2024-09-19T04:36:52.282 INFO:teuthology.orchestra.run.smithi123.stdout:/usr/bin/ceph: stderr
2024-09-19T04:36:51.569+0000 7fcec3600640 1 -- 172.21.15.123:0/3086179115 >> [v2:172.21.15.123:3300/0,v1:172.21.15.123:6789/0] conn(0x7fcebc107790 msgr2=0x7fcebc19d970 secure :-1 s=STATE_CONNECTION_ESTABLISHED l=1).mark_down
2024-09-19T04:36:52.282 INFO:teuthology.orchestra.run.smithi123.stdout:/usr/bin/ceph: stderr
2024-09-19T04:36:51.569+0000 7fcec3600640 1 --2- 172.21.15.123:0/3086179115 >> [v2:172.21.15.123:3300/0,v1:172.21.15.123:6789/0] conn(0x7fcebc107790 0x7fcebc19d970 secure :-1 s=READY pgs=40 cs=0 l=1 rev1=1 crypto rx=0x7fceac0097f0 tx=0x7fceac030d80 comp rx=0 tx=0).stop
2024-09-19T04:36:52.282 INFO:teuthology.orchestra.run.smithi123.stdout:/usr/bin/ceph: stderr
2024-09-19T04:36:51.569+0000 7fcec3600640 1 -- 172.21.15.123:0/3086179115 shutdown_connections
2024-09-19T04:36:52.282 INFO:teuthology.orchestra.run.smithi123.stdout:/usr/bin/ceph: stderr
2024-09-19T04:36:51.569+0000 7fcec3600640 1 --2- 172.21.15.123:0/3086179115 >> [v2:172.21.15.123:6800/3323203947,v1:172.21.15.123:6801/3323203947] conn(0x7fcea0039200 0x7fcea003b6c0 unknown :-1 s=CLOSED pgs=9 cs=0 l=1 rev1=1 crypto rx=0 tx=0 comp rx=0 tx=0).stop
2024-09-19T04:36:52.282 INFO:teuthology.orchestra.run.smithi123.stdout:/usr/bin/ceph: stderr
2024-09-19T04:36:51.569+0000 7fcec3600640 1 --2- 172.21.15.123:0/3086179115 >> [v2:172.21.15.123:3300/0,v1:172.21.15.123:6789/0] conn(0x7fcebc107790 0x7fcebc19d970 unknown :-1 s=CLOSED pgs=40 cs=0 l=1 rev1=1 crypto rx=0 tx=0 comp rx=0 tx=0).stop
2024-09-19T04:36:52.282 INFO:teuthology.orchestra.run.smithi123.stdout:/usr/bin/ceph: stderr
2024-09-19T04:36:51.569+0000 7fcec3600640 1 -- 172.21.15.123:0/3086179115 >> 172.21.15.123:0/3086179115 conn(0x7fcebc102fa0 msgr2=0x7fcebc103ab0 unknown :-1 s=STATE_NONE l=0).mark_down
2024-09-19T04:36:52.282 INFO:teuthology.orchestra.run.smithi123.stdout:/usr/bin/ceph: stderr
2024-09-19T04:36:51.569+0000 7fcec3600640 1 -- 172.21.15.123:0/3086179115 shutdown_connections
2024-09-19T04:36:52.283 INFO:teuthology.orchestra.run.smithi123.stdout:/usr/bin/ceph: stderr
2024-09-19T04:36:51.569+0000 7fcec3600640 1 -- 172.21.15.123:0/3086179115 wait complete.
2024-09-19T04:36:52.774 INFO:journalctl@ceph.mon.a.smithi123.stdout:Sep 19 04:36:52 smithi123 ceph-mon[30511]: from='client.14134 -' entity='client.admin' cmd=[{"prefix": "cephadm generate-key", "target": ["mon-mgr", ""]}]: dispatch
2024-09-19T04:36:52.775 INFO:journalctl@ceph.mon.a.smithi123.stdout:Sep 19 04:36:52 smithi123 ceph-mon[30511]: Generating ssh key...
2024-09-19T04:36:52.775 INFO:journalctl@ceph.mon.a.smithi123.stdout:Sep 19 04:36:52 smithi123 ceph-mon[30511]: from='mgr.14118 172.21.15.123:0/2355888057' entity='mgr.x'
2024-09-19T04:36:52.775 INFO:journalctl@ceph.mon.a.smithi123.stdout:Sep 19 04:36:52 smithi123 ceph-mon[30511]: from='mgr.14118 172.21.15.123:0/2355888057' entity='mgr.x'
2024-09-19T04:36:53.596 INFO:teuthology.orchestra.run.smithi123.stdout:/usr/bin/ceph: stdout ssh-rsa AAAAB3NzaC1yc2EAAAADAQABAAABgQC7OSSNG8zcJefpr+R9V/17bxDTyFPelwJTIF/flxiapM648SuBb+xUh2mOfl+Tl1/AxeADsRqNfoe5pI4zhNLoKOKraKBLfa1dWFMlJnRuMZQjRYELW49+e7ZyerHiguQp4odcwZ5ESEtzyOcKErK9B+WDRCVN62rXB/hwS/xfA60j/X8g7pm6HqWi6zG7E9iUk8DkICwbNRbrmWq4lwatZEaoRvuXMDH8rzhuhX/RDEsu3w5W6Up3VnDwSQuFWsTLSpdJASQFofzpLqGxosRTdvIzAARJVV3slgNDQF0a652Q62rQR0Nw1MVQ78VEfB5Xu5HwjogV2ZhXN/ePKOmhLVYURT3Y7cyQlo5c1AQyVCqAVsYk2cXMNB4ueAwowSHQrqW08otQc/aMwvwrzYKYRHpJ5CC+7zfjtoIN7Orq2u4g23uaCja0fEKvhZTtJwpKBQunKCF2grCeRg1dNMY0tB9OTKnFeMvt3xjIqguP1njKlJeIetwjgND+ErtMNcM= ceph-911fa052-7640-11ef-bceb-c7b262605968
2024-09-19T04:36:53.601 INFO:teuthology.orchestra.run.smithi123.stdout:/usr/bin/ceph: stderr
2024-09-19T04:36:52.759+0000 7fb8ae000640 1 Processor -- start
2024-09-19T04:36:53.601 INFO:teuthology.orchestra.run.smithi123.stdout:/usr/bin/ceph: stderr
2024-09-19T04:36:52.759+0000 7fb8ae000640 1 -- start start
2024-09-19T04:36:53.601 INFO:teuthology.orchestra.run.smithi123.stdout:/usr/bin/ceph: stderr
2024-09-19T04:36:52.759+0000 7fb8ae000640 1 --2- >> [v2:172.21.15.123:3300/0,v1:172.21.15.123:6789/0] conn(0x7fb8a8107ff0 0x7fb8a810a3e0 unknown :-1 s=NONE pgs=0 cs=0 l=0 rev1=0 crypto rx=0 tx=0 comp rx=0 tx=0).connect
2024-09-19T04:36:53.601 INFO:teuthology.orchestra.run.smithi123.stdout:/usr/bin/ceph: stderr
2024-09-19T04:36:52.759+0000 7fb8ae000640 1 -- --> [v2:172.21.15.123:3300/0,v1:172.21.15.123:6789/0] -- mon_getmap magic: 0 -- 0x7fb8a807be20 con 0x7fb8a8107ff0
2024-09-19T04:36:53.601 INFO:teuthology.orchestra.run.smithi123.stdout:/usr/bin/ceph: stderr
2024-09-19T04:36:52.760+0000 7fb8acc00640 1 --2- >> [v2:172.21.15.123:3300/0,v1:172.21.15.123:6789/0] conn(0x7fb8a8107ff0 0x7fb8a810a3e0 unknown :-1 s=BANNER_CONNECTING pgs=0 cs=0 l=0 rev1=0 crypto rx=0 tx=0 comp rx=0 tx=0)._handle_peer_banner_payload supported=3 required=0
2024-09-19T04:36:53.601 INFO:teuthology.orchestra.run.smithi123.stdout:/usr/bin/ceph: stderr
2024-09-19T04:36:52.760+0000 7fb8acc00640 1 --2- >> [v2:172.21.15.123:3300/0,v1:172.21.15.123:6789/0] conn(0x7fb8a8107ff0 0x7fb8a810a3e0 unknown :-1 s=HELLO_CONNECTING pgs=0 cs=0 l=0 rev1=1 crypto rx=0 tx=0 comp rx=0 tx=0).handle_hello peer v2:172.21.15.123:3300/0 says I am v2:172.21.15.123:48302/0 (socket says 172.21.15.123:48302)
2024-09-19T04:36:53.602 INFO:teuthology.orchestra.run.smithi123.stdout:/usr/bin/ceph: stderr
2024-09-19T04:36:52.760+0000 7fb8acc00640 1 -- 172.21.15.123:0/3935122543 learned_addr learned my addr 172.21.15.123:0/3935122543 (peer_addr_for_me v2:172.21.15.123:0/0)
2024-09-19T04:36:53.602 INFO:teuthology.orchestra.run.smithi123.stdout:/usr/bin/ceph: stderr
2024-09-19T04:36:52.760+0000 7fb8acc00640 1 -- 172.21.15.123:0/3935122543 --> [v2:172.21.15.123:3300/0,v1:172.21.15.123:6789/0] -- mon_subscribe({config=0+,monmap=0+}) -- 0x7fb8a810a920 con 0x7fb8a8107ff0
2024-09-19T04:36:53.602 INFO:teuthology.orchestra.run.smithi123.stdout:/usr/bin/ceph: stderr
2024-09-19T04:36:52.762+0000 7fb8acc00640 1 --2- 172.21.15.123:0/3935122543 >> [v2:172.21.15.123:3300/0,v1:172.21.15.123:6789/0] conn(0x7fb8a8107ff0 0x7fb8a810a3e0 secure :-1 s=READY pgs=41 cs=0 l=1 rev1=1 crypto rx=0x7fb89c009820 tx=0x7fb89c02a270 comp rx=0 tx=0).ready entity=mon.0 client_cookie=d69c8a97a42f02eb server_cookie=0 in_seq=0 out_seq=0
2024-09-19T04:36:53.602 INFO:teuthology.orchestra.run.smithi123.stdout:/usr/bin/ceph: stderr
2024-09-19T04:36:52.762+0000 7fb8a7400640 1 -- 172.21.15.123:0/3935122543 <== mon.0 v2:172.21.15.123:3300/0 1 ==== mon_map magic: 0 ==== 205+0+0 (secure 0 0 0) 0x7fb89c037070 con 0x7fb8a8107ff0
2024-09-19T04:36:53.602 INFO:teuthology.orchestra.run.smithi123.stdout:/usr/bin/ceph: stderr
2024-09-19T04:36:52.762+0000 7fb8a7400640 1 -- 172.21.15.123:0/3935122543 <== mon.0 v2:172.21.15.123:3300/0 2 ==== config(27 keys) ==== 1109+0+0 (secure 0 0 0) 0x7fb89c032900 con 0x7fb8a8107ff0
2024-09-19T04:36:53.602 INFO:teuthology.orchestra.run.smithi123.stdout:/usr/bin/ceph: stderr
2024-09-19T04:36:52.762+0000 7fb8a7400640 1 -- 172.21.15.123:0/3935122543 <== mon.0 v2:172.21.15.123:3300/0 3 ==== mon_map magic: 0 ==== 205+0+0 (secure 0 0 0) 0x7fb89c030850 con 0x7fb8a8107ff0
2024-09-19T04:36:53.602 INFO:teuthology.orchestra.run.smithi123.stdout:/usr/bin/ceph: stderr
2024-09-19T04:36:52.763+0000 7fb8ae000640 1 -- 172.21.15.123:0/3935122543 >> [v2:172.21.15.123:3300/0,v1:172.21.15.123:6789/0] conn(0x7fb8a8107ff0 msgr2=0x7fb8a810a3e0 secure :-1 s=STATE_CONNECTION_ESTABLISHED l=1).mark_down
2024-09-19T04:36:53.602 INFO:teuthology.orchestra.run.smithi123.stdout:/usr/bin/ceph: stderr
2024-09-19T04:36:52.763+0000 7fb8ae000640 1 --2- 172.21.15.123:0/3935122543 >> [v2:172.21.15.123:3300/0,v1:172.21.15.123:6789/0] conn(0x7fb8a8107ff0 0x7fb8a810a3e0 secure :-1 s=READY pgs=41 cs=0 l=1 rev1=1 crypto rx=0x7fb89c009820 tx=0x7fb89c02a270 comp rx=0 tx=0).stop
2024-09-19T04:36:53.602 INFO:teuthology.orchestra.run.smithi123.stdout:/usr/bin/ceph: stderr
2024-09-19T04:36:52.763+0000 7fb8ae000640 1 -- 172.21.15.123:0/3935122543 shutdown_connections
2024-09-19T04:36:53.602 INFO:teuthology.orchestra.run.smithi123.stdout:/usr/bin/ceph: stderr
2024-09-19T04:36:52.763+0000 7fb8ae000640 1 --2- 172.21.15.123:0/3935122543 >> [v2:172.21.15.123:3300/0,v1:172.21.15.123:6789/0] conn(0x7fb8a8107ff0 0x7fb8a810a3e0 unknown :-1 s=CLOSED pgs=41 cs=0 l=1 rev1=1 crypto rx=0 tx=0 comp rx=0 tx=0).stop
2024-09-19T04:36:53.602 INFO:teuthology.orchestra.run.smithi123.stdout:/usr/bin/ceph: stderr
2024-09-19T04:36:52.763+0000 7fb8ae000640 1 -- 172.21.15.123:0/3935122543 >> 172.21.15.123:0/3935122543 conn(0x7fb8a8101bd0 msgr2=0x7fb8a8103ff0 unknown :-1 s=STATE_NONE l=0).mark_down
2024-09-19T04:36:53.602 INFO:teuthology.orchestra.run.smithi123.stdout:/usr/bin/ceph: stderr
2024-09-19T04:36:52.763+0000 7fb8ae000640 1 -- 172.21.15.123:0/3935122543 shutdown_connections
2024-09-19T04:36:53.603 INFO:teuthology.orchestra.run.smithi123.stdout:/usr/bin/ceph: stderr
2024-09-19T04:36:52.763+0000 7fb8ae000640 1 -- 172.21.15.123:0/3935122543 wait complete.
2024-09-19T04:36:53.603 INFO:teuthology.orchestra.run.smithi123.stdout:/usr/bin/ceph: stderr
2024-09-19T04:36:52.764+0000 7fb8ae000640 1 Processor -- start
2024-09-19T04:36:53.603 INFO:teuthology.orchestra.run.smithi123.stdout:/usr/bin/ceph: stderr
2024-09-19T04:36:52.764+0000 7fb8ae000640 1 -- start start
2024-09-19T04:36:53.603 INFO:teuthology.orchestra.run.smithi123.stdout:/usr/bin/ceph: stderr
2024-09-19T04:36:52.765+0000 7fb8ae000640 1 --2- >> [v2:172.21.15.123:3300/0,v1:172.21.15.123:6789/0] conn(0x7fb8a8107ff0 0x7fb8a8107870 unknown :-1 s=NONE pgs=0 cs=0 l=1 rev1=0 crypto rx=0 tx=0 comp rx=0 tx=0).connect
2024-09-19T04:36:53.603 INFO:teuthology.orchestra.run.smithi123.stdout:/usr/bin/ceph: stderr
2024-09-19T04:36:52.765+0000 7fb8ae000640 1 -- --> [v2:172.21.15.123:3300/0,v1:172.21.15.123:6789/0] -- mon_getmap magic: 0 -- 0x7fb8a810b960 con 0x7fb8a8107ff0
2024-09-19T04:36:53.603 INFO:teuthology.orchestra.run.smithi123.stdout:/usr/bin/ceph: stderr
2024-09-19T04:36:52.765+0000 7fb8acc00640 1 --2- >> [v2:172.21.15.123:3300/0,v1:172.21.15.123:6789/0] conn(0x7fb8a8107ff0 0x7fb8a8107870 unknown :-1 s=BANNER_CONNECTING pgs=0 cs=0 l=1 rev1=0 crypto rx=0 tx=0 comp rx=0 tx=0)._handle_peer_banner_payload supported=3 required=0
2024-09-19T04:36:53.603 INFO:teuthology.orchestra.run.smithi123.stdout:/usr/bin/ceph: stderr
2024-09-19T04:36:52.765+0000 7fb8acc00640 1 --2- >> [v2:172.21.15.123:3300/0,v1:172.21.15.123:6789/0] conn(0x7fb8a8107ff0 0x7fb8a8107870 unknown :-1 s=HELLO_CONNECTING pgs=0 cs=0 l=1 rev1=1 crypto rx=0 tx=0 comp rx=0 tx=0).handle_hello peer v2:172.21.15.123:3300/0 says I am v2:172.21.15.123:48312/0 (socket says 172.21.15.123:48312)
2024-09-19T04:36:53.603 INFO:teuthology.orchestra.run.smithi123.stdout:/usr/bin/ceph: stderr
2024-09-19T04:36:52.765+0000 7fb8acc00640 1 -- 172.21.15.123:0/2333753030 learned_addr learned my addr 172.21.15.123:0/2333753030 (peer_addr_for_me v2:172.21.15.123:0/0)
2024-09-19T04:36:53.603 INFO:teuthology.orchestra.run.smithi123.stdout:/usr/bin/ceph: stderr
2024-09-19T04:36:52.765+0000 7fb8acc00640 1 -- 172.21.15.123:0/2333753030 --> [v2:172.21.15.123:3300/0,v1:172.21.15.123:6789/0] -- mon_subscribe({config=0+,monmap=0+}) -- 0x7fb8a8107db0 con 0x7fb8a8107ff0
2024-09-19T04:36:53.603 INFO:teuthology.orchestra.run.smithi123.stdout:/usr/bin/ceph: stderr
2024-09-19T04:36:52.765+0000 7fb8acc00640 1 --2- 172.21.15.123:0/2333753030 >> [v2:172.21.15.123:3300/0,v1:172.21.15.123:6789/0] conn(0x7fb8a8107ff0 0x7fb8a8107870 secure :-1 s=READY pgs=42 cs=0 l=1 rev1=1 crypto rx=0x7fb89c0097f0 tx=0x7fb89c030d80 comp rx=0 tx=0).ready entity=mon.0 client_cookie=0 server_cookie=0 in_seq=0 out_seq=0
2024-09-19T04:36:53.603 INFO:teuthology.orchestra.run.smithi123.stdout:/usr/bin/ceph: stderr
2024-09-19T04:36:52.766+0000 7fb8a5600640 1 -- 172.21.15.123:0/2333753030 <== mon.0 v2:172.21.15.123:3300/0 1 ==== mon_map magic: 0 ==== 205+0+0 (secure 0 0 0) 0x7fb89c037040 con 0x7fb8a8107ff0
2024-09-19T04:36:53.603 INFO:teuthology.orchestra.run.smithi123.stdout:/usr/bin/ceph: stderr
2024-09-19T04:36:52.766+0000 7fb8a5600640 1 -- 172.21.15.123:0/2333753030 <== mon.0 v2:172.21.15.123:3300/0 2 ==== config(27 keys) ==== 1109+0+0 (secure 0 0 0) 0x7fb89c040070 con 0x7fb8a8107ff0
2024-09-19T04:36:53.603 INFO:teuthology.orchestra.run.smithi123.stdout:/usr/bin/ceph: stderr
2024-09-19T04:36:52.766+0000 7fb8a5600640 1 -- 172.21.15.123:0/2333753030 <== mon.0 v2:172.21.15.123:3300/0 3 ==== mon_map magic: 0 ==== 205+0+0 (secure 0 0 0) 0x7fb89c03a390 con 0x7fb8a8107ff0
2024-09-19T04:36:53.604 INFO:teuthology.orchestra.run.smithi123.stdout:/usr/bin/ceph: stderr
2024-09-19T04:36:52.766+0000 7fb8ae000640 1 -- 172.21.15.123:0/2333753030 --> [v2:172.21.15.123:3300/0,v1:172.21.15.123:6789/0] -- mon_subscribe({mgrmap=0+}) -- 0x7fb8a8105fa0 con 0x7fb8a8107ff0
2024-09-19T04:36:53.604 INFO:teuthology.orchestra.run.smithi123.stdout:/usr/bin/ceph: stderr
2024-09-19T04:36:52.766+0000 7fb8ae000640 1 -- 172.21.15.123:0/2333753030 --> [v2:172.21.15.123:3300/0,v1:172.21.15.123:6789/0] -- mon_subscribe({osdmap=0}) -- 0x7fb8a8106480 con 0x7fb8a8107ff0
2024-09-19T04:36:53.604 INFO:teuthology.orchestra.run.smithi123.stdout:/usr/bin/ceph: stderr
2024-09-19T04:36:52.767+0000 7fb8ae000640 1 -- 172.21.15.123:0/2333753030 --> [v2:172.21.15.123:3300/0,v1:172.21.15.123:6789/0] -- mon_command({"prefix": "get_command_descriptions"} v 0) -- 0x7fb8a8108450 con 0x7fb8a8107ff0
2024-09-19T04:36:53.604 INFO:teuthology.orchestra.run.smithi123.stdout:/usr/bin/ceph: stderr
2024-09-19T04:36:52.767+0000 7fb8a5600640 1 -- 172.21.15.123:0/2333753030 <== mon.0 v2:172.21.15.123:3300/0 4 ==== mgrmap(e 8) ==== 46461+0+0 (secure 0 0 0) 0x7fb89c03b430 con 0x7fb8a8107ff0
2024-09-19T04:36:53.604 INFO:teuthology.orchestra.run.smithi123.stdout:/usr/bin/ceph: stderr
2024-09-19T04:36:52.768+0000 7fb8a5600640 1 --2- 172.21.15.123:0/2333753030 >> [v2:172.21.15.123:6800/3323203947,v1:172.21.15.123:6801/3323203947] conn(0x7fb890039200 0x7fb89003b6c0 unknown :-1 s=NONE pgs=0 cs=0 l=1 rev1=0 crypto rx=0 tx=0 comp rx=0 tx=0).connect
2024-09-19T04:36:53.604 INFO:teuthology.orchestra.run.smithi123.stdout:/usr/bin/ceph: stderr
2024-09-19T04:36:52.768+0000 7fb8a5600640 1 -- 172.21.15.123:0/2333753030 <== mon.0 v2:172.21.15.123:3300/0 5 ==== osd_map(2..2 src has 1..2) ==== 940+0+0 (secure 0 0 0) 0x7fb89c06c840 con 0x7fb8a8107ff0
2024-09-19T04:36:53.604 INFO:teuthology.orchestra.run.smithi123.stdout:/usr/bin/ceph: stderr
2024-09-19T04:36:52.768+0000 7fb8a7e00640 1 --2- 172.21.15.123:0/2333753030 >> [v2:172.21.15.123:6800/3323203947,v1:172.21.15.123:6801/3323203947] conn(0x7fb890039200 0x7fb89003b6c0 unknown :-1 s=BANNER_CONNECTING pgs=0 cs=0 l=1 rev1=0 crypto rx=0 tx=0 comp rx=0 tx=0)._handle_peer_banner_payload supported=3 required=0
2024-09-19T04:36:53.604 INFO:teuthology.orchestra.run.smithi123.stdout:/usr/bin/ceph: stderr
2024-09-19T04:36:52.769+0000 7fb8a7e00640 1 --2- 172.21.15.123:0/2333753030 >> [v2:172.21.15.123:6800/3323203947,v1:172.21.15.123:6801/3323203947] conn(0x7fb890039200 0x7fb89003b6c0 secure :-1 s=READY pgs=10 cs=0 l=1 rev1=1 crypto rx=0x7fb8940098c0 tx=0x7fb894006db0 comp rx=0 tx=0).ready entity=mgr.14118 client_cookie=0 server_cookie=0 in_seq=0 out_seq=0
2024-09-19T04:36:53.604 INFO:teuthology.orchestra.run.smithi123.stdout:/usr/bin/ceph: stderr
2024-09-19T04:36:52.773+0000 7fb8a5600640 1 -- 172.21.15.123:0/2333753030 <== mon.0 v2:172.21.15.123:3300/0 6 ==== mon_command_ack([{"prefix": "get_command_descriptions"}]=0 v0) ==== 72+0+188913 (secure 0 0 0) 0x7fb89c06c190 con 0x7fb8a8107ff0
2024-09-19T04:36:53.604 INFO:teuthology.orchestra.run.smithi123.stdout:/usr/bin/ceph: stderr
2024-09-19T04:36:52.955+0000 7fb8ae000640 1 -- 172.21.15.123:0/2333753030 --> [v2:172.21.15.123:6800/3323203947,v1:172.21.15.123:6801/3323203947] -- mgr_command(tid 0: {"prefix": "cephadm get-pub-key", "target": ["mon-mgr", ""]}) -- 0x7fb8a8106ce0 con 0x7fb890039200
2024-09-19T04:36:53.604 INFO:teuthology.orchestra.run.smithi123.stdout:/usr/bin/ceph: stderr
2024-09-19T04:36:52.956+0000 7fb8a5600640 1 -- 172.21.15.123:0/2333753030 <== mgr.14118 v2:172.21.15.123:6800/3323203947 1 ==== mgr_command_reply(tid 0: 0 ) ==== 8+0+595 (secure 0 0 0) 0x7fb8a8106ce0 con 0x7fb890039200
2024-09-19T04:36:53.604 INFO:teuthology.orchestra.run.smithi123.stdout:/usr/bin/ceph: stderr
2024-09-19T04:36:52.959+0000 7fb8ae000640 1 -- 172.21.15.123:0/2333753030 >> [v2:172.21.15.123:6800/3323203947,v1:172.21.15.123:6801/3323203947] conn(0x7fb890039200 msgr2=0x7fb89003b6c0 secure :-1 s=STATE_CONNECTION_ESTABLISHED l=1).mark_down
2024-09-19T04:36:53.605 INFO:teuthology.orchestra.run.smithi123.stdout:/usr/bin/ceph: stderr
2024-09-19T04:36:52.959+0000 7fb8ae000640 1 --2- 172.21.15.123:0/2333753030 >> [v2:172.21.15.123:6800/3323203947,v1:172.21.15.123:6801/3323203947] conn(0x7fb890039200 0x7fb89003b6c0 secure :-1 s=READY pgs=10 cs=0 l=1 rev1=1 crypto rx=0x7fb8940098c0 tx=0x7fb894006db0 comp rx=0 tx=0).stop
2024-09-19T04:36:53.605 INFO:teuthology.orchestra.run.smithi123.stdout:/usr/bin/ceph: stderr
2024-09-19T04:36:52.959+0000 7fb8ae000640 1 -- 172.21.15.123:0/2333753030 >> [v2:172.21.15.123:3300/0,v1:172.21.15.123:6789/0] conn(0x7fb8a8107ff0 msgr2=0x7fb8a8107870 secure :-1 s=STATE_CONNECTION_ESTABLISHED l=1).mark_down
2024-09-19T04:36:53.605 INFO:teuthology.orchestra.run.smithi123.stdout:/usr/bin/ceph: stderr
2024-09-19T04:36:52.959+0000 7fb8ae000640 1 --2- 172.21.15.123:0/2333753030 >> [v2:172.21.15.123:3300/0,v1:172.21.15.123:6789/0] conn(0x7fb8a8107ff0 0x7fb8a8107870 secure :-1 s=READY pgs=42 cs=0 l=1 rev1=1 crypto rx=0x7fb89c0097f0 tx=0x7fb89c030d80 comp rx=0 tx=0).stop
2024-09-19T04:36:53.605 INFO:teuthology.orchestra.run.smithi123.stdout:/usr/bin/ceph: stderr
2024-09-19T04:36:52.959+0000 7fb8ae000640 1 -- 172.21.15.123:0/2333753030 shutdown_connections
2024-09-19T04:36:53.605 INFO:teuthology.orchestra.run.smithi123.stdout:/usr/bin/ceph: stderr
2024-09-19T04:36:52.959+0000 7fb8ae000640 1 --2- 172.21.15.123:0/2333753030 >> [v2:172.21.15.123:6800/3323203947,v1:172.21.15.123:6801/3323203947] conn(0x7fb890039200 0x7fb89003b6c0 unknown :-1 s=CLOSED pgs=10 cs=0 l=1 rev1=1 crypto rx=0 tx=0 comp rx=0 tx=0).stop
2024-09-19T04:36:53.605 INFO:teuthology.orchestra.run.smithi123.stdout:/usr/bin/ceph: stderr
2024-09-19T04:36:52.959+0000 7fb8ae000640 1 --2- 172.21.15.123:0/2333753030 >> [v2:172.21.15.123:3300/0,v1:172.21.15.123:6789/0] conn(0x7fb8a8107ff0 0x7fb8a8107870 unknown :-1 s=CLOSED pgs=42 cs=0 l=1 rev1=1 crypto rx=0 tx=0 comp rx=0 tx=0).stop
2024-09-19T04:36:53.605 INFO:teuthology.orchestra.run.smithi123.stdout:/usr/bin/ceph: stderr
2024-09-19T04:36:52.959+0000 7fb8ae000640 1 -- 172.21.15.123:0/2333753030 >> 172.21.15.123:0/2333753030 conn(0x7fb8a8101bd0 msgr2=0x7fb8a8102800 unknown :-1 s=STATE_NONE l=0).mark_down
2024-09-19T04:36:53.605 INFO:teuthology.orchestra.run.smithi123.stdout:/usr/bin/ceph: stderr
2024-09-19T04:36:52.959+0000 7fb8ae000640 1 -- 172.21.15.123:0/2333753030 shutdown_connections
2024-09-19T04:36:53.605 INFO:teuthology.orchestra.run.smithi123.stdout:/usr/bin/ceph: stderr
2024-09-19T04:36:52.959+0000 7fb8ae000640 1 -- 172.21.15.123:0/2333753030 wait complete.
2024-09-19T04:36:53.605 INFO:teuthology.orchestra.run.smithi123.stdout:Wrote public SSH key to /home/ubuntu/cephtest/ceph.pub
2024-09-19T04:36:53.605 INFO:teuthology.orchestra.run.smithi123.stdout:Adding key to root@localhost authorized_keys...
2024-09-19T04:36:53.606 INFO:teuthology.orchestra.run.smithi123.stdout:Adding host smithi123...
2024-09-19T04:36:53.677 INFO:journalctl@ceph.mon.a.smithi123.stdout:Sep 19 04:36:53 smithi123 ceph-mon[30511]: from='client.14136 -' entity='client.admin' cmd=[{"prefix": "cephadm get-pub-key", "target": ["mon-mgr", ""]}]: dispatch
2024-09-19T04:36:55.274 INFO:journalctl@ceph.mon.a.smithi123.stdout:Sep 19 04:36:55 smithi123 ceph-mon[30511]: from='client.14138 -' entity='client.admin' cmd=[{"prefix": "orch host add", "hostname": "smithi123", "addr": "172.21.15.123", "target": ["mon-mgr", ""]}]: dispatch
2024-09-19T04:36:56.427 INFO:journalctl@ceph.mon.a.smithi123.stdout:Sep 19 04:36:56 smithi123 ceph-mon[30511]: Deploying cephadm binary to smithi123
2024-09-19T04:36:58.860 INFO:teuthology.orchestra.run.smithi123.stdout:/usr/bin/ceph: stdout Added host 'smithi123' with addr '172.21.15.123'
2024-09-19T04:36:58.860 INFO:teuthology.orchestra.run.smithi123.stdout:/usr/bin/ceph: stderr
2024-09-19T04:36:54.094+0000 7fcc5fc00640 1 Processor -- start
2024-09-19T04:36:58.860 INFO:teuthology.orchestra.run.smithi123.stdout:/usr/bin/ceph: stderr
2024-09-19T04:36:54.094+0000 7fcc5fc00640 1 -- start start
2024-09-19T04:36:58.860 INFO:teuthology.orchestra.run.smithi123.stdout:/usr/bin/ceph: stderr
2024-09-19T04:36:54.095+0000 7fcc5fc00640 1 --2- >> [v2:172.21.15.123:3300/0,v1:172.21.15.123:6789/0] conn(0x7fcc58107790 0x7fcc58107b90 unknown :-1 s=NONE pgs=0 cs=0 l=0 rev1=0 crypto rx=0 tx=0 comp rx=0 tx=0).connect
2024-09-19T04:36:58.860 INFO:teuthology.orchestra.run.smithi123.stdout:/usr/bin/ceph: stderr
2024-09-19T04:36:54.095+0000 7fcc5fc00640 1 -- --> [v2:172.21.15.123:3300/0,v1:172.21.15.123:6789/0] -- mon_getmap magic: 0 -- 0x7fcc58108160 con 0x7fcc58107790
2024-09-19T04:36:58.860 INFO:teuthology.orchestra.run.smithi123.stdout:/usr/bin/ceph: stderr
2024-09-19T04:36:54.095+0000 7fcc5d200640 1 --2- >> [v2:172.21.15.123:3300/0,v1:172.21.15.123:6789/0] conn(0x7fcc58107790 0x7fcc58107b90 unknown :-1 s=BANNER_CONNECTING pgs=0 cs=0 l=0 rev1=0 crypto rx=0 tx=0 comp rx=0 tx=0)._handle_peer_banner_payload supported=3 required=0
2024-09-19T04:36:58.860 INFO:teuthology.orchestra.run.smithi123.stdout:/usr/bin/ceph: stderr
2024-09-19T04:36:54.095+0000 7fcc5d200640 1 --2- >> [v2:172.21.15.123:3300/0,v1:172.21.15.123:6789/0] conn(0x7fcc58107790 0x7fcc58107b90 unknown :-1 s=HELLO_CONNECTING pgs=0 cs=0 l=0 rev1=1 crypto rx=0 tx=0 comp rx=0 tx=0).handle_hello peer v2:172.21.15.123:3300/0 says I am v2:172.21.15.123:48320/0 (socket says 172.21.15.123:48320)
2024-09-19T04:36:58.860 INFO:teuthology.orchestra.run.smithi123.stdout:/usr/bin/ceph: stderr
2024-09-19T04:36:54.095+0000 7fcc5d200640 1 -- 172.21.15.123:0/1753991218 learned_addr learned my addr 172.21.15.123:0/1753991218 (peer_addr_for_me v2:172.21.15.123:0/0)
2024-09-19T04:36:58.860 INFO:teuthology.orchestra.run.smithi123.stdout:/usr/bin/ceph: stderr
2024-09-19T04:36:54.095+0000 7fcc5d200640 1 -- 172.21.15.123:0/1753991218 --> [v2:172.21.15.123:3300/0,v1:172.21.15.123:6789/0] -- mon_subscribe({config=0+,monmap=0+}) -- 0x7fcc58108940 con 0x7fcc58107790
2024-09-19T04:36:58.860 INFO:teuthology.orchestra.run.smithi123.stdout:/usr/bin/ceph: stderr
2024-09-19T04:36:54.096+0000 7fcc5d200640 1 --2- 172.21.15.123:0/1753991218 >> [v2:172.21.15.123:3300/0,v1:172.21.15.123:6789/0] conn(0x7fcc58107790 0x7fcc58107b90 secure :-1 s=READY pgs=43 cs=0 l=1 rev1=1 crypto rx=0x7fcc48009820 tx=0x7fcc4802a270 comp rx=0 tx=0).ready entity=mon.0 client_cookie=68e63eeca4c2e9b5 server_cookie=0 in_seq=0 out_seq=0
2024-09-19T04:36:58.860 INFO:teuthology.orchestra.run.smithi123.stdout:/usr/bin/ceph: stderr
2024-09-19T04:36:54.097+0000 7fcc57e00640 1 -- 172.21.15.123:0/1753991218 <== mon.0 v2:172.21.15.123:3300/0 1 ==== mon_map magic: 0 ==== 205+0+0 (secure 0 0 0) 0x7fcc48037070 con 0x7fcc58107790
2024-09-19T04:36:58.861 INFO:teuthology.orchestra.run.smithi123.stdout:/usr/bin/ceph: stderr
2024-09-19T04:36:54.097+0000 7fcc57e00640 1 -- 172.21.15.123:0/1753991218 <== mon.0 v2:172.21.15.123:3300/0 2 ==== config(27 keys) ==== 1109+0+0 (secure 0 0 0) 0x7fcc48032900 con 0x7fcc58107790
2024-09-19T04:36:58.861 INFO:teuthology.orchestra.run.smithi123.stdout:/usr/bin/ceph: stderr
2024-09-19T04:36:54.097+0000 7fcc57e00640 1 -- 172.21.15.123:0/1753991218 <== mon.0 v2:172.21.15.123:3300/0 3 ==== mon_map magic: 0 ==== 205+0+0 (secure 0 0 0) 0x7fcc48030850 con 0x7fcc58107790
2024-09-19T04:36:58.861 INFO:teuthology.orchestra.run.smithi123.stdout:/usr/bin/ceph: stderr
2024-09-19T04:36:54.097+0000 7fcc5fc00640 1 -- 172.21.15.123:0/1753991218 >> [v2:172.21.15.123:3300/0,v1:172.21.15.123:6789/0] conn(0x7fcc58107790 msgr2=0x7fcc58107b90 secure :-1 s=STATE_CONNECTION_ESTABLISHED l=1).mark_down
2024-09-19T04:36:58.861 INFO:teuthology.orchestra.run.smithi123.stdout:/usr/bin/ceph: stderr
2024-09-19T04:36:54.097+0000 7fcc5fc00640 1 --2- 172.21.15.123:0/1753991218 >> [v2:172.21.15.123:3300/0,v1:172.21.15.123:6789/0] conn(0x7fcc58107790 0x7fcc58107b90 secure :-1 s=READY pgs=43 cs=0 l=1 rev1=1 crypto rx=0x7fcc48009820 tx=0x7fcc4802a270 comp rx=0 tx=0).stop
2024-09-19T04:36:58.861 INFO:teuthology.orchestra.run.smithi123.stdout:/usr/bin/ceph: stderr
2024-09-19T04:36:54.097+0000 7fcc5fc00640 1 -- 172.21.15.123:0/1753991218 shutdown_connections
2024-09-19T04:36:58.861 INFO:teuthology.orchestra.run.smithi123.stdout:/usr/bin/ceph: stderr
2024-09-19T04:36:54.097+0000 7fcc5fc00640 1 --2- 172.21.15.123:0/1753991218 >> [v2:172.21.15.123:3300/0,v1:172.21.15.123:6789/0] conn(0x7fcc58107790 0x7fcc58107b90 unknown :-1 s=CLOSED pgs=43 cs=0 l=1 rev1=1 crypto rx=0 tx=0 comp rx=0 tx=0).stop
2024-09-19T04:36:58.861 INFO:teuthology.orchestra.run.smithi123.stdout:/usr/bin/ceph: stderr
2024-09-19T04:36:54.097+0000 7fcc5fc00640 1 -- 172.21.15.123:0/1753991218 >> 172.21.15.123:0/1753991218 conn(0x7fcc58102fa0 msgr2=0x7fcc581053c0 unknown :-1 s=STATE_NONE l=0).mark_down
2024-09-19T04:36:58.861 INFO:teuthology.orchestra.run.smithi123.stdout:/usr/bin/ceph: stderr
2024-09-19T04:36:54.097+0000 7fcc5fc00640 1 -- 172.21.15.123:0/1753991218 shutdown_connections
2024-09-19T04:36:58.861 INFO:teuthology.orchestra.run.smithi123.stdout:/usr/bin/ceph: stderr
2024-09-19T04:36:54.097+0000 7fcc5fc00640 1 -- 172.21.15.123:0/1753991218 wait complete.
2024-09-19T04:36:58.861 INFO:teuthology.orchestra.run.smithi123.stdout:/usr/bin/ceph: stderr
2024-09-19T04:36:54.098+0000 7fcc5fc00640 1 Processor -- start
2024-09-19T04:36:58.861 INFO:teuthology.orchestra.run.smithi123.stdout:/usr/bin/ceph: stderr
2024-09-19T04:36:54.098+0000 7fcc5fc00640 1 -- start start
2024-09-19T04:36:58.862 INFO:teuthology.orchestra.run.smithi123.stdout:/usr/bin/ceph: stderr
2024-09-19T04:36:54.099+0000 7fcc5fc00640 1 --2- >> [v2:172.21.15.123:3300/0,v1:172.21.15.123:6789/0] conn(0x7fcc58107790 0x7fcc5807e3d0 unknown :-1 s=NONE pgs=0 cs=0 l=1 rev1=0 crypto rx=0 tx=0 comp rx=0 tx=0).connect
2024-09-19T04:36:58.862 INFO:teuthology.orchestra.run.smithi123.stdout:/usr/bin/ceph: stderr
2024-09-19T04:36:54.099+0000 7fcc5fc00640 1 -- --> [v2:172.21.15.123:3300/0,v1:172.21.15.123:6789/0] -- mon_getmap magic: 0 -- 0x7fcc5810bcf0 con 0x7fcc58107790
2024-09-19T04:36:58.862 INFO:teuthology.orchestra.run.smithi123.stdout:/usr/bin/ceph: stderr
2024-09-19T04:36:54.099+0000 7fcc5d200640 1 --2- >> [v2:172.21.15.123:3300/0,v1:172.21.15.123:6789/0] conn(0x7fcc58107790 0x7fcc5807e3d0 unknown :-1 s=BANNER_CONNECTING pgs=0 cs=0 l=1 rev1=0 crypto rx=0 tx=0 comp rx=0 tx=0)._handle_peer_banner_payload supported=3 required=0
2024-09-19T04:36:58.862 INFO:teuthology.orchestra.run.smithi123.stdout:/usr/bin/ceph: stderr
2024-09-19T04:36:54.099+0000 7fcc5d200640 1 --2- >> [v2:172.21.15.123:3300/0,v1:172.21.15.123:6789/0] conn(0x7fcc58107790 0x7fcc5807e3d0 unknown :-1 s=HELLO_CONNECTING pgs=0 cs=0 l=1 rev1=1 crypto rx=0 tx=0 comp rx=0 tx=0).handle_hello peer v2:172.21.15.123:3300/0 says I am v2:172.21.15.123:48336/0 (socket says 172.21.15.123:48336)
2024-09-19T04:36:58.862 INFO:teuthology.orchestra.run.smithi123.stdout:/usr/bin/ceph: stderr
2024-09-19T04:36:54.099+0000 7fcc5d200640 1 -- 172.21.15.123:0/1917570023 learned_addr learned my addr 172.21.15.123:0/1917570023 (peer_addr_for_me v2:172.21.15.123:0/0)
2024-09-19T04:36:58.862 INFO:teuthology.orchestra.run.smithi123.stdout:/usr/bin/ceph: stderr
2024-09-19T04:36:54.099+0000 7fcc5d200640 1 -- 172.21.15.123:0/1917570023 --> [v2:172.21.15.123:3300/0,v1:172.21.15.123:6789/0] -- mon_subscribe({config=0+,monmap=0+}) -- 0x7fcc5807e910 con 0x7fcc58107790
2024-09-19T04:36:58.862 INFO:teuthology.orchestra.run.smithi123.stdout:/usr/bin/ceph: stderr
2024-09-19T04:36:54.099+0000 7fcc5d200640 1 --2- 172.21.15.123:0/1917570023 >> [v2:172.21.15.123:3300/0,v1:172.21.15.123:6789/0] conn(0x7fcc58107790 0x7fcc5807e3d0 secure :-1 s=READY pgs=44 cs=0 l=1 rev1=1 crypto rx=0x7fcc480097f0 tx=0x7fcc48030d80 comp rx=0 tx=0).ready entity=mon.0 client_cookie=0 server_cookie=0 in_seq=0 out_seq=0
2024-09-19T04:36:58.862 INFO:teuthology.orchestra.run.smithi123.stdout:/usr/bin/ceph: stderr
2024-09-19T04:36:54.100+0000 7fcc56000640 1 -- 172.21.15.123:0/1917570023 <== mon.0 v2:172.21.15.123:3300/0 1 ==== mon_map magic: 0 ==== 205+0+0 (secure 0 0 0) 0x7fcc48037040 con 0x7fcc58107790
2024-09-19T04:36:58.862 INFO:teuthology.orchestra.run.smithi123.stdout:/usr/bin/ceph: stderr
2024-09-19T04:36:54.100+0000 7fcc56000640 1 -- 172.21.15.123:0/1917570023 <== mon.0 v2:172.21.15.123:3300/0 2 ==== config(27 keys) ==== 1109+0+0 (secure 0 0 0) 0x7fcc48040070 con 0x7fcc58107790
2024-09-19T04:36:58.862 INFO:teuthology.orchestra.run.smithi123.stdout:/usr/bin/ceph: stderr
2024-09-19T04:36:54.100+0000 7fcc56000640 1 -- 172.21.15.123:0/1917570023 <== mon.0 v2:172.21.15.123:3300/0 3 ==== mon_map magic: 0 ==== 205+0+0 (secure 0 0 0) 0x7fcc4803a390 con 0x7fcc58107790
2024-09-19T04:36:58.862 INFO:teuthology.orchestra.run.smithi123.stdout:/usr/bin/ceph: stderr
2024-09-19T04:36:54.100+0000 7fcc5fc00640 1 -- 172.21.15.123:0/1917570023 --> [v2:172.21.15.123:3300/0,v1:172.21.15.123:6789/0] -- mon_subscribe({mgrmap=0+}) -- 0x7fcc5807cb00 con 0x7fcc58107790
2024-09-19T04:36:58.862 INFO:teuthology.orchestra.run.smithi123.stdout:/usr/bin/ceph: stderr
2024-09-19T04:36:54.100+0000 7fcc5fc00640 1 -- 172.21.15.123:0/1917570023 --> [v2:172.21.15.123:3300/0,v1:172.21.15.123:6789/0] -- mon_subscribe({osdmap=0}) -- 0x7fcc5807cfe0 con 0x7fcc58107790
2024-09-19T04:36:58.862 INFO:teuthology.orchestra.run.smithi123.stdout:/usr/bin/ceph: stderr
2024-09-19T04:36:54.101+0000 7fcc56000640 1 -- 172.21.15.123:0/1917570023 <== mon.0 v2:172.21.15.123:3300/0 4 ==== mgrmap(e 8) ==== 46461+0+0 (secure 0 0 0) 0x7fcc4803b430 con 0x7fcc58107790
2024-09-19T04:36:58.862 INFO:teuthology.orchestra.run.smithi123.stdout:/usr/bin/ceph: stderr
2024-09-19T04:36:54.101+0000 7fcc5fc00640 1 -- 172.21.15.123:0/1917570023 --> [v2:172.21.15.123:3300/0,v1:172.21.15.123:6789/0] -- mon_command({"prefix": "get_command_descriptions"} v 0) -- 0x7fcc58107c10 con 0x7fcc58107790
2024-09-19T04:36:58.863 INFO:teuthology.orchestra.run.smithi123.stdout:/usr/bin/ceph: stderr
2024-09-19T04:36:54.101+0000 7fcc56000640 1 --2- 172.21.15.123:0/1917570023 >> [v2:172.21.15.123:6800/3323203947,v1:172.21.15.123:6801/3323203947] conn(0x7fcc3c039200 0x7fcc3c03b6c0 unknown :-1 s=NONE pgs=0 cs=0 l=1 rev1=0 crypto rx=0 tx=0 comp rx=0 tx=0).connect
2024-09-19T04:36:58.863 INFO:teuthology.orchestra.run.smithi123.stdout:/usr/bin/ceph: stderr
2024-09-19T04:36:54.101+0000 7fcc56000640 1 -- 172.21.15.123:0/1917570023 <== mon.0 v2:172.21.15.123:3300/0 5 ==== osd_map(2..2 src has 1..2) ==== 940+0+0 (secure 0 0 0) 0x7fcc4806c7d0 con 0x7fcc58107790
2024-09-19T04:36:58.863 INFO:teuthology.orchestra.run.smithi123.stdout:/usr/bin/ceph: stderr
2024-09-19T04:36:54.102+0000 7fcc4fe00640 1 --2- 172.21.15.123:0/1917570023 >> [v2:172.21.15.123:6800/3323203947,v1:172.21.15.123:6801/3323203947] conn(0x7fcc3c039200 0x7fcc3c03b6c0 unknown :-1 s=BANNER_CONNECTING pgs=0 cs=0 l=1 rev1=0 crypto rx=0 tx=0 comp rx=0 tx=0)._handle_peer_banner_payload supported=3 required=0
2024-09-19T04:36:58.863 INFO:teuthology.orchestra.run.smithi123.stdout:/usr/bin/ceph: stderr
2024-09-19T04:36:54.102+0000 7fcc4fe00640 1 --2- 172.21.15.123:0/1917570023 >> [v2:172.21.15.123:6800/3323203947,v1:172.21.15.123:6801/3323203947] conn(0x7fcc3c039200 0x7fcc3c03b6c0 secure :-1 s=READY pgs=11 cs=0 l=1 rev1=1 crypto rx=0x7fcc400098c0 tx=0x7fcc40006db0 comp rx=0 tx=0).ready entity=mgr.14118 client_cookie=0 server_cookie=0 in_seq=0 out_seq=0
2024-09-19T04:36:58.863 INFO:teuthology.orchestra.run.smithi123.stdout:/usr/bin/ceph: stderr
2024-09-19T04:36:54.106+0000 7fcc56000640 1 -- 172.21.15.123:0/1917570023 <== mon.0 v2:172.21.15.123:3300/0 6 ==== mon_command_ack([{"prefix": "get_command_descriptions"}]=0 v0) ==== 72+0+188913 (secure 0 0 0) 0x7fcc4806c120 con 0x7fcc58107790
2024-09-19T04:36:58.863 INFO:teuthology.orchestra.run.smithi123.stdout:/usr/bin/ceph: stderr
2024-09-19T04:36:54.284+0000 7fcc5fc00640 1 -- 172.21.15.123:0/1917570023 --> [v2:172.21.15.123:6800/3323203947,v1:172.21.15.123:6801/3323203947] -- mgr_command(tid 0: {"prefix": "orch host add", "hostname": "smithi123", "addr": "172.21.15.123", "target": ["mon-mgr", ""]}) -- 0x7fcc58104220 con 0x7fcc3c039200
2024-09-19T04:36:58.863 INFO:teuthology.orchestra.run.smithi123.stdout:/usr/bin/ceph: stderr
2024-09-19T04:36:58.177+0000 7fcc56000640 1 -- 172.21.15.123:0/1917570023 <== mgr.14118 v2:172.21.15.123:6800/3323203947 1 ==== mgr_command_reply(tid 0: 0 ) ==== 8+0+49 (secure 0 0 0) 0x7fcc58104220 con 0x7fcc3c039200
2024-09-19T04:36:58.863 INFO:teuthology.orchestra.run.smithi123.stdout:/usr/bin/ceph: stderr
2024-09-19T04:36:58.180+0000 7fcc5fc00640 1 -- 172.21.15.123:0/1917570023 >> [v2:172.21.15.123:6800/3323203947,v1:172.21.15.123:6801/3323203947] conn(0x7fcc3c039200 msgr2=0x7fcc3c03b6c0 secure :-1 s=STATE_CONNECTION_ESTABLISHED l=1).mark_down
2024-09-19T04:36:58.863 INFO:teuthology.orchestra.run.smithi123.stdout:/usr/bin/ceph: stderr
2024-09-19T04:36:58.180+0000 7fcc5fc00640 1 --2- 172.21.15.123:0/1917570023 >> [v2:172.21.15.123:6800/3323203947,v1:172.21.15.123:6801/3323203947] conn(0x7fcc3c039200 0x7fcc3c03b6c0 secure :-1 s=READY pgs=11 cs=0 l=1 rev1=1 crypto rx=0x7fcc400098c0 tx=0x7fcc40006db0 comp rx=0 tx=0).stop
2024-09-19T04:36:58.863 INFO:teuthology.orchestra.run.smithi123.stdout:/usr/bin/ceph: stderr
2024-09-19T04:36:58.180+0000 7fcc5fc00640 1 -- 172.21.15.123:0/1917570023 >> [v2:172.21.15.123:3300/0,v1:172.21.15.123:6789/0] conn(0x7fcc58107790 msgr2=0x7fcc5807e3d0 secure :-1 s=STATE_CONNECTION_ESTABLISHED l=1).mark_down
2024-09-19T04:36:58.864 INFO:teuthology.orchestra.run.smithi123.stdout:/usr/bin/ceph: stderr
2024-09-19T04:36:58.180+0000 7fcc5fc00640 1 --2- 172.21.15.123:0/1917570023 >> [v2:172.21.15.123:3300/0,v1:172.21.15.123:6789/0] conn(0x7fcc58107790 0x7fcc5807e3d0 secure :-1 s=READY pgs=44 cs=0 l=1 rev1=1 crypto rx=0x7fcc480097f0 tx=0x7fcc48030d80 comp rx=0 tx=0).stop
2024-09-19T04:36:58.864 INFO:teuthology.orchestra.run.smithi123.stdout:/usr/bin/ceph: stderr
2024-09-19T04:36:58.180+0000 7fcc5fc00640 1 -- 172.21.15.123:0/1917570023 shutdown_connections
2024-09-19T04:36:58.864 INFO:teuthology.orchestra.run.smithi123.stdout:/usr/bin/ceph: stderr
2024-09-19T04:36:58.180+0000 7fcc5fc00640 1 --2- 172.21.15.123:0/1917570023 >> [v2:172.21.15.123:6800/3323203947,v1:172.21.15.123:6801/3323203947] conn(0x7fcc3c039200 0x7fcc3c03b6c0 unknown :-1 s=CLOSED pgs=11 cs=0 l=1 rev1=1 crypto rx=0 tx=0 comp rx=0 tx=0).stop
2024-09-19T04:36:58.864 INFO:teuthology.orchestra.run.smithi123.stdout:/usr/bin/ceph: stderr
2024-09-19T04:36:58.180+0000 7fcc5fc00640 1 --2- 172.21.15.123:0/1917570023 >> [v2:172.21.15.123:3300/0,v1:172.21.15.123:6789/0] conn(0x7fcc58107790 0x7fcc5807e3d0 unknown :-1 s=CLOSED pgs=44 cs=0 l=1 rev1=1 crypto rx=0 tx=0 comp rx=0 tx=0).stop
2024-09-19T04:36:58.864 INFO:teuthology.orchestra.run.smithi123.stdout:/usr/bin/ceph: stderr
2024-09-19T04:36:58.180+0000 7fcc5fc00640 1 -- 172.21.15.123:0/1917570023 >> 172.21.15.123:0/1917570023 conn(0x7fcc58102fa0 msgr2=0x7fcc58103b10 unknown :-1 s=STATE_NONE l=0).mark_down
2024-09-19T04:36:58.864 INFO:teuthology.orchestra.run.smithi123.stdout:/usr/bin/ceph: stderr
2024-09-19T04:36:58.181+0000 7fcc5fc00640 1 -- 172.21.15.123:0/1917570023 shutdown_connections
2024-09-19T04:36:58.864 INFO:teuthology.orchestra.run.smithi123.stdout:/usr/bin/ceph: stderr
2024-09-19T04:36:58.181+0000 7fcc5fc00640 1 -- 172.21.15.123:0/1917570023 wait complete.
2024-09-19T04:36:58.864 INFO:teuthology.orchestra.run.smithi123.stdout:Deploying unmanaged mon service...
2024-09-19T04:36:59.385 INFO:journalctl@ceph.mon.a.smithi123.stdout:Sep 19 04:36:59 smithi123 ceph-mon[30511]: from='mgr.14118 172.21.15.123:0/2355888057' entity='mgr.x'
2024-09-19T04:36:59.385 INFO:journalctl@ceph.mon.a.smithi123.stdout:Sep 19 04:36:59 smithi123 ceph-mon[30511]: Added host smithi123
2024-09-19T04:36:59.385 INFO:journalctl@ceph.mon.a.smithi123.stdout:Sep 19 04:36:59 smithi123 ceph-mon[30511]: from='mgr.14118 172.21.15.123:0/2355888057' entity='mgr.x' cmd=[{"prefix": "config dump", "format": "json"}]: dispatch
2024-09-19T04:37:00.927 INFO:journalctl@ceph.mon.a.smithi123.stdout:Sep 19 04:37:00 smithi123 ceph-mon[30511]: from='client.14140 -' entity='client.admin' cmd=[{"prefix": "orch apply", "service_type": "mon", "unmanaged": true, "target": ["mon-mgr", ""]}]: dispatch
2024-09-19T04:37:00.927 INFO:journalctl@ceph.mon.a.smithi123.stdout:Sep 19 04:37:00 smithi123 ceph-mon[30511]: Saving service mon spec with placement count:5
2024-09-19T04:37:00.927 INFO:journalctl@ceph.mon.a.smithi123.stdout:Sep 19 04:37:00 smithi123 ceph-mon[30511]: from='mgr.14118 172.21.15.123:0/2355888057' entity='mgr.x'
2024-09-19T04:37:01.456 INFO:teuthology.orchestra.run.smithi123.stdout:/usr/bin/ceph: stdout Scheduled mon update...
2024-09-19T04:37:01.456 INFO:teuthology.orchestra.run.smithi123.stdout:/usr/bin/ceph: stderr
2024-09-19T04:36:59.383+0000 7fdc2b800640 1 Processor -- start
2024-09-19T04:37:01.456 INFO:teuthology.orchestra.run.smithi123.stdout:/usr/bin/ceph: stderr
2024-09-19T04:36:59.383+0000 7fdc2b800640 1 -- start start
2024-09-19T04:37:01.456 INFO:teuthology.orchestra.run.smithi123.stdout:/usr/bin/ceph: stderr
2024-09-19T04:36:59.384+0000 7fdc2b800640 1 --2- >> [v2:172.21.15.123:3300/0,v1:172.21.15.123:6789/0] conn(0x7fdc24105a40 0x7fdc24105e40 unknown :-1 s=NONE pgs=0 cs=0 l=0 rev1=0 crypto rx=0 tx=0 comp rx=0 tx=0).connect
2024-09-19T04:37:01.457 INFO:teuthology.orchestra.run.smithi123.stdout:/usr/bin/ceph: stderr
2024-09-19T04:36:59.384+0000 7fdc2b800640 1 -- --> [v2:172.21.15.123:3300/0,v1:172.21.15.123:6789/0] -- mon_getmap magic: 0 -- 0x7fdc24106410 con 0x7fdc24105a40
2024-09-19T04:37:01.457 INFO:teuthology.orchestra.run.smithi123.stdout:/usr/bin/ceph: stderr
2024-09-19T04:36:59.384+0000 7fdc28e00640 1 --2- >> [v2:172.21.15.123:3300/0,v1:172.21.15.123:6789/0] conn(0x7fdc24105a40 0x7fdc24105e40 unknown :-1 s=BANNER_CONNECTING pgs=0 cs=0 l=0 rev1=0 crypto rx=0 tx=0 comp rx=0 tx=0)._handle_peer_banner_payload supported=3 required=0
2024-09-19T04:37:01.457 INFO:teuthology.orchestra.run.smithi123.stdout:/usr/bin/ceph: stderr
2024-09-19T04:36:59.384+0000 7fdc28e00640 1 --2- >> [v2:172.21.15.123:3300/0,v1:172.21.15.123:6789/0] conn(0x7fdc24105a40 0x7fdc24105e40 unknown :-1 s=HELLO_CONNECTING pgs=0 cs=0 l=0 rev1=1 crypto rx=0 tx=0 comp rx=0 tx=0).handle_hello peer v2:172.21.15.123:3300/0 says I am v2:172.21.15.123:48342/0 (socket says 172.21.15.123:48342)
2024-09-19T04:37:01.457 INFO:teuthology.orchestra.run.smithi123.stdout:/usr/bin/ceph: stderr
2024-09-19T04:36:59.384+0000 7fdc28e00640 1 -- 172.21.15.123:0/1776639442 learned_addr learned my addr 172.21.15.123:0/1776639442 (peer_addr_for_me v2:172.21.15.123:0/0)
2024-09-19T04:37:01.457 INFO:teuthology.orchestra.run.smithi123.stdout:/usr/bin/ceph: stderr
2024-09-19T04:36:59.385+0000 7fdc28e00640 1 -- 172.21.15.123:0/1776639442 --> [v2:172.21.15.123:3300/0,v1:172.21.15.123:6789/0] -- mon_subscribe({config=0+,monmap=0+}) -- 0x7fdc241067b0 con 0x7fdc24105a40
2024-09-19T04:37:01.457 INFO:teuthology.orchestra.run.smithi123.stdout:/usr/bin/ceph: stderr
2024-09-19T04:36:59.386+0000 7fdc28e00640 1 --2- 172.21.15.123:0/1776639442 >> [v2:172.21.15.123:3300/0,v1:172.21.15.123:6789/0] conn(0x7fdc24105a40 0x7fdc24105e40 secure :-1 s=READY pgs=45 cs=0 l=1 rev1=1 crypto rx=0x7fdc14009820 tx=0x7fdc1402a270 comp rx=0 tx=0).ready entity=mon.0 client_cookie=e76377e84920208b server_cookie=0 in_seq=0 out_seq=0
2024-09-19T04:37:01.457 INFO:teuthology.orchestra.run.smithi123.stdout:/usr/bin/ceph: stderr
2024-09-19T04:36:59.386+0000 7fdc23e00640 1 -- 172.21.15.123:0/1776639442 <== mon.0 v2:172.21.15.123:3300/0 1 ==== mon_map magic: 0 ==== 205+0+0 (secure 0 0 0) 0x7fdc14037070 con 0x7fdc24105a40
2024-09-19T04:37:01.457 INFO:teuthology.orchestra.run.smithi123.stdout:/usr/bin/ceph: stderr
2024-09-19T04:36:59.386+0000 7fdc23e00640 1 -- 172.21.15.123:0/1776639442 <== mon.0 v2:172.21.15.123:3300/0 2 ==== config(27 keys) ==== 1109+0+0 (secure 0 0 0) 0x7fdc14032900 con 0x7fdc24105a40
2024-09-19T04:37:01.457 INFO:teuthology.orchestra.run.smithi123.stdout:/usr/bin/ceph: stderr
2024-09-19T04:36:59.386+0000 7fdc23e00640 1 -- 172.21.15.123:0/1776639442 <== mon.0 v2:172.21.15.123:3300/0 3 ==== mon_map magic: 0 ==== 205+0+0 (secure 0 0 0) 0x7fdc14030850 con 0x7fdc24105a40
2024-09-19T04:37:01.457 INFO:teuthology.orchestra.run.smithi123.stdout:/usr/bin/ceph: stderr
2024-09-19T04:36:59.386+0000 7fdc2b800640 1 -- 172.21.15.123:0/1776639442 >> [v2:172.21.15.123:3300/0,v1:172.21.15.123:6789/0] conn(0x7fdc24105a40 msgr2=0x7fdc24105e40 secure :-1 s=STATE_CONNECTION_ESTABLISHED l=1).mark_down
2024-09-19T04:37:01.457 INFO:teuthology.orchestra.run.smithi123.stdout:/usr/bin/ceph: stderr
2024-09-19T04:36:59.386+0000 7fdc2b800640 1 --2- 172.21.15.123:0/1776639442 >> [v2:172.21.15.123:3300/0,v1:172.21.15.123:6789/0] conn(0x7fdc24105a40 0x7fdc24105e40 secure :-1 s=READY pgs=45 cs=0 l=1 rev1=1 crypto rx=0x7fdc14009820 tx=0x7fdc1402a270 comp rx=0 tx=0).stop
2024-09-19T04:37:01.457 INFO:teuthology.orchestra.run.smithi123.stdout:/usr/bin/ceph: stderr
2024-09-19T04:36:59.387+0000 7fdc2b800640 1 -- 172.21.15.123:0/1776639442 shutdown_connections
2024-09-19T04:37:01.457 INFO:teuthology.orchestra.run.smithi123.stdout:/usr/bin/ceph: stderr
2024-09-19T04:36:59.387+0000 7fdc2b800640 1 --2- 172.21.15.123:0/1776639442 >> [v2:172.21.15.123:3300/0,v1:172.21.15.123:6789/0] conn(0x7fdc24105a40 0x7fdc24105e40 unknown :-1 s=CLOSED pgs=45 cs=0 l=1 rev1=1 crypto rx=0 tx=0 comp rx=0 tx=0).stop
2024-09-19T04:37:01.458 INFO:teuthology.orchestra.run.smithi123.stdout:/usr/bin/ceph: stderr
2024-09-19T04:36:59.387+0000 7fdc2b800640 1 -- 172.21.15.123:0/1776639442 >> 172.21.15.123:0/1776639442 conn(0x7fdc241015f0 msgr2=0x7fdc24103a10 unknown :-1 s=STATE_NONE l=0).mark_down
2024-09-19T04:37:01.458 INFO:teuthology.orchestra.run.smithi123.stdout:/usr/bin/ceph: stderr
2024-09-19T04:36:59.387+0000 7fdc2b800640 1 -- 172.21.15.123:0/1776639442 shutdown_connections
2024-09-19T04:37:01.458 INFO:teuthology.orchestra.run.smithi123.stdout:/usr/bin/ceph: stderr
2024-09-19T04:36:59.387+0000 7fdc2b800640 1 -- 172.21.15.123:0/1776639442 wait complete.
2024-09-19T04:37:01.458 INFO:teuthology.orchestra.run.smithi123.stdout:/usr/bin/ceph: stderr
2024-09-19T04:36:59.388+0000 7fdc2b800640 1 Processor -- start
2024-09-19T04:37:01.458 INFO:teuthology.orchestra.run.smithi123.stdout:/usr/bin/ceph: stderr
2024-09-19T04:36:59.388+0000 7fdc2b800640 1 -- start start
2024-09-19T04:37:01.458 INFO:teuthology.orchestra.run.smithi123.stdout:/usr/bin/ceph: stderr
2024-09-19T04:36:59.388+0000 7fdc2b800640 1 --2- >> [v2:172.21.15.123:3300/0,v1:172.21.15.123:6789/0] conn(0x7fdc24105a40 0x7fdc2419d920 unknown :-1 s=NONE pgs=0 cs=0 l=1 rev1=0 crypto rx=0 tx=0 comp rx=0 tx=0).connect
2024-09-19T04:37:01.458 INFO:teuthology.orchestra.run.smithi123.stdout:/usr/bin/ceph: stderr
2024-09-19T04:36:59.388+0000 7fdc2b800640 1 -- --> [v2:172.21.15.123:3300/0,v1:172.21.15.123:6789/0] -- mon_getmap magic: 0 -- 0x7fdc241079f0 con 0x7fdc24105a40
2024-09-19T04:37:01.458 INFO:teuthology.orchestra.run.smithi123.stdout:/usr/bin/ceph: stderr
2024-09-19T04:36:59.388+0000 7fdc28e00640 1 --2- >> [v2:172.21.15.123:3300/0,v1:172.21.15.123:6789/0] conn(0x7fdc24105a40 0x7fdc2419d920 unknown :-1 s=BANNER_CONNECTING pgs=0 cs=0 l=1 rev1=0 crypto rx=0 tx=0 comp rx=0 tx=0)._handle_peer_banner_payload supported=3 required=0
2024-09-19T04:37:01.458 INFO:teuthology.orchestra.run.smithi123.stdout:/usr/bin/ceph: stderr
2024-09-19T04:36:59.388+0000 7fdc28e00640 1 --2- >> [v2:172.21.15.123:3300/0,v1:172.21.15.123:6789/0] conn(0x7fdc24105a40 0x7fdc2419d920 unknown :-1 s=HELLO_CONNECTING pgs=0 cs=0 l=1 rev1=1 crypto rx=0 tx=0 comp rx=0 tx=0).handle_hello peer v2:172.21.15.123:3300/0 says I am v2:172.21.15.123:48358/0 (socket says 172.21.15.123:48358)
2024-09-19T04:37:01.458 INFO:teuthology.orchestra.run.smithi123.stdout:/usr/bin/ceph: stderr
2024-09-19T04:36:59.388+0000 7fdc28e00640 1 -- 172.21.15.123:0/1141169033 learned_addr learned my addr 172.21.15.123:0/1141169033 (peer_addr_for_me v2:172.21.15.123:0/0)
2024-09-19T04:37:01.458 INFO:teuthology.orchestra.run.smithi123.stdout:/usr/bin/ceph: stderr
2024-09-19T04:36:59.388+0000 7fdc28e00640 1 -- 172.21.15.123:0/1141169033 --> [v2:172.21.15.123:3300/0,v1:172.21.15.123:6789/0] -- mon_subscribe({config=0+,monmap=0+}) -- 0x7fdc2419de60 con 0x7fdc24105a40
2024-09-19T04:37:01.458 INFO:teuthology.orchestra.run.smithi123.stdout:/usr/bin/ceph: stderr
2024-09-19T04:36:59.389+0000 7fdc28e00640 1 --2- 172.21.15.123:0/1141169033 >> [v2:172.21.15.123:3300/0,v1:172.21.15.123:6789/0] conn(0x7fdc24105a40 0x7fdc2419d920 secure :-1 s=READY pgs=46 cs=0 l=1 rev1=1 crypto rx=0x7fdc140097f0 tx=0x7fdc14030d80 comp rx=0 tx=0).ready entity=mon.0 client_cookie=0 server_cookie=0 in_seq=0 out_seq=0
2024-09-19T04:37:01.458 INFO:teuthology.orchestra.run.smithi123.stdout:/usr/bin/ceph: stderr
2024-09-19T04:36:59.389+0000 7fdc22000640 1 -- 172.21.15.123:0/1141169033 <== mon.0 v2:172.21.15.123:3300/0 1 ==== mon_map magic: 0 ==== 205+0+0 (secure 0 0 0) 0x7fdc14037040 con 0x7fdc24105a40
2024-09-19T04:37:01.458 INFO:teuthology.orchestra.run.smithi123.stdout:/usr/bin/ceph: stderr
2024-09-19T04:36:59.389+0000 7fdc22000640 1 -- 172.21.15.123:0/1141169033 <== mon.0 v2:172.21.15.123:3300/0 2 ==== config(27 keys) ==== 1109+0+0 (secure 0 0 0) 0x7fdc14040070 con 0x7fdc24105a40
2024-09-19T04:37:01.459 INFO:teuthology.orchestra.run.smithi123.stdout:/usr/bin/ceph: stderr
2024-09-19T04:36:59.389+0000 7fdc2b800640 1 -- 172.21.15.123:0/1141169033 --> [v2:172.21.15.123:3300/0,v1:172.21.15.123:6789/0] -- mon_subscribe({mgrmap=0+}) -- 0x7fdc2419e0f0 con 0x7fdc24105a40
2024-09-19T04:37:01.459 INFO:teuthology.orchestra.run.smithi123.stdout:/usr/bin/ceph: stderr
2024-09-19T04:36:59.389+0000 7fdc22000640 1 -- 172.21.15.123:0/1141169033 <== mon.0 v2:172.21.15.123:3300/0 3 ==== mon_map magic: 0 ==== 205+0+0 (secure 0 0 0) 0x7fdc1403a390 con 0x7fdc24105a40
2024-09-19T04:37:01.459 INFO:teuthology.orchestra.run.smithi123.stdout:/usr/bin/ceph: stderr
2024-09-19T04:36:59.389+0000 7fdc2b800640 1 -- 172.21.15.123:0/1141169033 --> [v2:172.21.15.123:3300/0,v1:172.21.15.123:6789/0] -- mon_subscribe({osdmap=0}) -- 0x7fdc241a0de0 con 0x7fdc24105a40
2024-09-19T04:37:01.459 INFO:teuthology.orchestra.run.smithi123.stdout:/usr/bin/ceph: stderr
2024-09-19T04:36:59.390+0000 7fdc22000640 1 -- 172.21.15.123:0/1141169033 <== mon.0 v2:172.21.15.123:3300/0 4 ==== mgrmap(e 8) ==== 46461+0+0 (secure 0 0 0) 0x7fdc1403b430 con 0x7fdc24105a40
2024-09-19T04:37:01.459 INFO:teuthology.orchestra.run.smithi123.stdout:/usr/bin/ceph: stderr
2024-09-19T04:36:59.390+0000 7fdc2b800640 1 -- 172.21.15.123:0/1141169033 --> [v2:172.21.15.123:3300/0,v1:172.21.15.123:6789/0] -- mon_command({"prefix": "get_command_descriptions"} v 0) -- 0x7fdc24105e40 con 0x7fdc24105a40
2024-09-19T04:37:01.459 INFO:teuthology.orchestra.run.smithi123.stdout:/usr/bin/ceph: stderr
2024-09-19T04:36:59.391+0000 7fdc22000640 1 --2- 172.21.15.123:0/1141169033 >> [v2:172.21.15.123:6800/3323203947,v1:172.21.15.123:6801/3323203947] conn(0x7fdc080391b0 0x7fdc0803b670 unknown :-1 s=NONE pgs=0 cs=0 l=1 rev1=0 crypto rx=0 tx=0 comp rx=0 tx=0).connect
2024-09-19T04:37:01.459 INFO:teuthology.orchestra.run.smithi123.stdout:/usr/bin/ceph: stderr
2024-09-19T04:36:59.391+0000 7fdc22000640 1 -- 172.21.15.123:0/1141169033 <== mon.0 v2:172.21.15.123:3300/0 5 ==== osd_map(2..2 src has 1..2) ==== 940+0+0 (secure 0 0 0) 0x7fdc1406c850 con 0x7fdc24105a40
2024-09-19T04:37:01.459 INFO:teuthology.orchestra.run.smithi123.stdout:/usr/bin/ceph: stderr
2024-09-19T04:36:59.391+0000 7fdc1be00640 1 --2- 172.21.15.123:0/1141169033 >> [v2:172.21.15.123:6800/3323203947,v1:172.21.15.123:6801/3323203947] conn(0x7fdc080391b0 0x7fdc0803b670 unknown :-1 s=BANNER_CONNECTING pgs=0 cs=0 l=1 rev1=0 crypto rx=0 tx=0 comp rx=0 tx=0)._handle_peer_banner_payload supported=3 required=0
2024-09-19T04:37:01.459 INFO:teuthology.orchestra.run.smithi123.stdout:/usr/bin/ceph: stderr
2024-09-19T04:36:59.391+0000 7fdc1be00640 1 --2- 172.21.15.123:0/1141169033 >> [v2:172.21.15.123:6800/3323203947,v1:172.21.15.123:6801/3323203947] conn(0x7fdc080391b0 0x7fdc0803b670 secure :-1 s=READY pgs=12 cs=0 l=1 rev1=1 crypto rx=0x7fdc0c0098c0 tx=0x7fdc0c006db0 comp rx=0 tx=0).ready entity=mgr.14118 client_cookie=0 server_cookie=0 in_seq=0 out_seq=0
2024-09-19T04:37:01.459 INFO:teuthology.orchestra.run.smithi123.stdout:/usr/bin/ceph: stderr
2024-09-19T04:36:59.396+0000 7fdc22000640 1 -- 172.21.15.123:0/1141169033 <== mon.0 v2:172.21.15.123:3300/0 6 ==== mon_command_ack([{"prefix": "get_command_descriptions"}]=0 v0) ==== 72+0+188913 (secure 0 0 0) 0x7fdc1406c1a0 con 0x7fdc24105a40
2024-09-19T04:37:01.459 INFO:teuthology.orchestra.run.smithi123.stdout:/usr/bin/ceph: stderr
