2024-09-19T04:55:03.609+0000 7f701f400640 1 -- 172.21.15.43:0/3861551632 <== mon.0 v2:172.21.15.43:3300/0 2 ==== config(27 keys) ==== 1140+0+0 (secure 0 0 0) 0x7f7014032920 con 0x7f70201098d0
2024-09-19T04:55:09.325 INFO:teuthology.orchestra.run.smithi043.stdout:/usr/bin/ceph: stderr
2024-09-19T04:55:03.609+0000 7f701f400640 1 -- 172.21.15.43:0/3861551632 <== mon.0 v2:172.21.15.43:3300/0 3 ==== mon_map magic: 0 ==== 205+0+0 (secure 0 0 0) 0x7f7014030810 con 0x7f70201098d0
2024-09-19T04:55:09.325 INFO:teuthology.orchestra.run.smithi043.stdout:/usr/bin/ceph: stderr
2024-09-19T04:55:03.609+0000 7f7027400640 1 -- 172.21.15.43:0/3861551632 >> [v2:172.21.15.43:3300/0,v1:172.21.15.43:6789/0] conn(0x7f70201098d0 msgr2=0x7f7020109cd0 secure :-1 s=STATE_CONNECTION_ESTABLISHED l=1).mark_down
2024-09-19T04:55:09.325 INFO:teuthology.orchestra.run.smithi043.stdout:/usr/bin/ceph: stderr
2024-09-19T04:55:03.609+0000 7f7027400640 1 --2- 172.21.15.43:0/3861551632 >> [v2:172.21.15.43:3300/0,v1:172.21.15.43:6789/0] conn(0x7f70201098d0 0x7f7020109cd0 secure :-1 s=READY pgs=59 cs=0 l=1 rev1=1 crypto rx=0x7f7014009820 tx=0x7f701402a270 comp rx=0 tx=0).stop
2024-09-19T04:55:09.325 INFO:teuthology.orchestra.run.smithi043.stdout:/usr/bin/ceph: stderr
2024-09-19T04:55:03.610+0000 7f7027400640 1 -- 172.21.15.43:0/3861551632 shutdown_connections
2024-09-19T04:55:09.326 INFO:teuthology.orchestra.run.smithi043.stdout:/usr/bin/ceph: stderr
2024-09-19T04:55:03.610+0000 7f7027400640 1 --2- 172.21.15.43:0/3861551632 >> [v2:172.21.15.43:3300/0,v1:172.21.15.43:6789/0] conn(0x7f70201098d0 0x7f7020109cd0 unknown :-1 s=CLOSED pgs=59 cs=0 l=1 rev1=1 crypto rx=0 tx=0 comp rx=0 tx=0).stop
2024-09-19T04:55:09.326 INFO:teuthology.orchestra.run.smithi043.stdout:/usr/bin/ceph: stderr
2024-09-19T04:55:03.610+0000 7f7027400640 1 -- 172.21.15.43:0/3861551632 >> 172.21.15.43:0/3861551632 conn(0x7f702007cee0 msgr2=0x7f702007d310 unknown :-1 s=STATE_NONE l=0).mark_down
2024-09-19T04:55:09.326 INFO:teuthology.orchestra.run.smithi043.stdout:/usr/bin/ceph: stderr
2024-09-19T04:55:03.610+0000 7f7027400640 1 -- 172.21.15.43:0/3861551632 shutdown_connections
2024-09-19T04:55:09.326 INFO:teuthology.orchestra.run.smithi043.stdout:/usr/bin/ceph: stderr
2024-09-19T04:55:03.610+0000 7f7027400640 1 -- 172.21.15.43:0/3861551632 wait complete.
2024-09-19T04:55:09.326 INFO:teuthology.orchestra.run.smithi043.stdout:/usr/bin/ceph: stderr
2024-09-19T04:55:03.611+0000 7f7027400640 1 Processor -- start
2024-09-19T04:55:09.326 INFO:teuthology.orchestra.run.smithi043.stdout:/usr/bin/ceph: stderr
2024-09-19T04:55:03.611+0000 7f7027400640 1 -- start start
2024-09-19T04:55:09.326 INFO:teuthology.orchestra.run.smithi043.stdout:/usr/bin/ceph: stderr
2024-09-19T04:55:03.611+0000 7f7027400640 1 --2- >> [v2:172.21.15.43:3300/0,v1:172.21.15.43:6789/0] conn(0x7f70201098d0 0x7f702019d940 unknown :-1 s=NONE pgs=0 cs=0 l=1 rev1=0 crypto rx=0 tx=0 comp rx=0 tx=0).connect
2024-09-19T04:55:09.326 INFO:teuthology.orchestra.run.smithi043.stdout:/usr/bin/ceph: stderr
2024-09-19T04:55:03.611+0000 7f7027400640 1 -- --> [v2:172.21.15.43:3300/0,v1:172.21.15.43:6789/0] -- mon_getmap magic: 0 -- 0x7f702010de90 con 0x7f70201098d0
2024-09-19T04:55:09.326 INFO:teuthology.orchestra.run.smithi043.stdout:/usr/bin/ceph: stderr
2024-09-19T04:55:03.611+0000 7f7024a00640 1 --2- >> [v2:172.21.15.43:3300/0,v1:172.21.15.43:6789/0] conn(0x7f70201098d0 0x7f702019d940 unknown :-1 s=BANNER_CONNECTING pgs=0 cs=0 l=1 rev1=0 crypto rx=0 tx=0 comp rx=0 tx=0)._handle_peer_banner_payload supported=3 required=0
2024-09-19T04:55:09.326 INFO:teuthology.orchestra.run.smithi043.stdout:/usr/bin/ceph: stderr
2024-09-19T04:55:03.611+0000 7f7024a00640 1 --2- >> [v2:172.21.15.43:3300/0,v1:172.21.15.43:6789/0] conn(0x7f70201098d0 0x7f702019d940 unknown :-1 s=HELLO_CONNECTING pgs=0 cs=0 l=1 rev1=1 crypto rx=0 tx=0 comp rx=0 tx=0).handle_hello peer v2:172.21.15.43:3300/0 says I am v2:172.21.15.43:53614/0 (socket says 172.21.15.43:53614)
2024-09-19T04:55:09.326 INFO:teuthology.orchestra.run.smithi043.stdout:/usr/bin/ceph: stderr
2024-09-19T04:55:03.611+0000 7f7024a00640 1 -- 172.21.15.43:0/3872558153 learned_addr learned my addr 172.21.15.43:0/3872558153 (peer_addr_for_me v2:172.21.15.43:0/0)
2024-09-19T04:55:09.326 INFO:teuthology.orchestra.run.smithi043.stdout:/usr/bin/ceph: stderr
2024-09-19T04:55:03.612+0000 7f7024a00640 1 -- 172.21.15.43:0/3872558153 --> [v2:172.21.15.43:3300/0,v1:172.21.15.43:6789/0] -- mon_subscribe({config=0+,monmap=0+}) -- 0x7f702019de80 con 0x7f70201098d0
2024-09-19T04:55:09.326 INFO:teuthology.orchestra.run.smithi043.stdout:/usr/bin/ceph: stderr
2024-09-19T04:55:03.612+0000 7f7024a00640 1 --2- 172.21.15.43:0/3872558153 >> [v2:172.21.15.43:3300/0,v1:172.21.15.43:6789/0] conn(0x7f70201098d0 0x7f702019d940 secure :-1 s=READY pgs=60 cs=0 l=1 rev1=1 crypto rx=0x7f70140097f0 tx=0x7f70140327b0 comp rx=0 tx=0).ready entity=mon.0 client_cookie=0 server_cookie=0 in_seq=0 out_seq=0
2024-09-19T04:55:09.327 INFO:teuthology.orchestra.run.smithi043.stdout:/usr/bin/ceph: stderr
2024-09-19T04:55:03.612+0000 7f701d600640 1 -- 172.21.15.43:0/3872558153 <== mon.0 v2:172.21.15.43:3300/0 1 ==== mon_map magic: 0 ==== 205+0+0 (secure 0 0 0) 0x7f7014037040 con 0x7f70201098d0
2024-09-19T04:55:09.327 INFO:teuthology.orchestra.run.smithi043.stdout:/usr/bin/ceph: stderr
2024-09-19T04:55:03.612+0000 7f701d600640 1 -- 172.21.15.43:0/3872558153 <== mon.0 v2:172.21.15.43:3300/0 2 ==== config(27 keys) ==== 1140+0+0 (secure 0 0 0) 0x7f7014030c40 con 0x7f70201098d0
2024-09-19T04:55:09.327 INFO:teuthology.orchestra.run.smithi043.stdout:/usr/bin/ceph: stderr
2024-09-19T04:55:03.612+0000 7f701d600640 1 -- 172.21.15.43:0/3872558153 <== mon.0 v2:172.21.15.43:3300/0 3 ==== mon_map magic: 0 ==== 205+0+0 (secure 0 0 0) 0x7f701403a5b0 con 0x7f70201098d0
2024-09-19T04:55:09.327 INFO:teuthology.orchestra.run.smithi043.stdout:/usr/bin/ceph: stderr
2024-09-19T04:55:03.612+0000 7f7027400640 1 -- 172.21.15.43:0/3872558153 --> [v2:172.21.15.43:3300/0,v1:172.21.15.43:6789/0] -- mon_subscribe({mgrmap=0+}) -- 0x7f702019e110 con 0x7f70201098d0
2024-09-19T04:55:09.327 INFO:teuthology.orchestra.run.smithi043.stdout:/usr/bin/ceph: stderr
2024-09-19T04:55:03.613+0000 7f7027400640 1 -- 172.21.15.43:0/3872558153 --> [v2:172.21.15.43:3300/0,v1:172.21.15.43:6789/0] -- mon_subscribe({osdmap=0}) -- 0x7f70201a0e00 con 0x7f70201098d0
2024-09-19T04:55:09.327 INFO:teuthology.orchestra.run.smithi043.stdout:/usr/bin/ceph: stderr
2024-09-19T04:55:03.613+0000 7f701d600640 1 -- 172.21.15.43:0/3872558153 <== mon.0 v2:172.21.15.43:3300/0 4 ==== mgrmap(e 9) ==== 46474+0+0 (secure 0 0 0) 0x7f701403a7f0 con 0x7f70201098d0
2024-09-19T04:55:09.327 INFO:teuthology.orchestra.run.smithi043.stdout:/usr/bin/ceph: stderr
2024-09-19T04:55:03.614+0000 7f701d600640 1 --2- 172.21.15.43:0/3872558153 >> [v2:172.21.15.43:6800/3241799377,v1:172.21.15.43:6801/3241799377] conn(0x7f7008039200 0x7f700803b6c0 unknown :-1 s=NONE pgs=0 cs=0 l=1 rev1=0 crypto rx=0 tx=0 comp rx=0 tx=0).connect
2024-09-19T04:55:09.327 INFO:teuthology.orchestra.run.smithi043.stdout:/usr/bin/ceph: stderr
2024-09-19T04:55:03.614+0000 7f7027400640 1 -- 172.21.15.43:0/3872558153 --> [v2:172.21.15.43:6800/3241799377,v1:172.21.15.43:6801/3241799377] -- command(tid 0: {"prefix": "get_command_descriptions"}) -- 0x7f7020109cd0 con 0x7f7008039200
2024-09-19T04:55:09.327 INFO:teuthology.orchestra.run.smithi043.stdout:/usr/bin/ceph: stderr
2024-09-19T04:55:03.614+0000 7f701d600640 1 -- 172.21.15.43:0/3872558153 <== mon.0 v2:172.21.15.43:3300/0 5 ==== osd_map(2..2 src has 1..2) ==== 940+0+0 (secure 0 0 0) 0x7f701406c920 con 0x7f70201098d0
2024-09-19T04:55:09.327 INFO:teuthology.orchestra.run.smithi043.stdout:/usr/bin/ceph: stderr
2024-09-19T04:55:03.614+0000 7f701fe00640 1 -- 172.21.15.43:0/3872558153 >> [v2:172.21.15.43:6800/3241799377,v1:172.21.15.43:6801/3241799377] conn(0x7f7008039200 msgr2=0x7f700803b6c0 unknown :-1 s=STATE_CONNECTING_RE l=1).process reconnect failed to v2:172.21.15.43:6800/3241799377
2024-09-19T04:55:09.327 INFO:teuthology.orchestra.run.smithi043.stdout:/usr/bin/ceph: stderr
2024-09-19T04:55:03.614+0000 7f701fe00640 1 --2- 172.21.15.43:0/3872558153 >> [v2:172.21.15.43:6800/3241799377,v1:172.21.15.43:6801/3241799377] conn(0x7f7008039200 0x7f700803b6c0 unknown :-1 s=START_CONNECT pgs=0 cs=0 l=1 rev1=0 crypto rx=0 tx=0 comp rx=0 tx=0)._fault waiting 0.200000
2024-09-19T04:55:09.327 INFO:teuthology.orchestra.run.smithi043.stdout:/usr/bin/ceph: stderr
2024-09-19T04:55:03.815+0000 7f701fe00640 1 -- 172.21.15.43:0/3872558153 >> [v2:172.21.15.43:6800/3241799377,v1:172.21.15.43:6801/3241799377] conn(0x7f7008039200 msgr2=0x7f700803b6c0 unknown :-1 s=STATE_CONNECTING_RE l=1).process reconnect failed to v2:172.21.15.43:6800/3241799377
2024-09-19T04:55:09.327 INFO:teuthology.orchestra.run.smithi043.stdout:/usr/bin/ceph: stderr
2024-09-19T04:55:03.815+0000 7f701fe00640 1 --2- 172.21.15.43:0/3872558153 >> [v2:172.21.15.43:6800/3241799377,v1:172.21.15.43:6801/3241799377] conn(0x7f7008039200 0x7f700803b6c0 unknown :-1 s=START_CONNECT pgs=0 cs=0 l=1 rev1=0 crypto rx=0 tx=0 comp rx=0 tx=0)._fault waiting 0.400000
2024-09-19T04:55:09.328 INFO:teuthology.orchestra.run.smithi043.stdout:/usr/bin/ceph: stderr
2024-09-19T04:55:04.216+0000 7f701fe00640 1 -- 172.21.15.43:0/3872558153 >> [v2:172.21.15.43:6800/3241799377,v1:172.21.15.43:6801/3241799377] conn(0x7f7008039200 msgr2=0x7f700803b6c0 unknown :-1 s=STATE_CONNECTING_RE l=1).process reconnect failed to v2:172.21.15.43:6800/3241799377
2024-09-19T04:55:09.328 INFO:teuthology.orchestra.run.smithi043.stdout:/usr/bin/ceph: stderr
2024-09-19T04:55:04.216+0000 7f701fe00640 1 --2- 172.21.15.43:0/3872558153 >> [v2:172.21.15.43:6800/3241799377,v1:172.21.15.43:6801/3241799377] conn(0x7f7008039200 0x7f700803b6c0 unknown :-1 s=START_CONNECT pgs=0 cs=0 l=1 rev1=0 crypto rx=0 tx=0 comp rx=0 tx=0)._fault waiting 0.800000
2024-09-19T04:55:09.328 INFO:teuthology.orchestra.run.smithi043.stdout:/usr/bin/ceph: stderr
2024-09-19T04:55:05.017+0000 7f701fe00640 1 -- 172.21.15.43:0/3872558153 >> [v2:172.21.15.43:6800/3241799377,v1:172.21.15.43:6801/3241799377] conn(0x7f7008039200 msgr2=0x7f700803b6c0 unknown :-1 s=STATE_CONNECTING_RE l=1).process reconnect failed to v2:172.21.15.43:6800/3241799377
2024-09-19T04:55:09.328 INFO:teuthology.orchestra.run.smithi043.stdout:/usr/bin/ceph: stderr
2024-09-19T04:55:05.017+0000 7f701fe00640 1 --2- 172.21.15.43:0/3872558153 >> [v2:172.21.15.43:6800/3241799377,v1:172.21.15.43:6801/3241799377] conn(0x7f7008039200 0x7f700803b6c0 unknown :-1 s=START_CONNECT pgs=0 cs=0 l=1 rev1=0 crypto rx=0 tx=0 comp rx=0 tx=0)._fault waiting 1.600000
2024-09-19T04:55:09.328 INFO:teuthology.orchestra.run.smithi043.stdout:/usr/bin/ceph: stderr
2024-09-19T04:55:06.618+0000 7f701fe00640 1 -- 172.21.15.43:0/3872558153 >> [v2:172.21.15.43:6800/3241799377,v1:172.21.15.43:6801/3241799377] conn(0x7f7008039200 msgr2=0x7f700803b6c0 unknown :-1 s=STATE_CONNECTING_RE l=1).process reconnect failed to v2:172.21.15.43:6800/3241799377
2024-09-19T04:55:09.328 INFO:teuthology.orchestra.run.smithi043.stdout:/usr/bin/ceph: stderr
2024-09-19T04:55:06.619+0000 7f701fe00640 1 --2- 172.21.15.43:0/3872558153 >> [v2:172.21.15.43:6800/3241799377,v1:172.21.15.43:6801/3241799377] conn(0x7f7008039200 0x7f700803b6c0 unknown :-1 s=START_CONNECT pgs=0 cs=0 l=1 rev1=0 crypto rx=0 tx=0 comp rx=0 tx=0)._fault waiting 3.200000
2024-09-19T04:55:09.328 INFO:teuthology.orchestra.run.smithi043.stdout:/usr/bin/ceph: stderr
2024-09-19T04:55:07.039+0000 7f701d600640 1 -- 172.21.15.43:0/3872558153 <== mon.0 v2:172.21.15.43:3300/0 6 ==== mgrmap(e 10) ==== 46241+0+0 (secure 0 0 0) 0x7f701402fd60 con 0x7f70201098d0
2024-09-19T04:55:09.328 INFO:teuthology.orchestra.run.smithi043.stdout:/usr/bin/ceph: stderr
2024-09-19T04:55:07.039+0000 7f701d600640 1 -- 172.21.15.43:0/3872558153 >> [v2:172.21.15.43:6800/3241799377,v1:172.21.15.43:6801/3241799377] conn(0x7f7008039200 msgr2=0x7f700803b6c0 unknown :-1 s=STATE_CONNECTING l=1).mark_down
2024-09-19T04:55:09.328 INFO:teuthology.orchestra.run.smithi043.stdout:/usr/bin/ceph: stderr
2024-09-19T04:55:07.039+0000 7f701d600640 1 --2- 172.21.15.43:0/3872558153 >> [v2:172.21.15.43:6800/3241799377,v1:172.21.15.43:6801/3241799377] conn(0x7f7008039200 0x7f700803b6c0 unknown :-1 s=START_CONNECT pgs=0 cs=0 l=1 rev1=0 crypto rx=0 tx=0 comp rx=0 tx=0).stop
2024-09-19T04:55:09.328 INFO:teuthology.orchestra.run.smithi043.stdout:/usr/bin/ceph: stderr
2024-09-19T04:55:08.041+0000 7f701d600640 1 -- 172.21.15.43:0/3872558153 <== mon.0 v2:172.21.15.43:3300/0 7 ==== mgrmap(e 11) ==== 46368+0+0 (secure 0 0 0) 0x7f701406e610 con 0x7f70201098d0
2024-09-19T04:55:09.328 INFO:teuthology.orchestra.run.smithi043.stdout:/usr/bin/ceph: stderr
2024-09-19T04:55:08.041+0000 7f701d600640 1 --2- 172.21.15.43:0/3872558153 >> [v2:172.21.15.43:6800/3167108925,v1:172.21.15.43:6801/3167108925] conn(0x7f700803cad0 0x7f700803eec0 unknown :-1 s=NONE pgs=0 cs=0 l=1 rev1=0 crypto rx=0 tx=0 comp rx=0 tx=0).connect
2024-09-19T04:55:09.328 INFO:teuthology.orchestra.run.smithi043.stdout:/usr/bin/ceph: stderr
2024-09-19T04:55:08.041+0000 7f701d600640 1 -- 172.21.15.43:0/3872558153 --> [v2:172.21.15.43:6800/3167108925,v1:172.21.15.43:6801/3167108925] -- command(tid 0: {"prefix": "get_command_descriptions"}) -- 0x7f701400af30 con 0x7f700803cad0
2024-09-19T04:55:09.329 INFO:teuthology.orchestra.run.smithi043.stdout:/usr/bin/ceph: stderr
2024-09-19T04:55:08.042+0000 7f701fe00640 1 --2- 172.21.15.43:0/3872558153 >> [v2:172.21.15.43:6800/3167108925,v1:172.21.15.43:6801/3167108925] conn(0x7f700803cad0 0x7f700803eec0 unknown :-1 s=BANNER_CONNECTING pgs=0 cs=0 l=1 rev1=0 crypto rx=0 tx=0 comp rx=0 tx=0)._handle_peer_banner_payload supported=3 required=0
2024-09-19T04:55:09.329 INFO:teuthology.orchestra.run.smithi043.stdout:/usr/bin/ceph: stderr
2024-09-19T04:55:08.043+0000 7f701fe00640 1 --2- 172.21.15.43:0/3872558153 >> [v2:172.21.15.43:6800/3167108925,v1:172.21.15.43:6801/3167108925] conn(0x7f700803cad0 0x7f700803eec0 secure :-1 s=READY pgs=3 cs=0 l=1 rev1=1 crypto rx=0x7f700c003980 tx=0x7f700c009290 comp rx=0 tx=0).ready entity=mgr.14150 client_cookie=0 server_cookie=0 in_seq=0 out_seq=0
2024-09-19T04:55:09.329 INFO:teuthology.orchestra.run.smithi043.stdout:/usr/bin/ceph: stderr
2024-09-19T04:55:08.044+0000 7f701d600640 1 -- 172.21.15.43:0/3872558153 <== mgr.14150 v2:172.21.15.43:6800/3167108925 1 ==== command_reply(tid 0: 0 ) ==== 8+0+9564 (secure 0 0 0) 0x7f701400af30 con 0x7f700803cad0
2024-09-19T04:55:09.329 INFO:teuthology.orchestra.run.smithi043.stdout:/usr/bin/ceph: stderr
2024-09-19T04:55:08.051+0000 7f7027400640 1 -- 172.21.15.43:0/3872558153 --> [v2:172.21.15.43:6800/3167108925,v1:172.21.15.43:6801/3167108925] -- command(tid 1: {"prefix": "mgr_status"}) -- 0x7f7020107be0 con 0x7f700803cad0
2024-09-19T04:55:09.329 INFO:teuthology.orchestra.run.smithi043.stdout:/usr/bin/ceph: stderr
2024-09-19T04:55:08.052+0000 7f701d600640 1 -- 172.21.15.43:0/3872558153 <== mgr.14150 v2:172.21.15.43:6800/3167108925 2 ==== command_reply(tid 1: 0 ) ==== 8+0+52 (secure 0 0 0) 0x7f7020107be0 con 0x7f700803cad0
2024-09-19T04:55:09.329 INFO:teuthology.orchestra.run.smithi043.stdout:/usr/bin/ceph: stderr
2024-09-19T04:55:08.052+0000 7f7027400640 1 -- 172.21.15.43:0/3872558153 >> [v2:172.21.15.43:6800/3167108925,v1:172.21.15.43:6801/3167108925] conn(0x7f700803cad0 msgr2=0x7f700803eec0 secure :-1 s=STATE_CONNECTION_ESTABLISHED l=1).mark_down
2024-09-19T04:55:09.329 INFO:teuthology.orchestra.run.smithi043.stdout:/usr/bin/ceph: stderr
2024-09-19T04:55:08.052+0000 7f7027400640 1 --2- 172.21.15.43:0/3872558153 >> [v2:172.21.15.43:6800/3167108925,v1:172.21.15.43:6801/3167108925] conn(0x7f700803cad0 0x7f700803eec0 secure :-1 s=READY pgs=3 cs=0 l=1 rev1=1 crypto rx=0x7f700c003980 tx=0x7f700c009290 comp rx=0 tx=0).stop
2024-09-19T04:55:09.329 INFO:teuthology.orchestra.run.smithi043.stdout:/usr/bin/ceph: stderr
2024-09-19T04:55:08.052+0000 7f7027400640 1 -- 172.21.15.43:0/3872558153 >> [v2:172.21.15.43:3300/0,v1:172.21.15.43:6789/0] conn(0x7f70201098d0 msgr2=0x7f702019d940 secure :-1 s=STATE_CONNECTION_ESTABLISHED l=1).mark_down
2024-09-19T04:55:09.329 INFO:teuthology.orchestra.run.smithi043.stdout:/usr/bin/ceph: stderr
2024-09-19T04:55:08.052+0000 7f7027400640 1 --2- 172.21.15.43:0/3872558153 >> [v2:172.21.15.43:3300/0,v1:172.21.15.43:6789/0] conn(0x7f70201098d0 0x7f702019d940 secure :-1 s=READY pgs=60 cs=0 l=1 rev1=1 crypto rx=0x7f70140097f0 tx=0x7f70140327b0 comp rx=0 tx=0).stop
2024-09-19T04:55:09.329 INFO:teuthology.orchestra.run.smithi043.stdout:/usr/bin/ceph: stderr
2024-09-19T04:55:08.052+0000 7f7027400640 1 -- 172.21.15.43:0/3872558153 shutdown_connections
2024-09-19T04:55:09.329 INFO:teuthology.orchestra.run.smithi043.stdout:/usr/bin/ceph: stderr
2024-09-19T04:55:08.052+0000 7f7027400640 1 --2- 172.21.15.43:0/3872558153 >> [v2:172.21.15.43:6800/3167108925,v1:172.21.15.43:6801/3167108925] conn(0x7f700803cad0 0x7f700803eec0 unknown :-1 s=CLOSED pgs=3 cs=0 l=1 rev1=1 crypto rx=0 tx=0 comp rx=0 tx=0).stop
2024-09-19T04:55:09.329 INFO:teuthology.orchestra.run.smithi043.stdout:/usr/bin/ceph: stderr
2024-09-19T04:55:08.052+0000 7f7027400640 1 --2- 172.21.15.43:0/3872558153 >> [v2:172.21.15.43:6800/3241799377,v1:172.21.15.43:6801/3241799377] conn(0x7f7008039200 0x7f700803b6c0 unknown :-1 s=CLOSED pgs=0 cs=0 l=1 rev1=0 crypto rx=0 tx=0 comp rx=0 tx=0).stop
2024-09-19T04:55:09.329 INFO:teuthology.orchestra.run.smithi043.stdout:/usr/bin/ceph: stderr
2024-09-19T04:55:08.052+0000 7f7027400640 1 --2- 172.21.15.43:0/3872558153 >> [v2:172.21.15.43:3300/0,v1:172.21.15.43:6789/0] conn(0x7f70201098d0 0x7f702019d940 unknown :-1 s=CLOSED pgs=60 cs=0 l=1 rev1=1 crypto rx=0 tx=0 comp rx=0 tx=0).stop
2024-09-19T04:55:09.330 INFO:teuthology.orchestra.run.smithi043.stdout:/usr/bin/ceph: stderr
2024-09-19T04:55:08.052+0000 7f7027400640 1 -- 172.21.15.43:0/3872558153 >> 172.21.15.43:0/3872558153 conn(0x7f702007cee0 msgr2=0x7f70201074d0 unknown :-1 s=STATE_NONE l=0).mark_down
2024-09-19T04:55:09.330 INFO:teuthology.orchestra.run.smithi043.stdout:/usr/bin/ceph: stderr
2024-09-19T04:55:08.052+0000 7f7027400640 1 -- 172.21.15.43:0/3872558153 shutdown_connections
2024-09-19T04:55:09.330 INFO:teuthology.orchestra.run.smithi043.stdout:/usr/bin/ceph: stderr
2024-09-19T04:55:08.053+0000 7f7027400640 1 -- 172.21.15.43:0/3872558153 wait complete.
2024-09-19T04:55:09.330 INFO:teuthology.orchestra.run.smithi043.stdout:mgr epoch 9 is available
2024-09-19T04:55:09.330 INFO:teuthology.orchestra.run.smithi043.stdout:Generating a dashboard self-signed certificate...
2024-09-19T04:55:09.819 INFO:journalctl@ceph.mon.a.smithi043.stdout:Sep 19 04:55:09 smithi043 ceph-mon[30800]: from='mgr.14150 172.21.15.43:0/3246419152' entity='mgr.x'
2024-09-19T04:55:09.819 INFO:journalctl@ceph.mon.a.smithi043.stdout:Sep 19 04:55:09 smithi043 ceph-mon[30800]: [19/Sep/2024:04:55:08] ENGINE Bus STARTING
2024-09-19T04:55:09.819 INFO:journalctl@ceph.mon.a.smithi043.stdout:Sep 19 04:55:09 smithi043 ceph-mon[30800]: [19/Sep/2024:04:55:08] ENGINE Serving on https://172.21.15.43:7150
2024-09-19T04:55:09.820 INFO:journalctl@ceph.mon.a.smithi043.stdout:Sep 19 04:55:09 smithi043 ceph-mon[30800]: [19/Sep/2024:04:55:08] ENGINE Error in HTTPServer.serve
2024-09-19T04:55:09.820 INFO:journalctl@ceph.mon.a.smithi043.stdout: Traceback (most recent call last):
2024-09-19T04:55:09.820 INFO:journalctl@ceph.mon.a.smithi043.stdout: File "/lib/python3.9/site-packages/cheroot/server.py", line 1823, in serve
2024-09-19T04:55:09.820 INFO:journalctl@ceph.mon.a.smithi043.stdout: self._connections.run(self.expiration_interval)
2024-09-19T04:55:09.820 INFO:journalctl@ceph.mon.a.smithi043.stdout: File "/lib/python3.9/site-packages/cheroot/connections.py", line 203, in run
2024-09-19T04:55:09.820 INFO:journalctl@ceph.mon.a.smithi043.stdout: self._run(expiration_interval)
2024-09-19T04:55:09.820 INFO:journalctl@ceph.mon.a.smithi043.stdout: File "/lib/python3.9/site-packages/cheroot/connections.py", line 246, in _run
2024-09-19T04:55:09.820 INFO:journalctl@ceph.mon.a.smithi043.stdout: new_conn = self._from_server_socket(self.server.socket)
2024-09-19T04:55:09.820 INFO:journalctl@ceph.mon.a.smithi043.stdout: File "/lib/python3.9/site-packages/cheroot/connections.py", line 300, in _from_server_socket
2024-09-19T04:55:09.820 INFO:journalctl@ceph.mon.a.smithi043.stdout: s, ssl_env = self.server.ssl_adapter.wrap(s)
2024-09-19T04:55:09.820 INFO:journalctl@ceph.mon.a.smithi043.stdout: File "/lib/python3.9/site-packages/cheroot/ssl/builtin.py", line 277, in wrap
2024-09-19T04:55:09.820 INFO:journalctl@ceph.mon.a.smithi043.stdout: s = self.context.wrap_socket(
2024-09-19T04:55:09.820 INFO:journalctl@ceph.mon.a.smithi043.stdout: File "/lib64/python3.9/ssl.py", line 501, in wrap_socket
2024-09-19T04:55:09.821 INFO:journalctl@ceph.mon.a.smithi043.stdout: return self.sslsocket_class._create(
2024-09-19T04:55:09.821 INFO:journalctl@ceph.mon.a.smithi043.stdout: File "/lib64/python3.9/ssl.py", line 1074, in _create
2024-09-19T04:55:09.821 INFO:journalctl@ceph.mon.a.smithi043.stdout: self.do_handshake()
2024-09-19T04:55:09.821 INFO:journalctl@ceph.mon.a.smithi043.stdout: File "/lib64/python3.9/ssl.py", line 1343, in do_handshake
2024-09-19T04:55:09.821 INFO:journalctl@ceph.mon.a.smithi043.stdout: self._sslobj.do_handshake()
2024-09-19T04:55:09.821 INFO:journalctl@ceph.mon.a.smithi043.stdout: ssl.SSLZeroReturnError: TLS/SSL connection has been closed (EOF) (_ssl.c:1133)
2024-09-19T04:55:09.821 INFO:journalctl@ceph.mon.a.smithi043.stdout:Sep 19 04:55:09 smithi043 ceph-mon[30800]: [19/Sep/2024:04:55:09] ENGINE Serving on http://172.21.15.43:8765
2024-09-19T04:55:09.821 INFO:journalctl@ceph.mon.a.smithi043.stdout:Sep 19 04:55:09 smithi043 ceph-mon[30800]: [19/Sep/2024:04:55:09] ENGINE Bus STARTED
2024-09-19T04:55:10.753 INFO:teuthology.orchestra.run.smithi043.stdout:/usr/bin/ceph: stdout Self-signed certificate created
2024-09-19T04:55:10.753 INFO:teuthology.orchestra.run.smithi043.stdout:/usr/bin/ceph: stderr
2024-09-19T04:55:09.810+0000 7f385c800640 1 Processor -- start
2024-09-19T04:55:10.753 INFO:teuthology.orchestra.run.smithi043.stdout:/usr/bin/ceph: stderr
2024-09-19T04:55:09.810+0000 7f385c800640 1 -- start start
2024-09-19T04:55:10.753 INFO:teuthology.orchestra.run.smithi043.stdout:/usr/bin/ceph: stderr
2024-09-19T04:55:09.810+0000 7f385c800640 1 --2- >> [v2:172.21.15.43:3300/0,v1:172.21.15.43:6789/0] conn(0x7f38541099c0 0x7f3854109dc0 unknown :-1 s=NONE pgs=0 cs=0 l=0 rev1=0 crypto rx=0 tx=0 comp rx=0 tx=0).connect
2024-09-19T04:55:10.753 INFO:teuthology.orchestra.run.smithi043.stdout:/usr/bin/ceph: stderr
2024-09-19T04:55:09.810+0000 7f385c800640 1 -- --> [v2:172.21.15.43:3300/0,v1:172.21.15.43:6789/0] -- mon_getmap magic: 0 -- 0x7f385410a390 con 0x7f38541099c0
2024-09-19T04:55:10.753 INFO:teuthology.orchestra.run.smithi043.stdout:/usr/bin/ceph: stderr
2024-09-19T04:55:09.811+0000 7f3859e00640 1 --2- >> [v2:172.21.15.43:3300/0,v1:172.21.15.43:6789/0] conn(0x7f38541099c0 0x7f3854109dc0 unknown :-1 s=BANNER_CONNECTING pgs=0 cs=0 l=0 rev1=0 crypto rx=0 tx=0 comp rx=0 tx=0)._handle_peer_banner_payload supported=3 required=0
2024-09-19T04:55:10.753 INFO:teuthology.orchestra.run.smithi043.stdout:/usr/bin/ceph: stderr
2024-09-19T04:55:09.811+0000 7f3859e00640 1 --2- >> [v2:172.21.15.43:3300/0,v1:172.21.15.43:6789/0] conn(0x7f38541099c0 0x7f3854109dc0 unknown :-1 s=HELLO_CONNECTING pgs=0 cs=0 l=0 rev1=1 crypto rx=0 tx=0 comp rx=0 tx=0).handle_hello peer v2:172.21.15.43:3300/0 says I am v2:172.21.15.43:60146/0 (socket says 172.21.15.43:60146)
2024-09-19T04:55:10.754 INFO:teuthology.orchestra.run.smithi043.stdout:/usr/bin/ceph: stderr
2024-09-19T04:55:09.811+0000 7f3859e00640 1 -- 172.21.15.43:0/1052303912 learned_addr learned my addr 172.21.15.43:0/1052303912 (peer_addr_for_me v2:172.21.15.43:0/0)
2024-09-19T04:55:10.754 INFO:teuthology.orchestra.run.smithi043.stdout:/usr/bin/ceph: stderr
2024-09-19T04:55:09.812+0000 7f3859e00640 1 -- 172.21.15.43:0/1052303912 --> [v2:172.21.15.43:3300/0,v1:172.21.15.43:6789/0] -- mon_subscribe({config=0+,monmap=0+}) -- 0x7f385410ab00 con 0x7f38541099c0
2024-09-19T04:55:10.754 INFO:teuthology.orchestra.run.smithi043.stdout:/usr/bin/ceph: stderr
2024-09-19T04:55:09.813+0000 7f3859e00640 1 --2- 172.21.15.43:0/1052303912 >> [v2:172.21.15.43:3300/0,v1:172.21.15.43:6789/0] conn(0x7f38541099c0 0x7f3854109dc0 secure :-1 s=READY pgs=68 cs=0 l=1 rev1=1 crypto rx=0x7f3848009820 tx=0x7f384802a270 comp rx=0 tx=0).ready entity=mon.0 client_cookie=a43e75b6704d1feb server_cookie=0 in_seq=0 out_seq=0
2024-09-19T04:55:10.754 INFO:teuthology.orchestra.run.smithi043.stdout:/usr/bin/ceph: stderr
2024-09-19T04:55:09.813+0000 7f3858a00640 1 -- 172.21.15.43:0/1052303912 <== mon.0 v2:172.21.15.43:3300/0 1 ==== mon_map magic: 0 ==== 205+0+0 (secure 0 0 0) 0x7f3848037070 con 0x7f38541099c0
2024-09-19T04:55:10.754 INFO:teuthology.orchestra.run.smithi043.stdout:/usr/bin/ceph: stderr
2024-09-19T04:55:09.813+0000 7f3858a00640 1 -- 172.21.15.43:0/1052303912 <== mon.0 v2:172.21.15.43:3300/0 2 ==== config(27 keys) ==== 1140+0+0 (secure 0 0 0) 0x7f3848032920 con 0x7f38541099c0
2024-09-19T04:55:10.754 INFO:teuthology.orchestra.run.smithi043.stdout:/usr/bin/ceph: stderr
2024-09-19T04:55:09.813+0000 7f3858a00640 1 -- 172.21.15.43:0/1052303912 <== mon.0 v2:172.21.15.43:3300/0 3 ==== mon_map magic: 0 ==== 205+0+0 (secure 0 0 0) 0x7f3848030810 con 0x7f38541099c0
2024-09-19T04:55:10.754 INFO:teuthology.orchestra.run.smithi043.stdout:/usr/bin/ceph: stderr
2024-09-19T04:55:09.814+0000 7f385c800640 1 -- 172.21.15.43:0/1052303912 >> [v2:172.21.15.43:3300/0,v1:172.21.15.43:6789/0] conn(0x7f38541099c0 msgr2=0x7f3854109dc0 secure :-1 s=STATE_CONNECTION_ESTABLISHED l=1).mark_down
2024-09-19T04:55:10.754 INFO:teuthology.orchestra.run.smithi043.stdout:/usr/bin/ceph: stderr
2024-09-19T04:55:09.814+0000 7f385c800640 1 --2- 172.21.15.43:0/1052303912 >> [v2:172.21.15.43:3300/0,v1:172.21.15.43:6789/0] conn(0x7f38541099c0 0x7f3854109dc0 secure :-1 s=READY pgs=68 cs=0 l=1 rev1=1 crypto rx=0x7f3848009820 tx=0x7f384802a270 comp rx=0 tx=0).stop
2024-09-19T04:55:10.754 INFO:teuthology.orchestra.run.smithi043.stdout:/usr/bin/ceph: stderr
2024-09-19T04:55:09.814+0000 7f385c800640 1 -- 172.21.15.43:0/1052303912 shutdown_connections
2024-09-19T04:55:10.754 INFO:teuthology.orchestra.run.smithi043.stdout:/usr/bin/ceph: stderr
2024-09-19T04:55:09.814+0000 7f385c800640 1 --2- 172.21.15.43:0/1052303912 >> [v2:172.21.15.43:3300/0,v1:172.21.15.43:6789/0] conn(0x7f38541099c0 0x7f3854109dc0 unknown :-1 s=CLOSED pgs=68 cs=0 l=1 rev1=1 crypto rx=0 tx=0 comp rx=0 tx=0).stop
2024-09-19T04:55:10.754 INFO:teuthology.orchestra.run.smithi043.stdout:/usr/bin/ceph: stderr
2024-09-19T04:55:09.814+0000 7f385c800640 1 -- 172.21.15.43:0/1052303912 >> 172.21.15.43:0/1052303912 conn(0x7f385407ceb0 msgr2=0x7f385407d2e0 unknown :-1 s=STATE_NONE l=0).mark_down
2024-09-19T04:55:10.754 INFO:teuthology.orchestra.run.smithi043.stdout:/usr/bin/ceph: stderr
2024-09-19T04:55:09.814+0000 7f385c800640 1 -- 172.21.15.43:0/1052303912 shutdown_connections
2024-09-19T04:55:10.754 INFO:teuthology.orchestra.run.smithi043.stdout:/usr/bin/ceph: stderr
2024-09-19T04:55:09.814+0000 7f385c800640 1 -- 172.21.15.43:0/1052303912 wait complete.
2024-09-19T04:55:10.755 INFO:teuthology.orchestra.run.smithi043.stdout:/usr/bin/ceph: stderr
2024-09-19T04:55:09.815+0000 7f385c800640 1 Processor -- start
2024-09-19T04:55:10.755 INFO:teuthology.orchestra.run.smithi043.stdout:/usr/bin/ceph: stderr
2024-09-19T04:55:09.815+0000 7f385c800640 1 -- start start
2024-09-19T04:55:10.755 INFO:teuthology.orchestra.run.smithi043.stdout:/usr/bin/ceph: stderr
2024-09-19T04:55:09.816+0000 7f385c800640 1 --2- >> [v2:172.21.15.43:3300/0,v1:172.21.15.43:6789/0] conn(0x7f38541099c0 0x7f385419d970 unknown :-1 s=NONE pgs=0 cs=0 l=1 rev1=0 crypto rx=0 tx=0 comp rx=0 tx=0).connect
2024-09-19T04:55:10.755 INFO:teuthology.orchestra.run.smithi043.stdout:/usr/bin/ceph: stderr
2024-09-19T04:55:09.816+0000 7f385c800640 1 -- --> [v2:172.21.15.43:3300/0,v1:172.21.15.43:6789/0] -- mon_getmap magic: 0 -- 0x7f385410deb0 con 0x7f38541099c0
2024-09-19T04:55:10.755 INFO:teuthology.orchestra.run.smithi043.stdout:/usr/bin/ceph: stderr
2024-09-19T04:55:09.816+0000 7f3859e00640 1 --2- >> [v2:172.21.15.43:3300/0,v1:172.21.15.43:6789/0] conn(0x7f38541099c0 0x7f385419d970 unknown :-1 s=BANNER_CONNECTING pgs=0 cs=0 l=1 rev1=0 crypto rx=0 tx=0 comp rx=0 tx=0)._handle_peer_banner_payload supported=3 required=0
2024-09-19T04:55:10.755 INFO:teuthology.orchestra.run.smithi043.stdout:/usr/bin/ceph: stderr
2024-09-19T04:55:09.816+0000 7f3859e00640 1 --2- >> [v2:172.21.15.43:3300/0,v1:172.21.15.43:6789/0] conn(0x7f38541099c0 0x7f385419d970 unknown :-1 s=HELLO_CONNECTING pgs=0 cs=0 l=1 rev1=1 crypto rx=0 tx=0 comp rx=0 tx=0).handle_hello peer v2:172.21.15.43:3300/0 says I am v2:172.21.15.43:60152/0 (socket says 172.21.15.43:60152)
2024-09-19T04:55:10.755 INFO:teuthology.orchestra.run.smithi043.stdout:/usr/bin/ceph: stderr
2024-09-19T04:55:09.816+0000 7f3859e00640 1 -- 172.21.15.43:0/4070296229 learned_addr learned my addr 172.21.15.43:0/4070296229 (peer_addr_for_me v2:172.21.15.43:0/0)
2024-09-19T04:55:10.755 INFO:teuthology.orchestra.run.smithi043.stdout:/usr/bin/ceph: stderr
2024-09-19T04:55:09.816+0000 7f3859e00640 1 -- 172.21.15.43:0/4070296229 --> [v2:172.21.15.43:3300/0,v1:172.21.15.43:6789/0] -- mon_subscribe({config=0+,monmap=0+}) -- 0x7f385419deb0 con 0x7f38541099c0
2024-09-19T04:55:10.755 INFO:teuthology.orchestra.run.smithi043.stdout:/usr/bin/ceph: stderr
2024-09-19T04:55:09.817+0000 7f3859e00640 1 --2- 172.21.15.43:0/4070296229 >> [v2:172.21.15.43:3300/0,v1:172.21.15.43:6789/0] conn(0x7f38541099c0 0x7f385419d970 secure :-1 s=READY pgs=69 cs=0 l=1 rev1=1 crypto rx=0x7f3848030560 tx=0x7f3848032670 comp rx=0 tx=0).ready entity=mon.0 client_cookie=0 server_cookie=0 in_seq=0 out_seq=0
2024-09-19T04:55:10.755 INFO:teuthology.orchestra.run.smithi043.stdout:/usr/bin/ceph: stderr
2024-09-19T04:55:09.817+0000 7f384ea00640 1 -- 172.21.15.43:0/4070296229 <== mon.0 v2:172.21.15.43:3300/0 1 ==== mon_map magic: 0 ==== 205+0+0 (secure 0 0 0) 0x7f3848037040 con 0x7f38541099c0
2024-09-19T04:55:10.755 INFO:teuthology.orchestra.run.smithi043.stdout:/usr/bin/ceph: stderr
2024-09-19T04:55:09.817+0000 7f384ea00640 1 -- 172.21.15.43:0/4070296229 <== mon.0 v2:172.21.15.43:3300/0 2 ==== config(27 keys) ==== 1140+0+0 (secure 0 0 0) 0x7f3848040070 con 0x7f38541099c0
2024-09-19T04:55:10.755 INFO:teuthology.orchestra.run.smithi043.stdout:/usr/bin/ceph: stderr
2024-09-19T04:55:09.817+0000 7f385c800640 1 -- 172.21.15.43:0/4070296229 --> [v2:172.21.15.43:3300/0,v1:172.21.15.43:6789/0] -- mon_subscribe({mgrmap=0+}) -- 0x7f385419e140 con 0x7f38541099c0
2024-09-19T04:55:10.755 INFO:teuthology.orchestra.run.smithi043.stdout:/usr/bin/ceph: stderr
2024-09-19T04:55:09.817+0000 7f384ea00640 1 -- 172.21.15.43:0/4070296229 <== mon.0 v2:172.21.15.43:3300/0 3 ==== mon_map magic: 0 ==== 205+0+0 (secure 0 0 0) 0x7f384803a6d0 con 0x7f38541099c0
2024-09-19T04:55:10.755 INFO:teuthology.orchestra.run.smithi043.stdout:/usr/bin/ceph: stderr
2024-09-19T04:55:09.817+0000 7f385c800640 1 -- 172.21.15.43:0/4070296229 --> [v2:172.21.15.43:3300/0,v1:172.21.15.43:6789/0] -- mon_subscribe({osdmap=0}) -- 0x7f38541a0e30 con 0x7f38541099c0
2024-09-19T04:55:10.756 INFO:teuthology.orchestra.run.smithi043.stdout:/usr/bin/ceph: stderr
2024-09-19T04:55:09.819+0000 7f385c800640 1 -- 172.21.15.43:0/4070296229 --> [v2:172.21.15.43:3300/0,v1:172.21.15.43:6789/0] -- mon_command({"prefix": "get_command_descriptions"} v 0) -- 0x7f385410e030 con 0x7f38541099c0
2024-09-19T04:55:10.756 INFO:teuthology.orchestra.run.smithi043.stdout:/usr/bin/ceph: stderr
2024-09-19T04:55:09.819+0000 7f384ea00640 1 -- 172.21.15.43:0/4070296229 <== mon.0 v2:172.21.15.43:3300/0 4 ==== mgrmap(e 12) ==== 46474+0+0 (secure 0 0 0) 0x7f384803b420 con 0x7f38541099c0
2024-09-19T04:55:10.756 INFO:teuthology.orchestra.run.smithi043.stdout:/usr/bin/ceph: stderr
2024-09-19T04:55:09.819+0000 7f384ea00640 1 --2- 172.21.15.43:0/4070296229 >> [v2:172.21.15.43:6800/3167108925,v1:172.21.15.43:6801/3167108925] conn(0x7f383c039200 0x7f383c03b6c0 unknown :-1 s=NONE pgs=0 cs=0 l=1 rev1=0 crypto rx=0 tx=0 comp rx=0 tx=0).connect
2024-09-19T04:55:10.756 INFO:teuthology.orchestra.run.smithi043.stdout:/usr/bin/ceph: stderr
2024-09-19T04:55:09.819+0000 7f384ea00640 1 -- 172.21.15.43:0/4070296229 <== mon.0 v2:172.21.15.43:3300/0 5 ==== osd_map(3..3 src has 1..3) ==== 1155+0+0 (secure 0 0 0) 0x7f384806ca90 con 0x7f38541099c0
2024-09-19T04:55:10.756 INFO:teuthology.orchestra.run.smithi043.stdout:/usr/bin/ceph: stderr
2024-09-19T04:55:09.820+0000 7f3859400640 1 --2- 172.21.15.43:0/4070296229 >> [v2:172.21.15.43:6800/3167108925,v1:172.21.15.43:6801/3167108925] conn(0x7f383c039200 0x7f383c03b6c0 unknown :-1 s=BANNER_CONNECTING pgs=0 cs=0 l=1 rev1=0 crypto rx=0 tx=0 comp rx=0 tx=0)._handle_peer_banner_payload supported=3 required=0
2024-09-19T04:55:10.756 INFO:teuthology.orchestra.run.smithi043.stdout:/usr/bin/ceph: stderr
2024-09-19T04:55:09.820+0000 7f3859400640 1 --2- 172.21.15.43:0/4070296229 >> [v2:172.21.15.43:6800/3167108925,v1:172.21.15.43:6801/3167108925] conn(0x7f383c039200 0x7f383c03b6c0 secure :-1 s=READY pgs=7 cs=0 l=1 rev1=1 crypto rx=0x7f38440098c0 tx=0x7f3844006db0 comp rx=0 tx=0).ready entity=mgr.14150 client_cookie=0 server_cookie=0 in_seq=0 out_seq=0
2024-09-19T04:55:10.756 INFO:teuthology.orchestra.run.smithi043.stdout:/usr/bin/ceph: stderr
2024-09-19T04:55:09.825+0000 7f384ea00640 1 -- 172.21.15.43:0/4070296229 <== mon.0 v2:172.21.15.43:3300/0 6 ==== mon_command_ack([{"prefix": "get_command_descriptions"}]=0 v0) ==== 72+0+188913 (secure 0 0 0) 0x7f3848043360 con 0x7f38541099c0
2024-09-19T04:55:10.756 INFO:teuthology.orchestra.run.smithi043.stdout:/usr/bin/ceph: stderr
2024-09-19T04:55:10.018+0000 7f385c800640 1 -- 172.21.15.43:0/4070296229 --> [v2:172.21.15.43:6800/3167108925,v1:172.21.15.43:6801/3167108925] -- mgr_command(tid 0: {"prefix": "dashboard create-self-signed-cert", "target": ["mon-mgr", ""]}) -- 0x7f3854107c40 con 0x7f383c039200
2024-09-19T04:55:10.756 INFO:teuthology.orchestra.run.smithi043.stdout:/usr/bin/ceph: stderr
2024-09-19T04:55:10.072+0000 7f384ea00640 1 -- 172.21.15.43:0/4070296229 <== mgr.14150 v2:172.21.15.43:6800/3167108925 1 ==== mgr_command_reply(tid 0: 0 ) ==== 8+0+32 (secure 0 0 0) 0x7f3854107c40 con 0x7f383c039200
2024-09-19T04:55:10.756 INFO:teuthology.orchestra.run.smithi043.stdout:/usr/bin/ceph: stderr
2024-09-19T04:55:10.075+0000 7f385c800640 1 -- 172.21.15.43:0/4070296229 >> [v2:172.21.15.43:6800/3167108925,v1:172.21.15.43:6801/3167108925] conn(0x7f383c039200 msgr2=0x7f383c03b6c0 secure :-1 s=STATE_CONNECTION_ESTABLISHED l=1).mark_down
2024-09-19T04:55:10.756 INFO:teuthology.orchestra.run.smithi043.stdout:/usr/bin/ceph: stderr
2024-09-19T04:55:10.075+0000 7f385c800640 1 --2- 172.21.15.43:0/4070296229 >> [v2:172.21.15.43:6800/3167108925,v1:172.21.15.43:6801/3167108925] conn(0x7f383c039200 0x7f383c03b6c0 secure :-1 s=READY pgs=7 cs=0 l=1 rev1=1 crypto rx=0x7f38440098c0 tx=0x7f3844006db0 comp rx=0 tx=0).stop
2024-09-19T04:55:10.756 INFO:teuthology.orchestra.run.smithi043.stdout:/usr/bin/ceph: stderr
2024-09-19T04:55:10.075+0000 7f385c800640 1 -- 172.21.15.43:0/4070296229 >> [v2:172.21.15.43:3300/0,v1:172.21.15.43:6789/0] conn(0x7f38541099c0 msgr2=0x7f385419d970 secure :-1 s=STATE_CONNECTION_ESTABLISHED l=1).mark_down
2024-09-19T04:55:10.757 INFO:teuthology.orchestra.run.smithi043.stdout:/usr/bin/ceph: stderr
2024-09-19T04:55:10.075+0000 7f385c800640 1 --2- 172.21.15.43:0/4070296229 >> [v2:172.21.15.43:3300/0,v1:172.21.15.43:6789/0] conn(0x7f38541099c0 0x7f385419d970 secure :-1 s=READY pgs=69 cs=0 l=1 rev1=1 crypto rx=0x7f3848030560 tx=0x7f3848032670 comp rx=0 tx=0).stop
2024-09-19T04:55:10.757 INFO:teuthology.orchestra.run.smithi043.stdout:/usr/bin/ceph: stderr
2024-09-19T04:55:10.075+0000 7f385c800640 1 -- 172.21.15.43:0/4070296229 shutdown_connections
2024-09-19T04:55:10.757 INFO:teuthology.orchestra.run.smithi043.stdout:/usr/bin/ceph: stderr
2024-09-19T04:55:10.075+0000 7f385c800640 1 --2- 172.21.15.43:0/4070296229 >> [v2:172.21.15.43:6800/3167108925,v1:172.21.15.43:6801/3167108925] conn(0x7f383c039200 0x7f383c03b6c0 unknown :-1 s=CLOSED pgs=7 cs=0 l=1 rev1=1 crypto rx=0 tx=0 comp rx=0 tx=0).stop
2024-09-19T04:55:10.757 INFO:teuthology.orchestra.run.smithi043.stdout:/usr/bin/ceph: stderr
2024-09-19T04:55:10.075+0000 7f385c800640 1 --2- 172.21.15.43:0/4070296229 >> [v2:172.21.15.43:3300/0,v1:172.21.15.43:6789/0] conn(0x7f38541099c0 0x7f385419d970 unknown :-1 s=CLOSED pgs=69 cs=0 l=1 rev1=1 crypto rx=0 tx=0 comp rx=0 tx=0).stop
2024-09-19T04:55:10.757 INFO:teuthology.orchestra.run.smithi043.stdout:/usr/bin/ceph: stderr
2024-09-19T04:55:10.075+0000 7f385c800640 1 -- 172.21.15.43:0/4070296229 >> 172.21.15.43:0/4070296229 conn(0x7f385407ceb0 msgr2=0x7f3854107530 unknown :-1 s=STATE_NONE l=0).mark_down
2024-09-19T04:55:10.757 INFO:teuthology.orchestra.run.smithi043.stdout:/usr/bin/ceph: stderr
2024-09-19T04:55:10.075+0000 7f385c800640 1 -- 172.21.15.43:0/4070296229 shutdown_connections
2024-09-19T04:55:10.757 INFO:teuthology.orchestra.run.smithi043.stdout:/usr/bin/ceph: stderr
2024-09-19T04:55:10.075+0000 7f385c800640 1 -- 172.21.15.43:0/4070296229 wait complete.
2024-09-19T04:55:10.757 INFO:teuthology.orchestra.run.smithi043.stdout:Creating initial admin user...
2024-09-19T04:55:11.012 INFO:journalctl@ceph.mon.a.smithi043.stdout:Sep 19 04:55:10 smithi043 ceph-mon[30800]: mgrmap e12: x(active, since 2s)
2024-09-19T04:55:11.012 INFO:journalctl@ceph.mon.a.smithi043.stdout:Sep 19 04:55:10 smithi043 ceph-mon[30800]: from='mgr.14150 172.21.15.43:0/3246419152' entity='mgr.x'
2024-09-19T04:55:11.012 INFO:journalctl@ceph.mon.a.smithi043.stdout:Sep 19 04:55:10 smithi043 ceph-mon[30800]: from='client.14162 -' entity='client.admin' cmd=[{"prefix": "dashboard create-self-signed-cert", "target": ["mon-mgr", ""]}]: dispatch
2024-09-19T04:55:11.012 INFO:journalctl@ceph.mon.a.smithi043.stdout:Sep 19 04:55:10 smithi043 ceph-mon[30800]: from='mgr.14150 172.21.15.43:0/3246419152' entity='mgr.x'
2024-09-19T04:55:11.012 INFO:journalctl@ceph.mon.a.smithi043.stdout:Sep 19 04:55:10 smithi043 ceph-mon[30800]: from='mgr.14150 172.21.15.43:0/3246419152' entity='mgr.x'
2024-09-19T04:55:12.960 INFO:teuthology.orchestra.run.smithi043.stdout:/usr/bin/ceph: stdout {"username": "admin", "password": "$2b$12$nY80MOe8f63C5YHRvlPF7uV8KMiFDK0/uX7anPgPxhv52Js198a1G", "roles": ["administrator"], "name": null, "email": null, "lastUpdate": 1726721711, "enabled": true, "pwdExpirationDate": null, "pwdUpdateRequired": true}
2024-09-19T04:55:12.960 INFO:teuthology.orchestra.run.smithi043.stdout:/usr/bin/ceph: stderr
2024-09-19T04:55:11.494+0000 7fdf9c800640 1 Processor -- start
2024-09-19T04:55:12.960 INFO:teuthology.orchestra.run.smithi043.stdout:/usr/bin/ceph: stderr
2024-09-19T04:55:11.495+0000 7fdf9c800640 1 -- start start
2024-09-19T04:55:12.960 INFO:teuthology.orchestra.run.smithi043.stdout:/usr/bin/ceph: stderr
2024-09-19T04:55:11.495+0000 7fdf9c800640 1 --2- >> [v2:172.21.15.43:3300/0,v1:172.21.15.43:6789/0] conn(0x7fdf9407de70 0x7fdf9407c320 unknown :-1 s=NONE pgs=0 cs=0 l=0 rev1=0 crypto rx=0 tx=0 comp rx=0 tx=0).connect
2024-09-19T04:55:12.960 INFO:teuthology.orchestra.run.smithi043.stdout:/usr/bin/ceph: stderr
2024-09-19T04:55:11.495+0000 7fdf9c800640 1 -- --> [v2:172.21.15.43:3300/0,v1:172.21.15.43:6789/0] -- mon_getmap magic: 0 -- 0x7fdf9407c8f0 con 0x7fdf9407de70
2024-09-19T04:55:12.961 INFO:teuthology.orchestra.run.smithi043.stdout:/usr/bin/ceph: stderr
2024-09-19T04:55:11.495+0000 7fdf99e00640 1 --2- >> [v2:172.21.15.43:3300/0,v1:172.21.15.43:6789/0] conn(0x7fdf9407de70 0x7fdf9407c320 unknown :-1 s=BANNER_CONNECTING pgs=0 cs=0 l=0 rev1=0 crypto rx=0 tx=0 comp rx=0 tx=0)._handle_peer_banner_payload supported=3 required=0
2024-09-19T04:55:12.961 INFO:teuthology.orchestra.run.smithi043.stdout:/usr/bin/ceph: stderr
2024-09-19T04:55:11.495+0000 7fdf99e00640 1 --2- >> [v2:172.21.15.43:3300/0,v1:172.21.15.43:6789/0] conn(0x7fdf9407de70 0x7fdf9407c320 unknown :-1 s=HELLO_CONNECTING pgs=0 cs=0 l=0 rev1=1 crypto rx=0 tx=0 comp rx=0 tx=0).handle_hello peer v2:172.21.15.43:3300/0 says I am v2:172.21.15.43:60164/0 (socket says 172.21.15.43:60164)
2024-09-19T04:55:12.961 INFO:teuthology.orchestra.run.smithi043.stdout:/usr/bin/ceph: stderr
2024-09-19T04:55:11.495+0000 7fdf99e00640 1 -- 172.21.15.43:0/85509854 learned_addr learned my addr 172.21.15.43:0/85509854 (peer_addr_for_me v2:172.21.15.43:0/0)
2024-09-19T04:55:12.961 INFO:teuthology.orchestra.run.smithi043.stdout:/usr/bin/ceph: stderr
2024-09-19T04:55:11.496+0000 7fdf99e00640 1 -- 172.21.15.43:0/85509854 --> [v2:172.21.15.43:3300/0,v1:172.21.15.43:6789/0] -- mon_subscribe({config=0+,monmap=0+}) -- 0x7fdf9407ca70 con 0x7fdf9407de70
2024-09-19T04:55:12.961 INFO:teuthology.orchestra.run.smithi043.stdout:/usr/bin/ceph: stderr
2024-09-19T04:55:11.497+0000 7fdf99e00640 1 --2- 172.21.15.43:0/85509854 >> [v2:172.21.15.43:3300/0,v1:172.21.15.43:6789/0] conn(0x7fdf9407de70 0x7fdf9407c320 secure :-1 s=READY pgs=70 cs=0 l=1 rev1=1 crypto rx=0x7fdf88009820 tx=0x7fdf8802a270 comp rx=0 tx=0).ready entity=mon.0 client_cookie=d20dda284ea73129 server_cookie=0 in_seq=0 out_seq=0
2024-09-19T04:55:12.961 INFO:teuthology.orchestra.run.smithi043.stdout:/usr/bin/ceph: stderr
2024-09-19T04:55:11.497+0000 7fdf98a00640 1 -- 172.21.15.43:0/85509854 <== mon.0 v2:172.21.15.43:3300/0 1 ==== mon_map magic: 0 ==== 205+0+0 (secure 0 0 0) 0x7fdf88037070 con 0x7fdf9407de70
2024-09-19T04:55:12.961 INFO:teuthology.orchestra.run.smithi043.stdout:/usr/bin/ceph: stderr
2024-09-19T04:55:11.497+0000 7fdf98a00640 1 -- 172.21.15.43:0/85509854 <== mon.0 v2:172.21.15.43:3300/0 2 ==== config(27 keys) ==== 1140+0+0 (secure 0 0 0) 0x7fdf88032920 con 0x7fdf9407de70
2024-09-19T04:55:12.961 INFO:teuthology.orchestra.run.smithi043.stdout:/usr/bin/ceph: stderr
2024-09-19T04:55:11.497+0000 7fdf98a00640 1 -- 172.21.15.43:0/85509854 <== mon.0 v2:172.21.15.43:3300/0 3 ==== mon_map magic: 0 ==== 205+0+0 (secure 0 0 0) 0x7fdf88030810 con 0x7fdf9407de70
2024-09-19T04:55:12.961 INFO:teuthology.orchestra.run.smithi043.stdout:/usr/bin/ceph: stderr
2024-09-19T04:55:11.498+0000 7fdf9c800640 1 -- 172.21.15.43:0/85509854 >> [v2:172.21.15.43:3300/0,v1:172.21.15.43:6789/0] conn(0x7fdf9407de70 msgr2=0x7fdf9407c320 secure :-1 s=STATE_CONNECTION_ESTABLISHED l=1).mark_down
2024-09-19T04:55:12.961 INFO:teuthology.orchestra.run.smithi043.stdout:/usr/bin/ceph: stderr
2024-09-19T04:55:11.498+0000 7fdf9c800640 1 --2- 172.21.15.43:0/85509854 >> [v2:172.21.15.43:3300/0,v1:172.21.15.43:6789/0] conn(0x7fdf9407de70 0x7fdf9407c320 secure :-1 s=READY pgs=70 cs=0 l=1 rev1=1 crypto rx=0x7fdf88009820 tx=0x7fdf8802a270 comp rx=0 tx=0).stop
2024-09-19T04:55:12.961 INFO:teuthology.orchestra.run.smithi043.stdout:/usr/bin/ceph: stderr
2024-09-19T04:55:11.498+0000 7fdf9c800640 1 -- 172.21.15.43:0/85509854 shutdown_connections
2024-09-19T04:55:12.961 INFO:teuthology.orchestra.run.smithi043.stdout:/usr/bin/ceph: stderr
2024-09-19T04:55:11.498+0000 7fdf9c800640 1 --2- 172.21.15.43:0/85509854 >> [v2:172.21.15.43:3300/0,v1:172.21.15.43:6789/0] conn(0x7fdf9407de70 0x7fdf9407c320 unknown :-1 s=CLOSED pgs=70 cs=0 l=1 rev1=1 crypto rx=0 tx=0 comp rx=0 tx=0).stop
2024-09-19T04:55:12.962 INFO:teuthology.orchestra.run.smithi043.stdout:/usr/bin/ceph: stderr
2024-09-19T04:55:11.498+0000 7fdf9c800640 1 -- 172.21.15.43:0/85509854 >> 172.21.15.43:0/85509854 conn(0x7fdf94102ef0 msgr2=0x7fdf94105310 unknown :-1 s=STATE_NONE l=0).mark_down
2024-09-19T04:55:12.962 INFO:teuthology.orchestra.run.smithi043.stdout:/usr/bin/ceph: stderr
2024-09-19T04:55:11.498+0000 7fdf9c800640 1 -- 172.21.15.43:0/85509854 shutdown_connections
2024-09-19T04:55:12.962 INFO:teuthology.orchestra.run.smithi043.stdout:/usr/bin/ceph: stderr
2024-09-19T04:55:11.498+0000 7fdf9c800640 1 -- 172.21.15.43:0/85509854 wait complete.
2024-09-19T04:55:12.962 INFO:teuthology.orchestra.run.smithi043.stdout:/usr/bin/ceph: stderr
2024-09-19T04:55:11.499+0000 7fdf9c800640 1 Processor -- start
2024-09-19T04:55:12.962 INFO:teuthology.orchestra.run.smithi043.stdout:/usr/bin/ceph: stderr
2024-09-19T04:55:11.499+0000 7fdf9c800640 1 -- start start
2024-09-19T04:55:12.962 INFO:teuthology.orchestra.run.smithi043.stdout:/usr/bin/ceph: stderr
2024-09-19T04:55:11.499+0000 7fdf9c800640 1 --2- >> [v2:172.21.15.43:3300/0,v1:172.21.15.43:6789/0] conn(0x7fdf9407de70 0x7fdf9419d910 unknown :-1 s=NONE pgs=0 cs=0 l=1 rev1=0 crypto rx=0 tx=0 comp rx=0 tx=0).connect
2024-09-19T04:55:12.962 INFO:teuthology.orchestra.run.smithi043.stdout:/usr/bin/ceph: stderr
2024-09-19T04:55:11.499+0000 7fdf9c800640 1 -- --> [v2:172.21.15.43:3300/0,v1:172.21.15.43:6789/0] -- mon_getmap magic: 0 -- 0x7fdf9410dd90 con 0x7fdf9407de70
2024-09-19T04:55:12.962 INFO:teuthology.orchestra.run.smithi043.stdout:/usr/bin/ceph: stderr
2024-09-19T04:55:11.499+0000 7fdf99e00640 1 --2- >> [v2:172.21.15.43:3300/0,v1:172.21.15.43:6789/0] conn(0x7fdf9407de70 0x7fdf9419d910 unknown :-1 s=BANNER_CONNECTING pgs=0 cs=0 l=1 rev1=0 crypto rx=0 tx=0 comp rx=0 tx=0)._handle_peer_banner_payload supported=3 required=0
2024-09-19T04:55:12.962 INFO:teuthology.orchestra.run.smithi043.stdout:/usr/bin/ceph: stderr
2024-09-19T04:55:11.499+0000 7fdf99e00640 1 --2- >> [v2:172.21.15.43:3300/0,v1:172.21.15.43:6789/0] conn(0x7fdf9407de70 0x7fdf9419d910 unknown :-1 s=HELLO_CONNECTING pgs=0 cs=0 l=1 rev1=1 crypto rx=0 tx=0 comp rx=0 tx=0).handle_hello peer v2:172.21.15.43:3300/0 says I am v2:172.21.15.43:60178/0 (socket says 172.21.15.43:60178)
2024-09-19T04:55:12.962 INFO:teuthology.orchestra.run.smithi043.stdout:/usr/bin/ceph: stderr
2024-09-19T04:55:11.499+0000 7fdf99e00640 1 -- 172.21.15.43:0/2730116597 learned_addr learned my addr 172.21.15.43:0/2730116597 (peer_addr_for_me v2:172.21.15.43:0/0)
2024-09-19T04:55:12.962 INFO:teuthology.orchestra.run.smithi043.stdout:/usr/bin/ceph: stderr
2024-09-19T04:55:11.500+0000 7fdf99e00640 1 -- 172.21.15.43:0/2730116597 --> [v2:172.21.15.43:3300/0,v1:172.21.15.43:6789/0] -- mon_subscribe({config=0+,monmap=0+}) -- 0x7fdf9419de50 con 0x7fdf9407de70
2024-09-19T04:55:12.962 INFO:teuthology.orchestra.run.smithi043.stdout:/usr/bin/ceph: stderr
2024-09-19T04:55:11.500+0000 7fdf99e00640 1 --2- 172.21.15.43:0/2730116597 >> [v2:172.21.15.43:3300/0,v1:172.21.15.43:6789/0] conn(0x7fdf9407de70 0x7fdf9419d910 secure :-1 s=READY pgs=71 cs=0 l=1 rev1=1 crypto rx=0x7fdf880097f0 tx=0x7fdf880327b0 comp rx=0 tx=0).ready entity=mon.0 client_cookie=0 server_cookie=0 in_seq=0 out_seq=0
2024-09-19T04:55:12.962 INFO:teuthology.orchestra.run.smithi043.stdout:/usr/bin/ceph: stderr
2024-09-19T04:55:11.500+0000 7fdf8ea00640 1 -- 172.21.15.43:0/2730116597 <== mon.0 v2:172.21.15.43:3300/0 1 ==== mon_map magic: 0 ==== 205+0+0 (secure 0 0 0) 0x7fdf88037040 con 0x7fdf9407de70
2024-09-19T04:55:12.963 INFO:teuthology.orchestra.run.smithi043.stdout:/usr/bin/ceph: stderr
2024-09-19T04:55:11.500+0000 7fdf8ea00640 1 -- 172.21.15.43:0/2730116597 <== mon.0 v2:172.21.15.43:3300/0 2 ==== config(27 keys) ==== 1140+0+0 (secure 0 0 0) 0x7fdf88030c40 con 0x7fdf9407de70
2024-09-19T04:55:12.963 INFO:teuthology.orchestra.run.smithi043.stdout:/usr/bin/ceph: stderr
2024-09-19T04:55:11.500+0000 7fdf9c800640 1 -- 172.21.15.43:0/2730116597 --> [v2:172.21.15.43:3300/0,v1:172.21.15.43:6789/0] -- mon_subscribe({mgrmap=0+}) -- 0x7fdf9419e0e0 con 0x7fdf9407de70
2024-09-19T04:55:12.963 INFO:teuthology.orchestra.run.smithi043.stdout:/usr/bin/ceph: stderr
2024-09-19T04:55:11.500+0000 7fdf8ea00640 1 -- 172.21.15.43:0/2730116597 <== mon.0 v2:172.21.15.43:3300/0 3 ==== mon_map magic: 0 ==== 205+0+0 (secure 0 0 0) 0x7fdf8803a5d0 con 0x7fdf9407de70
2024-09-19T04:55:12.963 INFO:teuthology.orchestra.run.smithi043.stdout:/usr/bin/ceph: stderr
2024-09-19T04:55:11.500+0000 7fdf9c800640 1 -- 172.21.15.43:0/2730116597 --> [v2:172.21.15.43:3300/0,v1:172.21.15.43:6789/0] -- mon_subscribe({osdmap=0}) -- 0x7fdf941a0dd0 con 0x7fdf9407de70
2024-09-19T04:55:12.963 INFO:teuthology.orchestra.run.smithi043.stdout:/usr/bin/ceph: stderr
2024-09-19T04:55:11.502+0000 7fdf8ea00640 1 -- 172.21.15.43:0/2730116597 <== mon.0 v2:172.21.15.43:3300/0 4 ==== mgrmap(e 12) ==== 46474+0+0 (secure 0 0 0) 0x7fdf8803b3f0 con 0x7fdf9407de70
2024-09-19T04:55:12.963 INFO:teuthology.orchestra.run.smithi043.stdout:/usr/bin/ceph: stderr
2024-09-19T04:55:11.502+0000 7fdf9c800640 1 -- 172.21.15.43:0/2730116597 --> [v2:172.21.15.43:3300/0,v1:172.21.15.43:6789/0] -- mon_command({"prefix": "get_command_descriptions"} v 0) -- 0x7fdf9407c3a0 con 0x7fdf9407de70
2024-09-19T04:55:12.963 INFO:teuthology.orchestra.run.smithi043.stdout:/usr/bin/ceph: stderr
2024-09-19T04:55:11.502+0000 7fdf8ea00640 1 --2- 172.21.15.43:0/2730116597 >> [v2:172.21.15.43:6800/3167108925,v1:172.21.15.43:6801/3167108925] conn(0x7fdf7c039260 0x7fdf7c03b720 unknown :-1 s=NONE pgs=0 cs=0 l=1 rev1=0 crypto rx=0 tx=0 comp rx=0 tx=0).connect
2024-09-19T04:55:12.963 INFO:teuthology.orchestra.run.smithi043.stdout:/usr/bin/ceph: stderr
2024-09-19T04:55:11.502+0000 7fdf8ea00640 1 -- 172.21.15.43:0/2730116597 <== mon.0 v2:172.21.15.43:3300/0 5 ==== osd_map(3..3 src has 1..3) ==== 1155+0+0 (secure 0 0 0) 0x7fdf8806c840 con 0x7fdf9407de70
2024-09-19T04:55:12.963 INFO:teuthology.orchestra.run.smithi043.stdout:/usr/bin/ceph: stderr
2024-09-19T04:55:11.502+0000 7fdf99400640 1 --2- 172.21.15.43:0/2730116597 >> [v2:172.21.15.43:6800/3167108925,v1:172.21.15.43:6801/3167108925] conn(0x7fdf7c039260 0x7fdf7c03b720 unknown :-1 s=BANNER_CONNECTING pgs=0 cs=0 l=1 rev1=0 crypto rx=0 tx=0 comp rx=0 tx=0)._handle_peer_banner_payload supported=3 required=0
2024-09-19T04:55:12.963 INFO:teuthology.orchestra.run.smithi043.stdout:/usr/bin/ceph: stderr
