2024-09-19T04:54:53.697+0000 7fae35600640 1 -- 172.21.15.43:0/4139084972 shutdown_connections
2024-09-19T04:54:54.400 INFO:teuthology.orchestra.run.smithi043.stdout:/usr/bin/ceph: stderr
2024-09-19T04:54:53.697+0000 7fae35600640 1 -- 172.21.15.43:0/4139084972 wait complete.
2024-09-19T04:54:54.400 INFO:teuthology.orchestra.run.smithi043.stdout:Deploying unmanaged mgr service...
2024-09-19T04:54:54.913 INFO:journalctl@ceph.mon.a.smithi043.stdout:Sep 19 04:54:54 smithi043 ceph-mon[30800]: from='client.14140 -' entity='client.admin' cmd=[{"prefix": "orch apply", "service_type": "mon", "unmanaged": true, "target": ["mon-mgr", ""]}]: dispatch
2024-09-19T04:54:54.913 INFO:journalctl@ceph.mon.a.smithi043.stdout:Sep 19 04:54:54 smithi043 ceph-mon[30800]: Saving service mon spec with placement count:5
2024-09-19T04:54:54.913 INFO:journalctl@ceph.mon.a.smithi043.stdout:Sep 19 04:54:54 smithi043 ceph-mon[30800]: from='mgr.14118 172.21.15.43:0/568310870' entity='mgr.x'
2024-09-19T04:54:56.078 INFO:teuthology.orchestra.run.smithi043.stdout:/usr/bin/ceph: stdout Scheduled mgr update...
2024-09-19T04:54:56.079 INFO:teuthology.orchestra.run.smithi043.stdout:/usr/bin/ceph: stderr
2024-09-19T04:54:55.090+0000 7f2e10a00640 1 Processor -- start
2024-09-19T04:54:56.079 INFO:teuthology.orchestra.run.smithi043.stdout:/usr/bin/ceph: stderr
2024-09-19T04:54:55.090+0000 7f2e10a00640 1 -- start start
2024-09-19T04:54:56.079 INFO:teuthology.orchestra.run.smithi043.stdout:/usr/bin/ceph: stderr
2024-09-19T04:54:55.090+0000 7f2e10a00640 1 --2- >> [v2:172.21.15.43:3300/0,v1:172.21.15.43:6789/0] conn(0x7f2e0c108020 0x7f2e0c10a410 unknown :-1 s=NONE pgs=0 cs=0 l=0 rev1=0 crypto rx=0 tx=0 comp rx=0 tx=0).connect
2024-09-19T04:54:56.079 INFO:teuthology.orchestra.run.smithi043.stdout:/usr/bin/ceph: stderr
2024-09-19T04:54:55.090+0000 7f2e10a00640 1 -- --> [v2:172.21.15.43:3300/0,v1:172.21.15.43:6789/0] -- mon_getmap magic: 0 -- 0x7f2e0c07bdf0 con 0x7f2e0c108020
2024-09-19T04:54:56.079 INFO:teuthology.orchestra.run.smithi043.stdout:/usr/bin/ceph: stderr
2024-09-19T04:54:55.090+0000 7f2e0b400640 1 --2- >> [v2:172.21.15.43:3300/0,v1:172.21.15.43:6789/0] conn(0x7f2e0c108020 0x7f2e0c10a410 unknown :-1 s=BANNER_CONNECTING pgs=0 cs=0 l=0 rev1=0 crypto rx=0 tx=0 comp rx=0 tx=0)._handle_peer_banner_payload supported=3 required=0
2024-09-19T04:54:56.079 INFO:teuthology.orchestra.run.smithi043.stdout:/usr/bin/ceph: stderr
2024-09-19T04:54:55.090+0000 7f2e0b400640 1 --2- >> [v2:172.21.15.43:3300/0,v1:172.21.15.43:6789/0] conn(0x7f2e0c108020 0x7f2e0c10a410 unknown :-1 s=HELLO_CONNECTING pgs=0 cs=0 l=0 rev1=1 crypto rx=0 tx=0 comp rx=0 tx=0).handle_hello peer v2:172.21.15.43:3300/0 says I am v2:172.21.15.43:38048/0 (socket says 172.21.15.43:38048)
2024-09-19T04:54:56.079 INFO:teuthology.orchestra.run.smithi043.stdout:/usr/bin/ceph: stderr
2024-09-19T04:54:55.090+0000 7f2e0b400640 1 -- 172.21.15.43:0/1674854066 learned_addr learned my addr 172.21.15.43:0/1674854066 (peer_addr_for_me v2:172.21.15.43:0/0)
2024-09-19T04:54:56.079 INFO:teuthology.orchestra.run.smithi043.stdout:/usr/bin/ceph: stderr
2024-09-19T04:54:55.091+0000 7f2e0b400640 1 -- 172.21.15.43:0/1674854066 --> [v2:172.21.15.43:3300/0,v1:172.21.15.43:6789/0] -- mon_subscribe({config=0+,monmap=0+}) -- 0x7f2e0c10a950 con 0x7f2e0c108020
2024-09-19T04:54:56.079 INFO:teuthology.orchestra.run.smithi043.stdout:/usr/bin/ceph: stderr
2024-09-19T04:54:55.092+0000 7f2e0b400640 1 --2- 172.21.15.43:0/1674854066 >> [v2:172.21.15.43:3300/0,v1:172.21.15.43:6789/0] conn(0x7f2e0c108020 0x7f2e0c10a410 secure :-1 s=READY pgs=47 cs=0 l=1 rev1=1 crypto rx=0x7f2dfc009e80 tx=0x7f2dfc02a7a0 comp rx=0 tx=0).ready entity=mon.0 client_cookie=4345aa0f182a20f0 server_cookie=0 in_seq=0 out_seq=0
2024-09-19T04:54:56.079 INFO:teuthology.orchestra.run.smithi043.stdout:/usr/bin/ceph: stderr
2024-09-19T04:54:55.092+0000 7f2e0aa00640 1 -- 172.21.15.43:0/1674854066 <== mon.0 v2:172.21.15.43:3300/0 1 ==== mon_map magic: 0 ==== 205+0+0 (secure 0 0 0) 0x7f2dfc036070 con 0x7f2e0c108020
2024-09-19T04:54:56.079 INFO:teuthology.orchestra.run.smithi043.stdout:/usr/bin/ceph: stderr
2024-09-19T04:54:55.092+0000 7f2e0aa00640 1 -- 172.21.15.43:0/1674854066 <== mon.0 v2:172.21.15.43:3300/0 2 ==== config(27 keys) ==== 1109+0+0 (secure 0 0 0) 0x7f2dfc0318c0 con 0x7f2e0c108020
2024-09-19T04:54:56.079 INFO:teuthology.orchestra.run.smithi043.stdout:/usr/bin/ceph: stderr
2024-09-19T04:54:55.092+0000 7f2e0aa00640 1 -- 172.21.15.43:0/1674854066 <== mon.0 v2:172.21.15.43:3300/0 3 ==== mon_map magic: 0 ==== 205+0+0 (secure 0 0 0) 0x7f2dfc007ab0 con 0x7f2e0c108020
2024-09-19T04:54:56.080 INFO:teuthology.orchestra.run.smithi043.stdout:/usr/bin/ceph: stderr
2024-09-19T04:54:55.093+0000 7f2e10a00640 1 -- 172.21.15.43:0/1674854066 >> [v2:172.21.15.43:3300/0,v1:172.21.15.43:6789/0] conn(0x7f2e0c108020 msgr2=0x7f2e0c10a410 secure :-1 s=STATE_CONNECTION_ESTABLISHED l=1).mark_down
2024-09-19T04:54:56.080 INFO:teuthology.orchestra.run.smithi043.stdout:/usr/bin/ceph: stderr
2024-09-19T04:54:55.093+0000 7f2e10a00640 1 --2- 172.21.15.43:0/1674854066 >> [v2:172.21.15.43:3300/0,v1:172.21.15.43:6789/0] conn(0x7f2e0c108020 0x7f2e0c10a410 secure :-1 s=READY pgs=47 cs=0 l=1 rev1=1 crypto rx=0x7f2dfc009e80 tx=0x7f2dfc02a7a0 comp rx=0 tx=0).stop
2024-09-19T04:54:56.080 INFO:teuthology.orchestra.run.smithi043.stdout:/usr/bin/ceph: stderr
2024-09-19T04:54:55.093+0000 7f2e10a00640 1 -- 172.21.15.43:0/1674854066 shutdown_connections
2024-09-19T04:54:56.080 INFO:teuthology.orchestra.run.smithi043.stdout:/usr/bin/ceph: stderr
2024-09-19T04:54:55.093+0000 7f2e10a00640 1 --2- 172.21.15.43:0/1674854066 >> [v2:172.21.15.43:3300/0,v1:172.21.15.43:6789/0] conn(0x7f2e0c108020 0x7f2e0c10a410 unknown :-1 s=CLOSED pgs=47 cs=0 l=1 rev1=1 crypto rx=0 tx=0 comp rx=0 tx=0).stop
2024-09-19T04:54:56.080 INFO:teuthology.orchestra.run.smithi043.stdout:/usr/bin/ceph: stderr
2024-09-19T04:54:55.093+0000 7f2e10a00640 1 -- 172.21.15.43:0/1674854066 >> 172.21.15.43:0/1674854066 conn(0x7f2e0c101c40 msgr2=0x7f2e0c104060 unknown :-1 s=STATE_NONE l=0).mark_down
2024-09-19T04:54:56.080 INFO:teuthology.orchestra.run.smithi043.stdout:/usr/bin/ceph: stderr
2024-09-19T04:54:55.093+0000 7f2e10a00640 1 -- 172.21.15.43:0/1674854066 shutdown_connections
2024-09-19T04:54:56.080 INFO:teuthology.orchestra.run.smithi043.stdout:/usr/bin/ceph: stderr
2024-09-19T04:54:55.093+0000 7f2e10a00640 1 -- 172.21.15.43:0/1674854066 wait complete.
2024-09-19T04:54:56.080 INFO:teuthology.orchestra.run.smithi043.stdout:/usr/bin/ceph: stderr
2024-09-19T04:54:55.094+0000 7f2e10a00640 1 Processor -- start
2024-09-19T04:54:56.080 INFO:teuthology.orchestra.run.smithi043.stdout:/usr/bin/ceph: stderr
2024-09-19T04:54:55.094+0000 7f2e10a00640 1 -- start start
2024-09-19T04:54:56.080 INFO:teuthology.orchestra.run.smithi043.stdout:/usr/bin/ceph: stderr
2024-09-19T04:54:55.094+0000 7f2e10a00640 1 --2- >> [v2:172.21.15.43:3300/0,v1:172.21.15.43:6789/0] conn(0x7f2e0c108020 0x7f2e0c1078a0 unknown :-1 s=NONE pgs=0 cs=0 l=1 rev1=0 crypto rx=0 tx=0 comp rx=0 tx=0).connect
2024-09-19T04:54:56.080 INFO:teuthology.orchestra.run.smithi043.stdout:/usr/bin/ceph: stderr
2024-09-19T04:54:55.094+0000 7f2e10a00640 1 -- --> [v2:172.21.15.43:3300/0,v1:172.21.15.43:6789/0] -- mon_getmap magic: 0 -- 0x7f2e0c10b930 con 0x7f2e0c108020
2024-09-19T04:54:56.080 INFO:teuthology.orchestra.run.smithi043.stdout:/usr/bin/ceph: stderr
2024-09-19T04:54:55.094+0000 7f2e0b400640 1 --2- >> [v2:172.21.15.43:3300/0,v1:172.21.15.43:6789/0] conn(0x7f2e0c108020 0x7f2e0c1078a0 unknown :-1 s=BANNER_CONNECTING pgs=0 cs=0 l=1 rev1=0 crypto rx=0 tx=0 comp rx=0 tx=0)._handle_peer_banner_payload supported=3 required=0
2024-09-19T04:54:56.080 INFO:teuthology.orchestra.run.smithi043.stdout:/usr/bin/ceph: stderr
2024-09-19T04:54:55.094+0000 7f2e0b400640 1 --2- >> [v2:172.21.15.43:3300/0,v1:172.21.15.43:6789/0] conn(0x7f2e0c108020 0x7f2e0c1078a0 unknown :-1 s=HELLO_CONNECTING pgs=0 cs=0 l=1 rev1=1 crypto rx=0 tx=0 comp rx=0 tx=0).handle_hello peer v2:172.21.15.43:3300/0 says I am v2:172.21.15.43:38052/0 (socket says 172.21.15.43:38052)
2024-09-19T04:54:56.081 INFO:teuthology.orchestra.run.smithi043.stdout:/usr/bin/ceph: stderr
2024-09-19T04:54:55.094+0000 7f2e0b400640 1 -- 172.21.15.43:0/1794247527 learned_addr learned my addr 172.21.15.43:0/1794247527 (peer_addr_for_me v2:172.21.15.43:0/0)
2024-09-19T04:54:56.081 INFO:teuthology.orchestra.run.smithi043.stdout:/usr/bin/ceph: stderr
2024-09-19T04:54:55.095+0000 7f2e0b400640 1 -- 172.21.15.43:0/1794247527 --> [v2:172.21.15.43:3300/0,v1:172.21.15.43:6789/0] -- mon_subscribe({config=0+,monmap=0+}) -- 0x7f2e0c107de0 con 0x7f2e0c108020
2024-09-19T04:54:56.081 INFO:teuthology.orchestra.run.smithi043.stdout:/usr/bin/ceph: stderr
2024-09-19T04:54:55.095+0000 7f2e0b400640 1 --2- 172.21.15.43:0/1794247527 >> [v2:172.21.15.43:3300/0,v1:172.21.15.43:6789/0] conn(0x7f2e0c108020 0x7f2e0c1078a0 secure :-1 s=READY pgs=48 cs=0 l=1 rev1=1 crypto rx=0x7f2dfc02acc0 tx=0x7f2dfc031ca0 comp rx=0 tx=0).ready entity=mon.0 client_cookie=0 server_cookie=0 in_seq=0 out_seq=0
2024-09-19T04:54:56.081 INFO:teuthology.orchestra.run.smithi043.stdout:/usr/bin/ceph: stderr
2024-09-19T04:54:55.095+0000 7f2e08c00640 1 -- 172.21.15.43:0/1794247527 <== mon.0 v2:172.21.15.43:3300/0 1 ==== mon_map magic: 0 ==== 205+0+0 (secure 0 0 0) 0x7f2dfc036050 con 0x7f2e0c108020
2024-09-19T04:54:56.081 INFO:teuthology.orchestra.run.smithi043.stdout:/usr/bin/ceph: stderr
2024-09-19T04:54:55.095+0000 7f2e08c00640 1 -- 172.21.15.43:0/1794247527 <== mon.0 v2:172.21.15.43:3300/0 2 ==== config(27 keys) ==== 1109+0+0 (secure 0 0 0) 0x7f2dfc037040 con 0x7f2e0c108020
2024-09-19T04:54:56.081 INFO:teuthology.orchestra.run.smithi043.stdout:/usr/bin/ceph: stderr
2024-09-19T04:54:55.095+0000 7f2e08c00640 1 -- 172.21.15.43:0/1794247527 <== mon.0 v2:172.21.15.43:3300/0 3 ==== mon_map magic: 0 ==== 205+0+0 (secure 0 0 0) 0x7f2dfc03d850 con 0x7f2e0c108020
2024-09-19T04:54:56.081 INFO:teuthology.orchestra.run.smithi043.stdout:/usr/bin/ceph: stderr
2024-09-19T04:54:55.095+0000 7f2e10a00640 1 -- 172.21.15.43:0/1794247527 --> [v2:172.21.15.43:3300/0,v1:172.21.15.43:6789/0] -- mon_subscribe({mgrmap=0+}) -- 0x7f2e0c105fd0 con 0x7f2e0c108020
2024-09-19T04:54:56.081 INFO:teuthology.orchestra.run.smithi043.stdout:/usr/bin/ceph: stderr
2024-09-19T04:54:55.096+0000 7f2e10a00640 1 -- 172.21.15.43:0/1794247527 --> [v2:172.21.15.43:3300/0,v1:172.21.15.43:6789/0] -- mon_subscribe({osdmap=0}) -- 0x7f2e0c106510 con 0x7f2e0c108020
2024-09-19T04:54:56.081 INFO:teuthology.orchestra.run.smithi043.stdout:/usr/bin/ceph: stderr
2024-09-19T04:54:55.097+0000 7f2e08c00640 1 -- 172.21.15.43:0/1794247527 <== mon.0 v2:172.21.15.43:3300/0 4 ==== mgrmap(e 8) ==== 46461+0+0 (secure 0 0 0) 0x7f2dfc044020 con 0x7f2e0c108020
2024-09-19T04:54:56.081 INFO:teuthology.orchestra.run.smithi043.stdout:/usr/bin/ceph: stderr
2024-09-19T04:54:55.097+0000 7f2e10a00640 1 -- 172.21.15.43:0/1794247527 --> [v2:172.21.15.43:3300/0,v1:172.21.15.43:6789/0] -- mon_command({"prefix": "get_command_descriptions"} v 0) -- 0x7f2e0c108480 con 0x7f2e0c108020
2024-09-19T04:54:56.081 INFO:teuthology.orchestra.run.smithi043.stdout:/usr/bin/ceph: stderr
2024-09-19T04:54:55.097+0000 7f2e08c00640 1 --2- 172.21.15.43:0/1794247527 >> [v2:172.21.15.43:6800/3241799377,v1:172.21.15.43:6801/3241799377] conn(0x7f2df0039200 0x7f2df003b6c0 unknown :-1 s=NONE pgs=0 cs=0 l=1 rev1=0 crypto rx=0 tx=0 comp rx=0 tx=0).connect
2024-09-19T04:54:56.081 INFO:teuthology.orchestra.run.smithi043.stdout:/usr/bin/ceph: stderr
2024-09-19T04:54:55.097+0000 7f2e08c00640 1 -- 172.21.15.43:0/1794247527 <== mon.0 v2:172.21.15.43:3300/0 5 ==== osd_map(2..2 src has 1..2) ==== 940+0+0 (secure 0 0 0) 0x7f2dfc042020 con 0x7f2e0c108020
2024-09-19T04:54:56.081 INFO:teuthology.orchestra.run.smithi043.stdout:/usr/bin/ceph: stderr
2024-09-19T04:54:55.097+0000 7f2e02a00640 1 --2- 172.21.15.43:0/1794247527 >> [v2:172.21.15.43:6800/3241799377,v1:172.21.15.43:6801/3241799377] conn(0x7f2df0039200 0x7f2df003b6c0 unknown :-1 s=BANNER_CONNECTING pgs=0 cs=0 l=1 rev1=0 crypto rx=0 tx=0 comp rx=0 tx=0)._handle_peer_banner_payload supported=3 required=0
2024-09-19T04:54:56.081 INFO:teuthology.orchestra.run.smithi043.stdout:/usr/bin/ceph: stderr
2024-09-19T04:54:55.098+0000 7f2e02a00640 1 --2- 172.21.15.43:0/1794247527 >> [v2:172.21.15.43:6800/3241799377,v1:172.21.15.43:6801/3241799377] conn(0x7f2df0039200 0x7f2df003b6c0 secure :-1 s=READY pgs=13 cs=0 l=1 rev1=1 crypto rx=0x7f2df40098c0 tx=0x7f2df4006db0 comp rx=0 tx=0).ready entity=mgr.14118 client_cookie=0 server_cookie=0 in_seq=0 out_seq=0
2024-09-19T04:54:56.082 INFO:teuthology.orchestra.run.smithi043.stdout:/usr/bin/ceph: stderr
2024-09-19T04:54:55.102+0000 7f2e08c00640 1 -- 172.21.15.43:0/1794247527 <== mon.0 v2:172.21.15.43:3300/0 6 ==== mon_command_ack([{"prefix": "get_command_descriptions"}]=0 v0) ==== 72+0+188913 (secure 0 0 0) 0x7f2dfc04b020 con 0x7f2e0c108020
2024-09-19T04:54:56.082 INFO:teuthology.orchestra.run.smithi043.stdout:/usr/bin/ceph: stderr
2024-09-19T04:54:55.301+0000 7f2e10a00640 1 -- 172.21.15.43:0/1794247527 --> [v2:172.21.15.43:6800/3241799377,v1:172.21.15.43:6801/3241799377] -- mgr_command(tid 0: {"prefix": "orch apply", "service_type": "mgr", "unmanaged": true, "target": ["mon-mgr", ""]}) -- 0x7f2e0c106e60 con 0x7f2df0039200
2024-09-19T04:54:56.082 INFO:teuthology.orchestra.run.smithi043.stdout:/usr/bin/ceph: stderr
2024-09-19T04:54:55.306+0000 7f2e08c00640 1 -- 172.21.15.43:0/1794247527 <== mgr.14118 v2:172.21.15.43:6800/3241799377 1 ==== mgr_command_reply(tid 0: 0 ) ==== 8+0+24 (secure 0 0 0) 0x7f2e0c106e60 con 0x7f2df0039200
2024-09-19T04:54:56.082 INFO:teuthology.orchestra.run.smithi043.stdout:/usr/bin/ceph: stderr
2024-09-19T04:54:55.308+0000 7f2e10a00640 1 -- 172.21.15.43:0/1794247527 >> [v2:172.21.15.43:6800/3241799377,v1:172.21.15.43:6801/3241799377] conn(0x7f2df0039200 msgr2=0x7f2df003b6c0 secure :-1 s=STATE_CONNECTION_ESTABLISHED l=1).mark_down
2024-09-19T04:54:56.082 INFO:teuthology.orchestra.run.smithi043.stdout:/usr/bin/ceph: stderr
2024-09-19T04:54:55.308+0000 7f2e10a00640 1 --2- 172.21.15.43:0/1794247527 >> [v2:172.21.15.43:6800/3241799377,v1:172.21.15.43:6801/3241799377] conn(0x7f2df0039200 0x7f2df003b6c0 secure :-1 s=READY pgs=13 cs=0 l=1 rev1=1 crypto rx=0x7f2df40098c0 tx=0x7f2df4006db0 comp rx=0 tx=0).stop
2024-09-19T04:54:56.082 INFO:teuthology.orchestra.run.smithi043.stdout:/usr/bin/ceph: stderr
2024-09-19T04:54:55.308+0000 7f2e10a00640 1 -- 172.21.15.43:0/1794247527 >> [v2:172.21.15.43:3300/0,v1:172.21.15.43:6789/0] conn(0x7f2e0c108020 msgr2=0x7f2e0c1078a0 secure :-1 s=STATE_CONNECTION_ESTABLISHED l=1).mark_down
2024-09-19T04:54:56.082 INFO:teuthology.orchestra.run.smithi043.stdout:/usr/bin/ceph: stderr
2024-09-19T04:54:55.308+0000 7f2e10a00640 1 --2- 172.21.15.43:0/1794247527 >> [v2:172.21.15.43:3300/0,v1:172.21.15.43:6789/0] conn(0x7f2e0c108020 0x7f2e0c1078a0 secure :-1 s=READY pgs=48 cs=0 l=1 rev1=1 crypto rx=0x7f2dfc02acc0 tx=0x7f2dfc031ca0 comp rx=0 tx=0).stop
2024-09-19T04:54:56.082 INFO:teuthology.orchestra.run.smithi043.stdout:/usr/bin/ceph: stderr
2024-09-19T04:54:55.308+0000 7f2e10a00640 1 -- 172.21.15.43:0/1794247527 shutdown_connections
2024-09-19T04:54:56.082 INFO:teuthology.orchestra.run.smithi043.stdout:/usr/bin/ceph: stderr
2024-09-19T04:54:55.308+0000 7f2e10a00640 1 --2- 172.21.15.43:0/1794247527 >> [v2:172.21.15.43:6800/3241799377,v1:172.21.15.43:6801/3241799377] conn(0x7f2df0039200 0x7f2df003b6c0 unknown :-1 s=CLOSED pgs=13 cs=0 l=1 rev1=1 crypto rx=0 tx=0 comp rx=0 tx=0).stop
2024-09-19T04:54:56.082 INFO:teuthology.orchestra.run.smithi043.stdout:/usr/bin/ceph: stderr
2024-09-19T04:54:55.308+0000 7f2e10a00640 1 --2- 172.21.15.43:0/1794247527 >> [v2:172.21.15.43:3300/0,v1:172.21.15.43:6789/0] conn(0x7f2e0c108020 0x7f2e0c1078a0 unknown :-1 s=CLOSED pgs=48 cs=0 l=1 rev1=1 crypto rx=0 tx=0 comp rx=0 tx=0).stop
2024-09-19T04:54:56.082 INFO:teuthology.orchestra.run.smithi043.stdout:/usr/bin/ceph: stderr
2024-09-19T04:54:55.308+0000 7f2e10a00640 1 -- 172.21.15.43:0/1794247527 >> 172.21.15.43:0/1794247527 conn(0x7f2e0c101c40 msgr2=0x7f2e0c102800 unknown :-1 s=STATE_NONE l=0).mark_down
2024-09-19T04:54:56.082 INFO:teuthology.orchestra.run.smithi043.stdout:/usr/bin/ceph: stderr
2024-09-19T04:54:55.308+0000 7f2e10a00640 1 -- 172.21.15.43:0/1794247527 shutdown_connections
2024-09-19T04:54:56.082 INFO:teuthology.orchestra.run.smithi043.stdout:/usr/bin/ceph: stderr
2024-09-19T04:54:55.309+0000 7f2e10a00640 1 -- 172.21.15.43:0/1794247527 wait complete.
2024-09-19T04:54:56.346 INFO:journalctl@ceph.mon.a.smithi043.stdout:Sep 19 04:54:56 smithi043 ceph-mon[30800]: from='client.14142 -' entity='client.admin' cmd=[{"prefix": "orch apply", "service_type": "mgr", "unmanaged": true, "target": ["mon-mgr", ""]}]: dispatch
2024-09-19T04:54:56.346 INFO:journalctl@ceph.mon.a.smithi043.stdout:Sep 19 04:54:56 smithi043 ceph-mon[30800]: Saving service mgr spec with placement count:2
2024-09-19T04:54:56.346 INFO:journalctl@ceph.mon.a.smithi043.stdout:Sep 19 04:54:56 smithi043 ceph-mon[30800]: from='mgr.14118 172.21.15.43:0/568310870' entity='mgr.x'
2024-09-19T04:54:57.688 INFO:teuthology.orchestra.run.smithi043.stdout:/usr/bin/ceph: stderr
2024-09-19T04:54:56.552+0000 7fc274800640 1 Processor -- start
2024-09-19T04:54:57.688 INFO:teuthology.orchestra.run.smithi043.stdout:/usr/bin/ceph: stderr
2024-09-19T04:54:56.553+0000 7fc274800640 1 -- start start
2024-09-19T04:54:57.688 INFO:teuthology.orchestra.run.smithi043.stdout:/usr/bin/ceph: stderr
2024-09-19T04:54:56.553+0000 7fc274800640 1 --2- >> [v2:172.21.15.43:3300/0,v1:172.21.15.43:6789/0] conn(0x7fc26c107c50 0x7fc26c108050 unknown :-1 s=NONE pgs=0 cs=0 l=0 rev1=0 crypto rx=0 tx=0 comp rx=0 tx=0).connect
2024-09-19T04:54:57.688 INFO:teuthology.orchestra.run.smithi043.stdout:/usr/bin/ceph: stderr
2024-09-19T04:54:56.553+0000 7fc274800640 1 -- --> [v2:172.21.15.43:3300/0,v1:172.21.15.43:6789/0] -- mon_getmap magic: 0 -- 0x7fc26c108620 con 0x7fc26c107c50
2024-09-19T04:54:57.688 INFO:teuthology.orchestra.run.smithi043.stdout:/usr/bin/ceph: stderr
2024-09-19T04:54:56.553+0000 7fc271e00640 1 --2- >> [v2:172.21.15.43:3300/0,v1:172.21.15.43:6789/0] conn(0x7fc26c107c50 0x7fc26c108050 unknown :-1 s=BANNER_CONNECTING pgs=0 cs=0 l=0 rev1=0 crypto rx=0 tx=0 comp rx=0 tx=0)._handle_peer_banner_payload supported=3 required=0
2024-09-19T04:54:57.688 INFO:teuthology.orchestra.run.smithi043.stdout:/usr/bin/ceph: stderr
2024-09-19T04:54:56.553+0000 7fc271e00640 1 --2- >> [v2:172.21.15.43:3300/0,v1:172.21.15.43:6789/0] conn(0x7fc26c107c50 0x7fc26c108050 unknown :-1 s=HELLO_CONNECTING pgs=0 cs=0 l=0 rev1=1 crypto rx=0 tx=0 comp rx=0 tx=0).handle_hello peer v2:172.21.15.43:3300/0 says I am v2:172.21.15.43:53508/0 (socket says 172.21.15.43:53508)
2024-09-19T04:54:57.688 INFO:teuthology.orchestra.run.smithi043.stdout:/usr/bin/ceph: stderr
2024-09-19T04:54:56.553+0000 7fc271e00640 1 -- 172.21.15.43:0/2537158868 learned_addr learned my addr 172.21.15.43:0/2537158868 (peer_addr_for_me v2:172.21.15.43:0/0)
2024-09-19T04:54:57.688 INFO:teuthology.orchestra.run.smithi043.stdout:/usr/bin/ceph: stderr
2024-09-19T04:54:56.554+0000 7fc271e00640 1 -- 172.21.15.43:0/2537158868 --> [v2:172.21.15.43:3300/0,v1:172.21.15.43:6789/0] -- mon_subscribe({config=0+,monmap=0+}) -- 0x7fc26c106820 con 0x7fc26c107c50
2024-09-19T04:54:57.689 INFO:teuthology.orchestra.run.smithi043.stdout:/usr/bin/ceph: stderr
2024-09-19T04:54:56.555+0000 7fc271e00640 1 --2- 172.21.15.43:0/2537158868 >> [v2:172.21.15.43:3300/0,v1:172.21.15.43:6789/0] conn(0x7fc26c107c50 0x7fc26c108050 secure :-1 s=READY pgs=49 cs=0 l=1 rev1=1 crypto rx=0x7fc260009820 tx=0x7fc26002a270 comp rx=0 tx=0).ready entity=mon.0 client_cookie=702cf45fee0d7f0f server_cookie=0 in_seq=0 out_seq=0
2024-09-19T04:54:57.689 INFO:teuthology.orchestra.run.smithi043.stdout:/usr/bin/ceph: stderr
2024-09-19T04:54:56.555+0000 7fc270a00640 1 -- 172.21.15.43:0/2537158868 <== mon.0 v2:172.21.15.43:3300/0 1 ==== mon_map magic: 0 ==== 205+0+0 (secure 0 0 0) 0x7fc260037070 con 0x7fc26c107c50
2024-09-19T04:54:57.689 INFO:teuthology.orchestra.run.smithi043.stdout:/usr/bin/ceph: stderr
2024-09-19T04:54:56.555+0000 7fc270a00640 1 -- 172.21.15.43:0/2537158868 <== mon.0 v2:172.21.15.43:3300/0 2 ==== config(27 keys) ==== 1109+0+0 (secure 0 0 0) 0x7fc260032900 con 0x7fc26c107c50
2024-09-19T04:54:57.689 INFO:teuthology.orchestra.run.smithi043.stdout:/usr/bin/ceph: stderr
2024-09-19T04:54:56.555+0000 7fc270a00640 1 -- 172.21.15.43:0/2537158868 <== mon.0 v2:172.21.15.43:3300/0 3 ==== mon_map magic: 0 ==== 205+0+0 (secure 0 0 0) 0x7fc260030850 con 0x7fc26c107c50
2024-09-19T04:54:57.689 INFO:teuthology.orchestra.run.smithi043.stdout:/usr/bin/ceph: stderr
2024-09-19T04:54:56.555+0000 7fc274800640 1 -- 172.21.15.43:0/2537158868 >> [v2:172.21.15.43:3300/0,v1:172.21.15.43:6789/0] conn(0x7fc26c107c50 msgr2=0x7fc26c108050 secure :-1 s=STATE_CONNECTION_ESTABLISHED l=1).mark_down
2024-09-19T04:54:57.689 INFO:teuthology.orchestra.run.smithi043.stdout:/usr/bin/ceph: stderr
2024-09-19T04:54:56.555+0000 7fc274800640 1 --2- 172.21.15.43:0/2537158868 >> [v2:172.21.15.43:3300/0,v1:172.21.15.43:6789/0] conn(0x7fc26c107c50 0x7fc26c108050 secure :-1 s=READY pgs=49 cs=0 l=1 rev1=1 crypto rx=0x7fc260009820 tx=0x7fc26002a270 comp rx=0 tx=0).stop
2024-09-19T04:54:57.689 INFO:teuthology.orchestra.run.smithi043.stdout:/usr/bin/ceph: stderr
2024-09-19T04:54:56.556+0000 7fc274800640 1 -- 172.21.15.43:0/2537158868 shutdown_connections
2024-09-19T04:54:57.689 INFO:teuthology.orchestra.run.smithi043.stdout:/usr/bin/ceph: stderr
2024-09-19T04:54:56.556+0000 7fc274800640 1 --2- 172.21.15.43:0/2537158868 >> [v2:172.21.15.43:3300/0,v1:172.21.15.43:6789/0] conn(0x7fc26c107c50 0x7fc26c108050 unknown :-1 s=CLOSED pgs=49 cs=0 l=1 rev1=1 crypto rx=0 tx=0 comp rx=0 tx=0).stop
2024-09-19T04:54:57.689 INFO:teuthology.orchestra.run.smithi043.stdout:/usr/bin/ceph: stderr
2024-09-19T04:54:56.556+0000 7fc274800640 1 -- 172.21.15.43:0/2537158868 >> 172.21.15.43:0/2537158868 conn(0x7fc26c101580 msgr2=0x7fc26c1039a0 unknown :-1 s=STATE_NONE l=0).mark_down
2024-09-19T04:54:57.689 INFO:teuthology.orchestra.run.smithi043.stdout:/usr/bin/ceph: stderr
2024-09-19T04:54:56.556+0000 7fc274800640 1 -- 172.21.15.43:0/2537158868 shutdown_connections
2024-09-19T04:54:57.689 INFO:teuthology.orchestra.run.smithi043.stdout:/usr/bin/ceph: stderr
2024-09-19T04:54:56.556+0000 7fc274800640 1 -- 172.21.15.43:0/2537158868 wait complete.
2024-09-19T04:54:57.689 INFO:teuthology.orchestra.run.smithi043.stdout:/usr/bin/ceph: stderr
2024-09-19T04:54:56.557+0000 7fc274800640 1 Processor -- start
2024-09-19T04:54:57.689 INFO:teuthology.orchestra.run.smithi043.stdout:/usr/bin/ceph: stderr
2024-09-19T04:54:56.557+0000 7fc274800640 1 -- start start
2024-09-19T04:54:57.690 INFO:teuthology.orchestra.run.smithi043.stdout:/usr/bin/ceph: stderr
2024-09-19T04:54:56.557+0000 7fc274800640 1 --2- >> [v2:172.21.15.43:3300/0,v1:172.21.15.43:6789/0] conn(0x7fc26c107c50 0x7fc26c1994a0 unknown :-1 s=NONE pgs=0 cs=0 l=1 rev1=0 crypto rx=0 tx=0 comp rx=0 tx=0).connect
2024-09-19T04:54:57.690 INFO:teuthology.orchestra.run.smithi043.stdout:/usr/bin/ceph: stderr
2024-09-19T04:54:56.557+0000 7fc274800640 1 -- --> [v2:172.21.15.43:3300/0,v1:172.21.15.43:6789/0] -- mon_getmap magic: 0 -- 0x7fc26c105890 con 0x7fc26c107c50
2024-09-19T04:54:57.690 INFO:teuthology.orchestra.run.smithi043.stdout:/usr/bin/ceph: stderr
2024-09-19T04:54:56.557+0000 7fc271e00640 1 --2- >> [v2:172.21.15.43:3300/0,v1:172.21.15.43:6789/0] conn(0x7fc26c107c50 0x7fc26c1994a0 unknown :-1 s=BANNER_CONNECTING pgs=0 cs=0 l=1 rev1=0 crypto rx=0 tx=0 comp rx=0 tx=0)._handle_peer_banner_payload supported=3 required=0
2024-09-19T04:54:57.690 INFO:teuthology.orchestra.run.smithi043.stdout:/usr/bin/ceph: stderr
2024-09-19T04:54:56.557+0000 7fc271e00640 1 --2- >> [v2:172.21.15.43:3300/0,v1:172.21.15.43:6789/0] conn(0x7fc26c107c50 0x7fc26c1994a0 unknown :-1 s=HELLO_CONNECTING pgs=0 cs=0 l=1 rev1=1 crypto rx=0 tx=0 comp rx=0 tx=0).handle_hello peer v2:172.21.15.43:3300/0 says I am v2:172.21.15.43:53520/0 (socket says 172.21.15.43:53520)
2024-09-19T04:54:57.691 INFO:teuthology.orchestra.run.smithi043.stdout:/usr/bin/ceph: stderr
2024-09-19T04:54:56.557+0000 7fc271e00640 1 -- 172.21.15.43:0/2870436750 learned_addr learned my addr 172.21.15.43:0/2870436750 (peer_addr_for_me v2:172.21.15.43:0/0)
2024-09-19T04:54:57.691 INFO:teuthology.orchestra.run.smithi043.stdout:/usr/bin/ceph: stderr
2024-09-19T04:54:56.558+0000 7fc271e00640 1 -- 172.21.15.43:0/2870436750 --> [v2:172.21.15.43:3300/0,v1:172.21.15.43:6789/0] -- mon_subscribe({config=0+,monmap=0+}) -- 0x7fc26c1999e0 con 0x7fc26c107c50
2024-09-19T04:54:57.691 INFO:teuthology.orchestra.run.smithi043.stdout:/usr/bin/ceph: stderr
2024-09-19T04:54:56.558+0000 7fc271e00640 1 --2- 172.21.15.43:0/2870436750 >> [v2:172.21.15.43:3300/0,v1:172.21.15.43:6789/0] conn(0x7fc26c107c50 0x7fc26c1994a0 secure :-1 s=READY pgs=50 cs=0 l=1 rev1=1 crypto rx=0x7fc2600097f0 tx=0x7fc260030ec0 comp rx=0 tx=0).ready entity=mon.0 client_cookie=0 server_cookie=0 in_seq=0 out_seq=0
2024-09-19T04:54:57.691 INFO:teuthology.orchestra.run.smithi043.stdout:/usr/bin/ceph: stderr
2024-09-19T04:54:56.558+0000 7fc266a00640 1 -- 172.21.15.43:0/2870436750 <== mon.0 v2:172.21.15.43:3300/0 1 ==== mon_map magic: 0 ==== 205+0+0 (secure 0 0 0) 0x7fc260042070 con 0x7fc26c107c50
2024-09-19T04:54:57.691 INFO:teuthology.orchestra.run.smithi043.stdout:/usr/bin/ceph: stderr
2024-09-19T04:54:56.558+0000 7fc266a00640 1 -- 172.21.15.43:0/2870436750 <== mon.0 v2:172.21.15.43:3300/0 2 ==== config(27 keys) ==== 1109+0+0 (secure 0 0 0) 0x7fc260032ca0 con 0x7fc26c107c50
2024-09-19T04:54:57.691 INFO:teuthology.orchestra.run.smithi043.stdout:/usr/bin/ceph: stderr
2024-09-19T04:54:56.558+0000 7fc266a00640 1 -- 172.21.15.43:0/2870436750 <== mon.0 v2:172.21.15.43:3300/0 3 ==== mon_map magic: 0 ==== 205+0+0 (secure 0 0 0) 0x7fc260037040 con 0x7fc26c107c50
2024-09-19T04:54:57.691 INFO:teuthology.orchestra.run.smithi043.stdout:/usr/bin/ceph: stderr
2024-09-19T04:54:56.558+0000 7fc274800640 1 -- 172.21.15.43:0/2870436750 --> [v2:172.21.15.43:3300/0,v1:172.21.15.43:6789/0] -- mon_subscribe({mgrmap=0+}) -- 0x7fc26c199c70 con 0x7fc26c107c50
2024-09-19T04:54:57.692 INFO:teuthology.orchestra.run.smithi043.stdout:/usr/bin/ceph: stderr
2024-09-19T04:54:56.558+0000 7fc274800640 1 -- 172.21.15.43:0/2870436750 --> [v2:172.21.15.43:3300/0,v1:172.21.15.43:6789/0] -- mon_subscribe({osdmap=0}) -- 0x7fc26c19c960 con 0x7fc26c107c50
2024-09-19T04:54:57.692 INFO:teuthology.orchestra.run.smithi043.stdout:/usr/bin/ceph: stderr
2024-09-19T04:54:56.559+0000 7fc274800640 1 -- 172.21.15.43:0/2870436750 --> [v2:172.21.15.43:3300/0,v1:172.21.15.43:6789/0] -- mon_command({"prefix": "get_command_descriptions"} v 0) -- 0x7fc26c108050 con 0x7fc26c107c50
2024-09-19T04:54:57.692 INFO:teuthology.orchestra.run.smithi043.stdout:/usr/bin/ceph: stderr
2024-09-19T04:54:56.559+0000 7fc266a00640 1 -- 172.21.15.43:0/2870436750 <== mon.0 v2:172.21.15.43:3300/0 4 ==== mgrmap(e 8) ==== 46461+0+0 (secure 0 0 0) 0x7fc260045070 con 0x7fc26c107c50
2024-09-19T04:54:57.692 INFO:teuthology.orchestra.run.smithi043.stdout:/usr/bin/ceph: stderr
2024-09-19T04:54:56.560+0000 7fc266a00640 1 --2- 172.21.15.43:0/2870436750 >> [v2:172.21.15.43:6800/3241799377,v1:172.21.15.43:6801/3241799377] conn(0x7fc25403d620 0x7fc25403fae0 unknown :-1 s=NONE pgs=0 cs=0 l=1 rev1=0 crypto rx=0 tx=0 comp rx=0 tx=0).connect
2024-09-19T04:54:57.692 INFO:teuthology.orchestra.run.smithi043.stdout:/usr/bin/ceph: stderr
2024-09-19T04:54:56.560+0000 7fc266a00640 1 -- 172.21.15.43:0/2870436750 <== mon.0 v2:172.21.15.43:3300/0 5 ==== osd_map(2..2 src has 1..2) ==== 940+0+0 (secure 0 0 0) 0x7fc26006c1f0 con 0x7fc26c107c50
2024-09-19T04:54:57.692 INFO:teuthology.orchestra.run.smithi043.stdout:/usr/bin/ceph: stderr
2024-09-19T04:54:56.560+0000 7fc271400640 1 --2- 172.21.15.43:0/2870436750 >> [v2:172.21.15.43:6800/3241799377,v1:172.21.15.43:6801/3241799377] conn(0x7fc25403d620 0x7fc25403fae0 unknown :-1 s=BANNER_CONNECTING pgs=0 cs=0 l=1 rev1=0 crypto rx=0 tx=0 comp rx=0 tx=0)._handle_peer_banner_payload supported=3 required=0
2024-09-19T04:54:57.692 INFO:teuthology.orchestra.run.smithi043.stdout:/usr/bin/ceph: stderr
2024-09-19T04:54:56.561+0000 7fc271400640 1 --2- 172.21.15.43:0/2870436750 >> [v2:172.21.15.43:6800/3241799377,v1:172.21.15.43:6801/3241799377] conn(0x7fc25403d620 0x7fc25403fae0 secure :-1 s=READY pgs=14 cs=0 l=1 rev1=1 crypto rx=0x7fc25c0098c0 tx=0x7fc25c006db0 comp rx=0 tx=0).ready entity=mgr.14118 client_cookie=0 server_cookie=0 in_seq=0 out_seq=0
2024-09-19T04:54:57.692 INFO:teuthology.orchestra.run.smithi043.stdout:/usr/bin/ceph: stderr
2024-09-19T04:54:56.565+0000 7fc266a00640 1 -- 172.21.15.43:0/2870436750 <== mon.0 v2:172.21.15.43:3300/0 6 ==== mon_command_ack([{"prefix": "get_command_descriptions"}]=0 v0) ==== 72+0+188913 (secure 0 0 0) 0x7fc260045360 con 0x7fc26c107c50
2024-09-19T04:54:57.692 INFO:teuthology.orchestra.run.smithi043.stdout:/usr/bin/ceph: stderr
2024-09-19T04:54:56.755+0000 7fc274800640 1 -- 172.21.15.43:0/2870436750 --> [v2:172.21.15.43:3300/0,v1:172.21.15.43:6789/0] -- mon_command([{prefix=config set, name=mgr/cephadm/container_init}] v 0) -- 0x7fc26c192a00 con 0x7fc26c107c50
2024-09-19T04:54:57.692 INFO:teuthology.orchestra.run.smithi043.stdout:/usr/bin/ceph: stderr
2024-09-19T04:54:56.758+0000 7fc266a00640 1 -- 172.21.15.43:0/2870436750 <== mon.0 v2:172.21.15.43:3300/0 7 ==== mon_command_ack([{prefix=config set, name=mgr/cephadm/container_init}]=0 v6)=0 v6) ==== 142+0+0 (secure 0 0 0) 0x7fc260043260 con 0x7fc26c107c50
2024-09-19T04:54:57.693 INFO:teuthology.orchestra.run.smithi043.stdout:/usr/bin/ceph: stderr
2024-09-19T04:54:56.760+0000 7fc274800640 1 -- 172.21.15.43:0/2870436750 >> [v2:172.21.15.43:6800/3241799377,v1:172.21.15.43:6801/3241799377] conn(0x7fc25403d620 msgr2=0x7fc25403fae0 secure :-1 s=STATE_CONNECTION_ESTABLISHED l=1).mark_down
2024-09-19T04:54:57.693 INFO:teuthology.orchestra.run.smithi043.stdout:/usr/bin/ceph: stderr
2024-09-19T04:54:56.760+0000 7fc274800640 1 --2- 172.21.15.43:0/2870436750 >> [v2:172.21.15.43:6800/3241799377,v1:172.21.15.43:6801/3241799377] conn(0x7fc25403d620 0x7fc25403fae0 secure :-1 s=READY pgs=14 cs=0 l=1 rev1=1 crypto rx=0x7fc25c0098c0 tx=0x7fc25c006db0 comp rx=0 tx=0).stop
2024-09-19T04:54:57.693 INFO:teuthology.orchestra.run.smithi043.stdout:/usr/bin/ceph: stderr
2024-09-19T04:54:56.760+0000 7fc274800640 1 -- 172.21.15.43:0/2870436750 >> [v2:172.21.15.43:3300/0,v1:172.21.15.43:6789/0] conn(0x7fc26c107c50 msgr2=0x7fc26c1994a0 secure :-1 s=STATE_CONNECTION_ESTABLISHED l=1).mark_down
2024-09-19T04:54:57.693 INFO:teuthology.orchestra.run.smithi043.stdout:/usr/bin/ceph: stderr
2024-09-19T04:54:56.760+0000 7fc274800640 1 --2- 172.21.15.43:0/2870436750 >> [v2:172.21.15.43:3300/0,v1:172.21.15.43:6789/0] conn(0x7fc26c107c50 0x7fc26c1994a0 secure :-1 s=READY pgs=50 cs=0 l=1 rev1=1 crypto rx=0x7fc2600097f0 tx=0x7fc260030ec0 comp rx=0 tx=0).stop
2024-09-19T04:54:57.693 INFO:teuthology.orchestra.run.smithi043.stdout:/usr/bin/ceph: stderr
2024-09-19T04:54:56.760+0000 7fc274800640 1 -- 172.21.15.43:0/2870436750 shutdown_connections
2024-09-19T04:54:57.693 INFO:teuthology.orchestra.run.smithi043.stdout:/usr/bin/ceph: stderr
2024-09-19T04:54:56.760+0000 7fc274800640 1 --2- 172.21.15.43:0/2870436750 >> [v2:172.21.15.43:6800/3241799377,v1:172.21.15.43:6801/3241799377] conn(0x7fc25403d620 0x7fc25403fae0 unknown :-1 s=CLOSED pgs=14 cs=0 l=1 rev1=1 crypto rx=0 tx=0 comp rx=0 tx=0).stop
2024-09-19T04:54:57.693 INFO:teuthology.orchestra.run.smithi043.stdout:/usr/bin/ceph: stderr
2024-09-19T04:54:56.760+0000 7fc274800640 1 --2- 172.21.15.43:0/2870436750 >> [v2:172.21.15.43:3300/0,v1:172.21.15.43:6789/0] conn(0x7fc26c107c50 0x7fc26c1994a0 unknown :-1 s=CLOSED pgs=50 cs=0 l=1 rev1=1 crypto rx=0 tx=0 comp rx=0 tx=0).stop
2024-09-19T04:54:57.693 INFO:teuthology.orchestra.run.smithi043.stdout:/usr/bin/ceph: stderr
2024-09-19T04:54:56.760+0000 7fc274800640 1 -- 172.21.15.43:0/2870436750 >> 172.21.15.43:0/2870436750 conn(0x7fc26c101580 msgr2=0x7fc26c18fb50 unknown :-1 s=STATE_NONE l=0).mark_down
2024-09-19T04:54:57.693 INFO:teuthology.orchestra.run.smithi043.stdout:/usr/bin/ceph: stderr
2024-09-19T04:54:56.761+0000 7fc274800640 1 -- 172.21.15.43:0/2870436750 shutdown_connections
2024-09-19T04:54:57.693 INFO:teuthology.orchestra.run.smithi043.stdout:/usr/bin/ceph: stderr
2024-09-19T04:54:56.761+0000 7fc274800640 1 -- 172.21.15.43:0/2870436750 wait complete.
2024-09-19T04:54:57.990 INFO:journalctl@ceph.mon.a.smithi043.stdout:Sep 19 04:54:57 smithi043 ceph-mon[30800]: from='client.? 172.21.15.43:0/2870436750' entity='client.admin'
2024-09-19T04:54:57.990 INFO:journalctl@ceph.mon.a.smithi043.stdout:Sep 19 04:54:57 smithi043 ceph-mon[30800]: from='mgr.14118 172.21.15.43:0/568310870' entity='mgr.x'
2024-09-19T04:54:59.079 INFO:journalctl@ceph.mon.a.smithi043.stdout:Sep 19 04:54:58 smithi043 ceph-mon[30800]: from='mgr.14118 172.21.15.43:0/568310870' entity='mgr.x'
2024-09-19T04:54:59.080 INFO:journalctl@ceph.mon.a.smithi043.stdout:Sep 19 04:54:58 smithi043 ceph-mon[30800]: from='client.? 172.21.15.43:0/1872235433' entity='client.admin'
2024-09-19T04:54:59.844 INFO:teuthology.orchestra.run.smithi043.stdout:/usr/bin/ceph: stderr
2024-09-19T04:54:58.227+0000 7fbeef400640 1 Processor -- start
2024-09-19T04:54:59.845 INFO:teuthology.orchestra.run.smithi043.stdout:/usr/bin/ceph: stderr
2024-09-19T04:54:58.228+0000 7fbeef400640 1 -- start start
2024-09-19T04:54:59.845 INFO:teuthology.orchestra.run.smithi043.stdout:/usr/bin/ceph: stderr
2024-09-19T04:54:58.228+0000 7fbeef400640 1 --2- >> [v2:172.21.15.43:3300/0,v1:172.21.15.43:6789/0] conn(0x7fbee8109960 0x7fbee8109d60 unknown :-1 s=NONE pgs=0 cs=0 l=0 rev1=0 crypto rx=0 tx=0 comp rx=0 tx=0).connect
2024-09-19T04:54:59.845 INFO:teuthology.orchestra.run.smithi043.stdout:/usr/bin/ceph: stderr
2024-09-19T04:54:58.228+0000 7fbeef400640 1 -- --> [v2:172.21.15.43:3300/0,v1:172.21.15.43:6789/0] -- mon_getmap magic: 0 -- 0x7fbee810a330 con 0x7fbee8109960
2024-09-19T04:54:59.845 INFO:teuthology.orchestra.run.smithi043.stdout:/usr/bin/ceph: stderr
2024-09-19T04:54:58.229+0000 7fbeeca00640 1 --2- >> [v2:172.21.15.43:3300/0,v1:172.21.15.43:6789/0] conn(0x7fbee8109960 0x7fbee8109d60 unknown :-1 s=BANNER_CONNECTING pgs=0 cs=0 l=0 rev1=0 crypto rx=0 tx=0 comp rx=0 tx=0)._handle_peer_banner_payload supported=3 required=0
2024-09-19T04:54:59.845 INFO:teuthology.orchestra.run.smithi043.stdout:/usr/bin/ceph: stderr
2024-09-19T04:54:58.229+0000 7fbeeca00640 1 --2- >> [v2:172.21.15.43:3300/0,v1:172.21.15.43:6789/0] conn(0x7fbee8109960 0x7fbee8109d60 unknown :-1 s=HELLO_CONNECTING pgs=0 cs=0 l=0 rev1=1 crypto rx=0 tx=0 comp rx=0 tx=0).handle_hello peer v2:172.21.15.43:3300/0 says I am v2:172.21.15.43:53528/0 (socket says 172.21.15.43:53528)
2024-09-19T04:54:59.845 INFO:teuthology.orchestra.run.smithi043.stdout:/usr/bin/ceph: stderr
2024-09-19T04:54:58.229+0000 7fbeeca00640 1 -- 172.21.15.43:0/1602872170 learned_addr learned my addr 172.21.15.43:0/1602872170 (peer_addr_for_me v2:172.21.15.43:0/0)
2024-09-19T04:54:59.845 INFO:teuthology.orchestra.run.smithi043.stdout:/usr/bin/ceph: stderr
2024-09-19T04:54:58.229+0000 7fbeeca00640 1 -- 172.21.15.43:0/1602872170 --> [v2:172.21.15.43:3300/0,v1:172.21.15.43:6789/0] -- mon_subscribe({config=0+,monmap=0+}) -- 0x7fbee810aad0 con 0x7fbee8109960
2024-09-19T04:54:59.854 INFO:teuthology.orchestra.run.smithi043.stdout:/usr/bin/ceph: stderr
2024-09-19T04:54:58.230+0000 7fbeeca00640 1 --2- 172.21.15.43:0/1602872170 >> [v2:172.21.15.43:3300/0,v1:172.21.15.43:6789/0] conn(0x7fbee8109960 0x7fbee8109d60 secure :-1 s=READY pgs=51 cs=0 l=1 rev1=1 crypto rx=0x7fbedc009820 tx=0x7fbedc02a270 comp rx=0 tx=0).ready entity=mon.0 client_cookie=ffd028c6f70d770f server_cookie=0 in_seq=0 out_seq=0
2024-09-19T04:54:59.854 INFO:teuthology.orchestra.run.smithi043.stdout:/usr/bin/ceph: stderr
2024-09-19T04:54:58.230+0000 7fbee7400640 1 -- 172.21.15.43:0/1602872170 <== mon.0 v2:172.21.15.43:3300/0 1 ==== mon_map magic: 0 ==== 205+0+0 (secure 0 0 0) 0x7fbedc037070 con 0x7fbee8109960
2024-09-19T04:54:59.854 INFO:teuthology.orchestra.run.smithi043.stdout:/usr/bin/ceph: stderr
2024-09-19T04:54:58.230+0000 7fbee7400640 1 -- 172.21.15.43:0/1602872170 <== mon.0 v2:172.21.15.43:3300/0 2 ==== config(27 keys) ==== 1140+0+0 (secure 0 0 0) 0x7fbedc032920 con 0x7fbee8109960
2024-09-19T04:54:59.854 INFO:teuthology.orchestra.run.smithi043.stdout:/usr/bin/ceph: stderr
2024-09-19T04:54:58.230+0000 7fbee7400640 1 -- 172.21.15.43:0/1602872170 <== mon.0 v2:172.21.15.43:3300/0 3 ==== mon_map magic: 0 ==== 205+0+0 (secure 0 0 0) 0x7fbedc030810 con 0x7fbee8109960
2024-09-19T04:54:59.854 INFO:teuthology.orchestra.run.smithi043.stdout:/usr/bin/ceph: stderr
2024-09-19T04:54:58.231+0000 7fbeef400640 1 -- 172.21.15.43:0/1602872170 >> [v2:172.21.15.43:3300/0,v1:172.21.15.43:6789/0] conn(0x7fbee8109960 msgr2=0x7fbee8109d60 secure :-1 s=STATE_CONNECTION_ESTABLISHED l=1).mark_down
2024-09-19T04:54:59.854 INFO:teuthology.orchestra.run.smithi043.stdout:/usr/bin/ceph: stderr
2024-09-19T04:54:58.231+0000 7fbeef400640 1 --2- 172.21.15.43:0/1602872170 >> [v2:172.21.15.43:3300/0,v1:172.21.15.43:6789/0] conn(0x7fbee8109960 0x7fbee8109d60 secure :-1 s=READY pgs=51 cs=0 l=1 rev1=1 crypto rx=0x7fbedc009820 tx=0x7fbedc02a270 comp rx=0 tx=0).stop
2024-09-19T04:54:59.855 INFO:teuthology.orchestra.run.smithi043.stdout:/usr/bin/ceph: stderr
2024-09-19T04:54:58.231+0000 7fbeef400640 1 -- 172.21.15.43:0/1602872170 shutdown_connections
2024-09-19T04:54:59.855 INFO:teuthology.orchestra.run.smithi043.stdout:/usr/bin/ceph: stderr
2024-09-19T04:54:58.231+0000 7fbeef400640 1 --2- 172.21.15.43:0/1602872170 >> [v2:172.21.15.43:3300/0,v1:172.21.15.43:6789/0] conn(0x7fbee8109960 0x7fbee8109d60 unknown :-1 s=CLOSED pgs=51 cs=0 l=1 rev1=1 crypto rx=0 tx=0 comp rx=0 tx=0).stop
2024-09-19T04:54:59.855 INFO:teuthology.orchestra.run.smithi043.stdout:/usr/bin/ceph: stderr
2024-09-19T04:54:58.231+0000 7fbeef400640 1 -- 172.21.15.43:0/1602872170 >> 172.21.15.43:0/1602872170 conn(0x7fbee807cf30 msgr2=0x7fbee807d340 unknown :-1 s=STATE_NONE l=0).mark_down
2024-09-19T04:54:59.855 INFO:teuthology.orchestra.run.smithi043.stdout:/usr/bin/ceph: stderr
2024-09-19T04:54:58.231+0000 7fbeef400640 1 -- 172.21.15.43:0/1602872170 shutdown_connections
2024-09-19T04:54:59.855 INFO:teuthology.orchestra.run.smithi043.stdout:/usr/bin/ceph: stderr
2024-09-19T04:54:58.231+0000 7fbeef400640 1 -- 172.21.15.43:0/1602872170 wait complete.
2024-09-19T04:54:59.855 INFO:teuthology.orchestra.run.smithi043.stdout:/usr/bin/ceph: stderr
2024-09-19T04:54:58.232+0000 7fbeef400640 1 Processor -- start
2024-09-19T04:54:59.855 INFO:teuthology.orchestra.run.smithi043.stdout:/usr/bin/ceph: stderr
2024-09-19T04:54:58.233+0000 7fbeef400640 1 -- start start
2024-09-19T04:54:59.855 INFO:teuthology.orchestra.run.smithi043.stdout:/usr/bin/ceph: stderr
2024-09-19T04:54:58.233+0000 7fbeef400640 1 --2- >> [v2:172.21.15.43:3300/0,v1:172.21.15.43:6789/0] conn(0x7fbee8109960 0x7fbee819d940 unknown :-1 s=NONE pgs=0 cs=0 l=1 rev1=0 crypto rx=0 tx=0 comp rx=0 tx=0).connect
2024-09-19T04:54:59.855 INFO:teuthology.orchestra.run.smithi043.stdout:/usr/bin/ceph: stderr
2024-09-19T04:54:58.233+0000 7fbeef400640 1 -- --> [v2:172.21.15.43:3300/0,v1:172.21.15.43:6789/0] -- mon_getmap magic: 0 -- 0x7fbee810de80 con 0x7fbee8109960
2024-09-19T04:54:59.856 INFO:teuthology.orchestra.run.smithi043.stdout:/usr/bin/ceph: stderr
2024-09-19T04:54:58.233+0000 7fbeeca00640 1 --2- >> [v2:172.21.15.43:3300/0,v1:172.21.15.43:6789/0] conn(0x7fbee8109960 0x7fbee819d940 unknown :-1 s=BANNER_CONNECTING pgs=0 cs=0 l=1 rev1=0 crypto rx=0 tx=0 comp rx=0 tx=0)._handle_peer_banner_payload supported=3 required=0
2024-09-19T04:54:59.856 INFO:teuthology.orchestra.run.smithi043.stdout:/usr/bin/ceph: stderr
2024-09-19T04:54:58.233+0000 7fbeeca00640 1 --2- >> [v2:172.21.15.43:3300/0,v1:172.21.15.43:6789/0] conn(0x7fbee8109960 0x7fbee819d940 unknown :-1 s=HELLO_CONNECTING pgs=0 cs=0 l=1 rev1=1 crypto rx=0 tx=0 comp rx=0 tx=0).handle_hello peer v2:172.21.15.43:3300/0 says I am v2:172.21.15.43:53532/0 (socket says 172.21.15.43:53532)
2024-09-19T04:54:59.856 INFO:teuthology.orchestra.run.smithi043.stdout:/usr/bin/ceph: stderr
2024-09-19T04:54:58.233+0000 7fbeeca00640 1 -- 172.21.15.43:0/1872235433 learned_addr learned my addr 172.21.15.43:0/1872235433 (peer_addr_for_me v2:172.21.15.43:0/0)
2024-09-19T04:54:59.856 INFO:teuthology.orchestra.run.smithi043.stdout:/usr/bin/ceph: stderr
2024-09-19T04:54:58.233+0000 7fbeeca00640 1 -- 172.21.15.43:0/1872235433 --> [v2:172.21.15.43:3300/0,v1:172.21.15.43:6789/0] -- mon_subscribe({config=0+,monmap=0+}) -- 0x7fbee819de80 con 0x7fbee8109960
2024-09-19T04:54:59.856 INFO:teuthology.orchestra.run.smithi043.stdout:/usr/bin/ceph: stderr
2024-09-19T04:54:58.234+0000 7fbeeca00640 1 --2- 172.21.15.43:0/1872235433 >> [v2:172.21.15.43:3300/0,v1:172.21.15.43:6789/0] conn(0x7fbee8109960 0x7fbee819d940 secure :-1 s=READY pgs=52 cs=0 l=1 rev1=1 crypto rx=0x7fbedc0097f0 tx=0x7fbedc0327b0 comp rx=0 tx=0).ready entity=mon.0 client_cookie=0 server_cookie=0 in_seq=0 out_seq=0
2024-09-19T04:54:59.856 INFO:teuthology.orchestra.run.smithi043.stdout:/usr/bin/ceph: stderr
2024-09-19T04:54:58.234+0000 7fbee5600640 1 -- 172.21.15.43:0/1872235433 <== mon.0 v2:172.21.15.43:3300/0 1 ==== mon_map magic: 0 ==== 205+0+0 (secure 0 0 0) 0x7fbedc037040 con 0x7fbee8109960
2024-09-19T04:54:59.856 INFO:teuthology.orchestra.run.smithi043.stdout:/usr/bin/ceph: stderr
2024-09-19T04:54:58.234+0000 7fbee5600640 1 -- 172.21.15.43:0/1872235433 <== mon.0 v2:172.21.15.43:3300/0 2 ==== config(27 keys) ==== 1140+0+0 (secure 0 0 0) 0x7fbedc030c40 con 0x7fbee8109960
2024-09-19T04:54:59.856 INFO:teuthology.orchestra.run.smithi043.stdout:/usr/bin/ceph: stderr
2024-09-19T04:54:58.234+0000 7fbeef400640 1 -- 172.21.15.43:0/1872235433 --> [v2:172.21.15.43:3300/0,v1:172.21.15.43:6789/0] -- mon_subscribe({mgrmap=0+}) -- 0x7fbee819e110 con 0x7fbee8109960
2024-09-19T04:54:59.857 INFO:teuthology.orchestra.run.smithi043.stdout:/usr/bin/ceph: stderr
2024-09-19T04:54:58.234+0000 7fbee5600640 1 -- 172.21.15.43:0/1872235433 <== mon.0 v2:172.21.15.43:3300/0 3 ==== mon_map magic: 0 ==== 205+0+0 (secure 0 0 0) 0x7fbedc03a5b0 con 0x7fbee8109960
2024-09-19T04:54:59.857 INFO:teuthology.orchestra.run.smithi043.stdout:/usr/bin/ceph: stderr
2024-09-19T04:54:58.234+0000 7fbeef400640 1 -- 172.21.15.43:0/1872235433 --> [v2:172.21.15.43:3300/0,v1:172.21.15.43:6789/0] -- mon_subscribe({osdmap=0}) -- 0x7fbee81a0e00 con 0x7fbee8109960
2024-09-19T04:54:59.857 INFO:teuthology.orchestra.run.smithi043.stdout:/usr/bin/ceph: stderr
2024-09-19T04:54:58.235+0000 7fbee5600640 1 -- 172.21.15.43:0/1872235433 <== mon.0 v2:172.21.15.43:3300/0 4 ==== mgrmap(e 8) ==== 46461+0+0 (secure 0 0 0) 0x7fbedc03b3f0 con 0x7fbee8109960
2024-09-19T04:54:59.857 INFO:teuthology.orchestra.run.smithi043.stdout:/usr/bin/ceph: stderr
2024-09-19T04:54:58.236+0000 7fbee5600640 1 --2- 172.21.15.43:0/1872235433 >> [v2:172.21.15.43:6800/3241799377,v1:172.21.15.43:6801/3241799377] conn(0x7fbed00391b0 0x7fbed003b670 unknown :-1 s=NONE pgs=0 cs=0 l=1 rev1=0 crypto rx=0 tx=0 comp rx=0 tx=0).connect
2024-09-19T04:54:59.857 INFO:teuthology.orchestra.run.smithi043.stdout:/usr/bin/ceph: stderr
2024-09-19T04:54:58.236+0000 7fbee5600640 1 -- 172.21.15.43:0/1872235433 <== mon.0 v2:172.21.15.43:3300/0 5 ==== osd_map(2..2 src has 1..2) ==== 940+0+0 (secure 0 0 0) 0x7fbedc06c6b0 con 0x7fbee8109960
2024-09-19T04:54:59.857 INFO:teuthology.orchestra.run.smithi043.stdout:/usr/bin/ceph: stderr
2024-09-19T04:54:58.236+0000 7fbeef400640 1 -- 172.21.15.43:0/1872235433 --> [v2:172.21.15.43:3300/0,v1:172.21.15.43:6789/0] -- mon_command({"prefix": "get_command_descriptions"} v 0) -- 0x7fbee810e000 con 0x7fbee8109960
2024-09-19T04:54:59.857 INFO:teuthology.orchestra.run.smithi043.stdout:/usr/bin/ceph: stderr
2024-09-19T04:54:58.236+0000 7fbee7e00640 1 --2- 172.21.15.43:0/1872235433 >> [v2:172.21.15.43:6800/3241799377,v1:172.21.15.43:6801/3241799377] conn(0x7fbed00391b0 0x7fbed003b670 unknown :-1 s=BANNER_CONNECTING pgs=0 cs=0 l=1 rev1=0 crypto rx=0 tx=0 comp rx=0 tx=0)._handle_peer_banner_payload supported=3 required=0
2024-09-19T04:54:59.857 INFO:teuthology.orchestra.run.smithi043.stdout:/usr/bin/ceph: stderr
2024-09-19T04:54:58.237+0000 7fbee7e00640 1 --2- 172.21.15.43:0/1872235433 >> [v2:172.21.15.43:6800/3241799377,v1:172.21.15.43:6801/3241799377] conn(0x7fbed00391b0 0x7fbed003b670 secure :-1 s=READY pgs=15 cs=0 l=1 rev1=1 crypto rx=0x7fbed80098c0 tx=0x7fbed8006db0 comp rx=0 tx=0).ready entity=mgr.14118 client_cookie=0 server_cookie=0 in_seq=0 out_seq=0
2024-09-19T04:54:59.858 INFO:teuthology.orchestra.run.smithi043.stdout:/usr/bin/ceph: stderr
2024-09-19T04:54:58.241+0000 7fbee5600640 1 -- 172.21.15.43:0/1872235433 <== mon.0 v2:172.21.15.43:3300/0 6 ==== mon_command_ack([{"prefix": "get_command_descriptions"}]=0 v0) ==== 72+0+188913 (secure 0 0 0) 0x7fbedc0313a0 con 0x7fbee8109960
2024-09-19T04:54:59.858 INFO:teuthology.orchestra.run.smithi043.stdout:/usr/bin/ceph: stderr
2024-09-19T04:54:58.436+0000 7fbeef400640 1 -- 172.21.15.43:0/1872235433 --> [v2:172.21.15.43:3300/0,v1:172.21.15.43:6789/0] -- mon_command([{prefix=config set, name=mgr/dashboard/ssl_server_port}] v 0) -- 0x7fbee8109de0 con 0x7fbee8109960
2024-09-19T04:54:59.858 INFO:teuthology.orchestra.run.smithi043.stdout:/usr/bin/ceph: stderr
2024-09-19T04:54:58.438+0000 7fbee5600640 1 -- 172.21.15.43:0/1872235433 <== mon.0 v2:172.21.15.43:3300/0 7 ==== mon_command_ack([{prefix=config set, name=mgr/dashboard/ssl_server_port}]=0 v8)=0 v8) ==== 130+0+0 (secure 0 0 0) 0x7fbedc041d10 con 0x7fbee8109960
2024-09-19T04:54:59.858 INFO:teuthology.orchestra.run.smithi043.stdout:/usr/bin/ceph: stderr
2024-09-19T04:54:58.441+0000 7fbeef400640 1 -- 172.21.15.43:0/1872235433 >> [v2:172.21.15.43:6800/3241799377,v1:172.21.15.43:6801/3241799377] conn(0x7fbed00391b0 msgr2=0x7fbed003b670 secure :-1 s=STATE_CONNECTION_ESTABLISHED l=1).mark_down
2024-09-19T04:54:59.858 INFO:teuthology.orchestra.run.smithi043.stdout:/usr/bin/ceph: stderr
2024-09-19T04:54:58.441+0000 7fbeef400640 1 --2- 172.21.15.43:0/1872235433 >> [v2:172.21.15.43:6800/3241799377,v1:172.21.15.43:6801/3241799377] conn(0x7fbed00391b0 0x7fbed003b670 secure :-1 s=READY pgs=15 cs=0 l=1 rev1=1 crypto rx=0x7fbed80098c0 tx=0x7fbed8006db0 comp rx=0 tx=0).stop
2024-09-19T04:54:59.858 INFO:teuthology.orchestra.run.smithi043.stdout:/usr/bin/ceph: stderr
2024-09-19T04:54:58.441+0000 7fbeef400640 1 -- 172.21.15.43:0/1872235433 >> [v2:172.21.15.43:3300/0,v1:172.21.15.43:6789/0] conn(0x7fbee8109960 msgr2=0x7fbee819d940 secure :-1 s=STATE_CONNECTION_ESTABLISHED l=1).mark_down
2024-09-19T04:54:59.858 INFO:teuthology.orchestra.run.smithi043.stdout:/usr/bin/ceph: stderr
2024-09-19T04:54:58.441+0000 7fbeef400640 1 --2- 172.21.15.43:0/1872235433 >> [v2:172.21.15.43:3300/0,v1:172.21.15.43:6789/0] conn(0x7fbee8109960 0x7fbee819d940 secure :-1 s=READY pgs=52 cs=0 l=1 rev1=1 crypto rx=0x7fbedc0097f0 tx=0x7fbedc0327b0 comp rx=0 tx=0).stop
2024-09-19T04:54:59.858 INFO:teuthology.orchestra.run.smithi043.stdout:/usr/bin/ceph: stderr
2024-09-19T04:54:58.441+0000 7fbeef400640 1 -- 172.21.15.43:0/1872235433 shutdown_connections
2024-09-19T04:54:59.859 INFO:teuthology.orchestra.run.smithi043.stdout:/usr/bin/ceph: stderr
2024-09-19T04:54:58.441+0000 7fbeef400640 1 --2- 172.21.15.43:0/1872235433 >> [v2:172.21.15.43:6800/3241799377,v1:172.21.15.43:6801/3241799377] conn(0x7fbed00391b0 0x7fbed003b670 unknown :-1 s=CLOSED pgs=15 cs=0 l=1 rev1=1 crypto rx=0 tx=0 comp rx=0 tx=0).stop
2024-09-19T04:54:59.859 INFO:teuthology.orchestra.run.smithi043.stdout:/usr/bin/ceph: stderr
2024-09-19T04:54:58.441+0000 7fbeef400640 1 --2- 172.21.15.43:0/1872235433 >> [v2:172.21.15.43:3300/0,v1:172.21.15.43:6789/0] conn(0x7fbee8109960 0x7fbee819d940 unknown :-1 s=CLOSED pgs=52 cs=0 l=1 rev1=1 crypto rx=0 tx=0 comp rx=0 tx=0).stop
2024-09-19T04:54:59.859 INFO:teuthology.orchestra.run.smithi043.stdout:/usr/bin/ceph: stderr
2024-09-19T04:54:58.441+0000 7fbeef400640 1 -- 172.21.15.43:0/1872235433 >> 172.21.15.43:0/1872235433 conn(0x7fbee807cf30 msgr2=0x7fbee8107550 unknown :-1 s=STATE_NONE l=0).mark_down
2024-09-19T04:54:59.859 INFO:teuthology.orchestra.run.smithi043.stdout:/usr/bin/ceph: stderr
2024-09-19T04:54:58.441+0000 7fbeef400640 1 -- 172.21.15.43:0/1872235433 shutdown_connections
2024-09-19T04:54:59.859 INFO:teuthology.orchestra.run.smithi043.stdout:/usr/bin/ceph: stderr
2024-09-19T04:54:58.441+0000 7fbeef400640 1 -- 172.21.15.43:0/1872235433 wait complete.
2024-09-19T04:54:59.859 INFO:teuthology.orchestra.run.smithi043.stdout:Enabling the dashboard module...
2024-09-19T04:55:01.184 INFO:journalctl@ceph.mon.a.smithi043.stdout:Sep 19 04:55:00 smithi043 ceph-mon[30800]: pgmap v3: 0 pgs: ; 0 B data, 0 B used, 0 B / 0 B avail
2024-09-19T04:55:01.185 INFO:journalctl@ceph.mon.a.smithi043.stdout:Sep 19 04:55:00 smithi043 ceph-mon[30800]: from='mgr.14118 172.21.15.43:0/568310870' entity='mgr.x'
2024-09-19T04:55:01.185 INFO:journalctl@ceph.mon.a.smithi043.stdout:Sep 19 04:55:00 smithi043 ceph-mon[30800]: from='client.? 172.21.15.43:0/564159042' entity='client.admin' cmd=[{"prefix": "mgr module enable", "module": "dashboard"}]: dispatch
2024-09-19T04:55:01.185 INFO:journalctl@ceph.mgr.x.smithi043.stdout:Sep 19 04:55:01 smithi043 ceph-1456a810-7643-11ef-bceb-c7b262605968-mgr-x[31026]: ignoring --setuser ceph since I am not root
2024-09-19T04:55:01.185 INFO:journalctl@ceph.mgr.x.smithi043.stdout:Sep 19 04:55:01 smithi043 ceph-1456a810-7643-11ef-bceb-c7b262605968-mgr-x[31026]: ignoring --setgroup ceph since I am not root
2024-09-19T04:55:01.185 INFO:journalctl@ceph.mgr.x.smithi043.stdout:Sep 19 04:55:01 smithi043 ceph-1456a810-7643-11ef-bceb-c7b262605968-mgr-x[31026]:
