2024-09-19T04:58:06.939 INFO:journalctl@ceph.mon.a.smithi007.stdout:Sep 19 04:58:06 smithi007 ceph-mon[30950]: Activating manager daemon x
2024-09-19T04:58:06.939 INFO:journalctl@ceph.mon.a.smithi007.stdout:Sep 19 04:58:06 smithi007 ceph-mon[30950]: osdmap e3: 0 total, 0 up, 0 in
2024-09-19T04:58:06.939 INFO:journalctl@ceph.mon.a.smithi007.stdout:Sep 19 04:58:06 smithi007 ceph-mon[30950]: mgrmap e10: x(active, starting, since 0.00352416s)
2024-09-19T04:58:06.939 INFO:journalctl@ceph.mon.a.smithi007.stdout:Sep 19 04:58:06 smithi007 ceph-mon[30950]: from='mgr.14150 172.21.15.7:0/4242826417' entity='mgr.x' cmd=[{"prefix": "mon metadata", "id": "a"}]: dispatch
2024-09-19T04:58:06.939 INFO:journalctl@ceph.mon.a.smithi007.stdout:Sep 19 04:58:06 smithi007 ceph-mon[30950]: from='mgr.14150 172.21.15.7:0/4242826417' entity='mgr.x' cmd=[{"prefix": "mgr metadata", "who": "x", "id": "x"}]: dispatch
2024-09-19T04:58:06.939 INFO:journalctl@ceph.mon.a.smithi007.stdout:Sep 19 04:58:06 smithi007 ceph-mon[30950]: from='mgr.14150 172.21.15.7:0/4242826417' entity='mgr.x' cmd=[{"prefix": "mds metadata"}]: dispatch
2024-09-19T04:58:06.939 INFO:journalctl@ceph.mon.a.smithi007.stdout:Sep 19 04:58:06 smithi007 ceph-mon[30950]: from='mgr.14150 172.21.15.7:0/4242826417' entity='mgr.x' cmd=[{"prefix": "osd metadata"}]: dispatch
2024-09-19T04:58:06.939 INFO:journalctl@ceph.mon.a.smithi007.stdout:Sep 19 04:58:06 smithi007 ceph-mon[30950]: from='mgr.14150 172.21.15.7:0/4242826417' entity='mgr.x' cmd=[{"prefix": "mon metadata"}]: dispatch
2024-09-19T04:58:06.939 INFO:journalctl@ceph.mon.a.smithi007.stdout:Sep 19 04:58:06 smithi007 ceph-mon[30950]: Manager daemon x is now available
2024-09-19T04:58:06.939 INFO:journalctl@ceph.mon.a.smithi007.stdout:Sep 19 04:58:06 smithi007 ceph-mon[30950]: from='mgr.14150 172.21.15.7:0/4242826417' entity='mgr.x' cmd=[{"prefix": "config dump", "format": "json"}]: dispatch
2024-09-19T04:58:06.939 INFO:journalctl@ceph.mon.a.smithi007.stdout:Sep 19 04:58:06 smithi007 ceph-mon[30950]: from='mgr.14150 172.21.15.7:0/4242826417' entity='mgr.x' cmd=[{"prefix":"config rm","who":"mgr","name":"mgr/rbd_support/x/mirror_snapshot_schedule"}]: dispatch
2024-09-19T04:58:06.939 INFO:journalctl@ceph.mon.a.smithi007.stdout:Sep 19 04:58:06 smithi007 ceph-mon[30950]: from='mgr.14150 172.21.15.7:0/4242826417' entity='mgr.x' cmd=[{"prefix":"config rm","who":"mgr","name":"mgr/rbd_support/x/trash_purge_schedule"}]: dispatch
2024-09-19T04:58:08.629 INFO:journalctl@ceph.mgr.x.smithi007.stdout:Sep 19 04:58:08 smithi007 ceph-75feb710-7643-11ef-bceb-c7b262605968-mgr-x[31178]:
2024-09-19T04:58:08.391+0000 7fa0b8b86640 -1 log_channel(cephadm) log [ERR] : [19/Sep/2024:04:58:08] ENGINE Error in HTTPServer.serve
2024-09-19T04:58:08.630 INFO:journalctl@ceph.mgr.x.smithi007.stdout:Sep 19 04:58:08 smithi007 ceph-75feb710-7643-11ef-bceb-c7b262605968-mgr-x[31178]: Traceback (most recent call last):
2024-09-19T04:58:08.630 INFO:journalctl@ceph.mgr.x.smithi007.stdout:Sep 19 04:58:08 smithi007 ceph-75feb710-7643-11ef-bceb-c7b262605968-mgr-x[31178]: File "/lib/python3.9/site-packages/cheroot/server.py", line 1823, in serve
2024-09-19T04:58:08.630 INFO:journalctl@ceph.mgr.x.smithi007.stdout:Sep 19 04:58:08 smithi007 ceph-75feb710-7643-11ef-bceb-c7b262605968-mgr-x[31178]: self._connections.run(self.expiration_interval)
2024-09-19T04:58:08.630 INFO:journalctl@ceph.mgr.x.smithi007.stdout:Sep 19 04:58:08 smithi007 ceph-75feb710-7643-11ef-bceb-c7b262605968-mgr-x[31178]: File "/lib/python3.9/site-packages/cheroot/connections.py", line 203, in run
2024-09-19T04:58:08.630 INFO:journalctl@ceph.mgr.x.smithi007.stdout:Sep 19 04:58:08 smithi007 ceph-75feb710-7643-11ef-bceb-c7b262605968-mgr-x[31178]: self._run(expiration_interval)
2024-09-19T04:58:08.630 INFO:journalctl@ceph.mgr.x.smithi007.stdout:Sep 19 04:58:08 smithi007 ceph-75feb710-7643-11ef-bceb-c7b262605968-mgr-x[31178]: File "/lib/python3.9/site-packages/cheroot/connections.py", line 246, in _run
2024-09-19T04:58:08.630 INFO:journalctl@ceph.mgr.x.smithi007.stdout:Sep 19 04:58:08 smithi007 ceph-75feb710-7643-11ef-bceb-c7b262605968-mgr-x[31178]: new_conn = self._from_server_socket(self.server.socket)
2024-09-19T04:58:08.630 INFO:journalctl@ceph.mgr.x.smithi007.stdout:Sep 19 04:58:08 smithi007 ceph-75feb710-7643-11ef-bceb-c7b262605968-mgr-x[31178]: File "/lib/python3.9/site-packages/cheroot/connections.py", line 300, in _from_server_socket
2024-09-19T04:58:08.630 INFO:journalctl@ceph.mgr.x.smithi007.stdout:Sep 19 04:58:08 smithi007 ceph-75feb710-7643-11ef-bceb-c7b262605968-mgr-x[31178]: s, ssl_env = self.server.ssl_adapter.wrap(s)
2024-09-19T04:58:08.630 INFO:journalctl@ceph.mgr.x.smithi007.stdout:Sep 19 04:58:08 smithi007 ceph-75feb710-7643-11ef-bceb-c7b262605968-mgr-x[31178]: File "/lib/python3.9/site-packages/cheroot/ssl/builtin.py", line 277, in wrap
2024-09-19T04:58:08.631 INFO:journalctl@ceph.mgr.x.smithi007.stdout:Sep 19 04:58:08 smithi007 ceph-75feb710-7643-11ef-bceb-c7b262605968-mgr-x[31178]: s = self.context.wrap_socket(
2024-09-19T04:58:08.631 INFO:journalctl@ceph.mgr.x.smithi007.stdout:Sep 19 04:58:08 smithi007 ceph-75feb710-7643-11ef-bceb-c7b262605968-mgr-x[31178]: File "/lib64/python3.9/ssl.py", line 501, in wrap_socket
2024-09-19T04:58:08.631 INFO:journalctl@ceph.mgr.x.smithi007.stdout:Sep 19 04:58:08 smithi007 ceph-75feb710-7643-11ef-bceb-c7b262605968-mgr-x[31178]: return self.sslsocket_class._create(
2024-09-19T04:58:08.631 INFO:journalctl@ceph.mgr.x.smithi007.stdout:Sep 19 04:58:08 smithi007 ceph-75feb710-7643-11ef-bceb-c7b262605968-mgr-x[31178]: File "/lib64/python3.9/ssl.py", line 1074, in _create
2024-09-19T04:58:08.631 INFO:journalctl@ceph.mgr.x.smithi007.stdout:Sep 19 04:58:08 smithi007 ceph-75feb710-7643-11ef-bceb-c7b262605968-mgr-x[31178]: self.do_handshake()
2024-09-19T04:58:08.631 INFO:journalctl@ceph.mgr.x.smithi007.stdout:Sep 19 04:58:08 smithi007 ceph-75feb710-7643-11ef-bceb-c7b262605968-mgr-x[31178]: File "/lib64/python3.9/ssl.py", line 1343, in do_handshake
2024-09-19T04:58:08.631 INFO:journalctl@ceph.mgr.x.smithi007.stdout:Sep 19 04:58:08 smithi007 ceph-75feb710-7643-11ef-bceb-c7b262605968-mgr-x[31178]: self._sslobj.do_handshake()
2024-09-19T04:58:08.631 INFO:journalctl@ceph.mgr.x.smithi007.stdout:Sep 19 04:58:08 smithi007 ceph-75feb710-7643-11ef-bceb-c7b262605968-mgr-x[31178]: ssl.SSLZeroReturnError: TLS/SSL connection has been closed (EOF) (_ssl.c:1133)
2024-09-19T04:58:08.631 INFO:journalctl@ceph.mgr.x.smithi007.stdout:Sep 19 04:58:08 smithi007 ceph-75feb710-7643-11ef-bceb-c7b262605968-mgr-x[31178]:
2024-09-19T04:58:08.638 INFO:teuthology.orchestra.run.smithi007.stdout:/usr/bin/ceph: stdout {
2024-09-19T04:58:08.638 INFO:teuthology.orchestra.run.smithi007.stdout:/usr/bin/ceph: stdout "mgrmap_epoch": 11,
2024-09-19T04:58:08.638 INFO:teuthology.orchestra.run.smithi007.stdout:/usr/bin/ceph: stdout "initialized": true
2024-09-19T04:58:08.638 INFO:teuthology.orchestra.run.smithi007.stdout:/usr/bin/ceph: stdout }
2024-09-19T04:58:08.638 INFO:teuthology.orchestra.run.smithi007.stdout:/usr/bin/ceph: stderr
2024-09-19T04:58:04.926+0000 7f849703d640 1 Processor -- start
2024-09-19T04:58:08.639 INFO:teuthology.orchestra.run.smithi007.stdout:/usr/bin/ceph: stderr
2024-09-19T04:58:04.926+0000 7f849703d640 1 -- start start
2024-09-19T04:58:08.639 INFO:teuthology.orchestra.run.smithi007.stdout:/usr/bin/ceph: stderr
2024-09-19T04:58:04.926+0000 7f849703d640 1 --2- >> [v2:172.21.15.7:3300/0,v1:172.21.15.7:6789/0] conn(0x7f8490106750 0x7f8490106b50 unknown :-1 s=NONE pgs=0 cs=0 l=0 rev1=0 crypto rx=0 tx=0 comp rx=0 tx=0).connect
2024-09-19T04:58:08.639 INFO:teuthology.orchestra.run.smithi007.stdout:/usr/bin/ceph: stderr
2024-09-19T04:58:04.926+0000 7f849703d640 1 -- --> [v2:172.21.15.7:3300/0,v1:172.21.15.7:6789/0] -- mon_getmap magic: 0 -- 0x7f8490107120 con 0x7f8490106750
2024-09-19T04:58:08.639 INFO:teuthology.orchestra.run.smithi007.stdout:/usr/bin/ceph: stderr
2024-09-19T04:58:04.926+0000 7f8494dd9640 1 --2- >> [v2:172.21.15.7:3300/0,v1:172.21.15.7:6789/0] conn(0x7f8490106750 0x7f8490106b50 unknown :-1 s=BANNER_CONNECTING pgs=0 cs=0 l=0 rev1=0 crypto rx=0 tx=0 comp rx=0 tx=0)._handle_peer_banner_payload supported=3 required=0
2024-09-19T04:58:08.639 INFO:teuthology.orchestra.run.smithi007.stdout:/usr/bin/ceph: stderr
2024-09-19T04:58:04.926+0000 7f8494dd9640 1 --2- >> [v2:172.21.15.7:3300/0,v1:172.21.15.7:6789/0] conn(0x7f8490106750 0x7f8490106b50 unknown :-1 s=HELLO_CONNECTING pgs=0 cs=0 l=0 rev1=1 crypto rx=0 tx=0 comp rx=0 tx=0).handle_hello peer v2:172.21.15.7:3300/0 says I am v2:172.21.15.7:44126/0 (socket says 172.21.15.7:44126)
2024-09-19T04:58:08.639 INFO:teuthology.orchestra.run.smithi007.stdout:/usr/bin/ceph: stderr
2024-09-19T04:58:04.926+0000 7f8494dd9640 1 -- 172.21.15.7:0/757156482 learned_addr learned my addr 172.21.15.7:0/757156482 (peer_addr_for_me v2:172.21.15.7:0/0)
2024-09-19T04:58:08.639 INFO:teuthology.orchestra.run.smithi007.stdout:/usr/bin/ceph: stderr
2024-09-19T04:58:04.927+0000 7f8494dd9640 1 -- 172.21.15.7:0/757156482 --> [v2:172.21.15.7:3300/0,v1:172.21.15.7:6789/0] -- mon_subscribe({config=0+,monmap=0+}) -- 0x7f8490107950 con 0x7f8490106750
2024-09-19T04:58:08.639 INFO:teuthology.orchestra.run.smithi007.stdout:/usr/bin/ceph: stderr
2024-09-19T04:58:04.927+0000 7f8494dd9640 1 --2- 172.21.15.7:0/757156482 >> [v2:172.21.15.7:3300/0,v1:172.21.15.7:6789/0] conn(0x7f8490106750 0x7f8490106b50 secure :-1 s=READY pgs=59 cs=0 l=1 rev1=1 crypto rx=0x7f8484009820 tx=0x7f848402a270 comp rx=0 tx=0).ready entity=mon.0 client_cookie=d19ab25dc00110aa server_cookie=0 in_seq=0 out_seq=0
2024-09-19T04:58:08.639 INFO:teuthology.orchestra.run.smithi007.stdout:/usr/bin/ceph: stderr
2024-09-19T04:58:04.927+0000 7f848f7fe640 1 -- 172.21.15.7:0/757156482 <== mon.0 v2:172.21.15.7:3300/0 1 ==== mon_map magic: 0 ==== 205+0+0 (secure 0 0 0) 0x7f8484037070 con 0x7f8490106750
2024-09-19T04:58:08.640 INFO:teuthology.orchestra.run.smithi007.stdout:/usr/bin/ceph: stderr
2024-09-19T04:58:04.928+0000 7f848f7fe640 1 -- 172.21.15.7:0/757156482 <== mon.0 v2:172.21.15.7:3300/0 2 ==== config(29 keys) ==== 1209+0+0 (secure 0 0 0) 0x7f8484032960 con 0x7f8490106750
2024-09-19T04:58:08.640 INFO:teuthology.orchestra.run.smithi007.stdout:/usr/bin/ceph: stderr
2024-09-19T04:58:04.928+0000 7f848f7fe640 1 -- 172.21.15.7:0/757156482 <== mon.0 v2:172.21.15.7:3300/0 3 ==== mon_map magic: 0 ==== 205+0+0 (secure 0 0 0) 0x7f8484030980 con 0x7f8490106750
2024-09-19T04:58:08.640 INFO:teuthology.orchestra.run.smithi007.stdout:/usr/bin/ceph: stderr
2024-09-19T04:58:04.928+0000 7f849703d640 1 -- 172.21.15.7:0/757156482 >> [v2:172.21.15.7:3300/0,v1:172.21.15.7:6789/0] conn(0x7f8490106750 msgr2=0x7f8490106b50 secure :-1 s=STATE_CONNECTION_ESTABLISHED l=1).mark_down
2024-09-19T04:58:08.640 INFO:teuthology.orchestra.run.smithi007.stdout:/usr/bin/ceph: stderr
2024-09-19T04:58:04.928+0000 7f849703d640 1 --2- 172.21.15.7:0/757156482 >> [v2:172.21.15.7:3300/0,v1:172.21.15.7:6789/0] conn(0x7f8490106750 0x7f8490106b50 secure :-1 s=READY pgs=59 cs=0 l=1 rev1=1 crypto rx=0x7f8484009820 tx=0x7f848402a270 comp rx=0 tx=0).stop
2024-09-19T04:58:08.640 INFO:teuthology.orchestra.run.smithi007.stdout:/usr/bin/ceph: stderr
2024-09-19T04:58:04.928+0000 7f849703d640 1 -- 172.21.15.7:0/757156482 shutdown_connections
2024-09-19T04:58:08.640 INFO:teuthology.orchestra.run.smithi007.stdout:/usr/bin/ceph: stderr
2024-09-19T04:58:04.928+0000 7f849703d640 1 --2- 172.21.15.7:0/757156482 >> [v2:172.21.15.7:3300/0,v1:172.21.15.7:6789/0] conn(0x7f8490106750 0x7f8490106b50 unknown :-1 s=CLOSED pgs=59 cs=0 l=1 rev1=1 crypto rx=0 tx=0 comp rx=0 tx=0).stop
2024-09-19T04:58:08.640 INFO:teuthology.orchestra.run.smithi007.stdout:/usr/bin/ceph: stderr
2024-09-19T04:58:04.928+0000 7f849703d640 1 -- 172.21.15.7:0/757156482 >> 172.21.15.7:0/757156482 conn(0x7f8490101ee0 msgr2=0x7f8490104320 unknown :-1 s=STATE_NONE l=0).mark_down
2024-09-19T04:58:08.640 INFO:teuthology.orchestra.run.smithi007.stdout:/usr/bin/ceph: stderr
2024-09-19T04:58:04.928+0000 7f849703d640 1 -- 172.21.15.7:0/757156482 shutdown_connections
2024-09-19T04:58:08.640 INFO:teuthology.orchestra.run.smithi007.stdout:/usr/bin/ceph: stderr
2024-09-19T04:58:04.928+0000 7f849703d640 1 -- 172.21.15.7:0/757156482 wait complete.
2024-09-19T04:58:08.640 INFO:teuthology.orchestra.run.smithi007.stdout:/usr/bin/ceph: stderr
2024-09-19T04:58:04.929+0000 7f849703d640 1 Processor -- start
2024-09-19T04:58:08.640 INFO:teuthology.orchestra.run.smithi007.stdout:/usr/bin/ceph: stderr
2024-09-19T04:58:04.929+0000 7f849703d640 1 -- start start
2024-09-19T04:58:08.640 INFO:teuthology.orchestra.run.smithi007.stdout:/usr/bin/ceph: stderr
2024-09-19T04:58:04.929+0000 7f849703d640 1 --2- >> [v2:172.21.15.7:3300/0,v1:172.21.15.7:6789/0] conn(0x7f8490106750 0x7f8490191a40 unknown :-1 s=NONE pgs=0 cs=0 l=1 rev1=0 crypto rx=0 tx=0 comp rx=0 tx=0).connect
2024-09-19T04:58:08.641 INFO:teuthology.orchestra.run.smithi007.stdout:/usr/bin/ceph: stderr
2024-09-19T04:58:04.929+0000 7f849703d640 1 -- --> [v2:172.21.15.7:3300/0,v1:172.21.15.7:6789/0] -- mon_getmap magic: 0 -- 0x7f849010ad00 con 0x7f8490106750
2024-09-19T04:58:08.641 INFO:teuthology.orchestra.run.smithi007.stdout:/usr/bin/ceph: stderr
2024-09-19T04:58:04.929+0000 7f8494dd9640 1 --2- >> [v2:172.21.15.7:3300/0,v1:172.21.15.7:6789/0] conn(0x7f8490106750 0x7f8490191a40 unknown :-1 s=BANNER_CONNECTING pgs=0 cs=0 l=1 rev1=0 crypto rx=0 tx=0 comp rx=0 tx=0)._handle_peer_banner_payload supported=3 required=0
2024-09-19T04:58:08.641 INFO:teuthology.orchestra.run.smithi007.stdout:/usr/bin/ceph: stderr
2024-09-19T04:58:04.929+0000 7f8494dd9640 1 --2- >> [v2:172.21.15.7:3300/0,v1:172.21.15.7:6789/0] conn(0x7f8490106750 0x7f8490191a40 unknown :-1 s=HELLO_CONNECTING pgs=0 cs=0 l=1 rev1=1 crypto rx=0 tx=0 comp rx=0 tx=0).handle_hello peer v2:172.21.15.7:3300/0 says I am v2:172.21.15.7:44128/0 (socket says 172.21.15.7:44128)
2024-09-19T04:58:08.641 INFO:teuthology.orchestra.run.smithi007.stdout:/usr/bin/ceph: stderr
2024-09-19T04:58:04.929+0000 7f8494dd9640 1 -- 172.21.15.7:0/2195710196 learned_addr learned my addr 172.21.15.7:0/2195710196 (peer_addr_for_me v2:172.21.15.7:0/0)
2024-09-19T04:58:08.641 INFO:teuthology.orchestra.run.smithi007.stdout:/usr/bin/ceph: stderr
2024-09-19T04:58:04.930+0000 7f8494dd9640 1 -- 172.21.15.7:0/2195710196 --> [v2:172.21.15.7:3300/0,v1:172.21.15.7:6789/0] -- mon_subscribe({config=0+,monmap=0+}) -- 0x7f8490191f80 con 0x7f8490106750
2024-09-19T04:58:08.641 INFO:teuthology.orchestra.run.smithi007.stdout:/usr/bin/ceph: stderr
2024-09-19T04:58:04.930+0000 7f8494dd9640 1 --2- 172.21.15.7:0/2195710196 >> [v2:172.21.15.7:3300/0,v1:172.21.15.7:6789/0] conn(0x7f8490106750 0x7f8490191a40 secure :-1 s=READY pgs=60 cs=0 l=1 rev1=1 crypto rx=0x7f8484032ea0 tx=0x7f8484032ed0 comp rx=0 tx=0).ready entity=mon.0 client_cookie=0 server_cookie=0 in_seq=0 out_seq=0
2024-09-19T04:58:08.641 INFO:teuthology.orchestra.run.smithi007.stdout:/usr/bin/ceph: stderr
2024-09-19T04:58:04.930+0000 7f848dffb640 1 -- 172.21.15.7:0/2195710196 <== mon.0 v2:172.21.15.7:3300/0 1 ==== mon_map magic: 0 ==== 205+0+0 (secure 0 0 0) 0x7f8484042070 con 0x7f8490106750
2024-09-19T04:58:08.641 INFO:teuthology.orchestra.run.smithi007.stdout:/usr/bin/ceph: stderr
2024-09-19T04:58:04.930+0000 7f848dffb640 1 -- 172.21.15.7:0/2195710196 <== mon.0 v2:172.21.15.7:3300/0 2 ==== config(29 keys) ==== 1209+0+0 (secure 0 0 0) 0x7f84840326c0 con 0x7f8490106750
2024-09-19T04:58:08.641 INFO:teuthology.orchestra.run.smithi007.stdout:/usr/bin/ceph: stderr
2024-09-19T04:58:04.930+0000 7f849703d640 1 -- 172.21.15.7:0/2195710196 --> [v2:172.21.15.7:3300/0,v1:172.21.15.7:6789/0] -- mon_subscribe({mgrmap=0+}) -- 0x7f8490190170 con 0x7f8490106750
2024-09-19T04:58:08.641 INFO:teuthology.orchestra.run.smithi007.stdout:/usr/bin/ceph: stderr
2024-09-19T04:58:04.930+0000 7f848dffb640 1 -- 172.21.15.7:0/2195710196 <== mon.0 v2:172.21.15.7:3300/0 3 ==== mon_map magic: 0 ==== 205+0+0 (secure 0 0 0) 0x7f8484037040 con 0x7f8490106750
2024-09-19T04:58:08.641 INFO:teuthology.orchestra.run.smithi007.stdout:/usr/bin/ceph: stderr
2024-09-19T04:58:04.930+0000 7f849703d640 1 -- 172.21.15.7:0/2195710196 --> [v2:172.21.15.7:3300/0,v1:172.21.15.7:6789/0] -- mon_subscribe({osdmap=0}) -- 0x7f84901906b0 con 0x7f8490106750
2024-09-19T04:58:08.641 INFO:teuthology.orchestra.run.smithi007.stdout:/usr/bin/ceph: stderr
2024-09-19T04:58:04.931+0000 7f848dffb640 1 -- 172.21.15.7:0/2195710196 <== mon.0 v2:172.21.15.7:3300/0 4 ==== mgrmap(e 9) ==== 46474+0+0 (secure 0 0 0) 0x7f8484045070 con 0x7f8490106750
2024-09-19T04:58:08.641 INFO:teuthology.orchestra.run.smithi007.stdout:/usr/bin/ceph: stderr
2024-09-19T04:58:04.931+0000 7f848dffb640 1 --2- 172.21.15.7:0/2195710196 >> [v2:172.21.15.7:6800/4172338688,v1:172.21.15.7:6801/4172338688] conn(0x7f8480039200 0x7f848003b6c0 unknown :-1 s=NONE pgs=0 cs=0 l=1 rev1=0 crypto rx=0 tx=0 comp rx=0 tx=0).connect
2024-09-19T04:58:08.642 INFO:teuthology.orchestra.run.smithi007.stdout:/usr/bin/ceph: stderr
2024-09-19T04:58:04.931+0000 7f848dffb640 1 -- 172.21.15.7:0/2195710196 --> [v2:172.21.15.7:6800/4172338688,v1:172.21.15.7:6801/4172338688] -- command(tid 0: {"prefix": "get_command_descriptions"}) -- 0x7f848003bdd0 con 0x7f8480039200
2024-09-19T04:58:08.642 INFO:teuthology.orchestra.run.smithi007.stdout:/usr/bin/ceph: stderr
2024-09-19T04:58:04.931+0000 7f848dffb640 1 -- 172.21.15.7:0/2195710196 <== mon.0 v2:172.21.15.7:3300/0 5 ==== osd_map(2..2 src has 1..2) ==== 940+0+0 (secure 0 0 0) 0x7f848406c3c0 con 0x7f8490106750
2024-09-19T04:58:08.642 INFO:teuthology.orchestra.run.smithi007.stdout:/usr/bin/ceph: stderr
2024-09-19T04:58:04.931+0000 7f848ffff640 1 -- 172.21.15.7:0/2195710196 >> [v2:172.21.15.7:6800/4172338688,v1:172.21.15.7:6801/4172338688] conn(0x7f8480039200 msgr2=0x7f848003b6c0 unknown :-1 s=STATE_CONNECTING_RE l=1).process reconnect failed to v2:172.21.15.7:6800/4172338688
2024-09-19T04:58:08.642 INFO:teuthology.orchestra.run.smithi007.stdout:/usr/bin/ceph: stderr
2024-09-19T04:58:04.931+0000 7f848ffff640 1 --2- 172.21.15.7:0/2195710196 >> [v2:172.21.15.7:6800/4172338688,v1:172.21.15.7:6801/4172338688] conn(0x7f8480039200 0x7f848003b6c0 unknown :-1 s=START_CONNECT pgs=0 cs=0 l=1 rev1=0 crypto rx=0 tx=0 comp rx=0 tx=0)._fault waiting 0.200000
2024-09-19T04:58:08.642 INFO:teuthology.orchestra.run.smithi007.stdout:/usr/bin/ceph: stderr
2024-09-19T04:58:05.132+0000 7f848ffff640 1 -- 172.21.15.7:0/2195710196 >> [v2:172.21.15.7:6800/4172338688,v1:172.21.15.7:6801/4172338688] conn(0x7f8480039200 msgr2=0x7f848003b6c0 unknown :-1 s=STATE_CONNECTING_RE l=1).process reconnect failed to v2:172.21.15.7:6800/4172338688
2024-09-19T04:58:08.642 INFO:teuthology.orchestra.run.smithi007.stdout:/usr/bin/ceph: stderr
2024-09-19T04:58:05.132+0000 7f848ffff640 1 --2- 172.21.15.7:0/2195710196 >> [v2:172.21.15.7:6800/4172338688,v1:172.21.15.7:6801/4172338688] conn(0x7f8480039200 0x7f848003b6c0 unknown :-1 s=START_CONNECT pgs=0 cs=0 l=1 rev1=0 crypto rx=0 tx=0 comp rx=0 tx=0)._fault waiting 0.400000
2024-09-19T04:58:08.642 INFO:teuthology.orchestra.run.smithi007.stdout:/usr/bin/ceph: stderr
2024-09-19T04:58:05.533+0000 7f848ffff640 1 -- 172.21.15.7:0/2195710196 >> [v2:172.21.15.7:6800/4172338688,v1:172.21.15.7:6801/4172338688] conn(0x7f8480039200 msgr2=0x7f848003b6c0 unknown :-1 s=STATE_CONNECTING_RE l=1).process reconnect failed to v2:172.21.15.7:6800/4172338688
2024-09-19T04:58:08.642 INFO:teuthology.orchestra.run.smithi007.stdout:/usr/bin/ceph: stderr
2024-09-19T04:58:05.533+0000 7f848ffff640 1 --2- 172.21.15.7:0/2195710196 >> [v2:172.21.15.7:6800/4172338688,v1:172.21.15.7:6801/4172338688] conn(0x7f8480039200 0x7f848003b6c0 unknown :-1 s=START_CONNECT pgs=0 cs=0 l=1 rev1=0 crypto rx=0 tx=0 comp rx=0 tx=0)._fault waiting 0.800000
2024-09-19T04:58:08.642 INFO:teuthology.orchestra.run.smithi007.stdout:/usr/bin/ceph: stderr
2024-09-19T04:58:06.334+0000 7f848ffff640 1 -- 172.21.15.7:0/2195710196 >> [v2:172.21.15.7:6800/4172338688,v1:172.21.15.7:6801/4172338688] conn(0x7f8480039200 msgr2=0x7f848003b6c0 unknown :-1 s=STATE_CONNECTING_RE l=1).process reconnect failed to v2:172.21.15.7:6800/4172338688
2024-09-19T04:58:08.642 INFO:teuthology.orchestra.run.smithi007.stdout:/usr/bin/ceph: stderr
2024-09-19T04:58:06.334+0000 7f848ffff640 1 --2- 172.21.15.7:0/2195710196 >> [v2:172.21.15.7:6800/4172338688,v1:172.21.15.7:6801/4172338688] conn(0x7f8480039200 0x7f848003b6c0 unknown :-1 s=START_CONNECT pgs=0 cs=0 l=1 rev1=0 crypto rx=0 tx=0 comp rx=0 tx=0)._fault waiting 1.600000
2024-09-19T04:58:08.642 INFO:teuthology.orchestra.run.smithi007.stdout:/usr/bin/ceph: stderr
2024-09-19T04:58:06.689+0000 7f848dffb640 1 -- 172.21.15.7:0/2195710196 <== mon.0 v2:172.21.15.7:3300/0 6 ==== mgrmap(e 10) ==== 46241+0+0 (secure 0 0 0) 0x7f848406ae70 con 0x7f8490106750
2024-09-19T04:58:08.642 INFO:teuthology.orchestra.run.smithi007.stdout:/usr/bin/ceph: stderr
2024-09-19T04:58:06.689+0000 7f848dffb640 1 -- 172.21.15.7:0/2195710196 >> [v2:172.21.15.7:6800/4172338688,v1:172.21.15.7:6801/4172338688] conn(0x7f8480039200 msgr2=0x7f848003b6c0 unknown :-1 s=STATE_CONNECTING l=1).mark_down
2024-09-19T04:58:08.643 INFO:teuthology.orchestra.run.smithi007.stdout:/usr/bin/ceph: stderr
2024-09-19T04:58:06.689+0000 7f848dffb640 1 --2- 172.21.15.7:0/2195710196 >> [v2:172.21.15.7:6800/4172338688,v1:172.21.15.7:6801/4172338688] conn(0x7f8480039200 0x7f848003b6c0 unknown :-1 s=START_CONNECT pgs=0 cs=0 l=1 rev1=0 crypto rx=0 tx=0 comp rx=0 tx=0).stop
2024-09-19T04:58:08.643 INFO:teuthology.orchestra.run.smithi007.stdout:/usr/bin/ceph: stderr
2024-09-19T04:58:07.690+0000 7f848dffb640 1 -- 172.21.15.7:0/2195710196 <== mon.0 v2:172.21.15.7:3300/0 7 ==== mgrmap(e 11) ==== 46368+0+0 (secure 0 0 0) 0x7f848406df80 con 0x7f8490106750
2024-09-19T04:58:08.643 INFO:teuthology.orchestra.run.smithi007.stdout:/usr/bin/ceph: stderr
2024-09-19T04:58:07.690+0000 7f848dffb640 1 --2- 172.21.15.7:0/2195710196 >> [v2:172.21.15.7:6800/3580661122,v1:172.21.15.7:6801/3580661122] conn(0x7f848003ccc0 0x7f848003f0b0 unknown :-1 s=NONE pgs=0 cs=0 l=1 rev1=0 crypto rx=0 tx=0 comp rx=0 tx=0).connect
2024-09-19T04:58:08.643 INFO:teuthology.orchestra.run.smithi007.stdout:/usr/bin/ceph: stderr
2024-09-19T04:58:07.690+0000 7f848dffb640 1 -- 172.21.15.7:0/2195710196 --> [v2:172.21.15.7:6800/3580661122,v1:172.21.15.7:6801/3580661122] -- command(tid 0: {"prefix": "get_command_descriptions"}) -- 0x7f848003bdd0 con 0x7f848003ccc0
2024-09-19T04:58:08.643 INFO:teuthology.orchestra.run.smithi007.stdout:/usr/bin/ceph: stderr
2024-09-19T04:58:07.691+0000 7f848ffff640 1 --2- 172.21.15.7:0/2195710196 >> [v2:172.21.15.7:6800/3580661122,v1:172.21.15.7:6801/3580661122] conn(0x7f848003ccc0 0x7f848003f0b0 unknown :-1 s=BANNER_CONNECTING pgs=0 cs=0 l=1 rev1=0 crypto rx=0 tx=0 comp rx=0 tx=0)._handle_peer_banner_payload supported=3 required=0
2024-09-19T04:58:08.643 INFO:teuthology.orchestra.run.smithi007.stdout:/usr/bin/ceph: stderr
2024-09-19T04:58:07.692+0000 7f848ffff640 1 --2- 172.21.15.7:0/2195710196 >> [v2:172.21.15.7:6800/3580661122,v1:172.21.15.7:6801/3580661122] conn(0x7f848003ccc0 0x7f848003f0b0 secure :-1 s=READY pgs=2 cs=0 l=1 rev1=1 crypto rx=0x7f847c003980 tx=0x7f847c006e10 comp rx=0 tx=0).ready entity=mgr.14150 client_cookie=0 server_cookie=0 in_seq=0 out_seq=0
2024-09-19T04:58:08.643 INFO:teuthology.orchestra.run.smithi007.stdout:/usr/bin/ceph: stderr
2024-09-19T04:58:07.692+0000 7f848dffb640 1 -- 172.21.15.7:0/2195710196 <== mgr.14150 v2:172.21.15.7:6800/3580661122 1 ==== command_reply(tid 0: 0 ) ==== 8+0+9564 (secure 0 0 0) 0x7f848003bdd0 con 0x7f848003ccc0
2024-09-19T04:58:08.643 INFO:teuthology.orchestra.run.smithi007.stdout:/usr/bin/ceph: stderr
2024-09-19T04:58:07.699+0000 7f849703d640 1 -- 172.21.15.7:0/2195710196 --> [v2:172.21.15.7:6800/3580661122,v1:172.21.15.7:6801/3580661122] -- command(tid 1: {"prefix": "mgr_status"}) -- 0x7f8490106b50 con 0x7f848003ccc0
2024-09-19T04:58:08.643 INFO:teuthology.orchestra.run.smithi007.stdout:/usr/bin/ceph: stderr
2024-09-19T04:58:07.699+0000 7f848dffb640 1 -- 172.21.15.7:0/2195710196 <== mgr.14150 v2:172.21.15.7:6800/3580661122 2 ==== command_reply(tid 1: 0 ) ==== 8+0+52 (secure 0 0 0) 0x7f8490106b50 con 0x7f848003ccc0
2024-09-19T04:58:08.643 INFO:teuthology.orchestra.run.smithi007.stdout:/usr/bin/ceph: stderr
2024-09-19T04:58:07.700+0000 7f849703d640 1 -- 172.21.15.7:0/2195710196 >> [v2:172.21.15.7:6800/3580661122,v1:172.21.15.7:6801/3580661122] conn(0x7f848003ccc0 msgr2=0x7f848003f0b0 secure :-1 s=STATE_CONNECTION_ESTABLISHED l=1).mark_down
2024-09-19T04:58:08.643 INFO:teuthology.orchestra.run.smithi007.stdout:/usr/bin/ceph: stderr
2024-09-19T04:58:07.700+0000 7f849703d640 1 --2- 172.21.15.7:0/2195710196 >> [v2:172.21.15.7:6800/3580661122,v1:172.21.15.7:6801/3580661122] conn(0x7f848003ccc0 0x7f848003f0b0 secure :-1 s=READY pgs=2 cs=0 l=1 rev1=1 crypto rx=0x7f847c003980 tx=0x7f847c006e10 comp rx=0 tx=0).stop
2024-09-19T04:58:08.643 INFO:teuthology.orchestra.run.smithi007.stdout:/usr/bin/ceph: stderr
2024-09-19T04:58:07.700+0000 7f849703d640 1 -- 172.21.15.7:0/2195710196 >> [v2:172.21.15.7:3300/0,v1:172.21.15.7:6789/0] conn(0x7f8490106750 msgr2=0x7f8490191a40 secure :-1 s=STATE_CONNECTION_ESTABLISHED l=1).mark_down
2024-09-19T04:58:08.643 INFO:teuthology.orchestra.run.smithi007.stdout:/usr/bin/ceph: stderr
2024-09-19T04:58:07.700+0000 7f849703d640 1 --2- 172.21.15.7:0/2195710196 >> [v2:172.21.15.7:3300/0,v1:172.21.15.7:6789/0] conn(0x7f8490106750 0x7f8490191a40 secure :-1 s=READY pgs=60 cs=0 l=1 rev1=1 crypto rx=0x7f8484032ea0 tx=0x7f8484032ed0 comp rx=0 tx=0).stop
2024-09-19T04:58:08.644 INFO:teuthology.orchestra.run.smithi007.stdout:/usr/bin/ceph: stderr
2024-09-19T04:58:07.700+0000 7f849703d640 1 -- 172.21.15.7:0/2195710196 shutdown_connections
2024-09-19T04:58:08.644 INFO:teuthology.orchestra.run.smithi007.stdout:/usr/bin/ceph: stderr
2024-09-19T04:58:07.700+0000 7f849703d640 1 --2- 172.21.15.7:0/2195710196 >> [v2:172.21.15.7:6800/3580661122,v1:172.21.15.7:6801/3580661122] conn(0x7f848003ccc0 0x7f848003f0b0 unknown :-1 s=CLOSED pgs=2 cs=0 l=1 rev1=1 crypto rx=0 tx=0 comp rx=0 tx=0).stop
2024-09-19T04:58:08.644 INFO:teuthology.orchestra.run.smithi007.stdout:/usr/bin/ceph: stderr
2024-09-19T04:58:07.700+0000 7f849703d640 1 --2- 172.21.15.7:0/2195710196 >> [v2:172.21.15.7:6800/4172338688,v1:172.21.15.7:6801/4172338688] conn(0x7f8480039200 0x7f848003b6c0 unknown :-1 s=CLOSED pgs=0 cs=0 l=1 rev1=0 crypto rx=0 tx=0 comp rx=0 tx=0).stop
2024-09-19T04:58:08.644 INFO:teuthology.orchestra.run.smithi007.stdout:/usr/bin/ceph: stderr
2024-09-19T04:58:07.700+0000 7f849703d640 1 --2- 172.21.15.7:0/2195710196 >> [v2:172.21.15.7:3300/0,v1:172.21.15.7:6789/0] conn(0x7f8490106750 0x7f8490191a40 unknown :-1 s=CLOSED pgs=60 cs=0 l=1 rev1=1 crypto rx=0 tx=0 comp rx=0 tx=0).stop
2024-09-19T04:58:08.644 INFO:teuthology.orchestra.run.smithi007.stdout:/usr/bin/ceph: stderr
2024-09-19T04:58:07.700+0000 7f849703d640 1 -- 172.21.15.7:0/2195710196 >> 172.21.15.7:0/2195710196 conn(0x7f8490101ee0 msgr2=0x7f8490102e20 unknown :-1 s=STATE_NONE l=0).mark_down
2024-09-19T04:58:08.644 INFO:teuthology.orchestra.run.smithi007.stdout:/usr/bin/ceph: stderr
2024-09-19T04:58:07.700+0000 7f849703d640 1 -- 172.21.15.7:0/2195710196 shutdown_connections
2024-09-19T04:58:08.644 INFO:teuthology.orchestra.run.smithi007.stdout:/usr/bin/ceph: stderr
2024-09-19T04:58:07.700+0000 7f849703d640 1 -- 172.21.15.7:0/2195710196 wait complete.
2024-09-19T04:58:08.644 INFO:teuthology.orchestra.run.smithi007.stdout:mgr epoch 9 is available
2024-09-19T04:58:08.644 INFO:teuthology.orchestra.run.smithi007.stdout:Generating a dashboard self-signed certificate...
2024-09-19T04:58:08.948 INFO:journalctl@ceph.mon.a.smithi007.stdout:Sep 19 04:58:08 smithi007 ceph-mon[30950]: mgrmap e11: x(active, since 1.00561s)
2024-09-19T04:58:08.948 INFO:journalctl@ceph.mon.a.smithi007.stdout:Sep 19 04:58:08 smithi007 ceph-mon[30950]: from='mgr.14150 172.21.15.7:0/4242826417' entity='mgr.x'
2024-09-19T04:58:08.948 INFO:journalctl@ceph.mon.a.smithi007.stdout:Sep 19 04:58:08 smithi007 ceph-mon[30950]: [19/Sep/2024:04:58:08] ENGINE Bus STARTING
2024-09-19T04:58:08.948 INFO:journalctl@ceph.mon.a.smithi007.stdout:Sep 19 04:58:08 smithi007 ceph-mon[30950]: [19/Sep/2024:04:58:08] ENGINE Serving on https://172.21.15.7:7150
2024-09-19T04:58:08.948 INFO:journalctl@ceph.mon.a.smithi007.stdout:Sep 19 04:58:08 smithi007 ceph-mon[30950]: [19/Sep/2024:04:58:08] ENGINE Error in HTTPServer.serve
2024-09-19T04:58:08.949 INFO:journalctl@ceph.mon.a.smithi007.stdout: Traceback (most recent call last):
2024-09-19T04:58:08.949 INFO:journalctl@ceph.mon.a.smithi007.stdout: File "/lib/python3.9/site-packages/cheroot/server.py", line 1823, in serve
2024-09-19T04:58:08.949 INFO:journalctl@ceph.mon.a.smithi007.stdout: self._connections.run(self.expiration_interval)
2024-09-19T04:58:08.949 INFO:journalctl@ceph.mon.a.smithi007.stdout: File "/lib/python3.9/site-packages/cheroot/connections.py", line 203, in run
2024-09-19T04:58:08.949 INFO:journalctl@ceph.mon.a.smithi007.stdout: self._run(expiration_interval)
2024-09-19T04:58:08.949 INFO:journalctl@ceph.mon.a.smithi007.stdout: File "/lib/python3.9/site-packages/cheroot/connections.py", line 246, in _run
2024-09-19T04:58:08.949 INFO:journalctl@ceph.mon.a.smithi007.stdout: new_conn = self._from_server_socket(self.server.socket)
2024-09-19T04:58:08.949 INFO:journalctl@ceph.mon.a.smithi007.stdout: File "/lib/python3.9/site-packages/cheroot/connections.py", line 300, in _from_server_socket
2024-09-19T04:58:08.949 INFO:journalctl@ceph.mon.a.smithi007.stdout: s, ssl_env = self.server.ssl_adapter.wrap(s)
2024-09-19T04:58:08.949 INFO:journalctl@ceph.mon.a.smithi007.stdout: File "/lib/python3.9/site-packages/cheroot/ssl/builtin.py", line 277, in wrap
2024-09-19T04:58:08.949 INFO:journalctl@ceph.mon.a.smithi007.stdout: s = self.context.wrap_socket(
2024-09-19T04:58:08.949 INFO:journalctl@ceph.mon.a.smithi007.stdout: File "/lib64/python3.9/ssl.py", line 501, in wrap_socket
2024-09-19T04:58:08.949 INFO:journalctl@ceph.mon.a.smithi007.stdout: return self.sslsocket_class._create(
2024-09-19T04:58:08.950 INFO:journalctl@ceph.mon.a.smithi007.stdout: File "/lib64/python3.9/ssl.py", line 1074, in _create
2024-09-19T04:58:08.950 INFO:journalctl@ceph.mon.a.smithi007.stdout: self.do_handshake()
2024-09-19T04:58:08.950 INFO:journalctl@ceph.mon.a.smithi007.stdout: File "/lib64/python3.9/ssl.py", line 1343, in do_handshake
2024-09-19T04:58:08.950 INFO:journalctl@ceph.mon.a.smithi007.stdout: self._sslobj.do_handshake()
2024-09-19T04:58:08.950 INFO:journalctl@ceph.mon.a.smithi007.stdout: ssl.SSLZeroReturnError: TLS/SSL connection has been closed (EOF) (_ssl.c:1133)
2024-09-19T04:58:08.950 INFO:journalctl@ceph.mon.a.smithi007.stdout:Sep 19 04:58:08 smithi007 ceph-mon[30950]: [19/Sep/2024:04:58:08] ENGINE Serving on http://172.21.15.7:8765
2024-09-19T04:58:08.950 INFO:journalctl@ceph.mon.a.smithi007.stdout:Sep 19 04:58:08 smithi007 ceph-mon[30950]: [19/Sep/2024:04:58:08] ENGINE Bus STARTED
2024-09-19T04:58:09.942 INFO:teuthology.orchestra.run.smithi007.stdout:/usr/bin/ceph: stdout Self-signed certificate created
2024-09-19T04:58:09.942 INFO:teuthology.orchestra.run.smithi007.stdout:/usr/bin/ceph: stderr
2024-09-19T04:58:09.029+0000 7f847ba24640 1 Processor -- start
2024-09-19T04:58:09.942 INFO:teuthology.orchestra.run.smithi007.stdout:/usr/bin/ceph: stderr
2024-09-19T04:58:09.029+0000 7f847ba24640 1 -- start start
2024-09-19T04:58:09.942 INFO:teuthology.orchestra.run.smithi007.stdout:/usr/bin/ceph: stderr
2024-09-19T04:58:09.029+0000 7f847ba24640 1 --2- >> [v2:172.21.15.7:3300/0,v1:172.21.15.7:6789/0] conn(0x7f8474107d90 0x7f8474108190 unknown :-1 s=NONE pgs=0 cs=0 l=0 rev1=0 crypto rx=0 tx=0 comp rx=0 tx=0).connect
2024-09-19T04:58:09.942 INFO:teuthology.orchestra.run.smithi007.stdout:/usr/bin/ceph: stderr
2024-09-19T04:58:09.029+0000 7f847ba24640 1 -- --> [v2:172.21.15.7:3300/0,v1:172.21.15.7:6789/0] -- mon_getmap magic: 0 -- 0x7f8474108760 con 0x7f8474107d90
2024-09-19T04:58:09.942 INFO:teuthology.orchestra.run.smithi007.stdout:/usr/bin/ceph: stderr
2024-09-19T04:58:09.029+0000 7f84797c0640 1 --2- >> [v2:172.21.15.7:3300/0,v1:172.21.15.7:6789/0] conn(0x7f8474107d90 0x7f8474108190 unknown :-1 s=BANNER_CONNECTING pgs=0 cs=0 l=0 rev1=0 crypto rx=0 tx=0 comp rx=0 tx=0)._handle_peer_banner_payload supported=3 required=0
2024-09-19T04:58:09.942 INFO:teuthology.orchestra.run.smithi007.stdout:/usr/bin/ceph: stderr
2024-09-19T04:58:09.029+0000 7f84797c0640 1 --2- >> [v2:172.21.15.7:3300/0,v1:172.21.15.7:6789/0] conn(0x7f8474107d90 0x7f8474108190 unknown :-1 s=HELLO_CONNECTING pgs=0 cs=0 l=0 rev1=1 crypto rx=0 tx=0 comp rx=0 tx=0).handle_hello peer v2:172.21.15.7:3300/0 says I am v2:172.21.15.7:44202/0 (socket says 172.21.15.7:44202)
2024-09-19T04:58:09.943 INFO:teuthology.orchestra.run.smithi007.stdout:/usr/bin/ceph: stderr
2024-09-19T04:58:09.029+0000 7f84797c0640 1 -- 172.21.15.7:0/2208734682 learned_addr learned my addr 172.21.15.7:0/2208734682 (peer_addr_for_me v2:172.21.15.7:0/0)
2024-09-19T04:58:09.943 INFO:teuthology.orchestra.run.smithi007.stdout:/usr/bin/ceph: stderr
2024-09-19T04:58:09.030+0000 7f84797c0640 1 -- 172.21.15.7:0/2208734682 --> [v2:172.21.15.7:3300/0,v1:172.21.15.7:6789/0] -- mon_subscribe({config=0+,monmap=0+}) -- 0x7f84741069f0 con 0x7f8474107d90
2024-09-19T04:58:09.943 INFO:teuthology.orchestra.run.smithi007.stdout:/usr/bin/ceph: stderr
2024-09-19T04:58:09.030+0000 7f84797c0640 1 --2- 172.21.15.7:0/2208734682 >> [v2:172.21.15.7:3300/0,v1:172.21.15.7:6789/0] conn(0x7f8474107d90 0x7f8474108190 secure :-1 s=READY pgs=68 cs=0 l=1 rev1=1 crypto rx=0x7f8470009820 tx=0x7f847002a270 comp rx=0 tx=0).ready entity=mon.0 client_cookie=af8b473d83b9d188 server_cookie=0 in_seq=0 out_seq=0
2024-09-19T04:58:09.943 INFO:teuthology.orchestra.run.smithi007.stdout:/usr/bin/ceph: stderr
2024-09-19T04:58:09.030+0000 7f846bfff640 1 -- 172.21.15.7:0/2208734682 <== mon.0 v2:172.21.15.7:3300/0 1 ==== mon_map magic: 0 ==== 205+0+0 (secure 0 0 0) 0x7f8470037070 con 0x7f8474107d90
2024-09-19T04:58:09.943 INFO:teuthology.orchestra.run.smithi007.stdout:/usr/bin/ceph: stderr
2024-09-19T04:58:09.031+0000 7f846bfff640 1 -- 172.21.15.7:0/2208734682 <== mon.0 v2:172.21.15.7:3300/0 2 ==== config(29 keys) ==== 1209+0+0 (secure 0 0 0) 0x7f8470032960 con 0x7f8474107d90
2024-09-19T04:58:09.943 INFO:teuthology.orchestra.run.smithi007.stdout:/usr/bin/ceph: stderr
2024-09-19T04:58:09.031+0000 7f846bfff640 1 -- 172.21.15.7:0/2208734682 <== mon.0 v2:172.21.15.7:3300/0 3 ==== mon_map magic: 0 ==== 205+0+0 (secure 0 0 0) 0x7f8470030980 con 0x7f8474107d90
2024-09-19T04:58:09.943 INFO:teuthology.orchestra.run.smithi007.stdout:/usr/bin/ceph: stderr
2024-09-19T04:58:09.031+0000 7f847ba24640 1 -- 172.21.15.7:0/2208734682 >> [v2:172.21.15.7:3300/0,v1:172.21.15.7:6789/0] conn(0x7f8474107d90 msgr2=0x7f8474108190 secure :-1 s=STATE_CONNECTION_ESTABLISHED l=1).mark_down
2024-09-19T04:58:09.943 INFO:teuthology.orchestra.run.smithi007.stdout:/usr/bin/ceph: stderr
2024-09-19T04:58:09.031+0000 7f847ba24640 1 --2- 172.21.15.7:0/2208734682 >> [v2:172.21.15.7:3300/0,v1:172.21.15.7:6789/0] conn(0x7f8474107d90 0x7f8474108190 secure :-1 s=READY pgs=68 cs=0 l=1 rev1=1 crypto rx=0x7f8470009820 tx=0x7f847002a270 comp rx=0 tx=0).stop
2024-09-19T04:58:09.943 INFO:teuthology.orchestra.run.smithi007.stdout:/usr/bin/ceph: stderr
2024-09-19T04:58:09.031+0000 7f847ba24640 1 -- 172.21.15.7:0/2208734682 shutdown_connections
2024-09-19T04:58:09.943 INFO:teuthology.orchestra.run.smithi007.stdout:/usr/bin/ceph: stderr
2024-09-19T04:58:09.031+0000 7f847ba24640 1 --2- 172.21.15.7:0/2208734682 >> [v2:172.21.15.7:3300/0,v1:172.21.15.7:6789/0] conn(0x7f8474107d90 0x7f8474108190 unknown :-1 s=CLOSED pgs=68 cs=0 l=1 rev1=1 crypto rx=0 tx=0 comp rx=0 tx=0).stop
2024-09-19T04:58:09.943 INFO:teuthology.orchestra.run.smithi007.stdout:/usr/bin/ceph: stderr
2024-09-19T04:58:09.031+0000 7f847ba24640 1 -- 172.21.15.7:0/2208734682 >> 172.21.15.7:0/2208734682 conn(0x7f84741016f0 msgr2=0x7f8474103b10 unknown :-1 s=STATE_NONE l=0).mark_down
2024-09-19T04:58:09.943 INFO:teuthology.orchestra.run.smithi007.stdout:/usr/bin/ceph: stderr
2024-09-19T04:58:09.031+0000 7f847ba24640 1 -- 172.21.15.7:0/2208734682 shutdown_connections
2024-09-19T04:58:09.943 INFO:teuthology.orchestra.run.smithi007.stdout:/usr/bin/ceph: stderr
2024-09-19T04:58:09.031+0000 7f847ba24640 1 -- 172.21.15.7:0/2208734682 wait complete.
2024-09-19T04:58:09.944 INFO:teuthology.orchestra.run.smithi007.stdout:/usr/bin/ceph: stderr
2024-09-19T04:58:09.032+0000 7f847ba24640 1 Processor -- start
2024-09-19T04:58:09.944 INFO:teuthology.orchestra.run.smithi007.stdout:/usr/bin/ceph: stderr
2024-09-19T04:58:09.032+0000 7f847ba24640 1 -- start start
2024-09-19T04:58:09.944 INFO:teuthology.orchestra.run.smithi007.stdout:/usr/bin/ceph: stderr
2024-09-19T04:58:09.032+0000 7f847ba24640 1 --2- >> [v2:172.21.15.7:3300/0,v1:172.21.15.7:6789/0] conn(0x7f8474107d90 0x7f847419b900 unknown :-1 s=NONE pgs=0 cs=0 l=1 rev1=0 crypto rx=0 tx=0 comp rx=0 tx=0).connect
2024-09-19T04:58:09.944 INFO:teuthology.orchestra.run.smithi007.stdout:/usr/bin/ceph: stderr
2024-09-19T04:58:09.032+0000 7f847ba24640 1 -- --> [v2:172.21.15.7:3300/0,v1:172.21.15.7:6789/0] -- mon_getmap magic: 0 -- 0x7f847410adb0 con 0x7f8474107d90
2024-09-19T04:58:09.944 INFO:teuthology.orchestra.run.smithi007.stdout:/usr/bin/ceph: stderr
2024-09-19T04:58:09.032+0000 7f84797c0640 1 --2- >> [v2:172.21.15.7:3300/0,v1:172.21.15.7:6789/0] conn(0x7f8474107d90 0x7f847419b900 unknown :-1 s=BANNER_CONNECTING pgs=0 cs=0 l=1 rev1=0 crypto rx=0 tx=0 comp rx=0 tx=0)._handle_peer_banner_payload supported=3 required=0
2024-09-19T04:58:09.944 INFO:teuthology.orchestra.run.smithi007.stdout:/usr/bin/ceph: stderr
2024-09-19T04:58:09.032+0000 7f84797c0640 1 --2- >> [v2:172.21.15.7:3300/0,v1:172.21.15.7:6789/0] conn(0x7f8474107d90 0x7f847419b900 unknown :-1 s=HELLO_CONNECTING pgs=0 cs=0 l=1 rev1=1 crypto rx=0 tx=0 comp rx=0 tx=0).handle_hello peer v2:172.21.15.7:3300/0 says I am v2:172.21.15.7:44210/0 (socket says 172.21.15.7:44210)
2024-09-19T04:58:09.944 INFO:teuthology.orchestra.run.smithi007.stdout:/usr/bin/ceph: stderr
2024-09-19T04:58:09.032+0000 7f84797c0640 1 -- 172.21.15.7:0/3226212625 learned_addr learned my addr 172.21.15.7:0/3226212625 (peer_addr_for_me v2:172.21.15.7:0/0)
2024-09-19T04:58:09.944 INFO:teuthology.orchestra.run.smithi007.stdout:/usr/bin/ceph: stderr
2024-09-19T04:58:09.032+0000 7f84797c0640 1 -- 172.21.15.7:0/3226212625 --> [v2:172.21.15.7:3300/0,v1:172.21.15.7:6789/0] -- mon_subscribe({config=0+,monmap=0+}) -- 0x7f847419be40 con 0x7f8474107d90
2024-09-19T04:58:09.944 INFO:teuthology.orchestra.run.smithi007.stdout:/usr/bin/ceph: stderr
2024-09-19T04:58:09.032+0000 7f84797c0640 1 --2- 172.21.15.7:0/3226212625 >> [v2:172.21.15.7:3300/0,v1:172.21.15.7:6789/0] conn(0x7f8474107d90 0x7f847419b900 secure :-1 s=READY pgs=69 cs=0 l=1 rev1=1 crypto rx=0x7f8470032ea0 tx=0x7f8470032ed0 comp rx=0 tx=0).ready entity=mon.0 client_cookie=0 server_cookie=0 in_seq=0 out_seq=0
2024-09-19T04:58:09.944 INFO:teuthology.orchestra.run.smithi007.stdout:/usr/bin/ceph: stderr
2024-09-19T04:58:09.033+0000 7f846a7fc640 1 -- 172.21.15.7:0/3226212625 <== mon.0 v2:172.21.15.7:3300/0 1 ==== mon_map magic: 0 ==== 205+0+0 (secure 0 0 0) 0x7f8470042070 con 0x7f8474107d90
2024-09-19T04:58:09.944 INFO:teuthology.orchestra.run.smithi007.stdout:/usr/bin/ceph: stderr
2024-09-19T04:58:09.033+0000 7f846a7fc640 1 -- 172.21.15.7:0/3226212625 <== mon.0 v2:172.21.15.7:3300/0 2 ==== config(29 keys) ==== 1209+0+0 (secure 0 0 0) 0x7f84700326c0 con 0x7f8474107d90
2024-09-19T04:58:09.944 INFO:teuthology.orchestra.run.smithi007.stdout:/usr/bin/ceph: stderr
2024-09-19T04:58:09.033+0000 7f847ba24640 1 -- 172.21.15.7:0/3226212625 --> [v2:172.21.15.7:3300/0,v1:172.21.15.7:6789/0] -- mon_subscribe({mgrmap=0+}) -- 0x7f847419c0d0 con 0x7f8474107d90
2024-09-19T04:58:09.945 INFO:teuthology.orchestra.run.smithi007.stdout:/usr/bin/ceph: stderr
2024-09-19T04:58:09.033+0000 7f846a7fc640 1 -- 172.21.15.7:0/3226212625 <== mon.0 v2:172.21.15.7:3300/0 3 ==== mon_map magic: 0 ==== 205+0+0 (secure 0 0 0) 0x7f8470037040 con 0x7f8474107d90
2024-09-19T04:58:09.945 INFO:teuthology.orchestra.run.smithi007.stdout:/usr/bin/ceph: stderr
2024-09-19T04:58:09.033+0000 7f847ba24640 1 -- 172.21.15.7:0/3226212625 --> [v2:172.21.15.7:3300/0,v1:172.21.15.7:6789/0] -- mon_subscribe({osdmap=0}) -- 0x7f847419edc0 con 0x7f8474107d90
2024-09-19T04:58:09.945 INFO:teuthology.orchestra.run.smithi007.stdout:/usr/bin/ceph: stderr
2024-09-19T04:58:09.034+0000 7f846a7fc640 1 -- 172.21.15.7:0/3226212625 <== mon.0 v2:172.21.15.7:3300/0 4 ==== mgrmap(e 11) ==== 46368+0+0 (secure 0 0 0) 0x7f8470045070 con 0x7f8474107d90
2024-09-19T04:58:09.945 INFO:teuthology.orchestra.run.smithi007.stdout:/usr/bin/ceph: stderr
2024-09-19T04:58:09.034+0000 7f847ba24640 1 -- 172.21.15.7:0/3226212625 --> [v2:172.21.15.7:3300/0,v1:172.21.15.7:6789/0] -- mon_command({"prefix": "get_command_descriptions"} v 0) -- 0x7f8474108190 con 0x7f8474107d90
2024-09-19T04:58:09.945 INFO:teuthology.orchestra.run.smithi007.stdout:/usr/bin/ceph: stderr
2024-09-19T04:58:09.034+0000 7f846a7fc640 1 --2- 172.21.15.7:0/3226212625 >> [v2:172.21.15.7:6800/3580661122,v1:172.21.15.7:6801/3580661122] conn(0x7f84600390f0 0x7f846003b5b0 unknown :-1 s=NONE pgs=0 cs=0 l=1 rev1=0 crypto rx=0 tx=0 comp rx=0 tx=0).connect
2024-09-19T04:58:09.945 INFO:teuthology.orchestra.run.smithi007.stdout:/usr/bin/ceph: stderr
2024-09-19T04:58:09.034+0000 7f846a7fc640 1 -- 172.21.15.7:0/3226212625 <== mon.0 v2:172.21.15.7:3300/0 5 ==== osd_map(3..3 src has 1..3) ==== 1155+0+0 (secure 0 0 0) 0x7f847006c2e0 con 0x7f8474107d90
2024-09-19T04:58:09.945 INFO:teuthology.orchestra.run.smithi007.stdout:/usr/bin/ceph: stderr
2024-09-19T04:58:09.034+0000 7f8478fbf640 1 --2- 172.21.15.7:0/3226212625 >> [v2:172.21.15.7:6800/3580661122,v1:172.21.15.7:6801/3580661122] conn(0x7f84600390f0 0x7f846003b5b0 unknown :-1 s=BANNER_CONNECTING pgs=0 cs=0 l=1 rev1=0 crypto rx=0 tx=0 comp rx=0 tx=0)._handle_peer_banner_payload supported=3 required=0
2024-09-19T04:58:09.945 INFO:teuthology.orchestra.run.smithi007.stdout:/usr/bin/ceph: stderr
2024-09-19T04:58:09.034+0000 7f8478fbf640 1 --2- 172.21.15.7:0/3226212625 >> [v2:172.21.15.7:6800/3580661122,v1:172.21.15.7:6801/3580661122] conn(0x7f84600390f0 0x7f846003b5b0 secure :-1 s=READY pgs=7 cs=0 l=1 rev1=1 crypto rx=0x7f84640098c0 tx=0x7f8464006db0 comp rx=0 tx=0).ready entity=mgr.14150 client_cookie=0 server_cookie=0 in_seq=0 out_seq=0
2024-09-19T04:58:09.945 INFO:teuthology.orchestra.run.smithi007.stdout:/usr/bin/ceph: stderr
2024-09-19T04:58:09.039+0000 7f846a7fc640 1 -- 172.21.15.7:0/3226212625 <== mon.0 v2:172.21.15.7:3300/0 6 ==== mon_command_ack([{"prefix": "get_command_descriptions"}]=0 v0) ==== 72+0+188913 (secure 0 0 0) 0x7f847004b170 con 0x7f8474107d90
2024-09-19T04:58:09.945 INFO:teuthology.orchestra.run.smithi007.stdout:/usr/bin/ceph: stderr
2024-09-19T04:58:09.056+0000 7f846a7fc640 1 -- 172.21.15.7:0/3226212625 <== mon.0 v2:172.21.15.7:3300/0 7 ==== mgrmap(e 12) ==== 46474+0+0 (secure 0 0 0) 0x7f847003cd00 con 0x7f8474107d90
2024-09-19T04:58:09.945 INFO:teuthology.orchestra.run.smithi007.stdout:/usr/bin/ceph: stderr
2024-09-19T04:58:09.226+0000 7f847ba24640 1 -- 172.21.15.7:0/3226212625 --> [v2:172.21.15.7:6800/3580661122,v1:172.21.15.7:6801/3580661122] -- mgr_command(tid 0: {"prefix": "dashboard create-self-signed-cert", "target": ["mon-mgr", ""]}) -- 0x7f847402da10 con 0x7f84600390f0
2024-09-19T04:58:09.945 INFO:teuthology.orchestra.run.smithi007.stdout:/usr/bin/ceph: stderr
2024-09-19T04:58:09.312+0000 7f846a7fc640 1 -- 172.21.15.7:0/3226212625 <== mgr.14150 v2:172.21.15.7:6800/3580661122 1 ==== mgr_command_reply(tid 0: 0 ) ==== 8+0+32 (secure 0 0 0) 0x7f847402da10 con 0x7f84600390f0
2024-09-19T04:58:09.945 INFO:teuthology.orchestra.run.smithi007.stdout:/usr/bin/ceph: stderr
2024-09-19T04:58:09.314+0000 7f847ba24640 1 -- 172.21.15.7:0/3226212625 >> [v2:172.21.15.7:6800/3580661122,v1:172.21.15.7:6801/3580661122] conn(0x7f84600390f0 msgr2=0x7f846003b5b0 secure :-1 s=STATE_CONNECTION_ESTABLISHED l=1).mark_down
2024-09-19T04:58:09.946 INFO:teuthology.orchestra.run.smithi007.stdout:/usr/bin/ceph: stderr
2024-09-19T04:58:09.314+0000 7f847ba24640 1 --2- 172.21.15.7:0/3226212625 >> [v2:172.21.15.7:6800/3580661122,v1:172.21.15.7:6801/3580661122] conn(0x7f84600390f0 0x7f846003b5b0 secure :-1 s=READY pgs=7 cs=0 l=1 rev1=1 crypto rx=0x7f84640098c0 tx=0x7f8464006db0 comp rx=0 tx=0).stop
2024-09-19T04:58:09.946 INFO:teuthology.orchestra.run.smithi007.stdout:/usr/bin/ceph: stderr
2024-09-19T04:58:09.314+0000 7f847ba24640 1 -- 172.21.15.7:0/3226212625 >> [v2:172.21.15.7:3300/0,v1:172.21.15.7:6789/0] conn(0x7f8474107d90 msgr2=0x7f847419b900 secure :-1 s=STATE_CONNECTION_ESTABLISHED l=1).mark_down
2024-09-19T04:58:09.946 INFO:teuthology.orchestra.run.smithi007.stdout:/usr/bin/ceph: stderr
2024-09-19T04:58:09.314+0000 7f847ba24640 1 --2- 172.21.15.7:0/3226212625 >> [v2:172.21.15.7:3300/0,v1:172.21.15.7:6789/0] conn(0x7f8474107d90 0x7f847419b900 secure :-1 s=READY pgs=69 cs=0 l=1 rev1=1 crypto rx=0x7f8470032ea0 tx=0x7f8470032ed0 comp rx=0 tx=0).stop
2024-09-19T04:58:09.946 INFO:teuthology.orchestra.run.smithi007.stdout:/usr/bin/ceph: stderr
2024-09-19T04:58:09.315+0000 7f847ba24640 1 -- 172.21.15.7:0/3226212625 shutdown_connections
2024-09-19T04:58:09.946 INFO:teuthology.orchestra.run.smithi007.stdout:/usr/bin/ceph: stderr
2024-09-19T04:58:09.315+0000 7f847ba24640 1 --2- 172.21.15.7:0/3226212625 >> [v2:172.21.15.7:6800/3580661122,v1:172.21.15.7:6801/3580661122] conn(0x7f84600390f0 0x7f846003b5b0 unknown :-1 s=CLOSED pgs=7 cs=0 l=1 rev1=1 crypto rx=0 tx=0 comp rx=0 tx=0).stop
2024-09-19T04:58:09.946 INFO:teuthology.orchestra.run.smithi007.stdout:/usr/bin/ceph: stderr
2024-09-19T04:58:09.315+0000 7f847ba24640 1 --2- 172.21.15.7:0/3226212625 >> [v2:172.21.15.7:3300/0,v1:172.21.15.7:6789/0] conn(0x7f8474107d90 0x7f847419b900 unknown :-1 s=CLOSED pgs=69 cs=0 l=1 rev1=1 crypto rx=0 tx=0 comp rx=0 tx=0).stop
2024-09-19T04:58:09.946 INFO:teuthology.orchestra.run.smithi007.stdout:/usr/bin/ceph: stderr
2024-09-19T04:58:09.315+0000 7f847ba24640 1 -- 172.21.15.7:0/3226212625 >> 172.21.15.7:0/3226212625 conn(0x7f84741016f0 msgr2=0x7f8474102590 unknown :-1 s=STATE_NONE l=0).mark_down
2024-09-19T04:58:09.946 INFO:teuthology.orchestra.run.smithi007.stdout:/usr/bin/ceph: stderr
2024-09-19T04:58:09.315+0000 7f847ba24640 1 -- 172.21.15.7:0/3226212625 shutdown_connections
2024-09-19T04:58:09.946 INFO:teuthology.orchestra.run.smithi007.stdout:/usr/bin/ceph: stderr
2024-09-19T04:58:09.315+0000 7f847ba24640 1 -- 172.21.15.7:0/3226212625 wait complete.
2024-09-19T04:58:09.946 INFO:teuthology.orchestra.run.smithi007.stdout:Creating initial admin user...
2024-09-19T04:58:10.337 INFO:journalctl@ceph.mon.a.smithi007.stdout:Sep 19 04:58:10 smithi007 ceph-mon[30950]: mgrmap e12: x(active, since 2s)
2024-09-19T04:58:10.337 INFO:journalctl@ceph.mon.a.smithi007.stdout:Sep 19 04:58:10 smithi007 ceph-mon[30950]: from='client.14162 -' entity='client.admin' cmd=[{"prefix": "dashboard create-self-signed-cert", "target": ["mon-mgr", ""]}]: dispatch
2024-09-19T04:58:10.337 INFO:journalctl@ceph.mon.a.smithi007.stdout:Sep 19 04:58:10 smithi007 ceph-mon[30950]: from='mgr.14150 172.21.15.7:0/4242826417' entity='mgr.x'
2024-09-19T04:58:10.337 INFO:journalctl@ceph.mon.a.smithi007.stdout:Sep 19 04:58:10 smithi007 ceph-mon[30950]: from='mgr.14150 172.21.15.7:0/4242826417' entity='mgr.x'
2024-09-19T04:58:10.337 INFO:journalctl@ceph.mon.a.smithi007.stdout:Sep 19 04:58:10 smithi007 ceph-mon[30950]: from='mgr.14150 172.21.15.7:0/4242826417' entity='mgr.x'
2024-09-19T04:58:11.200 INFO:journalctl@ceph.mon.a.smithi007.stdout:Sep 19 04:58:11 smithi007 ceph-mon[30950]: from='client.14164 -' entity='client.admin' cmd=[{"prefix": "dashboard ac-user-create", "username": "admin", "rolename": "administrator", "force_password": true, "pwd_update_required": true, "target": ["mon-mgr", ""]}]: dispatch
2024-09-19T04:58:11.200 INFO:journalctl@ceph.mon.a.smithi007.stdout:Sep 19 04:58:11 smithi007 ceph-mon[30950]: from='mgr.14150 172.21.15.7:0/4242826417' entity='mgr.x'
2024-09-19T04:58:11.521 INFO:teuthology.orchestra.run.smithi007.stdout:/usr/bin/ceph: stdout {"username": "admin", "password": "$2b$12$Ecy3fC80u52m8jTUpUrjIOvHLGMbkFUb64QtTUbJSpKT2KEOnMQBO", "roles": ["administrator"], "name": null, "email": null, "lastUpdate": 1726721890, "enabled": true, "pwdExpirationDate": null, "pwdUpdateRequired": true}
2024-09-19T04:58:11.521 INFO:teuthology.orchestra.run.smithi007.stdout:/usr/bin/ceph: stderr
2024-09-19T04:58:10.335+0000 7fab3213b640 1 Processor -- start
2024-09-19T04:58:11.521 INFO:teuthology.orchestra.run.smithi007.stdout:/usr/bin/ceph: stderr
2024-09-19T04:58:10.335+0000 7fab3213b640 1 -- start start
2024-09-19T04:58:11.521 INFO:teuthology.orchestra.run.smithi007.stdout:/usr/bin/ceph: stderr
2024-09-19T04:58:10.335+0000 7fab3213b640 1 --2- >> [v2:172.21.15.7:3300/0,v1:172.21.15.7:6789/0] conn(0x7fab2c106740 0x7fab2c106b40 unknown :-1 s=NONE pgs=0 cs=0 l=0 rev1=0 crypto rx=0 tx=0 comp rx=0 tx=0).connect
2024-09-19T04:58:11.521 INFO:teuthology.orchestra.run.smithi007.stdout:/usr/bin/ceph: stderr
2024-09-19T04:58:10.335+0000 7fab3213b640 1 -- --> [v2:172.21.15.7:3300/0,v1:172.21.15.7:6789/0] -- mon_getmap magic: 0 -- 0x7fab2c107110 con 0x7fab2c106740
2024-09-19T04:58:11.521 INFO:teuthology.orchestra.run.smithi007.stdout:/usr/bin/ceph: stderr
2024-09-19T04:58:10.336+0000 7fab2b7fe640 1 --2- >> [v2:172.21.15.7:3300/0,v1:172.21.15.7:6789/0] conn(0x7fab2c106740 0x7fab2c106b40 unknown :-1 s=BANNER_CONNECTING pgs=0 cs=0 l=0 rev1=0 crypto rx=0 tx=0 comp rx=0 tx=0)._handle_peer_banner_payload supported=3 required=0
2024-09-19T04:58:11.521 INFO:teuthology.orchestra.run.smithi007.stdout:/usr/bin/ceph: stderr
