2024-09-19T04:57:37.427+0000 7f8937dab640 1 -- 172.21.15.7:0/4062114303 --> [v2:172.21.15.7:3300/0,v1:172.21.15.7:6789/0] -- mon_subscribe({osdmap=0}) -- 0x7f89301a0f80 con 0x7f893007dca0
2024-09-19T04:57:38.295 INFO:teuthology.orchestra.run.smithi007.stdout:/usr/bin/ceph: stderr
2024-09-19T04:57:37.428+0000 7f892effd640 1 -- 172.21.15.7:0/4062114303 <== mon.0 v2:172.21.15.7:3300/0 4 ==== mgrmap(e 4) ==== 46450+0+0 (secure 0 0 0) 0x7f892003bbb0 con 0x7f893007dca0
2024-09-19T04:57:38.295 INFO:teuthology.orchestra.run.smithi007.stdout:/usr/bin/ceph: stderr
2024-09-19T04:57:37.428+0000 7f8937dab640 1 -- 172.21.15.7:0/4062114303 --> [v2:172.21.15.7:3300/0,v1:172.21.15.7:6789/0] -- mon_command({"prefix": "get_command_descriptions"} v 0) -- 0x7f893007c2e0 con 0x7f893007dca0
2024-09-19T04:57:38.295 INFO:teuthology.orchestra.run.smithi007.stdout:/usr/bin/ceph: stderr
2024-09-19T04:57:37.428+0000 7f892effd640 1 --2- 172.21.15.7:0/4062114303 >> [v2:172.21.15.7:6800/3942690972,v1:172.21.15.7:6801/3942690972] conn(0x7f89180391b0 0x7f891803b670 unknown :-1 s=NONE pgs=0 cs=0 l=1 rev1=0 crypto rx=0 tx=0 comp rx=0 tx=0).connect
2024-09-19T04:57:38.296 INFO:teuthology.orchestra.run.smithi007.stdout:/usr/bin/ceph: stderr
2024-09-19T04:57:37.428+0000 7f892effd640 1 -- 172.21.15.7:0/4062114303 <== mon.0 v2:172.21.15.7:3300/0 5 ==== osd_map(1..1 src has 1..1) ==== 725+0+0 (secure 0 0 0) 0x7f892006d200 con 0x7f893007dca0
2024-09-19T04:57:38.296 INFO:teuthology.orchestra.run.smithi007.stdout:/usr/bin/ceph: stderr
2024-09-19T04:57:37.428+0000 7f8935346640 1 --2- 172.21.15.7:0/4062114303 >> [v2:172.21.15.7:6800/3942690972,v1:172.21.15.7:6801/3942690972] conn(0x7f89180391b0 0x7f891803b670 unknown :-1 s=BANNER_CONNECTING pgs=0 cs=0 l=1 rev1=0 crypto rx=0 tx=0 comp rx=0 tx=0)._handle_peer_banner_payload supported=3 required=0
2024-09-19T04:57:38.296 INFO:teuthology.orchestra.run.smithi007.stdout:/usr/bin/ceph: stderr
2024-09-19T04:57:37.429+0000 7f8935346640 1 --2- 172.21.15.7:0/4062114303 >> [v2:172.21.15.7:6800/3942690972,v1:172.21.15.7:6801/3942690972] conn(0x7f89180391b0 0x7f891803b670 secure :-1 s=READY pgs=8 cs=0 l=1 rev1=1 crypto rx=0x7f89240098c0 tx=0x7f8924006db0 comp rx=0 tx=0).ready entity=mgr.14100 client_cookie=0 server_cookie=0 in_seq=0 out_seq=0
2024-09-19T04:57:38.296 INFO:teuthology.orchestra.run.smithi007.stdout:/usr/bin/ceph: stderr
2024-09-19T04:57:37.433+0000 7f892effd640 1 -- 172.21.15.7:0/4062114303 <== mon.0 v2:172.21.15.7:3300/0 6 ==== mon_command_ack([{"prefix": "get_command_descriptions"}]=0 v0) ==== 72+0+188913 (secure 0 0 0) 0x7f892006cf60 con 0x7f893007dca0
2024-09-19T04:57:38.296 INFO:teuthology.orchestra.run.smithi007.stdout:/usr/bin/ceph: stderr
2024-09-19T04:57:37.653+0000 7f8937dab640 1 -- 172.21.15.7:0/4062114303 --> [v2:172.21.15.7:3300/0,v1:172.21.15.7:6789/0] -- mon_command({"prefix": "mgr module enable", "module": "cephadm"} v 0) -- 0x7f89301a1600 con 0x7f893007dca0
2024-09-19T04:57:38.296 INFO:teuthology.orchestra.run.smithi007.stdout:/usr/bin/ceph: stderr
2024-09-19T04:57:37.705+0000 7f892effd640 1 -- 172.21.15.7:0/4062114303 <== mon.0 v2:172.21.15.7:3300/0 7 ==== mon_command_ack([{"prefix": "mgr module enable", "module": "cephadm"}]=0 v5) ==== 86+0+0 (secure 0 0 0) 0x7f892003dc70 con 0x7f893007dca0
2024-09-19T04:57:38.296 INFO:teuthology.orchestra.run.smithi007.stdout:/usr/bin/ceph: stderr
2024-09-19T04:57:37.706+0000 7f892effd640 1 -- 172.21.15.7:0/4062114303 <== mon.0 v2:172.21.15.7:3300/0 8 ==== mgrmap(e 5) ==== 46461+0+0 (secure 0 0 0) 0x7f8920039ce0 con 0x7f893007dca0
2024-09-19T04:57:38.296 INFO:teuthology.orchestra.run.smithi007.stdout:/usr/bin/ceph: stderr
2024-09-19T04:57:37.708+0000 7f8937dab640 1 -- 172.21.15.7:0/4062114303 >> [v2:172.21.15.7:6800/3942690972,v1:172.21.15.7:6801/3942690972] conn(0x7f89180391b0 msgr2=0x7f891803b670 secure :-1 s=STATE_CONNECTION_ESTABLISHED l=1).mark_down
2024-09-19T04:57:38.296 INFO:teuthology.orchestra.run.smithi007.stdout:/usr/bin/ceph: stderr
2024-09-19T04:57:37.708+0000 7f8937dab640 1 --2- 172.21.15.7:0/4062114303 >> [v2:172.21.15.7:6800/3942690972,v1:172.21.15.7:6801/3942690972] conn(0x7f89180391b0 0x7f891803b670 secure :-1 s=READY pgs=8 cs=0 l=1 rev1=1 crypto rx=0x7f89240098c0 tx=0x7f8924006db0 comp rx=0 tx=0).stop
2024-09-19T04:57:38.296 INFO:teuthology.orchestra.run.smithi007.stdout:/usr/bin/ceph: stderr
2024-09-19T04:57:37.708+0000 7f8937dab640 1 -- 172.21.15.7:0/4062114303 >> [v2:172.21.15.7:3300/0,v1:172.21.15.7:6789/0] conn(0x7f893007dca0 msgr2=0x7f893019dac0 secure :-1 s=STATE_CONNECTION_ESTABLISHED l=1).mark_down
2024-09-19T04:57:38.296 INFO:teuthology.orchestra.run.smithi007.stdout:/usr/bin/ceph: stderr
2024-09-19T04:57:37.708+0000 7f8937dab640 1 --2- 172.21.15.7:0/4062114303 >> [v2:172.21.15.7:3300/0,v1:172.21.15.7:6789/0] conn(0x7f893007dca0 0x7f893019dac0 secure :-1 s=READY pgs=21 cs=0 l=1 rev1=1 crypto rx=0x7f8920009e50 tx=0x7f8920031630 comp rx=0 tx=0).stop
2024-09-19T04:57:38.296 INFO:teuthology.orchestra.run.smithi007.stdout:/usr/bin/ceph: stderr
2024-09-19T04:57:37.708+0000 7f8937dab640 1 -- 172.21.15.7:0/4062114303 shutdown_connections
2024-09-19T04:57:38.297 INFO:teuthology.orchestra.run.smithi007.stdout:/usr/bin/ceph: stderr
2024-09-19T04:57:37.708+0000 7f8937dab640 1 --2- 172.21.15.7:0/4062114303 >> [v2:172.21.15.7:6800/3942690972,v1:172.21.15.7:6801/3942690972] conn(0x7f89180391b0 0x7f891803b670 unknown :-1 s=CLOSED pgs=8 cs=0 l=1 rev1=1 crypto rx=0 tx=0 comp rx=0 tx=0).stop
2024-09-19T04:57:38.297 INFO:teuthology.orchestra.run.smithi007.stdout:/usr/bin/ceph: stderr
2024-09-19T04:57:37.708+0000 7f8937dab640 1 --2- 172.21.15.7:0/4062114303 >> [v2:172.21.15.7:3300/0,v1:172.21.15.7:6789/0] conn(0x7f893007dca0 0x7f893019dac0 unknown :-1 s=CLOSED pgs=21 cs=0 l=1 rev1=1 crypto rx=0 tx=0 comp rx=0 tx=0).stop
2024-09-19T04:57:38.297 INFO:teuthology.orchestra.run.smithi007.stdout:/usr/bin/ceph: stderr
2024-09-19T04:57:37.708+0000 7f8937dab640 1 -- 172.21.15.7:0/4062114303 >> 172.21.15.7:0/4062114303 conn(0x7f8930103150 msgr2=0x7f8930103d00 unknown :-1 s=STATE_NONE l=0).mark_down
2024-09-19T04:57:38.297 INFO:teuthology.orchestra.run.smithi007.stdout:/usr/bin/ceph: stderr
2024-09-19T04:57:37.708+0000 7f8937dab640 1 -- 172.21.15.7:0/4062114303 shutdown_connections
2024-09-19T04:57:38.297 INFO:teuthology.orchestra.run.smithi007.stdout:/usr/bin/ceph: stderr
2024-09-19T04:57:37.708+0000 7f8937dab640 1 -- 172.21.15.7:0/4062114303 wait complete.
2024-09-19T04:57:38.587 INFO:journalctl@ceph.mgr.x.smithi007.stdout:Sep 19 04:57:38 smithi007 ceph-75feb710-7643-11ef-bceb-c7b262605968-mgr-x[31178]:
2024-09-19T04:57:38.287+0000 7ff8858e3040 -1 mgr[py] Module test_orchestrator has missing NOTIFY_TYPES member
2024-09-19T04:57:38.588 INFO:journalctl@ceph.mgr.x.smithi007.stdout:Sep 19 04:57:38 smithi007 ceph-75feb710-7643-11ef-bceb-c7b262605968-mgr-x[31178]:
2024-09-19T04:57:38.447+0000 7ff8858e3040 -1 mgr[py] Module snap_schedule has missing NOTIFY_TYPES member
2024-09-19T04:57:38.858 INFO:journalctl@ceph.mon.a.smithi007.stdout:Sep 19 04:57:38 smithi007 ceph-mon[30950]: from='client.? 172.21.15.7:0/4062114303' entity='client.admin' cmd='[{"prefix": "mgr module enable", "module": "cephadm"}]': finished
2024-09-19T04:57:38.858 INFO:journalctl@ceph.mon.a.smithi007.stdout:Sep 19 04:57:38 smithi007 ceph-mon[30950]: mgrmap e5: x(active, since 13s)
2024-09-19T04:57:38.858 INFO:journalctl@ceph.mgr.x.smithi007.stdout:Sep 19 04:57:38 smithi007 ceph-75feb710-7643-11ef-bceb-c7b262605968-mgr-x[31178]:
2024-09-19T04:57:38.793+0000 7ff8858e3040 -1 mgr[py] Module prometheus has missing NOTIFY_TYPES member
2024-09-19T04:57:38.859 INFO:journalctl@ceph.mgr.x.smithi007.stdout:Sep 19 04:57:38 smithi007 ceph-75feb710-7643-11ef-bceb-c7b262605968-mgr-x[31178]:
2024-09-19T04:57:38.857+0000 7ff8858e3040 -1 mgr[py] Module selftest has missing NOTIFY_TYPES member
2024-09-19T04:57:39.200 INFO:journalctl@ceph.mgr.x.smithi007.stdout:Sep 19 04:57:39 smithi007 ceph-75feb710-7643-11ef-bceb-c7b262605968-mgr-x[31178]:
2024-09-19T04:57:39.054+0000 7ff8858e3040 -1 mgr[py] Module volumes has missing NOTIFY_TYPES member
2024-09-19T04:57:39.818 INFO:teuthology.orchestra.run.smithi007.stdout:/usr/bin/ceph: stdout {
2024-09-19T04:57:39.818 INFO:teuthology.orchestra.run.smithi007.stdout:/usr/bin/ceph: stdout "epoch": 5,
2024-09-19T04:57:39.819 INFO:teuthology.orchestra.run.smithi007.stdout:/usr/bin/ceph: stdout "available": true,
2024-09-19T04:57:39.819 INFO:teuthology.orchestra.run.smithi007.stdout:/usr/bin/ceph: stdout "active_name": "x",
2024-09-19T04:57:39.819 INFO:teuthology.orchestra.run.smithi007.stdout:/usr/bin/ceph: stdout "num_standby": 0
2024-09-19T04:57:39.819 INFO:teuthology.orchestra.run.smithi007.stdout:/usr/bin/ceph: stdout }
2024-09-19T04:57:39.819 INFO:teuthology.orchestra.run.smithi007.stdout:/usr/bin/ceph: stderr
2024-09-19T04:57:38.665+0000 7f95de0f5640 1 Processor -- start
2024-09-19T04:57:39.819 INFO:teuthology.orchestra.run.smithi007.stdout:/usr/bin/ceph: stderr
2024-09-19T04:57:38.665+0000 7f95de0f5640 1 -- start start
2024-09-19T04:57:39.819 INFO:teuthology.orchestra.run.smithi007.stdout:/usr/bin/ceph: stderr
2024-09-19T04:57:38.665+0000 7f95de0f5640 1 --2- >> [v2:172.21.15.7:3300/0,v1:172.21.15.7:6789/0] conn(0x7f95d81082c0 0x7f95d810a6b0 unknown :-1 s=NONE pgs=0 cs=0 l=0 rev1=0 crypto rx=0 tx=0 comp rx=0 tx=0).connect
2024-09-19T04:57:39.819 INFO:teuthology.orchestra.run.smithi007.stdout:/usr/bin/ceph: stderr
2024-09-19T04:57:38.665+0000 7f95de0f5640 1 -- --> [v2:172.21.15.7:3300/0,v1:172.21.15.7:6789/0] -- mon_getmap magic: 0 -- 0x7f95d807be30 con 0x7f95d81082c0
2024-09-19T04:57:39.820 INFO:teuthology.orchestra.run.smithi007.stdout:/usr/bin/ceph: stderr
2024-09-19T04:57:38.665+0000 7f95d77fe640 1 --2- >> [v2:172.21.15.7:3300/0,v1:172.21.15.7:6789/0] conn(0x7f95d81082c0 0x7f95d810a6b0 unknown :-1 s=BANNER_CONNECTING pgs=0 cs=0 l=0 rev1=0 crypto rx=0 tx=0 comp rx=0 tx=0)._handle_peer_banner_payload supported=3 required=0
2024-09-19T04:57:39.820 INFO:teuthology.orchestra.run.smithi007.stdout:/usr/bin/ceph: stderr
2024-09-19T04:57:38.665+0000 7f95d77fe640 1 --2- >> [v2:172.21.15.7:3300/0,v1:172.21.15.7:6789/0] conn(0x7f95d81082c0 0x7f95d810a6b0 unknown :-1 s=HELLO_CONNECTING pgs=0 cs=0 l=0 rev1=1 crypto rx=0 tx=0 comp rx=0 tx=0).handle_hello peer v2:172.21.15.7:3300/0 says I am v2:172.21.15.7:53282/0 (socket says 172.21.15.7:53282)
2024-09-19T04:57:39.820 INFO:teuthology.orchestra.run.smithi007.stdout:/usr/bin/ceph: stderr
2024-09-19T04:57:38.665+0000 7f95d77fe640 1 -- 172.21.15.7:0/3024279271 learned_addr learned my addr 172.21.15.7:0/3024279271 (peer_addr_for_me v2:172.21.15.7:0/0)
2024-09-19T04:57:39.820 INFO:teuthology.orchestra.run.smithi007.stdout:/usr/bin/ceph: stderr
2024-09-19T04:57:38.666+0000 7f95d77fe640 1 -- 172.21.15.7:0/3024279271 --> [v2:172.21.15.7:3300/0,v1:172.21.15.7:6789/0] -- mon_subscribe({config=0+,monmap=0+}) -- 0x7f95d810abf0 con 0x7f95d81082c0
2024-09-19T04:57:39.820 INFO:teuthology.orchestra.run.smithi007.stdout:/usr/bin/ceph: stderr
2024-09-19T04:57:38.666+0000 7f95d77fe640 1 --2- 172.21.15.7:0/3024279271 >> [v2:172.21.15.7:3300/0,v1:172.21.15.7:6789/0] conn(0x7f95d81082c0 0x7f95d810a6b0 secure :-1 s=READY pgs=24 cs=0 l=1 rev1=1 crypto rx=0x7f95c0009820 tx=0x7f95c002a270 comp rx=0 tx=0).ready entity=mon.0 client_cookie=8b0f01e9e053a5d3 server_cookie=0 in_seq=0 out_seq=0
2024-09-19T04:57:39.821 INFO:teuthology.orchestra.run.smithi007.stdout:/usr/bin/ceph: stderr
2024-09-19T04:57:38.667+0000 7f95d67fc640 1 -- 172.21.15.7:0/3024279271 <== mon.0 v2:172.21.15.7:3300/0 1 ==== mon_map magic: 0 ==== 205+0+0 (secure 0 0 0) 0x7f95c0037070 con 0x7f95d81082c0
2024-09-19T04:57:39.821 INFO:teuthology.orchestra.run.smithi007.stdout:/usr/bin/ceph: stderr
2024-09-19T04:57:38.667+0000 7f95d67fc640 1 -- 172.21.15.7:0/3024279271 <== mon.0 v2:172.21.15.7:3300/0 2 ==== config(29 keys) ==== 1178+0+0 (secure 0 0 0) 0x7f95c0032940 con 0x7f95d81082c0
2024-09-19T04:57:39.821 INFO:teuthology.orchestra.run.smithi007.stdout:/usr/bin/ceph: stderr
2024-09-19T04:57:38.667+0000 7f95d67fc640 1 -- 172.21.15.7:0/3024279271 <== mon.0 v2:172.21.15.7:3300/0 3 ==== mon_map magic: 0 ==== 205+0+0 (secure 0 0 0) 0x7f95c00309c0 con 0x7f95d81082c0
2024-09-19T04:57:39.821 INFO:teuthology.orchestra.run.smithi007.stdout:/usr/bin/ceph: stderr
2024-09-19T04:57:38.667+0000 7f95de0f5640 1 -- 172.21.15.7:0/3024279271 >> [v2:172.21.15.7:3300/0,v1:172.21.15.7:6789/0] conn(0x7f95d81082c0 msgr2=0x7f95d810a6b0 secure :-1 s=STATE_CONNECTION_ESTABLISHED l=1).mark_down
2024-09-19T04:57:39.821 INFO:teuthology.orchestra.run.smithi007.stdout:/usr/bin/ceph: stderr
2024-09-19T04:57:38.667+0000 7f95de0f5640 1 --2- 172.21.15.7:0/3024279271 >> [v2:172.21.15.7:3300/0,v1:172.21.15.7:6789/0] conn(0x7f95d81082c0 0x7f95d810a6b0 secure :-1 s=READY pgs=24 cs=0 l=1 rev1=1 crypto rx=0x7f95c0009820 tx=0x7f95c002a270 comp rx=0 tx=0).stop
2024-09-19T04:57:39.821 INFO:teuthology.orchestra.run.smithi007.stdout:/usr/bin/ceph: stderr
2024-09-19T04:57:38.667+0000 7f95de0f5640 1 -- 172.21.15.7:0/3024279271 shutdown_connections
2024-09-19T04:57:39.821 INFO:teuthology.orchestra.run.smithi007.stdout:/usr/bin/ceph: stderr
2024-09-19T04:57:38.667+0000 7f95de0f5640 1 --2- 172.21.15.7:0/3024279271 >> [v2:172.21.15.7:3300/0,v1:172.21.15.7:6789/0] conn(0x7f95d81082c0 0x7f95d810a6b0 unknown :-1 s=CLOSED pgs=24 cs=0 l=1 rev1=1 crypto rx=0 tx=0 comp rx=0 tx=0).stop
2024-09-19T04:57:39.821 INFO:teuthology.orchestra.run.smithi007.stdout:/usr/bin/ceph: stderr
2024-09-19T04:57:38.667+0000 7f95de0f5640 1 -- 172.21.15.7:0/3024279271 >> 172.21.15.7:0/3024279271 conn(0x7f95d8101ee0 msgr2=0x7f95d8104320 unknown :-1 s=STATE_NONE l=0).mark_down
2024-09-19T04:57:39.821 INFO:teuthology.orchestra.run.smithi007.stdout:/usr/bin/ceph: stderr
2024-09-19T04:57:38.667+0000 7f95de0f5640 1 -- 172.21.15.7:0/3024279271 shutdown_connections
2024-09-19T04:57:39.821 INFO:teuthology.orchestra.run.smithi007.stdout:/usr/bin/ceph: stderr
2024-09-19T04:57:38.667+0000 7f95de0f5640 1 -- 172.21.15.7:0/3024279271 wait complete.
2024-09-19T04:57:39.822 INFO:teuthology.orchestra.run.smithi007.stdout:/usr/bin/ceph: stderr
2024-09-19T04:57:38.668+0000 7f95de0f5640 1 Processor -- start
2024-09-19T04:57:39.822 INFO:teuthology.orchestra.run.smithi007.stdout:/usr/bin/ceph: stderr
2024-09-19T04:57:38.668+0000 7f95de0f5640 1 -- start start
2024-09-19T04:57:39.822 INFO:teuthology.orchestra.run.smithi007.stdout:/usr/bin/ceph: stderr
2024-09-19T04:57:38.668+0000 7f95de0f5640 1 --2- >> [v2:172.21.15.7:3300/0,v1:172.21.15.7:6789/0] conn(0x7f95d81082c0 0x7f95d819b940 unknown :-1 s=NONE pgs=0 cs=0 l=1 rev1=0 crypto rx=0 tx=0 comp rx=0 tx=0).connect
2024-09-19T04:57:39.822 INFO:teuthology.orchestra.run.smithi007.stdout:/usr/bin/ceph: stderr
2024-09-19T04:57:38.668+0000 7f95de0f5640 1 -- --> [v2:172.21.15.7:3300/0,v1:172.21.15.7:6789/0] -- mon_getmap magic: 0 -- 0x7f95d810bd50 con 0x7f95d81082c0
2024-09-19T04:57:39.822 INFO:teuthology.orchestra.run.smithi007.stdout:/usr/bin/ceph: stderr
2024-09-19T04:57:38.669+0000 7f95d77fe640 1 --2- >> [v2:172.21.15.7:3300/0,v1:172.21.15.7:6789/0] conn(0x7f95d81082c0 0x7f95d819b940 unknown :-1 s=BANNER_CONNECTING pgs=0 cs=0 l=1 rev1=0 crypto rx=0 tx=0 comp rx=0 tx=0)._handle_peer_banner_payload supported=3 required=0
2024-09-19T04:57:39.822 INFO:teuthology.orchestra.run.smithi007.stdout:/usr/bin/ceph: stderr
2024-09-19T04:57:38.669+0000 7f95d77fe640 1 --2- >> [v2:172.21.15.7:3300/0,v1:172.21.15.7:6789/0] conn(0x7f95d81082c0 0x7f95d819b940 unknown :-1 s=HELLO_CONNECTING pgs=0 cs=0 l=1 rev1=1 crypto rx=0 tx=0 comp rx=0 tx=0).handle_hello peer v2:172.21.15.7:3300/0 says I am v2:172.21.15.7:53288/0 (socket says 172.21.15.7:53288)
2024-09-19T04:57:39.822 INFO:teuthology.orchestra.run.smithi007.stdout:/usr/bin/ceph: stderr
2024-09-19T04:57:38.669+0000 7f95d77fe640 1 -- 172.21.15.7:0/1150045463 learned_addr learned my addr 172.21.15.7:0/1150045463 (peer_addr_for_me v2:172.21.15.7:0/0)
2024-09-19T04:57:39.822 INFO:teuthology.orchestra.run.smithi007.stdout:/usr/bin/ceph: stderr
2024-09-19T04:57:38.669+0000 7f95d77fe640 1 -- 172.21.15.7:0/1150045463 --> [v2:172.21.15.7:3300/0,v1:172.21.15.7:6789/0] -- mon_subscribe({config=0+,monmap=0+}) -- 0x7f95d819be80 con 0x7f95d81082c0
2024-09-19T04:57:39.822 INFO:teuthology.orchestra.run.smithi007.stdout:/usr/bin/ceph: stderr
2024-09-19T04:57:38.669+0000 7f95d77fe640 1 --2- 172.21.15.7:0/1150045463 >> [v2:172.21.15.7:3300/0,v1:172.21.15.7:6789/0] conn(0x7f95d81082c0 0x7f95d819b940 secure :-1 s=READY pgs=25 cs=0 l=1 rev1=1 crypto rx=0x7f95c0032d90 tx=0x7f95c0032dc0 comp rx=0 tx=0).ready entity=mon.0 client_cookie=0 server_cookie=0 in_seq=0 out_seq=0
2024-09-19T04:57:39.822 INFO:teuthology.orchestra.run.smithi007.stdout:/usr/bin/ceph: stderr
2024-09-19T04:57:38.669+0000 7f95d4ff9640 1 -- 172.21.15.7:0/1150045463 <== mon.0 v2:172.21.15.7:3300/0 1 ==== mon_map magic: 0 ==== 205+0+0 (secure 0 0 0) 0x7f95c0042070 con 0x7f95d81082c0
2024-09-19T04:57:39.822 INFO:teuthology.orchestra.run.smithi007.stdout:/usr/bin/ceph: stderr
2024-09-19T04:57:38.669+0000 7f95d4ff9640 1 -- 172.21.15.7:0/1150045463 <== mon.0 v2:172.21.15.7:3300/0 2 ==== config(29 keys) ==== 1178+0+0 (secure 0 0 0) 0x7f95c00325f0 con 0x7f95d81082c0
2024-09-19T04:57:39.822 INFO:teuthology.orchestra.run.smithi007.stdout:/usr/bin/ceph: stderr
2024-09-19T04:57:38.669+0000 7f95d4ff9640 1 -- 172.21.15.7:0/1150045463 <== mon.0 v2:172.21.15.7:3300/0 3 ==== mon_map magic: 0 ==== 205+0+0 (secure 0 0 0) 0x7f95c0037040 con 0x7f95d81082c0
2024-09-19T04:57:39.823 INFO:teuthology.orchestra.run.smithi007.stdout:/usr/bin/ceph: stderr
2024-09-19T04:57:38.669+0000 7f95de0f5640 1 -- 172.21.15.7:0/1150045463 --> [v2:172.21.15.7:3300/0,v1:172.21.15.7:6789/0] -- mon_subscribe({mgrmap=0+}) -- 0x7f95d819c110 con 0x7f95d81082c0
2024-09-19T04:57:39.823 INFO:teuthology.orchestra.run.smithi007.stdout:/usr/bin/ceph: stderr
2024-09-19T04:57:38.669+0000 7f95de0f5640 1 -- 172.21.15.7:0/1150045463 --> [v2:172.21.15.7:3300/0,v1:172.21.15.7:6789/0] -- mon_subscribe({osdmap=0}) -- 0x7f95d819ee00 con 0x7f95d81082c0
2024-09-19T04:57:39.823 INFO:teuthology.orchestra.run.smithi007.stdout:/usr/bin/ceph: stderr
2024-09-19T04:57:38.670+0000 7f95d4ff9640 1 -- 172.21.15.7:0/1150045463 <== mon.0 v2:172.21.15.7:3300/0 4 ==== mgrmap(e 5) ==== 46461+0+0 (secure 0 0 0) 0x7f95c0045070 con 0x7f95d81082c0
2024-09-19T04:57:39.823 INFO:teuthology.orchestra.run.smithi007.stdout:/usr/bin/ceph: stderr
2024-09-19T04:57:38.670+0000 7f95d4ff9640 1 --2- 172.21.15.7:0/1150045463 >> [v2:172.21.15.7:6800/3942690972,v1:172.21.15.7:6801/3942690972] conn(0x7f95c40391b0 0x7f95c403b670 unknown :-1 s=NONE pgs=0 cs=0 l=1 rev1=0 crypto rx=0 tx=0 comp rx=0 tx=0).connect
2024-09-19T04:57:39.823 INFO:teuthology.orchestra.run.smithi007.stdout:/usr/bin/ceph: stderr
2024-09-19T04:57:38.670+0000 7f95d4ff9640 1 -- 172.21.15.7:0/1150045463 <== mon.0 v2:172.21.15.7:3300/0 5 ==== osd_map(1..1 src has 1..1) ==== 725+0+0 (secure 0 0 0) 0x7f95c006c170 con 0x7f95d81082c0
2024-09-19T04:57:39.823 INFO:teuthology.orchestra.run.smithi007.stdout:/usr/bin/ceph: stderr
2024-09-19T04:57:38.670+0000 7f95d6ffd640 1 -- 172.21.15.7:0/1150045463 >> [v2:172.21.15.7:6800/3942690972,v1:172.21.15.7:6801/3942690972] conn(0x7f95c40391b0 msgr2=0x7f95c403b670 unknown :-1 s=STATE_CONNECTING_RE l=1).process reconnect failed to v2:172.21.15.7:6800/3942690972
2024-09-19T04:57:39.823 INFO:teuthology.orchestra.run.smithi007.stdout:/usr/bin/ceph: stderr
2024-09-19T04:57:38.670+0000 7f95d6ffd640 1 --2- 172.21.15.7:0/1150045463 >> [v2:172.21.15.7:6800/3942690972,v1:172.21.15.7:6801/3942690972] conn(0x7f95c40391b0 0x7f95c403b670 unknown :-1 s=START_CONNECT pgs=0 cs=0 l=1 rev1=0 crypto rx=0 tx=0 comp rx=0 tx=0)._fault waiting 0.200000
2024-09-19T04:57:39.823 INFO:teuthology.orchestra.run.smithi007.stdout:/usr/bin/ceph: stderr
2024-09-19T04:57:38.671+0000 7f95de0f5640 1 -- 172.21.15.7:0/1150045463 --> [v2:172.21.15.7:3300/0,v1:172.21.15.7:6789/0] -- mon_command({"prefix": "get_command_descriptions"} v 0) -- 0x7f95d8108720 con 0x7f95d81082c0
2024-09-19T04:57:39.823 INFO:teuthology.orchestra.run.smithi007.stdout:/usr/bin/ceph: stderr
2024-09-19T04:57:38.675+0000 7f95d4ff9640 1 -- 172.21.15.7:0/1150045463 <== mon.0 v2:172.21.15.7:3300/0 6 ==== mon_command_ack([{"prefix": "get_command_descriptions"}]=0 v0) ==== 72+0+188913 (secure 0 0 0) 0x7f95c0045520 con 0x7f95d81082c0
2024-09-19T04:57:39.823 INFO:teuthology.orchestra.run.smithi007.stdout:/usr/bin/ceph: stderr
2024-09-19T04:57:38.871+0000 7f95d6ffd640 1 -- 172.21.15.7:0/1150045463 >> [v2:172.21.15.7:6800/3942690972,v1:172.21.15.7:6801/3942690972] conn(0x7f95c40391b0 msgr2=0x7f95c403b670 unknown :-1 s=STATE_CONNECTING_RE l=1).process reconnect failed to v2:172.21.15.7:6800/3942690972
2024-09-19T04:57:39.823 INFO:teuthology.orchestra.run.smithi007.stdout:/usr/bin/ceph: stderr
2024-09-19T04:57:38.871+0000 7f95d6ffd640 1 --2- 172.21.15.7:0/1150045463 >> [v2:172.21.15.7:6800/3942690972,v1:172.21.15.7:6801/3942690972] conn(0x7f95c40391b0 0x7f95c403b670 unknown :-1 s=START_CONNECT pgs=0 cs=0 l=1 rev1=0 crypto rx=0 tx=0 comp rx=0 tx=0)._fault waiting 0.400000
2024-09-19T04:57:39.823 INFO:teuthology.orchestra.run.smithi007.stdout:/usr/bin/ceph: stderr
2024-09-19T04:57:38.917+0000 7f95de0f5640 1 -- 172.21.15.7:0/1150045463 --> [v2:172.21.15.7:3300/0,v1:172.21.15.7:6789/0] -- mon_command({"prefix": "mgr stat"} v 0) -- 0x7f95d819f350 con 0x7f95d81082c0
2024-09-19T04:57:39.823 INFO:teuthology.orchestra.run.smithi007.stdout:/usr/bin/ceph: stderr
2024-09-19T04:57:38.918+0000 7f95d4ff9640 1 -- 172.21.15.7:0/1150045463 <== mon.0 v2:172.21.15.7:3300/0 7 ==== mon_command_ack([{"prefix": "mgr stat"}]=0 v5) ==== 56+0+88 (secure 0 0 0) 0x7f95c003dcc0 con 0x7f95d81082c0
2024-09-19T04:57:39.824 INFO:teuthology.orchestra.run.smithi007.stdout:/usr/bin/ceph: stderr
2024-09-19T04:57:38.920+0000 7f95de0f5640 1 -- 172.21.15.7:0/1150045463 >> [v2:172.21.15.7:6800/3942690972,v1:172.21.15.7:6801/3942690972] conn(0x7f95c40391b0 msgr2=0x7f95c403b670 unknown :-1 s=STATE_CONNECTING l=1).mark_down
2024-09-19T04:57:39.824 INFO:teuthology.orchestra.run.smithi007.stdout:/usr/bin/ceph: stderr
2024-09-19T04:57:38.920+0000 7f95de0f5640 1 --2- 172.21.15.7:0/1150045463 >> [v2:172.21.15.7:6800/3942690972,v1:172.21.15.7:6801/3942690972] conn(0x7f95c40391b0 0x7f95c403b670 unknown :-1 s=START_CONNECT pgs=0 cs=0 l=1 rev1=0 crypto rx=0 tx=0 comp rx=0 tx=0).stop
2024-09-19T04:57:39.824 INFO:teuthology.orchestra.run.smithi007.stdout:/usr/bin/ceph: stderr
2024-09-19T04:57:38.920+0000 7f95de0f5640 1 -- 172.21.15.7:0/1150045463 >> [v2:172.21.15.7:3300/0,v1:172.21.15.7:6789/0] conn(0x7f95d81082c0 msgr2=0x7f95d819b940 secure :-1 s=STATE_CONNECTION_ESTABLISHED l=1).mark_down
2024-09-19T04:57:39.824 INFO:teuthology.orchestra.run.smithi007.stdout:/usr/bin/ceph: stderr
2024-09-19T04:57:38.920+0000 7f95de0f5640 1 --2- 172.21.15.7:0/1150045463 >> [v2:172.21.15.7:3300/0,v1:172.21.15.7:6789/0] conn(0x7f95d81082c0 0x7f95d819b940 secure :-1 s=READY pgs=25 cs=0 l=1 rev1=1 crypto rx=0x7f95c0032d90 tx=0x7f95c0032dc0 comp rx=0 tx=0).stop
2024-09-19T04:57:39.824 INFO:teuthology.orchestra.run.smithi007.stdout:/usr/bin/ceph: stderr
2024-09-19T04:57:38.920+0000 7f95de0f5640 1 -- 172.21.15.7:0/1150045463 shutdown_connections
2024-09-19T04:57:39.824 INFO:teuthology.orchestra.run.smithi007.stdout:/usr/bin/ceph: stderr
2024-09-19T04:57:38.920+0000 7f95de0f5640 1 --2- 172.21.15.7:0/1150045463 >> [v2:172.21.15.7:6800/3942690972,v1:172.21.15.7:6801/3942690972] conn(0x7f95c40391b0 0x7f95c403b670 unknown :-1 s=CLOSED pgs=0 cs=0 l=1 rev1=0 crypto rx=0 tx=0 comp rx=0 tx=0).stop
2024-09-19T04:57:39.824 INFO:teuthology.orchestra.run.smithi007.stdout:/usr/bin/ceph: stderr
2024-09-19T04:57:38.920+0000 7f95de0f5640 1 --2- 172.21.15.7:0/1150045463 >> [v2:172.21.15.7:3300/0,v1:172.21.15.7:6789/0] conn(0x7f95d81082c0 0x7f95d819b940 unknown :-1 s=CLOSED pgs=25 cs=0 l=1 rev1=1 crypto rx=0 tx=0 comp rx=0 tx=0).stop
2024-09-19T04:57:39.824 INFO:teuthology.orchestra.run.smithi007.stdout:/usr/bin/ceph: stderr
2024-09-19T04:57:38.920+0000 7f95de0f5640 1 -- 172.21.15.7:0/1150045463 >> 172.21.15.7:0/1150045463 conn(0x7f95d8101ee0 msgr2=0x7f95d8102b00 unknown :-1 s=STATE_NONE l=0).mark_down
2024-09-19T04:57:39.824 INFO:teuthology.orchestra.run.smithi007.stdout:/usr/bin/ceph: stderr
2024-09-19T04:57:38.920+0000 7f95de0f5640 1 -- 172.21.15.7:0/1150045463 shutdown_connections
2024-09-19T04:57:39.824 INFO:teuthology.orchestra.run.smithi007.stdout:/usr/bin/ceph: stderr
2024-09-19T04:57:38.920+0000 7f95de0f5640 1 -- 172.21.15.7:0/1150045463 wait complete.
2024-09-19T04:57:39.824 INFO:teuthology.orchestra.run.smithi007.stdout:Waiting for the mgr to restart...
2024-09-19T04:57:39.824 INFO:teuthology.orchestra.run.smithi007.stdout:Waiting for mgr epoch 5...
2024-09-19T04:57:39.987 INFO:journalctl@ceph.mon.a.smithi007.stdout:Sep 19 04:57:39 smithi007 ceph-mon[30950]: from='client.? 172.21.15.7:0/1150045463' entity='client.admin' cmd=[{"prefix": "mgr stat"}]: dispatch
2024-09-19T04:57:40.237 INFO:journalctl@ceph.mgr.x.smithi007.stdout:Sep 19 04:57:39 smithi007 ceph-75feb710-7643-11ef-bceb-c7b262605968-mgr-x[31178]:
2024-09-19T04:57:39.985+0000 7ff8858e3040 -1 mgr[py] Module telemetry has missing NOTIFY_TYPES member
2024-09-19T04:57:40.237 INFO:journalctl@ceph.mgr.x.smithi007.stdout:Sep 19 04:57:40 smithi007 ceph-75feb710-7643-11ef-bceb-c7b262605968-mgr-x[31178]:
2024-09-19T04:57:40.058+0000 7ff8858e3040 -1 mgr[py] Module balancer has missing NOTIFY_TYPES member
2024-09-19T04:57:41.079 INFO:journalctl@ceph.mgr.x.smithi007.stdout:Sep 19 04:57:40 smithi007 ceph-75feb710-7643-11ef-bceb-c7b262605968-mgr-x[31178]:
2024-09-19T04:57:40.806+0000 7ff8858e3040 -1 mgr[py] Module rook has missing NOTIFY_TYPES member
2024-09-19T04:57:41.079 INFO:journalctl@ceph.mgr.x.smithi007.stdout:Sep 19 04:57:40 smithi007 ceph-75feb710-7643-11ef-bceb-c7b262605968-mgr-x[31178]:
2024-09-19T04:57:40.926+0000 7ff8858e3040 -1 mgr[py] Module iostat has missing NOTIFY_TYPES member
2024-09-19T04:57:41.370 INFO:journalctl@ceph.mgr.x.smithi007.stdout:Sep 19 04:57:41 smithi007 ceph-75feb710-7643-11ef-bceb-c7b262605968-mgr-x[31178]:
2024-09-19T04:57:41.078+0000 7ff8858e3040 -1 mgr[py] Module orchestrator has missing NOTIFY_TYPES member
2024-09-19T04:57:41.370 INFO:journalctl@ceph.mgr.x.smithi007.stdout:Sep 19 04:57:41 smithi007 ceph-75feb710-7643-11ef-bceb-c7b262605968-mgr-x[31178]:
2024-09-19T04:57:41.141+0000 7ff8858e3040 -1 mgr[py] Module devicehealth has missing NOTIFY_TYPES member
2024-09-19T04:57:41.370 INFO:journalctl@ceph.mgr.x.smithi007.stdout:Sep 19 04:57:41 smithi007 ceph-75feb710-7643-11ef-bceb-c7b262605968-mgr-x[31178]:
2024-09-19T04:57:41.297+0000 7ff8858e3040 -1 mgr[py] Module rgw has missing NOTIFY_TYPES member
2024-09-19T04:57:41.370 INFO:journalctl@ceph.mgr.x.smithi007.stdout:Sep 19 04:57:41 smithi007 ceph-75feb710-7643-11ef-bceb-c7b262605968-mgr-x[31178]:
2024-09-19T04:57:41.368+0000 7ff8858e3040 -1 mgr[py] Module alerts has missing NOTIFY_TYPES member
2024-09-19T04:57:41.640 INFO:journalctl@ceph.mgr.x.smithi007.stdout:Sep 19 04:57:41 smithi007 ceph-75feb710-7643-11ef-bceb-c7b262605968-mgr-x[31178]:
2024-09-19T04:57:41.431+0000 7ff8858e3040 -1 mgr[py] Module progress has missing NOTIFY_TYPES member
2024-09-19T04:57:41.640 INFO:journalctl@ceph.mgr.x.smithi007.stdout:Sep 19 04:57:41 smithi007 ceph-75feb710-7643-11ef-bceb-c7b262605968-mgr-x[31178]:
2024-09-19T04:57:41.600+0000 7ff8858e3040 -1 mgr[py] Module nfs has missing NOTIFY_TYPES member
2024-09-19T04:57:41.947 INFO:journalctl@ceph.mgr.x.smithi007.stdout:Sep 19 04:57:41 smithi007 ceph-75feb710-7643-11ef-bceb-c7b262605968-mgr-x[31178]:
2024-09-19T04:57:41.667+0000 7ff8858e3040 -1 mgr[py] Module status has missing NOTIFY_TYPES member
2024-09-19T04:57:41.947 INFO:journalctl@ceph.mgr.x.smithi007.stdout:Sep 19 04:57:41 smithi007 ceph-75feb710-7643-11ef-bceb-c7b262605968-mgr-x[31178]:
2024-09-19T04:57:41.737+0000 7ff8858e3040 -1 mgr[py] Module pg_autoscaler has missing NOTIFY_TYPES member
2024-09-19T04:57:41.947 INFO:journalctl@ceph.mgr.x.smithi007.stdout:Sep 19 04:57:41 smithi007 ceph-75feb710-7643-11ef-bceb-c7b262605968-mgr-x[31178]:
2024-09-19T04:57:41.823+0000 7ff8858e3040 -1 mgr[py] Module rbd_support has missing NOTIFY_TYPES member
2024-09-19T04:57:41.947 INFO:journalctl@ceph.mgr.x.smithi007.stdout:Sep 19 04:57:41 smithi007 ceph-75feb710-7643-11ef-bceb-c7b262605968-mgr-x[31178]:
2024-09-19T04:57:41.884+0000 7ff8858e3040 -1 mgr[py] Module influx has missing NOTIFY_TYPES member
2024-09-19T04:57:41.947 INFO:journalctl@ceph.mgr.x.smithi007.stdout:Sep 19 04:57:41 smithi007 ceph-75feb710-7643-11ef-bceb-c7b262605968-mgr-x[31178]:
2024-09-19T04:57:41.945+0000 7ff8858e3040 -1 mgr[py] Module zabbix has missing NOTIFY_TYPES member
2024-09-19T04:57:43.200 INFO:journalctl@ceph.mgr.x.smithi007.stdout:Sep 19 04:57:42 smithi007 ceph-75feb710-7643-11ef-bceb-c7b262605968-mgr-x[31178]:
2024-09-19T04:57:42.771+0000 7ff8858e3040 -1 mgr[py] Module telegraf has missing NOTIFY_TYPES member
2024-09-19T04:57:43.200 INFO:journalctl@ceph.mon.a.smithi007.stdout:Sep 19 04:57:42 smithi007 ceph-mon[30950]: Active manager daemon x restarted
2024-09-19T04:57:43.201 INFO:journalctl@ceph.mon.a.smithi007.stdout:Sep 19 04:57:42 smithi007 ceph-mon[30950]: Activating manager daemon x
2024-09-19T04:57:43.201 INFO:journalctl@ceph.mon.a.smithi007.stdout:Sep 19 04:57:42 smithi007 ceph-mon[30950]: osdmap e2: 0 total, 0 up, 0 in
2024-09-19T04:57:43.201 INFO:journalctl@ceph.mon.a.smithi007.stdout:Sep 19 04:57:42 smithi007 ceph-mon[30950]: mgrmap e6: x(active, starting, since 0.00330169s)
2024-09-19T04:57:43.201 INFO:journalctl@ceph.mon.a.smithi007.stdout:Sep 19 04:57:42 smithi007 ceph-mon[30950]: from='mgr.14118 172.21.15.7:0/3048796823' entity='mgr.x' cmd=[{"prefix": "mon metadata", "id": "a"}]: dispatch
2024-09-19T04:57:43.201 INFO:journalctl@ceph.mon.a.smithi007.stdout:Sep 19 04:57:42 smithi007 ceph-mon[30950]: from='mgr.14118 172.21.15.7:0/3048796823' entity='mgr.x' cmd=[{"prefix": "mgr metadata", "who": "x", "id": "x"}]: dispatch
2024-09-19T04:57:43.201 INFO:journalctl@ceph.mon.a.smithi007.stdout:Sep 19 04:57:42 smithi007 ceph-mon[30950]: from='mgr.14118 172.21.15.7:0/3048796823' entity='mgr.x' cmd=[{"prefix": "mds metadata"}]: dispatch
2024-09-19T04:57:43.202 INFO:journalctl@ceph.mon.a.smithi007.stdout:Sep 19 04:57:42 smithi007 ceph-mon[30950]: from='mgr.14118 172.21.15.7:0/3048796823' entity='mgr.x' cmd=[{"prefix": "osd metadata"}]: dispatch
2024-09-19T04:57:43.202 INFO:journalctl@ceph.mon.a.smithi007.stdout:Sep 19 04:57:42 smithi007 ceph-mon[30950]: from='mgr.14118 172.21.15.7:0/3048796823' entity='mgr.x' cmd=[{"prefix": "mon metadata"}]: dispatch
2024-09-19T04:57:43.202 INFO:journalctl@ceph.mon.a.smithi007.stdout:Sep 19 04:57:42 smithi007 ceph-mon[30950]: Manager daemon x is now available
2024-09-19T04:57:43.202 INFO:journalctl@ceph.mon.a.smithi007.stdout:Sep 19 04:57:42 smithi007 ceph-mon[30950]: from='mgr.14118 172.21.15.7:0/3048796823' entity='mgr.x'
2024-09-19T04:57:43.202 INFO:journalctl@ceph.mon.a.smithi007.stdout:Sep 19 04:57:42 smithi007 ceph-mon[30950]: from='mgr.14118 172.21.15.7:0/3048796823' entity='mgr.x'
2024-09-19T04:57:43.202 INFO:journalctl@ceph.mon.a.smithi007.stdout:Sep 19 04:57:42 smithi007 ceph-mon[30950]: from='mgr.14118 172.21.15.7:0/3048796823' entity='mgr.x' cmd=[{"prefix": "config dump", "format": "json"}]: dispatch
2024-09-19T04:57:43.202 INFO:journalctl@ceph.mon.a.smithi007.stdout:Sep 19 04:57:42 smithi007 ceph-mon[30950]: from='mgr.14118 172.21.15.7:0/3048796823' entity='mgr.x' cmd=[{"prefix": "config dump", "format": "json"}]: dispatch
2024-09-19T04:57:43.202 INFO:journalctl@ceph.mon.a.smithi007.stdout:Sep 19 04:57:42 smithi007 ceph-mon[30950]: from='mgr.14118 172.21.15.7:0/3048796823' entity='mgr.x' cmd=[{"prefix":"config rm","who":"mgr","name":"mgr/rbd_support/x/mirror_snapshot_schedule"}]: dispatch
2024-09-19T04:57:43.202 INFO:journalctl@ceph.mon.a.smithi007.stdout:Sep 19 04:57:42 smithi007 ceph-mon[30950]: from='mgr.14118 172.21.15.7:0/3048796823' entity='mgr.x' cmd=[{"prefix":"config rm","who":"mgr","name":"mgr/rbd_support/x/trash_purge_schedule"}]: dispatch
2024-09-19T04:57:44.072 INFO:journalctl@ceph.mon.a.smithi007.stdout:Sep 19 04:57:43 smithi007 ceph-mon[30950]: Found migration_current of "None". Setting to last migration.
2024-09-19T04:57:44.072 INFO:journalctl@ceph.mon.a.smithi007.stdout:Sep 19 04:57:43 smithi007 ceph-mon[30950]: mgrmap e7: x(active, since 1.00528s)
2024-09-19T04:57:44.348 INFO:teuthology.orchestra.run.smithi007.stdout:/usr/bin/ceph: stdout {
2024-09-19T04:57:44.348 INFO:teuthology.orchestra.run.smithi007.stdout:/usr/bin/ceph: stdout "mgrmap_epoch": 7,
2024-09-19T04:57:44.348 INFO:teuthology.orchestra.run.smithi007.stdout:/usr/bin/ceph: stdout "initialized": true
2024-09-19T04:57:44.348 INFO:teuthology.orchestra.run.smithi007.stdout:/usr/bin/ceph: stdout }
2024-09-19T04:57:44.348 INFO:teuthology.orchestra.run.smithi007.stdout:/usr/bin/ceph: stderr
2024-09-19T04:57:40.231+0000 7fc014e60640 1 Processor -- start
2024-09-19T04:57:44.348 INFO:teuthology.orchestra.run.smithi007.stdout:/usr/bin/ceph: stderr
2024-09-19T04:57:40.231+0000 7fc014e60640 1 -- start start
2024-09-19T04:57:44.348 INFO:teuthology.orchestra.run.smithi007.stdout:/usr/bin/ceph: stderr
2024-09-19T04:57:40.231+0000 7fc014e60640 1 --2- >> [v2:172.21.15.7:3300/0,v1:172.21.15.7:6789/0] conn(0x7fc010108340 0x7fc01010a730 unknown :-1 s=NONE pgs=0 cs=0 l=0 rev1=0 crypto rx=0 tx=0 comp rx=0 tx=0).connect
2024-09-19T04:57:44.348 INFO:teuthology.orchestra.run.smithi007.stdout:/usr/bin/ceph: stderr
2024-09-19T04:57:40.231+0000 7fc014e60640 1 -- --> [v2:172.21.15.7:3300/0,v1:172.21.15.7:6789/0] -- mon_getmap magic: 0 -- 0x7fc01007bdb0 con 0x7fc010108340
2024-09-19T04:57:44.349 INFO:teuthology.orchestra.run.smithi007.stdout:/usr/bin/ceph: stderr
2024-09-19T04:57:40.231+0000 7fc00e59c640 1 --2- >> [v2:172.21.15.7:3300/0,v1:172.21.15.7:6789/0] conn(0x7fc010108340 0x7fc01010a730 unknown :-1 s=BANNER_CONNECTING pgs=0 cs=0 l=0 rev1=0 crypto rx=0 tx=0 comp rx=0 tx=0)._handle_peer_banner_payload supported=3 required=0
2024-09-19T04:57:44.349 INFO:teuthology.orchestra.run.smithi007.stdout:/usr/bin/ceph: stderr
2024-09-19T04:57:40.231+0000 7fc00e59c640 1 --2- >> [v2:172.21.15.7:3300/0,v1:172.21.15.7:6789/0] conn(0x7fc010108340 0x7fc01010a730 unknown :-1 s=HELLO_CONNECTING pgs=0 cs=0 l=0 rev1=1 crypto rx=0 tx=0 comp rx=0 tx=0).handle_hello peer v2:172.21.15.7:3300/0 says I am v2:172.21.15.7:53298/0 (socket says 172.21.15.7:53298)
2024-09-19T04:57:44.349 INFO:teuthology.orchestra.run.smithi007.stdout:/usr/bin/ceph: stderr
2024-09-19T04:57:40.231+0000 7fc00e59c640 1 -- 172.21.15.7:0/3216807918 learned_addr learned my addr 172.21.15.7:0/3216807918 (peer_addr_for_me v2:172.21.15.7:0/0)
2024-09-19T04:57:44.349 INFO:teuthology.orchestra.run.smithi007.stdout:/usr/bin/ceph: stderr
2024-09-19T04:57:40.232+0000 7fc00e59c640 1 -- 172.21.15.7:0/3216807918 --> [v2:172.21.15.7:3300/0,v1:172.21.15.7:6789/0] -- mon_subscribe({config=0+,monmap=0+}) -- 0x7fc01010ac70 con 0x7fc010108340
2024-09-19T04:57:44.349 INFO:teuthology.orchestra.run.smithi007.stdout:/usr/bin/ceph: stderr
2024-09-19T04:57:40.232+0000 7fc00e59c640 1 --2- 172.21.15.7:0/3216807918 >> [v2:172.21.15.7:3300/0,v1:172.21.15.7:6789/0] conn(0x7fc010108340 0x7fc01010a730 secure :-1 s=READY pgs=26 cs=0 l=1 rev1=1 crypto rx=0x7fc000009820 tx=0x7fc00002a270 comp rx=0 tx=0).ready entity=mon.0 client_cookie=ff0101ffba546bb5 server_cookie=0 in_seq=0 out_seq=0
2024-09-19T04:57:44.349 INFO:teuthology.orchestra.run.smithi007.stdout:/usr/bin/ceph: stderr
2024-09-19T04:57:40.233+0000 7fc00dd9b640 1 -- 172.21.15.7:0/3216807918 <== mon.0 v2:172.21.15.7:3300/0 1 ==== mon_map magic: 0 ==== 205+0+0 (secure 0 0 0) 0x7fc000037070 con 0x7fc010108340
2024-09-19T04:57:44.349 INFO:teuthology.orchestra.run.smithi007.stdout:/usr/bin/ceph: stderr
2024-09-19T04:57:40.233+0000 7fc00dd9b640 1 -- 172.21.15.7:0/3216807918 <== mon.0 v2:172.21.15.7:3300/0 2 ==== config(29 keys) ==== 1178+0+0 (secure 0 0 0) 0x7fc000032940 con 0x7fc010108340
2024-09-19T04:57:44.349 INFO:teuthology.orchestra.run.smithi007.stdout:/usr/bin/ceph: stderr
2024-09-19T04:57:40.233+0000 7fc00dd9b640 1 -- 172.21.15.7:0/3216807918 <== mon.0 v2:172.21.15.7:3300/0 3 ==== mon_map magic: 0 ==== 205+0+0 (secure 0 0 0) 0x7fc0000309c0 con 0x7fc010108340
2024-09-19T04:57:44.349 INFO:teuthology.orchestra.run.smithi007.stdout:/usr/bin/ceph: stderr
2024-09-19T04:57:40.233+0000 7fc014e60640 1 -- 172.21.15.7:0/3216807918 >> [v2:172.21.15.7:3300/0,v1:172.21.15.7:6789/0] conn(0x7fc010108340 msgr2=0x7fc01010a730 secure :-1 s=STATE_CONNECTION_ESTABLISHED l=1).mark_down
2024-09-19T04:57:44.349 INFO:teuthology.orchestra.run.smithi007.stdout:/usr/bin/ceph: stderr
2024-09-19T04:57:40.233+0000 7fc014e60640 1 --2- 172.21.15.7:0/3216807918 >> [v2:172.21.15.7:3300/0,v1:172.21.15.7:6789/0] conn(0x7fc010108340 0x7fc01010a730 secure :-1 s=READY pgs=26 cs=0 l=1 rev1=1 crypto rx=0x7fc000009820 tx=0x7fc00002a270 comp rx=0 tx=0).stop
2024-09-19T04:57:44.349 INFO:teuthology.orchestra.run.smithi007.stdout:/usr/bin/ceph: stderr
2024-09-19T04:57:40.233+0000 7fc014e60640 1 -- 172.21.15.7:0/3216807918 shutdown_connections
2024-09-19T04:57:44.349 INFO:teuthology.orchestra.run.smithi007.stdout:/usr/bin/ceph: stderr
2024-09-19T04:57:40.233+0000 7fc014e60640 1 --2- 172.21.15.7:0/3216807918 >> [v2:172.21.15.7:3300/0,v1:172.21.15.7:6789/0] conn(0x7fc010108340 0x7fc01010a730 unknown :-1 s=CLOSED pgs=26 cs=0 l=1 rev1=1 crypto rx=0 tx=0 comp rx=0 tx=0).stop
2024-09-19T04:57:44.350 INFO:teuthology.orchestra.run.smithi007.stdout:/usr/bin/ceph: stderr
2024-09-19T04:57:40.233+0000 7fc014e60640 1 -- 172.21.15.7:0/3216807918 >> 172.21.15.7:0/3216807918 conn(0x7fc010101ee0 msgr2=0x7fc010104320 unknown :-1 s=STATE_NONE l=0).mark_down
2024-09-19T04:57:44.350 INFO:teuthology.orchestra.run.smithi007.stdout:/usr/bin/ceph: stderr
2024-09-19T04:57:40.233+0000 7fc014e60640 1 -- 172.21.15.7:0/3216807918 shutdown_connections
2024-09-19T04:57:44.350 INFO:teuthology.orchestra.run.smithi007.stdout:/usr/bin/ceph: stderr
2024-09-19T04:57:40.233+0000 7fc014e60640 1 -- 172.21.15.7:0/3216807918 wait complete.
2024-09-19T04:57:44.350 INFO:teuthology.orchestra.run.smithi007.stdout:/usr/bin/ceph: stderr
2024-09-19T04:57:40.234+0000 7fc014e60640 1 Processor -- start
2024-09-19T04:57:44.350 INFO:teuthology.orchestra.run.smithi007.stdout:/usr/bin/ceph: stderr
2024-09-19T04:57:40.234+0000 7fc014e60640 1 -- start start
2024-09-19T04:57:44.350 INFO:teuthology.orchestra.run.smithi007.stdout:/usr/bin/ceph: stderr
2024-09-19T04:57:40.234+0000 7fc014e60640 1 --2- >> [v2:172.21.15.7:3300/0,v1:172.21.15.7:6789/0] conn(0x7fc010108340 0x7fc010107bc0 unknown :-1 s=NONE pgs=0 cs=0 l=1 rev1=0 crypto rx=0 tx=0 comp rx=0 tx=0).connect
2024-09-19T04:57:44.350 INFO:teuthology.orchestra.run.smithi007.stdout:/usr/bin/ceph: stderr
2024-09-19T04:57:40.234+0000 7fc014e60640 1 -- --> [v2:172.21.15.7:3300/0,v1:172.21.15.7:6789/0] -- mon_getmap magic: 0 -- 0x7fc01010bd10 con 0x7fc010108340
2024-09-19T04:57:44.350 INFO:teuthology.orchestra.run.smithi007.stdout:/usr/bin/ceph: stderr
2024-09-19T04:57:40.234+0000 7fc00e59c640 1 --2- >> [v2:172.21.15.7:3300/0,v1:172.21.15.7:6789/0] conn(0x7fc010108340 0x7fc010107bc0 unknown :-1 s=BANNER_CONNECTING pgs=0 cs=0 l=1 rev1=0 crypto rx=0 tx=0 comp rx=0 tx=0)._handle_peer_banner_payload supported=3 required=0
2024-09-19T04:57:44.351 INFO:teuthology.orchestra.run.smithi007.stdout:/usr/bin/ceph: stderr
2024-09-19T04:57:40.234+0000 7fc00e59c640 1 --2- >> [v2:172.21.15.7:3300/0,v1:172.21.15.7:6789/0] conn(0x7fc010108340 0x7fc010107bc0 unknown :-1 s=HELLO_CONNECTING pgs=0 cs=0 l=1 rev1=1 crypto rx=0 tx=0 comp rx=0 tx=0).handle_hello peer v2:172.21.15.7:3300/0 says I am v2:172.21.15.7:53302/0 (socket says 172.21.15.7:53302)
2024-09-19T04:57:44.351 INFO:teuthology.orchestra.run.smithi007.stdout:/usr/bin/ceph: stderr
2024-09-19T04:57:40.234+0000 7fc00e59c640 1 -- 172.21.15.7:0/638882268 learned_addr learned my addr 172.21.15.7:0/638882268 (peer_addr_for_me v2:172.21.15.7:0/0)
2024-09-19T04:57:44.351 INFO:teuthology.orchestra.run.smithi007.stdout:/usr/bin/ceph: stderr
2024-09-19T04:57:40.235+0000 7fc00e59c640 1 -- 172.21.15.7:0/638882268 --> [v2:172.21.15.7:3300/0,v1:172.21.15.7:6789/0] -- mon_subscribe({config=0+,monmap=0+}) -- 0x7fc010108100 con 0x7fc010108340
2024-09-19T04:57:44.351 INFO:teuthology.orchestra.run.smithi007.stdout:/usr/bin/ceph: stderr
2024-09-19T04:57:40.235+0000 7fc00e59c640 1 --2- 172.21.15.7:0/638882268 >> [v2:172.21.15.7:3300/0,v1:172.21.15.7:6789/0] conn(0x7fc010108340 0x7fc010107bc0 secure :-1 s=READY pgs=27 cs=0 l=1 rev1=1 crypto rx=0x7fc000032d90 tx=0x7fc000032dc0 comp rx=0 tx=0).ready entity=mon.0 client_cookie=0 server_cookie=0 in_seq=0 out_seq=0
2024-09-19T04:57:44.351 INFO:teuthology.orchestra.run.smithi007.stdout:/usr/bin/ceph: stderr
2024-09-19T04:57:40.235+0000 7fc0077fe640 1 -- 172.21.15.7:0/638882268 <== mon.0 v2:172.21.15.7:3300/0 1 ==== mon_map magic: 0 ==== 205+0+0 (secure 0 0 0) 0x7fc000042070 con 0x7fc010108340
2024-09-19T04:57:44.351 INFO:teuthology.orchestra.run.smithi007.stdout:/usr/bin/ceph: stderr
2024-09-19T04:57:40.235+0000 7fc014e60640 1 -- 172.21.15.7:0/638882268 --> [v2:172.21.15.7:3300/0,v1:172.21.15.7:6789/0] -- mon_subscribe({mgrmap=0+}) -- 0x7fc0101062f0 con 0x7fc010108340
2024-09-19T04:57:44.351 INFO:teuthology.orchestra.run.smithi007.stdout:/usr/bin/ceph: stderr
2024-09-19T04:57:40.235+0000 7fc0077fe640 1 -- 172.21.15.7:0/638882268 <== mon.0 v2:172.21.15.7:3300/0 2 ==== config(29 keys) ==== 1178+0+0 (secure 0 0 0) 0x7fc0000325f0 con 0x7fc010108340
2024-09-19T04:57:44.351 INFO:teuthology.orchestra.run.smithi007.stdout:/usr/bin/ceph: stderr
2024-09-19T04:57:40.235+0000 7fc0077fe640 1 -- 172.21.15.7:0/638882268 <== mon.0 v2:172.21.15.7:3300/0 3 ==== mon_map magic: 0 ==== 205+0+0 (secure 0 0 0) 0x7fc000037040 con 0x7fc010108340
2024-09-19T04:57:44.351 INFO:teuthology.orchestra.run.smithi007.stdout:/usr/bin/ceph: stderr
2024-09-19T04:57:40.235+0000 7fc014e60640 1 -- 172.21.15.7:0/638882268 --> [v2:172.21.15.7:3300/0,v1:172.21.15.7:6789/0] -- mon_subscribe({osdmap=0}) -- 0x7fc010106830 con 0x7fc010108340
2024-09-19T04:57:44.351 INFO:teuthology.orchestra.run.smithi007.stdout:/usr/bin/ceph: stderr
2024-09-19T04:57:40.236+0000 7fc0077fe640 1 -- 172.21.15.7:0/638882268 <== mon.0 v2:172.21.15.7:3300/0 4 ==== mgrmap(e 5) ==== 46461+0+0 (secure 0 0 0) 0x7fc000045070 con 0x7fc010108340
2024-09-19T04:57:44.351 INFO:teuthology.orchestra.run.smithi007.stdout:/usr/bin/ceph: stderr
2024-09-19T04:57:40.236+0000 7fc0077fe640 1 --2- 172.21.15.7:0/638882268 >> [v2:172.21.15.7:6800/3942690972,v1:172.21.15.7:6801/3942690972] conn(0x7fbffc0391b0 0x7fbffc03b670 unknown :-1 s=NONE pgs=0 cs=0 l=1 rev1=0 crypto rx=0 tx=0 comp rx=0 tx=0).connect
2024-09-19T04:57:44.351 INFO:teuthology.orchestra.run.smithi007.stdout:/usr/bin/ceph: stderr
2024-09-19T04:57:40.236+0000 7fc0057fa640 1 -- 172.21.15.7:0/638882268 --> [v2:172.21.15.7:6800/3942690972,v1:172.21.15.7:6801/3942690972] -- command(tid 0: {"prefix": "get_command_descriptions"}) -- 0x7fc0101087a0 con 0x7fbffc0391b0
2024-09-19T04:57:44.351 INFO:teuthology.orchestra.run.smithi007.stdout:/usr/bin/ceph: stderr
2024-09-19T04:57:40.236+0000 7fc0077fe640 1 -- 172.21.15.7:0/638882268 <== mon.0 v2:172.21.15.7:3300/0 5 ==== osd_map(1..1 src has 1..1) ==== 725+0+0 (secure 0 0 0) 0x7fc00006d4d0 con 0x7fc010108340
2024-09-19T04:57:44.352 INFO:teuthology.orchestra.run.smithi007.stdout:/usr/bin/ceph: stderr
2024-09-19T04:57:40.236+0000 7fc007fff640 1 -- 172.21.15.7:0/638882268 >> [v2:172.21.15.7:6800/3942690972,v1:172.21.15.7:6801/3942690972] conn(0x7fbffc0391b0 msgr2=0x7fbffc03b670 unknown :-1 s=STATE_CONNECTING_RE l=1).process reconnect failed to v2:172.21.15.7:6800/3942690972
2024-09-19T04:57:44.352 INFO:teuthology.orchestra.run.smithi007.stdout:/usr/bin/ceph: stderr
2024-09-19T04:57:40.236+0000 7fc007fff640 1 --2- 172.21.15.7:0/638882268 >> [v2:172.21.15.7:6800/3942690972,v1:172.21.15.7:6801/3942690972] conn(0x7fbffc0391b0 0x7fbffc03b670 unknown :-1 s=START_CONNECT pgs=0 cs=0 l=1 rev1=0 crypto rx=0 tx=0 comp rx=0 tx=0)._fault waiting 0.200000
2024-09-19T04:57:44.352 INFO:teuthology.orchestra.run.smithi007.stdout:/usr/bin/ceph: stderr
2024-09-19T04:57:40.437+0000 7fc007fff640 1 -- 172.21.15.7:0/638882268 >> [v2:172.21.15.7:6800/3942690972,v1:172.21.15.7:6801/3942690972] conn(0x7fbffc0391b0 msgr2=0x7fbffc03b670 unknown :-1 s=STATE_CONNECTING_RE l=1).process reconnect failed to v2:172.21.15.7:6800/3942690972
2024-09-19T04:57:44.352 INFO:teuthology.orchestra.run.smithi007.stdout:/usr/bin/ceph: stderr
2024-09-19T04:57:40.437+0000 7fc007fff640 1 --2- 172.21.15.7:0/638882268 >> [v2:172.21.15.7:6800/3942690972,v1:172.21.15.7:6801/3942690972] conn(0x7fbffc0391b0 0x7fbffc03b670 unknown :-1 s=START_CONNECT pgs=0 cs=0 l=1 rev1=0 crypto rx=0 tx=0 comp rx=0 tx=0)._fault waiting 0.400000
2024-09-19T04:57:44.352 INFO:teuthology.orchestra.run.smithi007.stdout:/usr/bin/ceph: stderr
2024-09-19T04:57:40.838+0000 7fc007fff640 1 -- 172.21.15.7:0/638882268 >> [v2:172.21.15.7:6800/3942690972,v1:172.21.15.7:6801/3942690972] conn(0x7fbffc0391b0 msgr2=0x7fbffc03b670 unknown :-1 s=STATE_CONNECTING_RE l=1).process reconnect failed to v2:172.21.15.7:6800/3942690972
2024-09-19T04:57:44.352 INFO:teuthology.orchestra.run.smithi007.stdout:/usr/bin/ceph: stderr
2024-09-19T04:57:40.838+0000 7fc007fff640 1 --2- 172.21.15.7:0/638882268 >> [v2:172.21.15.7:6800/3942690972,v1:172.21.15.7:6801/3942690972] conn(0x7fbffc0391b0 0x7fbffc03b670 unknown :-1 s=START_CONNECT pgs=0 cs=0 l=1 rev1=0 crypto rx=0 tx=0 comp rx=0 tx=0)._fault waiting 0.800000
2024-09-19T04:57:44.352 INFO:teuthology.orchestra.run.smithi007.stdout:/usr/bin/ceph: stderr
2024-09-19T04:57:41.639+0000 7fc007fff640 1 -- 172.21.15.7:0/638882268 >> [v2:172.21.15.7:6800/3942690972,v1:172.21.15.7:6801/3942690972] conn(0x7fbffc0391b0 msgr2=0x7fbffc03b670 unknown :-1 s=STATE_CONNECTING_RE l=1).process reconnect failed to v2:172.21.15.7:6800/3942690972
2024-09-19T04:57:44.352 INFO:teuthology.orchestra.run.smithi007.stdout:/usr/bin/ceph: stderr
2024-09-19T04:57:41.639+0000 7fc007fff640 1 --2- 172.21.15.7:0/638882268 >> [v2:172.21.15.7:6800/3942690972,v1:172.21.15.7:6801/3942690972] conn(0x7fbffc0391b0 0x7fbffc03b670 unknown :-1 s=START_CONNECT pgs=0 cs=0 l=1 rev1=0 crypto rx=0 tx=0 comp rx=0 tx=0)._fault waiting 1.600000
2024-09-19T04:57:44.352 INFO:teuthology.orchestra.run.smithi007.stdout:/usr/bin/ceph: stderr
2024-09-19T04:57:42.775+0000 7fc0077fe640 1 -- 172.21.15.7:0/638882268 <== mon.0 v2:172.21.15.7:3300/0 6 ==== mgrmap(e 6) ==== 46228+0+0 (secure 0 0 0) 0x7fc00002fd60 con 0x7fc010108340
2024-09-19T04:57:44.352 INFO:teuthology.orchestra.run.smithi007.stdout:/usr/bin/ceph: stderr
2024-09-19T04:57:42.775+0000 7fc0077fe640 1 -- 172.21.15.7:0/638882268 >> [v2:172.21.15.7:6800/3942690972,v1:172.21.15.7:6801/3942690972] conn(0x7fbffc0391b0 msgr2=0x7fbffc03b670 unknown :-1 s=STATE_CONNECTING l=1).mark_down
2024-09-19T04:57:44.352 INFO:teuthology.orchestra.run.smithi007.stdout:/usr/bin/ceph: stderr
2024-09-19T04:57:42.775+0000 7fc0077fe640 1 --2- 172.21.15.7:0/638882268 >> [v2:172.21.15.7:6800/3942690972,v1:172.21.15.7:6801/3942690972] conn(0x7fbffc0391b0 0x7fbffc03b670 unknown :-1 s=START_CONNECT pgs=0 cs=0 l=1 rev1=0 crypto rx=0 tx=0 comp rx=0 tx=0).stop
2024-09-19T04:57:44.352 INFO:teuthology.orchestra.run.smithi007.stdout:/usr/bin/ceph: stderr
2024-09-19T04:57:43.776+0000 7fc0077fe640 1 -- 172.21.15.7:0/638882268 <== mon.0 v2:172.21.15.7:3300/0 7 ==== mgrmap(e 7) ==== 46355+0+0 (secure 0 0 0) 0x7fc000046540 con 0x7fc010108340
2024-09-19T04:57:44.353 INFO:teuthology.orchestra.run.smithi007.stdout:/usr/bin/ceph: stderr
2024-09-19T04:57:43.776+0000 7fc0077fe640 1 --2- 172.21.15.7:0/638882268 >> [v2:172.21.15.7:6800/4172338688,v1:172.21.15.7:6801/4172338688] conn(0x7fbffc03c8f0 0x7fbffc03ece0 unknown :-1 s=NONE pgs=0 cs=0 l=1 rev1=0 crypto rx=0 tx=0 comp rx=0 tx=0).connect
2024-09-19T04:57:44.353 INFO:teuthology.orchestra.run.smithi007.stdout:/usr/bin/ceph: stderr
2024-09-19T04:57:43.776+0000 7fc0077fe640 1 -- 172.21.15.7:0/638882268 --> [v2:172.21.15.7:6800/4172338688,v1:172.21.15.7:6801/4172338688] -- command(tid 0: {"prefix": "get_command_descriptions"}) -- 0x7fc000032940 con 0x7fbffc03c8f0
2024-09-19T04:57:44.353 INFO:teuthology.orchestra.run.smithi007.stdout:/usr/bin/ceph: stderr
2024-09-19T04:57:43.776+0000 7fc007fff640 1 --2- 172.21.15.7:0/638882268 >> [v2:172.21.15.7:6800/4172338688,v1:172.21.15.7:6801/4172338688] conn(0x7fbffc03c8f0 0x7fbffc03ece0 unknown :-1 s=BANNER_CONNECTING pgs=0 cs=0 l=1 rev1=0 crypto rx=0 tx=0 comp rx=0 tx=0)._handle_peer_banner_payload supported=3 required=0
2024-09-19T04:57:44.353 INFO:teuthology.orchestra.run.smithi007.stdout:/usr/bin/ceph: stderr
2024-09-19T04:57:43.777+0000 7fc007fff640 1 --2- 172.21.15.7:0/638882268 >> [v2:172.21.15.7:6800/4172338688,v1:172.21.15.7:6801/4172338688] conn(0x7fbffc03c8f0 0x7fbffc03ece0 secure :-1 s=READY pgs=1 cs=0 l=1 rev1=1 crypto rx=0x7fbff8003980 tx=0x7fbff8006e10 comp rx=0 tx=0).ready entity=mgr.14118 client_cookie=0 server_cookie=0 in_seq=0 out_seq=0
2024-09-19T04:57:44.353 INFO:teuthology.orchestra.run.smithi007.stdout:/usr/bin/ceph: stderr
2024-09-19T04:57:43.778+0000 7fc0077fe640 1 -- 172.21.15.7:0/638882268 <== mgr.14118 v2:172.21.15.7:6800/4172338688 1 ==== command_reply(tid 0: 0 ) ==== 8+0+9564 (secure 0 0 0) 0x7fc000032940 con 0x7fbffc03c8f0
2024-09-19T04:57:44.353 INFO:teuthology.orchestra.run.smithi007.stdout:/usr/bin/ceph: stderr
2024-09-19T04:57:43.784+0000 7fc0057fa640 1 -- 172.21.15.7:0/638882268 --> [v2:172.21.15.7:6800/4172338688,v1:172.21.15.7:6801/4172338688] -- command(tid 1: {"prefix": "mgr_status"}) -- 0x7fc010106ab0 con 0x7fbffc03c8f0
2024-09-19T04:57:44.353 INFO:teuthology.orchestra.run.smithi007.stdout:/usr/bin/ceph: stderr
