2024-09-19T04:57:34.528 INFO:teuthology.orchestra.run.smithi007.stdout:/usr/bin/ceph: stdout },
2024-09-19T04:57:34.528 INFO:teuthology.orchestra.run.smithi007.stdout:/usr/bin/ceph: stdout "election_epoch": 5,
2024-09-19T04:57:34.528 INFO:teuthology.orchestra.run.smithi007.stdout:/usr/bin/ceph: stdout "quorum": [
2024-09-19T04:57:34.529 INFO:teuthology.orchestra.run.smithi007.stdout:/usr/bin/ceph: stdout 0
2024-09-19T04:57:34.529 INFO:teuthology.orchestra.run.smithi007.stdout:/usr/bin/ceph: stdout ],
2024-09-19T04:57:34.529 INFO:teuthology.orchestra.run.smithi007.stdout:/usr/bin/ceph: stdout "quorum_names": [
2024-09-19T04:57:34.529 INFO:teuthology.orchestra.run.smithi007.stdout:/usr/bin/ceph: stdout "a"
2024-09-19T04:57:34.529 INFO:teuthology.orchestra.run.smithi007.stdout:/usr/bin/ceph: stdout ],
2024-09-19T04:57:34.529 INFO:teuthology.orchestra.run.smithi007.stdout:/usr/bin/ceph: stdout "quorum_age": 11,
2024-09-19T04:57:34.529 INFO:teuthology.orchestra.run.smithi007.stdout:/usr/bin/ceph: stdout "monmap": {
2024-09-19T04:57:34.529 INFO:teuthology.orchestra.run.smithi007.stdout:/usr/bin/ceph: stdout "epoch": 1,
2024-09-19T04:57:34.529 INFO:teuthology.orchestra.run.smithi007.stdout:/usr/bin/ceph: stdout "min_mon_release_name": "squid",
2024-09-19T04:57:34.529 INFO:teuthology.orchestra.run.smithi007.stdout:/usr/bin/ceph: stdout "num_mons": 1
2024-09-19T04:57:34.529 INFO:teuthology.orchestra.run.smithi007.stdout:/usr/bin/ceph: stdout },
2024-09-19T04:57:34.529 INFO:teuthology.orchestra.run.smithi007.stdout:/usr/bin/ceph: stdout "osdmap": {
2024-09-19T04:57:34.529 INFO:teuthology.orchestra.run.smithi007.stdout:/usr/bin/ceph: stdout "epoch": 1,
2024-09-19T04:57:34.529 INFO:teuthology.orchestra.run.smithi007.stdout:/usr/bin/ceph: stdout "num_osds": 0,
2024-09-19T04:57:34.530 INFO:teuthology.orchestra.run.smithi007.stdout:/usr/bin/ceph: stdout "num_up_osds": 0,
2024-09-19T04:57:34.530 INFO:teuthology.orchestra.run.smithi007.stdout:/usr/bin/ceph: stdout "osd_up_since": 0,
2024-09-19T04:57:34.530 INFO:teuthology.orchestra.run.smithi007.stdout:/usr/bin/ceph: stdout "num_in_osds": 0,
2024-09-19T04:57:34.530 INFO:teuthology.orchestra.run.smithi007.stdout:/usr/bin/ceph: stdout "osd_in_since": 0,
2024-09-19T04:57:34.530 INFO:teuthology.orchestra.run.smithi007.stdout:/usr/bin/ceph: stdout "num_remapped_pgs": 0
2024-09-19T04:57:34.530 INFO:teuthology.orchestra.run.smithi007.stdout:/usr/bin/ceph: stdout },
2024-09-19T04:57:34.530 INFO:teuthology.orchestra.run.smithi007.stdout:/usr/bin/ceph: stdout "pgmap": {
2024-09-19T04:57:34.530 INFO:teuthology.orchestra.run.smithi007.stdout:/usr/bin/ceph: stdout "pgs_by_state": [],
2024-09-19T04:57:34.530 INFO:teuthology.orchestra.run.smithi007.stdout:/usr/bin/ceph: stdout "num_pgs": 0,
2024-09-19T04:57:34.530 INFO:teuthology.orchestra.run.smithi007.stdout:/usr/bin/ceph: stdout "num_pools": 0,
2024-09-19T04:57:34.530 INFO:teuthology.orchestra.run.smithi007.stdout:/usr/bin/ceph: stdout "num_objects": 0,
2024-09-19T04:57:34.530 INFO:teuthology.orchestra.run.smithi007.stdout:/usr/bin/ceph: stdout "data_bytes": 0,
2024-09-19T04:57:34.530 INFO:teuthology.orchestra.run.smithi007.stdout:/usr/bin/ceph: stdout "bytes_used": 0,
2024-09-19T04:57:34.531 INFO:teuthology.orchestra.run.smithi007.stdout:/usr/bin/ceph: stdout "bytes_avail": 0,
2024-09-19T04:57:34.531 INFO:teuthology.orchestra.run.smithi007.stdout:/usr/bin/ceph: stdout "bytes_total": 0
2024-09-19T04:57:34.531 INFO:teuthology.orchestra.run.smithi007.stdout:/usr/bin/ceph: stdout },
2024-09-19T04:57:34.531 INFO:teuthology.orchestra.run.smithi007.stdout:/usr/bin/ceph: stdout "fsmap": {
2024-09-19T04:57:34.531 INFO:teuthology.orchestra.run.smithi007.stdout:/usr/bin/ceph: stdout "epoch": 1,
2024-09-19T04:57:34.531 INFO:teuthology.orchestra.run.smithi007.stdout:/usr/bin/ceph: stdout "btime": "2024-09-19T04:57:11:767024+0000",
2024-09-19T04:57:34.531 INFO:teuthology.orchestra.run.smithi007.stdout:/usr/bin/ceph: stdout "by_rank": [],
2024-09-19T04:57:34.531 INFO:teuthology.orchestra.run.smithi007.stdout:/usr/bin/ceph: stdout "up:standby": 0
2024-09-19T04:57:34.531 INFO:teuthology.orchestra.run.smithi007.stdout:/usr/bin/ceph: stdout },
2024-09-19T04:57:34.531 INFO:teuthology.orchestra.run.smithi007.stdout:/usr/bin/ceph: stdout "mgrmap": {
2024-09-19T04:57:34.531 INFO:teuthology.orchestra.run.smithi007.stdout:/usr/bin/ceph: stdout "available": true,
2024-09-19T04:57:34.531 INFO:teuthology.orchestra.run.smithi007.stdout:/usr/bin/ceph: stdout "num_standbys": 0,
2024-09-19T04:57:34.531 INFO:teuthology.orchestra.run.smithi007.stdout:/usr/bin/ceph: stdout "modules": [
2024-09-19T04:57:34.532 INFO:teuthology.orchestra.run.smithi007.stdout:/usr/bin/ceph: stdout "iostat",
2024-09-19T04:57:34.532 INFO:teuthology.orchestra.run.smithi007.stdout:/usr/bin/ceph: stdout "nfs",
2024-09-19T04:57:34.532 INFO:teuthology.orchestra.run.smithi007.stdout:/usr/bin/ceph: stdout "restful"
2024-09-19T04:57:34.532 INFO:teuthology.orchestra.run.smithi007.stdout:/usr/bin/ceph: stdout ],
2024-09-19T04:57:34.532 INFO:teuthology.orchestra.run.smithi007.stdout:/usr/bin/ceph: stdout "services": {}
2024-09-19T04:57:34.532 INFO:teuthology.orchestra.run.smithi007.stdout:/usr/bin/ceph: stdout },
2024-09-19T04:57:34.532 INFO:teuthology.orchestra.run.smithi007.stdout:/usr/bin/ceph: stdout "servicemap": {
2024-09-19T04:57:34.532 INFO:teuthology.orchestra.run.smithi007.stdout:/usr/bin/ceph: stdout "epoch": 1,
2024-09-19T04:57:34.532 INFO:teuthology.orchestra.run.smithi007.stdout:/usr/bin/ceph: stdout "modified": "2024-09-19T04:57:11.767681+0000",
2024-09-19T04:57:34.532 INFO:teuthology.orchestra.run.smithi007.stdout:/usr/bin/ceph: stdout "services": {}
2024-09-19T04:57:34.532 INFO:teuthology.orchestra.run.smithi007.stdout:/usr/bin/ceph: stdout },
2024-09-19T04:57:34.532 INFO:teuthology.orchestra.run.smithi007.stdout:/usr/bin/ceph: stdout "progress_events": {}
2024-09-19T04:57:34.532 INFO:teuthology.orchestra.run.smithi007.stdout:/usr/bin/ceph: stdout }
2024-09-19T04:57:34.532 INFO:teuthology.orchestra.run.smithi007.stdout:/usr/bin/ceph: stderr
2024-09-19T04:57:28.103+0000 7fcb086fd640 1 Processor -- start
2024-09-19T04:57:34.533 INFO:teuthology.orchestra.run.smithi007.stdout:/usr/bin/ceph: stderr
2024-09-19T04:57:28.103+0000 7fcb086fd640 1 -- start start
2024-09-19T04:57:34.533 INFO:teuthology.orchestra.run.smithi007.stdout:/usr/bin/ceph: stderr
2024-09-19T04:57:28.103+0000 7fcb086fd640 1 --2- >> [v2:172.21.15.7:3300/0,v1:172.21.15.7:6789/0] conn(0x7fcb0007dca0 0x7fcb0007c260 unknown :-1 s=NONE pgs=0 cs=0 l=0 rev1=0 crypto rx=0 tx=0 comp rx=0 tx=0).connect
2024-09-19T04:57:34.533 INFO:teuthology.orchestra.run.smithi007.stdout:/usr/bin/ceph: stderr
2024-09-19T04:57:28.103+0000 7fcb086fd640 1 -- --> [v2:172.21.15.7:3300/0,v1:172.21.15.7:6789/0] -- mon_getmap magic: 0 -- 0x7fcb0007e0a0 con 0x7fcb0007dca0
2024-09-19T04:57:34.533 INFO:teuthology.orchestra.run.smithi007.stdout:/usr/bin/ceph: stderr
2024-09-19T04:57:28.103+0000 7fcb06499640 1 --2- >> [v2:172.21.15.7:3300/0,v1:172.21.15.7:6789/0] conn(0x7fcb0007dca0 0x7fcb0007c260 unknown :-1 s=BANNER_CONNECTING pgs=0 cs=0 l=0 rev1=0 crypto rx=0 tx=0 comp rx=0 tx=0)._handle_peer_banner_payload supported=3 required=0
2024-09-19T04:57:34.533 INFO:teuthology.orchestra.run.smithi007.stdout:/usr/bin/ceph: stderr
2024-09-19T04:57:28.103+0000 7fcb06499640 1 --2- >> [v2:172.21.15.7:3300/0,v1:172.21.15.7:6789/0] conn(0x7fcb0007dca0 0x7fcb0007c260 unknown :-1 s=HELLO_CONNECTING pgs=0 cs=0 l=0 rev1=1 crypto rx=0 tx=0 comp rx=0 tx=0).handle_hello peer v2:172.21.15.7:3300/0 says I am v2:172.21.15.7:50366/0 (socket says 172.21.15.7:50366)
2024-09-19T04:57:34.533 INFO:teuthology.orchestra.run.smithi007.stdout:/usr/bin/ceph: stderr
2024-09-19T04:57:28.103+0000 7fcb06499640 1 -- 172.21.15.7:0/3769410619 learned_addr learned my addr 172.21.15.7:0/3769410619 (peer_addr_for_me v2:172.21.15.7:0/0)
2024-09-19T04:57:34.533 INFO:teuthology.orchestra.run.smithi007.stdout:/usr/bin/ceph: stderr
2024-09-19T04:57:28.104+0000 7fcb06499640 1 -- 172.21.15.7:0/3769410619 --> [v2:172.21.15.7:3300/0,v1:172.21.15.7:6789/0] -- mon_subscribe({config=0+,monmap=0+}) -- 0x7fcb0007c7a0 con 0x7fcb0007dca0
2024-09-19T04:57:34.533 INFO:teuthology.orchestra.run.smithi007.stdout:/usr/bin/ceph: stderr
2024-09-19T04:57:28.104+0000 7fcb06499640 1 --2- 172.21.15.7:0/3769410619 >> [v2:172.21.15.7:3300/0,v1:172.21.15.7:6789/0] conn(0x7fcb0007dca0 0x7fcb0007c260 secure :-1 s=READY pgs=16 cs=0 l=1 rev1=1 crypto rx=0x7fcafc009820 tx=0x7fcafc02a270 comp rx=0 tx=0).ready entity=mon.0 client_cookie=eb865dddd6e37fe6 server_cookie=0 in_seq=0 out_seq=0
2024-09-19T04:57:34.533 INFO:teuthology.orchestra.run.smithi007.stdout:/usr/bin/ceph: stderr
2024-09-19T04:57:28.105+0000 7fcb05497640 1 -- 172.21.15.7:0/3769410619 <== mon.0 v2:172.21.15.7:3300/0 1 ==== mon_map magic: 0 ==== 205+0+0 (secure 0 0 0) 0x7fcafc037070 con 0x7fcb0007dca0
2024-09-19T04:57:34.533 INFO:teuthology.orchestra.run.smithi007.stdout:/usr/bin/ceph: stderr
2024-09-19T04:57:28.105+0000 7fcb05497640 1 -- 172.21.15.7:0/3769410619 <== mon.0 v2:172.21.15.7:3300/0 2 ==== config(29 keys) ==== 1178+0+0 (secure 0 0 0) 0x7fcafc032940 con 0x7fcb0007dca0
2024-09-19T04:57:34.533 INFO:teuthology.orchestra.run.smithi007.stdout:/usr/bin/ceph: stderr
2024-09-19T04:57:28.105+0000 7fcb05497640 1 -- 172.21.15.7:0/3769410619 <== mon.0 v2:172.21.15.7:3300/0 3 ==== mon_map magic: 0 ==== 205+0+0 (secure 0 0 0) 0x7fcafc0309c0 con 0x7fcb0007dca0
2024-09-19T04:57:34.533 INFO:teuthology.orchestra.run.smithi007.stdout:/usr/bin/ceph: stderr
2024-09-19T04:57:28.105+0000 7fcb086fd640 1 -- 172.21.15.7:0/3769410619 >> [v2:172.21.15.7:3300/0,v1:172.21.15.7:6789/0] conn(0x7fcb0007dca0 msgr2=0x7fcb0007c260 secure :-1 s=STATE_CONNECTION_ESTABLISHED l=1).mark_down
2024-09-19T04:57:34.533 INFO:teuthology.orchestra.run.smithi007.stdout:/usr/bin/ceph: stderr
2024-09-19T04:57:28.105+0000 7fcb086fd640 1 --2- 172.21.15.7:0/3769410619 >> [v2:172.21.15.7:3300/0,v1:172.21.15.7:6789/0] conn(0x7fcb0007dca0 0x7fcb0007c260 secure :-1 s=READY pgs=16 cs=0 l=1 rev1=1 crypto rx=0x7fcafc009820 tx=0x7fcafc02a270 comp rx=0 tx=0).stop
2024-09-19T04:57:34.534 INFO:teuthology.orchestra.run.smithi007.stdout:/usr/bin/ceph: stderr
2024-09-19T04:57:28.105+0000 7fcb086fd640 1 -- 172.21.15.7:0/3769410619 shutdown_connections
2024-09-19T04:57:34.534 INFO:teuthology.orchestra.run.smithi007.stdout:/usr/bin/ceph: stderr
2024-09-19T04:57:28.105+0000 7fcb086fd640 1 --2- 172.21.15.7:0/3769410619 >> [v2:172.21.15.7:3300/0,v1:172.21.15.7:6789/0] conn(0x7fcb0007dca0 0x7fcb0007c260 unknown :-1 s=CLOSED pgs=16 cs=0 l=1 rev1=1 crypto rx=0 tx=0 comp rx=0 tx=0).stop
2024-09-19T04:57:34.534 INFO:teuthology.orchestra.run.smithi007.stdout:/usr/bin/ceph: stderr
2024-09-19T04:57:28.105+0000 7fcb086fd640 1 -- 172.21.15.7:0/3769410619 >> 172.21.15.7:0/3769410619 conn(0x7fcb00103150 msgr2=0x7fcb00105570 unknown :-1 s=STATE_NONE l=0).mark_down
2024-09-19T04:57:34.534 INFO:teuthology.orchestra.run.smithi007.stdout:/usr/bin/ceph: stderr
2024-09-19T04:57:28.105+0000 7fcb086fd640 1 -- 172.21.15.7:0/3769410619 shutdown_connections
2024-09-19T04:57:34.534 INFO:teuthology.orchestra.run.smithi007.stdout:/usr/bin/ceph: stderr
2024-09-19T04:57:28.106+0000 7fcb086fd640 1 -- 172.21.15.7:0/3769410619 wait complete.
2024-09-19T04:57:34.534 INFO:teuthology.orchestra.run.smithi007.stdout:/usr/bin/ceph: stderr
2024-09-19T04:57:28.106+0000 7fcb086fd640 1 Processor -- start
2024-09-19T04:57:34.534 INFO:teuthology.orchestra.run.smithi007.stdout:/usr/bin/ceph: stderr
2024-09-19T04:57:28.106+0000 7fcb086fd640 1 -- start start
2024-09-19T04:57:34.534 INFO:teuthology.orchestra.run.smithi007.stdout:/usr/bin/ceph: stderr
2024-09-19T04:57:28.106+0000 7fcb086fd640 1 --2- >> [v2:172.21.15.7:3300/0,v1:172.21.15.7:6789/0] conn(0x7fcb0007dca0 0x7fcb0019dac0 unknown :-1 s=NONE pgs=0 cs=0 l=1 rev1=0 crypto rx=0 tx=0 comp rx=0 tx=0).connect
2024-09-19T04:57:34.534 INFO:teuthology.orchestra.run.smithi007.stdout:/usr/bin/ceph: stderr
2024-09-19T04:57:28.106+0000 7fcb086fd640 1 -- --> [v2:172.21.15.7:3300/0,v1:172.21.15.7:6789/0] -- mon_getmap magic: 0 -- 0x7fcb0010de90 con 0x7fcb0007dca0
2024-09-19T04:57:34.534 INFO:teuthology.orchestra.run.smithi007.stdout:/usr/bin/ceph: stderr
2024-09-19T04:57:28.106+0000 7fcb06499640 1 --2- >> [v2:172.21.15.7:3300/0,v1:172.21.15.7:6789/0] conn(0x7fcb0007dca0 0x7fcb0019dac0 unknown :-1 s=BANNER_CONNECTING pgs=0 cs=0 l=1 rev1=0 crypto rx=0 tx=0 comp rx=0 tx=0)._handle_peer_banner_payload supported=3 required=0
2024-09-19T04:57:34.534 INFO:teuthology.orchestra.run.smithi007.stdout:/usr/bin/ceph: stderr
2024-09-19T04:57:28.106+0000 7fcb06499640 1 --2- >> [v2:172.21.15.7:3300/0,v1:172.21.15.7:6789/0] conn(0x7fcb0007dca0 0x7fcb0019dac0 unknown :-1 s=HELLO_CONNECTING pgs=0 cs=0 l=1 rev1=1 crypto rx=0 tx=0 comp rx=0 tx=0).handle_hello peer v2:172.21.15.7:3300/0 says I am v2:172.21.15.7:50376/0 (socket says 172.21.15.7:50376)
2024-09-19T04:57:34.534 INFO:teuthology.orchestra.run.smithi007.stdout:/usr/bin/ceph: stderr
2024-09-19T04:57:28.106+0000 7fcb06499640 1 -- 172.21.15.7:0/4124875444 learned_addr learned my addr 172.21.15.7:0/4124875444 (peer_addr_for_me v2:172.21.15.7:0/0)
2024-09-19T04:57:34.535 INFO:teuthology.orchestra.run.smithi007.stdout:/usr/bin/ceph: stderr
2024-09-19T04:57:28.107+0000 7fcb06499640 1 -- 172.21.15.7:0/4124875444 --> [v2:172.21.15.7:3300/0,v1:172.21.15.7:6789/0] -- mon_subscribe({config=0+,monmap=0+}) -- 0x7fcb0019e000 con 0x7fcb0007dca0
2024-09-19T04:57:34.535 INFO:teuthology.orchestra.run.smithi007.stdout:/usr/bin/ceph: stderr
2024-09-19T04:57:28.107+0000 7fcb06499640 1 --2- 172.21.15.7:0/4124875444 >> [v2:172.21.15.7:3300/0,v1:172.21.15.7:6789/0] conn(0x7fcb0007dca0 0x7fcb0019dac0 secure :-1 s=READY pgs=17 cs=0 l=1 rev1=1 crypto rx=0x7fcafc009940 tx=0x7fcafc032e60 comp rx=0 tx=0).ready entity=mon.0 client_cookie=0 server_cookie=0 in_seq=0 out_seq=0
2024-09-19T04:57:34.535 INFO:teuthology.orchestra.run.smithi007.stdout:/usr/bin/ceph: stderr
2024-09-19T04:57:28.107+0000 7fcaf77fe640 1 -- 172.21.15.7:0/4124875444 <== mon.0 v2:172.21.15.7:3300/0 1 ==== mon_map magic: 0 ==== 205+0+0 (secure 0 0 0) 0x7fcafc042070 con 0x7fcb0007dca0
2024-09-19T04:57:34.535 INFO:teuthology.orchestra.run.smithi007.stdout:/usr/bin/ceph: stderr
2024-09-19T04:57:28.107+0000 7fcaf77fe640 1 -- 172.21.15.7:0/4124875444 <== mon.0 v2:172.21.15.7:3300/0 2 ==== config(29 keys) ==== 1178+0+0 (secure 0 0 0) 0x7fcafc0326b0 con 0x7fcb0007dca0
2024-09-19T04:57:34.535 INFO:teuthology.orchestra.run.smithi007.stdout:/usr/bin/ceph: stderr
2024-09-19T04:57:28.107+0000 7fcb086fd640 1 -- 172.21.15.7:0/4124875444 --> [v2:172.21.15.7:3300/0,v1:172.21.15.7:6789/0] -- mon_subscribe({mgrmap=0+}) -- 0x7fcb0019e290 con 0x7fcb0007dca0
2024-09-19T04:57:34.535 INFO:teuthology.orchestra.run.smithi007.stdout:/usr/bin/ceph: stderr
2024-09-19T04:57:28.107+0000 7fcaf77fe640 1 -- 172.21.15.7:0/4124875444 <== mon.0 v2:172.21.15.7:3300/0 3 ==== mon_map magic: 0 ==== 205+0+0 (secure 0 0 0) 0x7fcafc037040 con 0x7fcb0007dca0
2024-09-19T04:57:34.535 INFO:teuthology.orchestra.run.smithi007.stdout:/usr/bin/ceph: stderr
2024-09-19T04:57:28.107+0000 7fcb086fd640 1 -- 172.21.15.7:0/4124875444 --> [v2:172.21.15.7:3300/0,v1:172.21.15.7:6789/0] -- mon_subscribe({osdmap=0}) -- 0x7fcb001a0f80 con 0x7fcb0007dca0
2024-09-19T04:57:34.535 INFO:teuthology.orchestra.run.smithi007.stdout:/usr/bin/ceph: stderr
2024-09-19T04:57:28.108+0000 7fcaf77fe640 1 -- 172.21.15.7:0/4124875444 <== mon.0 v2:172.21.15.7:3300/0 4 ==== mgrmap(e 4) ==== 46450+0+0 (secure 0 0 0) 0x7fcafc045070 con 0x7fcb0007dca0
2024-09-19T04:57:34.535 INFO:teuthology.orchestra.run.smithi007.stdout:/usr/bin/ceph: stderr
2024-09-19T04:57:28.108+0000 7fcaf77fe640 1 --2- 172.21.15.7:0/4124875444 >> [v2:172.21.15.7:6800/3942690972,v1:172.21.15.7:6801/3942690972] conn(0x7fcaec039160 0x7fcaec03b620 unknown :-1 s=NONE pgs=0 cs=0 l=1 rev1=0 crypto rx=0 tx=0 comp rx=0 tx=0).connect
2024-09-19T04:57:34.535 INFO:teuthology.orchestra.run.smithi007.stdout:/usr/bin/ceph: stderr
2024-09-19T04:57:28.108+0000 7fcaf77fe640 1 -- 172.21.15.7:0/4124875444 <== mon.0 v2:172.21.15.7:3300/0 5 ==== osd_map(1..1 src has 1..1) ==== 725+0+0 (secure 0 0 0) 0x7fcafc06c190 con 0x7fcb0007dca0
2024-09-19T04:57:34.535 INFO:teuthology.orchestra.run.smithi007.stdout:/usr/bin/ceph: stderr
2024-09-19T04:57:28.108+0000 7fcb086fd640 1 -- 172.21.15.7:0/4124875444 --> [v2:172.21.15.7:3300/0,v1:172.21.15.7:6789/0] -- mon_command({"prefix": "get_command_descriptions"} v 0) -- 0x7fcb0007c2e0 con 0x7fcb0007dca0
2024-09-19T04:57:34.535 INFO:teuthology.orchestra.run.smithi007.stdout:/usr/bin/ceph: stderr
2024-09-19T04:57:28.108+0000 7fcb05c98640 1 --2- 172.21.15.7:0/4124875444 >> [v2:172.21.15.7:6800/3942690972,v1:172.21.15.7:6801/3942690972] conn(0x7fcaec039160 0x7fcaec03b620 unknown :-1 s=BANNER_CONNECTING pgs=0 cs=0 l=1 rev1=0 crypto rx=0 tx=0 comp rx=0 tx=0)._handle_peer_banner_payload supported=3 required=0
2024-09-19T04:57:34.535 INFO:teuthology.orchestra.run.smithi007.stdout:/usr/bin/ceph: stderr
2024-09-19T04:57:28.109+0000 7fcb05c98640 1 --2- 172.21.15.7:0/4124875444 >> [v2:172.21.15.7:6800/3942690972,v1:172.21.15.7:6801/3942690972] conn(0x7fcaec039160 0x7fcaec03b620 secure :-1 s=READY pgs=6 cs=0 l=1 rev1=1 crypto rx=0x7fcaf00098c0 tx=0x7fcaf0006db0 comp rx=0 tx=0).ready entity=mgr.14100 client_cookie=0 server_cookie=0 in_seq=0 out_seq=0
2024-09-19T04:57:34.535 INFO:teuthology.orchestra.run.smithi007.stdout:/usr/bin/ceph: stderr
2024-09-19T04:57:28.113+0000 7fcaf77fe640 1 -- 172.21.15.7:0/4124875444 <== mon.0 v2:172.21.15.7:3300/0 6 ==== mon_command_ack([{"prefix": "get_command_descriptions"}]=0 v0) ==== 72+0+188913 (secure 0 0 0) 0x7fcafc04b170 con 0x7fcb0007dca0
2024-09-19T04:57:34.536 INFO:teuthology.orchestra.run.smithi007.stdout:/usr/bin/ceph: stderr
2024-09-19T04:57:28.358+0000 7fcb086fd640 1 -- 172.21.15.7:0/4124875444 --> [v2:172.21.15.7:3300/0,v1:172.21.15.7:6789/0] -- mon_command({"prefix": "status", "format": "json-pretty"} v 0) -- 0x7fcb001a15a0 con 0x7fcb0007dca0
2024-09-19T04:57:34.536 INFO:teuthology.orchestra.run.smithi007.stdout:/usr/bin/ceph: stderr
2024-09-19T04:57:28.358+0000 7fcaf77fe640 1 -- 172.21.15.7:0/4124875444 <== mon.0 v2:172.21.15.7:3300/0 7 ==== mon_command_ack([{"prefix": "status", "format": "json-pretty"}]=0 v0) ==== 79+0+1291 (secure 0 0 0) 0x7fcafc032860 con 0x7fcb0007dca0
2024-09-19T04:57:34.536 INFO:teuthology.orchestra.run.smithi007.stdout:/usr/bin/ceph: stderr
2024-09-19T04:57:28.360+0000 7fcb086fd640 1 -- 172.21.15.7:0/4124875444 >> [v2:172.21.15.7:6800/3942690972,v1:172.21.15.7:6801/3942690972] conn(0x7fcaec039160 msgr2=0x7fcaec03b620 secure :-1 s=STATE_CONNECTION_ESTABLISHED l=1).mark_down
2024-09-19T04:57:34.536 INFO:teuthology.orchestra.run.smithi007.stdout:/usr/bin/ceph: stderr
2024-09-19T04:57:28.360+0000 7fcb086fd640 1 --2- 172.21.15.7:0/4124875444 >> [v2:172.21.15.7:6800/3942690972,v1:172.21.15.7:6801/3942690972] conn(0x7fcaec039160 0x7fcaec03b620 secure :-1 s=READY pgs=6 cs=0 l=1 rev1=1 crypto rx=0x7fcaf00098c0 tx=0x7fcaf0006db0 comp rx=0 tx=0).stop
2024-09-19T04:57:34.536 INFO:teuthology.orchestra.run.smithi007.stdout:/usr/bin/ceph: stderr
2024-09-19T04:57:28.360+0000 7fcb086fd640 1 -- 172.21.15.7:0/4124875444 >> [v2:172.21.15.7:3300/0,v1:172.21.15.7:6789/0] conn(0x7fcb0007dca0 msgr2=0x7fcb0019dac0 secure :-1 s=STATE_CONNECTION_ESTABLISHED l=1).mark_down
2024-09-19T04:57:34.536 INFO:teuthology.orchestra.run.smithi007.stdout:/usr/bin/ceph: stderr
2024-09-19T04:57:28.360+0000 7fcb086fd640 1 --2- 172.21.15.7:0/4124875444 >> [v2:172.21.15.7:3300/0,v1:172.21.15.7:6789/0] conn(0x7fcb0007dca0 0x7fcb0019dac0 secure :-1 s=READY pgs=17 cs=0 l=1 rev1=1 crypto rx=0x7fcafc009940 tx=0x7fcafc032e60 comp rx=0 tx=0).stop
2024-09-19T04:57:34.536 INFO:teuthology.orchestra.run.smithi007.stdout:/usr/bin/ceph: stderr
2024-09-19T04:57:28.360+0000 7fcb086fd640 1 -- 172.21.15.7:0/4124875444 shutdown_connections
2024-09-19T04:57:34.536 INFO:teuthology.orchestra.run.smithi007.stdout:/usr/bin/ceph: stderr
2024-09-19T04:57:28.360+0000 7fcb086fd640 1 --2- 172.21.15.7:0/4124875444 >> [v2:172.21.15.7:6800/3942690972,v1:172.21.15.7:6801/3942690972] conn(0x7fcaec039160 0x7fcaec03b620 unknown :-1 s=CLOSED pgs=6 cs=0 l=1 rev1=1 crypto rx=0 tx=0 comp rx=0 tx=0).stop
2024-09-19T04:57:34.536 INFO:teuthology.orchestra.run.smithi007.stdout:/usr/bin/ceph: stderr
2024-09-19T04:57:28.360+0000 7fcb086fd640 1 --2- 172.21.15.7:0/4124875444 >> [v2:172.21.15.7:3300/0,v1:172.21.15.7:6789/0] conn(0x7fcb0007dca0 0x7fcb0019dac0 unknown :-1 s=CLOSED pgs=17 cs=0 l=1 rev1=1 crypto rx=0 tx=0 comp rx=0 tx=0).stop
2024-09-19T04:57:34.536 INFO:teuthology.orchestra.run.smithi007.stdout:/usr/bin/ceph: stderr
2024-09-19T04:57:28.360+0000 7fcb086fd640 1 -- 172.21.15.7:0/4124875444 >> 172.21.15.7:0/4124875444 conn(0x7fcb00103150 msgr2=0x7fcb00103d00 unknown :-1 s=STATE_NONE l=0).mark_down
2024-09-19T04:57:34.536 INFO:teuthology.orchestra.run.smithi007.stdout:/usr/bin/ceph: stderr
2024-09-19T04:57:28.360+0000 7fcb086fd640 1 -- 172.21.15.7:0/4124875444 shutdown_connections
2024-09-19T04:57:34.536 INFO:teuthology.orchestra.run.smithi007.stdout:/usr/bin/ceph: stderr
2024-09-19T04:57:28.360+0000 7fcb086fd640 1 -- 172.21.15.7:0/4124875444 wait complete.
2024-09-19T04:57:34.536 INFO:teuthology.orchestra.run.smithi007.stdout:mgr is available
2024-09-19T04:57:36.754 INFO:journalctl@ceph.mon.a.smithi007.stdout:Sep 19 04:57:36 smithi007 ceph-mon[30950]: from='client.? 172.21.15.7:0/1083000633' entity='client.admin' cmd=[{"prefix": "config assimilate-conf"}]: dispatch
2024-09-19T04:57:37.022 INFO:teuthology.orchestra.run.smithi007.stdout:/usr/bin/ceph: stdout
2024-09-19T04:57:37.022 INFO:teuthology.orchestra.run.smithi007.stdout:/usr/bin/ceph: stdout [global]
2024-09-19T04:57:37.022 INFO:teuthology.orchestra.run.smithi007.stdout:/usr/bin/ceph: stdout fsid = 75feb710-7643-11ef-bceb-c7b262605968
2024-09-19T04:57:37.022 INFO:teuthology.orchestra.run.smithi007.stdout:/usr/bin/ceph: stdout mon_host = [v2:172.21.15.7:3300,v1:172.21.15.7:6789]
2024-09-19T04:57:37.022 INFO:teuthology.orchestra.run.smithi007.stdout:/usr/bin/ceph: stdout mon_osd_allow_pg_remap = true
2024-09-19T04:57:37.023 INFO:teuthology.orchestra.run.smithi007.stdout:/usr/bin/ceph: stdout mon_osd_allow_primary_affinity = true
2024-09-19T04:57:37.023 INFO:teuthology.orchestra.run.smithi007.stdout:/usr/bin/ceph: stdout mon_warn_on_no_sortbitwise = false
2024-09-19T04:57:37.023 INFO:teuthology.orchestra.run.smithi007.stdout:/usr/bin/ceph: stdout osd_crush_chooseleaf_type = 0
2024-09-19T04:57:37.023 INFO:teuthology.orchestra.run.smithi007.stdout:/usr/bin/ceph: stdout
2024-09-19T04:57:37.023 INFO:teuthology.orchestra.run.smithi007.stdout:/usr/bin/ceph: stdout [mgr]
2024-09-19T04:57:37.023 INFO:teuthology.orchestra.run.smithi007.stdout:/usr/bin/ceph: stdout mgr/telemetry/nag = false
2024-09-19T04:57:37.023 INFO:teuthology.orchestra.run.smithi007.stdout:/usr/bin/ceph: stdout
2024-09-19T04:57:37.023 INFO:teuthology.orchestra.run.smithi007.stdout:/usr/bin/ceph: stdout [osd]
2024-09-19T04:57:37.023 INFO:teuthology.orchestra.run.smithi007.stdout:/usr/bin/ceph: stdout mon_osd_backfillfull_ratio = 0.85
2024-09-19T04:57:37.023 INFO:teuthology.orchestra.run.smithi007.stdout:/usr/bin/ceph: stdout mon_osd_full_ratio = 0.9
2024-09-19T04:57:37.023 INFO:teuthology.orchestra.run.smithi007.stdout:/usr/bin/ceph: stdout mon_osd_nearfull_ratio = 0.8
2024-09-19T04:57:37.024 INFO:teuthology.orchestra.run.smithi007.stdout:/usr/bin/ceph: stdout osd_map_max_advance = 10
2024-09-19T04:57:37.024 INFO:teuthology.orchestra.run.smithi007.stdout:/usr/bin/ceph: stdout osd_sloppy_crc = true
2024-09-19T04:57:37.024 INFO:teuthology.orchestra.run.smithi007.stdout:/usr/bin/ceph: stderr
2024-09-19T04:57:36.269+0000 7f2b0f3e9640 1 Processor -- start
2024-09-19T04:57:37.024 INFO:teuthology.orchestra.run.smithi007.stdout:/usr/bin/ceph: stderr
2024-09-19T04:57:36.269+0000 7f2b0f3e9640 1 -- start start
2024-09-19T04:57:37.024 INFO:teuthology.orchestra.run.smithi007.stdout:/usr/bin/ceph: stderr
2024-09-19T04:57:36.270+0000 7f2b0f3e9640 1 --2- >> [v2:172.21.15.7:3300/0,v1:172.21.15.7:6789/0] conn(0x7f2b08106740 0x7f2b08106b40 unknown :-1 s=NONE pgs=0 cs=0 l=0 rev1=0 crypto rx=0 tx=0 comp rx=0 tx=0).connect
2024-09-19T04:57:37.024 INFO:teuthology.orchestra.run.smithi007.stdout:/usr/bin/ceph: stderr
2024-09-19T04:57:36.270+0000 7f2b0f3e9640 1 -- --> [v2:172.21.15.7:3300/0,v1:172.21.15.7:6789/0] -- mon_getmap magic: 0 -- 0x7f2b08107110 con 0x7f2b08106740
2024-09-19T04:57:37.024 INFO:teuthology.orchestra.run.smithi007.stdout:/usr/bin/ceph: stderr
2024-09-19T04:57:36.270+0000 7f2b0d185640 1 --2- >> [v2:172.21.15.7:3300/0,v1:172.21.15.7:6789/0] conn(0x7f2b08106740 0x7f2b08106b40 unknown :-1 s=BANNER_CONNECTING pgs=0 cs=0 l=0 rev1=0 crypto rx=0 tx=0 comp rx=0 tx=0)._handle_peer_banner_payload supported=3 required=0
2024-09-19T04:57:37.024 INFO:teuthology.orchestra.run.smithi007.stdout:/usr/bin/ceph: stderr
2024-09-19T04:57:36.270+0000 7f2b0d185640 1 --2- >> [v2:172.21.15.7:3300/0,v1:172.21.15.7:6789/0] conn(0x7f2b08106740 0x7f2b08106b40 unknown :-1 s=HELLO_CONNECTING pgs=0 cs=0 l=0 rev1=1 crypto rx=0 tx=0 comp rx=0 tx=0).handle_hello peer v2:172.21.15.7:3300/0 says I am v2:172.21.15.7:53212/0 (socket says 172.21.15.7:53212)
2024-09-19T04:57:37.024 INFO:teuthology.orchestra.run.smithi007.stdout:/usr/bin/ceph: stderr
2024-09-19T04:57:36.270+0000 7f2b0d185640 1 -- 172.21.15.7:0/2306340054 learned_addr learned my addr 172.21.15.7:0/2306340054 (peer_addr_for_me v2:172.21.15.7:0/0)
2024-09-19T04:57:37.024 INFO:teuthology.orchestra.run.smithi007.stdout:/usr/bin/ceph: stderr
2024-09-19T04:57:36.270+0000 7f2b0d185640 1 -- 172.21.15.7:0/2306340054 --> [v2:172.21.15.7:3300/0,v1:172.21.15.7:6789/0] -- mon_subscribe({config=0+,monmap=0+}) -- 0x7f2b08107940 con 0x7f2b08106740
2024-09-19T04:57:37.024 INFO:teuthology.orchestra.run.smithi007.stdout:/usr/bin/ceph: stderr
2024-09-19T04:57:36.271+0000 7f2b0d185640 1 --2- 172.21.15.7:0/2306340054 >> [v2:172.21.15.7:3300/0,v1:172.21.15.7:6789/0] conn(0x7f2b08106740 0x7f2b08106b40 secure :-1 s=READY pgs=18 cs=0 l=1 rev1=1 crypto rx=0x7f2b04009820 tx=0x7f2b0402a270 comp rx=0 tx=0).ready entity=mon.0 client_cookie=dc6fb1eae0582188 server_cookie=0 in_seq=0 out_seq=0
2024-09-19T04:57:37.025 INFO:teuthology.orchestra.run.smithi007.stdout:/usr/bin/ceph: stderr
2024-09-19T04:57:36.271+0000 7f2afffff640 1 -- 172.21.15.7:0/2306340054 <== mon.0 v2:172.21.15.7:3300/0 1 ==== mon_map magic: 0 ==== 205+0+0 (secure 0 0 0) 0x7f2b04037070 con 0x7f2b08106740
2024-09-19T04:57:37.025 INFO:teuthology.orchestra.run.smithi007.stdout:/usr/bin/ceph: stderr
2024-09-19T04:57:36.271+0000 7f2afffff640 1 -- 172.21.15.7:0/2306340054 <== mon.0 v2:172.21.15.7:3300/0 2 ==== config(29 keys) ==== 1178+0+0 (secure 0 0 0) 0x7f2b04032940 con 0x7f2b08106740
2024-09-19T04:57:37.025 INFO:teuthology.orchestra.run.smithi007.stdout:/usr/bin/ceph: stderr
2024-09-19T04:57:36.271+0000 7f2afffff640 1 -- 172.21.15.7:0/2306340054 <== mon.0 v2:172.21.15.7:3300/0 3 ==== mon_map magic: 0 ==== 205+0+0 (secure 0 0 0) 0x7f2b040309c0 con 0x7f2b08106740
2024-09-19T04:57:37.025 INFO:teuthology.orchestra.run.smithi007.stdout:/usr/bin/ceph: stderr
2024-09-19T04:57:36.272+0000 7f2b0f3e9640 1 -- 172.21.15.7:0/2306340054 >> [v2:172.21.15.7:3300/0,v1:172.21.15.7:6789/0] conn(0x7f2b08106740 msgr2=0x7f2b08106b40 secure :-1 s=STATE_CONNECTION_ESTABLISHED l=1).mark_down
2024-09-19T04:57:37.025 INFO:teuthology.orchestra.run.smithi007.stdout:/usr/bin/ceph: stderr
2024-09-19T04:57:36.272+0000 7f2b0f3e9640 1 --2- 172.21.15.7:0/2306340054 >> [v2:172.21.15.7:3300/0,v1:172.21.15.7:6789/0] conn(0x7f2b08106740 0x7f2b08106b40 secure :-1 s=READY pgs=18 cs=0 l=1 rev1=1 crypto rx=0x7f2b04009820 tx=0x7f2b0402a270 comp rx=0 tx=0).stop
2024-09-19T04:57:37.025 INFO:teuthology.orchestra.run.smithi007.stdout:/usr/bin/ceph: stderr
2024-09-19T04:57:36.272+0000 7f2b0f3e9640 1 -- 172.21.15.7:0/2306340054 shutdown_connections
2024-09-19T04:57:37.025 INFO:teuthology.orchestra.run.smithi007.stdout:/usr/bin/ceph: stderr
2024-09-19T04:57:36.272+0000 7f2b0f3e9640 1 --2- 172.21.15.7:0/2306340054 >> [v2:172.21.15.7:3300/0,v1:172.21.15.7:6789/0] conn(0x7f2b08106740 0x7f2b08106b40 unknown :-1 s=CLOSED pgs=18 cs=0 l=1 rev1=1 crypto rx=0 tx=0 comp rx=0 tx=0).stop
2024-09-19T04:57:37.025 INFO:teuthology.orchestra.run.smithi007.stdout:/usr/bin/ceph: stderr
2024-09-19T04:57:36.272+0000 7f2b0f3e9640 1 -- 172.21.15.7:0/2306340054 >> 172.21.15.7:0/2306340054 conn(0x7f2b08101eb0 msgr2=0x7f2b08104310 unknown :-1 s=STATE_NONE l=0).mark_down
2024-09-19T04:57:37.025 INFO:teuthology.orchestra.run.smithi007.stdout:/usr/bin/ceph: stderr
2024-09-19T04:57:36.272+0000 7f2b0f3e9640 1 -- 172.21.15.7:0/2306340054 shutdown_connections
2024-09-19T04:57:37.025 INFO:teuthology.orchestra.run.smithi007.stdout:/usr/bin/ceph: stderr
2024-09-19T04:57:36.272+0000 7f2b0f3e9640 1 -- 172.21.15.7:0/2306340054 wait complete.
2024-09-19T04:57:37.025 INFO:teuthology.orchestra.run.smithi007.stdout:/usr/bin/ceph: stderr
2024-09-19T04:57:36.273+0000 7f2b0f3e9640 1 Processor -- start
2024-09-19T04:57:37.025 INFO:teuthology.orchestra.run.smithi007.stdout:/usr/bin/ceph: stderr
2024-09-19T04:57:36.273+0000 7f2b0f3e9640 1 -- start start
2024-09-19T04:57:37.026 INFO:teuthology.orchestra.run.smithi007.stdout:/usr/bin/ceph: stderr
2024-09-19T04:57:36.273+0000 7f2b0f3e9640 1 --2- >> [v2:172.21.15.7:3300/0,v1:172.21.15.7:6789/0] conn(0x7f2b08106740 0x7f2b08191a30 unknown :-1 s=NONE pgs=0 cs=0 l=1 rev1=0 crypto rx=0 tx=0 comp rx=0 tx=0).connect
2024-09-19T04:57:37.026 INFO:teuthology.orchestra.run.smithi007.stdout:/usr/bin/ceph: stderr
2024-09-19T04:57:36.273+0000 7f2b0f3e9640 1 -- --> [v2:172.21.15.7:3300/0,v1:172.21.15.7:6789/0] -- mon_getmap magic: 0 -- 0x7f2b0810acf0 con 0x7f2b08106740
2024-09-19T04:57:37.026 INFO:teuthology.orchestra.run.smithi007.stdout:/usr/bin/ceph: stderr
2024-09-19T04:57:36.273+0000 7f2b0d185640 1 --2- >> [v2:172.21.15.7:3300/0,v1:172.21.15.7:6789/0] conn(0x7f2b08106740 0x7f2b08191a30 unknown :-1 s=BANNER_CONNECTING pgs=0 cs=0 l=1 rev1=0 crypto rx=0 tx=0 comp rx=0 tx=0)._handle_peer_banner_payload supported=3 required=0
2024-09-19T04:57:37.026 INFO:teuthology.orchestra.run.smithi007.stdout:/usr/bin/ceph: stderr
2024-09-19T04:57:36.273+0000 7f2b0d185640 1 --2- >> [v2:172.21.15.7:3300/0,v1:172.21.15.7:6789/0] conn(0x7f2b08106740 0x7f2b08191a30 unknown :-1 s=HELLO_CONNECTING pgs=0 cs=0 l=1 rev1=1 crypto rx=0 tx=0 comp rx=0 tx=0).handle_hello peer v2:172.21.15.7:3300/0 says I am v2:172.21.15.7:53222/0 (socket says 172.21.15.7:53222)
2024-09-19T04:57:37.026 INFO:teuthology.orchestra.run.smithi007.stdout:/usr/bin/ceph: stderr
2024-09-19T04:57:36.273+0000 7f2b0d185640 1 -- 172.21.15.7:0/1083000633 learned_addr learned my addr 172.21.15.7:0/1083000633 (peer_addr_for_me v2:172.21.15.7:0/0)
2024-09-19T04:57:37.026 INFO:teuthology.orchestra.run.smithi007.stdout:/usr/bin/ceph: stderr
2024-09-19T04:57:36.273+0000 7f2b0d185640 1 -- 172.21.15.7:0/1083000633 --> [v2:172.21.15.7:3300/0,v1:172.21.15.7:6789/0] -- mon_subscribe({config=0+,monmap=0+}) -- 0x7f2b08191f70 con 0x7f2b08106740
2024-09-19T04:57:37.026 INFO:teuthology.orchestra.run.smithi007.stdout:/usr/bin/ceph: stderr
2024-09-19T04:57:36.274+0000 7f2b0d185640 1 --2- 172.21.15.7:0/1083000633 >> [v2:172.21.15.7:3300/0,v1:172.21.15.7:6789/0] conn(0x7f2b08106740 0x7f2b08191a30 secure :-1 s=READY pgs=19 cs=0 l=1 rev1=1 crypto rx=0x7f2b040097f0 tx=0x7f2b04032e60 comp rx=0 tx=0).ready entity=mon.0 client_cookie=0 server_cookie=0 in_seq=0 out_seq=0
2024-09-19T04:57:37.026 INFO:teuthology.orchestra.run.smithi007.stdout:/usr/bin/ceph: stderr
2024-09-19T04:57:36.274+0000 7f2afe7fc640 1 -- 172.21.15.7:0/1083000633 <== mon.0 v2:172.21.15.7:3300/0 1 ==== mon_map magic: 0 ==== 205+0+0 (secure 0 0 0) 0x7f2b04042070 con 0x7f2b08106740
2024-09-19T04:57:37.026 INFO:teuthology.orchestra.run.smithi007.stdout:/usr/bin/ceph: stderr
2024-09-19T04:57:36.274+0000 7f2afe7fc640 1 -- 172.21.15.7:0/1083000633 <== mon.0 v2:172.21.15.7:3300/0 2 ==== config(29 keys) ==== 1178+0+0 (secure 0 0 0) 0x7f2b040325f0 con 0x7f2b08106740
2024-09-19T04:57:37.026 INFO:teuthology.orchestra.run.smithi007.stdout:/usr/bin/ceph: stderr
2024-09-19T04:57:36.274+0000 7f2b0f3e9640 1 -- 172.21.15.7:0/1083000633 --> [v2:172.21.15.7:3300/0,v1:172.21.15.7:6789/0] -- mon_subscribe({mgrmap=0+}) -- 0x7f2b08190160 con 0x7f2b08106740
2024-09-19T04:57:37.026 INFO:teuthology.orchestra.run.smithi007.stdout:/usr/bin/ceph: stderr
2024-09-19T04:57:36.274+0000 7f2afe7fc640 1 -- 172.21.15.7:0/1083000633 <== mon.0 v2:172.21.15.7:3300/0 3 ==== mon_map magic: 0 ==== 205+0+0 (secure 0 0 0) 0x7f2b04037040 con 0x7f2b08106740
2024-09-19T04:57:37.026 INFO:teuthology.orchestra.run.smithi007.stdout:/usr/bin/ceph: stderr
2024-09-19T04:57:36.274+0000 7f2b0f3e9640 1 -- 172.21.15.7:0/1083000633 --> [v2:172.21.15.7:3300/0,v1:172.21.15.7:6789/0] -- mon_subscribe({osdmap=0}) -- 0x7f2b081906a0 con 0x7f2b08106740
2024-09-19T04:57:37.026 INFO:teuthology.orchestra.run.smithi007.stdout:/usr/bin/ceph: stderr
2024-09-19T04:57:36.275+0000 7f2afe7fc640 1 -- 172.21.15.7:0/1083000633 <== mon.0 v2:172.21.15.7:3300/0 4 ==== mgrmap(e 4) ==== 46450+0+0 (secure 0 0 0) 0x7f2b04045070 con 0x7f2b08106740
2024-09-19T04:57:37.027 INFO:teuthology.orchestra.run.smithi007.stdout:/usr/bin/ceph: stderr
2024-09-19T04:57:36.275+0000 7f2b0f3e9640 1 -- 172.21.15.7:0/1083000633 --> [v2:172.21.15.7:3300/0,v1:172.21.15.7:6789/0] -- mon_command({"prefix": "get_command_descriptions"} v 0) -- 0x7f2b08106bc0 con 0x7f2b08106740
2024-09-19T04:57:37.027 INFO:teuthology.orchestra.run.smithi007.stdout:/usr/bin/ceph: stderr
2024-09-19T04:57:36.275+0000 7f2afe7fc640 1 --2- 172.21.15.7:0/1083000633 >> [v2:172.21.15.7:6800/3942690972,v1:172.21.15.7:6801/3942690972] conn(0x7f2af40391b0 0x7f2af403b670 unknown :-1 s=NONE pgs=0 cs=0 l=1 rev1=0 crypto rx=0 tx=0 comp rx=0 tx=0).connect
2024-09-19T04:57:37.027 INFO:teuthology.orchestra.run.smithi007.stdout:/usr/bin/ceph: stderr
2024-09-19T04:57:36.275+0000 7f2afe7fc640 1 -- 172.21.15.7:0/1083000633 <== mon.0 v2:172.21.15.7:3300/0 5 ==== osd_map(1..1 src has 1..1) ==== 725+0+0 (secure 0 0 0) 0x7f2b0406c220 con 0x7f2b08106740
2024-09-19T04:57:37.027 INFO:teuthology.orchestra.run.smithi007.stdout:/usr/bin/ceph: stderr
2024-09-19T04:57:36.275+0000 7f2b0c984640 1 --2- 172.21.15.7:0/1083000633 >> [v2:172.21.15.7:6800/3942690972,v1:172.21.15.7:6801/3942690972] conn(0x7f2af40391b0 0x7f2af403b670 unknown :-1 s=BANNER_CONNECTING pgs=0 cs=0 l=1 rev1=0 crypto rx=0 tx=0 comp rx=0 tx=0)._handle_peer_banner_payload supported=3 required=0
2024-09-19T04:57:37.027 INFO:teuthology.orchestra.run.smithi007.stdout:/usr/bin/ceph: stderr
2024-09-19T04:57:36.276+0000 7f2b0c984640 1 --2- 172.21.15.7:0/1083000633 >> [v2:172.21.15.7:6800/3942690972,v1:172.21.15.7:6801/3942690972] conn(0x7f2af40391b0 0x7f2af403b670 secure :-1 s=READY pgs=7 cs=0 l=1 rev1=1 crypto rx=0x7f2af80098c0 tx=0x7f2af8006db0 comp rx=0 tx=0).ready entity=mgr.14100 client_cookie=0 server_cookie=0 in_seq=0 out_seq=0
2024-09-19T04:57:37.027 INFO:teuthology.orchestra.run.smithi007.stdout:/usr/bin/ceph: stderr
2024-09-19T04:57:36.280+0000 7f2afe7fc640 1 -- 172.21.15.7:0/1083000633 <== mon.0 v2:172.21.15.7:3300/0 6 ==== mon_command_ack([{"prefix": "get_command_descriptions"}]=0 v0) ==== 72+0+188913 (secure 0 0 0) 0x7f2b0403be10 con 0x7f2b08106740
2024-09-19T04:57:37.027 INFO:teuthology.orchestra.run.smithi007.stdout:/usr/bin/ceph: stderr
2024-09-19T04:57:36.457+0000 7f2b0f3e9640 1 -- 172.21.15.7:0/1083000633 --> [v2:172.21.15.7:3300/0,v1:172.21.15.7:6789/0] -- mon_command({"prefix": "config assimilate-conf"} v 0) -- 0x7f2b08195820 con 0x7f2b08106740
2024-09-19T04:57:37.027 INFO:teuthology.orchestra.run.smithi007.stdout:/usr/bin/ceph: stderr
2024-09-19T04:57:36.458+0000 7f2afe7fc640 1 -- 172.21.15.7:0/1083000633 <== mon.0 v2:172.21.15.7:3300/0 7 ==== mon_command_ack([{"prefix": "config assimilate-conf"}]=0 v3) ==== 70+0+427 (secure 0 0 0) 0x7f2b0403ce10 con 0x7f2b08106740
2024-09-19T04:57:37.027 INFO:teuthology.orchestra.run.smithi007.stdout:/usr/bin/ceph: stderr
2024-09-19T04:57:36.461+0000 7f2b0f3e9640 1 -- 172.21.15.7:0/1083000633 >> [v2:172.21.15.7:6800/3942690972,v1:172.21.15.7:6801/3942690972] conn(0x7f2af40391b0 msgr2=0x7f2af403b670 secure :-1 s=STATE_CONNECTION_ESTABLISHED l=1).mark_down
2024-09-19T04:57:37.027 INFO:teuthology.orchestra.run.smithi007.stdout:/usr/bin/ceph: stderr
2024-09-19T04:57:36.461+0000 7f2b0f3e9640 1 --2- 172.21.15.7:0/1083000633 >> [v2:172.21.15.7:6800/3942690972,v1:172.21.15.7:6801/3942690972] conn(0x7f2af40391b0 0x7f2af403b670 secure :-1 s=READY pgs=7 cs=0 l=1 rev1=1 crypto rx=0x7f2af80098c0 tx=0x7f2af8006db0 comp rx=0 tx=0).stop
2024-09-19T04:57:37.027 INFO:teuthology.orchestra.run.smithi007.stdout:/usr/bin/ceph: stderr
2024-09-19T04:57:36.461+0000 7f2b0f3e9640 1 -- 172.21.15.7:0/1083000633 >> [v2:172.21.15.7:3300/0,v1:172.21.15.7:6789/0] conn(0x7f2b08106740 msgr2=0x7f2b08191a30 secure :-1 s=STATE_CONNECTION_ESTABLISHED l=1).mark_down
2024-09-19T04:57:37.027 INFO:teuthology.orchestra.run.smithi007.stdout:/usr/bin/ceph: stderr
2024-09-19T04:57:36.461+0000 7f2b0f3e9640 1 --2- 172.21.15.7:0/1083000633 >> [v2:172.21.15.7:3300/0,v1:172.21.15.7:6789/0] conn(0x7f2b08106740 0x7f2b08191a30 secure :-1 s=READY pgs=19 cs=0 l=1 rev1=1 crypto rx=0x7f2b040097f0 tx=0x7f2b04032e60 comp rx=0 tx=0).stop
2024-09-19T04:57:37.027 INFO:teuthology.orchestra.run.smithi007.stdout:/usr/bin/ceph: stderr
2024-09-19T04:57:36.461+0000 7f2b0f3e9640 1 -- 172.21.15.7:0/1083000633 shutdown_connections
2024-09-19T04:57:37.028 INFO:teuthology.orchestra.run.smithi007.stdout:/usr/bin/ceph: stderr
2024-09-19T04:57:36.461+0000 7f2b0f3e9640 1 --2- 172.21.15.7:0/1083000633 >> [v2:172.21.15.7:6800/3942690972,v1:172.21.15.7:6801/3942690972] conn(0x7f2af40391b0 0x7f2af403b670 unknown :-1 s=CLOSED pgs=7 cs=0 l=1 rev1=1 crypto rx=0 tx=0 comp rx=0 tx=0).stop
2024-09-19T04:57:37.028 INFO:teuthology.orchestra.run.smithi007.stdout:/usr/bin/ceph: stderr
2024-09-19T04:57:36.461+0000 7f2b0f3e9640 1 --2- 172.21.15.7:0/1083000633 >> [v2:172.21.15.7:3300/0,v1:172.21.15.7:6789/0] conn(0x7f2b08106740 0x7f2b08191a30 unknown :-1 s=CLOSED pgs=19 cs=0 l=1 rev1=1 crypto rx=0 tx=0 comp rx=0 tx=0).stop
2024-09-19T04:57:37.028 INFO:teuthology.orchestra.run.smithi007.stdout:/usr/bin/ceph: stderr
2024-09-19T04:57:36.461+0000 7f2b0f3e9640 1 -- 172.21.15.7:0/1083000633 >> 172.21.15.7:0/1083000633 conn(0x7f2b08101eb0 msgr2=0x7f2b08102e40 unknown :-1 s=STATE_NONE l=0).mark_down
2024-09-19T04:57:37.028 INFO:teuthology.orchestra.run.smithi007.stdout:/usr/bin/ceph: stderr
2024-09-19T04:57:36.461+0000 7f2b0f3e9640 1 -- 172.21.15.7:0/1083000633 shutdown_connections
2024-09-19T04:57:37.028 INFO:teuthology.orchestra.run.smithi007.stdout:/usr/bin/ceph: stderr
2024-09-19T04:57:36.461+0000 7f2b0f3e9640 1 -- 172.21.15.7:0/1083000633 wait complete.
2024-09-19T04:57:37.028 INFO:teuthology.orchestra.run.smithi007.stdout:Enabling cephadm module...
2024-09-19T04:57:37.909 INFO:journalctl@ceph.mon.a.smithi007.stdout:Sep 19 04:57:37 smithi007 ceph-mon[30950]: from='client.? 172.21.15.7:0/4062114303' entity='client.admin' cmd=[{"prefix": "mgr module enable", "module": "cephadm"}]: dispatch
2024-09-19T04:57:37.909 INFO:journalctl@ceph.mgr.x.smithi007.stdout:Sep 19 04:57:37 smithi007 ceph-75feb710-7643-11ef-bceb-c7b262605968-mgr-x[31178]: ignoring --setuser ceph since I am not root
2024-09-19T04:57:37.909 INFO:journalctl@ceph.mgr.x.smithi007.stdout:Sep 19 04:57:37 smithi007 ceph-75feb710-7643-11ef-bceb-c7b262605968-mgr-x[31178]: ignoring --setgroup ceph since I am not root
2024-09-19T04:57:37.909 INFO:journalctl@ceph.mgr.x.smithi007.stdout:Sep 19 04:57:37 smithi007 ceph-75feb710-7643-11ef-bceb-c7b262605968-mgr-x[31178]:
2024-09-19T04:57:37.848+0000 7ff8858e3040 -1 mgr[py] Module osd_perf_query has missing NOTIFY_TYPES member
2024-09-19T04:57:37.909 INFO:journalctl@ceph.mgr.x.smithi007.stdout:Sep 19 04:57:37 smithi007 ceph-75feb710-7643-11ef-bceb-c7b262605968-mgr-x[31178]:
2024-09-19T04:57:37.907+0000 7ff8858e3040 -1 mgr[py] Module osd_support has missing NOTIFY_TYPES member
2024-09-19T04:57:38.200 INFO:journalctl@ceph.mgr.x.smithi007.stdout:Sep 19 04:57:38 smithi007 ceph-75feb710-7643-11ef-bceb-c7b262605968-mgr-x[31178]:
2024-09-19T04:57:38.062+0000 7ff8858e3040 -1 mgr[py] Module diskprediction_local has missing NOTIFY_TYPES member
2024-09-19T04:57:38.200 INFO:journalctl@ceph.mgr.x.smithi007.stdout:Sep 19 04:57:38 smithi007 ceph-75feb710-7643-11ef-bceb-c7b262605968-mgr-x[31178]:
2024-09-19T04:57:38.131+0000 7ff8858e3040 -1 mgr[py] Module crash has missing NOTIFY_TYPES member
2024-09-19T04:57:38.293 INFO:teuthology.orchestra.run.smithi007.stdout:/usr/bin/ceph: stderr
2024-09-19T04:57:37.423+0000 7f8937dab640 1 Processor -- start
2024-09-19T04:57:38.293 INFO:teuthology.orchestra.run.smithi007.stdout:/usr/bin/ceph: stderr
2024-09-19T04:57:37.423+0000 7f8937dab640 1 -- start start
2024-09-19T04:57:38.293 INFO:teuthology.orchestra.run.smithi007.stdout:/usr/bin/ceph: stderr
2024-09-19T04:57:37.423+0000 7f8937dab640 1 --2- >> [v2:172.21.15.7:3300/0,v1:172.21.15.7:6789/0] conn(0x7f893007dca0 0x7f893007c260 unknown :-1 s=NONE pgs=0 cs=0 l=0 rev1=0 crypto rx=0 tx=0 comp rx=0 tx=0).connect
2024-09-19T04:57:38.293 INFO:teuthology.orchestra.run.smithi007.stdout:/usr/bin/ceph: stderr
2024-09-19T04:57:37.423+0000 7f8937dab640 1 -- --> [v2:172.21.15.7:3300/0,v1:172.21.15.7:6789/0] -- mon_getmap magic: 0 -- 0x7f893007e0a0 con 0x7f893007dca0
2024-09-19T04:57:38.293 INFO:teuthology.orchestra.run.smithi007.stdout:/usr/bin/ceph: stderr
2024-09-19T04:57:37.424+0000 7f8935b47640 1 --2- >> [v2:172.21.15.7:3300/0,v1:172.21.15.7:6789/0] conn(0x7f893007dca0 0x7f893007c260 unknown :-1 s=BANNER_CONNECTING pgs=0 cs=0 l=0 rev1=0 crypto rx=0 tx=0 comp rx=0 tx=0)._handle_peer_banner_payload supported=3 required=0
2024-09-19T04:57:38.293 INFO:teuthology.orchestra.run.smithi007.stdout:/usr/bin/ceph: stderr
2024-09-19T04:57:37.424+0000 7f8935b47640 1 --2- >> [v2:172.21.15.7:3300/0,v1:172.21.15.7:6789/0] conn(0x7f893007dca0 0x7f893007c260 unknown :-1 s=HELLO_CONNECTING pgs=0 cs=0 l=0 rev1=1 crypto rx=0 tx=0 comp rx=0 tx=0).handle_hello peer v2:172.21.15.7:3300/0 says I am v2:172.21.15.7:53238/0 (socket says 172.21.15.7:53238)
2024-09-19T04:57:38.293 INFO:teuthology.orchestra.run.smithi007.stdout:/usr/bin/ceph: stderr
2024-09-19T04:57:37.424+0000 7f8935b47640 1 -- 172.21.15.7:0/146585993 learned_addr learned my addr 172.21.15.7:0/146585993 (peer_addr_for_me v2:172.21.15.7:0/0)
2024-09-19T04:57:38.293 INFO:teuthology.orchestra.run.smithi007.stdout:/usr/bin/ceph: stderr
2024-09-19T04:57:37.424+0000 7f8935b47640 1 -- 172.21.15.7:0/146585993 --> [v2:172.21.15.7:3300/0,v1:172.21.15.7:6789/0] -- mon_subscribe({config=0+,monmap=0+}) -- 0x7f893007c7a0 con 0x7f893007dca0
2024-09-19T04:57:38.293 INFO:teuthology.orchestra.run.smithi007.stdout:/usr/bin/ceph: stderr
2024-09-19T04:57:37.424+0000 7f8935b47640 1 --2- 172.21.15.7:0/146585993 >> [v2:172.21.15.7:3300/0,v1:172.21.15.7:6789/0] conn(0x7f893007dca0 0x7f893007c260 secure :-1 s=READY pgs=20 cs=0 l=1 rev1=1 crypto rx=0x7f8920009e80 tx=0x7f892002a7a0 comp rx=0 tx=0).ready entity=mon.0 client_cookie=345c1d7a45b6edeb server_cookie=0 in_seq=0 out_seq=0
2024-09-19T04:57:38.293 INFO:teuthology.orchestra.run.smithi007.stdout:/usr/bin/ceph: stderr
2024-09-19T04:57:37.425+0000 7f8934b45640 1 -- 172.21.15.7:0/146585993 <== mon.0 v2:172.21.15.7:3300/0 1 ==== mon_map magic: 0 ==== 205+0+0 (secure 0 0 0) 0x7f8920036070 con 0x7f893007dca0
2024-09-19T04:57:38.294 INFO:teuthology.orchestra.run.smithi007.stdout:/usr/bin/ceph: stderr
2024-09-19T04:57:37.425+0000 7f8934b45640 1 -- 172.21.15.7:0/146585993 <== mon.0 v2:172.21.15.7:3300/0 2 ==== config(29 keys) ==== 1178+0+0 (secure 0 0 0) 0x7f8920031900 con 0x7f893007dca0
2024-09-19T04:57:38.294 INFO:teuthology.orchestra.run.smithi007.stdout:/usr/bin/ceph: stderr
2024-09-19T04:57:37.425+0000 7f8934b45640 1 -- 172.21.15.7:0/146585993 <== mon.0 v2:172.21.15.7:3300/0 3 ==== mon_map magic: 0 ==== 205+0+0 (secure 0 0 0) 0x7f8920007bc0 con 0x7f893007dca0
2024-09-19T04:57:38.294 INFO:teuthology.orchestra.run.smithi007.stdout:/usr/bin/ceph: stderr
2024-09-19T04:57:37.425+0000 7f8937dab640 1 -- 172.21.15.7:0/146585993 >> [v2:172.21.15.7:3300/0,v1:172.21.15.7:6789/0] conn(0x7f893007dca0 msgr2=0x7f893007c260 secure :-1 s=STATE_CONNECTION_ESTABLISHED l=1).mark_down
2024-09-19T04:57:38.294 INFO:teuthology.orchestra.run.smithi007.stdout:/usr/bin/ceph: stderr
2024-09-19T04:57:37.425+0000 7f8937dab640 1 --2- 172.21.15.7:0/146585993 >> [v2:172.21.15.7:3300/0,v1:172.21.15.7:6789/0] conn(0x7f893007dca0 0x7f893007c260 secure :-1 s=READY pgs=20 cs=0 l=1 rev1=1 crypto rx=0x7f8920009e80 tx=0x7f892002a7a0 comp rx=0 tx=0).stop
2024-09-19T04:57:38.294 INFO:teuthology.orchestra.run.smithi007.stdout:/usr/bin/ceph: stderr
2024-09-19T04:57:37.425+0000 7f8937dab640 1 -- 172.21.15.7:0/146585993 shutdown_connections
2024-09-19T04:57:38.294 INFO:teuthology.orchestra.run.smithi007.stdout:/usr/bin/ceph: stderr
2024-09-19T04:57:37.425+0000 7f8937dab640 1 --2- 172.21.15.7:0/146585993 >> [v2:172.21.15.7:3300/0,v1:172.21.15.7:6789/0] conn(0x7f893007dca0 0x7f893007c260 unknown :-1 s=CLOSED pgs=20 cs=0 l=1 rev1=1 crypto rx=0 tx=0 comp rx=0 tx=0).stop
2024-09-19T04:57:38.294 INFO:teuthology.orchestra.run.smithi007.stdout:/usr/bin/ceph: stderr
2024-09-19T04:57:37.425+0000 7f8937dab640 1 -- 172.21.15.7:0/146585993 >> 172.21.15.7:0/146585993 conn(0x7f8930103150 msgr2=0x7f8930105570 unknown :-1 s=STATE_NONE l=0).mark_down
2024-09-19T04:57:38.294 INFO:teuthology.orchestra.run.smithi007.stdout:/usr/bin/ceph: stderr
2024-09-19T04:57:37.425+0000 7f8937dab640 1 -- 172.21.15.7:0/146585993 shutdown_connections
2024-09-19T04:57:38.294 INFO:teuthology.orchestra.run.smithi007.stdout:/usr/bin/ceph: stderr
2024-09-19T04:57:37.425+0000 7f8937dab640 1 -- 172.21.15.7:0/146585993 wait complete.
2024-09-19T04:57:38.294 INFO:teuthology.orchestra.run.smithi007.stdout:/usr/bin/ceph: stderr
2024-09-19T04:57:37.426+0000 7f8937dab640 1 Processor -- start
2024-09-19T04:57:38.294 INFO:teuthology.orchestra.run.smithi007.stdout:/usr/bin/ceph: stderr
2024-09-19T04:57:37.426+0000 7f8937dab640 1 -- start start
2024-09-19T04:57:38.294 INFO:teuthology.orchestra.run.smithi007.stdout:/usr/bin/ceph: stderr
2024-09-19T04:57:37.426+0000 7f8937dab640 1 --2- >> [v2:172.21.15.7:3300/0,v1:172.21.15.7:6789/0] conn(0x7f893007dca0 0x7f893019dac0 unknown :-1 s=NONE pgs=0 cs=0 l=1 rev1=0 crypto rx=0 tx=0 comp rx=0 tx=0).connect
2024-09-19T04:57:38.294 INFO:teuthology.orchestra.run.smithi007.stdout:/usr/bin/ceph: stderr
2024-09-19T04:57:37.426+0000 7f8937dab640 1 -- --> [v2:172.21.15.7:3300/0,v1:172.21.15.7:6789/0] -- mon_getmap magic: 0 -- 0x7f893010de90 con 0x7f893007dca0
2024-09-19T04:57:38.295 INFO:teuthology.orchestra.run.smithi007.stdout:/usr/bin/ceph: stderr
2024-09-19T04:57:37.426+0000 7f8935b47640 1 --2- >> [v2:172.21.15.7:3300/0,v1:172.21.15.7:6789/0] conn(0x7f893007dca0 0x7f893019dac0 unknown :-1 s=BANNER_CONNECTING pgs=0 cs=0 l=1 rev1=0 crypto rx=0 tx=0 comp rx=0 tx=0)._handle_peer_banner_payload supported=3 required=0
2024-09-19T04:57:38.295 INFO:teuthology.orchestra.run.smithi007.stdout:/usr/bin/ceph: stderr
2024-09-19T04:57:37.426+0000 7f8935b47640 1 --2- >> [v2:172.21.15.7:3300/0,v1:172.21.15.7:6789/0] conn(0x7f893007dca0 0x7f893019dac0 unknown :-1 s=HELLO_CONNECTING pgs=0 cs=0 l=1 rev1=1 crypto rx=0 tx=0 comp rx=0 tx=0).handle_hello peer v2:172.21.15.7:3300/0 says I am v2:172.21.15.7:53250/0 (socket says 172.21.15.7:53250)
2024-09-19T04:57:38.295 INFO:teuthology.orchestra.run.smithi007.stdout:/usr/bin/ceph: stderr
2024-09-19T04:57:37.426+0000 7f8935b47640 1 -- 172.21.15.7:0/4062114303 learned_addr learned my addr 172.21.15.7:0/4062114303 (peer_addr_for_me v2:172.21.15.7:0/0)
2024-09-19T04:57:38.295 INFO:teuthology.orchestra.run.smithi007.stdout:/usr/bin/ceph: stderr
2024-09-19T04:57:37.426+0000 7f8935b47640 1 -- 172.21.15.7:0/4062114303 --> [v2:172.21.15.7:3300/0,v1:172.21.15.7:6789/0] -- mon_subscribe({config=0+,monmap=0+}) -- 0x7f893019e000 con 0x7f893007dca0
2024-09-19T04:57:38.295 INFO:teuthology.orchestra.run.smithi007.stdout:/usr/bin/ceph: stderr
2024-09-19T04:57:37.427+0000 7f8935b47640 1 --2- 172.21.15.7:0/4062114303 >> [v2:172.21.15.7:3300/0,v1:172.21.15.7:6789/0] conn(0x7f893007dca0 0x7f893019dac0 secure :-1 s=READY pgs=21 cs=0 l=1 rev1=1 crypto rx=0x7f8920009e50 tx=0x7f8920031630 comp rx=0 tx=0).ready entity=mon.0 client_cookie=0 server_cookie=0 in_seq=0 out_seq=0
2024-09-19T04:57:38.295 INFO:teuthology.orchestra.run.smithi007.stdout:/usr/bin/ceph: stderr
2024-09-19T04:57:37.427+0000 7f892effd640 1 -- 172.21.15.7:0/4062114303 <== mon.0 v2:172.21.15.7:3300/0 1 ==== mon_map magic: 0 ==== 205+0+0 (secure 0 0 0) 0x7f8920036050 con 0x7f893007dca0
2024-09-19T04:57:38.295 INFO:teuthology.orchestra.run.smithi007.stdout:/usr/bin/ceph: stderr
2024-09-19T04:57:37.427+0000 7f892effd640 1 -- 172.21.15.7:0/4062114303 <== mon.0 v2:172.21.15.7:3300/0 2 ==== config(29 keys) ==== 1178+0+0 (secure 0 0 0) 0x7f8920042070 con 0x7f893007dca0
2024-09-19T04:57:38.295 INFO:teuthology.orchestra.run.smithi007.stdout:/usr/bin/ceph: stderr
2024-09-19T04:57:37.427+0000 7f8937dab640 1 -- 172.21.15.7:0/4062114303 --> [v2:172.21.15.7:3300/0,v1:172.21.15.7:6789/0] -- mon_subscribe({mgrmap=0+}) -- 0x7f893019e290 con 0x7f893007dca0
2024-09-19T04:57:38.295 INFO:teuthology.orchestra.run.smithi007.stdout:/usr/bin/ceph: stderr
2024-09-19T04:57:37.427+0000 7f892effd640 1 -- 172.21.15.7:0/4062114303 <== mon.0 v2:172.21.15.7:3300/0 3 ==== mon_map magic: 0 ==== 205+0+0 (secure 0 0 0) 0x7f892003ba10 con 0x7f893007dca0
2024-09-19T04:57:38.295 INFO:teuthology.orchestra.run.smithi007.stdout:/usr/bin/ceph: stderr
