2024-09-19T04:57:15.688+0000 7fb16affd640 1 -- 172.21.15.64:0/4189466430 <== mon.0 v2:172.21.15.64:3300/0 2 ==== config(26 keys) ==== 1102+0+0 (secure 0 0 0) 0x7fb15c037040 con 0x7fb16c106570
2024-09-19T04:57:20.380 INFO:teuthology.orchestra.run.smithi064.stdout:/usr/bin/ceph: stderr
2024-09-19T04:57:15.688+0000 7fb174266640 1 -- 172.21.15.64:0/4189466430 --> [v2:172.21.15.64:3300/0,v1:172.21.15.64:6789/0] -- mon_subscribe({mgrmap=0+}) -- 0x7fb16c19ad40 con 0x7fb16c106570
2024-09-19T04:57:20.380 INFO:teuthology.orchestra.run.smithi064.stdout:/usr/bin/ceph: stderr
2024-09-19T04:57:15.688+0000 7fb16affd640 1 -- 172.21.15.64:0/4189466430 <== mon.0 v2:172.21.15.64:3300/0 3 ==== mon_map magic: 0 ==== 205+0+0 (secure 0 0 0) 0x7fb15c03d950 con 0x7fb16c106570
2024-09-19T04:57:20.380 INFO:teuthology.orchestra.run.smithi064.stdout:/usr/bin/ceph: stderr
2024-09-19T04:57:15.688+0000 7fb174266640 1 -- 172.21.15.64:0/4189466430 --> [v2:172.21.15.64:3300/0,v1:172.21.15.64:6789/0] -- mon_subscribe({osdmap=0}) -- 0x7fb16c19da30 con 0x7fb16c106570
2024-09-19T04:57:20.380 INFO:teuthology.orchestra.run.smithi064.stdout:/usr/bin/ceph: stderr
2024-09-19T04:57:15.689+0000 7fb16affd640 1 -- 172.21.15.64:0/4189466430 <== mon.0 v2:172.21.15.64:3300/0 4 ==== mgrmap(e 9) ==== 46474+0+0 (secure 0 0 0) 0x7fb15c044020 con 0x7fb16c106570
2024-09-19T04:57:20.380 INFO:teuthology.orchestra.run.smithi064.stdout:/usr/bin/ceph: stderr
2024-09-19T04:57:15.690+0000 7fb16affd640 1 --2- 172.21.15.64:0/4189466430 >> [v2:172.21.15.64:6800/2584640926,v1:172.21.15.64:6801/2584640926] conn(0x7fb154039260 0x7fb15403b720 unknown :-1 s=NONE pgs=0 cs=0 l=1 rev1=0 crypto rx=0 tx=0 comp rx=0 tx=0).connect
2024-09-19T04:57:20.380 INFO:teuthology.orchestra.run.smithi064.stdout:/usr/bin/ceph: stderr
2024-09-19T04:57:15.690+0000 7fb16affd640 1 -- 172.21.15.64:0/4189466430 --> [v2:172.21.15.64:6800/2584640926,v1:172.21.15.64:6801/2584640926] -- command(tid 0: {"prefix": "get_command_descriptions"}) -- 0x7fb15403be30 con 0x7fb154039260
2024-09-19T04:57:20.381 INFO:teuthology.orchestra.run.smithi064.stdout:/usr/bin/ceph: stderr
2024-09-19T04:57:15.690+0000 7fb16affd640 1 -- 172.21.15.64:0/4189466430 <== mon.0 v2:172.21.15.64:3300/0 5 ==== osd_map(2..2 src has 1..2) ==== 940+0+0 (secure 0 0 0) 0x7fb15c042020 con 0x7fb16c106570
2024-09-19T04:57:20.381 INFO:teuthology.orchestra.run.smithi064.stdout:/usr/bin/ceph: stderr
2024-09-19T04:57:15.690+0000 7fb171801640 1 -- 172.21.15.64:0/4189466430 >> [v2:172.21.15.64:6800/2584640926,v1:172.21.15.64:6801/2584640926] conn(0x7fb154039260 msgr2=0x7fb15403b720 unknown :-1 s=STATE_CONNECTING_RE l=1).process reconnect failed to v2:172.21.15.64:6800/2584640926
2024-09-19T04:57:20.381 INFO:teuthology.orchestra.run.smithi064.stdout:/usr/bin/ceph: stderr
2024-09-19T04:57:15.690+0000 7fb171801640 1 --2- 172.21.15.64:0/4189466430 >> [v2:172.21.15.64:6800/2584640926,v1:172.21.15.64:6801/2584640926] conn(0x7fb154039260 0x7fb15403b720 unknown :-1 s=START_CONNECT pgs=0 cs=0 l=1 rev1=0 crypto rx=0 tx=0 comp rx=0 tx=0)._fault waiting 0.200000
2024-09-19T04:57:20.381 INFO:teuthology.orchestra.run.smithi064.stdout:/usr/bin/ceph: stderr
2024-09-19T04:57:15.891+0000 7fb171801640 1 -- 172.21.15.64:0/4189466430 >> [v2:172.21.15.64:6800/2584640926,v1:172.21.15.64:6801/2584640926] conn(0x7fb154039260 msgr2=0x7fb15403b720 unknown :-1 s=STATE_CONNECTING_RE l=1).process reconnect failed to v2:172.21.15.64:6800/2584640926
2024-09-19T04:57:20.381 INFO:teuthology.orchestra.run.smithi064.stdout:/usr/bin/ceph: stderr
2024-09-19T04:57:15.891+0000 7fb171801640 1 --2- 172.21.15.64:0/4189466430 >> [v2:172.21.15.64:6800/2584640926,v1:172.21.15.64:6801/2584640926] conn(0x7fb154039260 0x7fb15403b720 unknown :-1 s=START_CONNECT pgs=0 cs=0 l=1 rev1=0 crypto rx=0 tx=0 comp rx=0 tx=0)._fault waiting 0.400000
2024-09-19T04:57:20.381 INFO:teuthology.orchestra.run.smithi064.stdout:/usr/bin/ceph: stderr
2024-09-19T04:57:16.292+0000 7fb171801640 1 -- 172.21.15.64:0/4189466430 >> [v2:172.21.15.64:6800/2584640926,v1:172.21.15.64:6801/2584640926] conn(0x7fb154039260 msgr2=0x7fb15403b720 unknown :-1 s=STATE_CONNECTING_RE l=1).process reconnect failed to v2:172.21.15.64:6800/2584640926
2024-09-19T04:57:20.381 INFO:teuthology.orchestra.run.smithi064.stdout:/usr/bin/ceph: stderr
2024-09-19T04:57:16.292+0000 7fb171801640 1 --2- 172.21.15.64:0/4189466430 >> [v2:172.21.15.64:6800/2584640926,v1:172.21.15.64:6801/2584640926] conn(0x7fb154039260 0x7fb15403b720 unknown :-1 s=START_CONNECT pgs=0 cs=0 l=1 rev1=0 crypto rx=0 tx=0 comp rx=0 tx=0)._fault waiting 0.800000
2024-09-19T04:57:20.381 INFO:teuthology.orchestra.run.smithi064.stdout:/usr/bin/ceph: stderr
2024-09-19T04:57:17.093+0000 7fb171801640 1 -- 172.21.15.64:0/4189466430 >> [v2:172.21.15.64:6800/2584640926,v1:172.21.15.64:6801/2584640926] conn(0x7fb154039260 msgr2=0x7fb15403b720 unknown :-1 s=STATE_CONNECTING_RE l=1).process reconnect failed to v2:172.21.15.64:6800/2584640926
2024-09-19T04:57:20.381 INFO:teuthology.orchestra.run.smithi064.stdout:/usr/bin/ceph: stderr
2024-09-19T04:57:17.093+0000 7fb171801640 1 --2- 172.21.15.64:0/4189466430 >> [v2:172.21.15.64:6800/2584640926,v1:172.21.15.64:6801/2584640926] conn(0x7fb154039260 0x7fb15403b720 unknown :-1 s=START_CONNECT pgs=0 cs=0 l=1 rev1=0 crypto rx=0 tx=0 comp rx=0 tx=0)._fault waiting 1.600000
2024-09-19T04:57:20.381 INFO:teuthology.orchestra.run.smithi064.stdout:/usr/bin/ceph: stderr
2024-09-19T04:57:18.300+0000 7fb16affd640 1 -- 172.21.15.64:0/4189466430 <== mon.0 v2:172.21.15.64:3300/0 6 ==== mgrmap(e 10) ==== 46241+0+0 (secure 0 0 0) 0x7fb15c06ba20 con 0x7fb16c106570
2024-09-19T04:57:20.381 INFO:teuthology.orchestra.run.smithi064.stdout:/usr/bin/ceph: stderr
2024-09-19T04:57:18.300+0000 7fb16affd640 1 -- 172.21.15.64:0/4189466430 >> [v2:172.21.15.64:6800/2584640926,v1:172.21.15.64:6801/2584640926] conn(0x7fb154039260 msgr2=0x7fb15403b720 unknown :-1 s=STATE_CONNECTING l=1).mark_down
2024-09-19T04:57:20.381 INFO:teuthology.orchestra.run.smithi064.stdout:/usr/bin/ceph: stderr
2024-09-19T04:57:18.300+0000 7fb16affd640 1 --2- 172.21.15.64:0/4189466430 >> [v2:172.21.15.64:6800/2584640926,v1:172.21.15.64:6801/2584640926] conn(0x7fb154039260 0x7fb15403b720 unknown :-1 s=START_CONNECT pgs=0 cs=0 l=1 rev1=0 crypto rx=0 tx=0 comp rx=0 tx=0).stop
2024-09-19T04:57:20.381 INFO:teuthology.orchestra.run.smithi064.stdout:/usr/bin/ceph: stderr
2024-09-19T04:57:19.302+0000 7fb16affd640 1 -- 172.21.15.64:0/4189466430 <== mon.0 v2:172.21.15.64:3300/0 7 ==== mgrmap(e 11) ==== 46368+0+0 (secure 0 0 0) 0x7fb15c04bcc0 con 0x7fb16c106570
2024-09-19T04:57:20.382 INFO:teuthology.orchestra.run.smithi064.stdout:/usr/bin/ceph: stderr
2024-09-19T04:57:19.302+0000 7fb16affd640 1 --2- 172.21.15.64:0/4189466430 >> [v2:172.21.15.64:6800/3907259856,v1:172.21.15.64:6801/3907259856] conn(0x7fb15403cd20 0x7fb15403f110 unknown :-1 s=NONE pgs=0 cs=0 l=1 rev1=0 crypto rx=0 tx=0 comp rx=0 tx=0).connect
2024-09-19T04:57:20.382 INFO:teuthology.orchestra.run.smithi064.stdout:/usr/bin/ceph: stderr
2024-09-19T04:57:19.302+0000 7fb16affd640 1 -- 172.21.15.64:0/4189466430 --> [v2:172.21.15.64:6800/3907259856,v1:172.21.15.64:6801/3907259856] -- command(tid 0: {"prefix": "get_command_descriptions"}) -- 0x7fb15c066090 con 0x7fb15403cd20
2024-09-19T04:57:20.382 INFO:teuthology.orchestra.run.smithi064.stdout:/usr/bin/ceph: stderr
2024-09-19T04:57:19.302+0000 7fb171801640 1 --2- 172.21.15.64:0/4189466430 >> [v2:172.21.15.64:6800/3907259856,v1:172.21.15.64:6801/3907259856] conn(0x7fb15403cd20 0x7fb15403f110 unknown :-1 s=BANNER_CONNECTING pgs=0 cs=0 l=1 rev1=0 crypto rx=0 tx=0 comp rx=0 tx=0)._handle_peer_banner_payload supported=3 required=0
2024-09-19T04:57:20.382 INFO:teuthology.orchestra.run.smithi064.stdout:/usr/bin/ceph: stderr
2024-09-19T04:57:19.303+0000 7fb171801640 1 --2- 172.21.15.64:0/4189466430 >> [v2:172.21.15.64:6800/3907259856,v1:172.21.15.64:6801/3907259856] conn(0x7fb15403cd20 0x7fb15403f110 secure :-1 s=READY pgs=1 cs=0 l=1 rev1=1 crypto rx=0x7fb160003980 tx=0x7fb1600092b0 comp rx=0 tx=0).ready entity=mgr.14150 client_cookie=0 server_cookie=0 in_seq=0 out_seq=0
2024-09-19T04:57:20.382 INFO:teuthology.orchestra.run.smithi064.stdout:/usr/bin/ceph: stderr
2024-09-19T04:57:19.304+0000 7fb16affd640 1 -- 172.21.15.64:0/4189466430 <== mgr.14150 v2:172.21.15.64:6800/3907259856 1 ==== command_reply(tid 0: 0 ) ==== 8+0+9564 (secure 0 0 0) 0x7fb15c066090 con 0x7fb15403cd20
2024-09-19T04:57:20.382 INFO:teuthology.orchestra.run.smithi064.stdout:/usr/bin/ceph: stderr
2024-09-19T04:57:19.311+0000 7fb174266640 1 -- 172.21.15.64:0/4189466430 --> [v2:172.21.15.64:6800/3907259856,v1:172.21.15.64:6801/3907259856] -- command(tid 1: {"prefix": "mgr_status"}) -- 0x7fb16c10ac50 con 0x7fb15403cd20
2024-09-19T04:57:20.382 INFO:teuthology.orchestra.run.smithi064.stdout:/usr/bin/ceph: stderr
2024-09-19T04:57:19.311+0000 7fb16affd640 1 -- 172.21.15.64:0/4189466430 <== mgr.14150 v2:172.21.15.64:6800/3907259856 2 ==== command_reply(tid 1: 0 ) ==== 8+0+52 (secure 0 0 0) 0x7fb16c10ac50 con 0x7fb15403cd20
2024-09-19T04:57:20.382 INFO:teuthology.orchestra.run.smithi064.stdout:/usr/bin/ceph: stderr
2024-09-19T04:57:19.311+0000 7fb174266640 1 -- 172.21.15.64:0/4189466430 >> [v2:172.21.15.64:6800/3907259856,v1:172.21.15.64:6801/3907259856] conn(0x7fb15403cd20 msgr2=0x7fb15403f110 secure :-1 s=STATE_CONNECTION_ESTABLISHED l=1).mark_down
2024-09-19T04:57:20.382 INFO:teuthology.orchestra.run.smithi064.stdout:/usr/bin/ceph: stderr
2024-09-19T04:57:19.311+0000 7fb174266640 1 --2- 172.21.15.64:0/4189466430 >> [v2:172.21.15.64:6800/3907259856,v1:172.21.15.64:6801/3907259856] conn(0x7fb15403cd20 0x7fb15403f110 secure :-1 s=READY pgs=1 cs=0 l=1 rev1=1 crypto rx=0x7fb160003980 tx=0x7fb1600092b0 comp rx=0 tx=0).stop
2024-09-19T04:57:20.382 INFO:teuthology.orchestra.run.smithi064.stdout:/usr/bin/ceph: stderr
2024-09-19T04:57:19.311+0000 7fb174266640 1 -- 172.21.15.64:0/4189466430 >> [v2:172.21.15.64:3300/0,v1:172.21.15.64:6789/0] conn(0x7fb16c106570 msgr2=0x7fb16c19a570 secure :-1 s=STATE_CONNECTION_ESTABLISHED l=1).mark_down
2024-09-19T04:57:20.382 INFO:teuthology.orchestra.run.smithi064.stdout:/usr/bin/ceph: stderr
2024-09-19T04:57:19.311+0000 7fb174266640 1 --2- 172.21.15.64:0/4189466430 >> [v2:172.21.15.64:3300/0,v1:172.21.15.64:6789/0] conn(0x7fb16c106570 0x7fb16c19a570 secure :-1 s=READY pgs=60 cs=0 l=1 rev1=1 crypto rx=0x7fb15c02acc0 tx=0x7fb15c031c90 comp rx=0 tx=0).stop
2024-09-19T04:57:20.382 INFO:teuthology.orchestra.run.smithi064.stdout:/usr/bin/ceph: stderr
2024-09-19T04:57:19.311+0000 7fb174266640 1 -- 172.21.15.64:0/4189466430 shutdown_connections
2024-09-19T04:57:20.382 INFO:teuthology.orchestra.run.smithi064.stdout:/usr/bin/ceph: stderr
2024-09-19T04:57:19.311+0000 7fb174266640 1 --2- 172.21.15.64:0/4189466430 >> [v2:172.21.15.64:6800/3907259856,v1:172.21.15.64:6801/3907259856] conn(0x7fb15403cd20 0x7fb15403f110 unknown :-1 s=CLOSED pgs=1 cs=0 l=1 rev1=1 crypto rx=0 tx=0 comp rx=0 tx=0).stop
2024-09-19T04:57:20.383 INFO:teuthology.orchestra.run.smithi064.stdout:/usr/bin/ceph: stderr
2024-09-19T04:57:19.311+0000 7fb174266640 1 --2- 172.21.15.64:0/4189466430 >> [v2:172.21.15.64:6800/2584640926,v1:172.21.15.64:6801/2584640926] conn(0x7fb154039260 0x7fb15403b720 unknown :-1 s=CLOSED pgs=0 cs=0 l=1 rev1=0 crypto rx=0 tx=0 comp rx=0 tx=0).stop
2024-09-19T04:57:20.383 INFO:teuthology.orchestra.run.smithi064.stdout:/usr/bin/ceph: stderr
2024-09-19T04:57:19.311+0000 7fb174266640 1 --2- 172.21.15.64:0/4189466430 >> [v2:172.21.15.64:3300/0,v1:172.21.15.64:6789/0] conn(0x7fb16c106570 0x7fb16c19a570 unknown :-1 s=CLOSED pgs=60 cs=0 l=1 rev1=1 crypto rx=0 tx=0 comp rx=0 tx=0).stop
2024-09-19T04:57:20.383 INFO:teuthology.orchestra.run.smithi064.stdout:/usr/bin/ceph: stderr
2024-09-19T04:57:19.311+0000 7fb174266640 1 -- 172.21.15.64:0/4189466430 >> 172.21.15.64:0/4189466430 conn(0x7fb16c101d80 msgr2=0x7fb16c102950 unknown :-1 s=STATE_NONE l=0).mark_down
2024-09-19T04:57:20.383 INFO:teuthology.orchestra.run.smithi064.stdout:/usr/bin/ceph: stderr
2024-09-19T04:57:19.312+0000 7fb174266640 1 -- 172.21.15.64:0/4189466430 shutdown_connections
2024-09-19T04:57:20.383 INFO:teuthology.orchestra.run.smithi064.stdout:/usr/bin/ceph: stderr
2024-09-19T04:57:19.312+0000 7fb174266640 1 -- 172.21.15.64:0/4189466430 wait complete.
2024-09-19T04:57:20.383 INFO:teuthology.orchestra.run.smithi064.stdout:mgr epoch 9 is available
2024-09-19T04:57:20.383 INFO:teuthology.orchestra.run.smithi064.stdout:Generating a dashboard self-signed certificate...
2024-09-19T04:57:20.651 INFO:journalctl@ceph.mgr.x.smithi064.stdout:Sep 19 04:57:20 smithi064 ceph-5ccce474-7643-11ef-bceb-c7b262605968-mgr-x[31190]:
2024-09-19T04:57:20.410+0000 7f850e362640 -1 log_channel(cephadm) log [ERR] : [19/Sep/2024:04:57:20] ENGINE Error in HTTPServer.serve
2024-09-19T04:57:20.651 INFO:journalctl@ceph.mgr.x.smithi064.stdout:Sep 19 04:57:20 smithi064 ceph-5ccce474-7643-11ef-bceb-c7b262605968-mgr-x[31190]: Traceback (most recent call last):
2024-09-19T04:57:20.651 INFO:journalctl@ceph.mgr.x.smithi064.stdout:Sep 19 04:57:20 smithi064 ceph-5ccce474-7643-11ef-bceb-c7b262605968-mgr-x[31190]: File "/lib/python3.9/site-packages/cheroot/server.py", line 1823, in serve
2024-09-19T04:57:20.651 INFO:journalctl@ceph.mgr.x.smithi064.stdout:Sep 19 04:57:20 smithi064 ceph-5ccce474-7643-11ef-bceb-c7b262605968-mgr-x[31190]: self._connections.run(self.expiration_interval)
2024-09-19T04:57:20.651 INFO:journalctl@ceph.mgr.x.smithi064.stdout:Sep 19 04:57:20 smithi064 ceph-5ccce474-7643-11ef-bceb-c7b262605968-mgr-x[31190]: File "/lib/python3.9/site-packages/cheroot/connections.py", line 203, in run
2024-09-19T04:57:20.651 INFO:journalctl@ceph.mgr.x.smithi064.stdout:Sep 19 04:57:20 smithi064 ceph-5ccce474-7643-11ef-bceb-c7b262605968-mgr-x[31190]: self._run(expiration_interval)
2024-09-19T04:57:20.651 INFO:journalctl@ceph.mgr.x.smithi064.stdout:Sep 19 04:57:20 smithi064 ceph-5ccce474-7643-11ef-bceb-c7b262605968-mgr-x[31190]: File "/lib/python3.9/site-packages/cheroot/connections.py", line 246, in _run
2024-09-19T04:57:20.651 INFO:journalctl@ceph.mgr.x.smithi064.stdout:Sep 19 04:57:20 smithi064 ceph-5ccce474-7643-11ef-bceb-c7b262605968-mgr-x[31190]: new_conn = self._from_server_socket(self.server.socket)
2024-09-19T04:57:20.651 INFO:journalctl@ceph.mgr.x.smithi064.stdout:Sep 19 04:57:20 smithi064 ceph-5ccce474-7643-11ef-bceb-c7b262605968-mgr-x[31190]: File "/lib/python3.9/site-packages/cheroot/connections.py", line 300, in _from_server_socket
2024-09-19T04:57:20.651 INFO:journalctl@ceph.mgr.x.smithi064.stdout:Sep 19 04:57:20 smithi064 ceph-5ccce474-7643-11ef-bceb-c7b262605968-mgr-x[31190]: s, ssl_env = self.server.ssl_adapter.wrap(s)
2024-09-19T04:57:20.652 INFO:journalctl@ceph.mgr.x.smithi064.stdout:Sep 19 04:57:20 smithi064 ceph-5ccce474-7643-11ef-bceb-c7b262605968-mgr-x[31190]: File "/lib/python3.9/site-packages/cheroot/ssl/builtin.py", line 277, in wrap
2024-09-19T04:57:20.652 INFO:journalctl@ceph.mgr.x.smithi064.stdout:Sep 19 04:57:20 smithi064 ceph-5ccce474-7643-11ef-bceb-c7b262605968-mgr-x[31190]: s = self.context.wrap_socket(
2024-09-19T04:57:20.652 INFO:journalctl@ceph.mgr.x.smithi064.stdout:Sep 19 04:57:20 smithi064 ceph-5ccce474-7643-11ef-bceb-c7b262605968-mgr-x[31190]: File "/lib64/python3.9/ssl.py", line 501, in wrap_socket
2024-09-19T04:57:20.652 INFO:journalctl@ceph.mgr.x.smithi064.stdout:Sep 19 04:57:20 smithi064 ceph-5ccce474-7643-11ef-bceb-c7b262605968-mgr-x[31190]: return self.sslsocket_class._create(
2024-09-19T04:57:20.652 INFO:journalctl@ceph.mgr.x.smithi064.stdout:Sep 19 04:57:20 smithi064 ceph-5ccce474-7643-11ef-bceb-c7b262605968-mgr-x[31190]: File "/lib64/python3.9/ssl.py", line 1074, in _create
2024-09-19T04:57:20.652 INFO:journalctl@ceph.mgr.x.smithi064.stdout:Sep 19 04:57:20 smithi064 ceph-5ccce474-7643-11ef-bceb-c7b262605968-mgr-x[31190]: self.do_handshake()
2024-09-19T04:57:20.652 INFO:journalctl@ceph.mgr.x.smithi064.stdout:Sep 19 04:57:20 smithi064 ceph-5ccce474-7643-11ef-bceb-c7b262605968-mgr-x[31190]: File "/lib64/python3.9/ssl.py", line 1343, in do_handshake
2024-09-19T04:57:20.652 INFO:journalctl@ceph.mgr.x.smithi064.stdout:Sep 19 04:57:20 smithi064 ceph-5ccce474-7643-11ef-bceb-c7b262605968-mgr-x[31190]: self._sslobj.do_handshake()
2024-09-19T04:57:20.652 INFO:journalctl@ceph.mgr.x.smithi064.stdout:Sep 19 04:57:20 smithi064 ceph-5ccce474-7643-11ef-bceb-c7b262605968-mgr-x[31190]: ssl.SSLZeroReturnError: TLS/SSL connection has been closed (EOF) (_ssl.c:1133)
2024-09-19T04:57:20.652 INFO:journalctl@ceph.mgr.x.smithi064.stdout:Sep 19 04:57:20 smithi064 ceph-5ccce474-7643-11ef-bceb-c7b262605968-mgr-x[31190]:
2024-09-19T04:57:21.683 INFO:teuthology.orchestra.run.smithi064.stdout:/usr/bin/ceph: stdout Self-signed certificate created
2024-09-19T04:57:21.683 INFO:teuthology.orchestra.run.smithi064.stdout:/usr/bin/ceph: stderr
2024-09-19T04:57:20.809+0000 7f22114be640 1 Processor -- start
2024-09-19T04:57:21.683 INFO:teuthology.orchestra.run.smithi064.stdout:/usr/bin/ceph: stderr
2024-09-19T04:57:20.809+0000 7f22114be640 1 -- start start
2024-09-19T04:57:21.683 INFO:teuthology.orchestra.run.smithi064.stdout:/usr/bin/ceph: stderr
2024-09-19T04:57:20.809+0000 7f22114be640 1 --2- >> [v2:172.21.15.64:3300/0,v1:172.21.15.64:6789/0] conn(0x7f220c1098a0 0x7f220c109ca0 unknown :-1 s=NONE pgs=0 cs=0 l=0 rev1=0 crypto rx=0 tx=0 comp rx=0 tx=0).connect
2024-09-19T04:57:21.683 INFO:teuthology.orchestra.run.smithi064.stdout:/usr/bin/ceph: stderr
2024-09-19T04:57:20.809+0000 7f22114be640 1 -- --> [v2:172.21.15.64:3300/0,v1:172.21.15.64:6789/0] -- mon_getmap magic: 0 -- 0x7f220c10a270 con 0x7f220c1098a0
2024-09-19T04:57:21.683 INFO:teuthology.orchestra.run.smithi064.stdout:/usr/bin/ceph: stderr
2024-09-19T04:57:20.809+0000 7f220affd640 1 --2- >> [v2:172.21.15.64:3300/0,v1:172.21.15.64:6789/0] conn(0x7f220c1098a0 0x7f220c109ca0 unknown :-1 s=BANNER_CONNECTING pgs=0 cs=0 l=0 rev1=0 crypto rx=0 tx=0 comp rx=0 tx=0)._handle_peer_banner_payload supported=3 required=0
2024-09-19T04:57:21.683 INFO:teuthology.orchestra.run.smithi064.stdout:/usr/bin/ceph: stderr
2024-09-19T04:57:20.809+0000 7f220affd640 1 --2- >> [v2:172.21.15.64:3300/0,v1:172.21.15.64:6789/0] conn(0x7f220c1098a0 0x7f220c109ca0 unknown :-1 s=HELLO_CONNECTING pgs=0 cs=0 l=0 rev1=1 crypto rx=0 tx=0 comp rx=0 tx=0).handle_hello peer v2:172.21.15.64:3300/0 says I am v2:172.21.15.64:49200/0 (socket says 172.21.15.64:49200)
2024-09-19T04:57:21.683 INFO:teuthology.orchestra.run.smithi064.stdout:/usr/bin/ceph: stderr
2024-09-19T04:57:20.809+0000 7f220affd640 1 -- 172.21.15.64:0/3176684994 learned_addr learned my addr 172.21.15.64:0/3176684994 (peer_addr_for_me v2:172.21.15.64:0/0)
2024-09-19T04:57:21.683 INFO:teuthology.orchestra.run.smithi064.stdout:/usr/bin/ceph: stderr
2024-09-19T04:57:20.809+0000 7f220affd640 1 -- 172.21.15.64:0/3176684994 --> [v2:172.21.15.64:3300/0,v1:172.21.15.64:6789/0] -- mon_subscribe({config=0+,monmap=0+}) -- 0x7f220c10aa20 con 0x7f220c1098a0
2024-09-19T04:57:21.684 INFO:teuthology.orchestra.run.smithi064.stdout:/usr/bin/ceph: stderr
2024-09-19T04:57:20.810+0000 7f220affd640 1 --2- 172.21.15.64:0/3176684994 >> [v2:172.21.15.64:3300/0,v1:172.21.15.64:6789/0] conn(0x7f220c1098a0 0x7f220c109ca0 secure :-1 s=READY pgs=68 cs=0 l=1 rev1=1 crypto rx=0x7f21fc009820 tx=0x7f21fc02a270 comp rx=0 tx=0).ready entity=mon.0 client_cookie=13e2c60f4ae78508 server_cookie=0 in_seq=0 out_seq=0
2024-09-19T04:57:21.684 INFO:teuthology.orchestra.run.smithi064.stdout:/usr/bin/ceph: stderr
2024-09-19T04:57:20.810+0000 7f220a7fc640 1 -- 172.21.15.64:0/3176684994 <== mon.0 v2:172.21.15.64:3300/0 1 ==== mon_map magic: 0 ==== 205+0+0 (secure 0 0 0) 0x7f21fc037070 con 0x7f220c1098a0
2024-09-19T04:57:21.684 INFO:teuthology.orchestra.run.smithi064.stdout:/usr/bin/ceph: stderr
2024-09-19T04:57:20.810+0000 7f220a7fc640 1 -- 172.21.15.64:0/3176684994 <== mon.0 v2:172.21.15.64:3300/0 2 ==== config(26 keys) ==== 1102+0+0 (secure 0 0 0) 0x7f21fc0328f0 con 0x7f220c1098a0
2024-09-19T04:57:21.684 INFO:teuthology.orchestra.run.smithi064.stdout:/usr/bin/ceph: stderr
2024-09-19T04:57:20.810+0000 7f220a7fc640 1 -- 172.21.15.64:0/3176684994 <== mon.0 v2:172.21.15.64:3300/0 3 ==== mon_map magic: 0 ==== 205+0+0 (secure 0 0 0) 0x7f21fc030740 con 0x7f220c1098a0
2024-09-19T04:57:21.684 INFO:teuthology.orchestra.run.smithi064.stdout:/usr/bin/ceph: stderr
2024-09-19T04:57:20.811+0000 7f22114be640 1 -- 172.21.15.64:0/3176684994 >> [v2:172.21.15.64:3300/0,v1:172.21.15.64:6789/0] conn(0x7f220c1098a0 msgr2=0x7f220c109ca0 secure :-1 s=STATE_CONNECTION_ESTABLISHED l=1).mark_down
2024-09-19T04:57:21.684 INFO:teuthology.orchestra.run.smithi064.stdout:/usr/bin/ceph: stderr
2024-09-19T04:57:20.811+0000 7f22114be640 1 --2- 172.21.15.64:0/3176684994 >> [v2:172.21.15.64:3300/0,v1:172.21.15.64:6789/0] conn(0x7f220c1098a0 0x7f220c109ca0 secure :-1 s=READY pgs=68 cs=0 l=1 rev1=1 crypto rx=0x7f21fc009820 tx=0x7f21fc02a270 comp rx=0 tx=0).stop
2024-09-19T04:57:21.684 INFO:teuthology.orchestra.run.smithi064.stdout:/usr/bin/ceph: stderr
2024-09-19T04:57:20.811+0000 7f22114be640 1 -- 172.21.15.64:0/3176684994 shutdown_connections
2024-09-19T04:57:21.684 INFO:teuthology.orchestra.run.smithi064.stdout:/usr/bin/ceph: stderr
2024-09-19T04:57:20.811+0000 7f22114be640 1 --2- 172.21.15.64:0/3176684994 >> [v2:172.21.15.64:3300/0,v1:172.21.15.64:6789/0] conn(0x7f220c1098a0 0x7f220c109ca0 unknown :-1 s=CLOSED pgs=68 cs=0 l=1 rev1=1 crypto rx=0 tx=0 comp rx=0 tx=0).stop
2024-09-19T04:57:21.684 INFO:teuthology.orchestra.run.smithi064.stdout:/usr/bin/ceph: stderr
2024-09-19T04:57:20.811+0000 7f22114be640 1 -- 172.21.15.64:0/3176684994 >> 172.21.15.64:0/3176684994 conn(0x7f220c07cf20 msgr2=0x7f220c07d330 unknown :-1 s=STATE_NONE l=0).mark_down
2024-09-19T04:57:21.684 INFO:teuthology.orchestra.run.smithi064.stdout:/usr/bin/ceph: stderr
2024-09-19T04:57:20.811+0000 7f22114be640 1 -- 172.21.15.64:0/3176684994 shutdown_connections
2024-09-19T04:57:21.684 INFO:teuthology.orchestra.run.smithi064.stdout:/usr/bin/ceph: stderr
2024-09-19T04:57:20.811+0000 7f22114be640 1 -- 172.21.15.64:0/3176684994 wait complete.
2024-09-19T04:57:21.684 INFO:teuthology.orchestra.run.smithi064.stdout:/usr/bin/ceph: stderr
2024-09-19T04:57:20.811+0000 7f22114be640 1 Processor -- start
2024-09-19T04:57:21.684 INFO:teuthology.orchestra.run.smithi064.stdout:/usr/bin/ceph: stderr
2024-09-19T04:57:20.811+0000 7f22114be640 1 -- start start
2024-09-19T04:57:21.685 INFO:teuthology.orchestra.run.smithi064.stdout:/usr/bin/ceph: stderr
2024-09-19T04:57:20.811+0000 7f22114be640 1 --2- >> [v2:172.21.15.64:3300/0,v1:172.21.15.64:6789/0] conn(0x7f220c1098a0 0x7f220c19d810 unknown :-1 s=NONE pgs=0 cs=0 l=1 rev1=0 crypto rx=0 tx=0 comp rx=0 tx=0).connect
2024-09-19T04:57:21.685 INFO:teuthology.orchestra.run.smithi064.stdout:/usr/bin/ceph: stderr
2024-09-19T04:57:20.812+0000 7f22114be640 1 -- --> [v2:172.21.15.64:3300/0,v1:172.21.15.64:6789/0] -- mon_getmap magic: 0 -- 0x7f220c10ddd0 con 0x7f220c1098a0
2024-09-19T04:57:21.685 INFO:teuthology.orchestra.run.smithi064.stdout:/usr/bin/ceph: stderr
2024-09-19T04:57:20.812+0000 7f220affd640 1 --2- >> [v2:172.21.15.64:3300/0,v1:172.21.15.64:6789/0] conn(0x7f220c1098a0 0x7f220c19d810 unknown :-1 s=BANNER_CONNECTING pgs=0 cs=0 l=1 rev1=0 crypto rx=0 tx=0 comp rx=0 tx=0)._handle_peer_banner_payload supported=3 required=0
2024-09-19T04:57:21.685 INFO:teuthology.orchestra.run.smithi064.stdout:/usr/bin/ceph: stderr
2024-09-19T04:57:20.812+0000 7f220affd640 1 --2- >> [v2:172.21.15.64:3300/0,v1:172.21.15.64:6789/0] conn(0x7f220c1098a0 0x7f220c19d810 unknown :-1 s=HELLO_CONNECTING pgs=0 cs=0 l=1 rev1=1 crypto rx=0 tx=0 comp rx=0 tx=0).handle_hello peer v2:172.21.15.64:3300/0 says I am v2:172.21.15.64:49208/0 (socket says 172.21.15.64:49208)
2024-09-19T04:57:21.685 INFO:teuthology.orchestra.run.smithi064.stdout:/usr/bin/ceph: stderr
2024-09-19T04:57:20.812+0000 7f220affd640 1 -- 172.21.15.64:0/3549152020 learned_addr learned my addr 172.21.15.64:0/3549152020 (peer_addr_for_me v2:172.21.15.64:0/0)
2024-09-19T04:57:21.685 INFO:teuthology.orchestra.run.smithi064.stdout:/usr/bin/ceph: stderr
2024-09-19T04:57:20.812+0000 7f220affd640 1 -- 172.21.15.64:0/3549152020 --> [v2:172.21.15.64:3300/0,v1:172.21.15.64:6789/0] -- mon_subscribe({config=0+,monmap=0+}) -- 0x7f220c19dd50 con 0x7f220c1098a0
2024-09-19T04:57:21.685 INFO:teuthology.orchestra.run.smithi064.stdout:/usr/bin/ceph: stderr
2024-09-19T04:57:20.812+0000 7f220affd640 1 --2- 172.21.15.64:0/3549152020 >> [v2:172.21.15.64:3300/0,v1:172.21.15.64:6789/0] conn(0x7f220c1098a0 0x7f220c19d810 secure :-1 s=READY pgs=69 cs=0 l=1 rev1=1 crypto rx=0x7f21fc0097f0 tx=0x7f21fc030c70 comp rx=0 tx=0).ready entity=mon.0 client_cookie=0 server_cookie=0 in_seq=0 out_seq=0
2024-09-19T04:57:21.685 INFO:teuthology.orchestra.run.smithi064.stdout:/usr/bin/ceph: stderr
2024-09-19T04:57:20.812+0000 7f2208ff9640 1 -- 172.21.15.64:0/3549152020 <== mon.0 v2:172.21.15.64:3300/0 1 ==== mon_map magic: 0 ==== 205+0+0 (secure 0 0 0) 0x7f21fc042070 con 0x7f220c1098a0
2024-09-19T04:57:21.685 INFO:teuthology.orchestra.run.smithi064.stdout:/usr/bin/ceph: stderr
2024-09-19T04:57:20.812+0000 7f2208ff9640 1 -- 172.21.15.64:0/3549152020 <== mon.0 v2:172.21.15.64:3300/0 2 ==== config(26 keys) ==== 1102+0+0 (secure 0 0 0) 0x7f21fc030d80 con 0x7f220c1098a0
2024-09-19T04:57:21.685 INFO:teuthology.orchestra.run.smithi064.stdout:/usr/bin/ceph: stderr
2024-09-19T04:57:20.812+0000 7f22114be640 1 -- 172.21.15.64:0/3549152020 --> [v2:172.21.15.64:3300/0,v1:172.21.15.64:6789/0] -- mon_subscribe({mgrmap=0+}) -- 0x7f220c19dfe0 con 0x7f220c1098a0
2024-09-19T04:57:21.685 INFO:teuthology.orchestra.run.smithi064.stdout:/usr/bin/ceph: stderr
2024-09-19T04:57:20.812+0000 7f2208ff9640 1 -- 172.21.15.64:0/3549152020 <== mon.0 v2:172.21.15.64:3300/0 3 ==== mon_map magic: 0 ==== 205+0+0 (secure 0 0 0) 0x7f21fc037040 con 0x7f220c1098a0
2024-09-19T04:57:21.685 INFO:teuthology.orchestra.run.smithi064.stdout:/usr/bin/ceph: stderr
2024-09-19T04:57:20.812+0000 7f22114be640 1 -- 172.21.15.64:0/3549152020 --> [v2:172.21.15.64:3300/0,v1:172.21.15.64:6789/0] -- mon_subscribe({osdmap=0}) -- 0x7f220c1a0cd0 con 0x7f220c1098a0
2024-09-19T04:57:21.686 INFO:teuthology.orchestra.run.smithi064.stdout:/usr/bin/ceph: stderr
2024-09-19T04:57:20.813+0000 7f2208ff9640 1 -- 172.21.15.64:0/3549152020 <== mon.0 v2:172.21.15.64:3300/0 4 ==== mgrmap(e 12) ==== 46474+0+0 (secure 0 0 0) 0x7f21fc045070 con 0x7f220c1098a0
2024-09-19T04:57:21.686 INFO:teuthology.orchestra.run.smithi064.stdout:/usr/bin/ceph: stderr
2024-09-19T04:57:20.813+0000 7f22114be640 1 -- 172.21.15.64:0/3549152020 --> [v2:172.21.15.64:3300/0,v1:172.21.15.64:6789/0] -- mon_command({"prefix": "get_command_descriptions"} v 0) -- 0x7f220c10df50 con 0x7f220c1098a0
2024-09-19T04:57:21.686 INFO:teuthology.orchestra.run.smithi064.stdout:/usr/bin/ceph: stderr
2024-09-19T04:57:20.813+0000 7f2208ff9640 1 --2- 172.21.15.64:0/3549152020 >> [v2:172.21.15.64:6800/3907259856,v1:172.21.15.64:6801/3907259856] conn(0x7f21f8039260 0x7f21f803b720 unknown :-1 s=NONE pgs=0 cs=0 l=1 rev1=0 crypto rx=0 tx=0 comp rx=0 tx=0).connect
2024-09-19T04:57:21.686 INFO:teuthology.orchestra.run.smithi064.stdout:/usr/bin/ceph: stderr
2024-09-19T04:57:20.814+0000 7f2208ff9640 1 -- 172.21.15.64:0/3549152020 <== mon.0 v2:172.21.15.64:3300/0 5 ==== osd_map(3..3 src has 1..3) ==== 1155+0+0 (secure 0 0 0) 0x7f21fc06c4c0 con 0x7f220c1098a0
2024-09-19T04:57:21.686 INFO:teuthology.orchestra.run.smithi064.stdout:/usr/bin/ceph: stderr
2024-09-19T04:57:20.814+0000 7f2203fff640 1 --2- 172.21.15.64:0/3549152020 >> [v2:172.21.15.64:6800/3907259856,v1:172.21.15.64:6801/3907259856] conn(0x7f21f8039260 0x7f21f803b720 unknown :-1 s=BANNER_CONNECTING pgs=0 cs=0 l=1 rev1=0 crypto rx=0 tx=0 comp rx=0 tx=0)._handle_peer_banner_payload supported=3 required=0
2024-09-19T04:57:21.686 INFO:teuthology.orchestra.run.smithi064.stdout:/usr/bin/ceph: stderr
2024-09-19T04:57:20.814+0000 7f2203fff640 1 --2- 172.21.15.64:0/3549152020 >> [v2:172.21.15.64:6800/3907259856,v1:172.21.15.64:6801/3907259856] conn(0x7f21f8039260 0x7f21f803b720 secure :-1 s=READY pgs=7 cs=0 l=1 rev1=1 crypto rx=0x7f21f40098c0 tx=0x7f21f4006db0 comp rx=0 tx=0).ready entity=mgr.14150 client_cookie=0 server_cookie=0 in_seq=0 out_seq=0
2024-09-19T04:57:21.686 INFO:teuthology.orchestra.run.smithi064.stdout:/usr/bin/ceph: stderr
2024-09-19T04:57:20.819+0000 7f2208ff9640 1 -- 172.21.15.64:0/3549152020 <== mon.0 v2:172.21.15.64:3300/0 6 ==== mon_command_ack([{"prefix": "get_command_descriptions"}]=0 v0) ==== 72+0+188913 (secure 0 0 0) 0x7f21fc045360 con 0x7f220c1098a0
2024-09-19T04:57:21.686 INFO:teuthology.orchestra.run.smithi064.stdout:/usr/bin/ceph: stderr
2024-09-19T04:57:20.998+0000 7f22114be640 1 -- 172.21.15.64:0/3549152020 --> [v2:172.21.15.64:6800/3907259856,v1:172.21.15.64:6801/3907259856] -- mgr_command(tid 0: {"prefix": "dashboard create-self-signed-cert", "target": ["mon-mgr", ""]}) -- 0x7f220c107c40 con 0x7f21f8039260
2024-09-19T04:57:21.686 INFO:teuthology.orchestra.run.smithi064.stdout:/usr/bin/ceph: stderr
2024-09-19T04:57:21.102+0000 7f2208ff9640 1 -- 172.21.15.64:0/3549152020 <== mgr.14150 v2:172.21.15.64:6800/3907259856 1 ==== mgr_command_reply(tid 0: 0 ) ==== 8+0+32 (secure 0 0 0) 0x7f220c107c40 con 0x7f21f8039260
2024-09-19T04:57:21.686 INFO:teuthology.orchestra.run.smithi064.stdout:/usr/bin/ceph: stderr
2024-09-19T04:57:21.104+0000 7f22114be640 1 -- 172.21.15.64:0/3549152020 >> [v2:172.21.15.64:6800/3907259856,v1:172.21.15.64:6801/3907259856] conn(0x7f21f8039260 msgr2=0x7f21f803b720 secure :-1 s=STATE_CONNECTION_ESTABLISHED l=1).mark_down
2024-09-19T04:57:21.686 INFO:teuthology.orchestra.run.smithi064.stdout:/usr/bin/ceph: stderr
2024-09-19T04:57:21.104+0000 7f22114be640 1 --2- 172.21.15.64:0/3549152020 >> [v2:172.21.15.64:6800/3907259856,v1:172.21.15.64:6801/3907259856] conn(0x7f21f8039260 0x7f21f803b720 secure :-1 s=READY pgs=7 cs=0 l=1 rev1=1 crypto rx=0x7f21f40098c0 tx=0x7f21f4006db0 comp rx=0 tx=0).stop
2024-09-19T04:57:21.686 INFO:teuthology.orchestra.run.smithi064.stdout:/usr/bin/ceph: stderr
2024-09-19T04:57:21.104+0000 7f22114be640 1 -- 172.21.15.64:0/3549152020 >> [v2:172.21.15.64:3300/0,v1:172.21.15.64:6789/0] conn(0x7f220c1098a0 msgr2=0x7f220c19d810 secure :-1 s=STATE_CONNECTION_ESTABLISHED l=1).mark_down
2024-09-19T04:57:21.686 INFO:teuthology.orchestra.run.smithi064.stdout:/usr/bin/ceph: stderr
2024-09-19T04:57:21.104+0000 7f22114be640 1 --2- 172.21.15.64:0/3549152020 >> [v2:172.21.15.64:3300/0,v1:172.21.15.64:6789/0] conn(0x7f220c1098a0 0x7f220c19d810 secure :-1 s=READY pgs=69 cs=0 l=1 rev1=1 crypto rx=0x7f21fc0097f0 tx=0x7f21fc030c70 comp rx=0 tx=0).stop
2024-09-19T04:57:21.687 INFO:teuthology.orchestra.run.smithi064.stdout:/usr/bin/ceph: stderr
2024-09-19T04:57:21.104+0000 7f22114be640 1 -- 172.21.15.64:0/3549152020 shutdown_connections
2024-09-19T04:57:21.687 INFO:teuthology.orchestra.run.smithi064.stdout:/usr/bin/ceph: stderr
2024-09-19T04:57:21.104+0000 7f22114be640 1 --2- 172.21.15.64:0/3549152020 >> [v2:172.21.15.64:6800/3907259856,v1:172.21.15.64:6801/3907259856] conn(0x7f21f8039260 0x7f21f803b720 unknown :-1 s=CLOSED pgs=7 cs=0 l=1 rev1=1 crypto rx=0 tx=0 comp rx=0 tx=0).stop
2024-09-19T04:57:21.687 INFO:teuthology.orchestra.run.smithi064.stdout:/usr/bin/ceph: stderr
2024-09-19T04:57:21.104+0000 7f22114be640 1 --2- 172.21.15.64:0/3549152020 >> [v2:172.21.15.64:3300/0,v1:172.21.15.64:6789/0] conn(0x7f220c1098a0 0x7f220c19d810 unknown :-1 s=CLOSED pgs=69 cs=0 l=1 rev1=1 crypto rx=0 tx=0 comp rx=0 tx=0).stop
2024-09-19T04:57:21.687 INFO:teuthology.orchestra.run.smithi064.stdout:/usr/bin/ceph: stderr
2024-09-19T04:57:21.104+0000 7f22114be640 1 -- 172.21.15.64:0/3549152020 >> 172.21.15.64:0/3549152020 conn(0x7f220c07cf20 msgr2=0x7f220c107530 unknown :-1 s=STATE_NONE l=0).mark_down
2024-09-19T04:57:21.687 INFO:teuthology.orchestra.run.smithi064.stdout:/usr/bin/ceph: stderr
2024-09-19T04:57:21.104+0000 7f22114be640 1 -- 172.21.15.64:0/3549152020 shutdown_connections
2024-09-19T04:57:21.687 INFO:teuthology.orchestra.run.smithi064.stdout:/usr/bin/ceph: stderr
2024-09-19T04:57:21.104+0000 7f22114be640 1 -- 172.21.15.64:0/3549152020 wait complete.
2024-09-19T04:57:21.687 INFO:teuthology.orchestra.run.smithi064.stdout:Creating initial admin user...
2024-09-19T04:57:21.801 INFO:journalctl@ceph.mon.a.smithi064.stdout:Sep 19 04:57:21 smithi064 ceph-mon[30960]: [19/Sep/2024:04:57:20] ENGINE Serving on http://172.21.15.64:8765
2024-09-19T04:57:21.801 INFO:journalctl@ceph.mon.a.smithi064.stdout:Sep 19 04:57:21 smithi064 ceph-mon[30960]: [19/Sep/2024:04:57:20] ENGINE Serving on https://172.21.15.64:7150
2024-09-19T04:57:21.802 INFO:journalctl@ceph.mon.a.smithi064.stdout:Sep 19 04:57:21 smithi064 ceph-mon[30960]: [19/Sep/2024:04:57:20] ENGINE Bus STARTED
2024-09-19T04:57:21.802 INFO:journalctl@ceph.mon.a.smithi064.stdout:Sep 19 04:57:21 smithi064 ceph-mon[30960]: [19/Sep/2024:04:57:20] ENGINE Error in HTTPServer.serve
2024-09-19T04:57:21.802 INFO:journalctl@ceph.mon.a.smithi064.stdout: Traceback (most recent call last):
2024-09-19T04:57:21.802 INFO:journalctl@ceph.mon.a.smithi064.stdout: File "/lib/python3.9/site-packages/cheroot/server.py", line 1823, in serve
2024-09-19T04:57:21.802 INFO:journalctl@ceph.mon.a.smithi064.stdout: self._connections.run(self.expiration_interval)
2024-09-19T04:57:21.802 INFO:journalctl@ceph.mon.a.smithi064.stdout: File "/lib/python3.9/site-packages/cheroot/connections.py", line 203, in run
2024-09-19T04:57:21.802 INFO:journalctl@ceph.mon.a.smithi064.stdout: self._run(expiration_interval)
2024-09-19T04:57:21.802 INFO:journalctl@ceph.mon.a.smithi064.stdout: File "/lib/python3.9/site-packages/cheroot/connections.py", line 246, in _run
2024-09-19T04:57:21.802 INFO:journalctl@ceph.mon.a.smithi064.stdout: new_conn = self._from_server_socket(self.server.socket)
2024-09-19T04:57:21.802 INFO:journalctl@ceph.mon.a.smithi064.stdout: File "/lib/python3.9/site-packages/cheroot/connections.py", line 300, in _from_server_socket
2024-09-19T04:57:21.802 INFO:journalctl@ceph.mon.a.smithi064.stdout: s, ssl_env = self.server.ssl_adapter.wrap(s)
2024-09-19T04:57:21.802 INFO:journalctl@ceph.mon.a.smithi064.stdout: File "/lib/python3.9/site-packages/cheroot/ssl/builtin.py", line 277, in wrap
2024-09-19T04:57:21.803 INFO:journalctl@ceph.mon.a.smithi064.stdout: s = self.context.wrap_socket(
2024-09-19T04:57:21.803 INFO:journalctl@ceph.mon.a.smithi064.stdout: File "/lib64/python3.9/ssl.py", line 501, in wrap_socket
2024-09-19T04:57:21.803 INFO:journalctl@ceph.mon.a.smithi064.stdout: return self.sslsocket_class._create(
2024-09-19T04:57:21.803 INFO:journalctl@ceph.mon.a.smithi064.stdout: File "/lib64/python3.9/ssl.py", line 1074, in _create
2024-09-19T04:57:21.803 INFO:journalctl@ceph.mon.a.smithi064.stdout: self.do_handshake()
2024-09-19T04:57:21.803 INFO:journalctl@ceph.mon.a.smithi064.stdout: File "/lib64/python3.9/ssl.py", line 1343, in do_handshake
2024-09-19T04:57:21.803 INFO:journalctl@ceph.mon.a.smithi064.stdout: self._sslobj.do_handshake()
2024-09-19T04:57:21.803 INFO:journalctl@ceph.mon.a.smithi064.stdout: ssl.SSLZeroReturnError: TLS/SSL connection has been closed (EOF) (_ssl.c:1133)
2024-09-19T04:57:21.803 INFO:journalctl@ceph.mon.a.smithi064.stdout:Sep 19 04:57:21 smithi064 ceph-mon[30960]: mgrmap e12: x(active, since 2s)
2024-09-19T04:57:21.803 INFO:journalctl@ceph.mon.a.smithi064.stdout:Sep 19 04:57:21 smithi064 ceph-mon[30960]: from='client.14162 -' entity='client.admin' cmd=[{"prefix": "dashboard create-self-signed-cert", "target": ["mon-mgr", ""]}]: dispatch
2024-09-19T04:57:21.803 INFO:journalctl@ceph.mon.a.smithi064.stdout:Sep 19 04:57:21 smithi064 ceph-mon[30960]: from='mgr.14150 172.21.15.64:0/119184990' entity='mgr.x'
2024-09-19T04:57:21.803 INFO:journalctl@ceph.mon.a.smithi064.stdout:Sep 19 04:57:21 smithi064 ceph-mon[30960]: from='mgr.14150 172.21.15.64:0/119184990' entity='mgr.x'
2024-09-19T04:57:23.150 INFO:journalctl@ceph.mon.a.smithi064.stdout:Sep 19 04:57:22 smithi064 ceph-mon[30960]: from='mgr.14150 172.21.15.64:0/119184990' entity='mgr.x'
2024-09-19T04:57:23.150 INFO:journalctl@ceph.mon.a.smithi064.stdout:Sep 19 04:57:22 smithi064 ceph-mon[30960]: from='mgr.14150 172.21.15.64:0/119184990' entity='mgr.x'
2024-09-19T04:57:23.468 INFO:teuthology.orchestra.run.smithi064.stdout:/usr/bin/ceph: stdout {"username": "admin", "password": "$2b$12$Y0mrpiU.k3S4O8AdCdTFu.gkGtG/73gxKodaQPf8Xp9PUaKmAfFG6", "roles": ["administrator"], "name": null, "email": null, "lastUpdate": 1726721842, "enabled": true, "pwdExpirationDate": null, "pwdUpdateRequired": true}
2024-09-19T04:57:23.468 INFO:teuthology.orchestra.run.smithi064.stdout:/usr/bin/ceph: stderr
2024-09-19T04:57:22.120+0000 7f7f05ad0640 1 Processor -- start
2024-09-19T04:57:23.468 INFO:teuthology.orchestra.run.smithi064.stdout:/usr/bin/ceph: stderr
2024-09-19T04:57:22.120+0000 7f7f05ad0640 1 -- start start
2024-09-19T04:57:23.468 INFO:teuthology.orchestra.run.smithi064.stdout:/usr/bin/ceph: stderr
2024-09-19T04:57:22.121+0000 7f7f05ad0640 1 --2- >> [v2:172.21.15.64:3300/0,v1:172.21.15.64:6789/0] conn(0x7f7f00106570 0x7f7f00106970 unknown :-1 s=NONE pgs=0 cs=0 l=0 rev1=0 crypto rx=0 tx=0 comp rx=0 tx=0).connect
2024-09-19T04:57:23.468 INFO:teuthology.orchestra.run.smithi064.stdout:/usr/bin/ceph: stderr
2024-09-19T04:57:22.121+0000 7f7f05ad0640 1 -- --> [v2:172.21.15.64:3300/0,v1:172.21.15.64:6789/0] -- mon_getmap magic: 0 -- 0x7f7f00106f40 con 0x7f7f00106570
2024-09-19T04:57:23.468 INFO:teuthology.orchestra.run.smithi064.stdout:/usr/bin/ceph: stderr
2024-09-19T04:57:22.121+0000 7f7eff7fe640 1 --2- >> [v2:172.21.15.64:3300/0,v1:172.21.15.64:6789/0] conn(0x7f7f00106570 0x7f7f00106970 unknown :-1 s=BANNER_CONNECTING pgs=0 cs=0 l=0 rev1=0 crypto rx=0 tx=0 comp rx=0 tx=0)._handle_peer_banner_payload supported=3 required=0
2024-09-19T04:57:23.468 INFO:teuthology.orchestra.run.smithi064.stdout:/usr/bin/ceph: stderr
2024-09-19T04:57:22.121+0000 7f7eff7fe640 1 --2- >> [v2:172.21.15.64:3300/0,v1:172.21.15.64:6789/0] conn(0x7f7f00106570 0x7f7f00106970 unknown :-1 s=HELLO_CONNECTING pgs=0 cs=0 l=0 rev1=1 crypto rx=0 tx=0 comp rx=0 tx=0).handle_hello peer v2:172.21.15.64:3300/0 says I am v2:172.21.15.64:49212/0 (socket says 172.21.15.64:49212)
2024-09-19T04:57:23.469 INFO:teuthology.orchestra.run.smithi064.stdout:/usr/bin/ceph: stderr
2024-09-19T04:57:22.121+0000 7f7eff7fe640 1 -- 172.21.15.64:0/777497513 learned_addr learned my addr 172.21.15.64:0/777497513 (peer_addr_for_me v2:172.21.15.64:0/0)
2024-09-19T04:57:23.469 INFO:teuthology.orchestra.run.smithi064.stdout:/usr/bin/ceph: stderr
2024-09-19T04:57:22.121+0000 7f7eff7fe640 1 -- 172.21.15.64:0/777497513 --> [v2:172.21.15.64:3300/0,v1:172.21.15.64:6789/0] -- mon_subscribe({config=0+,monmap=0+}) -- 0x7f7f00107720 con 0x7f7f00106570
2024-09-19T04:57:23.469 INFO:teuthology.orchestra.run.smithi064.stdout:/usr/bin/ceph: stderr
2024-09-19T04:57:22.122+0000 7f7eff7fe640 1 --2- 172.21.15.64:0/777497513 >> [v2:172.21.15.64:3300/0,v1:172.21.15.64:6789/0] conn(0x7f7f00106570 0x7f7f00106970 secure :-1 s=READY pgs=70 cs=0 l=1 rev1=1 crypto rx=0x7f7ef0009820 tx=0x7f7ef002a270 comp rx=0 tx=0).ready entity=mon.0 client_cookie=5b8ff6f8a300337f server_cookie=0 in_seq=0 out_seq=0
2024-09-19T04:57:23.469 INFO:teuthology.orchestra.run.smithi064.stdout:/usr/bin/ceph: stderr
2024-09-19T04:57:22.122+0000 7f7efe7fc640 1 -- 172.21.15.64:0/777497513 <== mon.0 v2:172.21.15.64:3300/0 1 ==== mon_map magic: 0 ==== 205+0+0 (secure 0 0 0) 0x7f7ef0037070 con 0x7f7f00106570
2024-09-19T04:57:23.469 INFO:teuthology.orchestra.run.smithi064.stdout:/usr/bin/ceph: stderr
2024-09-19T04:57:22.122+0000 7f7efe7fc640 1 -- 172.21.15.64:0/777497513 <== mon.0 v2:172.21.15.64:3300/0 2 ==== config(26 keys) ==== 1102+0+0 (secure 0 0 0) 0x7f7ef00328f0 con 0x7f7f00106570
2024-09-19T04:57:23.469 INFO:teuthology.orchestra.run.smithi064.stdout:/usr/bin/ceph: stderr
2024-09-19T04:57:22.122+0000 7f7efe7fc640 1 -- 172.21.15.64:0/777497513 <== mon.0 v2:172.21.15.64:3300/0 3 ==== mon_map magic: 0 ==== 205+0+0 (secure 0 0 0) 0x7f7ef0030740 con 0x7f7f00106570
2024-09-19T04:57:23.469 INFO:teuthology.orchestra.run.smithi064.stdout:/usr/bin/ceph: stderr
2024-09-19T04:57:22.123+0000 7f7f05ad0640 1 -- 172.21.15.64:0/777497513 >> [v2:172.21.15.64:3300/0,v1:172.21.15.64:6789/0] conn(0x7f7f00106570 msgr2=0x7f7f00106970 secure :-1 s=STATE_CONNECTION_ESTABLISHED l=1).mark_down
2024-09-19T04:57:23.469 INFO:teuthology.orchestra.run.smithi064.stdout:/usr/bin/ceph: stderr
2024-09-19T04:57:22.123+0000 7f7f05ad0640 1 --2- 172.21.15.64:0/777497513 >> [v2:172.21.15.64:3300/0,v1:172.21.15.64:6789/0] conn(0x7f7f00106570 0x7f7f00106970 secure :-1 s=READY pgs=70 cs=0 l=1 rev1=1 crypto rx=0x7f7ef0009820 tx=0x7f7ef002a270 comp rx=0 tx=0).stop
2024-09-19T04:57:23.469 INFO:teuthology.orchestra.run.smithi064.stdout:/usr/bin/ceph: stderr
2024-09-19T04:57:22.123+0000 7f7f05ad0640 1 -- 172.21.15.64:0/777497513 shutdown_connections
2024-09-19T04:57:23.469 INFO:teuthology.orchestra.run.smithi064.stdout:/usr/bin/ceph: stderr
2024-09-19T04:57:22.123+0000 7f7f05ad0640 1 --2- 172.21.15.64:0/777497513 >> [v2:172.21.15.64:3300/0,v1:172.21.15.64:6789/0] conn(0x7f7f00106570 0x7f7f00106970 unknown :-1 s=CLOSED pgs=70 cs=0 l=1 rev1=1 crypto rx=0 tx=0 comp rx=0 tx=0).stop
2024-09-19T04:57:23.469 INFO:teuthology.orchestra.run.smithi064.stdout:/usr/bin/ceph: stderr
2024-09-19T04:57:22.123+0000 7f7f05ad0640 1 -- 172.21.15.64:0/777497513 >> 172.21.15.64:0/777497513 conn(0x7f7f00101d80 msgr2=0x7f7f001041a0 unknown :-1 s=STATE_NONE l=0).mark_down
2024-09-19T04:57:23.469 INFO:teuthology.orchestra.run.smithi064.stdout:/usr/bin/ceph: stderr
2024-09-19T04:57:22.123+0000 7f7f05ad0640 1 -- 172.21.15.64:0/777497513 shutdown_connections
2024-09-19T04:57:23.470 INFO:teuthology.orchestra.run.smithi064.stdout:/usr/bin/ceph: stderr
2024-09-19T04:57:22.123+0000 7f7f05ad0640 1 -- 172.21.15.64:0/777497513 wait complete.
2024-09-19T04:57:23.470 INFO:teuthology.orchestra.run.smithi064.stdout:/usr/bin/ceph: stderr
2024-09-19T04:57:22.124+0000 7f7f05ad0640 1 Processor -- start
2024-09-19T04:57:23.470 INFO:teuthology.orchestra.run.smithi064.stdout:/usr/bin/ceph: stderr
2024-09-19T04:57:22.124+0000 7f7f05ad0640 1 -- start start
2024-09-19T04:57:23.470 INFO:teuthology.orchestra.run.smithi064.stdout:/usr/bin/ceph: stderr
2024-09-19T04:57:22.124+0000 7f7f05ad0640 1 --2- >> [v2:172.21.15.64:3300/0,v1:172.21.15.64:6789/0] conn(0x7f7f00106570 0x7f7f0019b6b0 unknown :-1 s=NONE pgs=0 cs=0 l=1 rev1=0 crypto rx=0 tx=0 comp rx=0 tx=0).connect
2024-09-19T04:57:23.470 INFO:teuthology.orchestra.run.smithi064.stdout:/usr/bin/ceph: stderr
2024-09-19T04:57:22.124+0000 7f7f05ad0640 1 -- --> [v2:172.21.15.64:3300/0,v1:172.21.15.64:6789/0] -- mon_getmap magic: 0 -- 0x7f7f0010aad0 con 0x7f7f00106570
2024-09-19T04:57:23.470 INFO:teuthology.orchestra.run.smithi064.stdout:/usr/bin/ceph: stderr
2024-09-19T04:57:22.124+0000 7f7eff7fe640 1 --2- >> [v2:172.21.15.64:3300/0,v1:172.21.15.64:6789/0] conn(0x7f7f00106570 0x7f7f0019b6b0 unknown :-1 s=BANNER_CONNECTING pgs=0 cs=0 l=1 rev1=0 crypto rx=0 tx=0 comp rx=0 tx=0)._handle_peer_banner_payload supported=3 required=0
2024-09-19T04:57:23.470 INFO:teuthology.orchestra.run.smithi064.stdout:/usr/bin/ceph: stderr
2024-09-19T04:57:22.124+0000 7f7eff7fe640 1 --2- >> [v2:172.21.15.64:3300/0,v1:172.21.15.64:6789/0] conn(0x7f7f00106570 0x7f7f0019b6b0 unknown :-1 s=HELLO_CONNECTING pgs=0 cs=0 l=1 rev1=1 crypto rx=0 tx=0 comp rx=0 tx=0).handle_hello peer v2:172.21.15.64:3300/0 says I am v2:172.21.15.64:49226/0 (socket says 172.21.15.64:49226)
2024-09-19T04:57:23.470 INFO:teuthology.orchestra.run.smithi064.stdout:/usr/bin/ceph: stderr
2024-09-19T04:57:22.124+0000 7f7eff7fe640 1 -- 172.21.15.64:0/558665323 learned_addr learned my addr 172.21.15.64:0/558665323 (peer_addr_for_me v2:172.21.15.64:0/0)
2024-09-19T04:57:23.470 INFO:teuthology.orchestra.run.smithi064.stdout:/usr/bin/ceph: stderr
2024-09-19T04:57:22.124+0000 7f7eff7fe640 1 -- 172.21.15.64:0/558665323 --> [v2:172.21.15.64:3300/0,v1:172.21.15.64:6789/0] -- mon_subscribe({config=0+,monmap=0+}) -- 0x7f7f0019bbf0 con 0x7f7f00106570
2024-09-19T04:57:23.470 INFO:teuthology.orchestra.run.smithi064.stdout:/usr/bin/ceph: stderr
2024-09-19T04:57:22.125+0000 7f7eff7fe640 1 --2- 172.21.15.64:0/558665323 >> [v2:172.21.15.64:3300/0,v1:172.21.15.64:6789/0] conn(0x7f7f00106570 0x7f7f0019b6b0 secure :-1 s=READY pgs=71 cs=0 l=1 rev1=1 crypto rx=0x7f7ef0009940 tx=0x7f7ef00327b0 comp rx=0 tx=0).ready entity=mon.0 client_cookie=0 server_cookie=0 in_seq=0 out_seq=0
2024-09-19T04:57:23.470 INFO:teuthology.orchestra.run.smithi064.stdout:/usr/bin/ceph: stderr
2024-09-19T04:57:22.125+0000 7f7efcff9640 1 -- 172.21.15.64:0/558665323 <== mon.0 v2:172.21.15.64:3300/0 1 ==== mon_map magic: 0 ==== 205+0+0 (secure 0 0 0) 0x7f7ef0042070 con 0x7f7f00106570
2024-09-19T04:57:23.470 INFO:teuthology.orchestra.run.smithi064.stdout:/usr/bin/ceph: stderr
2024-09-19T04:57:22.125+0000 7f7f05ad0640 1 -- 172.21.15.64:0/558665323 --> [v2:172.21.15.64:3300/0,v1:172.21.15.64:6789/0] -- mon_subscribe({mgrmap=0+}) -- 0x7f7f0019be80 con 0x7f7f00106570
2024-09-19T04:57:23.470 INFO:teuthology.orchestra.run.smithi064.stdout:/usr/bin/ceph: stderr
2024-09-19T04:57:22.125+0000 7f7efcff9640 1 -- 172.21.15.64:0/558665323 <== mon.0 v2:172.21.15.64:3300/0 2 ==== config(26 keys) ==== 1102+0+0 (secure 0 0 0) 0x7f7ef0030d00 con 0x7f7f00106570
2024-09-19T04:57:23.471 INFO:teuthology.orchestra.run.smithi064.stdout:/usr/bin/ceph: stderr
2024-09-19T04:57:22.125+0000 7f7efcff9640 1 -- 172.21.15.64:0/558665323 <== mon.0 v2:172.21.15.64:3300/0 3 ==== mon_map magic: 0 ==== 205+0+0 (secure 0 0 0) 0x7f7ef0037040 con 0x7f7f00106570
2024-09-19T04:57:23.471 INFO:teuthology.orchestra.run.smithi064.stdout:/usr/bin/ceph: stderr
2024-09-19T04:57:22.125+0000 7f7f05ad0640 1 -- 172.21.15.64:0/558665323 --> [v2:172.21.15.64:3300/0,v1:172.21.15.64:6789/0] -- mon_subscribe({osdmap=0}) -- 0x7f7f0019c2e0 con 0x7f7f00106570
2024-09-19T04:57:23.471 INFO:teuthology.orchestra.run.smithi064.stdout:/usr/bin/ceph: stderr
2024-09-19T04:57:22.126+0000 7f7f05ad0640 1 -- 172.21.15.64:0/558665323 --> [v2:172.21.15.64:3300/0,v1:172.21.15.64:6789/0] -- mon_command({"prefix": "get_command_descriptions"} v 0) -- 0x7f7f001069f0 con 0x7f7f00106570
2024-09-19T04:57:23.471 INFO:teuthology.orchestra.run.smithi064.stdout:/usr/bin/ceph: stderr
2024-09-19T04:57:22.126+0000 7f7efcff9640 1 -- 172.21.15.64:0/558665323 <== mon.0 v2:172.21.15.64:3300/0 4 ==== mgrmap(e 12) ==== 46474+0+0 (secure 0 0 0) 0x7f7ef0045070 con 0x7f7f00106570
2024-09-19T04:57:23.471 INFO:teuthology.orchestra.run.smithi064.stdout:/usr/bin/ceph: stderr
2024-09-19T04:57:22.126+0000 7f7efcff9640 1 --2- 172.21.15.64:0/558665323 >> [v2:172.21.15.64:6800/3907259856,v1:172.21.15.64:6801/3907259856] conn(0x7f7ee803d610 0x7f7ee803fad0 unknown :-1 s=NONE pgs=0 cs=0 l=1 rev1=0 crypto rx=0 tx=0 comp rx=0 tx=0).connect
2024-09-19T04:57:23.471 INFO:teuthology.orchestra.run.smithi064.stdout:/usr/bin/ceph: stderr
2024-09-19T04:57:22.126+0000 7f7efcff9640 1 -- 172.21.15.64:0/558665323 <== mon.0 v2:172.21.15.64:3300/0 5 ==== osd_map(3..3 src has 1..3) ==== 1155+0+0 (secure 0 0 0) 0x7f7ef006c3f0 con 0x7f7f00106570
2024-09-19T04:57:23.471 INFO:teuthology.orchestra.run.smithi064.stdout:/usr/bin/ceph: stderr
2024-09-19T04:57:22.127+0000 7f7efeffd640 1 --2- 172.21.15.64:0/558665323 >> [v2:172.21.15.64:6800/3907259856,v1:172.21.15.64:6801/3907259856] conn(0x7f7ee803d610 0x7f7ee803fad0 unknown :-1 s=BANNER_CONNECTING pgs=0 cs=0 l=1 rev1=0 crypto rx=0 tx=0 comp rx=0 tx=0)._handle_peer_banner_payload supported=3 required=0
2024-09-19T04:57:23.471 INFO:teuthology.orchestra.run.smithi064.stdout:/usr/bin/ceph: stderr
2024-09-19T04:57:22.127+0000 7f7efeffd640 1 --2- 172.21.15.64:0/558665323 >> [v2:172.21.15.64:6800/3907259856,v1:172.21.15.64:6801/3907259856] conn(0x7f7ee803d610 0x7f7ee803fad0 secure :-1 s=READY pgs=8 cs=0 l=1 rev1=1 crypto rx=0x7f7ef40098c0 tx=0x7f7ef4006db0 comp rx=0 tx=0).ready entity=mgr.14150 client_cookie=0 server_cookie=0 in_seq=0 out_seq=0
2024-09-19T04:57:23.471 INFO:teuthology.orchestra.run.smithi064.stdout:/usr/bin/ceph: stderr
2024-09-19T04:57:22.131+0000 7f7efcff9640 1 -- 172.21.15.64:0/558665323 <== mon.0 v2:172.21.15.64:3300/0 6 ==== mon_command_ack([{"prefix": "get_command_descriptions"}]=0 v0) ==== 72+0+188913 (secure 0 0 0) 0x7f7ef0046e00 con 0x7f7f00106570
2024-09-19T04:57:23.471 INFO:teuthology.orchestra.run.smithi064.stdout:/usr/bin/ceph: stderr
2024-09-19T04:57:22.336+0000 7f7f05ad0640 1 -- 172.21.15.64:0/558665323 --> [v2:172.21.15.64:6800/3907259856,v1:172.21.15.64:6801/3907259856] -- mgr_command(tid 0: {"prefix": "dashboard ac-user-create", "username": "admin", "rolename": "administrator", "force_password": true, "pwd_update_required": true, "target": ["mon-mgr", ""]}) -- 0x7f7f001955f0 con 0x7f7ee803d610
2024-09-19T04:57:23.471 INFO:teuthology.orchestra.run.smithi064.stdout:/usr/bin/ceph: stderr
2024-09-19T04:57:22.585+0000 7f7efcff9640 1 -- 172.21.15.64:0/558665323 <== mgr.14150 v2:172.21.15.64:6800/3907259856 1 ==== mgr_command_reply(tid 0: 0 ) ==== 8+0+252 (secure 0 0 0) 0x7f7f001955f0 con 0x7f7ee803d610
2024-09-19T04:57:23.471 INFO:teuthology.orchestra.run.smithi064.stdout:/usr/bin/ceph: stderr
2024-09-19T04:57:22.587+0000 7f7f05ad0640 1 -- 172.21.15.64:0/558665323 >> [v2:172.21.15.64:6800/3907259856,v1:172.21.15.64:6801/3907259856] conn(0x7f7ee803d610 msgr2=0x7f7ee803fad0 secure :-1 s=STATE_CONNECTION_ESTABLISHED l=1).mark_down
2024-09-19T04:57:23.472 INFO:teuthology.orchestra.run.smithi064.stdout:/usr/bin/ceph: stderr
2024-09-19T04:57:22.587+0000 7f7f05ad0640 1 --2- 172.21.15.64:0/558665323 >> [v2:172.21.15.64:6800/3907259856,v1:172.21.15.64:6801/3907259856] conn(0x7f7ee803d610 0x7f7ee803fad0 secure :-1 s=READY pgs=8 cs=0 l=1 rev1=1 crypto rx=0x7f7ef40098c0 tx=0x7f7ef4006db0 comp rx=0 tx=0).stop
2024-09-19T04:57:23.472 INFO:teuthology.orchestra.run.smithi064.stdout:/usr/bin/ceph: stderr
