2024-09-19T04:57:09.266 INFO:teuthology.orchestra.run.smithi064.stdout:/usr/bin/ceph: stdout Scheduled mgr update...
2024-09-19T04:57:09.266 INFO:teuthology.orchestra.run.smithi064.stdout:/usr/bin/ceph: stderr
2024-09-19T04:57:08.345+0000 7f21a5432640 1 Processor -- start
2024-09-19T04:57:09.266 INFO:teuthology.orchestra.run.smithi064.stdout:/usr/bin/ceph: stderr
2024-09-19T04:57:08.345+0000 7f21a5432640 1 -- start start
2024-09-19T04:57:09.266 INFO:teuthology.orchestra.run.smithi064.stdout:/usr/bin/ceph: stderr
2024-09-19T04:57:08.345+0000 7f21a5432640 1 --2- >> [v2:172.21.15.64:3300/0,v1:172.21.15.64:6789/0] conn(0x7f21a0108120 0x7f21a010a510 unknown :-1 s=NONE pgs=0 cs=0 l=0 rev1=0 crypto rx=0 tx=0 comp rx=0 tx=0).connect
2024-09-19T04:57:09.266 INFO:teuthology.orchestra.run.smithi064.stdout:/usr/bin/ceph: stderr
2024-09-19T04:57:08.345+0000 7f21a5432640 1 -- --> [v2:172.21.15.64:3300/0,v1:172.21.15.64:6789/0] -- mon_getmap magic: 0 -- 0x7f21a007be00 con 0x7f21a0108120
2024-09-19T04:57:09.266 INFO:teuthology.orchestra.run.smithi064.stdout:/usr/bin/ceph: stderr
2024-09-19T04:57:08.345+0000 7f219effd640 1 --2- >> [v2:172.21.15.64:3300/0,v1:172.21.15.64:6789/0] conn(0x7f21a0108120 0x7f21a010a510 unknown :-1 s=BANNER_CONNECTING pgs=0 cs=0 l=0 rev1=0 crypto rx=0 tx=0 comp rx=0 tx=0)._handle_peer_banner_payload supported=3 required=0
2024-09-19T04:57:09.266 INFO:teuthology.orchestra.run.smithi064.stdout:/usr/bin/ceph: stderr
2024-09-19T04:57:08.346+0000 7f219effd640 1 --2- >> [v2:172.21.15.64:3300/0,v1:172.21.15.64:6789/0] conn(0x7f21a0108120 0x7f21a010a510 unknown :-1 s=HELLO_CONNECTING pgs=0 cs=0 l=0 rev1=1 crypto rx=0 tx=0 comp rx=0 tx=0).handle_hello peer v2:172.21.15.64:3300/0 says I am v2:172.21.15.64:37064/0 (socket says 172.21.15.64:37064)
2024-09-19T04:57:09.266 INFO:teuthology.orchestra.run.smithi064.stdout:/usr/bin/ceph: stderr
2024-09-19T04:57:08.346+0000 7f219effd640 1 -- 172.21.15.64:0/1510220306 learned_addr learned my addr 172.21.15.64:0/1510220306 (peer_addr_for_me v2:172.21.15.64:0/0)
2024-09-19T04:57:09.266 INFO:teuthology.orchestra.run.smithi064.stdout:/usr/bin/ceph: stderr
2024-09-19T04:57:08.346+0000 7f219effd640 1 -- 172.21.15.64:0/1510220306 --> [v2:172.21.15.64:3300/0,v1:172.21.15.64:6789/0] -- mon_subscribe({config=0+,monmap=0+}) -- 0x7f21a010aa50 con 0x7f21a0108120
2024-09-19T04:57:09.266 INFO:teuthology.orchestra.run.smithi064.stdout:/usr/bin/ceph: stderr
2024-09-19T04:57:08.347+0000 7f219effd640 1 --2- 172.21.15.64:0/1510220306 >> [v2:172.21.15.64:3300/0,v1:172.21.15.64:6789/0] conn(0x7f21a0108120 0x7f21a010a510 secure :-1 s=READY pgs=47 cs=0 l=1 rev1=1 crypto rx=0x7f2198009820 tx=0x7f219802a270 comp rx=0 tx=0).ready entity=mon.0 client_cookie=41564ad18b3c1ead server_cookie=0 in_seq=0 out_seq=0
2024-09-19T04:57:09.267 INFO:teuthology.orchestra.run.smithi064.stdout:/usr/bin/ceph: stderr
2024-09-19T04:57:08.347+0000 7f219dffb640 1 -- 172.21.15.64:0/1510220306 <== mon.0 v2:172.21.15.64:3300/0 1 ==== mon_map magic: 0 ==== 205+0+0 (secure 0 0 0) 0x7f2198037070 con 0x7f21a0108120
2024-09-19T04:57:09.267 INFO:teuthology.orchestra.run.smithi064.stdout:/usr/bin/ceph: stderr
2024-09-19T04:57:08.347+0000 7f219dffb640 1 -- 172.21.15.64:0/1510220306 <== mon.0 v2:172.21.15.64:3300/0 2 ==== config(26 keys) ==== 1071+0+0 (secure 0 0 0) 0x7f21980328d0 con 0x7f21a0108120
2024-09-19T04:57:09.267 INFO:teuthology.orchestra.run.smithi064.stdout:/usr/bin/ceph: stderr
2024-09-19T04:57:08.347+0000 7f219dffb640 1 -- 172.21.15.64:0/1510220306 <== mon.0 v2:172.21.15.64:3300/0 3 ==== mon_map magic: 0 ==== 205+0+0 (secure 0 0 0) 0x7f21980307d0 con 0x7f21a0108120
2024-09-19T04:57:09.267 INFO:teuthology.orchestra.run.smithi064.stdout:/usr/bin/ceph: stderr
2024-09-19T04:57:08.347+0000 7f21a5432640 1 -- 172.21.15.64:0/1510220306 >> [v2:172.21.15.64:3300/0,v1:172.21.15.64:6789/0] conn(0x7f21a0108120 msgr2=0x7f21a010a510 secure :-1 s=STATE_CONNECTION_ESTABLISHED l=1).mark_down
2024-09-19T04:57:09.267 INFO:teuthology.orchestra.run.smithi064.stdout:/usr/bin/ceph: stderr
2024-09-19T04:57:08.347+0000 7f21a5432640 1 --2- 172.21.15.64:0/1510220306 >> [v2:172.21.15.64:3300/0,v1:172.21.15.64:6789/0] conn(0x7f21a0108120 0x7f21a010a510 secure :-1 s=READY pgs=47 cs=0 l=1 rev1=1 crypto rx=0x7f2198009820 tx=0x7f219802a270 comp rx=0 tx=0).stop
2024-09-19T04:57:09.267 INFO:teuthology.orchestra.run.smithi064.stdout:/usr/bin/ceph: stderr
2024-09-19T04:57:08.347+0000 7f21a5432640 1 -- 172.21.15.64:0/1510220306 shutdown_connections
2024-09-19T04:57:09.267 INFO:teuthology.orchestra.run.smithi064.stdout:/usr/bin/ceph: stderr
2024-09-19T04:57:08.347+0000 7f21a5432640 1 --2- 172.21.15.64:0/1510220306 >> [v2:172.21.15.64:3300/0,v1:172.21.15.64:6789/0] conn(0x7f21a0108120 0x7f21a010a510 unknown :-1 s=CLOSED pgs=47 cs=0 l=1 rev1=1 crypto rx=0 tx=0 comp rx=0 tx=0).stop
2024-09-19T04:57:09.267 INFO:teuthology.orchestra.run.smithi064.stdout:/usr/bin/ceph: stderr
2024-09-19T04:57:08.347+0000 7f21a5432640 1 -- 172.21.15.64:0/1510220306 >> 172.21.15.64:0/1510220306 conn(0x7f21a0101d80 msgr2=0x7f21a01041a0 unknown :-1 s=STATE_NONE l=0).mark_down
2024-09-19T04:57:09.267 INFO:teuthology.orchestra.run.smithi064.stdout:/usr/bin/ceph: stderr
2024-09-19T04:57:08.348+0000 7f21a5432640 1 -- 172.21.15.64:0/1510220306 shutdown_connections
2024-09-19T04:57:09.267 INFO:teuthology.orchestra.run.smithi064.stdout:/usr/bin/ceph: stderr
2024-09-19T04:57:08.348+0000 7f21a5432640 1 -- 172.21.15.64:0/1510220306 wait complete.
2024-09-19T04:57:09.267 INFO:teuthology.orchestra.run.smithi064.stdout:/usr/bin/ceph: stderr
2024-09-19T04:57:08.348+0000 7f21a5432640 1 Processor -- start
2024-09-19T04:57:09.267 INFO:teuthology.orchestra.run.smithi064.stdout:/usr/bin/ceph: stderr
2024-09-19T04:57:08.348+0000 7f21a5432640 1 -- start start
2024-09-19T04:57:09.268 INFO:teuthology.orchestra.run.smithi064.stdout:/usr/bin/ceph: stderr
2024-09-19T04:57:08.349+0000 7f21a5432640 1 --2- >> [v2:172.21.15.64:3300/0,v1:172.21.15.64:6789/0] conn(0x7f21a0108120 0x7f21a019b600 unknown :-1 s=NONE pgs=0 cs=0 l=1 rev1=0 crypto rx=0 tx=0 comp rx=0 tx=0).connect
2024-09-19T04:57:09.268 INFO:teuthology.orchestra.run.smithi064.stdout:/usr/bin/ceph: stderr
2024-09-19T04:57:08.349+0000 7f21a5432640 1 -- --> [v2:172.21.15.64:3300/0,v1:172.21.15.64:6789/0] -- mon_getmap magic: 0 -- 0x7f21a010b9d0 con 0x7f21a0108120
2024-09-19T04:57:09.268 INFO:teuthology.orchestra.run.smithi064.stdout:/usr/bin/ceph: stderr
2024-09-19T04:57:08.349+0000 7f219effd640 1 --2- >> [v2:172.21.15.64:3300/0,v1:172.21.15.64:6789/0] conn(0x7f21a0108120 0x7f21a019b600 unknown :-1 s=BANNER_CONNECTING pgs=0 cs=0 l=1 rev1=0 crypto rx=0 tx=0 comp rx=0 tx=0)._handle_peer_banner_payload supported=3 required=0
2024-09-19T04:57:09.268 INFO:teuthology.orchestra.run.smithi064.stdout:/usr/bin/ceph: stderr
2024-09-19T04:57:08.349+0000 7f219effd640 1 --2- >> [v2:172.21.15.64:3300/0,v1:172.21.15.64:6789/0] conn(0x7f21a0108120 0x7f21a019b600 unknown :-1 s=HELLO_CONNECTING pgs=0 cs=0 l=1 rev1=1 crypto rx=0 tx=0 comp rx=0 tx=0).handle_hello peer v2:172.21.15.64:3300/0 says I am v2:172.21.15.64:37074/0 (socket says 172.21.15.64:37074)
2024-09-19T04:57:09.268 INFO:teuthology.orchestra.run.smithi064.stdout:/usr/bin/ceph: stderr
2024-09-19T04:57:08.349+0000 7f219effd640 1 -- 172.21.15.64:0/263249425 learned_addr learned my addr 172.21.15.64:0/263249425 (peer_addr_for_me v2:172.21.15.64:0/0)
2024-09-19T04:57:09.268 INFO:teuthology.orchestra.run.smithi064.stdout:/usr/bin/ceph: stderr
2024-09-19T04:57:08.349+0000 7f219effd640 1 -- 172.21.15.64:0/263249425 --> [v2:172.21.15.64:3300/0,v1:172.21.15.64:6789/0] -- mon_subscribe({config=0+,monmap=0+}) -- 0x7f21a019bb40 con 0x7f21a0108120
2024-09-19T04:57:09.268 INFO:teuthology.orchestra.run.smithi064.stdout:/usr/bin/ceph: stderr
2024-09-19T04:57:08.349+0000 7f219effd640 1 --2- 172.21.15.64:0/263249425 >> [v2:172.21.15.64:3300/0,v1:172.21.15.64:6789/0] conn(0x7f21a0108120 0x7f21a019b600 secure :-1 s=READY pgs=48 cs=0 l=1 rev1=1 crypto rx=0x7f2198030520 tx=0x7f2198032dd0 comp rx=0 tx=0).ready entity=mon.0 client_cookie=0 server_cookie=0 in_seq=0 out_seq=0
2024-09-19T04:57:09.268 INFO:teuthology.orchestra.run.smithi064.stdout:/usr/bin/ceph: stderr
2024-09-19T04:57:08.349+0000 7f2197fff640 1 -- 172.21.15.64:0/263249425 <== mon.0 v2:172.21.15.64:3300/0 1 ==== mon_map magic: 0 ==== 205+0+0 (secure 0 0 0) 0x7f2198042070 con 0x7f21a0108120
2024-09-19T04:57:09.268 INFO:teuthology.orchestra.run.smithi064.stdout:/usr/bin/ceph: stderr
2024-09-19T04:57:08.349+0000 7f2197fff640 1 -- 172.21.15.64:0/263249425 <== mon.0 v2:172.21.15.64:3300/0 2 ==== config(26 keys) ==== 1071+0+0 (secure 0 0 0) 0x7f2198030cc0 con 0x7f21a0108120
2024-09-19T04:57:09.268 INFO:teuthology.orchestra.run.smithi064.stdout:/usr/bin/ceph: stderr
2024-09-19T04:57:08.349+0000 7f2197fff640 1 -- 172.21.15.64:0/263249425 <== mon.0 v2:172.21.15.64:3300/0 3 ==== mon_map magic: 0 ==== 205+0+0 (secure 0 0 0) 0x7f2198037040 con 0x7f21a0108120
2024-09-19T04:57:09.268 INFO:teuthology.orchestra.run.smithi064.stdout:/usr/bin/ceph: stderr
2024-09-19T04:57:08.349+0000 7f21a5432640 1 -- 172.21.15.64:0/263249425 --> [v2:172.21.15.64:3300/0,v1:172.21.15.64:6789/0] -- mon_subscribe({mgrmap=0+}) -- 0x7f21a019bdd0 con 0x7f21a0108120
2024-09-19T04:57:09.268 INFO:teuthology.orchestra.run.smithi064.stdout:/usr/bin/ceph: stderr
2024-09-19T04:57:08.349+0000 7f21a5432640 1 -- 172.21.15.64:0/263249425 --> [v2:172.21.15.64:3300/0,v1:172.21.15.64:6789/0] -- mon_subscribe({osdmap=0}) -- 0x7f21a019eac0 con 0x7f21a0108120
2024-09-19T04:57:09.268 INFO:teuthology.orchestra.run.smithi064.stdout:/usr/bin/ceph: stderr
2024-09-19T04:57:08.350+0000 7f2197fff640 1 -- 172.21.15.64:0/263249425 <== mon.0 v2:172.21.15.64:3300/0 4 ==== mgrmap(e 8) ==== 46461+0+0 (secure 0 0 0) 0x7f2198045070 con 0x7f21a0108120
2024-09-19T04:57:09.269 INFO:teuthology.orchestra.run.smithi064.stdout:/usr/bin/ceph: stderr
2024-09-19T04:57:08.350+0000 7f21a5432640 1 -- 172.21.15.64:0/263249425 --> [v2:172.21.15.64:3300/0,v1:172.21.15.64:6789/0] -- mon_command({"prefix": "get_command_descriptions"} v 0) -- 0x7f21a0108580 con 0x7f21a0108120
2024-09-19T04:57:09.269 INFO:teuthology.orchestra.run.smithi064.stdout:/usr/bin/ceph: stderr
2024-09-19T04:57:08.351+0000 7f2197fff640 1 --2- 172.21.15.64:0/263249425 >> [v2:172.21.15.64:6800/2584640926,v1:172.21.15.64:6801/2584640926] conn(0x7f218c0391b0 0x7f218c03b670 unknown :-1 s=NONE pgs=0 cs=0 l=1 rev1=0 crypto rx=0 tx=0 comp rx=0 tx=0).connect
2024-09-19T04:57:09.269 INFO:teuthology.orchestra.run.smithi064.stdout:/usr/bin/ceph: stderr
2024-09-19T04:57:08.351+0000 7f2197fff640 1 -- 172.21.15.64:0/263249425 <== mon.0 v2:172.21.15.64:3300/0 5 ==== osd_map(2..2 src has 1..2) ==== 940+0+0 (secure 0 0 0) 0x7f219806c260 con 0x7f21a0108120
2024-09-19T04:57:09.269 INFO:teuthology.orchestra.run.smithi064.stdout:/usr/bin/ceph: stderr
2024-09-19T04:57:08.351+0000 7f219e7fc640 1 --2- 172.21.15.64:0/263249425 >> [v2:172.21.15.64:6800/2584640926,v1:172.21.15.64:6801/2584640926] conn(0x7f218c0391b0 0x7f218c03b670 unknown :-1 s=BANNER_CONNECTING pgs=0 cs=0 l=1 rev1=0 crypto rx=0 tx=0 comp rx=0 tx=0)._handle_peer_banner_payload supported=3 required=0
2024-09-19T04:57:09.269 INFO:teuthology.orchestra.run.smithi064.stdout:/usr/bin/ceph: stderr
2024-09-19T04:57:08.351+0000 7f219e7fc640 1 --2- 172.21.15.64:0/263249425 >> [v2:172.21.15.64:6800/2584640926,v1:172.21.15.64:6801/2584640926] conn(0x7f218c0391b0 0x7f218c03b670 secure :-1 s=READY pgs=13 cs=0 l=1 rev1=1 crypto rx=0x7f21880098c0 tx=0x7f2188006db0 comp rx=0 tx=0).ready entity=mgr.14118 client_cookie=0 server_cookie=0 in_seq=0 out_seq=0
2024-09-19T04:57:09.269 INFO:teuthology.orchestra.run.smithi064.stdout:/usr/bin/ceph: stderr
2024-09-19T04:57:08.355+0000 7f2197fff640 1 -- 172.21.15.64:0/263249425 <== mon.0 v2:172.21.15.64:3300/0 6 ==== mon_command_ack([{"prefix": "get_command_descriptions"}]=0 v0) ==== 72+0+188913 (secure 0 0 0) 0x7f219803d7b0 con 0x7f21a0108120
2024-09-19T04:57:09.269 INFO:teuthology.orchestra.run.smithi064.stdout:/usr/bin/ceph: stderr
2024-09-19T04:57:08.545+0000 7f21a5432640 1 -- 172.21.15.64:0/263249425 --> [v2:172.21.15.64:6800/2584640926,v1:172.21.15.64:6801/2584640926] -- mgr_command(tid 0: {"prefix": "orch apply", "service_type": "mgr", "unmanaged": true, "target": ["mon-mgr", ""]}) -- 0x7f21a0103070 con 0x7f218c0391b0
2024-09-19T04:57:09.269 INFO:teuthology.orchestra.run.smithi064.stdout:/usr/bin/ceph: stderr
2024-09-19T04:57:08.550+0000 7f2197fff640 1 -- 172.21.15.64:0/263249425 <== mgr.14118 v2:172.21.15.64:6800/2584640926 1 ==== mgr_command_reply(tid 0: 0 ) ==== 8+0+24 (secure 0 0 0) 0x7f21a0103070 con 0x7f218c0391b0
2024-09-19T04:57:09.269 INFO:teuthology.orchestra.run.smithi064.stdout:/usr/bin/ceph: stderr
2024-09-19T04:57:08.552+0000 7f21a5432640 1 -- 172.21.15.64:0/263249425 >> [v2:172.21.15.64:6800/2584640926,v1:172.21.15.64:6801/2584640926] conn(0x7f218c0391b0 msgr2=0x7f218c03b670 secure :-1 s=STATE_CONNECTION_ESTABLISHED l=1).mark_down
2024-09-19T04:57:09.269 INFO:teuthology.orchestra.run.smithi064.stdout:/usr/bin/ceph: stderr
2024-09-19T04:57:08.552+0000 7f21a5432640 1 --2- 172.21.15.64:0/263249425 >> [v2:172.21.15.64:6800/2584640926,v1:172.21.15.64:6801/2584640926] conn(0x7f218c0391b0 0x7f218c03b670 secure :-1 s=READY pgs=13 cs=0 l=1 rev1=1 crypto rx=0x7f21880098c0 tx=0x7f2188006db0 comp rx=0 tx=0).stop
2024-09-19T04:57:09.269 INFO:teuthology.orchestra.run.smithi064.stdout:/usr/bin/ceph: stderr
2024-09-19T04:57:08.552+0000 7f21a5432640 1 -- 172.21.15.64:0/263249425 >> [v2:172.21.15.64:3300/0,v1:172.21.15.64:6789/0] conn(0x7f21a0108120 msgr2=0x7f21a019b600 secure :-1 s=STATE_CONNECTION_ESTABLISHED l=1).mark_down
2024-09-19T04:57:09.269 INFO:teuthology.orchestra.run.smithi064.stdout:/usr/bin/ceph: stderr
2024-09-19T04:57:08.552+0000 7f21a5432640 1 --2- 172.21.15.64:0/263249425 >> [v2:172.21.15.64:3300/0,v1:172.21.15.64:6789/0] conn(0x7f21a0108120 0x7f21a019b600 secure :-1 s=READY pgs=48 cs=0 l=1 rev1=1 crypto rx=0x7f2198030520 tx=0x7f2198032dd0 comp rx=0 tx=0).stop
2024-09-19T04:57:09.269 INFO:teuthology.orchestra.run.smithi064.stdout:/usr/bin/ceph: stderr
2024-09-19T04:57:08.552+0000 7f21a5432640 1 -- 172.21.15.64:0/263249425 shutdown_connections
2024-09-19T04:57:09.270 INFO:teuthology.orchestra.run.smithi064.stdout:/usr/bin/ceph: stderr
2024-09-19T04:57:08.552+0000 7f21a5432640 1 --2- 172.21.15.64:0/263249425 >> [v2:172.21.15.64:6800/2584640926,v1:172.21.15.64:6801/2584640926] conn(0x7f218c0391b0 0x7f218c03b670 unknown :-1 s=CLOSED pgs=13 cs=0 l=1 rev1=1 crypto rx=0 tx=0 comp rx=0 tx=0).stop
2024-09-19T04:57:09.270 INFO:teuthology.orchestra.run.smithi064.stdout:/usr/bin/ceph: stderr
2024-09-19T04:57:08.552+0000 7f21a5432640 1 --2- 172.21.15.64:0/263249425 >> [v2:172.21.15.64:3300/0,v1:172.21.15.64:6789/0] conn(0x7f21a0108120 0x7f21a019b600 unknown :-1 s=CLOSED pgs=48 cs=0 l=1 rev1=1 crypto rx=0 tx=0 comp rx=0 tx=0).stop
2024-09-19T04:57:09.270 INFO:teuthology.orchestra.run.smithi064.stdout:/usr/bin/ceph: stderr
2024-09-19T04:57:08.552+0000 7f21a5432640 1 -- 172.21.15.64:0/263249425 >> 172.21.15.64:0/263249425 conn(0x7f21a0101d80 msgr2=0x7f21a0102960 unknown :-1 s=STATE_NONE l=0).mark_down
2024-09-19T04:57:09.270 INFO:teuthology.orchestra.run.smithi064.stdout:/usr/bin/ceph: stderr
2024-09-19T04:57:08.552+0000 7f21a5432640 1 -- 172.21.15.64:0/263249425 shutdown_connections
2024-09-19T04:57:09.270 INFO:teuthology.orchestra.run.smithi064.stdout:/usr/bin/ceph: stderr
2024-09-19T04:57:08.552+0000 7f21a5432640 1 -- 172.21.15.64:0/263249425 wait complete.
2024-09-19T04:57:09.734 INFO:journalctl@ceph.mon.a.smithi064.stdout:Sep 19 04:57:09 smithi064 ceph-mon[30960]: from='client.14142 -' entity='client.admin' cmd=[{"prefix": "orch apply", "service_type": "mgr", "unmanaged": true, "target": ["mon-mgr", ""]}]: dispatch
2024-09-19T04:57:09.735 INFO:journalctl@ceph.mon.a.smithi064.stdout:Sep 19 04:57:09 smithi064 ceph-mon[30960]: Saving service mgr spec with placement count:2
2024-09-19T04:57:09.735 INFO:journalctl@ceph.mon.a.smithi064.stdout:Sep 19 04:57:09 smithi064 ceph-mon[30960]: from='mgr.14118 172.21.15.64:0/287045077' entity='mgr.x'
2024-09-19T04:57:10.676 INFO:teuthology.orchestra.run.smithi064.stdout:/usr/bin/ceph: stderr
2024-09-19T04:57:09.730+0000 7eff685f5640 1 Processor -- start
2024-09-19T04:57:10.676 INFO:teuthology.orchestra.run.smithi064.stdout:/usr/bin/ceph: stderr
2024-09-19T04:57:09.730+0000 7eff685f5640 1 -- start start
2024-09-19T04:57:10.676 INFO:teuthology.orchestra.run.smithi064.stdout:/usr/bin/ceph: stderr
2024-09-19T04:57:09.730+0000 7eff685f5640 1 --2- >> [v2:172.21.15.64:3300/0,v1:172.21.15.64:6789/0] conn(0x7eff601080e0 0x7eff6010a4d0 unknown :-1 s=NONE pgs=0 cs=0 l=0 rev1=0 crypto rx=0 tx=0 comp rx=0 tx=0).connect
2024-09-19T04:57:10.676 INFO:teuthology.orchestra.run.smithi064.stdout:/usr/bin/ceph: stderr
2024-09-19T04:57:09.730+0000 7eff685f5640 1 -- --> [v2:172.21.15.64:3300/0,v1:172.21.15.64:6789/0] -- mon_getmap magic: 0 -- 0x7eff6007be40 con 0x7eff601080e0
2024-09-19T04:57:10.676 INFO:teuthology.orchestra.run.smithi064.stdout:/usr/bin/ceph: stderr
2024-09-19T04:57:09.730+0000 7eff66391640 1 --2- >> [v2:172.21.15.64:3300/0,v1:172.21.15.64:6789/0] conn(0x7eff601080e0 0x7eff6010a4d0 unknown :-1 s=BANNER_CONNECTING pgs=0 cs=0 l=0 rev1=0 crypto rx=0 tx=0 comp rx=0 tx=0)._handle_peer_banner_payload supported=3 required=0
2024-09-19T04:57:10.676 INFO:teuthology.orchestra.run.smithi064.stdout:/usr/bin/ceph: stderr
2024-09-19T04:57:09.730+0000 7eff66391640 1 --2- >> [v2:172.21.15.64:3300/0,v1:172.21.15.64:6789/0] conn(0x7eff601080e0 0x7eff6010a4d0 unknown :-1 s=HELLO_CONNECTING pgs=0 cs=0 l=0 rev1=1 crypto rx=0 tx=0 comp rx=0 tx=0).handle_hello peer v2:172.21.15.64:3300/0 says I am v2:172.21.15.64:37090/0 (socket says 172.21.15.64:37090)
2024-09-19T04:57:10.676 INFO:teuthology.orchestra.run.smithi064.stdout:/usr/bin/ceph: stderr
2024-09-19T04:57:09.730+0000 7eff66391640 1 -- 172.21.15.64:0/3637382655 learned_addr learned my addr 172.21.15.64:0/3637382655 (peer_addr_for_me v2:172.21.15.64:0/0)
2024-09-19T04:57:10.676 INFO:teuthology.orchestra.run.smithi064.stdout:/usr/bin/ceph: stderr
2024-09-19T04:57:09.731+0000 7eff66391640 1 -- 172.21.15.64:0/3637382655 --> [v2:172.21.15.64:3300/0,v1:172.21.15.64:6789/0] -- mon_subscribe({config=0+,monmap=0+}) -- 0x7eff6010aa10 con 0x7eff601080e0
2024-09-19T04:57:10.677 INFO:teuthology.orchestra.run.smithi064.stdout:/usr/bin/ceph: stderr
2024-09-19T04:57:09.732+0000 7eff66391640 1 --2- 172.21.15.64:0/3637382655 >> [v2:172.21.15.64:3300/0,v1:172.21.15.64:6789/0] conn(0x7eff601080e0 0x7eff6010a4d0 secure :-1 s=READY pgs=49 cs=0 l=1 rev1=1 crypto rx=0x7eff5c009820 tx=0x7eff5c02a270 comp rx=0 tx=0).ready entity=mon.0 client_cookie=269afa4c76fc12 server_cookie=0 in_seq=0 out_seq=0
2024-09-19T04:57:10.677 INFO:teuthology.orchestra.run.smithi064.stdout:/usr/bin/ceph: stderr
2024-09-19T04:57:09.732+0000 7eff6538f640 1 -- 172.21.15.64:0/3637382655 <== mon.0 v2:172.21.15.64:3300/0 1 ==== mon_map magic: 0 ==== 205+0+0 (secure 0 0 0) 0x7eff5c037070 con 0x7eff601080e0
2024-09-19T04:57:10.677 INFO:teuthology.orchestra.run.smithi064.stdout:/usr/bin/ceph: stderr
2024-09-19T04:57:09.732+0000 7eff6538f640 1 -- 172.21.15.64:0/3637382655 <== mon.0 v2:172.21.15.64:3300/0 2 ==== config(26 keys) ==== 1071+0+0 (secure 0 0 0) 0x7eff5c0328d0 con 0x7eff601080e0
2024-09-19T04:57:10.677 INFO:teuthology.orchestra.run.smithi064.stdout:/usr/bin/ceph: stderr
2024-09-19T04:57:09.732+0000 7eff6538f640 1 -- 172.21.15.64:0/3637382655 <== mon.0 v2:172.21.15.64:3300/0 3 ==== mon_map magic: 0 ==== 205+0+0 (secure 0 0 0) 0x7eff5c0307d0 con 0x7eff601080e0
2024-09-19T04:57:10.677 INFO:teuthology.orchestra.run.smithi064.stdout:/usr/bin/ceph: stderr
2024-09-19T04:57:09.733+0000 7eff685f5640 1 -- 172.21.15.64:0/3637382655 >> [v2:172.21.15.64:3300/0,v1:172.21.15.64:6789/0] conn(0x7eff601080e0 msgr2=0x7eff6010a4d0 secure :-1 s=STATE_CONNECTION_ESTABLISHED l=1).mark_down
2024-09-19T04:57:10.677 INFO:teuthology.orchestra.run.smithi064.stdout:/usr/bin/ceph: stderr
2024-09-19T04:57:09.733+0000 7eff685f5640 1 --2- 172.21.15.64:0/3637382655 >> [v2:172.21.15.64:3300/0,v1:172.21.15.64:6789/0] conn(0x7eff601080e0 0x7eff6010a4d0 secure :-1 s=READY pgs=49 cs=0 l=1 rev1=1 crypto rx=0x7eff5c009820 tx=0x7eff5c02a270 comp rx=0 tx=0).stop
2024-09-19T04:57:10.677 INFO:teuthology.orchestra.run.smithi064.stdout:/usr/bin/ceph: stderr
2024-09-19T04:57:09.733+0000 7eff685f5640 1 -- 172.21.15.64:0/3637382655 shutdown_connections
2024-09-19T04:57:10.677 INFO:teuthology.orchestra.run.smithi064.stdout:/usr/bin/ceph: stderr
2024-09-19T04:57:09.733+0000 7eff685f5640 1 --2- 172.21.15.64:0/3637382655 >> [v2:172.21.15.64:3300/0,v1:172.21.15.64:6789/0] conn(0x7eff601080e0 0x7eff6010a4d0 unknown :-1 s=CLOSED pgs=49 cs=0 l=1 rev1=1 crypto rx=0 tx=0 comp rx=0 tx=0).stop
2024-09-19T04:57:10.677 INFO:teuthology.orchestra.run.smithi064.stdout:/usr/bin/ceph: stderr
2024-09-19T04:57:09.733+0000 7eff685f5640 1 -- 172.21.15.64:0/3637382655 >> 172.21.15.64:0/3637382655 conn(0x7eff60101d80 msgr2=0x7eff601041a0 unknown :-1 s=STATE_NONE l=0).mark_down
2024-09-19T04:57:10.677 INFO:teuthology.orchestra.run.smithi064.stdout:/usr/bin/ceph: stderr
2024-09-19T04:57:09.733+0000 7eff685f5640 1 -- 172.21.15.64:0/3637382655 shutdown_connections
2024-09-19T04:57:10.677 INFO:teuthology.orchestra.run.smithi064.stdout:/usr/bin/ceph: stderr
2024-09-19T04:57:09.733+0000 7eff685f5640 1 -- 172.21.15.64:0/3637382655 wait complete.
2024-09-19T04:57:10.677 INFO:teuthology.orchestra.run.smithi064.stdout:/usr/bin/ceph: stderr
2024-09-19T04:57:09.734+0000 7eff685f5640 1 Processor -- start
2024-09-19T04:57:10.677 INFO:teuthology.orchestra.run.smithi064.stdout:/usr/bin/ceph: stderr
2024-09-19T04:57:09.734+0000 7eff685f5640 1 -- start start
2024-09-19T04:57:10.678 INFO:teuthology.orchestra.run.smithi064.stdout:/usr/bin/ceph: stderr
2024-09-19T04:57:09.734+0000 7eff685f5640 1 --2- >> [v2:172.21.15.64:3300/0,v1:172.21.15.64:6789/0] conn(0x7eff601080e0 0x7eff60107960 unknown :-1 s=NONE pgs=0 cs=0 l=1 rev1=0 crypto rx=0 tx=0 comp rx=0 tx=0).connect
2024-09-19T04:57:10.678 INFO:teuthology.orchestra.run.smithi064.stdout:/usr/bin/ceph: stderr
2024-09-19T04:57:09.734+0000 7eff685f5640 1 -- --> [v2:172.21.15.64:3300/0,v1:172.21.15.64:6789/0] -- mon_getmap magic: 0 -- 0x7eff6010b9f0 con 0x7eff601080e0
2024-09-19T04:57:10.678 INFO:teuthology.orchestra.run.smithi064.stdout:/usr/bin/ceph: stderr
2024-09-19T04:57:09.734+0000 7eff66391640 1 --2- >> [v2:172.21.15.64:3300/0,v1:172.21.15.64:6789/0] conn(0x7eff601080e0 0x7eff60107960 unknown :-1 s=BANNER_CONNECTING pgs=0 cs=0 l=1 rev1=0 crypto rx=0 tx=0 comp rx=0 tx=0)._handle_peer_banner_payload supported=3 required=0
2024-09-19T04:57:10.678 INFO:teuthology.orchestra.run.smithi064.stdout:/usr/bin/ceph: stderr
2024-09-19T04:57:09.734+0000 7eff66391640 1 --2- >> [v2:172.21.15.64:3300/0,v1:172.21.15.64:6789/0] conn(0x7eff601080e0 0x7eff60107960 unknown :-1 s=HELLO_CONNECTING pgs=0 cs=0 l=1 rev1=1 crypto rx=0 tx=0 comp rx=0 tx=0).handle_hello peer v2:172.21.15.64:3300/0 says I am v2:172.21.15.64:37100/0 (socket says 172.21.15.64:37100)
2024-09-19T04:57:10.678 INFO:teuthology.orchestra.run.smithi064.stdout:/usr/bin/ceph: stderr
2024-09-19T04:57:09.734+0000 7eff66391640 1 -- 172.21.15.64:0/3578227127 learned_addr learned my addr 172.21.15.64:0/3578227127 (peer_addr_for_me v2:172.21.15.64:0/0)
2024-09-19T04:57:10.678 INFO:teuthology.orchestra.run.smithi064.stdout:/usr/bin/ceph: stderr
2024-09-19T04:57:09.734+0000 7eff66391640 1 -- 172.21.15.64:0/3578227127 --> [v2:172.21.15.64:3300/0,v1:172.21.15.64:6789/0] -- mon_subscribe({config=0+,monmap=0+}) -- 0x7eff60107ea0 con 0x7eff601080e0
2024-09-19T04:57:10.678 INFO:teuthology.orchestra.run.smithi064.stdout:/usr/bin/ceph: stderr
2024-09-19T04:57:09.735+0000 7eff66391640 1 --2- 172.21.15.64:0/3578227127 >> [v2:172.21.15.64:3300/0,v1:172.21.15.64:6789/0] conn(0x7eff601080e0 0x7eff60107960 secure :-1 s=READY pgs=50 cs=0 l=1 rev1=1 crypto rx=0x7eff5c0097f0 tx=0x7eff5c030d00 comp rx=0 tx=0).ready entity=mon.0 client_cookie=0 server_cookie=0 in_seq=0 out_seq=0
2024-09-19T04:57:10.679 INFO:teuthology.orchestra.run.smithi064.stdout:/usr/bin/ceph: stderr
2024-09-19T04:57:09.735+0000 7eff577fe640 1 -- 172.21.15.64:0/3578227127 <== mon.0 v2:172.21.15.64:3300/0 1 ==== mon_map magic: 0 ==== 205+0+0 (secure 0 0 0) 0x7eff5c037040 con 0x7eff601080e0
2024-09-19T04:57:10.680 INFO:teuthology.orchestra.run.smithi064.stdout:/usr/bin/ceph: stderr
2024-09-19T04:57:09.735+0000 7eff577fe640 1 -- 172.21.15.64:0/3578227127 <== mon.0 v2:172.21.15.64:3300/0 2 ==== config(26 keys) ==== 1071+0+0 (secure 0 0 0) 0x7eff5c03b3f0 con 0x7eff601080e0
2024-09-19T04:57:10.680 INFO:teuthology.orchestra.run.smithi064.stdout:/usr/bin/ceph: stderr
2024-09-19T04:57:09.735+0000 7eff577fe640 1 -- 172.21.15.64:0/3578227127 <== mon.0 v2:172.21.15.64:3300/0 3 ==== mon_map magic: 0 ==== 205+0+0 (secure 0 0 0) 0x7eff5c03a520 con 0x7eff601080e0
2024-09-19T04:57:10.680 INFO:teuthology.orchestra.run.smithi064.stdout:/usr/bin/ceph: stderr
2024-09-19T04:57:09.735+0000 7eff685f5640 1 -- 172.21.15.64:0/3578227127 --> [v2:172.21.15.64:3300/0,v1:172.21.15.64:6789/0] -- mon_subscribe({mgrmap=0+}) -- 0x7eff60106090 con 0x7eff601080e0
2024-09-19T04:57:10.681 INFO:teuthology.orchestra.run.smithi064.stdout:/usr/bin/ceph: stderr
2024-09-19T04:57:09.735+0000 7eff685f5640 1 -- 172.21.15.64:0/3578227127 --> [v2:172.21.15.64:3300/0,v1:172.21.15.64:6789/0] -- mon_subscribe({osdmap=0}) -- 0x7eff601065d0 con 0x7eff601080e0
2024-09-19T04:57:10.681 INFO:teuthology.orchestra.run.smithi064.stdout:/usr/bin/ceph: stderr
2024-09-19T04:57:09.736+0000 7eff577fe640 1 -- 172.21.15.64:0/3578227127 <== mon.0 v2:172.21.15.64:3300/0 4 ==== mgrmap(e 8) ==== 46461+0+0 (secure 0 0 0) 0x7eff5c03a710 con 0x7eff601080e0
2024-09-19T04:57:10.681 INFO:teuthology.orchestra.run.smithi064.stdout:/usr/bin/ceph: stderr
2024-09-19T04:57:09.736+0000 7eff577fe640 1 --2- 172.21.15.64:0/3578227127 >> [v2:172.21.15.64:6800/2584640926,v1:172.21.15.64:6801/2584640926] conn(0x7eff4c0391b0 0x7eff4c03b670 unknown :-1 s=NONE pgs=0 cs=0 l=1 rev1=0 crypto rx=0 tx=0 comp rx=0 tx=0).connect
2024-09-19T04:57:10.681 INFO:teuthology.orchestra.run.smithi064.stdout:/usr/bin/ceph: stderr
2024-09-19T04:57:09.736+0000 7eff577fe640 1 -- 172.21.15.64:0/3578227127 <== mon.0 v2:172.21.15.64:3300/0 5 ==== osd_map(2..2 src has 1..2) ==== 940+0+0 (secure 0 0 0) 0x7eff5c06c490 con 0x7eff601080e0
2024-09-19T04:57:10.681 INFO:teuthology.orchestra.run.smithi064.stdout:/usr/bin/ceph: stderr
2024-09-19T04:57:09.736+0000 7eff685f5640 1 -- 172.21.15.64:0/3578227127 --> [v2:172.21.15.64:3300/0,v1:172.21.15.64:6789/0] -- mon_command({"prefix": "get_command_descriptions"} v 0) -- 0x7eff60108540 con 0x7eff601080e0
2024-09-19T04:57:10.681 INFO:teuthology.orchestra.run.smithi064.stdout:/usr/bin/ceph: stderr
2024-09-19T04:57:09.736+0000 7eff65b90640 1 --2- 172.21.15.64:0/3578227127 >> [v2:172.21.15.64:6800/2584640926,v1:172.21.15.64:6801/2584640926] conn(0x7eff4c0391b0 0x7eff4c03b670 unknown :-1 s=BANNER_CONNECTING pgs=0 cs=0 l=1 rev1=0 crypto rx=0 tx=0 comp rx=0 tx=0)._handle_peer_banner_payload supported=3 required=0
2024-09-19T04:57:10.681 INFO:teuthology.orchestra.run.smithi064.stdout:/usr/bin/ceph: stderr
2024-09-19T04:57:09.737+0000 7eff65b90640 1 --2- 172.21.15.64:0/3578227127 >> [v2:172.21.15.64:6800/2584640926,v1:172.21.15.64:6801/2584640926] conn(0x7eff4c0391b0 0x7eff4c03b670 secure :-1 s=READY pgs=14 cs=0 l=1 rev1=1 crypto rx=0x7eff500098c0 tx=0x7eff50006db0 comp rx=0 tx=0).ready entity=mgr.14118 client_cookie=0 server_cookie=0 in_seq=0 out_seq=0
2024-09-19T04:57:10.681 INFO:teuthology.orchestra.run.smithi064.stdout:/usr/bin/ceph: stderr
2024-09-19T04:57:09.741+0000 7eff577fe640 1 -- 172.21.15.64:0/3578227127 <== mon.0 v2:172.21.15.64:3300/0 6 ==== mon_command_ack([{"prefix": "get_command_descriptions"}]=0 v0) ==== 72+0+188913 (secure 0 0 0) 0x7eff5c032820 con 0x7eff601080e0
2024-09-19T04:57:10.682 INFO:teuthology.orchestra.run.smithi064.stdout:/usr/bin/ceph: stderr
2024-09-19T04:57:09.918+0000 7eff685f5640 1 -- 172.21.15.64:0/3578227127 --> [v2:172.21.15.64:3300/0,v1:172.21.15.64:6789/0] -- mon_command([{prefix=config set, name=mgr/cephadm/container_init}] v 0) -- 0x7eff60106c90 con 0x7eff601080e0
2024-09-19T04:57:10.682 INFO:teuthology.orchestra.run.smithi064.stdout:/usr/bin/ceph: stderr
2024-09-19T04:57:09.920+0000 7eff577fe640 1 -- 172.21.15.64:0/3578227127 <== mon.0 v2:172.21.15.64:3300/0 7 ==== mon_command_ack([{prefix=config set, name=mgr/cephadm/container_init}]=0 v6)=0 v6) ==== 142+0+0 (secure 0 0 0) 0x7eff5c0319b0 con 0x7eff601080e0
2024-09-19T04:57:10.682 INFO:teuthology.orchestra.run.smithi064.stdout:/usr/bin/ceph: stderr
2024-09-19T04:57:09.923+0000 7eff685f5640 1 -- 172.21.15.64:0/3578227127 >> [v2:172.21.15.64:6800/2584640926,v1:172.21.15.64:6801/2584640926] conn(0x7eff4c0391b0 msgr2=0x7eff4c03b670 secure :-1 s=STATE_CONNECTION_ESTABLISHED l=1).mark_down
2024-09-19T04:57:10.682 INFO:teuthology.orchestra.run.smithi064.stdout:/usr/bin/ceph: stderr
2024-09-19T04:57:09.923+0000 7eff685f5640 1 --2- 172.21.15.64:0/3578227127 >> [v2:172.21.15.64:6800/2584640926,v1:172.21.15.64:6801/2584640926] conn(0x7eff4c0391b0 0x7eff4c03b670 secure :-1 s=READY pgs=14 cs=0 l=1 rev1=1 crypto rx=0x7eff500098c0 tx=0x7eff50006db0 comp rx=0 tx=0).stop
2024-09-19T04:57:10.682 INFO:teuthology.orchestra.run.smithi064.stdout:/usr/bin/ceph: stderr
2024-09-19T04:57:09.923+0000 7eff685f5640 1 -- 172.21.15.64:0/3578227127 >> [v2:172.21.15.64:3300/0,v1:172.21.15.64:6789/0] conn(0x7eff601080e0 msgr2=0x7eff60107960 secure :-1 s=STATE_CONNECTION_ESTABLISHED l=1).mark_down
2024-09-19T04:57:10.682 INFO:teuthology.orchestra.run.smithi064.stdout:/usr/bin/ceph: stderr
2024-09-19T04:57:09.923+0000 7eff685f5640 1 --2- 172.21.15.64:0/3578227127 >> [v2:172.21.15.64:3300/0,v1:172.21.15.64:6789/0] conn(0x7eff601080e0 0x7eff60107960 secure :-1 s=READY pgs=50 cs=0 l=1 rev1=1 crypto rx=0x7eff5c0097f0 tx=0x7eff5c030d00 comp rx=0 tx=0).stop
2024-09-19T04:57:10.682 INFO:teuthology.orchestra.run.smithi064.stdout:/usr/bin/ceph: stderr
2024-09-19T04:57:09.923+0000 7eff685f5640 1 -- 172.21.15.64:0/3578227127 shutdown_connections
2024-09-19T04:57:10.682 INFO:teuthology.orchestra.run.smithi064.stdout:/usr/bin/ceph: stderr
2024-09-19T04:57:09.923+0000 7eff685f5640 1 --2- 172.21.15.64:0/3578227127 >> [v2:172.21.15.64:6800/2584640926,v1:172.21.15.64:6801/2584640926] conn(0x7eff4c0391b0 0x7eff4c03b670 unknown :-1 s=CLOSED pgs=14 cs=0 l=1 rev1=1 crypto rx=0 tx=0 comp rx=0 tx=0).stop
2024-09-19T04:57:10.682 INFO:teuthology.orchestra.run.smithi064.stdout:/usr/bin/ceph: stderr
2024-09-19T04:57:09.923+0000 7eff685f5640 1 --2- 172.21.15.64:0/3578227127 >> [v2:172.21.15.64:3300/0,v1:172.21.15.64:6789/0] conn(0x7eff601080e0 0x7eff60107960 unknown :-1 s=CLOSED pgs=50 cs=0 l=1 rev1=1 crypto rx=0 tx=0 comp rx=0 tx=0).stop
2024-09-19T04:57:10.682 INFO:teuthology.orchestra.run.smithi064.stdout:/usr/bin/ceph: stderr
2024-09-19T04:57:09.923+0000 7eff685f5640 1 -- 172.21.15.64:0/3578227127 >> 172.21.15.64:0/3578227127 conn(0x7eff60101d80 msgr2=0x7eff60102920 unknown :-1 s=STATE_NONE l=0).mark_down
2024-09-19T04:57:10.682 INFO:teuthology.orchestra.run.smithi064.stdout:/usr/bin/ceph: stderr
2024-09-19T04:57:09.923+0000 7eff685f5640 1 -- 172.21.15.64:0/3578227127 shutdown_connections
2024-09-19T04:57:10.682 INFO:teuthology.orchestra.run.smithi064.stdout:/usr/bin/ceph: stderr
2024-09-19T04:57:09.923+0000 7eff685f5640 1 -- 172.21.15.64:0/3578227127 wait complete.
2024-09-19T04:57:11.285 INFO:journalctl@ceph.mon.a.smithi064.stdout:Sep 19 04:57:10 smithi064 ceph-mon[30960]: from='client.? 172.21.15.64:0/3578227127' entity='client.admin'
2024-09-19T04:57:11.285 INFO:journalctl@ceph.mon.a.smithi064.stdout:Sep 19 04:57:10 smithi064 ceph-mon[30960]: from='mgr.14118 172.21.15.64:0/287045077' entity='mgr.x'
2024-09-19T04:57:11.857 INFO:teuthology.orchestra.run.smithi064.stdout:/usr/bin/ceph: stderr
2024-09-19T04:57:11.094+0000 7fdac3cf6640 1 Processor -- start
2024-09-19T04:57:11.857 INFO:teuthology.orchestra.run.smithi064.stdout:/usr/bin/ceph: stderr
2024-09-19T04:57:11.094+0000 7fdac3cf6640 1 -- start start
2024-09-19T04:57:11.858 INFO:teuthology.orchestra.run.smithi064.stdout:/usr/bin/ceph: stderr
2024-09-19T04:57:11.094+0000 7fdac3cf6640 1 --2- >> [v2:172.21.15.64:3300/0,v1:172.21.15.64:6789/0] conn(0x7fdabc106570 0x7fdabc106970 unknown :-1 s=NONE pgs=0 cs=0 l=0 rev1=0 crypto rx=0 tx=0 comp rx=0 tx=0).connect
2024-09-19T04:57:11.858 INFO:teuthology.orchestra.run.smithi064.stdout:/usr/bin/ceph: stderr
2024-09-19T04:57:11.094+0000 7fdac3cf6640 1 -- --> [v2:172.21.15.64:3300/0,v1:172.21.15.64:6789/0] -- mon_getmap magic: 0 -- 0x7fdabc106f40 con 0x7fdabc106570
2024-09-19T04:57:11.858 INFO:teuthology.orchestra.run.smithi064.stdout:/usr/bin/ceph: stderr
2024-09-19T04:57:11.094+0000 7fdac1a92640 1 --2- >> [v2:172.21.15.64:3300/0,v1:172.21.15.64:6789/0] conn(0x7fdabc106570 0x7fdabc106970 unknown :-1 s=BANNER_CONNECTING pgs=0 cs=0 l=0 rev1=0 crypto rx=0 tx=0 comp rx=0 tx=0)._handle_peer_banner_payload supported=3 required=0
2024-09-19T04:57:11.858 INFO:teuthology.orchestra.run.smithi064.stdout:/usr/bin/ceph: stderr
2024-09-19T04:57:11.094+0000 7fdac1a92640 1 --2- >> [v2:172.21.15.64:3300/0,v1:172.21.15.64:6789/0] conn(0x7fdabc106570 0x7fdabc106970 unknown :-1 s=HELLO_CONNECTING pgs=0 cs=0 l=0 rev1=1 crypto rx=0 tx=0 comp rx=0 tx=0).handle_hello peer v2:172.21.15.64:3300/0 says I am v2:172.21.15.64:37112/0 (socket says 172.21.15.64:37112)
2024-09-19T04:57:11.858 INFO:teuthology.orchestra.run.smithi064.stdout:/usr/bin/ceph: stderr
2024-09-19T04:57:11.094+0000 7fdac1a92640 1 -- 172.21.15.64:0/3666104438 learned_addr learned my addr 172.21.15.64:0/3666104438 (peer_addr_for_me v2:172.21.15.64:0/0)
2024-09-19T04:57:11.858 INFO:teuthology.orchestra.run.smithi064.stdout:/usr/bin/ceph: stderr
2024-09-19T04:57:11.095+0000 7fdac1a92640 1 -- 172.21.15.64:0/3666104438 --> [v2:172.21.15.64:3300/0,v1:172.21.15.64:6789/0] -- mon_subscribe({config=0+,monmap=0+}) -- 0x7fdabc107720 con 0x7fdabc106570
2024-09-19T04:57:11.858 INFO:teuthology.orchestra.run.smithi064.stdout:/usr/bin/ceph: stderr
2024-09-19T04:57:11.095+0000 7fdac1a92640 1 --2- 172.21.15.64:0/3666104438 >> [v2:172.21.15.64:3300/0,v1:172.21.15.64:6789/0] conn(0x7fdabc106570 0x7fdabc106970 secure :-1 s=READY pgs=51 cs=0 l=1 rev1=1 crypto rx=0x7fdab0009820 tx=0x7fdab002a270 comp rx=0 tx=0).ready entity=mon.0 client_cookie=8f3fbbad0578257d server_cookie=0 in_seq=0 out_seq=0
2024-09-19T04:57:11.858 INFO:teuthology.orchestra.run.smithi064.stdout:/usr/bin/ceph: stderr
2024-09-19T04:57:11.095+0000 7fdac0a90640 1 -- 172.21.15.64:0/3666104438 <== mon.0 v2:172.21.15.64:3300/0 1 ==== mon_map magic: 0 ==== 205+0+0 (secure 0 0 0) 0x7fdab0037070 con 0x7fdabc106570
2024-09-19T04:57:11.858 INFO:teuthology.orchestra.run.smithi064.stdout:/usr/bin/ceph: stderr
2024-09-19T04:57:11.096+0000 7fdac0a90640 1 -- 172.21.15.64:0/3666104438 <== mon.0 v2:172.21.15.64:3300/0 2 ==== config(26 keys) ==== 1102+0+0 (secure 0 0 0) 0x7fdab00328f0 con 0x7fdabc106570
2024-09-19T04:57:11.858 INFO:teuthology.orchestra.run.smithi064.stdout:/usr/bin/ceph: stderr
2024-09-19T04:57:11.096+0000 7fdac0a90640 1 -- 172.21.15.64:0/3666104438 <== mon.0 v2:172.21.15.64:3300/0 3 ==== mon_map magic: 0 ==== 205+0+0 (secure 0 0 0) 0x7fdab0030740 con 0x7fdabc106570
2024-09-19T04:57:11.858 INFO:teuthology.orchestra.run.smithi064.stdout:/usr/bin/ceph: stderr
2024-09-19T04:57:11.096+0000 7fdac3cf6640 1 -- 172.21.15.64:0/3666104438 >> [v2:172.21.15.64:3300/0,v1:172.21.15.64:6789/0] conn(0x7fdabc106570 msgr2=0x7fdabc106970 secure :-1 s=STATE_CONNECTION_ESTABLISHED l=1).mark_down
2024-09-19T04:57:11.858 INFO:teuthology.orchestra.run.smithi064.stdout:/usr/bin/ceph: stderr
2024-09-19T04:57:11.096+0000 7fdac3cf6640 1 --2- 172.21.15.64:0/3666104438 >> [v2:172.21.15.64:3300/0,v1:172.21.15.64:6789/0] conn(0x7fdabc106570 0x7fdabc106970 secure :-1 s=READY pgs=51 cs=0 l=1 rev1=1 crypto rx=0x7fdab0009820 tx=0x7fdab002a270 comp rx=0 tx=0).stop
2024-09-19T04:57:11.859 INFO:teuthology.orchestra.run.smithi064.stdout:/usr/bin/ceph: stderr
2024-09-19T04:57:11.096+0000 7fdac3cf6640 1 -- 172.21.15.64:0/3666104438 shutdown_connections
2024-09-19T04:57:11.859 INFO:teuthology.orchestra.run.smithi064.stdout:/usr/bin/ceph: stderr
2024-09-19T04:57:11.096+0000 7fdac3cf6640 1 --2- 172.21.15.64:0/3666104438 >> [v2:172.21.15.64:3300/0,v1:172.21.15.64:6789/0] conn(0x7fdabc106570 0x7fdabc106970 unknown :-1 s=CLOSED pgs=51 cs=0 l=1 rev1=1 crypto rx=0 tx=0 comp rx=0 tx=0).stop
2024-09-19T04:57:11.859 INFO:teuthology.orchestra.run.smithi064.stdout:/usr/bin/ceph: stderr
2024-09-19T04:57:11.096+0000 7fdac3cf6640 1 -- 172.21.15.64:0/3666104438 >> 172.21.15.64:0/3666104438 conn(0x7fdabc101d80 msgr2=0x7fdabc1041a0 unknown :-1 s=STATE_NONE l=0).mark_down
2024-09-19T04:57:11.859 INFO:teuthology.orchestra.run.smithi064.stdout:/usr/bin/ceph: stderr
2024-09-19T04:57:11.096+0000 7fdac3cf6640 1 -- 172.21.15.64:0/3666104438 shutdown_connections
2024-09-19T04:57:11.859 INFO:teuthology.orchestra.run.smithi064.stdout:/usr/bin/ceph: stderr
2024-09-19T04:57:11.096+0000 7fdac3cf6640 1 -- 172.21.15.64:0/3666104438 wait complete.
2024-09-19T04:57:11.859 INFO:teuthology.orchestra.run.smithi064.stdout:/usr/bin/ceph: stderr
2024-09-19T04:57:11.097+0000 7fdac3cf6640 1 Processor -- start
2024-09-19T04:57:11.860 INFO:teuthology.orchestra.run.smithi064.stdout:/usr/bin/ceph: stderr
2024-09-19T04:57:11.097+0000 7fdac3cf6640 1 -- start start
2024-09-19T04:57:11.860 INFO:teuthology.orchestra.run.smithi064.stdout:/usr/bin/ceph: stderr
2024-09-19T04:57:11.097+0000 7fdac3cf6640 1 --2- >> [v2:172.21.15.64:3300/0,v1:172.21.15.64:6789/0] conn(0x7fdabc106570 0x7fdabc191750 unknown :-1 s=NONE pgs=0 cs=0 l=1 rev1=0 crypto rx=0 tx=0 comp rx=0 tx=0).connect
2024-09-19T04:57:11.860 INFO:teuthology.orchestra.run.smithi064.stdout:/usr/bin/ceph: stderr
2024-09-19T04:57:11.097+0000 7fdac3cf6640 1 -- --> [v2:172.21.15.64:3300/0,v1:172.21.15.64:6789/0] -- mon_getmap magic: 0 -- 0x7fdabc10aad0 con 0x7fdabc106570
2024-09-19T04:57:11.860 INFO:teuthology.orchestra.run.smithi064.stdout:/usr/bin/ceph: stderr
2024-09-19T04:57:11.097+0000 7fdac1a92640 1 --2- >> [v2:172.21.15.64:3300/0,v1:172.21.15.64:6789/0] conn(0x7fdabc106570 0x7fdabc191750 unknown :-1 s=BANNER_CONNECTING pgs=0 cs=0 l=1 rev1=0 crypto rx=0 tx=0 comp rx=0 tx=0)._handle_peer_banner_payload supported=3 required=0
2024-09-19T04:57:11.860 INFO:teuthology.orchestra.run.smithi064.stdout:/usr/bin/ceph: stderr
2024-09-19T04:57:11.097+0000 7fdac1a92640 1 --2- >> [v2:172.21.15.64:3300/0,v1:172.21.15.64:6789/0] conn(0x7fdabc106570 0x7fdabc191750 unknown :-1 s=HELLO_CONNECTING pgs=0 cs=0 l=1 rev1=1 crypto rx=0 tx=0 comp rx=0 tx=0).handle_hello peer v2:172.21.15.64:3300/0 says I am v2:172.21.15.64:37126/0 (socket says 172.21.15.64:37126)
2024-09-19T04:57:11.860 INFO:teuthology.orchestra.run.smithi064.stdout:/usr/bin/ceph: stderr
2024-09-19T04:57:11.097+0000 7fdac1a92640 1 -- 172.21.15.64:0/3739953127 learned_addr learned my addr 172.21.15.64:0/3739953127 (peer_addr_for_me v2:172.21.15.64:0/0)
2024-09-19T04:57:11.860 INFO:teuthology.orchestra.run.smithi064.stdout:/usr/bin/ceph: stderr
2024-09-19T04:57:11.097+0000 7fdac1a92640 1 -- 172.21.15.64:0/3739953127 --> [v2:172.21.15.64:3300/0,v1:172.21.15.64:6789/0] -- mon_subscribe({config=0+,monmap=0+}) -- 0x7fdabc191c90 con 0x7fdabc106570
2024-09-19T04:57:11.860 INFO:teuthology.orchestra.run.smithi064.stdout:/usr/bin/ceph: stderr
2024-09-19T04:57:11.098+0000 7fdac1a92640 1 --2- 172.21.15.64:0/3739953127 >> [v2:172.21.15.64:3300/0,v1:172.21.15.64:6789/0] conn(0x7fdabc106570 0x7fdabc191750 secure :-1 s=READY pgs=52 cs=0 l=1 rev1=1 crypto rx=0x7fdab00097f0 tx=0x7fdab0030c70 comp rx=0 tx=0).ready entity=mon.0 client_cookie=0 server_cookie=0 in_seq=0 out_seq=0
2024-09-19T04:57:11.860 INFO:teuthology.orchestra.run.smithi064.stdout:/usr/bin/ceph: stderr
2024-09-19T04:57:11.098+0000 7fdaaeffd640 1 -- 172.21.15.64:0/3739953127 <== mon.0 v2:172.21.15.64:3300/0 1 ==== mon_map magic: 0 ==== 205+0+0 (secure 0 0 0) 0x7fdab0042070 con 0x7fdabc106570
2024-09-19T04:57:11.860 INFO:teuthology.orchestra.run.smithi064.stdout:/usr/bin/ceph: stderr
2024-09-19T04:57:11.098+0000 7fdaaeffd640 1 -- 172.21.15.64:0/3739953127 <== mon.0 v2:172.21.15.64:3300/0 2 ==== config(26 keys) ==== 1102+0+0 (secure 0 0 0) 0x7fdab0030e80 con 0x7fdabc106570
2024-09-19T04:57:11.860 INFO:teuthology.orchestra.run.smithi064.stdout:/usr/bin/ceph: stderr
2024-09-19T04:57:11.098+0000 7fdac3cf6640 1 -- 172.21.15.64:0/3739953127 --> [v2:172.21.15.64:3300/0,v1:172.21.15.64:6789/0] -- mon_subscribe({mgrmap=0+}) -- 0x7fdabc18fe80 con 0x7fdabc106570
2024-09-19T04:57:11.860 INFO:teuthology.orchestra.run.smithi064.stdout:/usr/bin/ceph: stderr
2024-09-19T04:57:11.098+0000 7fdaaeffd640 1 -- 172.21.15.64:0/3739953127 <== mon.0 v2:172.21.15.64:3300/0 3 ==== mon_map magic: 0 ==== 205+0+0 (secure 0 0 0) 0x7fdab0037040 con 0x7fdabc106570
2024-09-19T04:57:11.861 INFO:teuthology.orchestra.run.smithi064.stdout:/usr/bin/ceph: stderr
2024-09-19T04:57:11.098+0000 7fdac3cf6640 1 -- 172.21.15.64:0/3739953127 --> [v2:172.21.15.64:3300/0,v1:172.21.15.64:6789/0] -- mon_subscribe({osdmap=0}) -- 0x7fdabc1903c0 con 0x7fdabc106570
2024-09-19T04:57:11.861 INFO:teuthology.orchestra.run.smithi064.stdout:/usr/bin/ceph: stderr
2024-09-19T04:57:11.099+0000 7fdaaeffd640 1 -- 172.21.15.64:0/3739953127 <== mon.0 v2:172.21.15.64:3300/0 4 ==== mgrmap(e 8) ==== 46461+0+0 (secure 0 0 0) 0x7fdab0045070 con 0x7fdabc106570
2024-09-19T04:57:11.861 INFO:teuthology.orchestra.run.smithi064.stdout:/usr/bin/ceph: stderr
2024-09-19T04:57:11.099+0000 7fdaaeffd640 1 --2- 172.21.15.64:0/3739953127 >> [v2:172.21.15.64:6800/2584640926,v1:172.21.15.64:6801/2584640926] conn(0x7fdaa80391b0 0x7fdaa803b670 unknown :-1 s=NONE pgs=0 cs=0 l=1 rev1=0 crypto rx=0 tx=0 comp rx=0 tx=0).connect
2024-09-19T04:57:11.861 INFO:teuthology.orchestra.run.smithi064.stdout:/usr/bin/ceph: stderr
2024-09-19T04:57:11.099+0000 7fdac3cf6640 1 -- 172.21.15.64:0/3739953127 --> [v2:172.21.15.64:3300/0,v1:172.21.15.64:6789/0] -- mon_command({"prefix": "get_command_descriptions"} v 0) -- 0x7fdabc10ac50 con 0x7fdabc106570
2024-09-19T04:57:11.861 INFO:teuthology.orchestra.run.smithi064.stdout:/usr/bin/ceph: stderr
2024-09-19T04:57:11.099+0000 7fdaaeffd640 1 -- 172.21.15.64:0/3739953127 <== mon.0 v2:172.21.15.64:3300/0 5 ==== osd_map(2..2 src has 1..2) ==== 940+0+0 (secure 0 0 0) 0x7fdab006c300 con 0x7fdabc106570
2024-09-19T04:57:11.861 INFO:teuthology.orchestra.run.smithi064.stdout:/usr/bin/ceph: stderr
2024-09-19T04:57:11.099+0000 7fdac1291640 1 --2- 172.21.15.64:0/3739953127 >> [v2:172.21.15.64:6800/2584640926,v1:172.21.15.64:6801/2584640926] conn(0x7fdaa80391b0 0x7fdaa803b670 unknown :-1 s=BANNER_CONNECTING pgs=0 cs=0 l=1 rev1=0 crypto rx=0 tx=0 comp rx=0 tx=0)._handle_peer_banner_payload supported=3 required=0
2024-09-19T04:57:11.861 INFO:teuthology.orchestra.run.smithi064.stdout:/usr/bin/ceph: stderr
2024-09-19T04:57:11.099+0000 7fdac1291640 1 --2- 172.21.15.64:0/3739953127 >> [v2:172.21.15.64:6800/2584640926,v1:172.21.15.64:6801/2584640926] conn(0x7fdaa80391b0 0x7fdaa803b670 secure :-1 s=READY pgs=15 cs=0 l=1 rev1=1 crypto rx=0x7fdab80098c0 tx=0x7fdab8006db0 comp rx=0 tx=0).ready entity=mgr.14118 client_cookie=0 server_cookie=0 in_seq=0 out_seq=0
2024-09-19T04:57:11.861 INFO:teuthology.orchestra.run.smithi064.stdout:/usr/bin/ceph: stderr
2024-09-19T04:57:11.104+0000 7fdaaeffd640 1 -- 172.21.15.64:0/3739953127 <== mon.0 v2:172.21.15.64:3300/0 6 ==== mon_command_ack([{"prefix": "get_command_descriptions"}]=0 v0) ==== 72+0+188913 (secure 0 0 0) 0x7fdab004b170 con 0x7fdabc106570
2024-09-19T04:57:11.861 INFO:teuthology.orchestra.run.smithi064.stdout:/usr/bin/ceph: stderr
2024-09-19T04:57:11.283+0000 7fdac3cf6640 1 -- 172.21.15.64:0/3739953127 --> [v2:172.21.15.64:3300/0,v1:172.21.15.64:6789/0] -- mon_command([{prefix=config set, name=mgr/dashboard/ssl_server_port}] v 0) -- 0x7fdabc1954f0 con 0x7fdabc106570
2024-09-19T04:57:11.861 INFO:teuthology.orchestra.run.smithi064.stdout:/usr/bin/ceph: stderr
2024-09-19T04:57:11.288+0000 7fdaaeffd640 1 -- 172.21.15.64:0/3739953127 <== mon.0 v2:172.21.15.64:3300/0 7 ==== mon_command_ack([{prefix=config set, name=mgr/dashboard/ssl_server_port}]=0 v8)=0 v8) ==== 130+0+0 (secure 0 0 0) 0x7fdab002fd90 con 0x7fdabc106570
2024-09-19T04:57:11.861 INFO:teuthology.orchestra.run.smithi064.stdout:/usr/bin/ceph: stderr
2024-09-19T04:57:11.290+0000 7fdac3cf6640 1 -- 172.21.15.64:0/3739953127 >> [v2:172.21.15.64:6800/2584640926,v1:172.21.15.64:6801/2584640926] conn(0x7fdaa80391b0 msgr2=0x7fdaa803b670 secure :-1 s=STATE_CONNECTION_ESTABLISHED l=1).mark_down
2024-09-19T04:57:11.861 INFO:teuthology.orchestra.run.smithi064.stdout:/usr/bin/ceph: stderr
2024-09-19T04:57:11.290+0000 7fdac3cf6640 1 --2- 172.21.15.64:0/3739953127 >> [v2:172.21.15.64:6800/2584640926,v1:172.21.15.64:6801/2584640926] conn(0x7fdaa80391b0 0x7fdaa803b670 secure :-1 s=READY pgs=15 cs=0 l=1 rev1=1 crypto rx=0x7fdab80098c0 tx=0x7fdab8006db0 comp rx=0 tx=0).stop
2024-09-19T04:57:11.862 INFO:teuthology.orchestra.run.smithi064.stdout:/usr/bin/ceph: stderr
2024-09-19T04:57:11.290+0000 7fdac3cf6640 1 -- 172.21.15.64:0/3739953127 >> [v2:172.21.15.64:3300/0,v1:172.21.15.64:6789/0] conn(0x7fdabc106570 msgr2=0x7fdabc191750 secure :-1 s=STATE_CONNECTION_ESTABLISHED l=1).mark_down
2024-09-19T04:57:11.862 INFO:teuthology.orchestra.run.smithi064.stdout:/usr/bin/ceph: stderr
2024-09-19T04:57:11.290+0000 7fdac3cf6640 1 --2- 172.21.15.64:0/3739953127 >> [v2:172.21.15.64:3300/0,v1:172.21.15.64:6789/0] conn(0x7fdabc106570 0x7fdabc191750 secure :-1 s=READY pgs=52 cs=0 l=1 rev1=1 crypto rx=0x7fdab00097f0 tx=0x7fdab0030c70 comp rx=0 tx=0).stop
2024-09-19T04:57:11.862 INFO:teuthology.orchestra.run.smithi064.stdout:/usr/bin/ceph: stderr
2024-09-19T04:57:11.290+0000 7fdac3cf6640 1 -- 172.21.15.64:0/3739953127 shutdown_connections
2024-09-19T04:57:11.862 INFO:teuthology.orchestra.run.smithi064.stdout:/usr/bin/ceph: stderr
2024-09-19T04:57:11.290+0000 7fdac3cf6640 1 --2- 172.21.15.64:0/3739953127 >> [v2:172.21.15.64:6800/2584640926,v1:172.21.15.64:6801/2584640926] conn(0x7fdaa80391b0 0x7fdaa803b670 unknown :-1 s=CLOSED pgs=15 cs=0 l=1 rev1=1 crypto rx=0 tx=0 comp rx=0 tx=0).stop
2024-09-19T04:57:11.862 INFO:teuthology.orchestra.run.smithi064.stdout:/usr/bin/ceph: stderr
2024-09-19T04:57:11.290+0000 7fdac3cf6640 1 --2- 172.21.15.64:0/3739953127 >> [v2:172.21.15.64:3300/0,v1:172.21.15.64:6789/0] conn(0x7fdabc106570 0x7fdabc191750 unknown :-1 s=CLOSED pgs=52 cs=0 l=1 rev1=1 crypto rx=0 tx=0 comp rx=0 tx=0).stop
2024-09-19T04:57:11.862 INFO:teuthology.orchestra.run.smithi064.stdout:/usr/bin/ceph: stderr
2024-09-19T04:57:11.290+0000 7fdac3cf6640 1 -- 172.21.15.64:0/3739953127 >> 172.21.15.64:0/3739953127 conn(0x7fdabc101d80 msgr2=0x7fdabc102ce0 unknown :-1 s=STATE_NONE l=0).mark_down
2024-09-19T04:57:11.862 INFO:teuthology.orchestra.run.smithi064.stdout:/usr/bin/ceph: stderr
2024-09-19T04:57:11.290+0000 7fdac3cf6640 1 -- 172.21.15.64:0/3739953127 shutdown_connections
2024-09-19T04:57:11.862 INFO:teuthology.orchestra.run.smithi064.stdout:/usr/bin/ceph: stderr
2024-09-19T04:57:11.290+0000 7fdac3cf6640 1 -- 172.21.15.64:0/3739953127 wait complete.
2024-09-19T04:57:11.862 INFO:teuthology.orchestra.run.smithi064.stdout:Enabling the dashboard module...
2024-09-19T04:57:12.514 INFO:journalctl@ceph.mon.a.smithi064.stdout:Sep 19 04:57:12 smithi064 ceph-mon[30960]: from='mgr.14118 172.21.15.64:0/287045077' entity='mgr.x'
2024-09-19T04:57:12.514 INFO:journalctl@ceph.mon.a.smithi064.stdout:Sep 19 04:57:12 smithi064 ceph-mon[30960]: from='client.? 172.21.15.64:0/3739953127' entity='client.admin'
2024-09-19T04:57:13.452 INFO:journalctl@ceph.mon.a.smithi064.stdout:Sep 19 04:57:13 smithi064 ceph-mon[30960]: from='client.? 172.21.15.64:0/3028885079' entity='client.admin' cmd=[{"prefix": "mgr module enable", "module": "dashboard"}]: dispatch
2024-09-19T04:57:13.452 INFO:journalctl@ceph.mon.a.smithi064.stdout:Sep 19 04:57:13 smithi064 ceph-mon[30960]: from='mgr.14118 172.21.15.64:0/287045077' entity='mgr.x'
2024-09-19T04:57:13.452 INFO:journalctl@ceph.mgr.x.smithi064.stdout:Sep 19 04:57:13 smithi064 ceph-5ccce474-7643-11ef-bceb-c7b262605968-mgr-x[31190]: ignoring --setuser ceph since I am not root
2024-09-19T04:57:13.452 INFO:journalctl@ceph.mgr.x.smithi064.stdout:Sep 19 04:57:13 smithi064 ceph-5ccce474-7643-11ef-bceb-c7b262605968-mgr-x[31190]: ignoring --setgroup ceph since I am not root
2024-09-19T04:57:13.452 INFO:journalctl@ceph.mgr.x.smithi064.stdout:Sep 19 04:57:13 smithi064 ceph-5ccce474-7643-11ef-bceb-c7b262605968-mgr-x[31190]:
2024-09-19T04:57:13.345+0000 7f85a8899040 -1 mgr[py] Module osd_perf_query has missing NOTIFY_TYPES member
2024-09-19T04:57:13.452 INFO:journalctl@ceph.mgr.x.smithi064.stdout:Sep 19 04:57:13 smithi064 ceph-5ccce474-7643-11ef-bceb-c7b262605968-mgr-x[31190]:
2024-09-19T04:57:13.404+0000 7f85a8899040 -1 mgr[py] Module osd_support has missing NOTIFY_TYPES member
2024-09-19T04:57:13.792 INFO:journalctl@ceph.mgr.x.smithi064.stdout:Sep 19 04:57:13 smithi064 ceph-5ccce474-7643-11ef-bceb-c7b262605968-mgr-x[31190]:
2024-09-19T04:57:13.564+0000 7f85a8899040 -1 mgr[py] Module diskprediction_local has missing NOTIFY_TYPES member
2024-09-19T04:57:13.793 INFO:journalctl@ceph.mgr.x.smithi064.stdout:Sep 19 04:57:13 smithi064 ceph-5ccce474-7643-11ef-bceb-c7b262605968-mgr-x[31190]:
2024-09-19T04:57:13.637+0000 7f85a8899040 -1 mgr[py] Module crash has missing NOTIFY_TYPES member
2024-09-19T04:57:13.793 INFO:journalctl@ceph.mgr.x.smithi064.stdout:Sep 19 04:57:13 smithi064 ceph-5ccce474-7643-11ef-bceb-c7b262605968-mgr-x[31190]:
2024-09-19T04:57:13.790+0000 7f85a8899040 -1 mgr[py] Module test_orchestrator has missing NOTIFY_TYPES member
2024-09-19T04:57:13.834 INFO:teuthology.orchestra.run.smithi064.stdout:/usr/bin/ceph: stderr
