2024-09-19T04:57:00.320 INFO:teuthology.orchestra.run.smithi064.stdout:/usr/bin/ceph: stderr
2024-09-19T04:56:59.674+0000 7f19b5bc9640 1 -- 172.21.15.64:0/2539220696 shutdown_connections
2024-09-19T04:57:00.320 INFO:teuthology.orchestra.run.smithi064.stdout:/usr/bin/ceph: stderr
2024-09-19T04:56:59.674+0000 7f19b5bc9640 1 -- 172.21.15.64:0/2539220696 wait complete.
2024-09-19T04:57:01.473 INFO:teuthology.orchestra.run.smithi064.stdout:/usr/bin/ceph: stdout ssh-rsa AAAAB3NzaC1yc2EAAAADAQABAAABgQC0d1gFwPK8XOKe/DRAQ8OBtiH9dTLjB99q0v6ozshzK6qFK1tm5/I1QUj2zZAHuvsHhekVFV8m5X7o8E5fp2Wt5hj63ew6kgs4MHNzx5Ru3DshCcRoZBb0xcoorDfuUAabwdjcyl8hJFDVhMp0sMybmPAEnmqVIQ0DfYMAyMmkdgrOgYM8SIzaSpi54/yFrkCfLXkwRiqFNvOpNQQKnq1P4L1IjyCAd0vnGAx0fAarueh9U2OKWcOr+yZajTHTHz0wIn7Igwf9s0R31LTTf1OOVDNxPZLRf8uk+yBIjLWItdvRKgdK+Nc4bGiRw7L9WvwpJ1RcKUX9MyK0uK13phe1pLbHoHMbysa5nF0TM8QCaE1dtOCTJfxpyxeipH8MocNoRqONzSZbr/dTXfgen6QO/CiPLSVzLbWs60SMZ1dTDhjuXliwGHD0DbyOODTZVY/VuYwArvgL5IZKmGRgimgp9HLx0BSKgNKrCGHb+nHn/PKxLLTwkGAvBXcFUkkh+bU= ceph-5ccce474-7643-11ef-bceb-c7b262605968
2024-09-19T04:57:01.473 INFO:teuthology.orchestra.run.smithi064.stdout:/usr/bin/ceph: stderr
2024-09-19T04:57:00.706+0000 7f2389a46640 1 Processor -- start
2024-09-19T04:57:01.474 INFO:teuthology.orchestra.run.smithi064.stdout:/usr/bin/ceph: stderr
2024-09-19T04:57:00.707+0000 7f2389a46640 1 -- start start
2024-09-19T04:57:01.474 INFO:teuthology.orchestra.run.smithi064.stdout:/usr/bin/ceph: stderr
2024-09-19T04:57:00.707+0000 7f2389a46640 1 --2- >> [v2:172.21.15.64:3300/0,v1:172.21.15.64:6789/0] conn(0x7f2384105940 0x7f2384105d40 unknown :-1 s=NONE pgs=0 cs=0 l=0 rev1=0 crypto rx=0 tx=0 comp rx=0 tx=0).connect
2024-09-19T04:57:01.474 INFO:teuthology.orchestra.run.smithi064.stdout:/usr/bin/ceph: stderr
2024-09-19T04:57:00.707+0000 7f2389a46640 1 -- --> [v2:172.21.15.64:3300/0,v1:172.21.15.64:6789/0] -- mon_getmap magic: 0 -- 0x7f2384106310 con 0x7f2384105940
2024-09-19T04:57:01.474 INFO:teuthology.orchestra.run.smithi064.stdout:/usr/bin/ceph: stderr
2024-09-19T04:57:00.707+0000 7f2382ffd640 1 --2- >> [v2:172.21.15.64:3300/0,v1:172.21.15.64:6789/0] conn(0x7f2384105940 0x7f2384105d40 unknown :-1 s=BANNER_CONNECTING pgs=0 cs=0 l=0 rev1=0 crypto rx=0 tx=0 comp rx=0 tx=0)._handle_peer_banner_payload supported=3 required=0
2024-09-19T04:57:01.474 INFO:teuthology.orchestra.run.smithi064.stdout:/usr/bin/ceph: stderr
2024-09-19T04:57:00.707+0000 7f2382ffd640 1 --2- >> [v2:172.21.15.64:3300/0,v1:172.21.15.64:6789/0] conn(0x7f2384105940 0x7f2384105d40 unknown :-1 s=HELLO_CONNECTING pgs=0 cs=0 l=0 rev1=1 crypto rx=0 tx=0 comp rx=0 tx=0).handle_hello peer v2:172.21.15.64:3300/0 says I am v2:172.21.15.64:43300/0 (socket says 172.21.15.64:43300)
2024-09-19T04:57:01.474 INFO:teuthology.orchestra.run.smithi064.stdout:/usr/bin/ceph: stderr
2024-09-19T04:57:00.707+0000 7f2382ffd640 1 -- 172.21.15.64:0/1514913406 learned_addr learned my addr 172.21.15.64:0/1514913406 (peer_addr_for_me v2:172.21.15.64:0/0)
2024-09-19T04:57:01.474 INFO:teuthology.orchestra.run.smithi064.stdout:/usr/bin/ceph: stderr
2024-09-19T04:57:00.707+0000 7f2382ffd640 1 -- 172.21.15.64:0/1514913406 --> [v2:172.21.15.64:3300/0,v1:172.21.15.64:6789/0] -- mon_subscribe({config=0+,monmap=0+}) -- 0x7f2384108920 con 0x7f2384105940
2024-09-19T04:57:01.474 INFO:teuthology.orchestra.run.smithi064.stdout:/usr/bin/ceph: stderr
2024-09-19T04:57:00.708+0000 7f2382ffd640 1 --2- 172.21.15.64:0/1514913406 >> [v2:172.21.15.64:3300/0,v1:172.21.15.64:6789/0] conn(0x7f2384105940 0x7f2384105d40 secure :-1 s=READY pgs=41 cs=0 l=1 rev1=1 crypto rx=0x7f237c009e80 tx=0x7f237c02a7a0 comp rx=0 tx=0).ready entity=mon.0 client_cookie=949ff5c0d10130c9 server_cookie=0 in_seq=0 out_seq=0
2024-09-19T04:57:01.474 INFO:teuthology.orchestra.run.smithi064.stdout:/usr/bin/ceph: stderr
2024-09-19T04:57:00.708+0000 7f2381ffb640 1 -- 172.21.15.64:0/1514913406 <== mon.0 v2:172.21.15.64:3300/0 1 ==== mon_map magic: 0 ==== 205+0+0 (secure 0 0 0) 0x7f237c036070 con 0x7f2384105940
2024-09-19T04:57:01.474 INFO:teuthology.orchestra.run.smithi064.stdout:/usr/bin/ceph: stderr
2024-09-19T04:57:00.708+0000 7f2381ffb640 1 -- 172.21.15.64:0/1514913406 <== mon.0 v2:172.21.15.64:3300/0 2 ==== config(26 keys) ==== 1071+0+0 (secure 0 0 0) 0x7f237c031890 con 0x7f2384105940
2024-09-19T04:57:01.474 INFO:teuthology.orchestra.run.smithi064.stdout:/usr/bin/ceph: stderr
2024-09-19T04:57:00.708+0000 7f2381ffb640 1 -- 172.21.15.64:0/1514913406 <== mon.0 v2:172.21.15.64:3300/0 3 ==== mon_map magic: 0 ==== 205+0+0 (secure 0 0 0) 0x7f237c007980 con 0x7f2384105940
2024-09-19T04:57:01.474 INFO:teuthology.orchestra.run.smithi064.stdout:/usr/bin/ceph: stderr
2024-09-19T04:57:00.709+0000 7f2389a46640 1 -- 172.21.15.64:0/1514913406 >> [v2:172.21.15.64:3300/0,v1:172.21.15.64:6789/0] conn(0x7f2384105940 msgr2=0x7f2384105d40 secure :-1 s=STATE_CONNECTION_ESTABLISHED l=1).mark_down
2024-09-19T04:57:01.475 INFO:teuthology.orchestra.run.smithi064.stdout:/usr/bin/ceph: stderr
2024-09-19T04:57:00.709+0000 7f2389a46640 1 --2- 172.21.15.64:0/1514913406 >> [v2:172.21.15.64:3300/0,v1:172.21.15.64:6789/0] conn(0x7f2384105940 0x7f2384105d40 secure :-1 s=READY pgs=41 cs=0 l=1 rev1=1 crypto rx=0x7f237c009e80 tx=0x7f237c02a7a0 comp rx=0 tx=0).stop
2024-09-19T04:57:01.475 INFO:teuthology.orchestra.run.smithi064.stdout:/usr/bin/ceph: stderr
2024-09-19T04:57:00.709+0000 7f2389a46640 1 -- 172.21.15.64:0/1514913406 shutdown_connections
2024-09-19T04:57:01.475 INFO:teuthology.orchestra.run.smithi064.stdout:/usr/bin/ceph: stderr
2024-09-19T04:57:00.709+0000 7f2389a46640 1 --2- 172.21.15.64:0/1514913406 >> [v2:172.21.15.64:3300/0,v1:172.21.15.64:6789/0] conn(0x7f2384105940 0x7f2384105d40 unknown :-1 s=CLOSED pgs=41 cs=0 l=1 rev1=1 crypto rx=0 tx=0 comp rx=0 tx=0).stop
2024-09-19T04:57:01.475 INFO:teuthology.orchestra.run.smithi064.stdout:/usr/bin/ceph: stderr
2024-09-19T04:57:00.709+0000 7f2389a46640 1 -- 172.21.15.64:0/1514913406 >> 172.21.15.64:0/1514913406 conn(0x7f2384101490 msgr2=0x7f23841038d0 unknown :-1 s=STATE_NONE l=0).mark_down
2024-09-19T04:57:01.475 INFO:teuthology.orchestra.run.smithi064.stdout:/usr/bin/ceph: stderr
2024-09-19T04:57:00.709+0000 7f2389a46640 1 -- 172.21.15.64:0/1514913406 shutdown_connections
2024-09-19T04:57:01.475 INFO:teuthology.orchestra.run.smithi064.stdout:/usr/bin/ceph: stderr
2024-09-19T04:57:00.709+0000 7f2389a46640 1 -- 172.21.15.64:0/1514913406 wait complete.
2024-09-19T04:57:01.475 INFO:teuthology.orchestra.run.smithi064.stdout:/usr/bin/ceph: stderr
2024-09-19T04:57:00.709+0000 7f2389a46640 1 Processor -- start
2024-09-19T04:57:01.475 INFO:teuthology.orchestra.run.smithi064.stdout:/usr/bin/ceph: stderr
2024-09-19T04:57:00.710+0000 7f2389a46640 1 -- start start
2024-09-19T04:57:01.475 INFO:teuthology.orchestra.run.smithi064.stdout:/usr/bin/ceph: stderr
2024-09-19T04:57:00.710+0000 7f2389a46640 1 --2- >> [v2:172.21.15.64:3300/0,v1:172.21.15.64:6789/0] conn(0x7f2384105940 0x7f23841081a0 unknown :-1 s=NONE pgs=0 cs=0 l=1 rev1=0 crypto rx=0 tx=0 comp rx=0 tx=0).connect
2024-09-19T04:57:01.475 INFO:teuthology.orchestra.run.smithi064.stdout:/usr/bin/ceph: stderr
2024-09-19T04:57:00.710+0000 7f2389a46640 1 -- --> [v2:172.21.15.64:3300/0,v1:172.21.15.64:6789/0] -- mon_getmap magic: 0 -- 0x7f238410bb50 con 0x7f2384105940
2024-09-19T04:57:01.475 INFO:teuthology.orchestra.run.smithi064.stdout:/usr/bin/ceph: stderr
2024-09-19T04:57:00.710+0000 7f2382ffd640 1 --2- >> [v2:172.21.15.64:3300/0,v1:172.21.15.64:6789/0] conn(0x7f2384105940 0x7f23841081a0 unknown :-1 s=BANNER_CONNECTING pgs=0 cs=0 l=1 rev1=0 crypto rx=0 tx=0 comp rx=0 tx=0)._handle_peer_banner_payload supported=3 required=0
2024-09-19T04:57:01.475 INFO:teuthology.orchestra.run.smithi064.stdout:/usr/bin/ceph: stderr
2024-09-19T04:57:00.710+0000 7f2382ffd640 1 --2- >> [v2:172.21.15.64:3300/0,v1:172.21.15.64:6789/0] conn(0x7f2384105940 0x7f23841081a0 unknown :-1 s=HELLO_CONNECTING pgs=0 cs=0 l=1 rev1=1 crypto rx=0 tx=0 comp rx=0 tx=0).handle_hello peer v2:172.21.15.64:3300/0 says I am v2:172.21.15.64:43310/0 (socket says 172.21.15.64:43310)
2024-09-19T04:57:01.476 INFO:teuthology.orchestra.run.smithi064.stdout:/usr/bin/ceph: stderr
2024-09-19T04:57:00.710+0000 7f2382ffd640 1 -- 172.21.15.64:0/1416760840 learned_addr learned my addr 172.21.15.64:0/1416760840 (peer_addr_for_me v2:172.21.15.64:0/0)
2024-09-19T04:57:01.476 INFO:teuthology.orchestra.run.smithi064.stdout:/usr/bin/ceph: stderr
2024-09-19T04:57:00.710+0000 7f2382ffd640 1 -- 172.21.15.64:0/1416760840 --> [v2:172.21.15.64:3300/0,v1:172.21.15.64:6789/0] -- mon_subscribe({config=0+,monmap=0+}) -- 0x7f23841086e0 con 0x7f2384105940
2024-09-19T04:57:01.476 INFO:teuthology.orchestra.run.smithi064.stdout:/usr/bin/ceph: stderr
2024-09-19T04:57:00.710+0000 7f2382ffd640 1 --2- 172.21.15.64:0/1416760840 >> [v2:172.21.15.64:3300/0,v1:172.21.15.64:6789/0] conn(0x7f2384105940 0x7f23841081a0 secure :-1 s=READY pgs=42 cs=0 l=1 rev1=1 crypto rx=0x7f237c007bb0 tx=0x7f237c031c70 comp rx=0 tx=0).ready entity=mon.0 client_cookie=0 server_cookie=0 in_seq=0 out_seq=0
2024-09-19T04:57:01.476 INFO:teuthology.orchestra.run.smithi064.stdout:/usr/bin/ceph: stderr
2024-09-19T04:57:00.710+0000 7f2388a44640 1 -- 172.21.15.64:0/1416760840 <== mon.0 v2:172.21.15.64:3300/0 1 ==== mon_map magic: 0 ==== 205+0+0 (secure 0 0 0) 0x7f237c041020 con 0x7f2384105940
2024-09-19T04:57:01.476 INFO:teuthology.orchestra.run.smithi064.stdout:/usr/bin/ceph: stderr
2024-09-19T04:57:00.710+0000 7f2388a44640 1 -- 172.21.15.64:0/1416760840 <== mon.0 v2:172.21.15.64:3300/0 2 ==== config(26 keys) ==== 1071+0+0 (secure 0 0 0) 0x7f237c03c900 con 0x7f2384105940
2024-09-19T04:57:01.476 INFO:teuthology.orchestra.run.smithi064.stdout:/usr/bin/ceph: stderr
2024-09-19T04:57:00.710+0000 7f2388a44640 1 -- 172.21.15.64:0/1416760840 <== mon.0 v2:172.21.15.64:3300/0 3 ==== mon_map magic: 0 ==== 205+0+0 (secure 0 0 0) 0x7f237c036040 con 0x7f2384105940
2024-09-19T04:57:01.476 INFO:teuthology.orchestra.run.smithi064.stdout:/usr/bin/ceph: stderr
2024-09-19T04:57:00.710+0000 7f2389a46640 1 -- 172.21.15.64:0/1416760840 --> [v2:172.21.15.64:3300/0,v1:172.21.15.64:6789/0] -- mon_subscribe({mgrmap=0+}) -- 0x7f23841068d0 con 0x7f2384105940
2024-09-19T04:57:01.476 INFO:teuthology.orchestra.run.smithi064.stdout:/usr/bin/ceph: stderr
2024-09-19T04:57:00.711+0000 7f2389a46640 1 -- 172.21.15.64:0/1416760840 --> [v2:172.21.15.64:3300/0,v1:172.21.15.64:6789/0] -- mon_subscribe({osdmap=0}) -- 0x7f2384106e10 con 0x7f2384105940
2024-09-19T04:57:01.476 INFO:teuthology.orchestra.run.smithi064.stdout:/usr/bin/ceph: stderr
2024-09-19T04:57:00.711+0000 7f2388a44640 1 -- 172.21.15.64:0/1416760840 <== mon.0 v2:172.21.15.64:3300/0 4 ==== mgrmap(e 8) ==== 46461+0+0 (secure 0 0 0) 0x7f237c044020 con 0x7f2384105940
2024-09-19T04:57:01.476 INFO:teuthology.orchestra.run.smithi064.stdout:/usr/bin/ceph: stderr
2024-09-19T04:57:00.712+0000 7f2389a46640 1 -- 172.21.15.64:0/1416760840 --> [v2:172.21.15.64:3300/0,v1:172.21.15.64:6789/0] -- mon_command({"prefix": "get_command_descriptions"} v 0) -- 0x7f2384105dc0 con 0x7f2384105940
2024-09-19T04:57:01.476 INFO:teuthology.orchestra.run.smithi064.stdout:/usr/bin/ceph: stderr
2024-09-19T04:57:00.712+0000 7f2388a44640 1 --2- 172.21.15.64:0/1416760840 >> [v2:172.21.15.64:6800/2584640926,v1:172.21.15.64:6801/2584640926] conn(0x7f23700391b0 0x7f237003b670 unknown :-1 s=NONE pgs=0 cs=0 l=1 rev1=0 crypto rx=0 tx=0 comp rx=0 tx=0).connect
2024-09-19T04:57:01.476 INFO:teuthology.orchestra.run.smithi064.stdout:/usr/bin/ceph: stderr
2024-09-19T04:57:00.712+0000 7f2388a44640 1 -- 172.21.15.64:0/1416760840 <== mon.0 v2:172.21.15.64:3300/0 5 ==== osd_map(2..2 src has 1..2) ==== 940+0+0 (secure 0 0 0) 0x7f237c06d770 con 0x7f2384105940
2024-09-19T04:57:01.477 INFO:teuthology.orchestra.run.smithi064.stdout:/usr/bin/ceph: stderr
2024-09-19T04:57:00.712+0000 7f23827fc640 1 --2- 172.21.15.64:0/1416760840 >> [v2:172.21.15.64:6800/2584640926,v1:172.21.15.64:6801/2584640926] conn(0x7f23700391b0 0x7f237003b670 unknown :-1 s=BANNER_CONNECTING pgs=0 cs=0 l=1 rev1=0 crypto rx=0 tx=0 comp rx=0 tx=0)._handle_peer_banner_payload supported=3 required=0
2024-09-19T04:57:01.477 INFO:teuthology.orchestra.run.smithi064.stdout:/usr/bin/ceph: stderr
2024-09-19T04:57:00.712+0000 7f23827fc640 1 --2- 172.21.15.64:0/1416760840 >> [v2:172.21.15.64:6800/2584640926,v1:172.21.15.64:6801/2584640926] conn(0x7f23700391b0 0x7f237003b670 secure :-1 s=READY pgs=10 cs=0 l=1 rev1=1 crypto rx=0x7f236c0098c0 tx=0x7f236c006db0 comp rx=0 tx=0).ready entity=mgr.14118 client_cookie=0 server_cookie=0 in_seq=0 out_seq=0
2024-09-19T04:57:01.477 INFO:teuthology.orchestra.run.smithi064.stdout:/usr/bin/ceph: stderr
2024-09-19T04:57:00.716+0000 7f2388a44640 1 -- 172.21.15.64:0/1416760840 <== mon.0 v2:172.21.15.64:3300/0 6 ==== mon_command_ack([{"prefix": "get_command_descriptions"}]=0 v0) ==== 72+0+188913 (secure 0 0 0) 0x7f237c04b020 con 0x7f2384105940
2024-09-19T04:57:01.477 INFO:teuthology.orchestra.run.smithi064.stdout:/usr/bin/ceph: stderr
2024-09-19T04:57:00.895+0000 7f2389a46640 1 -- 172.21.15.64:0/1416760840 --> [v2:172.21.15.64:6800/2584640926,v1:172.21.15.64:6801/2584640926] -- mgr_command(tid 0: {"prefix": "cephadm get-pub-key", "target": ["mon-mgr", ""]}) -- 0x7f23841076c0 con 0x7f23700391b0
2024-09-19T04:57:01.477 INFO:teuthology.orchestra.run.smithi064.stdout:/usr/bin/ceph: stderr
2024-09-19T04:57:00.896+0000 7f2388a44640 1 -- 172.21.15.64:0/1416760840 <== mgr.14118 v2:172.21.15.64:6800/2584640926 1 ==== mgr_command_reply(tid 0: 0 ) ==== 8+0+595 (secure 0 0 0) 0x7f23841076c0 con 0x7f23700391b0
2024-09-19T04:57:01.477 INFO:teuthology.orchestra.run.smithi064.stdout:/usr/bin/ceph: stderr
2024-09-19T04:57:00.898+0000 7f2389a46640 1 -- 172.21.15.64:0/1416760840 >> [v2:172.21.15.64:6800/2584640926,v1:172.21.15.64:6801/2584640926] conn(0x7f23700391b0 msgr2=0x7f237003b670 secure :-1 s=STATE_CONNECTION_ESTABLISHED l=1).mark_down
2024-09-19T04:57:01.477 INFO:teuthology.orchestra.run.smithi064.stdout:/usr/bin/ceph: stderr
2024-09-19T04:57:00.898+0000 7f2389a46640 1 --2- 172.21.15.64:0/1416760840 >> [v2:172.21.15.64:6800/2584640926,v1:172.21.15.64:6801/2584640926] conn(0x7f23700391b0 0x7f237003b670 secure :-1 s=READY pgs=10 cs=0 l=1 rev1=1 crypto rx=0x7f236c0098c0 tx=0x7f236c006db0 comp rx=0 tx=0).stop
2024-09-19T04:57:01.477 INFO:teuthology.orchestra.run.smithi064.stdout:/usr/bin/ceph: stderr
2024-09-19T04:57:00.898+0000 7f2389a46640 1 -- 172.21.15.64:0/1416760840 >> [v2:172.21.15.64:3300/0,v1:172.21.15.64:6789/0] conn(0x7f2384105940 msgr2=0x7f23841081a0 secure :-1 s=STATE_CONNECTION_ESTABLISHED l=1).mark_down
2024-09-19T04:57:01.477 INFO:teuthology.orchestra.run.smithi064.stdout:/usr/bin/ceph: stderr
2024-09-19T04:57:00.898+0000 7f2389a46640 1 --2- 172.21.15.64:0/1416760840 >> [v2:172.21.15.64:3300/0,v1:172.21.15.64:6789/0] conn(0x7f2384105940 0x7f23841081a0 secure :-1 s=READY pgs=42 cs=0 l=1 rev1=1 crypto rx=0x7f237c007bb0 tx=0x7f237c031c70 comp rx=0 tx=0).stop
2024-09-19T04:57:01.477 INFO:teuthology.orchestra.run.smithi064.stdout:/usr/bin/ceph: stderr
2024-09-19T04:57:00.898+0000 7f2389a46640 1 -- 172.21.15.64:0/1416760840 shutdown_connections
2024-09-19T04:57:01.477 INFO:teuthology.orchestra.run.smithi064.stdout:/usr/bin/ceph: stderr
2024-09-19T04:57:00.898+0000 7f2389a46640 1 --2- 172.21.15.64:0/1416760840 >> [v2:172.21.15.64:6800/2584640926,v1:172.21.15.64:6801/2584640926] conn(0x7f23700391b0 0x7f237003b670 unknown :-1 s=CLOSED pgs=10 cs=0 l=1 rev1=1 crypto rx=0 tx=0 comp rx=0 tx=0).stop
2024-09-19T04:57:01.477 INFO:teuthology.orchestra.run.smithi064.stdout:/usr/bin/ceph: stderr
2024-09-19T04:57:00.898+0000 7f2389a46640 1 --2- 172.21.15.64:0/1416760840 >> [v2:172.21.15.64:3300/0,v1:172.21.15.64:6789/0] conn(0x7f2384105940 0x7f23841081a0 unknown :-1 s=CLOSED pgs=42 cs=0 l=1 rev1=1 crypto rx=0 tx=0 comp rx=0 tx=0).stop
2024-09-19T04:57:01.477 INFO:teuthology.orchestra.run.smithi064.stdout:/usr/bin/ceph: stderr
2024-09-19T04:57:00.898+0000 7f2389a46640 1 -- 172.21.15.64:0/1416760840 >> 172.21.15.64:0/1416760840 conn(0x7f2384101490 msgr2=0x7f2384102040 unknown :-1 s=STATE_NONE l=0).mark_down
2024-09-19T04:57:01.478 INFO:teuthology.orchestra.run.smithi064.stdout:/usr/bin/ceph: stderr
2024-09-19T04:57:00.898+0000 7f2389a46640 1 -- 172.21.15.64:0/1416760840 shutdown_connections
2024-09-19T04:57:01.478 INFO:teuthology.orchestra.run.smithi064.stdout:/usr/bin/ceph: stderr
2024-09-19T04:57:00.898+0000 7f2389a46640 1 -- 172.21.15.64:0/1416760840 wait complete.
2024-09-19T04:57:01.478 INFO:teuthology.orchestra.run.smithi064.stdout:Wrote public SSH key to /home/ubuntu/cephtest/ceph.pub
2024-09-19T04:57:01.478 INFO:teuthology.orchestra.run.smithi064.stdout:Adding key to root@localhost authorized_keys...
2024-09-19T04:57:01.478 INFO:teuthology.orchestra.run.smithi064.stdout:Adding host smithi064...
2024-09-19T04:57:02.110 INFO:journalctl@ceph.mon.a.smithi064.stdout:Sep 19 04:57:01 smithi064 ceph-mon[30960]: from='client.14136 -' entity='client.admin' cmd=[{"prefix": "cephadm get-pub-key", "target": ["mon-mgr", ""]}]: dispatch
2024-09-19T04:57:03.149 INFO:journalctl@ceph.mon.a.smithi064.stdout:Sep 19 04:57:02 smithi064 ceph-mon[30960]: from='client.14138 -' entity='client.admin' cmd=[{"prefix": "orch host add", "hostname": "smithi064", "addr": "172.21.15.64", "target": ["mon-mgr", ""]}]: dispatch
2024-09-19T04:57:04.055 INFO:journalctl@ceph.mon.a.smithi064.stdout:Sep 19 04:57:03 smithi064 ceph-mon[30960]: Deploying cephadm binary to smithi064
2024-09-19T04:57:06.546 INFO:teuthology.orchestra.run.smithi064.stdout:/usr/bin/ceph: stdout Added host 'smithi064' with addr '172.21.15.64'
2024-09-19T04:57:06.546 INFO:teuthology.orchestra.run.smithi064.stdout:/usr/bin/ceph: stderr
2024-09-19T04:57:01.917+0000 7fbdeb817640 1 Processor -- start
2024-09-19T04:57:06.547 INFO:teuthology.orchestra.run.smithi064.stdout:/usr/bin/ceph: stderr
2024-09-19T04:57:01.918+0000 7fbdeb817640 1 -- start start
2024-09-19T04:57:06.547 INFO:teuthology.orchestra.run.smithi064.stdout:/usr/bin/ceph: stderr
2024-09-19T04:57:01.918+0000 7fbdeb817640 1 --2- >> [v2:172.21.15.64:3300/0,v1:172.21.15.64:6789/0] conn(0x7fbde4106570 0x7fbde4106970 unknown :-1 s=NONE pgs=0 cs=0 l=0 rev1=0 crypto rx=0 tx=0 comp rx=0 tx=0).connect
2024-09-19T04:57:06.547 INFO:teuthology.orchestra.run.smithi064.stdout:/usr/bin/ceph: stderr
2024-09-19T04:57:01.918+0000 7fbdeb817640 1 -- --> [v2:172.21.15.64:3300/0,v1:172.21.15.64:6789/0] -- mon_getmap magic: 0 -- 0x7fbde4106f40 con 0x7fbde4106570
2024-09-19T04:57:06.547 INFO:teuthology.orchestra.run.smithi064.stdout:/usr/bin/ceph: stderr
2024-09-19T04:57:01.918+0000 7fbde95b3640 1 --2- >> [v2:172.21.15.64:3300/0,v1:172.21.15.64:6789/0] conn(0x7fbde4106570 0x7fbde4106970 unknown :-1 s=BANNER_CONNECTING pgs=0 cs=0 l=0 rev1=0 crypto rx=0 tx=0 comp rx=0 tx=0)._handle_peer_banner_payload supported=3 required=0
2024-09-19T04:57:06.547 INFO:teuthology.orchestra.run.smithi064.stdout:/usr/bin/ceph: stderr
2024-09-19T04:57:01.918+0000 7fbde95b3640 1 --2- >> [v2:172.21.15.64:3300/0,v1:172.21.15.64:6789/0] conn(0x7fbde4106570 0x7fbde4106970 unknown :-1 s=HELLO_CONNECTING pgs=0 cs=0 l=0 rev1=1 crypto rx=0 tx=0 comp rx=0 tx=0).handle_hello peer v2:172.21.15.64:3300/0 says I am v2:172.21.15.64:43326/0 (socket says 172.21.15.64:43326)
2024-09-19T04:57:06.547 INFO:teuthology.orchestra.run.smithi064.stdout:/usr/bin/ceph: stderr
2024-09-19T04:57:01.918+0000 7fbde95b3640 1 -- 172.21.15.64:0/1820105615 learned_addr learned my addr 172.21.15.64:0/1820105615 (peer_addr_for_me v2:172.21.15.64:0/0)
2024-09-19T04:57:06.547 INFO:teuthology.orchestra.run.smithi064.stdout:/usr/bin/ceph: stderr
2024-09-19T04:57:01.918+0000 7fbde95b3640 1 -- 172.21.15.64:0/1820105615 --> [v2:172.21.15.64:3300/0,v1:172.21.15.64:6789/0] -- mon_subscribe({config=0+,monmap=0+}) -- 0x7fbde4107720 con 0x7fbde4106570
2024-09-19T04:57:06.547 INFO:teuthology.orchestra.run.smithi064.stdout:/usr/bin/ceph: stderr
2024-09-19T04:57:01.919+0000 7fbde95b3640 1 --2- 172.21.15.64:0/1820105615 >> [v2:172.21.15.64:3300/0,v1:172.21.15.64:6789/0] conn(0x7fbde4106570 0x7fbde4106970 secure :-1 s=READY pgs=43 cs=0 l=1 rev1=1 crypto rx=0x7fbde0009820 tx=0x7fbde002a270 comp rx=0 tx=0).ready entity=mon.0 client_cookie=e30e028c4d5e1b81 server_cookie=0 in_seq=0 out_seq=0
2024-09-19T04:57:06.547 INFO:teuthology.orchestra.run.smithi064.stdout:/usr/bin/ceph: stderr
2024-09-19T04:57:01.919+0000 7fbddbfff640 1 -- 172.21.15.64:0/1820105615 <== mon.0 v2:172.21.15.64:3300/0 1 ==== mon_map magic: 0 ==== 205+0+0 (secure 0 0 0) 0x7fbde0037070 con 0x7fbde4106570
2024-09-19T04:57:06.547 INFO:teuthology.orchestra.run.smithi064.stdout:/usr/bin/ceph: stderr
2024-09-19T04:57:01.919+0000 7fbddbfff640 1 -- 172.21.15.64:0/1820105615 <== mon.0 v2:172.21.15.64:3300/0 2 ==== config(26 keys) ==== 1071+0+0 (secure 0 0 0) 0x7fbde00328d0 con 0x7fbde4106570
2024-09-19T04:57:06.548 INFO:teuthology.orchestra.run.smithi064.stdout:/usr/bin/ceph: stderr
2024-09-19T04:57:01.919+0000 7fbddbfff640 1 -- 172.21.15.64:0/1820105615 <== mon.0 v2:172.21.15.64:3300/0 3 ==== mon_map magic: 0 ==== 205+0+0 (secure 0 0 0) 0x7fbde00307d0 con 0x7fbde4106570
2024-09-19T04:57:06.548 INFO:teuthology.orchestra.run.smithi064.stdout:/usr/bin/ceph: stderr
2024-09-19T04:57:01.920+0000 7fbdeb817640 1 -- 172.21.15.64:0/1820105615 >> [v2:172.21.15.64:3300/0,v1:172.21.15.64:6789/0] conn(0x7fbde4106570 msgr2=0x7fbde4106970 secure :-1 s=STATE_CONNECTION_ESTABLISHED l=1).mark_down
2024-09-19T04:57:06.548 INFO:teuthology.orchestra.run.smithi064.stdout:/usr/bin/ceph: stderr
2024-09-19T04:57:01.920+0000 7fbdeb817640 1 --2- 172.21.15.64:0/1820105615 >> [v2:172.21.15.64:3300/0,v1:172.21.15.64:6789/0] conn(0x7fbde4106570 0x7fbde4106970 secure :-1 s=READY pgs=43 cs=0 l=1 rev1=1 crypto rx=0x7fbde0009820 tx=0x7fbde002a270 comp rx=0 tx=0).stop
2024-09-19T04:57:06.548 INFO:teuthology.orchestra.run.smithi064.stdout:/usr/bin/ceph: stderr
2024-09-19T04:57:01.920+0000 7fbdeb817640 1 -- 172.21.15.64:0/1820105615 shutdown_connections
2024-09-19T04:57:06.548 INFO:teuthology.orchestra.run.smithi064.stdout:/usr/bin/ceph: stderr
2024-09-19T04:57:01.920+0000 7fbdeb817640 1 --2- 172.21.15.64:0/1820105615 >> [v2:172.21.15.64:3300/0,v1:172.21.15.64:6789/0] conn(0x7fbde4106570 0x7fbde4106970 unknown :-1 s=CLOSED pgs=43 cs=0 l=1 rev1=1 crypto rx=0 tx=0 comp rx=0 tx=0).stop
2024-09-19T04:57:06.548 INFO:teuthology.orchestra.run.smithi064.stdout:/usr/bin/ceph: stderr
2024-09-19T04:57:01.920+0000 7fbdeb817640 1 -- 172.21.15.64:0/1820105615 >> 172.21.15.64:0/1820105615 conn(0x7fbde4101d80 msgr2=0x7fbde41041a0 unknown :-1 s=STATE_NONE l=0).mark_down
2024-09-19T04:57:06.548 INFO:teuthology.orchestra.run.smithi064.stdout:/usr/bin/ceph: stderr
2024-09-19T04:57:01.920+0000 7fbdeb817640 1 -- 172.21.15.64:0/1820105615 shutdown_connections
2024-09-19T04:57:06.548 INFO:teuthology.orchestra.run.smithi064.stdout:/usr/bin/ceph: stderr
2024-09-19T04:57:01.920+0000 7fbdeb817640 1 -- 172.21.15.64:0/1820105615 wait complete.
2024-09-19T04:57:06.548 INFO:teuthology.orchestra.run.smithi064.stdout:/usr/bin/ceph: stderr
2024-09-19T04:57:01.921+0000 7fbdeb817640 1 Processor -- start
2024-09-19T04:57:06.548 INFO:teuthology.orchestra.run.smithi064.stdout:/usr/bin/ceph: stderr
2024-09-19T04:57:01.921+0000 7fbdeb817640 1 -- start start
2024-09-19T04:57:06.548 INFO:teuthology.orchestra.run.smithi064.stdout:/usr/bin/ceph: stderr
2024-09-19T04:57:01.921+0000 7fbdeb817640 1 --2- >> [v2:172.21.15.64:3300/0,v1:172.21.15.64:6789/0] conn(0x7fbde4106570 0x7fbde4191750 unknown :-1 s=NONE pgs=0 cs=0 l=1 rev1=0 crypto rx=0 tx=0 comp rx=0 tx=0).connect
2024-09-19T04:57:06.549 INFO:teuthology.orchestra.run.smithi064.stdout:/usr/bin/ceph: stderr
2024-09-19T04:57:01.921+0000 7fbdeb817640 1 -- --> [v2:172.21.15.64:3300/0,v1:172.21.15.64:6789/0] -- mon_getmap magic: 0 -- 0x7fbde410aad0 con 0x7fbde4106570
2024-09-19T04:57:06.549 INFO:teuthology.orchestra.run.smithi064.stdout:/usr/bin/ceph: stderr
2024-09-19T04:57:01.921+0000 7fbde95b3640 1 --2- >> [v2:172.21.15.64:3300/0,v1:172.21.15.64:6789/0] conn(0x7fbde4106570 0x7fbde4191750 unknown :-1 s=BANNER_CONNECTING pgs=0 cs=0 l=1 rev1=0 crypto rx=0 tx=0 comp rx=0 tx=0)._handle_peer_banner_payload supported=3 required=0
2024-09-19T04:57:06.549 INFO:teuthology.orchestra.run.smithi064.stdout:/usr/bin/ceph: stderr
2024-09-19T04:57:01.921+0000 7fbde95b3640 1 --2- >> [v2:172.21.15.64:3300/0,v1:172.21.15.64:6789/0] conn(0x7fbde4106570 0x7fbde4191750 unknown :-1 s=HELLO_CONNECTING pgs=0 cs=0 l=1 rev1=1 crypto rx=0 tx=0 comp rx=0 tx=0).handle_hello peer v2:172.21.15.64:3300/0 says I am v2:172.21.15.64:43336/0 (socket says 172.21.15.64:43336)
2024-09-19T04:57:06.549 INFO:teuthology.orchestra.run.smithi064.stdout:/usr/bin/ceph: stderr
2024-09-19T04:57:01.921+0000 7fbde95b3640 1 -- 172.21.15.64:0/2876351535 learned_addr learned my addr 172.21.15.64:0/2876351535 (peer_addr_for_me v2:172.21.15.64:0/0)
2024-09-19T04:57:06.549 INFO:teuthology.orchestra.run.smithi064.stdout:/usr/bin/ceph: stderr
2024-09-19T04:57:01.921+0000 7fbde95b3640 1 -- 172.21.15.64:0/2876351535 --> [v2:172.21.15.64:3300/0,v1:172.21.15.64:6789/0] -- mon_subscribe({config=0+,monmap=0+}) -- 0x7fbde4191c90 con 0x7fbde4106570
2024-09-19T04:57:06.549 INFO:teuthology.orchestra.run.smithi064.stdout:/usr/bin/ceph: stderr
2024-09-19T04:57:01.922+0000 7fbde95b3640 1 --2- 172.21.15.64:0/2876351535 >> [v2:172.21.15.64:3300/0,v1:172.21.15.64:6789/0] conn(0x7fbde4106570 0x7fbde4191750 secure :-1 s=READY pgs=44 cs=0 l=1 rev1=1 crypto rx=0x7fbde00097f0 tx=0x7fbde0030d00 comp rx=0 tx=0).ready entity=mon.0 client_cookie=0 server_cookie=0 in_seq=0 out_seq=0
2024-09-19T04:57:06.549 INFO:teuthology.orchestra.run.smithi064.stdout:/usr/bin/ceph: stderr
2024-09-19T04:57:01.922+0000 7fbdda7fc640 1 -- 172.21.15.64:0/2876351535 <== mon.0 v2:172.21.15.64:3300/0 1 ==== mon_map magic: 0 ==== 205+0+0 (secure 0 0 0) 0x7fbde0037040 con 0x7fbde4106570
2024-09-19T04:57:06.549 INFO:teuthology.orchestra.run.smithi064.stdout:/usr/bin/ceph: stderr
2024-09-19T04:57:01.922+0000 7fbdda7fc640 1 -- 172.21.15.64:0/2876351535 <== mon.0 v2:172.21.15.64:3300/0 2 ==== config(26 keys) ==== 1071+0+0 (secure 0 0 0) 0x7fbde0032bb0 con 0x7fbde4106570
2024-09-19T04:57:06.549 INFO:teuthology.orchestra.run.smithi064.stdout:/usr/bin/ceph: stderr
2024-09-19T04:57:01.922+0000 7fbdda7fc640 1 -- 172.21.15.64:0/2876351535 <== mon.0 v2:172.21.15.64:3300/0 3 ==== mon_map magic: 0 ==== 205+0+0 (secure 0 0 0) 0x7fbde003a390 con 0x7fbde4106570
2024-09-19T04:57:06.549 INFO:teuthology.orchestra.run.smithi064.stdout:/usr/bin/ceph: stderr
2024-09-19T04:57:01.922+0000 7fbdeb817640 1 -- 172.21.15.64:0/2876351535 --> [v2:172.21.15.64:3300/0,v1:172.21.15.64:6789/0] -- mon_subscribe({mgrmap=0+}) -- 0x7fbde418fe80 con 0x7fbde4106570
2024-09-19T04:57:06.549 INFO:teuthology.orchestra.run.smithi064.stdout:/usr/bin/ceph: stderr
2024-09-19T04:57:01.922+0000 7fbdeb817640 1 -- 172.21.15.64:0/2876351535 --> [v2:172.21.15.64:3300/0,v1:172.21.15.64:6789/0] -- mon_subscribe({osdmap=0}) -- 0x7fbde41903c0 con 0x7fbde4106570
2024-09-19T04:57:06.549 INFO:teuthology.orchestra.run.smithi064.stdout:/usr/bin/ceph: stderr
2024-09-19T04:57:01.923+0000 7fbdda7fc640 1 -- 172.21.15.64:0/2876351535 <== mon.0 v2:172.21.15.64:3300/0 4 ==== mgrmap(e 8) ==== 46461+0+0 (secure 0 0 0) 0x7fbde003b3f0 con 0x7fbde4106570
2024-09-19T04:57:06.550 INFO:teuthology.orchestra.run.smithi064.stdout:/usr/bin/ceph: stderr
2024-09-19T04:57:01.923+0000 7fbdeb817640 1 -- 172.21.15.64:0/2876351535 --> [v2:172.21.15.64:3300/0,v1:172.21.15.64:6789/0] -- mon_command({"prefix": "get_command_descriptions"} v 0) -- 0x7fbde410ac50 con 0x7fbde4106570
2024-09-19T04:57:06.550 INFO:teuthology.orchestra.run.smithi064.stdout:/usr/bin/ceph: stderr
2024-09-19T04:57:01.923+0000 7fbdda7fc640 1 --2- 172.21.15.64:0/2876351535 >> [v2:172.21.15.64:6800/2584640926,v1:172.21.15.64:6801/2584640926] conn(0x7fbdd00391b0 0x7fbdd003b670 unknown :-1 s=NONE pgs=0 cs=0 l=1 rev1=0 crypto rx=0 tx=0 comp rx=0 tx=0).connect
2024-09-19T04:57:06.550 INFO:teuthology.orchestra.run.smithi064.stdout:/usr/bin/ceph: stderr
2024-09-19T04:57:01.923+0000 7fbdda7fc640 1 -- 172.21.15.64:0/2876351535 <== mon.0 v2:172.21.15.64:3300/0 5 ==== osd_map(2..2 src has 1..2) ==== 940+0+0 (secure 0 0 0) 0x7fbde006c400 con 0x7fbde4106570
2024-09-19T04:57:06.550 INFO:teuthology.orchestra.run.smithi064.stdout:/usr/bin/ceph: stderr
2024-09-19T04:57:01.923+0000 7fbde8db2640 1 --2- 172.21.15.64:0/2876351535 >> [v2:172.21.15.64:6800/2584640926,v1:172.21.15.64:6801/2584640926] conn(0x7fbdd00391b0 0x7fbdd003b670 unknown :-1 s=BANNER_CONNECTING pgs=0 cs=0 l=1 rev1=0 crypto rx=0 tx=0 comp rx=0 tx=0)._handle_peer_banner_payload supported=3 required=0
2024-09-19T04:57:06.550 INFO:teuthology.orchestra.run.smithi064.stdout:/usr/bin/ceph: stderr
2024-09-19T04:57:01.924+0000 7fbde8db2640 1 --2- 172.21.15.64:0/2876351535 >> [v2:172.21.15.64:6800/2584640926,v1:172.21.15.64:6801/2584640926] conn(0x7fbdd00391b0 0x7fbdd003b670 secure :-1 s=READY pgs=11 cs=0 l=1 rev1=1 crypto rx=0x7fbdd40098c0 tx=0x7fbdd4006db0 comp rx=0 tx=0).ready entity=mgr.14118 client_cookie=0 server_cookie=0 in_seq=0 out_seq=0
2024-09-19T04:57:06.550 INFO:teuthology.orchestra.run.smithi064.stdout:/usr/bin/ceph: stderr
2024-09-19T04:57:01.928+0000 7fbdda7fc640 1 -- 172.21.15.64:0/2876351535 <== mon.0 v2:172.21.15.64:3300/0 6 ==== mon_command_ack([{"prefix": "get_command_descriptions"}]=0 v0) ==== 72+0+188913 (secure 0 0 0) 0x7fbde0040210 con 0x7fbde4106570
2024-09-19T04:57:06.550 INFO:teuthology.orchestra.run.smithi064.stdout:/usr/bin/ceph: stderr
2024-09-19T04:57:02.109+0000 7fbdeb817640 1 -- 172.21.15.64:0/2876351535 --> [v2:172.21.15.64:6800/2584640926,v1:172.21.15.64:6801/2584640926] -- mgr_command(tid 0: {"prefix": "orch host add", "hostname": "smithi064", "addr": "172.21.15.64", "target": ["mon-mgr", ""]}) -- 0x7fbde40008d0 con 0x7fbdd00391b0
2024-09-19T04:57:06.550 INFO:teuthology.orchestra.run.smithi064.stdout:/usr/bin/ceph: stderr
2024-09-19T04:57:05.982+0000 7fbdda7fc640 1 -- 172.21.15.64:0/2876351535 <== mgr.14118 v2:172.21.15.64:6800/2584640926 1 ==== mgr_command_reply(tid 0: 0 ) ==== 8+0+48 (secure 0 0 0) 0x7fbde40008d0 con 0x7fbdd00391b0
2024-09-19T04:57:06.550 INFO:teuthology.orchestra.run.smithi064.stdout:/usr/bin/ceph: stderr
2024-09-19T04:57:05.985+0000 7fbdeb817640 1 -- 172.21.15.64:0/2876351535 >> [v2:172.21.15.64:6800/2584640926,v1:172.21.15.64:6801/2584640926] conn(0x7fbdd00391b0 msgr2=0x7fbdd003b670 secure :-1 s=STATE_CONNECTION_ESTABLISHED l=1).mark_down
2024-09-19T04:57:06.550 INFO:teuthology.orchestra.run.smithi064.stdout:/usr/bin/ceph: stderr
2024-09-19T04:57:05.985+0000 7fbdeb817640 1 --2- 172.21.15.64:0/2876351535 >> [v2:172.21.15.64:6800/2584640926,v1:172.21.15.64:6801/2584640926] conn(0x7fbdd00391b0 0x7fbdd003b670 secure :-1 s=READY pgs=11 cs=0 l=1 rev1=1 crypto rx=0x7fbdd40098c0 tx=0x7fbdd4006db0 comp rx=0 tx=0).stop
2024-09-19T04:57:06.550 INFO:teuthology.orchestra.run.smithi064.stdout:/usr/bin/ceph: stderr
2024-09-19T04:57:05.985+0000 7fbdeb817640 1 -- 172.21.15.64:0/2876351535 >> [v2:172.21.15.64:3300/0,v1:172.21.15.64:6789/0] conn(0x7fbde4106570 msgr2=0x7fbde4191750 secure :-1 s=STATE_CONNECTION_ESTABLISHED l=1).mark_down
2024-09-19T04:57:06.550 INFO:teuthology.orchestra.run.smithi064.stdout:/usr/bin/ceph: stderr
2024-09-19T04:57:05.985+0000 7fbdeb817640 1 --2- 172.21.15.64:0/2876351535 >> [v2:172.21.15.64:3300/0,v1:172.21.15.64:6789/0] conn(0x7fbde4106570 0x7fbde4191750 secure :-1 s=READY pgs=44 cs=0 l=1 rev1=1 crypto rx=0x7fbde00097f0 tx=0x7fbde0030d00 comp rx=0 tx=0).stop
2024-09-19T04:57:06.550 INFO:teuthology.orchestra.run.smithi064.stdout:/usr/bin/ceph: stderr
2024-09-19T04:57:05.985+0000 7fbdeb817640 1 -- 172.21.15.64:0/2876351535 shutdown_connections
2024-09-19T04:57:06.551 INFO:teuthology.orchestra.run.smithi064.stdout:/usr/bin/ceph: stderr
2024-09-19T04:57:05.985+0000 7fbdeb817640 1 --2- 172.21.15.64:0/2876351535 >> [v2:172.21.15.64:6800/2584640926,v1:172.21.15.64:6801/2584640926] conn(0x7fbdd00391b0 0x7fbdd003b670 unknown :-1 s=CLOSED pgs=11 cs=0 l=1 rev1=1 crypto rx=0 tx=0 comp rx=0 tx=0).stop
2024-09-19T04:57:06.551 INFO:teuthology.orchestra.run.smithi064.stdout:/usr/bin/ceph: stderr
2024-09-19T04:57:05.985+0000 7fbdeb817640 1 --2- 172.21.15.64:0/2876351535 >> [v2:172.21.15.64:3300/0,v1:172.21.15.64:6789/0] conn(0x7fbde4106570 0x7fbde4191750 unknown :-1 s=CLOSED pgs=44 cs=0 l=1 rev1=1 crypto rx=0 tx=0 comp rx=0 tx=0).stop
2024-09-19T04:57:06.551 INFO:teuthology.orchestra.run.smithi064.stdout:/usr/bin/ceph: stderr
2024-09-19T04:57:05.985+0000 7fbdeb817640 1 -- 172.21.15.64:0/2876351535 >> 172.21.15.64:0/2876351535 conn(0x7fbde4101d80 msgr2=0x7fbde4102ce0 unknown :-1 s=STATE_NONE l=0).mark_down
2024-09-19T04:57:06.551 INFO:teuthology.orchestra.run.smithi064.stdout:/usr/bin/ceph: stderr
2024-09-19T04:57:05.985+0000 7fbdeb817640 1 -- 172.21.15.64:0/2876351535 shutdown_connections
2024-09-19T04:57:06.551 INFO:teuthology.orchestra.run.smithi064.stdout:/usr/bin/ceph: stderr
2024-09-19T04:57:05.985+0000 7fbdeb817640 1 -- 172.21.15.64:0/2876351535 wait complete.
2024-09-19T04:57:06.551 INFO:teuthology.orchestra.run.smithi064.stdout:Deploying unmanaged mon service...
2024-09-19T04:57:07.211 INFO:journalctl@ceph.mon.a.smithi064.stdout:Sep 19 04:57:06 smithi064 ceph-mon[30960]: from='mgr.14118 172.21.15.64:0/287045077' entity='mgr.x'
2024-09-19T04:57:07.211 INFO:journalctl@ceph.mon.a.smithi064.stdout:Sep 19 04:57:06 smithi064 ceph-mon[30960]: Added host smithi064
2024-09-19T04:57:07.211 INFO:journalctl@ceph.mon.a.smithi064.stdout:Sep 19 04:57:06 smithi064 ceph-mon[30960]: from='mgr.14118 172.21.15.64:0/287045077' entity='mgr.x' cmd=[{"prefix": "config dump", "format": "json"}]: dispatch
2024-09-19T04:57:07.941 INFO:teuthology.orchestra.run.smithi064.stdout:/usr/bin/ceph: stdout Scheduled mon update...
2024-09-19T04:57:07.942 INFO:teuthology.orchestra.run.smithi064.stdout:/usr/bin/ceph: stderr
2024-09-19T04:57:07.006+0000 7f7d0f8de640 1 Processor -- start
2024-09-19T04:57:07.942 INFO:teuthology.orchestra.run.smithi064.stdout:/usr/bin/ceph: stderr
2024-09-19T04:57:07.006+0000 7f7d0f8de640 1 -- start start
2024-09-19T04:57:07.942 INFO:teuthology.orchestra.run.smithi064.stdout:/usr/bin/ceph: stderr
2024-09-19T04:57:07.006+0000 7f7d0f8de640 1 --2- >> [v2:172.21.15.64:3300/0,v1:172.21.15.64:6789/0] conn(0x7f7d081076e0 0x7f7d08107ae0 unknown :-1 s=NONE pgs=0 cs=0 l=0 rev1=0 crypto rx=0 tx=0 comp rx=0 tx=0).connect
2024-09-19T04:57:07.942 INFO:teuthology.orchestra.run.smithi064.stdout:/usr/bin/ceph: stderr
2024-09-19T04:57:07.006+0000 7f7d0f8de640 1 -- --> [v2:172.21.15.64:3300/0,v1:172.21.15.64:6789/0] -- mon_getmap magic: 0 -- 0x7f7d081080b0 con 0x7f7d081076e0
2024-09-19T04:57:07.942 INFO:teuthology.orchestra.run.smithi064.stdout:/usr/bin/ceph: stderr
2024-09-19T04:57:07.007+0000 7f7d0d67a640 1 --2- >> [v2:172.21.15.64:3300/0,v1:172.21.15.64:6789/0] conn(0x7f7d081076e0 0x7f7d08107ae0 unknown :-1 s=BANNER_CONNECTING pgs=0 cs=0 l=0 rev1=0 crypto rx=0 tx=0 comp rx=0 tx=0)._handle_peer_banner_payload supported=3 required=0
2024-09-19T04:57:07.942 INFO:teuthology.orchestra.run.smithi064.stdout:/usr/bin/ceph: stderr
2024-09-19T04:57:07.007+0000 7f7d0d67a640 1 --2- >> [v2:172.21.15.64:3300/0,v1:172.21.15.64:6789/0] conn(0x7f7d081076e0 0x7f7d08107ae0 unknown :-1 s=HELLO_CONNECTING pgs=0 cs=0 l=0 rev1=1 crypto rx=0 tx=0 comp rx=0 tx=0).handle_hello peer v2:172.21.15.64:3300/0 says I am v2:172.21.15.64:37042/0 (socket says 172.21.15.64:37042)
2024-09-19T04:57:07.942 INFO:teuthology.orchestra.run.smithi064.stdout:/usr/bin/ceph: stderr
2024-09-19T04:57:07.007+0000 7f7d0d67a640 1 -- 172.21.15.64:0/140352415 learned_addr learned my addr 172.21.15.64:0/140352415 (peer_addr_for_me v2:172.21.15.64:0/0)
2024-09-19T04:57:07.942 INFO:teuthology.orchestra.run.smithi064.stdout:/usr/bin/ceph: stderr
2024-09-19T04:57:07.007+0000 7f7d0d67a640 1 -- 172.21.15.64:0/140352415 --> [v2:172.21.15.64:3300/0,v1:172.21.15.64:6789/0] -- mon_subscribe({config=0+,monmap=0+}) -- 0x7f7d08108840 con 0x7f7d081076e0
2024-09-19T04:57:07.942 INFO:teuthology.orchestra.run.smithi064.stdout:/usr/bin/ceph: stderr
2024-09-19T04:57:07.008+0000 7f7d0d67a640 1 --2- 172.21.15.64:0/140352415 >> [v2:172.21.15.64:3300/0,v1:172.21.15.64:6789/0] conn(0x7f7d081076e0 0x7f7d08107ae0 secure :-1 s=READY pgs=45 cs=0 l=1 rev1=1 crypto rx=0x7f7d04009820 tx=0x7f7d0402a270 comp rx=0 tx=0).ready entity=mon.0 client_cookie=5244d49d80b36903 server_cookie=0 in_seq=0 out_seq=0
2024-09-19T04:57:07.942 INFO:teuthology.orchestra.run.smithi064.stdout:/usr/bin/ceph: stderr
2024-09-19T04:57:07.008+0000 7f7cfffff640 1 -- 172.21.15.64:0/140352415 <== mon.0 v2:172.21.15.64:3300/0 1 ==== mon_map magic: 0 ==== 205+0+0 (secure 0 0 0) 0x7f7d04037070 con 0x7f7d081076e0
2024-09-19T04:57:07.942 INFO:teuthology.orchestra.run.smithi064.stdout:/usr/bin/ceph: stderr
2024-09-19T04:57:07.008+0000 7f7cfffff640 1 -- 172.21.15.64:0/140352415 <== mon.0 v2:172.21.15.64:3300/0 2 ==== config(26 keys) ==== 1071+0+0 (secure 0 0 0) 0x7f7d040328d0 con 0x7f7d081076e0
2024-09-19T04:57:07.943 INFO:teuthology.orchestra.run.smithi064.stdout:/usr/bin/ceph: stderr
2024-09-19T04:57:07.008+0000 7f7cfffff640 1 -- 172.21.15.64:0/140352415 <== mon.0 v2:172.21.15.64:3300/0 3 ==== mon_map magic: 0 ==== 205+0+0 (secure 0 0 0) 0x7f7d040307d0 con 0x7f7d081076e0
2024-09-19T04:57:07.943 INFO:teuthology.orchestra.run.smithi064.stdout:/usr/bin/ceph: stderr
2024-09-19T04:57:07.008+0000 7f7d0f8de640 1 -- 172.21.15.64:0/140352415 >> [v2:172.21.15.64:3300/0,v1:172.21.15.64:6789/0] conn(0x7f7d081076e0 msgr2=0x7f7d08107ae0 secure :-1 s=STATE_CONNECTION_ESTABLISHED l=1).mark_down
2024-09-19T04:57:07.943 INFO:teuthology.orchestra.run.smithi064.stdout:/usr/bin/ceph: stderr
2024-09-19T04:57:07.008+0000 7f7d0f8de640 1 --2- 172.21.15.64:0/140352415 >> [v2:172.21.15.64:3300/0,v1:172.21.15.64:6789/0] conn(0x7f7d081076e0 0x7f7d08107ae0 secure :-1 s=READY pgs=45 cs=0 l=1 rev1=1 crypto rx=0x7f7d04009820 tx=0x7f7d0402a270 comp rx=0 tx=0).stop
2024-09-19T04:57:07.943 INFO:teuthology.orchestra.run.smithi064.stdout:/usr/bin/ceph: stderr
2024-09-19T04:57:07.008+0000 7f7d0f8de640 1 -- 172.21.15.64:0/140352415 shutdown_connections
2024-09-19T04:57:07.943 INFO:teuthology.orchestra.run.smithi064.stdout:/usr/bin/ceph: stderr
2024-09-19T04:57:07.008+0000 7f7d0f8de640 1 --2- 172.21.15.64:0/140352415 >> [v2:172.21.15.64:3300/0,v1:172.21.15.64:6789/0] conn(0x7f7d081076e0 0x7f7d08107ae0 unknown :-1 s=CLOSED pgs=45 cs=0 l=1 rev1=1 crypto rx=0 tx=0 comp rx=0 tx=0).stop
2024-09-19T04:57:07.943 INFO:teuthology.orchestra.run.smithi064.stdout:/usr/bin/ceph: stderr
2024-09-19T04:57:07.008+0000 7f7d0f8de640 1 -- 172.21.15.64:0/140352415 >> 172.21.15.64:0/140352415 conn(0x7f7d08102ed0 msgr2=0x7f7d081052f0 unknown :-1 s=STATE_NONE l=0).mark_down
2024-09-19T04:57:07.943 INFO:teuthology.orchestra.run.smithi064.stdout:/usr/bin/ceph: stderr
2024-09-19T04:57:07.008+0000 7f7d0f8de640 1 -- 172.21.15.64:0/140352415 shutdown_connections
2024-09-19T04:57:07.943 INFO:teuthology.orchestra.run.smithi064.stdout:/usr/bin/ceph: stderr
2024-09-19T04:57:07.008+0000 7f7d0f8de640 1 -- 172.21.15.64:0/140352415 wait complete.
2024-09-19T04:57:07.943 INFO:teuthology.orchestra.run.smithi064.stdout:/usr/bin/ceph: stderr
2024-09-19T04:57:07.009+0000 7f7d0f8de640 1 Processor -- start
2024-09-19T04:57:07.943 INFO:teuthology.orchestra.run.smithi064.stdout:/usr/bin/ceph: stderr
2024-09-19T04:57:07.009+0000 7f7d0f8de640 1 -- start start
2024-09-19T04:57:07.943 INFO:teuthology.orchestra.run.smithi064.stdout:/usr/bin/ceph: stderr
2024-09-19T04:57:07.009+0000 7f7d0f8de640 1 --2- >> [v2:172.21.15.64:3300/0,v1:172.21.15.64:6789/0] conn(0x7f7d081076e0 0x7f7d0807db50 unknown :-1 s=NONE pgs=0 cs=0 l=1 rev1=0 crypto rx=0 tx=0 comp rx=0 tx=0).connect
2024-09-19T04:57:07.943 INFO:teuthology.orchestra.run.smithi064.stdout:/usr/bin/ceph: stderr
2024-09-19T04:57:07.009+0000 7f7d0f8de640 1 -- --> [v2:172.21.15.64:3300/0,v1:172.21.15.64:6789/0] -- mon_getmap magic: 0 -- 0x7f7d0810bbf0 con 0x7f7d081076e0
2024-09-19T04:57:07.943 INFO:teuthology.orchestra.run.smithi064.stdout:/usr/bin/ceph: stderr
2024-09-19T04:57:07.009+0000 7f7d0d67a640 1 --2- >> [v2:172.21.15.64:3300/0,v1:172.21.15.64:6789/0] conn(0x7f7d081076e0 0x7f7d0807db50 unknown :-1 s=BANNER_CONNECTING pgs=0 cs=0 l=1 rev1=0 crypto rx=0 tx=0 comp rx=0 tx=0)._handle_peer_banner_payload supported=3 required=0
2024-09-19T04:57:07.944 INFO:teuthology.orchestra.run.smithi064.stdout:/usr/bin/ceph: stderr
2024-09-19T04:57:07.009+0000 7f7d0d67a640 1 --2- >> [v2:172.21.15.64:3300/0,v1:172.21.15.64:6789/0] conn(0x7f7d081076e0 0x7f7d0807db50 unknown :-1 s=HELLO_CONNECTING pgs=0 cs=0 l=1 rev1=1 crypto rx=0 tx=0 comp rx=0 tx=0).handle_hello peer v2:172.21.15.64:3300/0 says I am v2:172.21.15.64:37048/0 (socket says 172.21.15.64:37048)
2024-09-19T04:57:07.944 INFO:teuthology.orchestra.run.smithi064.stdout:/usr/bin/ceph: stderr
2024-09-19T04:57:07.009+0000 7f7d0d67a640 1 -- 172.21.15.64:0/2113575267 learned_addr learned my addr 172.21.15.64:0/2113575267 (peer_addr_for_me v2:172.21.15.64:0/0)
2024-09-19T04:57:07.944 INFO:teuthology.orchestra.run.smithi064.stdout:/usr/bin/ceph: stderr
2024-09-19T04:57:07.010+0000 7f7d0d67a640 1 -- 172.21.15.64:0/2113575267 --> [v2:172.21.15.64:3300/0,v1:172.21.15.64:6789/0] -- mon_subscribe({config=0+,monmap=0+}) -- 0x7f7d0807e090 con 0x7f7d081076e0
2024-09-19T04:57:07.944 INFO:teuthology.orchestra.run.smithi064.stdout:/usr/bin/ceph: stderr
2024-09-19T04:57:07.010+0000 7f7d0d67a640 1 --2- 172.21.15.64:0/2113575267 >> [v2:172.21.15.64:3300/0,v1:172.21.15.64:6789/0] conn(0x7f7d081076e0 0x7f7d0807db50 secure :-1 s=READY pgs=46 cs=0 l=1 rev1=1 crypto rx=0x7f7d04009940 tx=0x7f7d04032e10 comp rx=0 tx=0).ready entity=mon.0 client_cookie=0 server_cookie=0 in_seq=0 out_seq=0
2024-09-19T04:57:07.944 INFO:teuthology.orchestra.run.smithi064.stdout:/usr/bin/ceph: stderr
2024-09-19T04:57:07.010+0000 7f7cfe7fc640 1 -- 172.21.15.64:0/2113575267 <== mon.0 v2:172.21.15.64:3300/0 1 ==== mon_map magic: 0 ==== 205+0+0 (secure 0 0 0) 0x7f7d04042070 con 0x7f7d081076e0
2024-09-19T04:57:07.944 INFO:teuthology.orchestra.run.smithi064.stdout:/usr/bin/ceph: stderr
2024-09-19T04:57:07.010+0000 7f7cfe7fc640 1 -- 172.21.15.64:0/2113575267 <== mon.0 v2:172.21.15.64:3300/0 2 ==== config(26 keys) ==== 1071+0+0 (secure 0 0 0) 0x7f7d04030c80 con 0x7f7d081076e0
2024-09-19T04:57:07.944 INFO:teuthology.orchestra.run.smithi064.stdout:/usr/bin/ceph: stderr
2024-09-19T04:57:07.010+0000 7f7d0f8de640 1 -- 172.21.15.64:0/2113575267 --> [v2:172.21.15.64:3300/0,v1:172.21.15.64:6789/0] -- mon_subscribe({mgrmap=0+}) -- 0x7f7d0807c280 con 0x7f7d081076e0
2024-09-19T04:57:07.944 INFO:teuthology.orchestra.run.smithi064.stdout:/usr/bin/ceph: stderr
2024-09-19T04:57:07.010+0000 7f7cfe7fc640 1 -- 172.21.15.64:0/2113575267 <== mon.0 v2:172.21.15.64:3300/0 3 ==== mon_map magic: 0 ==== 205+0+0 (secure 0 0 0) 0x7f7d04037040 con 0x7f7d081076e0
2024-09-19T04:57:07.944 INFO:teuthology.orchestra.run.smithi064.stdout:/usr/bin/ceph: stderr
2024-09-19T04:57:07.010+0000 7f7d0f8de640 1 -- 172.21.15.64:0/2113575267 --> [v2:172.21.15.64:3300/0,v1:172.21.15.64:6789/0] -- mon_subscribe({osdmap=0}) -- 0x7f7d0807c7c0 con 0x7f7d081076e0
2024-09-19T04:57:07.944 INFO:teuthology.orchestra.run.smithi064.stdout:/usr/bin/ceph: stderr
2024-09-19T04:57:07.011+0000 7f7cfe7fc640 1 -- 172.21.15.64:0/2113575267 <== mon.0 v2:172.21.15.64:3300/0 4 ==== mgrmap(e 8) ==== 46461+0+0 (secure 0 0 0) 0x7f7d04045070 con 0x7f7d081076e0
2024-09-19T04:57:07.944 INFO:teuthology.orchestra.run.smithi064.stdout:/usr/bin/ceph: stderr
2024-09-19T04:57:07.011+0000 7f7d0f8de640 1 -- 172.21.15.64:0/2113575267 --> [v2:172.21.15.64:3300/0,v1:172.21.15.64:6789/0] -- mon_command({"prefix": "get_command_descriptions"} v 0) -- 0x7f7d0810bd70 con 0x7f7d081076e0
2024-09-19T04:57:07.944 INFO:teuthology.orchestra.run.smithi064.stdout:/usr/bin/ceph: stderr
2024-09-19T04:57:07.011+0000 7f7cfe7fc640 1 --2- 172.21.15.64:0/2113575267 >> [v2:172.21.15.64:6800/2584640926,v1:172.21.15.64:6801/2584640926] conn(0x7f7cf4039200 0x7f7cf403b6c0 unknown :-1 s=NONE pgs=0 cs=0 l=1 rev1=0 crypto rx=0 tx=0 comp rx=0 tx=0).connect
2024-09-19T04:57:07.945 INFO:teuthology.orchestra.run.smithi064.stdout:/usr/bin/ceph: stderr
2024-09-19T04:57:07.011+0000 7f7cfe7fc640 1 -- 172.21.15.64:0/2113575267 <== mon.0 v2:172.21.15.64:3300/0 5 ==== osd_map(2..2 src has 1..2) ==== 940+0+0 (secure 0 0 0) 0x7f7d0406c2f0 con 0x7f7d081076e0
2024-09-19T04:57:07.945 INFO:teuthology.orchestra.run.smithi064.stdout:/usr/bin/ceph: stderr
2024-09-19T04:57:07.011+0000 7f7d0ce79640 1 --2- 172.21.15.64:0/2113575267 >> [v2:172.21.15.64:6800/2584640926,v1:172.21.15.64:6801/2584640926] conn(0x7f7cf4039200 0x7f7cf403b6c0 unknown :-1 s=BANNER_CONNECTING pgs=0 cs=0 l=1 rev1=0 crypto rx=0 tx=0 comp rx=0 tx=0)._handle_peer_banner_payload supported=3 required=0
2024-09-19T04:57:07.945 INFO:teuthology.orchestra.run.smithi064.stdout:/usr/bin/ceph: stderr
2024-09-19T04:57:07.012+0000 7f7d0ce79640 1 --2- 172.21.15.64:0/2113575267 >> [v2:172.21.15.64:6800/2584640926,v1:172.21.15.64:6801/2584640926] conn(0x7f7cf4039200 0x7f7cf403b6c0 secure :-1 s=READY pgs=12 cs=0 l=1 rev1=1 crypto rx=0x7f7cf80098c0 tx=0x7f7cf8006db0 comp rx=0 tx=0).ready entity=mgr.14118 client_cookie=0 server_cookie=0 in_seq=0 out_seq=0
2024-09-19T04:57:07.945 INFO:teuthology.orchestra.run.smithi064.stdout:/usr/bin/ceph: stderr
2024-09-19T04:57:07.016+0000 7f7cfe7fc640 1 -- 172.21.15.64:0/2113575267 <== mon.0 v2:172.21.15.64:3300/0 6 ==== mon_command_ack([{"prefix": "get_command_descriptions"}]=0 v0) ==== 72+0+188913 (secure 0 0 0) 0x7f7d04045360 con 0x7f7d081076e0
2024-09-19T04:57:07.945 INFO:teuthology.orchestra.run.smithi064.stdout:/usr/bin/ceph: stderr
2024-09-19T04:57:07.209+0000 7f7d0f8de640 1 -- 172.21.15.64:0/2113575267 --> [v2:172.21.15.64:6800/2584640926,v1:172.21.15.64:6801/2584640926] -- mgr_command(tid 0: {"prefix": "orch apply", "service_type": "mon", "unmanaged": true, "target": ["mon-mgr", ""]}) -- 0x7f7d0807d050 con 0x7f7cf4039200
2024-09-19T04:57:07.945 INFO:teuthology.orchestra.run.smithi064.stdout:/usr/bin/ceph: stderr
2024-09-19T04:57:07.214+0000 7f7cfe7fc640 1 -- 172.21.15.64:0/2113575267 <== mgr.14118 v2:172.21.15.64:6800/2584640926 1 ==== mgr_command_reply(tid 0: 0 ) ==== 8+0+24 (secure 0 0 0) 0x7f7d0807d050 con 0x7f7cf4039200
2024-09-19T04:57:07.945 INFO:teuthology.orchestra.run.smithi064.stdout:/usr/bin/ceph: stderr
2024-09-19T04:57:07.217+0000 7f7d0f8de640 1 -- 172.21.15.64:0/2113575267 >> [v2:172.21.15.64:6800/2584640926,v1:172.21.15.64:6801/2584640926] conn(0x7f7cf4039200 msgr2=0x7f7cf403b6c0 secure :-1 s=STATE_CONNECTION_ESTABLISHED l=1).mark_down
2024-09-19T04:57:07.945 INFO:teuthology.orchestra.run.smithi064.stdout:/usr/bin/ceph: stderr
2024-09-19T04:57:07.217+0000 7f7d0f8de640 1 --2- 172.21.15.64:0/2113575267 >> [v2:172.21.15.64:6800/2584640926,v1:172.21.15.64:6801/2584640926] conn(0x7f7cf4039200 0x7f7cf403b6c0 secure :-1 s=READY pgs=12 cs=0 l=1 rev1=1 crypto rx=0x7f7cf80098c0 tx=0x7f7cf8006db0 comp rx=0 tx=0).stop
2024-09-19T04:57:07.945 INFO:teuthology.orchestra.run.smithi064.stdout:/usr/bin/ceph: stderr
2024-09-19T04:57:07.217+0000 7f7d0f8de640 1 -- 172.21.15.64:0/2113575267 >> [v2:172.21.15.64:3300/0,v1:172.21.15.64:6789/0] conn(0x7f7d081076e0 msgr2=0x7f7d0807db50 secure :-1 s=STATE_CONNECTION_ESTABLISHED l=1).mark_down
2024-09-19T04:57:07.945 INFO:teuthology.orchestra.run.smithi064.stdout:/usr/bin/ceph: stderr
2024-09-19T04:57:07.217+0000 7f7d0f8de640 1 --2- 172.21.15.64:0/2113575267 >> [v2:172.21.15.64:3300/0,v1:172.21.15.64:6789/0] conn(0x7f7d081076e0 0x7f7d0807db50 secure :-1 s=READY pgs=46 cs=0 l=1 rev1=1 crypto rx=0x7f7d04009940 tx=0x7f7d04032e10 comp rx=0 tx=0).stop
2024-09-19T04:57:07.946 INFO:teuthology.orchestra.run.smithi064.stdout:/usr/bin/ceph: stderr
2024-09-19T04:57:07.217+0000 7f7d0f8de640 1 -- 172.21.15.64:0/2113575267 shutdown_connections
2024-09-19T04:57:07.946 INFO:teuthology.orchestra.run.smithi064.stdout:/usr/bin/ceph: stderr
2024-09-19T04:57:07.217+0000 7f7d0f8de640 1 --2- 172.21.15.64:0/2113575267 >> [v2:172.21.15.64:6800/2584640926,v1:172.21.15.64:6801/2584640926] conn(0x7f7cf4039200 0x7f7cf403b6c0 unknown :-1 s=CLOSED pgs=12 cs=0 l=1 rev1=1 crypto rx=0 tx=0 comp rx=0 tx=0).stop
2024-09-19T04:57:07.946 INFO:teuthology.orchestra.run.smithi064.stdout:/usr/bin/ceph: stderr
2024-09-19T04:57:07.217+0000 7f7d0f8de640 1 --2- 172.21.15.64:0/2113575267 >> [v2:172.21.15.64:3300/0,v1:172.21.15.64:6789/0] conn(0x7f7d081076e0 0x7f7d0807db50 unknown :-1 s=CLOSED pgs=46 cs=0 l=1 rev1=1 crypto rx=0 tx=0 comp rx=0 tx=0).stop
2024-09-19T04:57:07.946 INFO:teuthology.orchestra.run.smithi064.stdout:/usr/bin/ceph: stderr
2024-09-19T04:57:07.217+0000 7f7d0f8de640 1 -- 172.21.15.64:0/2113575267 >> 172.21.15.64:0/2113575267 conn(0x7f7d08102ed0 msgr2=0x7f7d08103a30 unknown :-1 s=STATE_NONE l=0).mark_down
2024-09-19T04:57:07.946 INFO:teuthology.orchestra.run.smithi064.stdout:/usr/bin/ceph: stderr
2024-09-19T04:57:07.217+0000 7f7d0f8de640 1 -- 172.21.15.64:0/2113575267 shutdown_connections
2024-09-19T04:57:07.946 INFO:teuthology.orchestra.run.smithi064.stdout:/usr/bin/ceph: stderr
2024-09-19T04:57:07.217+0000 7f7d0f8de640 1 -- 172.21.15.64:0/2113575267 wait complete.
2024-09-19T04:57:07.946 INFO:teuthology.orchestra.run.smithi064.stdout:Deploying unmanaged mgr service...
2024-09-19T04:57:08.494 INFO:journalctl@ceph.mon.a.smithi064.stdout:Sep 19 04:57:08 smithi064 ceph-mon[30960]: from='client.14140 -' entity='client.admin' cmd=[{"prefix": "orch apply", "service_type": "mon", "unmanaged": true, "target": ["mon-mgr", ""]}]: dispatch
2024-09-19T04:57:08.495 INFO:journalctl@ceph.mon.a.smithi064.stdout:Sep 19 04:57:08 smithi064 ceph-mon[30960]: Saving service mon spec with placement count:5
2024-09-19T04:57:08.495 INFO:journalctl@ceph.mon.a.smithi064.stdout:Sep 19 04:57:08 smithi064 ceph-mon[30960]: from='mgr.14118 172.21.15.64:0/287045077' entity='mgr.x'
