2024-09-19T05:01:17.021 INFO:journalctl@ceph.mon.a.smithi031.stdout:Sep 19 05:01:16 smithi031 ceph-mon[30644]: from='client.? 172.21.15.31:0/1388991200' entity='client.admin'
2024-09-19T05:01:18.787 INFO:journalctl@ceph.mon.a.smithi031.stdout:Sep 19 05:01:18 smithi031 ceph-mon[30644]: pgmap v4: 0 pgs: ; 0 B data, 0 B used, 0 B / 0 B avail
2024-09-19T05:01:18.787 INFO:journalctl@ceph.mon.a.smithi031.stdout:Sep 19 05:01:18 smithi031 ceph-mon[30644]: from='mgr.14118 172.21.15.31:0/711065991' entity='mgr.x'
2024-09-19T05:01:18.788 INFO:journalctl@ceph.mon.a.smithi031.stdout:Sep 19 05:01:18 smithi031 ceph-mon[30644]: from='client.? 172.21.15.31:0/118243706' entity='client.admin' cmd=[{"prefix": "mgr module enable", "module": "dashboard"}]: dispatch
2024-09-19T05:01:18.788 INFO:journalctl@ceph.mgr.x.smithi031.stdout:Sep 19 05:01:18 smithi031 ceph-f3e5399c-7643-11ef-bceb-c7b262605968-mgr-x[30880]: ignoring --setuser ceph since I am not root
2024-09-19T05:01:18.788 INFO:journalctl@ceph.mgr.x.smithi031.stdout:Sep 19 05:01:18 smithi031 ceph-f3e5399c-7643-11ef-bceb-c7b262605968-mgr-x[30880]: ignoring --setgroup ceph since I am not root
2024-09-19T05:01:18.788 INFO:journalctl@ceph.mgr.x.smithi031.stdout:Sep 19 05:01:18 smithi031 ceph-f3e5399c-7643-11ef-bceb-c7b262605968-mgr-x[30880]:
2024-09-19T05:01:18.785+0000 7f378e5da040 -1 mgr[py] Module osd_perf_query has missing NOTIFY_TYPES member
2024-09-19T05:01:19.038 INFO:journalctl@ceph.mgr.x.smithi031.stdout:Sep 19 05:01:18 smithi031 ceph-f3e5399c-7643-11ef-bceb-c7b262605968-mgr-x[30880]:
2024-09-19T05:01:18.857+0000 7f378e5da040 -1 mgr[py] Module osd_support has missing NOTIFY_TYPES member
2024-09-19T05:01:19.316 INFO:journalctl@ceph.mgr.x.smithi031.stdout:Sep 19 05:01:19 smithi031 ceph-f3e5399c-7643-11ef-bceb-c7b262605968-mgr-x[30880]:
2024-09-19T05:01:19.052+0000 7f378e5da040 -1 mgr[py] Module diskprediction_local has missing NOTIFY_TYPES member
2024-09-19T05:01:19.316 INFO:journalctl@ceph.mgr.x.smithi031.stdout:Sep 19 05:01:19 smithi031 ceph-f3e5399c-7643-11ef-bceb-c7b262605968-mgr-x[30880]:
2024-09-19T05:01:19.134+0000 7f378e5da040 -1 mgr[py] Module crash has missing NOTIFY_TYPES member
2024-09-19T05:01:19.316 INFO:journalctl@ceph.mgr.x.smithi031.stdout:Sep 19 05:01:19 smithi031 ceph-f3e5399c-7643-11ef-bceb-c7b262605968-mgr-x[30880]:
2024-09-19T05:01:19.314+0000 7f378e5da040 -1 mgr[py] Module test_orchestrator has missing NOTIFY_TYPES member
2024-09-19T05:01:19.453 INFO:teuthology.orchestra.run.smithi031.stdout:/usr/bin/ceph: stderr
2024-09-19T05:01:17.455+0000 7f9653e00640 1 Processor -- start
2024-09-19T05:01:19.453 INFO:teuthology.orchestra.run.smithi031.stdout:/usr/bin/ceph: stderr
2024-09-19T05:01:17.455+0000 7f9653e00640 1 -- start start
2024-09-19T05:01:19.453 INFO:teuthology.orchestra.run.smithi031.stdout:/usr/bin/ceph: stderr
2024-09-19T05:01:17.455+0000 7f9653e00640 1 --2- >> [v2:172.21.15.31:3300/0,v1:172.21.15.31:6789/0] conn(0x7f964c107630 0x7f964c107a30 unknown :-1 s=NONE pgs=0 cs=0 l=0 rev1=0 crypto rx=0 tx=0 comp rx=0 tx=0).connect
2024-09-19T05:01:19.453 INFO:teuthology.orchestra.run.smithi031.stdout:/usr/bin/ceph: stderr
2024-09-19T05:01:17.455+0000 7f9653e00640 1 -- --> [v2:172.21.15.31:3300/0,v1:172.21.15.31:6789/0] -- mon_getmap magic: 0 -- 0x7f964c108000 con 0x7f964c107630
2024-09-19T05:01:19.454 INFO:teuthology.orchestra.run.smithi031.stdout:/usr/bin/ceph: stderr
2024-09-19T05:01:17.456+0000 7f9651400640 1 --2- >> [v2:172.21.15.31:3300/0,v1:172.21.15.31:6789/0] conn(0x7f964c107630 0x7f964c107a30 unknown :-1 s=BANNER_CONNECTING pgs=0 cs=0 l=0 rev1=0 crypto rx=0 tx=0 comp rx=0 tx=0)._handle_peer_banner_payload supported=3 required=0
2024-09-19T05:01:19.454 INFO:teuthology.orchestra.run.smithi031.stdout:/usr/bin/ceph: stderr
2024-09-19T05:01:17.456+0000 7f9651400640 1 --2- >> [v2:172.21.15.31:3300/0,v1:172.21.15.31:6789/0] conn(0x7f964c107630 0x7f964c107a30 unknown :-1 s=HELLO_CONNECTING pgs=0 cs=0 l=0 rev1=1 crypto rx=0 tx=0 comp rx=0 tx=0).handle_hello peer v2:172.21.15.31:3300/0 says I am v2:172.21.15.31:34714/0 (socket says 172.21.15.31:34714)
2024-09-19T05:01:19.454 INFO:teuthology.orchestra.run.smithi031.stdout:/usr/bin/ceph: stderr
2024-09-19T05:01:17.456+0000 7f9651400640 1 -- 172.21.15.31:0/2945150308 learned_addr learned my addr 172.21.15.31:0/2945150308 (peer_addr_for_me v2:172.21.15.31:0/0)
2024-09-19T05:01:19.454 INFO:teuthology.orchestra.run.smithi031.stdout:/usr/bin/ceph: stderr
2024-09-19T05:01:17.456+0000 7f9651400640 1 -- 172.21.15.31:0/2945150308 --> [v2:172.21.15.31:3300/0,v1:172.21.15.31:6789/0] -- mon_subscribe({config=0+,monmap=0+}) -- 0x7f964c1087e0 con 0x7f964c107630
2024-09-19T05:01:19.454 INFO:teuthology.orchestra.run.smithi031.stdout:/usr/bin/ceph: stderr
2024-09-19T05:01:17.457+0000 7f9651400640 1 --2- 172.21.15.31:0/2945150308 >> [v2:172.21.15.31:3300/0,v1:172.21.15.31:6789/0] conn(0x7f964c107630 0x7f964c107a30 secure :-1 s=READY pgs=53 cs=0 l=1 rev1=1 crypto rx=0x7f9640009820 tx=0x7f964002a270 comp rx=0 tx=0).ready entity=mon.0 client_cookie=5c8ffe1f70aaf926 server_cookie=0 in_seq=0 out_seq=0
2024-09-19T05:01:19.454 INFO:teuthology.orchestra.run.smithi031.stdout:/usr/bin/ceph: stderr
2024-09-19T05:01:17.457+0000 7f964be00640 1 -- 172.21.15.31:0/2945150308 <== mon.0 v2:172.21.15.31:3300/0 1 ==== mon_map magic: 0 ==== 205+0+0 (secure 0 0 0) 0x7f9640037070 con 0x7f964c107630
2024-09-19T05:01:19.454 INFO:teuthology.orchestra.run.smithi031.stdout:/usr/bin/ceph: stderr
2024-09-19T05:01:17.458+0000 7f964be00640 1 -- 172.21.15.31:0/2945150308 <== mon.0 v2:172.21.15.31:3300/0 2 ==== config(27 keys) ==== 1140+0+0 (secure 0 0 0) 0x7f9640032920 con 0x7f964c107630
2024-09-19T05:01:19.454 INFO:teuthology.orchestra.run.smithi031.stdout:/usr/bin/ceph: stderr
2024-09-19T05:01:17.458+0000 7f964be00640 1 -- 172.21.15.31:0/2945150308 <== mon.0 v2:172.21.15.31:3300/0 3 ==== mon_map magic: 0 ==== 205+0+0 (secure 0 0 0) 0x7f9640030810 con 0x7f964c107630
2024-09-19T05:01:19.454 INFO:teuthology.orchestra.run.smithi031.stdout:/usr/bin/ceph: stderr
2024-09-19T05:01:17.458+0000 7f9653e00640 1 -- 172.21.15.31:0/2945150308 >> [v2:172.21.15.31:3300/0,v1:172.21.15.31:6789/0] conn(0x7f964c107630 msgr2=0x7f964c107a30 secure :-1 s=STATE_CONNECTION_ESTABLISHED l=1).mark_down
2024-09-19T05:01:19.454 INFO:teuthology.orchestra.run.smithi031.stdout:/usr/bin/ceph: stderr
2024-09-19T05:01:17.458+0000 7f9653e00640 1 --2- 172.21.15.31:0/2945150308 >> [v2:172.21.15.31:3300/0,v1:172.21.15.31:6789/0] conn(0x7f964c107630 0x7f964c107a30 secure :-1 s=READY pgs=53 cs=0 l=1 rev1=1 crypto rx=0x7f9640009820 tx=0x7f964002a270 comp rx=0 tx=0).stop
2024-09-19T05:01:19.454 INFO:teuthology.orchestra.run.smithi031.stdout:/usr/bin/ceph: stderr
2024-09-19T05:01:17.458+0000 7f9653e00640 1 -- 172.21.15.31:0/2945150308 shutdown_connections
2024-09-19T05:01:19.454 INFO:teuthology.orchestra.run.smithi031.stdout:/usr/bin/ceph: stderr
2024-09-19T05:01:17.458+0000 7f9653e00640 1 --2- 172.21.15.31:0/2945150308 >> [v2:172.21.15.31:3300/0,v1:172.21.15.31:6789/0] conn(0x7f964c107630 0x7f964c107a30 unknown :-1 s=CLOSED pgs=53 cs=0 l=1 rev1=1 crypto rx=0 tx=0 comp rx=0 tx=0).stop
2024-09-19T05:01:19.455 INFO:teuthology.orchestra.run.smithi031.stdout:/usr/bin/ceph: stderr
2024-09-19T05:01:17.458+0000 7f9653e00640 1 -- 172.21.15.31:0/2945150308 >> 172.21.15.31:0/2945150308 conn(0x7f964c102da0 msgr2=0x7f964c105200 unknown :-1 s=STATE_NONE l=0).mark_down
2024-09-19T05:01:19.455 INFO:teuthology.orchestra.run.smithi031.stdout:/usr/bin/ceph: stderr
2024-09-19T05:01:17.458+0000 7f9653e00640 1 -- 172.21.15.31:0/2945150308 shutdown_connections
2024-09-19T05:01:19.455 INFO:teuthology.orchestra.run.smithi031.stdout:/usr/bin/ceph: stderr
2024-09-19T05:01:17.458+0000 7f9653e00640 1 -- 172.21.15.31:0/2945150308 wait complete.
2024-09-19T05:01:19.455 INFO:teuthology.orchestra.run.smithi031.stdout:/usr/bin/ceph: stderr
2024-09-19T05:01:17.459+0000 7f9653e00640 1 Processor -- start
2024-09-19T05:01:19.455 INFO:teuthology.orchestra.run.smithi031.stdout:/usr/bin/ceph: stderr
2024-09-19T05:01:17.459+0000 7f9653e00640 1 -- start start
2024-09-19T05:01:19.455 INFO:teuthology.orchestra.run.smithi031.stdout:/usr/bin/ceph: stderr
2024-09-19T05:01:17.460+0000 7f9653e00640 1 --2- >> [v2:172.21.15.31:3300/0,v1:172.21.15.31:6789/0] conn(0x7f964c107630 0x7f964c07db40 unknown :-1 s=NONE pgs=0 cs=0 l=1 rev1=0 crypto rx=0 tx=0 comp rx=0 tx=0).connect
2024-09-19T05:01:19.455 INFO:teuthology.orchestra.run.smithi031.stdout:/usr/bin/ceph: stderr
2024-09-19T05:01:17.460+0000 7f9653e00640 1 -- --> [v2:172.21.15.31:3300/0,v1:172.21.15.31:6789/0] -- mon_getmap magic: 0 -- 0x7f964c10bb90 con 0x7f964c107630
2024-09-19T05:01:19.455 INFO:teuthology.orchestra.run.smithi031.stdout:/usr/bin/ceph: stderr
2024-09-19T05:01:17.460+0000 7f9651400640 1 --2- >> [v2:172.21.15.31:3300/0,v1:172.21.15.31:6789/0] conn(0x7f964c107630 0x7f964c07db40 unknown :-1 s=BANNER_CONNECTING pgs=0 cs=0 l=1 rev1=0 crypto rx=0 tx=0 comp rx=0 tx=0)._handle_peer_banner_payload supported=3 required=0
2024-09-19T05:01:19.455 INFO:teuthology.orchestra.run.smithi031.stdout:/usr/bin/ceph: stderr
2024-09-19T05:01:17.460+0000 7f9651400640 1 --2- >> [v2:172.21.15.31:3300/0,v1:172.21.15.31:6789/0] conn(0x7f964c107630 0x7f964c07db40 unknown :-1 s=HELLO_CONNECTING pgs=0 cs=0 l=1 rev1=1 crypto rx=0 tx=0 comp rx=0 tx=0).handle_hello peer v2:172.21.15.31:3300/0 says I am v2:172.21.15.31:34730/0 (socket says 172.21.15.31:34730)
2024-09-19T05:01:19.455 INFO:teuthology.orchestra.run.smithi031.stdout:/usr/bin/ceph: stderr
2024-09-19T05:01:17.460+0000 7f9651400640 1 -- 172.21.15.31:0/118243706 learned_addr learned my addr 172.21.15.31:0/118243706 (peer_addr_for_me v2:172.21.15.31:0/0)
2024-09-19T05:01:19.455 INFO:teuthology.orchestra.run.smithi031.stdout:/usr/bin/ceph: stderr
2024-09-19T05:01:17.460+0000 7f9651400640 1 -- 172.21.15.31:0/118243706 --> [v2:172.21.15.31:3300/0,v1:172.21.15.31:6789/0] -- mon_subscribe({config=0+,monmap=0+}) -- 0x7f964c07e080 con 0x7f964c107630
2024-09-19T05:01:19.455 INFO:teuthology.orchestra.run.smithi031.stdout:/usr/bin/ceph: stderr
2024-09-19T05:01:17.460+0000 7f9651400640 1 --2- 172.21.15.31:0/118243706 >> [v2:172.21.15.31:3300/0,v1:172.21.15.31:6789/0] conn(0x7f964c107630 0x7f964c07db40 secure :-1 s=READY pgs=54 cs=0 l=1 rev1=1 crypto rx=0x7f96400097f0 tx=0x7f96400327b0 comp rx=0 tx=0).ready entity=mon.0 client_cookie=0 server_cookie=0 in_seq=0 out_seq=0
2024-09-19T05:01:19.456 INFO:teuthology.orchestra.run.smithi031.stdout:/usr/bin/ceph: stderr
2024-09-19T05:01:17.461+0000 7f964a000640 1 -- 172.21.15.31:0/118243706 <== mon.0 v2:172.21.15.31:3300/0 1 ==== mon_map magic: 0 ==== 205+0+0 (secure 0 0 0) 0x7f9640037040 con 0x7f964c107630
2024-09-19T05:01:19.456 INFO:teuthology.orchestra.run.smithi031.stdout:/usr/bin/ceph: stderr
2024-09-19T05:01:17.461+0000 7f964a000640 1 -- 172.21.15.31:0/118243706 <== mon.0 v2:172.21.15.31:3300/0 2 ==== config(27 keys) ==== 1140+0+0 (secure 0 0 0) 0x7f9640030c40 con 0x7f964c107630
2024-09-19T05:01:19.456 INFO:teuthology.orchestra.run.smithi031.stdout:/usr/bin/ceph: stderr
2024-09-19T05:01:17.461+0000 7f9653e00640 1 -- 172.21.15.31:0/118243706 --> [v2:172.21.15.31:3300/0,v1:172.21.15.31:6789/0] -- mon_subscribe({mgrmap=0+}) -- 0x7f964c07c270 con 0x7f964c107630
2024-09-19T05:01:19.456 INFO:teuthology.orchestra.run.smithi031.stdout:/usr/bin/ceph: stderr
2024-09-19T05:01:17.461+0000 7f964a000640 1 -- 172.21.15.31:0/118243706 <== mon.0 v2:172.21.15.31:3300/0 3 ==== mon_map magic: 0 ==== 205+0+0 (secure 0 0 0) 0x7f964003a5b0 con 0x7f964c107630
2024-09-19T05:01:19.456 INFO:teuthology.orchestra.run.smithi031.stdout:/usr/bin/ceph: stderr
2024-09-19T05:01:17.461+0000 7f9653e00640 1 -- 172.21.15.31:0/118243706 --> [v2:172.21.15.31:3300/0,v1:172.21.15.31:6789/0] -- mon_subscribe({osdmap=0}) -- 0x7f964c07c7b0 con 0x7f964c107630
2024-09-19T05:01:19.456 INFO:teuthology.orchestra.run.smithi031.stdout:/usr/bin/ceph: stderr
2024-09-19T05:01:17.462+0000 7f964a000640 1 -- 172.21.15.31:0/118243706 <== mon.0 v2:172.21.15.31:3300/0 4 ==== mgrmap(e 8) ==== 46461+0+0 (secure 0 0 0) 0x7f964003b3f0 con 0x7f964c107630
2024-09-19T05:01:19.456 INFO:teuthology.orchestra.run.smithi031.stdout:/usr/bin/ceph: stderr
2024-09-19T05:01:17.462+0000 7f9653e00640 1 -- 172.21.15.31:0/118243706 --> [v2:172.21.15.31:3300/0,v1:172.21.15.31:6789/0] -- mon_command({"prefix": "get_command_descriptions"} v 0) -- 0x7f964c10bd10 con 0x7f964c107630
2024-09-19T05:01:19.456 INFO:teuthology.orchestra.run.smithi031.stdout:/usr/bin/ceph: stderr
2024-09-19T05:01:17.462+0000 7f964a000640 1 --2- 172.21.15.31:0/118243706 >> [v2:172.21.15.31:6800/2936975320,v1:172.21.15.31:6801/2936975320] conn(0x7f9634039200 0x7f963403b6c0 unknown :-1 s=NONE pgs=0 cs=0 l=1 rev1=0 crypto rx=0 tx=0 comp rx=0 tx=0).connect
2024-09-19T05:01:19.456 INFO:teuthology.orchestra.run.smithi031.stdout:/usr/bin/ceph: stderr
2024-09-19T05:01:17.462+0000 7f964a000640 1 -- 172.21.15.31:0/118243706 <== mon.0 v2:172.21.15.31:3300/0 5 ==== osd_map(2..2 src has 1..2) ==== 940+0+0 (secure 0 0 0) 0x7f964006c720 con 0x7f964c107630
2024-09-19T05:01:19.456 INFO:teuthology.orchestra.run.smithi031.stdout:/usr/bin/ceph: stderr
2024-09-19T05:01:17.463+0000 7f9650a00640 1 --2- 172.21.15.31:0/118243706 >> [v2:172.21.15.31:6800/2936975320,v1:172.21.15.31:6801/2936975320] conn(0x7f9634039200 0x7f963403b6c0 unknown :-1 s=BANNER_CONNECTING pgs=0 cs=0 l=1 rev1=0 crypto rx=0 tx=0 comp rx=0 tx=0)._handle_peer_banner_payload supported=3 required=0
2024-09-19T05:01:19.457 INFO:teuthology.orchestra.run.smithi031.stdout:/usr/bin/ceph: stderr
2024-09-19T05:01:17.463+0000 7f9650a00640 1 --2- 172.21.15.31:0/118243706 >> [v2:172.21.15.31:6800/2936975320,v1:172.21.15.31:6801/2936975320] conn(0x7f9634039200 0x7f963403b6c0 secure :-1 s=READY pgs=16 cs=0 l=1 rev1=1 crypto rx=0x7f96380098c0 tx=0x7f9638006db0 comp rx=0 tx=0).ready entity=mgr.14118 client_cookie=0 server_cookie=0 in_seq=0 out_seq=0
2024-09-19T05:01:19.457 INFO:teuthology.orchestra.run.smithi031.stdout:/usr/bin/ceph: stderr
2024-09-19T05:01:17.467+0000 7f964a000640 1 -- 172.21.15.31:0/118243706 <== mon.0 v2:172.21.15.31:3300/0 6 ==== mon_command_ack([{"prefix": "get_command_descriptions"}]=0 v0) ==== 72+0+188913 (secure 0 0 0) 0x7f9640044dc0 con 0x7f964c107630
2024-09-19T05:01:19.457 INFO:teuthology.orchestra.run.smithi031.stdout:/usr/bin/ceph: stderr
2024-09-19T05:01:17.705+0000 7f9653e00640 1 -- 172.21.15.31:0/118243706 --> [v2:172.21.15.31:3300/0,v1:172.21.15.31:6789/0] -- mon_command({"prefix": "mgr module enable", "module": "dashboard"} v 0) -- 0x7f964c07cf40 con 0x7f964c107630
2024-09-19T05:01:19.457 INFO:teuthology.orchestra.run.smithi031.stdout:/usr/bin/ceph: stderr
2024-09-19T05:01:18.531+0000 7f964a000640 1 -- 172.21.15.31:0/118243706 <== mon.0 v2:172.21.15.31:3300/0 7 ==== mon_command_ack([{"prefix": "mgr module enable", "module": "dashboard"}]=0 v9) ==== 88+0+0 (secure 0 0 0) 0x7f96400313a0 con 0x7f964c107630
2024-09-19T05:01:19.457 INFO:teuthology.orchestra.run.smithi031.stdout:/usr/bin/ceph: stderr
2024-09-19T05:01:18.534+0000 7f964a000640 1 -- 172.21.15.31:0/118243706 <== mon.0 v2:172.21.15.31:3300/0 8 ==== mgrmap(e 9) ==== 46474+0+0 (secure 0 0 0) 0x7f964003ab20 con 0x7f964c107630
2024-09-19T05:01:19.457 INFO:teuthology.orchestra.run.smithi031.stdout:/usr/bin/ceph: stderr
2024-09-19T05:01:18.535+0000 7f9653e00640 1 -- 172.21.15.31:0/118243706 >> [v2:172.21.15.31:6800/2936975320,v1:172.21.15.31:6801/2936975320] conn(0x7f9634039200 msgr2=0x7f963403b6c0 secure :-1 s=STATE_CONNECTION_ESTABLISHED l=1).mark_down
2024-09-19T05:01:19.457 INFO:teuthology.orchestra.run.smithi031.stdout:/usr/bin/ceph: stderr
2024-09-19T05:01:18.535+0000 7f9653e00640 1 --2- 172.21.15.31:0/118243706 >> [v2:172.21.15.31:6800/2936975320,v1:172.21.15.31:6801/2936975320] conn(0x7f9634039200 0x7f963403b6c0 secure :-1 s=READY pgs=16 cs=0 l=1 rev1=1 crypto rx=0x7f96380098c0 tx=0x7f9638006db0 comp rx=0 tx=0).stop
2024-09-19T05:01:19.457 INFO:teuthology.orchestra.run.smithi031.stdout:/usr/bin/ceph: stderr
2024-09-19T05:01:18.535+0000 7f9653e00640 1 -- 172.21.15.31:0/118243706 >> [v2:172.21.15.31:3300/0,v1:172.21.15.31:6789/0] conn(0x7f964c107630 msgr2=0x7f964c07db40 secure :-1 s=STATE_CONNECTION_ESTABLISHED l=1).mark_down
2024-09-19T05:01:19.457 INFO:teuthology.orchestra.run.smithi031.stdout:/usr/bin/ceph: stderr
2024-09-19T05:01:18.535+0000 7f9653e00640 1 --2- 172.21.15.31:0/118243706 >> [v2:172.21.15.31:3300/0,v1:172.21.15.31:6789/0] conn(0x7f964c107630 0x7f964c07db40 secure :-1 s=READY pgs=54 cs=0 l=1 rev1=1 crypto rx=0x7f96400097f0 tx=0x7f96400327b0 comp rx=0 tx=0).stop
2024-09-19T05:01:19.457 INFO:teuthology.orchestra.run.smithi031.stdout:/usr/bin/ceph: stderr
2024-09-19T05:01:18.535+0000 7f9653e00640 1 -- 172.21.15.31:0/118243706 shutdown_connections
2024-09-19T05:01:19.457 INFO:teuthology.orchestra.run.smithi031.stdout:/usr/bin/ceph: stderr
2024-09-19T05:01:18.535+0000 7f9653e00640 1 --2- 172.21.15.31:0/118243706 >> [v2:172.21.15.31:6800/2936975320,v1:172.21.15.31:6801/2936975320] conn(0x7f9634039200 0x7f963403b6c0 unknown :-1 s=CLOSED pgs=16 cs=0 l=1 rev1=1 crypto rx=0 tx=0 comp rx=0 tx=0).stop
2024-09-19T05:01:19.458 INFO:teuthology.orchestra.run.smithi031.stdout:/usr/bin/ceph: stderr
2024-09-19T05:01:18.535+0000 7f9653e00640 1 --2- 172.21.15.31:0/118243706 >> [v2:172.21.15.31:3300/0,v1:172.21.15.31:6789/0] conn(0x7f964c107630 0x7f964c07db40 secure :-1 s=CLOSED pgs=54 cs=0 l=1 rev1=1 crypto rx=0x7f96400097f0 tx=0x7f96400327b0 comp rx=0 tx=0).stop
2024-09-19T05:01:19.458 INFO:teuthology.orchestra.run.smithi031.stdout:/usr/bin/ceph: stderr
2024-09-19T05:01:18.535+0000 7f9653e00640 1 -- 172.21.15.31:0/118243706 >> 172.21.15.31:0/118243706 conn(0x7f964c102da0 msgr2=0x7f964c103970 unknown :-1 s=STATE_NONE l=0).mark_down
2024-09-19T05:01:19.458 INFO:teuthology.orchestra.run.smithi031.stdout:/usr/bin/ceph: stderr
2024-09-19T05:01:18.536+0000 7f9653e00640 1 -- 172.21.15.31:0/118243706 shutdown_connections
2024-09-19T05:01:19.458 INFO:teuthology.orchestra.run.smithi031.stdout:/usr/bin/ceph: stderr
2024-09-19T05:01:18.536+0000 7f9653e00640 1 -- 172.21.15.31:0/118243706 wait complete.
2024-09-19T05:01:19.589 INFO:journalctl@ceph.mgr.x.smithi031.stdout:Sep 19 05:01:19 smithi031 ceph-f3e5399c-7643-11ef-bceb-c7b262605968-mgr-x[30880]:
2024-09-19T05:01:19.489+0000 7f378e5da040 -1 mgr[py] Module snap_schedule has missing NOTIFY_TYPES member
2024-09-19T05:01:19.589 INFO:journalctl@ceph.mon.a.smithi031.stdout:Sep 19 05:01:19 smithi031 ceph-mon[30644]: from='client.? 172.21.15.31:0/118243706' entity='client.admin' cmd='[{"prefix": "mgr module enable", "module": "dashboard"}]': finished
2024-09-19T05:01:19.589 INFO:journalctl@ceph.mon.a.smithi031.stdout:Sep 19 05:01:19 smithi031 ceph-mon[30644]: mgrmap e9: x(active, since 23s)
2024-09-19T05:01:20.180 INFO:journalctl@ceph.mgr.x.smithi031.stdout:Sep 19 05:01:19 smithi031 ceph-f3e5399c-7643-11ef-bceb-c7b262605968-mgr-x[30880]:
2024-09-19T05:01:19.877+0000 7f378e5da040 -1 mgr[py] Module prometheus has missing NOTIFY_TYPES member
2024-09-19T05:01:20.180 INFO:journalctl@ceph.mgr.x.smithi031.stdout:Sep 19 05:01:19 smithi031 ceph-f3e5399c-7643-11ef-bceb-c7b262605968-mgr-x[30880]:
2024-09-19T05:01:19.952+0000 7f378e5da040 -1 mgr[py] Module selftest has missing NOTIFY_TYPES member
2024-09-19T05:01:20.180 INFO:journalctl@ceph.mgr.x.smithi031.stdout:Sep 19 05:01:20 smithi031 ceph-f3e5399c-7643-11ef-bceb-c7b262605968-mgr-x[30880]:
2024-09-19T05:01:20.178+0000 7f378e5da040 -1 mgr[py] Module volumes has missing NOTIFY_TYPES member
2024-09-19T05:01:21.018 INFO:journalctl@ceph.mon.a.smithi031.stdout:Sep 19 05:01:20 smithi031 ceph-mon[30644]: from='client.? 172.21.15.31:0/4206981537' entity='client.admin' cmd=[{"prefix": "mgr stat"}]: dispatch
2024-09-19T05:01:21.035 INFO:teuthology.orchestra.run.smithi031.stdout:/usr/bin/ceph: stdout {
2024-09-19T05:01:21.036 INFO:teuthology.orchestra.run.smithi031.stdout:/usr/bin/ceph: stdout "epoch": 9,
2024-09-19T05:01:21.036 INFO:teuthology.orchestra.run.smithi031.stdout:/usr/bin/ceph: stdout "available": true,
2024-09-19T05:01:21.036 INFO:teuthology.orchestra.run.smithi031.stdout:/usr/bin/ceph: stdout "active_name": "x",
2024-09-19T05:01:21.036 INFO:teuthology.orchestra.run.smithi031.stdout:/usr/bin/ceph: stdout "num_standby": 0
2024-09-19T05:01:21.036 INFO:teuthology.orchestra.run.smithi031.stdout:/usr/bin/ceph: stdout }
2024-09-19T05:01:21.036 INFO:teuthology.orchestra.run.smithi031.stdout:/usr/bin/ceph: stderr
2024-09-19T05:01:20.035+0000 7f2330a00640 1 Processor -- start
2024-09-19T05:01:21.037 INFO:teuthology.orchestra.run.smithi031.stdout:/usr/bin/ceph: stderr
2024-09-19T05:01:20.035+0000 7f2330a00640 1 -- start start
2024-09-19T05:01:21.037 INFO:teuthology.orchestra.run.smithi031.stdout:/usr/bin/ceph: stderr
2024-09-19T05:01:20.035+0000 7f2330a00640 1 --2- >> [v2:172.21.15.31:3300/0,v1:172.21.15.31:6789/0] conn(0x7f232c107470 0x7f232c107870 unknown :-1 s=NONE pgs=0 cs=0 l=0 rev1=0 crypto rx=0 tx=0 comp rx=0 tx=0).connect
2024-09-19T05:01:21.037 INFO:teuthology.orchestra.run.smithi031.stdout:/usr/bin/ceph: stderr
2024-09-19T05:01:20.035+0000 7f2330a00640 1 -- --> [v2:172.21.15.31:3300/0,v1:172.21.15.31:6789/0] -- mon_getmap magic: 0 -- 0x7f232c107e40 con 0x7f232c107470
2024-09-19T05:01:21.037 INFO:teuthology.orchestra.run.smithi031.stdout:/usr/bin/ceph: stderr
2024-09-19T05:01:20.036+0000 7f232a800640 1 --2- >> [v2:172.21.15.31:3300/0,v1:172.21.15.31:6789/0] conn(0x7f232c107470 0x7f232c107870 unknown :-1 s=BANNER_CONNECTING pgs=0 cs=0 l=0 rev1=0 crypto rx=0 tx=0 comp rx=0 tx=0)._handle_peer_banner_payload supported=3 required=0
2024-09-19T05:01:21.037 INFO:teuthology.orchestra.run.smithi031.stdout:/usr/bin/ceph: stderr
2024-09-19T05:01:20.036+0000 7f232a800640 1 --2- >> [v2:172.21.15.31:3300/0,v1:172.21.15.31:6789/0] conn(0x7f232c107470 0x7f232c107870 unknown :-1 s=HELLO_CONNECTING pgs=0 cs=0 l=0 rev1=1 crypto rx=0 tx=0 comp rx=0 tx=0).handle_hello peer v2:172.21.15.31:3300/0 says I am v2:172.21.15.31:34752/0 (socket says 172.21.15.31:34752)
2024-09-19T05:01:21.037 INFO:teuthology.orchestra.run.smithi031.stdout:/usr/bin/ceph: stderr
2024-09-19T05:01:20.036+0000 7f232a800640 1 -- 172.21.15.31:0/2073904444 learned_addr learned my addr 172.21.15.31:0/2073904444 (peer_addr_for_me v2:172.21.15.31:0/0)
2024-09-19T05:01:21.037 INFO:teuthology.orchestra.run.smithi031.stdout:/usr/bin/ceph: stderr
2024-09-19T05:01:20.036+0000 7f232a800640 1 -- 172.21.15.31:0/2073904444 --> [v2:172.21.15.31:3300/0,v1:172.21.15.31:6789/0] -- mon_subscribe({config=0+,monmap=0+}) -- 0x7f232c108620 con 0x7f232c107470
2024-09-19T05:01:21.037 INFO:teuthology.orchestra.run.smithi031.stdout:/usr/bin/ceph: stderr
2024-09-19T05:01:20.037+0000 7f232a800640 1 --2- 172.21.15.31:0/2073904444 >> [v2:172.21.15.31:3300/0,v1:172.21.15.31:6789/0] conn(0x7f232c107470 0x7f232c107870 secure :-1 s=READY pgs=57 cs=0 l=1 rev1=1 crypto rx=0x7f231c009820 tx=0x7f231c02a270 comp rx=0 tx=0).ready entity=mon.0 client_cookie=1c2bbba485a9c999 server_cookie=0 in_seq=0 out_seq=0
2024-09-19T05:01:21.037 INFO:teuthology.orchestra.run.smithi031.stdout:/usr/bin/ceph: stderr
2024-09-19T05:01:20.037+0000 7f2329400640 1 -- 172.21.15.31:0/2073904444 <== mon.0 v2:172.21.15.31:3300/0 1 ==== mon_map magic: 0 ==== 205+0+0 (secure 0 0 0) 0x7f231c037070 con 0x7f232c107470
2024-09-19T05:01:21.037 INFO:teuthology.orchestra.run.smithi031.stdout:/usr/bin/ceph: stderr
2024-09-19T05:01:20.037+0000 7f2329400640 1 -- 172.21.15.31:0/2073904444 <== mon.0 v2:172.21.15.31:3300/0 2 ==== config(27 keys) ==== 1140+0+0 (secure 0 0 0) 0x7f231c032920 con 0x7f232c107470
2024-09-19T05:01:21.038 INFO:teuthology.orchestra.run.smithi031.stdout:/usr/bin/ceph: stderr
2024-09-19T05:01:20.037+0000 7f2329400640 1 -- 172.21.15.31:0/2073904444 <== mon.0 v2:172.21.15.31:3300/0 3 ==== mon_map magic: 0 ==== 205+0+0 (secure 0 0 0) 0x7f231c030810 con 0x7f232c107470
2024-09-19T05:01:21.038 INFO:teuthology.orchestra.run.smithi031.stdout:/usr/bin/ceph: stderr
2024-09-19T05:01:20.038+0000 7f2330a00640 1 -- 172.21.15.31:0/2073904444 >> [v2:172.21.15.31:3300/0,v1:172.21.15.31:6789/0] conn(0x7f232c107470 msgr2=0x7f232c107870 secure :-1 s=STATE_CONNECTION_ESTABLISHED l=1).mark_down
2024-09-19T05:01:21.038 INFO:teuthology.orchestra.run.smithi031.stdout:/usr/bin/ceph: stderr
2024-09-19T05:01:20.038+0000 7f2330a00640 1 --2- 172.21.15.31:0/2073904444 >> [v2:172.21.15.31:3300/0,v1:172.21.15.31:6789/0] conn(0x7f232c107470 0x7f232c107870 secure :-1 s=READY pgs=57 cs=0 l=1 rev1=1 crypto rx=0x7f231c009820 tx=0x7f231c02a270 comp rx=0 tx=0).stop
2024-09-19T05:01:21.038 INFO:teuthology.orchestra.run.smithi031.stdout:/usr/bin/ceph: stderr
2024-09-19T05:01:20.038+0000 7f2330a00640 1 -- 172.21.15.31:0/2073904444 shutdown_connections
2024-09-19T05:01:21.038 INFO:teuthology.orchestra.run.smithi031.stdout:/usr/bin/ceph: stderr
2024-09-19T05:01:20.038+0000 7f2330a00640 1 --2- 172.21.15.31:0/2073904444 >> [v2:172.21.15.31:3300/0,v1:172.21.15.31:6789/0] conn(0x7f232c107470 0x7f232c107870 unknown :-1 s=CLOSED pgs=57 cs=0 l=1 rev1=1 crypto rx=0 tx=0 comp rx=0 tx=0).stop
2024-09-19T05:01:21.038 INFO:teuthology.orchestra.run.smithi031.stdout:/usr/bin/ceph: stderr
2024-09-19T05:01:20.038+0000 7f2330a00640 1 -- 172.21.15.31:0/2073904444 >> 172.21.15.31:0/2073904444 conn(0x7f232c102c00 msgr2=0x7f232c105040 unknown :-1 s=STATE_NONE l=0).mark_down
2024-09-19T05:01:21.038 INFO:teuthology.orchestra.run.smithi031.stdout:/usr/bin/ceph: stderr
2024-09-19T05:01:20.038+0000 7f2330a00640 1 -- 172.21.15.31:0/2073904444 shutdown_connections
2024-09-19T05:01:21.038 INFO:teuthology.orchestra.run.smithi031.stdout:/usr/bin/ceph: stderr
2024-09-19T05:01:20.038+0000 7f2330a00640 1 -- 172.21.15.31:0/2073904444 wait complete.
2024-09-19T05:01:21.038 INFO:teuthology.orchestra.run.smithi031.stdout:/usr/bin/ceph: stderr
2024-09-19T05:01:20.039+0000 7f2330a00640 1 Processor -- start
2024-09-19T05:01:21.038 INFO:teuthology.orchestra.run.smithi031.stdout:/usr/bin/ceph: stderr
2024-09-19T05:01:20.039+0000 7f2330a00640 1 -- start start
2024-09-19T05:01:21.038 INFO:teuthology.orchestra.run.smithi031.stdout:/usr/bin/ceph: stderr
2024-09-19T05:01:20.040+0000 7f2330a00640 1 --2- >> [v2:172.21.15.31:3300/0,v1:172.21.15.31:6789/0] conn(0x7f232c107470 0x7f232c07db40 unknown :-1 s=NONE pgs=0 cs=0 l=1 rev1=0 crypto rx=0 tx=0 comp rx=0 tx=0).connect
2024-09-19T05:01:21.038 INFO:teuthology.orchestra.run.smithi031.stdout:/usr/bin/ceph: stderr
2024-09-19T05:01:20.040+0000 7f2330a00640 1 -- --> [v2:172.21.15.31:3300/0,v1:172.21.15.31:6789/0] -- mon_getmap magic: 0 -- 0x7f232c10b9d0 con 0x7f232c107470
2024-09-19T05:01:21.039 INFO:teuthology.orchestra.run.smithi031.stdout:/usr/bin/ceph: stderr
2024-09-19T05:01:20.040+0000 7f232a800640 1 --2- >> [v2:172.21.15.31:3300/0,v1:172.21.15.31:6789/0] conn(0x7f232c107470 0x7f232c07db40 unknown :-1 s=BANNER_CONNECTING pgs=0 cs=0 l=1 rev1=0 crypto rx=0 tx=0 comp rx=0 tx=0)._handle_peer_banner_payload supported=3 required=0
2024-09-19T05:01:21.039 INFO:teuthology.orchestra.run.smithi031.stdout:/usr/bin/ceph: stderr
2024-09-19T05:01:20.040+0000 7f232a800640 1 --2- >> [v2:172.21.15.31:3300/0,v1:172.21.15.31:6789/0] conn(0x7f232c107470 0x7f232c07db40 unknown :-1 s=HELLO_CONNECTING pgs=0 cs=0 l=1 rev1=1 crypto rx=0 tx=0 comp rx=0 tx=0).handle_hello peer v2:172.21.15.31:3300/0 says I am v2:172.21.15.31:34758/0 (socket says 172.21.15.31:34758)
2024-09-19T05:01:21.039 INFO:teuthology.orchestra.run.smithi031.stdout:/usr/bin/ceph: stderr
2024-09-19T05:01:20.040+0000 7f232a800640 1 -- 172.21.15.31:0/4206981537 learned_addr learned my addr 172.21.15.31:0/4206981537 (peer_addr_for_me v2:172.21.15.31:0/0)
2024-09-19T05:01:21.039 INFO:teuthology.orchestra.run.smithi031.stdout:/usr/bin/ceph: stderr
2024-09-19T05:01:20.041+0000 7f232a800640 1 -- 172.21.15.31:0/4206981537 --> [v2:172.21.15.31:3300/0,v1:172.21.15.31:6789/0] -- mon_subscribe({config=0+,monmap=0+}) -- 0x7f232c07e080 con 0x7f232c107470
2024-09-19T05:01:21.039 INFO:teuthology.orchestra.run.smithi031.stdout:/usr/bin/ceph: stderr
2024-09-19T05:01:20.041+0000 7f232a800640 1 --2- 172.21.15.31:0/4206981537 >> [v2:172.21.15.31:3300/0,v1:172.21.15.31:6789/0] conn(0x7f232c107470 0x7f232c07db40 secure :-1 s=READY pgs=58 cs=0 l=1 rev1=1 crypto rx=0x7f231c030560 tx=0x7f231c032670 comp rx=0 tx=0).ready entity=mon.0 client_cookie=0 server_cookie=0 in_seq=0 out_seq=0
2024-09-19T05:01:21.039 INFO:teuthology.orchestra.run.smithi031.stdout:/usr/bin/ceph: stderr
2024-09-19T05:01:20.041+0000 7f2323400640 1 -- 172.21.15.31:0/4206981537 <== mon.0 v2:172.21.15.31:3300/0 1 ==== mon_map magic: 0 ==== 205+0+0 (secure 0 0 0) 0x7f231c037040 con 0x7f232c107470
2024-09-19T05:01:21.039 INFO:teuthology.orchestra.run.smithi031.stdout:/usr/bin/ceph: stderr
2024-09-19T05:01:20.041+0000 7f2323400640 1 -- 172.21.15.31:0/4206981537 <== mon.0 v2:172.21.15.31:3300/0 2 ==== config(27 keys) ==== 1140+0+0 (secure 0 0 0) 0x7f231c040070 con 0x7f232c107470
2024-09-19T05:01:21.039 INFO:teuthology.orchestra.run.smithi031.stdout:/usr/bin/ceph: stderr
2024-09-19T05:01:20.041+0000 7f2330a00640 1 -- 172.21.15.31:0/4206981537 --> [v2:172.21.15.31:3300/0,v1:172.21.15.31:6789/0] -- mon_subscribe({mgrmap=0+}) -- 0x7f232c07c270 con 0x7f232c107470
2024-09-19T05:01:21.039 INFO:teuthology.orchestra.run.smithi031.stdout:/usr/bin/ceph: stderr
2024-09-19T05:01:20.041+0000 7f2323400640 1 -- 172.21.15.31:0/4206981537 <== mon.0 v2:172.21.15.31:3300/0 3 ==== mon_map magic: 0 ==== 205+0+0 (secure 0 0 0) 0x7f231c03a740 con 0x7f232c107470
2024-09-19T05:01:21.039 INFO:teuthology.orchestra.run.smithi031.stdout:/usr/bin/ceph: stderr
2024-09-19T05:01:20.041+0000 7f2330a00640 1 -- 172.21.15.31:0/4206981537 --> [v2:172.21.15.31:3300/0,v1:172.21.15.31:6789/0] -- mon_subscribe({osdmap=0}) -- 0x7f232c07c7b0 con 0x7f232c107470
2024-09-19T05:01:21.039 INFO:teuthology.orchestra.run.smithi031.stdout:/usr/bin/ceph: stderr
2024-09-19T05:01:20.043+0000 7f2323400640 1 -- 172.21.15.31:0/4206981537 <== mon.0 v2:172.21.15.31:3300/0 4 ==== mgrmap(e 9) ==== 46474+0+0 (secure 0 0 0) 0x7f231c03a8e0 con 0x7f232c107470
2024-09-19T05:01:21.039 INFO:teuthology.orchestra.run.smithi031.stdout:/usr/bin/ceph: stderr
2024-09-19T05:01:20.043+0000 7f2330a00640 1 -- 172.21.15.31:0/4206981537 --> [v2:172.21.15.31:3300/0,v1:172.21.15.31:6789/0] -- mon_command({"prefix": "get_command_descriptions"} v 0) -- 0x7f232c1078f0 con 0x7f232c107470
2024-09-19T05:01:21.040 INFO:teuthology.orchestra.run.smithi031.stdout:/usr/bin/ceph: stderr
2024-09-19T05:01:20.043+0000 7f2323400640 1 --2- 172.21.15.31:0/4206981537 >> [v2:172.21.15.31:6800/2936975320,v1:172.21.15.31:6801/2936975320] conn(0x7f2310039260 0x7f231003b720 unknown :-1 s=NONE pgs=0 cs=0 l=1 rev1=0 crypto rx=0 tx=0 comp rx=0 tx=0).connect
2024-09-19T05:01:21.040 INFO:teuthology.orchestra.run.smithi031.stdout:/usr/bin/ceph: stderr
2024-09-19T05:01:20.043+0000 7f2323400640 1 -- 172.21.15.31:0/4206981537 <== mon.0 v2:172.21.15.31:3300/0 5 ==== osd_map(2..2 src has 1..2) ==== 940+0+0 (secure 0 0 0) 0x7f231c06c980 con 0x7f232c107470
2024-09-19T05:01:21.040 INFO:teuthology.orchestra.run.smithi031.stdout:/usr/bin/ceph: stderr
2024-09-19T05:01:20.043+0000 7f2329e00640 1 -- 172.21.15.31:0/4206981537 >> [v2:172.21.15.31:6800/2936975320,v1:172.21.15.31:6801/2936975320] conn(0x7f2310039260 msgr2=0x7f231003b720 unknown :-1 s=STATE_CONNECTING_RE l=1).process reconnect failed to v2:172.21.15.31:6800/2936975320
2024-09-19T05:01:21.040 INFO:teuthology.orchestra.run.smithi031.stdout:/usr/bin/ceph: stderr
2024-09-19T05:01:20.043+0000 7f2329e00640 1 --2- 172.21.15.31:0/4206981537 >> [v2:172.21.15.31:6800/2936975320,v1:172.21.15.31:6801/2936975320] conn(0x7f2310039260 0x7f231003b720 unknown :-1 s=START_CONNECT pgs=0 cs=0 l=1 rev1=0 crypto rx=0 tx=0 comp rx=0 tx=0)._fault waiting 0.200000
2024-09-19T05:01:21.040 INFO:teuthology.orchestra.run.smithi031.stdout:/usr/bin/ceph: stderr
2024-09-19T05:01:20.052+0000 7f2323400640 1 -- 172.21.15.31:0/4206981537 <== mon.0 v2:172.21.15.31:3300/0 6 ==== mon_command_ack([{"prefix": "get_command_descriptions"}]=0 v0) ==== 72+0+188913 (secure 0 0 0) 0x7f231c044c70 con 0x7f232c107470
2024-09-19T05:01:21.040 INFO:teuthology.orchestra.run.smithi031.stdout:/usr/bin/ceph: stderr
2024-09-19T05:01:20.244+0000 7f2329e00640 1 -- 172.21.15.31:0/4206981537 >> [v2:172.21.15.31:6800/2936975320,v1:172.21.15.31:6801/2936975320] conn(0x7f2310039260 msgr2=0x7f231003b720 unknown :-1 s=STATE_CONNECTING_RE l=1).process reconnect failed to v2:172.21.15.31:6800/2936975320
2024-09-19T05:01:21.040 INFO:teuthology.orchestra.run.smithi031.stdout:/usr/bin/ceph: stderr
2024-09-19T05:01:20.244+0000 7f2329e00640 1 --2- 172.21.15.31:0/4206981537 >> [v2:172.21.15.31:6800/2936975320,v1:172.21.15.31:6801/2936975320] conn(0x7f2310039260 0x7f231003b720 unknown :-1 s=START_CONNECT pgs=0 cs=0 l=1 rev1=0 crypto rx=0 tx=0 comp rx=0 tx=0)._fault waiting 0.400000
2024-09-19T05:01:21.040 INFO:teuthology.orchestra.run.smithi031.stdout:/usr/bin/ceph: stderr
2024-09-19T05:01:20.286+0000 7f2330a00640 1 -- 172.21.15.31:0/4206981537 --> [v2:172.21.15.31:3300/0,v1:172.21.15.31:6789/0] -- mon_command({"prefix": "mgr stat"} v 0) -- 0x7f232c07d0c0 con 0x7f232c107470
2024-09-19T05:01:21.040 INFO:teuthology.orchestra.run.smithi031.stdout:/usr/bin/ceph: stderr
2024-09-19T05:01:20.287+0000 7f2323400640 1 -- 172.21.15.31:0/4206981537 <== mon.0 v2:172.21.15.31:3300/0 7 ==== mon_command_ack([{"prefix": "mgr stat"}]=0 v9) ==== 56+0+88 (secure 0 0 0) 0x7f231c041270 con 0x7f232c107470
2024-09-19T05:01:21.040 INFO:teuthology.orchestra.run.smithi031.stdout:/usr/bin/ceph: stderr
2024-09-19T05:01:20.289+0000 7f2330a00640 1 -- 172.21.15.31:0/4206981537 >> [v2:172.21.15.31:6800/2936975320,v1:172.21.15.31:6801/2936975320] conn(0x7f2310039260 msgr2=0x7f231003b720 unknown :-1 s=STATE_CONNECTING l=1).mark_down
2024-09-19T05:01:21.040 INFO:teuthology.orchestra.run.smithi031.stdout:/usr/bin/ceph: stderr
2024-09-19T05:01:20.289+0000 7f2330a00640 1 --2- 172.21.15.31:0/4206981537 >> [v2:172.21.15.31:6800/2936975320,v1:172.21.15.31:6801/2936975320] conn(0x7f2310039260 0x7f231003b720 unknown :-1 s=START_CONNECT pgs=0 cs=0 l=1 rev1=0 crypto rx=0 tx=0 comp rx=0 tx=0).stop
2024-09-19T05:01:21.040 INFO:teuthology.orchestra.run.smithi031.stdout:/usr/bin/ceph: stderr
2024-09-19T05:01:20.289+0000 7f2330a00640 1 -- 172.21.15.31:0/4206981537 >> [v2:172.21.15.31:3300/0,v1:172.21.15.31:6789/0] conn(0x7f232c107470 msgr2=0x7f232c07db40 secure :-1 s=STATE_CONNECTION_ESTABLISHED l=1).mark_down
2024-09-19T05:01:21.041 INFO:teuthology.orchestra.run.smithi031.stdout:/usr/bin/ceph: stderr
2024-09-19T05:01:20.289+0000 7f2330a00640 1 --2- 172.21.15.31:0/4206981537 >> [v2:172.21.15.31:3300/0,v1:172.21.15.31:6789/0] conn(0x7f232c107470 0x7f232c07db40 secure :-1 s=READY pgs=58 cs=0 l=1 rev1=1 crypto rx=0x7f231c030560 tx=0x7f231c032670 comp rx=0 tx=0).stop
2024-09-19T05:01:21.041 INFO:teuthology.orchestra.run.smithi031.stdout:/usr/bin/ceph: stderr
2024-09-19T05:01:20.289+0000 7f2330a00640 1 -- 172.21.15.31:0/4206981537 shutdown_connections
2024-09-19T05:01:21.041 INFO:teuthology.orchestra.run.smithi031.stdout:/usr/bin/ceph: stderr
2024-09-19T05:01:20.289+0000 7f2330a00640 1 --2- 172.21.15.31:0/4206981537 >> [v2:172.21.15.31:6800/2936975320,v1:172.21.15.31:6801/2936975320] conn(0x7f2310039260 0x7f231003b720 unknown :-1 s=CLOSED pgs=0 cs=0 l=1 rev1=0 crypto rx=0 tx=0 comp rx=0 tx=0).stop
2024-09-19T05:01:21.041 INFO:teuthology.orchestra.run.smithi031.stdout:/usr/bin/ceph: stderr
2024-09-19T05:01:20.289+0000 7f2330a00640 1 --2- 172.21.15.31:0/4206981537 >> [v2:172.21.15.31:3300/0,v1:172.21.15.31:6789/0] conn(0x7f232c107470 0x7f232c07db40 unknown :-1 s=CLOSED pgs=58 cs=0 l=1 rev1=1 crypto rx=0 tx=0 comp rx=0 tx=0).stop
2024-09-19T05:01:21.041 INFO:teuthology.orchestra.run.smithi031.stdout:/usr/bin/ceph: stderr
2024-09-19T05:01:20.289+0000 7f2330a00640 1 -- 172.21.15.31:0/4206981537 >> 172.21.15.31:0/4206981537 conn(0x7f232c102c00 msgr2=0x7f232c103790 unknown :-1 s=STATE_NONE l=0).mark_down
2024-09-19T05:01:21.041 INFO:teuthology.orchestra.run.smithi031.stdout:/usr/bin/ceph: stderr
2024-09-19T05:01:20.290+0000 7f2330a00640 1 -- 172.21.15.31:0/4206981537 shutdown_connections
2024-09-19T05:01:21.041 INFO:teuthology.orchestra.run.smithi031.stdout:/usr/bin/ceph: stderr
2024-09-19T05:01:20.290+0000 7f2330a00640 1 -- 172.21.15.31:0/4206981537 wait complete.
2024-09-19T05:01:21.041 INFO:teuthology.orchestra.run.smithi031.stdout:Waiting for the mgr to restart...
2024-09-19T05:01:21.041 INFO:teuthology.orchestra.run.smithi031.stdout:Waiting for mgr epoch 9...
2024-09-19T05:01:21.599 INFO:journalctl@ceph.mgr.x.smithi031.stdout:Sep 19 05:01:21 smithi031 ceph-f3e5399c-7643-11ef-bceb-c7b262605968-mgr-x[30880]:
2024-09-19T05:01:21.329+0000 7f378e5da040 -1 mgr[py] Module telemetry has missing NOTIFY_TYPES member
2024-09-19T05:01:21.599 INFO:journalctl@ceph.mgr.x.smithi031.stdout:Sep 19 05:01:21 smithi031 ceph-f3e5399c-7643-11ef-bceb-c7b262605968-mgr-x[30880]:
2024-09-19T05:01:21.414+0000 7f378e5da040 -1 mgr[py] Module balancer has missing NOTIFY_TYPES member
2024-09-19T05:01:22.511 INFO:journalctl@ceph.mgr.x.smithi031.stdout:Sep 19 05:01:22 smithi031 ceph-f3e5399c-7643-11ef-bceb-c7b262605968-mgr-x[30880]:
2024-09-19T05:01:22.368+0000 7f378e5da040 -1 mgr[py] Module rook has missing NOTIFY_TYPES member
2024-09-19T05:01:22.511 INFO:journalctl@ceph.mgr.x.smithi031.stdout:Sep 19 05:01:22 smithi031 ceph-f3e5399c-7643-11ef-bceb-c7b262605968-mgr-x[30880]:
2024-09-19T05:01:22.509+0000 7f378e5da040 -1 mgr[py] Module iostat has missing NOTIFY_TYPES member
2024-09-19T05:01:22.770 INFO:journalctl@ceph.mgr.x.smithi031.stdout:Sep 19 05:01:22 smithi031 ceph-f3e5399c-7643-11ef-bceb-c7b262605968-mgr-x[30880]:
2024-09-19T05:01:22.679+0000 7f378e5da040 -1 mgr[py] Module orchestrator has missing NOTIFY_TYPES member
2024-09-19T05:01:22.771 INFO:journalctl@ceph.mgr.x.smithi031.stdout:Sep 19 05:01:22 smithi031 ceph-f3e5399c-7643-11ef-bceb-c7b262605968-mgr-x[30880]:
2024-09-19T05:01:22.754+0000 7f378e5da040 -1 mgr[py] Module devicehealth has missing NOTIFY_TYPES member
2024-09-19T05:01:23.270 INFO:journalctl@ceph.mgr.x.smithi031.stdout:Sep 19 05:01:22 smithi031 ceph-f3e5399c-7643-11ef-bceb-c7b262605968-mgr-x[30880]:
2024-09-19T05:01:22.930+0000 7f378e5da040 -1 mgr[py] Module rgw has missing NOTIFY_TYPES member
2024-09-19T05:01:23.271 INFO:journalctl@ceph.mgr.x.smithi031.stdout:Sep 19 05:01:23 smithi031 ceph-f3e5399c-7643-11ef-bceb-c7b262605968-mgr-x[30880]:
2024-09-19T05:01:23.015+0000 7f378e5da040 -1 mgr[py] Module alerts has missing NOTIFY_TYPES member
2024-09-19T05:01:23.271 INFO:journalctl@ceph.mgr.x.smithi031.stdout:Sep 19 05:01:23 smithi031 ceph-f3e5399c-7643-11ef-bceb-c7b262605968-mgr-x[30880]:
2024-09-19T05:01:23.089+0000 7f378e5da040 -1 mgr[py] Module progress has missing NOTIFY_TYPES member
2024-09-19T05:01:23.540 INFO:journalctl@ceph.mgr.x.smithi031.stdout:Sep 19 05:01:23 smithi031 ceph-f3e5399c-7643-11ef-bceb-c7b262605968-mgr-x[30880]:
2024-09-19T05:01:23.277+0000 7f378e5da040 -1 mgr[py] Module nfs has missing NOTIFY_TYPES member
2024-09-19T05:01:23.540 INFO:journalctl@ceph.mgr.x.smithi031.stdout:Sep 19 05:01:23 smithi031 ceph-f3e5399c-7643-11ef-bceb-c7b262605968-mgr-x[30880]:
2024-09-19T05:01:23.357+0000 7f378e5da040 -1 mgr[py] Module status has missing NOTIFY_TYPES member
2024-09-19T05:01:23.540 INFO:journalctl@ceph.mgr.x.smithi031.stdout:Sep 19 05:01:23 smithi031 ceph-f3e5399c-7643-11ef-bceb-c7b262605968-mgr-x[30880]:
2024-09-19T05:01:23.438+0000 7f378e5da040 -1 mgr[py] Module pg_autoscaler has missing NOTIFY_TYPES member
2024-09-19T05:01:23.541 INFO:journalctl@ceph.mgr.x.smithi031.stdout:Sep 19 05:01:23 smithi031 ceph-f3e5399c-7643-11ef-bceb-c7b262605968-mgr-x[30880]:
2024-09-19T05:01:23.539+0000 7f378e5da040 -1 mgr[py] Module rbd_support has missing NOTIFY_TYPES member
2024-09-19T05:01:24.021 INFO:journalctl@ceph.mgr.x.smithi031.stdout:Sep 19 05:01:23 smithi031 ceph-f3e5399c-7643-11ef-bceb-c7b262605968-mgr-x[30880]:
2024-09-19T05:01:23.612+0000 7f378e5da040 -1 mgr[py] Module influx has missing NOTIFY_TYPES member
2024-09-19T05:01:24.021 INFO:journalctl@ceph.mgr.x.smithi031.stdout:Sep 19 05:01:23 smithi031 ceph-f3e5399c-7643-11ef-bceb-c7b262605968-mgr-x[30880]:
2024-09-19T05:01:23.685+0000 7f378e5da040 -1 mgr[py] Module zabbix has missing NOTIFY_TYPES member
2024-09-19T05:01:24.870 INFO:journalctl@ceph.mgr.x.smithi031.stdout:Sep 19 05:01:24 smithi031 ceph-f3e5399c-7643-11ef-bceb-c7b262605968-mgr-x[30880]:
2024-09-19T05:01:24.631+0000 7f378e5da040 -1 mgr[py] Module telegraf has missing NOTIFY_TYPES member
2024-09-19T05:01:24.870 INFO:journalctl@ceph.mon.a.smithi031.stdout:Sep 19 05:01:24 smithi031 ceph-mon[30644]: Active manager daemon x restarted
2024-09-19T05:01:24.870 INFO:journalctl@ceph.mon.a.smithi031.stdout:Sep 19 05:01:24 smithi031 ceph-mon[30644]: Activating manager daemon x
2024-09-19T05:01:24.870 INFO:journalctl@ceph.mon.a.smithi031.stdout:Sep 19 05:01:24 smithi031 ceph-mon[30644]: osdmap e3: 0 total, 0 up, 0 in
2024-09-19T05:01:24.870 INFO:journalctl@ceph.mon.a.smithi031.stdout:Sep 19 05:01:24 smithi031 ceph-mon[30644]: mgrmap e10: x(active, starting, since 0.0036366s)
2024-09-19T05:01:24.871 INFO:journalctl@ceph.mon.a.smithi031.stdout:Sep 19 05:01:24 smithi031 ceph-mon[30644]: from='mgr.14150 172.21.15.31:0/3057321174' entity='mgr.x' cmd=[{"prefix": "mon metadata", "id": "a"}]: dispatch
2024-09-19T05:01:24.871 INFO:journalctl@ceph.mon.a.smithi031.stdout:Sep 19 05:01:24 smithi031 ceph-mon[30644]: from='mgr.14150 172.21.15.31:0/3057321174' entity='mgr.x' cmd=[{"prefix": "mgr metadata", "who": "x", "id": "x"}]: dispatch
2024-09-19T05:01:24.871 INFO:journalctl@ceph.mon.a.smithi031.stdout:Sep 19 05:01:24 smithi031 ceph-mon[30644]: from='mgr.14150 172.21.15.31:0/3057321174' entity='mgr.x' cmd=[{"prefix": "mds metadata"}]: dispatch
2024-09-19T05:01:24.871 INFO:journalctl@ceph.mon.a.smithi031.stdout:Sep 19 05:01:24 smithi031 ceph-mon[30644]: from='mgr.14150 172.21.15.31:0/3057321174' entity='mgr.x' cmd=[{"prefix": "osd metadata"}]: dispatch
2024-09-19T05:01:24.871 INFO:journalctl@ceph.mon.a.smithi031.stdout:Sep 19 05:01:24 smithi031 ceph-mon[30644]: from='mgr.14150 172.21.15.31:0/3057321174' entity='mgr.x' cmd=[{"prefix": "mon metadata"}]: dispatch
2024-09-19T05:01:24.871 INFO:journalctl@ceph.mon.a.smithi031.stdout:Sep 19 05:01:24 smithi031 ceph-mon[30644]: Manager daemon x is now available
2024-09-19T05:01:24.871 INFO:journalctl@ceph.mon.a.smithi031.stdout:Sep 19 05:01:24 smithi031 ceph-mon[30644]: from='mgr.14150 172.21.15.31:0/3057321174' entity='mgr.x' cmd=[{"prefix": "config dump", "format": "json"}]: dispatch
2024-09-19T05:01:25.938 INFO:journalctl@ceph.mon.a.smithi031.stdout:Sep 19 05:01:25 smithi031 ceph-mon[30644]: from='mgr.14150 172.21.15.31:0/3057321174' entity='mgr.x' cmd=[{"prefix":"config rm","who":"mgr","name":"mgr/rbd_support/x/mirror_snapshot_schedule"}]: dispatch
2024-09-19T05:01:25.938 INFO:journalctl@ceph.mon.a.smithi031.stdout:Sep 19 05:01:25 smithi031 ceph-mon[30644]: from='mgr.14150 172.21.15.31:0/3057321174' entity='mgr.x' cmd=[{"prefix":"config rm","who":"mgr","name":"mgr/rbd_support/x/trash_purge_schedule"}]: dispatch
2024-09-19T05:01:25.938 INFO:journalctl@ceph.mon.a.smithi031.stdout:Sep 19 05:01:25 smithi031 ceph-mon[30644]: from='client.14154 -' entity='client.admin' cmd=[{"prefix": "get_command_descriptions"}]: dispatch
2024-09-19T05:01:25.938 INFO:journalctl@ceph.mon.a.smithi031.stdout:Sep 19 05:01:25 smithi031 ceph-mon[30644]: mgrmap e11: x(active, since 1.0076s)
2024-09-19T05:01:25.938 INFO:journalctl@ceph.mon.a.smithi031.stdout:Sep 19 05:01:25 smithi031 ceph-mon[30644]: from='client.14154 -' entity='client.admin' cmd=[{"prefix": "mgr_status"}]: dispatch
2024-09-19T05:01:27.038 INFO:teuthology.orchestra.run.smithi031.stdout:/usr/bin/ceph: stdout {
2024-09-19T05:01:27.038 INFO:teuthology.orchestra.run.smithi031.stdout:/usr/bin/ceph: stdout "mgrmap_epoch": 11,
2024-09-19T05:01:27.038 INFO:teuthology.orchestra.run.smithi031.stdout:/usr/bin/ceph: stdout "initialized": true
2024-09-19T05:01:27.039 INFO:teuthology.orchestra.run.smithi031.stdout:/usr/bin/ceph: stdout }
2024-09-19T05:01:27.039 INFO:teuthology.orchestra.run.smithi031.stdout:/usr/bin/ceph: stderr
2024-09-19T05:01:21.597+0000 7fbe7ac00640 1 Processor -- start
2024-09-19T05:01:27.039 INFO:teuthology.orchestra.run.smithi031.stdout:/usr/bin/ceph: stderr
2024-09-19T05:01:21.597+0000 7fbe7ac00640 1 -- start start
2024-09-19T05:01:27.039 INFO:teuthology.orchestra.run.smithi031.stdout:/usr/bin/ceph: stderr
2024-09-19T05:01:21.598+0000 7fbe7ac00640 1 --2- >> [v2:172.21.15.31:3300/0,v1:172.21.15.31:6789/0] conn(0x7fbe74109840 0x7fbe74109c40 unknown :-1 s=NONE pgs=0 cs=0 l=0 rev1=0 crypto rx=0 tx=0 comp rx=0 tx=0).connect
2024-09-19T05:01:27.039 INFO:teuthology.orchestra.run.smithi031.stdout:/usr/bin/ceph: stderr
2024-09-19T05:01:21.598+0000 7fbe7ac00640 1 -- --> [v2:172.21.15.31:3300/0,v1:172.21.15.31:6789/0] -- mon_getmap magic: 0 -- 0x7fbe7410a210 con 0x7fbe74109840
2024-09-19T05:01:27.039 INFO:teuthology.orchestra.run.smithi031.stdout:/usr/bin/ceph: stderr
2024-09-19T05:01:21.598+0000 7fbe73e00640 1 --2- >> [v2:172.21.15.31:3300/0,v1:172.21.15.31:6789/0] conn(0x7fbe74109840 0x7fbe74109c40 unknown :-1 s=BANNER_CONNECTING pgs=0 cs=0 l=0 rev1=0 crypto rx=0 tx=0 comp rx=0 tx=0)._handle_peer_banner_payload supported=3 required=0
2024-09-19T05:01:27.039 INFO:teuthology.orchestra.run.smithi031.stdout:/usr/bin/ceph: stderr
2024-09-19T05:01:21.598+0000 7fbe73e00640 1 --2- >> [v2:172.21.15.31:3300/0,v1:172.21.15.31:6789/0] conn(0x7fbe74109840 0x7fbe74109c40 unknown :-1 s=HELLO_CONNECTING pgs=0 cs=0 l=0 rev1=1 crypto rx=0 tx=0 comp rx=0 tx=0).handle_hello peer v2:172.21.15.31:3300/0 says I am v2:172.21.15.31:34764/0 (socket says 172.21.15.31:34764)
2024-09-19T05:01:27.039 INFO:teuthology.orchestra.run.smithi031.stdout:/usr/bin/ceph: stderr
2024-09-19T05:01:21.598+0000 7fbe73e00640 1 -- 172.21.15.31:0/2899278166 learned_addr learned my addr 172.21.15.31:0/2899278166 (peer_addr_for_me v2:172.21.15.31:0/0)
2024-09-19T05:01:27.039 INFO:teuthology.orchestra.run.smithi031.stdout:/usr/bin/ceph: stderr
2024-09-19T05:01:21.599+0000 7fbe73e00640 1 -- 172.21.15.31:0/2899278166 --> [v2:172.21.15.31:3300/0,v1:172.21.15.31:6789/0] -- mon_subscribe({config=0+,monmap=0+}) -- 0x7fbe7410aa10 con 0x7fbe74109840
2024-09-19T05:01:27.039 INFO:teuthology.orchestra.run.smithi031.stdout:/usr/bin/ceph: stderr
2024-09-19T05:01:21.600+0000 7fbe73e00640 1 --2- 172.21.15.31:0/2899278166 >> [v2:172.21.15.31:3300/0,v1:172.21.15.31:6789/0] conn(0x7fbe74109840 0x7fbe74109c40 secure :-1 s=READY pgs=59 cs=0 l=1 rev1=1 crypto rx=0x7fbe64009820 tx=0x7fbe6402a270 comp rx=0 tx=0).ready entity=mon.0 client_cookie=cc93b3293763272f server_cookie=0 in_seq=0 out_seq=0
2024-09-19T05:01:27.039 INFO:teuthology.orchestra.run.smithi031.stdout:/usr/bin/ceph: stderr
2024-09-19T05:01:21.600+0000 7fbe72a00640 1 -- 172.21.15.31:0/2899278166 <== mon.0 v2:172.21.15.31:3300/0 1 ==== mon_map magic: 0 ==== 205+0+0 (secure 0 0 0) 0x7fbe64037070 con 0x7fbe74109840
2024-09-19T05:01:27.039 INFO:teuthology.orchestra.run.smithi031.stdout:/usr/bin/ceph: stderr
2024-09-19T05:01:21.600+0000 7fbe72a00640 1 -- 172.21.15.31:0/2899278166 <== mon.0 v2:172.21.15.31:3300/0 2 ==== config(27 keys) ==== 1140+0+0 (secure 0 0 0) 0x7fbe64032920 con 0x7fbe74109840
2024-09-19T05:01:27.040 INFO:teuthology.orchestra.run.smithi031.stdout:/usr/bin/ceph: stderr
2024-09-19T05:01:21.600+0000 7fbe72a00640 1 -- 172.21.15.31:0/2899278166 <== mon.0 v2:172.21.15.31:3300/0 3 ==== mon_map magic: 0 ==== 205+0+0 (secure 0 0 0) 0x7fbe64030810 con 0x7fbe74109840
2024-09-19T05:01:27.040 INFO:teuthology.orchestra.run.smithi031.stdout:/usr/bin/ceph: stderr
2024-09-19T05:01:21.601+0000 7fbe7ac00640 1 -- 172.21.15.31:0/2899278166 >> [v2:172.21.15.31:3300/0,v1:172.21.15.31:6789/0] conn(0x7fbe74109840 msgr2=0x7fbe74109c40 secure :-1 s=STATE_CONNECTION_ESTABLISHED l=1).mark_down
2024-09-19T05:01:27.040 INFO:teuthology.orchestra.run.smithi031.stdout:/usr/bin/ceph: stderr
2024-09-19T05:01:21.601+0000 7fbe7ac00640 1 --2- 172.21.15.31:0/2899278166 >> [v2:172.21.15.31:3300/0,v1:172.21.15.31:6789/0] conn(0x7fbe74109840 0x7fbe74109c40 secure :-1 s=READY pgs=59 cs=0 l=1 rev1=1 crypto rx=0x7fbe64009820 tx=0x7fbe6402a270 comp rx=0 tx=0).stop
2024-09-19T05:01:27.040 INFO:teuthology.orchestra.run.smithi031.stdout:/usr/bin/ceph: stderr
2024-09-19T05:01:21.601+0000 7fbe7ac00640 1 -- 172.21.15.31:0/2899278166 shutdown_connections
2024-09-19T05:01:27.040 INFO:teuthology.orchestra.run.smithi031.stdout:/usr/bin/ceph: stderr
2024-09-19T05:01:21.601+0000 7fbe7ac00640 1 --2- 172.21.15.31:0/2899278166 >> [v2:172.21.15.31:3300/0,v1:172.21.15.31:6789/0] conn(0x7fbe74109840 0x7fbe74109c40 unknown :-1 s=CLOSED pgs=59 cs=0 l=1 rev1=1 crypto rx=0 tx=0 comp rx=0 tx=0).stop
2024-09-19T05:01:27.040 INFO:teuthology.orchestra.run.smithi031.stdout:/usr/bin/ceph: stderr
2024-09-19T05:01:21.601+0000 7fbe7ac00640 1 -- 172.21.15.31:0/2899278166 >> 172.21.15.31:0/2899278166 conn(0x7fbe7407ce00 msgr2=0x7fbe7407d230 unknown :-1 s=STATE_NONE l=0).mark_down
2024-09-19T05:01:27.040 INFO:teuthology.orchestra.run.smithi031.stdout:/usr/bin/ceph: stderr
2024-09-19T05:01:21.601+0000 7fbe7ac00640 1 -- 172.21.15.31:0/2899278166 shutdown_connections
2024-09-19T05:01:27.040 INFO:teuthology.orchestra.run.smithi031.stdout:/usr/bin/ceph: stderr
2024-09-19T05:01:21.601+0000 7fbe7ac00640 1 -- 172.21.15.31:0/2899278166 wait complete.
2024-09-19T05:01:27.040 INFO:teuthology.orchestra.run.smithi031.stdout:/usr/bin/ceph: stderr
2024-09-19T05:01:21.602+0000 7fbe7ac00640 1 Processor -- start
2024-09-19T05:01:27.040 INFO:teuthology.orchestra.run.smithi031.stdout:/usr/bin/ceph: stderr
2024-09-19T05:01:21.602+0000 7fbe7ac00640 1 -- start start
2024-09-19T05:01:27.040 INFO:teuthology.orchestra.run.smithi031.stdout:/usr/bin/ceph: stderr
