2024-09-19T05:01:31.393 INFO:teuthology.orchestra.run.smithi031.stdout:/usr/bin/ceph: stderr
2024-09-19T05:01:29.247+0000 7fbf36a00640 1 -- 172.21.15.31:0/2139769119 <== mon.0 v2:172.21.15.31:3300/0 4 ==== mgrmap(e 12) ==== 46474+0+0 (secure 0 0 0) 0x7fbf3003bb20 con 0x7fbf40107620
2024-09-19T05:01:31.393 INFO:teuthology.orchestra.run.smithi031.stdout:/usr/bin/ceph: stderr
2024-09-19T05:01:29.247+0000 7fbf44c00640 1 -- 172.21.15.31:0/2139769119 --> [v2:172.21.15.31:3300/0,v1:172.21.15.31:6789/0] -- mon_command({"prefix": "get_command_descriptions"} v 0) -- 0x7fbf4010bd50 con 0x7fbf40107620
2024-09-19T05:01:31.393 INFO:teuthology.orchestra.run.smithi031.stdout:/usr/bin/ceph: stderr
2024-09-19T05:01:29.247+0000 7fbf36a00640 1 --2- 172.21.15.31:0/2139769119 >> [v2:172.21.15.31:6800/3464259917,v1:172.21.15.31:6801/3464259917] conn(0x7fbf24039200 0x7fbf2403b6c0 unknown :-1 s=NONE pgs=0 cs=0 l=1 rev1=0 crypto rx=0 tx=0 comp rx=0 tx=0).connect
2024-09-19T05:01:31.393 INFO:teuthology.orchestra.run.smithi031.stdout:/usr/bin/ceph: stderr
2024-09-19T05:01:29.247+0000 7fbf36a00640 1 -- 172.21.15.31:0/2139769119 <== mon.0 v2:172.21.15.31:3300/0 5 ==== osd_map(3..3 src has 1..3) ==== 1155+0+0 (secure 0 0 0) 0x7fbf3006c9e0 con 0x7fbf40107620
2024-09-19T05:01:31.393 INFO:teuthology.orchestra.run.smithi031.stdout:/usr/bin/ceph: stderr
2024-09-19T05:01:29.248+0000 7fbf3d400640 1 --2- 172.21.15.31:0/2139769119 >> [v2:172.21.15.31:6800/3464259917,v1:172.21.15.31:6801/3464259917] conn(0x7fbf24039200 0x7fbf2403b6c0 unknown :-1 s=BANNER_CONNECTING pgs=0 cs=0 l=1 rev1=0 crypto rx=0 tx=0 comp rx=0 tx=0)._handle_peer_banner_payload supported=3 required=0
2024-09-19T05:01:31.393 INFO:teuthology.orchestra.run.smithi031.stdout:/usr/bin/ceph: stderr
2024-09-19T05:01:29.248+0000 7fbf3d400640 1 --2- 172.21.15.31:0/2139769119 >> [v2:172.21.15.31:6800/3464259917,v1:172.21.15.31:6801/3464259917] conn(0x7fbf24039200 0x7fbf2403b6c0 secure :-1 s=READY pgs=8 cs=0 l=1 rev1=1 crypto rx=0x7fbf2c0098c0 tx=0x7fbf2c006db0 comp rx=0 tx=0).ready entity=mgr.14150 client_cookie=0 server_cookie=0 in_seq=0 out_seq=0
2024-09-19T05:01:31.393 INFO:teuthology.orchestra.run.smithi031.stdout:/usr/bin/ceph: stderr
2024-09-19T05:01:29.252+0000 7fbf36a00640 1 -- 172.21.15.31:0/2139769119 <== mon.0 v2:172.21.15.31:3300/0 6 ==== mon_command_ack([{"prefix": "get_command_descriptions"}]=0 v0) ==== 72+0+188913 (secure 0 0 0) 0x7fbf300328f0 con 0x7fbf40107620
2024-09-19T05:01:31.393 INFO:teuthology.orchestra.run.smithi031.stdout:/usr/bin/ceph: stderr
2024-09-19T05:01:29.481+0000 7fbf44c00640 1 -- 172.21.15.31:0/2139769119 --> [v2:172.21.15.31:6800/3464259917,v1:172.21.15.31:6801/3464259917] -- mgr_command(tid 0: {"prefix": "dashboard ac-user-create", "username": "admin", "rolename": "administrator", "force_password": true, "pwd_update_required": true, "target": ["mon-mgr", ""]}) -- 0x7fbf4007c330 con 0x7fbf24039200
2024-09-19T05:01:31.393 INFO:teuthology.orchestra.run.smithi031.stdout:/usr/bin/ceph: stderr
2024-09-19T05:01:29.738+0000 7fbf36a00640 1 -- 172.21.15.31:0/2139769119 <== mgr.14150 v2:172.21.15.31:6800/3464259917 1 ==== mgr_command_reply(tid 0: 0 ) ==== 8+0+252 (secure 0 0 0) 0x7fbf4007c330 con 0x7fbf24039200
2024-09-19T05:01:31.394 INFO:teuthology.orchestra.run.smithi031.stdout:/usr/bin/ceph: stderr
2024-09-19T05:01:29.741+0000 7fbf44c00640 1 -- 172.21.15.31:0/2139769119 >> [v2:172.21.15.31:6800/3464259917,v1:172.21.15.31:6801/3464259917] conn(0x7fbf24039200 msgr2=0x7fbf2403b6c0 secure :-1 s=STATE_CONNECTION_ESTABLISHED l=1).mark_down
2024-09-19T05:01:31.394 INFO:teuthology.orchestra.run.smithi031.stdout:/usr/bin/ceph: stderr
2024-09-19T05:01:29.741+0000 7fbf44c00640 1 --2- 172.21.15.31:0/2139769119 >> [v2:172.21.15.31:6800/3464259917,v1:172.21.15.31:6801/3464259917] conn(0x7fbf24039200 0x7fbf2403b6c0 secure :-1 s=READY pgs=8 cs=0 l=1 rev1=1 crypto rx=0x7fbf2c0098c0 tx=0x7fbf2c006db0 comp rx=0 tx=0).stop
2024-09-19T05:01:31.394 INFO:teuthology.orchestra.run.smithi031.stdout:/usr/bin/ceph: stderr
2024-09-19T05:01:29.741+0000 7fbf44c00640 1 -- 172.21.15.31:0/2139769119 >> [v2:172.21.15.31:3300/0,v1:172.21.15.31:6789/0] conn(0x7fbf40107620 msgr2=0x7fbf4019b690 secure :-1 s=STATE_CONNECTION_ESTABLISHED l=1).mark_down
2024-09-19T05:01:31.394 INFO:teuthology.orchestra.run.smithi031.stdout:/usr/bin/ceph: stderr
2024-09-19T05:01:29.741+0000 7fbf44c00640 1 --2- 172.21.15.31:0/2139769119 >> [v2:172.21.15.31:3300/0,v1:172.21.15.31:6789/0] conn(0x7fbf40107620 0x7fbf4019b690 secure :-1 s=READY pgs=71 cs=0 l=1 rev1=1 crypto rx=0x7fbf30030560 tx=0x7fbf30032670 comp rx=0 tx=0).stop
2024-09-19T05:01:31.394 INFO:teuthology.orchestra.run.smithi031.stdout:/usr/bin/ceph: stderr
2024-09-19T05:01:29.741+0000 7fbf44c00640 1 -- 172.21.15.31:0/2139769119 shutdown_connections
2024-09-19T05:01:31.394 INFO:teuthology.orchestra.run.smithi031.stdout:/usr/bin/ceph: stderr
2024-09-19T05:01:29.741+0000 7fbf44c00640 1 --2- 172.21.15.31:0/2139769119 >> [v2:172.21.15.31:6800/3464259917,v1:172.21.15.31:6801/3464259917] conn(0x7fbf24039200 0x7fbf2403b6c0 unknown :-1 s=CLOSED pgs=8 cs=0 l=1 rev1=1 crypto rx=0 tx=0 comp rx=0 tx=0).stop
2024-09-19T05:01:31.394 INFO:teuthology.orchestra.run.smithi031.stdout:/usr/bin/ceph: stderr
2024-09-19T05:01:29.741+0000 7fbf44c00640 1 --2- 172.21.15.31:0/2139769119 >> [v2:172.21.15.31:3300/0,v1:172.21.15.31:6789/0] conn(0x7fbf40107620 0x7fbf4019b690 unknown :-1 s=CLOSED pgs=71 cs=0 l=1 rev1=1 crypto rx=0 tx=0 comp rx=0 tx=0).stop
2024-09-19T05:01:31.394 INFO:teuthology.orchestra.run.smithi031.stdout:/usr/bin/ceph: stderr
2024-09-19T05:01:29.741+0000 7fbf44c00640 1 -- 172.21.15.31:0/2139769119 >> 172.21.15.31:0/2139769119 conn(0x7fbf40102db0 msgr2=0x7fbf40103a10 unknown :-1 s=STATE_NONE l=0).mark_down
2024-09-19T05:01:31.394 INFO:teuthology.orchestra.run.smithi031.stdout:/usr/bin/ceph: stderr
2024-09-19T05:01:29.741+0000 7fbf44c00640 1 -- 172.21.15.31:0/2139769119 shutdown_connections
2024-09-19T05:01:31.394 INFO:teuthology.orchestra.run.smithi031.stdout:/usr/bin/ceph: stderr
2024-09-19T05:01:29.741+0000 7fbf44c00640 1 -- 172.21.15.31:0/2139769119 wait complete.
2024-09-19T05:01:31.394 INFO:teuthology.orchestra.run.smithi031.stdout:Fetching dashboard port number...
2024-09-19T05:01:32.091 INFO:journalctl@ceph.mon.a.smithi031.stdout:Sep 19 05:01:31 smithi031 ceph-mon[30644]: mgrmap e13: x(active, since 6s)
2024-09-19T05:01:32.757 INFO:teuthology.orchestra.run.smithi031.stdout:/usr/bin/ceph: stdout 8443
2024-09-19T05:01:32.757 INFO:teuthology.orchestra.run.smithi031.stdout:/usr/bin/ceph: stderr
2024-09-19T05:01:31.891+0000 7fc3adc00640 1 Processor -- start
2024-09-19T05:01:32.757 INFO:teuthology.orchestra.run.smithi031.stdout:/usr/bin/ceph: stderr
2024-09-19T05:01:31.892+0000 7fc3adc00640 1 -- start start
2024-09-19T05:01:32.757 INFO:teuthology.orchestra.run.smithi031.stdout:/usr/bin/ceph: stderr
2024-09-19T05:01:31.892+0000 7fc3adc00640 1 --2- >> [v2:172.21.15.31:3300/0,v1:172.21.15.31:6789/0] conn(0x7fc3a8109840 0x7fc3a8109c40 unknown :-1 s=NONE pgs=0 cs=0 l=0 rev1=0 crypto rx=0 tx=0 comp rx=0 tx=0).connect
2024-09-19T05:01:32.758 INFO:teuthology.orchestra.run.smithi031.stdout:/usr/bin/ceph: stderr
2024-09-19T05:01:31.892+0000 7fc3adc00640 1 -- --> [v2:172.21.15.31:3300/0,v1:172.21.15.31:6789/0] -- mon_getmap magic: 0 -- 0x7fc3a810a210 con 0x7fc3a8109840
2024-09-19T05:01:32.758 INFO:teuthology.orchestra.run.smithi031.stdout:/usr/bin/ceph: stderr
2024-09-19T05:01:31.892+0000 7fc3a6a00640 1 --2- >> [v2:172.21.15.31:3300/0,v1:172.21.15.31:6789/0] conn(0x7fc3a8109840 0x7fc3a8109c40 unknown :-1 s=BANNER_CONNECTING pgs=0 cs=0 l=0 rev1=0 crypto rx=0 tx=0 comp rx=0 tx=0)._handle_peer_banner_payload supported=3 required=0
2024-09-19T05:01:32.758 INFO:teuthology.orchestra.run.smithi031.stdout:/usr/bin/ceph: stderr
2024-09-19T05:01:31.892+0000 7fc3a6a00640 1 --2- >> [v2:172.21.15.31:3300/0,v1:172.21.15.31:6789/0] conn(0x7fc3a8109840 0x7fc3a8109c40 unknown :-1 s=HELLO_CONNECTING pgs=0 cs=0 l=0 rev1=1 crypto rx=0 tx=0 comp rx=0 tx=0).handle_hello peer v2:172.21.15.31:3300/0 says I am v2:172.21.15.31:53516/0 (socket says 172.21.15.31:53516)
2024-09-19T05:01:32.758 INFO:teuthology.orchestra.run.smithi031.stdout:/usr/bin/ceph: stderr
2024-09-19T05:01:31.892+0000 7fc3a6a00640 1 -- 172.21.15.31:0/144494574 learned_addr learned my addr 172.21.15.31:0/144494574 (peer_addr_for_me v2:172.21.15.31:0/0)
2024-09-19T05:01:32.758 INFO:teuthology.orchestra.run.smithi031.stdout:/usr/bin/ceph: stderr
2024-09-19T05:01:31.893+0000 7fc3a6a00640 1 -- 172.21.15.31:0/144494574 --> [v2:172.21.15.31:3300/0,v1:172.21.15.31:6789/0] -- mon_subscribe({config=0+,monmap=0+}) -- 0x7fc3a810aa30 con 0x7fc3a8109840
2024-09-19T05:01:32.758 INFO:teuthology.orchestra.run.smithi031.stdout:/usr/bin/ceph: stderr
2024-09-19T05:01:31.894+0000 7fc3a6a00640 1 --2- 172.21.15.31:0/144494574 >> [v2:172.21.15.31:3300/0,v1:172.21.15.31:6789/0] conn(0x7fc3a8109840 0x7fc3a8109c40 secure :-1 s=READY pgs=72 cs=0 l=1 rev1=1 crypto rx=0x7fc398009820 tx=0x7fc39802a270 comp rx=0 tx=0).ready entity=mon.0 client_cookie=88fba612debc128c server_cookie=0 in_seq=0 out_seq=0
2024-09-19T05:01:32.758 INFO:teuthology.orchestra.run.smithi031.stdout:/usr/bin/ceph: stderr
2024-09-19T05:01:31.894+0000 7fc3a6000640 1 -- 172.21.15.31:0/144494574 <== mon.0 v2:172.21.15.31:3300/0 1 ==== mon_map magic: 0 ==== 205+0+0 (secure 0 0 0) 0x7fc398037070 con 0x7fc3a8109840
2024-09-19T05:01:32.758 INFO:teuthology.orchestra.run.smithi031.stdout:/usr/bin/ceph: stderr
2024-09-19T05:01:31.894+0000 7fc3a6000640 1 -- 172.21.15.31:0/144494574 <== mon.0 v2:172.21.15.31:3300/0 2 ==== config(27 keys) ==== 1140+0+0 (secure 0 0 0) 0x7fc398032920 con 0x7fc3a8109840
2024-09-19T05:01:32.758 INFO:teuthology.orchestra.run.smithi031.stdout:/usr/bin/ceph: stderr
2024-09-19T05:01:31.894+0000 7fc3a6000640 1 -- 172.21.15.31:0/144494574 <== mon.0 v2:172.21.15.31:3300/0 3 ==== mon_map magic: 0 ==== 205+0+0 (secure 0 0 0) 0x7fc398030810 con 0x7fc3a8109840
2024-09-19T05:01:32.758 INFO:teuthology.orchestra.run.smithi031.stdout:/usr/bin/ceph: stderr
2024-09-19T05:01:31.895+0000 7fc3adc00640 1 -- 172.21.15.31:0/144494574 >> [v2:172.21.15.31:3300/0,v1:172.21.15.31:6789/0] conn(0x7fc3a8109840 msgr2=0x7fc3a8109c40 secure :-1 s=STATE_CONNECTION_ESTABLISHED l=1).mark_down
2024-09-19T05:01:32.758 INFO:teuthology.orchestra.run.smithi031.stdout:/usr/bin/ceph: stderr
2024-09-19T05:01:31.895+0000 7fc3adc00640 1 --2- 172.21.15.31:0/144494574 >> [v2:172.21.15.31:3300/0,v1:172.21.15.31:6789/0] conn(0x7fc3a8109840 0x7fc3a8109c40 secure :-1 s=READY pgs=72 cs=0 l=1 rev1=1 crypto rx=0x7fc398009820 tx=0x7fc39802a270 comp rx=0 tx=0).stop
2024-09-19T05:01:32.758 INFO:teuthology.orchestra.run.smithi031.stdout:/usr/bin/ceph: stderr
2024-09-19T05:01:31.895+0000 7fc3adc00640 1 -- 172.21.15.31:0/144494574 shutdown_connections
2024-09-19T05:01:32.759 INFO:teuthology.orchestra.run.smithi031.stdout:/usr/bin/ceph: stderr
2024-09-19T05:01:31.895+0000 7fc3adc00640 1 --2- 172.21.15.31:0/144494574 >> [v2:172.21.15.31:3300/0,v1:172.21.15.31:6789/0] conn(0x7fc3a8109840 0x7fc3a8109c40 unknown :-1 s=CLOSED pgs=72 cs=0 l=1 rev1=1 crypto rx=0 tx=0 comp rx=0 tx=0).stop
2024-09-19T05:01:32.759 INFO:teuthology.orchestra.run.smithi031.stdout:/usr/bin/ceph: stderr
2024-09-19T05:01:31.895+0000 7fc3adc00640 1 -- 172.21.15.31:0/144494574 >> 172.21.15.31:0/144494574 conn(0x7fc3a807cdb0 msgr2=0x7fc3a807d200 unknown :-1 s=STATE_NONE l=0).mark_down
2024-09-19T05:01:32.759 INFO:teuthology.orchestra.run.smithi031.stdout:/usr/bin/ceph: stderr
2024-09-19T05:01:31.895+0000 7fc3adc00640 1 -- 172.21.15.31:0/144494574 shutdown_connections
2024-09-19T05:01:32.759 INFO:teuthology.orchestra.run.smithi031.stdout:/usr/bin/ceph: stderr
2024-09-19T05:01:31.895+0000 7fc3adc00640 1 -- 172.21.15.31:0/144494574 wait complete.
2024-09-19T05:01:32.759 INFO:teuthology.orchestra.run.smithi031.stdout:/usr/bin/ceph: stderr
2024-09-19T05:01:31.896+0000 7fc3adc00640 1 Processor -- start
2024-09-19T05:01:32.759 INFO:teuthology.orchestra.run.smithi031.stdout:/usr/bin/ceph: stderr
2024-09-19T05:01:31.896+0000 7fc3adc00640 1 -- start start
2024-09-19T05:01:32.759 INFO:teuthology.orchestra.run.smithi031.stdout:/usr/bin/ceph: stderr
2024-09-19T05:01:31.896+0000 7fc3adc00640 1 --2- >> [v2:172.21.15.31:3300/0,v1:172.21.15.31:6789/0] conn(0x7fc3a8109840 0x7fc3a819d870 unknown :-1 s=NONE pgs=0 cs=0 l=1 rev1=0 crypto rx=0 tx=0 comp rx=0 tx=0).connect
2024-09-19T05:01:32.759 INFO:teuthology.orchestra.run.smithi031.stdout:/usr/bin/ceph: stderr
2024-09-19T05:01:31.896+0000 7fc3adc00640 1 -- --> [v2:172.21.15.31:3300/0,v1:172.21.15.31:6789/0] -- mon_getmap magic: 0 -- 0x7fc3a810dde0 con 0x7fc3a8109840
2024-09-19T05:01:32.759 INFO:teuthology.orchestra.run.smithi031.stdout:/usr/bin/ceph: stderr
2024-09-19T05:01:31.896+0000 7fc3a6a00640 1 --2- >> [v2:172.21.15.31:3300/0,v1:172.21.15.31:6789/0] conn(0x7fc3a8109840 0x7fc3a819d870 unknown :-1 s=BANNER_CONNECTING pgs=0 cs=0 l=1 rev1=0 crypto rx=0 tx=0 comp rx=0 tx=0)._handle_peer_banner_payload supported=3 required=0
2024-09-19T05:01:32.759 INFO:teuthology.orchestra.run.smithi031.stdout:/usr/bin/ceph: stderr
2024-09-19T05:01:31.897+0000 7fc3a6a00640 1 --2- >> [v2:172.21.15.31:3300/0,v1:172.21.15.31:6789/0] conn(0x7fc3a8109840 0x7fc3a819d870 unknown :-1 s=HELLO_CONNECTING pgs=0 cs=0 l=1 rev1=1 crypto rx=0 tx=0 comp rx=0 tx=0).handle_hello peer v2:172.21.15.31:3300/0 says I am v2:172.21.15.31:53530/0 (socket says 172.21.15.31:53530)
2024-09-19T05:01:32.760 INFO:teuthology.orchestra.run.smithi031.stdout:/usr/bin/ceph: stderr
2024-09-19T05:01:31.897+0000 7fc3a6a00640 1 -- 172.21.15.31:0/1356121822 learned_addr learned my addr 172.21.15.31:0/1356121822 (peer_addr_for_me v2:172.21.15.31:0/0)
2024-09-19T05:01:32.760 INFO:teuthology.orchestra.run.smithi031.stdout:/usr/bin/ceph: stderr
2024-09-19T05:01:31.897+0000 7fc3a6a00640 1 -- 172.21.15.31:0/1356121822 --> [v2:172.21.15.31:3300/0,v1:172.21.15.31:6789/0] -- mon_subscribe({config=0+,monmap=0+}) -- 0x7fc3a819ddb0 con 0x7fc3a8109840
2024-09-19T05:01:32.760 INFO:teuthology.orchestra.run.smithi031.stdout:/usr/bin/ceph: stderr
2024-09-19T05:01:31.897+0000 7fc3a6a00640 1 --2- 172.21.15.31:0/1356121822 >> [v2:172.21.15.31:3300/0,v1:172.21.15.31:6789/0] conn(0x7fc3a8109840 0x7fc3a819d870 secure :-1 s=READY pgs=73 cs=0 l=1 rev1=1 crypto rx=0x7fc3980097f0 tx=0x7fc3980327b0 comp rx=0 tx=0).ready entity=mon.0 client_cookie=0 server_cookie=0 in_seq=0 out_seq=0
2024-09-19T05:01:32.760 INFO:teuthology.orchestra.run.smithi031.stdout:/usr/bin/ceph: stderr
2024-09-19T05:01:31.897+0000 7fc39fe00640 1 -- 172.21.15.31:0/1356121822 <== mon.0 v2:172.21.15.31:3300/0 1 ==== mon_map magic: 0 ==== 205+0+0 (secure 0 0 0) 0x7fc398037040 con 0x7fc3a8109840
2024-09-19T05:01:32.760 INFO:teuthology.orchestra.run.smithi031.stdout:/usr/bin/ceph: stderr
2024-09-19T05:01:31.897+0000 7fc39fe00640 1 -- 172.21.15.31:0/1356121822 <== mon.0 v2:172.21.15.31:3300/0 2 ==== config(27 keys) ==== 1140+0+0 (secure 0 0 0) 0x7fc398030c40 con 0x7fc3a8109840
2024-09-19T05:01:32.761 INFO:teuthology.orchestra.run.smithi031.stdout:/usr/bin/ceph: stderr
2024-09-19T05:01:31.897+0000 7fc3adc00640 1 -- 172.21.15.31:0/1356121822 --> [v2:172.21.15.31:3300/0,v1:172.21.15.31:6789/0] -- mon_subscribe({mgrmap=0+}) -- 0x7fc3a819e040 con 0x7fc3a8109840
2024-09-19T05:01:32.761 INFO:teuthology.orchestra.run.smithi031.stdout:/usr/bin/ceph: stderr
2024-09-19T05:01:31.897+0000 7fc39fe00640 1 -- 172.21.15.31:0/1356121822 <== mon.0 v2:172.21.15.31:3300/0 3 ==== mon_map magic: 0 ==== 205+0+0 (secure 0 0 0) 0x7fc39803a5d0 con 0x7fc3a8109840
2024-09-19T05:01:32.761 INFO:teuthology.orchestra.run.smithi031.stdout:/usr/bin/ceph: stderr
2024-09-19T05:01:31.898+0000 7fc3adc00640 1 -- 172.21.15.31:0/1356121822 --> [v2:172.21.15.31:3300/0,v1:172.21.15.31:6789/0] -- mon_subscribe({osdmap=0}) -- 0x7fc3a81a0d30 con 0x7fc3a8109840
2024-09-19T05:01:32.761 INFO:teuthology.orchestra.run.smithi031.stdout:/usr/bin/ceph: stderr
2024-09-19T05:01:31.899+0000 7fc39fe00640 1 -- 172.21.15.31:0/1356121822 <== mon.0 v2:172.21.15.31:3300/0 4 ==== mgrmap(e 13) ==== 46517+0+0 (secure 0 0 0) 0x7fc39803b3f0 con 0x7fc3a8109840
2024-09-19T05:01:32.761 INFO:teuthology.orchestra.run.smithi031.stdout:/usr/bin/ceph: stderr
2024-09-19T05:01:31.899+0000 7fc3adc00640 1 -- 172.21.15.31:0/1356121822 --> [v2:172.21.15.31:3300/0,v1:172.21.15.31:6789/0] -- mon_command({"prefix": "get_command_descriptions"} v 0) -- 0x7fc3a8109cc0 con 0x7fc3a8109840
2024-09-19T05:01:32.761 INFO:teuthology.orchestra.run.smithi031.stdout:/usr/bin/ceph: stderr
2024-09-19T05:01:31.899+0000 7fc39fe00640 1 --2- 172.21.15.31:0/1356121822 >> [v2:172.21.15.31:6800/3464259917,v1:172.21.15.31:6801/3464259917] conn(0x7fc38c039300 0x7fc38c03b7c0 unknown :-1 s=NONE pgs=0 cs=0 l=1 rev1=0 crypto rx=0 tx=0 comp rx=0 tx=0).connect
2024-09-19T05:01:32.761 INFO:teuthology.orchestra.run.smithi031.stdout:/usr/bin/ceph: stderr
2024-09-19T05:01:31.899+0000 7fc39fe00640 1 -- 172.21.15.31:0/1356121822 <== mon.0 v2:172.21.15.31:3300/0 5 ==== osd_map(3..3 src has 1..3) ==== 1155+0+0 (secure 0 0 0) 0x7fc39806c9f0 con 0x7fc3a8109840
2024-09-19T05:01:32.761 INFO:teuthology.orchestra.run.smithi031.stdout:/usr/bin/ceph: stderr
2024-09-19T05:01:31.899+0000 7fc39e000640 1 --2- 172.21.15.31:0/1356121822 >> [v2:172.21.15.31:6800/3464259917,v1:172.21.15.31:6801/3464259917] conn(0x7fc38c039300 0x7fc38c03b7c0 unknown :-1 s=BANNER_CONNECTING pgs=0 cs=0 l=1 rev1=0 crypto rx=0 tx=0 comp rx=0 tx=0)._handle_peer_banner_payload supported=3 required=0
2024-09-19T05:01:32.762 INFO:teuthology.orchestra.run.smithi031.stdout:/usr/bin/ceph: stderr
2024-09-19T05:01:31.900+0000 7fc39e000640 1 --2- 172.21.15.31:0/1356121822 >> [v2:172.21.15.31:6800/3464259917,v1:172.21.15.31:6801/3464259917] conn(0x7fc38c039300 0x7fc38c03b7c0 secure :-1 s=READY pgs=9 cs=0 l=1 rev1=1 crypto rx=0x7fc3900098c0 tx=0x7fc390006db0 comp rx=0 tx=0).ready entity=mgr.14150 client_cookie=0 server_cookie=0 in_seq=0 out_seq=0
2024-09-19T05:01:32.762 INFO:teuthology.orchestra.run.smithi031.stdout:/usr/bin/ceph: stderr
2024-09-19T05:01:31.905+0000 7fc39fe00640 1 -- 172.21.15.31:0/1356121822 <== mon.0 v2:172.21.15.31:3300/0 6 ==== mon_command_ack([{"prefix": "get_command_descriptions"}]=0 v0) ==== 72+0+188913 (secure 0 0 0) 0x7fc3980412b0 con 0x7fc3a8109840
2024-09-19T05:01:32.762 INFO:teuthology.orchestra.run.smithi031.stdout:/usr/bin/ceph: stderr
2024-09-19T05:01:32.089+0000 7fc3adc00640 1 -- 172.21.15.31:0/1356121822 --> [v2:172.21.15.31:3300/0,v1:172.21.15.31:6789/0] -- mon_command({"prefix": "config get", "who": "mgr", "key": "mgr/dashboard/ssl_server_port"} v 0) -- 0x7fc3a81a1320 con 0x7fc3a8109840
2024-09-19T05:01:32.762 INFO:teuthology.orchestra.run.smithi031.stdout:/usr/bin/ceph: stderr
2024-09-19T05:01:32.089+0000 7fc39fe00640 1 -- 172.21.15.31:0/1356121822 <== mon.0 v2:172.21.15.31:3300/0 7 ==== mon_command_ack([{"prefix": "config get", "who": "mgr", "key": "mgr/dashboard/ssl_server_port"}]=0 v8) ==== 112+0+5 (secure 0 0 0) 0x7fc39803b6e0 con 0x7fc3a8109840
2024-09-19T05:01:32.762 INFO:teuthology.orchestra.run.smithi031.stdout:/usr/bin/ceph: stderr
2024-09-19T05:01:32.093+0000 7fc3adc00640 1 -- 172.21.15.31:0/1356121822 >> [v2:172.21.15.31:6800/3464259917,v1:172.21.15.31:6801/3464259917] conn(0x7fc38c039300 msgr2=0x7fc38c03b7c0 secure :-1 s=STATE_CONNECTION_ESTABLISHED l=1).mark_down
2024-09-19T05:01:32.762 INFO:teuthology.orchestra.run.smithi031.stdout:/usr/bin/ceph: stderr
2024-09-19T05:01:32.093+0000 7fc3adc00640 1 --2- 172.21.15.31:0/1356121822 >> [v2:172.21.15.31:6800/3464259917,v1:172.21.15.31:6801/3464259917] conn(0x7fc38c039300 0x7fc38c03b7c0 secure :-1 s=READY pgs=9 cs=0 l=1 rev1=1 crypto rx=0x7fc3900098c0 tx=0x7fc390006db0 comp rx=0 tx=0).stop
2024-09-19T05:01:32.762 INFO:teuthology.orchestra.run.smithi031.stdout:/usr/bin/ceph: stderr
2024-09-19T05:01:32.093+0000 7fc3adc00640 1 -- 172.21.15.31:0/1356121822 >> [v2:172.21.15.31:3300/0,v1:172.21.15.31:6789/0] conn(0x7fc3a8109840 msgr2=0x7fc3a819d870 secure :-1 s=STATE_CONNECTION_ESTABLISHED l=1).mark_down
2024-09-19T05:01:32.762 INFO:teuthology.orchestra.run.smithi031.stdout:/usr/bin/ceph: stderr
2024-09-19T05:01:32.093+0000 7fc3adc00640 1 --2- 172.21.15.31:0/1356121822 >> [v2:172.21.15.31:3300/0,v1:172.21.15.31:6789/0] conn(0x7fc3a8109840 0x7fc3a819d870 secure :-1 s=READY pgs=73 cs=0 l=1 rev1=1 crypto rx=0x7fc3980097f0 tx=0x7fc3980327b0 comp rx=0 tx=0).stop
2024-09-19T05:01:32.762 INFO:teuthology.orchestra.run.smithi031.stdout:/usr/bin/ceph: stderr
2024-09-19T05:01:32.093+0000 7fc3adc00640 1 -- 172.21.15.31:0/1356121822 shutdown_connections
2024-09-19T05:01:32.762 INFO:teuthology.orchestra.run.smithi031.stdout:/usr/bin/ceph: stderr
2024-09-19T05:01:32.093+0000 7fc3adc00640 1 --2- 172.21.15.31:0/1356121822 >> [v2:172.21.15.31:6800/3464259917,v1:172.21.15.31:6801/3464259917] conn(0x7fc38c039300 0x7fc38c03b7c0 unknown :-1 s=CLOSED pgs=9 cs=0 l=1 rev1=1 crypto rx=0 tx=0 comp rx=0 tx=0).stop
2024-09-19T05:01:32.762 INFO:teuthology.orchestra.run.smithi031.stdout:/usr/bin/ceph: stderr
2024-09-19T05:01:32.093+0000 7fc3adc00640 1 --2- 172.21.15.31:0/1356121822 >> [v2:172.21.15.31:3300/0,v1:172.21.15.31:6789/0] conn(0x7fc3a8109840 0x7fc3a819d870 unknown :-1 s=CLOSED pgs=73 cs=0 l=1 rev1=1 crypto rx=0 tx=0 comp rx=0 tx=0).stop
2024-09-19T05:01:32.762 INFO:teuthology.orchestra.run.smithi031.stdout:/usr/bin/ceph: stderr
2024-09-19T05:01:32.093+0000 7fc3adc00640 1 -- 172.21.15.31:0/1356121822 >> 172.21.15.31:0/1356121822 conn(0x7fc3a807cdb0 msgr2=0x7fc3a8107570 unknown :-1 s=STATE_NONE l=0).mark_down
2024-09-19T05:01:32.763 INFO:teuthology.orchestra.run.smithi031.stdout:/usr/bin/ceph: stderr
2024-09-19T05:01:32.093+0000 7fc3adc00640 1 -- 172.21.15.31:0/1356121822 shutdown_connections
2024-09-19T05:01:32.763 INFO:teuthology.orchestra.run.smithi031.stdout:/usr/bin/ceph: stderr
2024-09-19T05:01:32.093+0000 7fc3adc00640 1 -- 172.21.15.31:0/1356121822 wait complete.
2024-09-19T05:01:32.774 INFO:teuthology.orchestra.run.smithi031.stdout:Non-zero exit code 1 from systemctl is-enabled firewalld.service
2024-09-19T05:01:32.774 INFO:teuthology.orchestra.run.smithi031.stdout:systemctl: stdout disabled
2024-09-19T05:01:32.787 INFO:teuthology.orchestra.run.smithi031.stdout:Non-zero exit code 3 from systemctl is-active firewalld.service
2024-09-19T05:01:32.787 INFO:teuthology.orchestra.run.smithi031.stdout:systemctl: stdout inactive
2024-09-19T05:01:32.787 INFO:teuthology.orchestra.run.smithi031.stdout:firewalld.service is not enabled
2024-09-19T05:01:32.787 INFO:teuthology.orchestra.run.smithi031.stdout:Not possible to open ports <[8443]>. firewalld.service is not available
2024-09-19T05:01:32.790 INFO:teuthology.orchestra.run.smithi031.stdout:Ceph Dashboard is now available at:
2024-09-19T05:01:32.790 INFO:teuthology.orchestra.run.smithi031.stdout:
2024-09-19T05:01:32.790 INFO:teuthology.orchestra.run.smithi031.stdout: URL: https://smithi031.front.sepia.ceph.com:8443/
2024-09-19T05:01:32.790 INFO:teuthology.orchestra.run.smithi031.stdout: User: admin
2024-09-19T05:01:32.790 INFO:teuthology.orchestra.run.smithi031.stdout: Password: fn09ejghay
2024-09-19T05:01:32.790 INFO:teuthology.orchestra.run.smithi031.stdout:
2024-09-19T05:01:32.791 INFO:teuthology.orchestra.run.smithi031.stdout:Saving cluster configuration to /var/lib/ceph/f3e5399c-7643-11ef-bceb-c7b262605968/config directory
2024-09-19T05:01:33.021 INFO:journalctl@ceph.mon.a.smithi031.stdout:Sep 19 05:01:32 smithi031 ceph-mon[30644]: from='client.? 172.21.15.31:0/1356121822' entity='client.admin' cmd=[{"prefix": "config get", "who": "mgr", "key": "mgr/dashboard/ssl_server_port"}]: dispatch
2024-09-19T05:01:34.236 INFO:teuthology.orchestra.run.smithi031.stdout:/usr/bin/ceph: stderr
2024-09-19T05:01:33.294+0000 7fc0b9800640 1 Processor -- start
2024-09-19T05:01:34.236 INFO:teuthology.orchestra.run.smithi031.stdout:/usr/bin/ceph: stderr
2024-09-19T05:01:33.294+0000 7fc0b9800640 1 -- start start
2024-09-19T05:01:34.236 INFO:teuthology.orchestra.run.smithi031.stdout:/usr/bin/ceph: stderr
2024-09-19T05:01:33.294+0000 7fc0b9800640 1 --2- >> [v2:172.21.15.31:3300/0,v1:172.21.15.31:6789/0] conn(0x7fc0b4107630 0x7fc0b4107a30 unknown :-1 s=NONE pgs=0 cs=0 l=0 rev1=0 crypto rx=0 tx=0 comp rx=0 tx=0).connect
2024-09-19T05:01:34.236 INFO:teuthology.orchestra.run.smithi031.stdout:/usr/bin/ceph: stderr
2024-09-19T05:01:33.294+0000 7fc0b9800640 1 -- --> [v2:172.21.15.31:3300/0,v1:172.21.15.31:6789/0] -- mon_getmap magic: 0 -- 0x7fc0b4108000 con 0x7fc0b4107630
2024-09-19T05:01:34.236 INFO:teuthology.orchestra.run.smithi031.stdout:/usr/bin/ceph: stderr
2024-09-19T05:01:33.295+0000 7fc0b2a00640 1 --2- >> [v2:172.21.15.31:3300/0,v1:172.21.15.31:6789/0] conn(0x7fc0b4107630 0x7fc0b4107a30 unknown :-1 s=BANNER_CONNECTING pgs=0 cs=0 l=0 rev1=0 crypto rx=0 tx=0 comp rx=0 tx=0)._handle_peer_banner_payload supported=3 required=0
2024-09-19T05:01:34.236 INFO:teuthology.orchestra.run.smithi031.stdout:/usr/bin/ceph: stderr
2024-09-19T05:01:33.295+0000 7fc0b2a00640 1 --2- >> [v2:172.21.15.31:3300/0,v1:172.21.15.31:6789/0] conn(0x7fc0b4107630 0x7fc0b4107a30 unknown :-1 s=HELLO_CONNECTING pgs=0 cs=0 l=0 rev1=1 crypto rx=0 tx=0 comp rx=0 tx=0).handle_hello peer v2:172.21.15.31:3300/0 says I am v2:172.21.15.31:53542/0 (socket says 172.21.15.31:53542)
2024-09-19T05:01:34.236 INFO:teuthology.orchestra.run.smithi031.stdout:/usr/bin/ceph: stderr
2024-09-19T05:01:33.295+0000 7fc0b2a00640 1 -- 172.21.15.31:0/4029777249 learned_addr learned my addr 172.21.15.31:0/4029777249 (peer_addr_for_me v2:172.21.15.31:0/0)
2024-09-19T05:01:34.236 INFO:teuthology.orchestra.run.smithi031.stdout:/usr/bin/ceph: stderr
2024-09-19T05:01:33.295+0000 7fc0b2a00640 1 -- 172.21.15.31:0/4029777249 --> [v2:172.21.15.31:3300/0,v1:172.21.15.31:6789/0] -- mon_subscribe({config=0+,monmap=0+}) -- 0x7fc0b41087e0 con 0x7fc0b4107630
2024-09-19T05:01:34.236 INFO:teuthology.orchestra.run.smithi031.stdout:/usr/bin/ceph: stderr
2024-09-19T05:01:33.296+0000 7fc0b2a00640 1 --2- 172.21.15.31:0/4029777249 >> [v2:172.21.15.31:3300/0,v1:172.21.15.31:6789/0] conn(0x7fc0b4107630 0x7fc0b4107a30 secure :-1 s=READY pgs=74 cs=0 l=1 rev1=1 crypto rx=0x7fc0a4009820 tx=0x7fc0a402a270 comp rx=0 tx=0).ready entity=mon.0 client_cookie=eebf06d643bb42e3 server_cookie=0 in_seq=0 out_seq=0
2024-09-19T05:01:34.237 INFO:teuthology.orchestra.run.smithi031.stdout:/usr/bin/ceph: stderr
2024-09-19T05:01:33.296+0000 7fc0b1600640 1 -- 172.21.15.31:0/4029777249 <== mon.0 v2:172.21.15.31:3300/0 1 ==== mon_map magic: 0 ==== 205+0+0 (secure 0 0 0) 0x7fc0a4037070 con 0x7fc0b4107630
2024-09-19T05:01:34.237 INFO:teuthology.orchestra.run.smithi031.stdout:/usr/bin/ceph: stderr
2024-09-19T05:01:33.297+0000 7fc0b1600640 1 -- 172.21.15.31:0/4029777249 <== mon.0 v2:172.21.15.31:3300/0 2 ==== config(27 keys) ==== 1140+0+0 (secure 0 0 0) 0x7fc0a4032920 con 0x7fc0b4107630
2024-09-19T05:01:34.237 INFO:teuthology.orchestra.run.smithi031.stdout:/usr/bin/ceph: stderr
2024-09-19T05:01:33.297+0000 7fc0b1600640 1 -- 172.21.15.31:0/4029777249 <== mon.0 v2:172.21.15.31:3300/0 3 ==== mon_map magic: 0 ==== 205+0+0 (secure 0 0 0) 0x7fc0a4030810 con 0x7fc0b4107630
2024-09-19T05:01:34.237 INFO:teuthology.orchestra.run.smithi031.stdout:/usr/bin/ceph: stderr
2024-09-19T05:01:33.297+0000 7fc0b9800640 1 -- 172.21.15.31:0/4029777249 >> [v2:172.21.15.31:3300/0,v1:172.21.15.31:6789/0] conn(0x7fc0b4107630 msgr2=0x7fc0b4107a30 secure :-1 s=STATE_CONNECTION_ESTABLISHED l=1).mark_down
2024-09-19T05:01:34.237 INFO:teuthology.orchestra.run.smithi031.stdout:/usr/bin/ceph: stderr
2024-09-19T05:01:33.297+0000 7fc0b9800640 1 --2- 172.21.15.31:0/4029777249 >> [v2:172.21.15.31:3300/0,v1:172.21.15.31:6789/0] conn(0x7fc0b4107630 0x7fc0b4107a30 secure :-1 s=READY pgs=74 cs=0 l=1 rev1=1 crypto rx=0x7fc0a4009820 tx=0x7fc0a402a270 comp rx=0 tx=0).stop
2024-09-19T05:01:34.237 INFO:teuthology.orchestra.run.smithi031.stdout:/usr/bin/ceph: stderr
2024-09-19T05:01:33.297+0000 7fc0b9800640 1 -- 172.21.15.31:0/4029777249 shutdown_connections
2024-09-19T05:01:34.237 INFO:teuthology.orchestra.run.smithi031.stdout:/usr/bin/ceph: stderr
2024-09-19T05:01:33.297+0000 7fc0b9800640 1 --2- 172.21.15.31:0/4029777249 >> [v2:172.21.15.31:3300/0,v1:172.21.15.31:6789/0] conn(0x7fc0b4107630 0x7fc0b4107a30 unknown :-1 s=CLOSED pgs=74 cs=0 l=1 rev1=1 crypto rx=0 tx=0 comp rx=0 tx=0).stop
2024-09-19T05:01:34.237 INFO:teuthology.orchestra.run.smithi031.stdout:/usr/bin/ceph: stderr
2024-09-19T05:01:33.297+0000 7fc0b9800640 1 -- 172.21.15.31:0/4029777249 >> 172.21.15.31:0/4029777249 conn(0x7fc0b4102da0 msgr2=0x7fc0b4105200 unknown :-1 s=STATE_NONE l=0).mark_down
2024-09-19T05:01:34.237 INFO:teuthology.orchestra.run.smithi031.stdout:/usr/bin/ceph: stderr
2024-09-19T05:01:33.297+0000 7fc0b9800640 1 -- 172.21.15.31:0/4029777249 shutdown_connections
2024-09-19T05:01:34.237 INFO:teuthology.orchestra.run.smithi031.stdout:/usr/bin/ceph: stderr
2024-09-19T05:01:33.297+0000 7fc0b9800640 1 -- 172.21.15.31:0/4029777249 wait complete.
2024-09-19T05:01:34.237 INFO:teuthology.orchestra.run.smithi031.stdout:/usr/bin/ceph: stderr
2024-09-19T05:01:33.298+0000 7fc0b9800640 1 Processor -- start
2024-09-19T05:01:34.237 INFO:teuthology.orchestra.run.smithi031.stdout:/usr/bin/ceph: stderr
2024-09-19T05:01:33.298+0000 7fc0b9800640 1 -- start start
2024-09-19T05:01:34.238 INFO:teuthology.orchestra.run.smithi031.stdout:/usr/bin/ceph: stderr
2024-09-19T05:01:33.299+0000 7fc0b9800640 1 --2- >> [v2:172.21.15.31:3300/0,v1:172.21.15.31:6789/0] conn(0x7fc0b4107630 0x7fc0b419d880 unknown :-1 s=NONE pgs=0 cs=0 l=1 rev1=0 crypto rx=0 tx=0 comp rx=0 tx=0).connect
2024-09-19T05:01:34.238 INFO:teuthology.orchestra.run.smithi031.stdout:/usr/bin/ceph: stderr
2024-09-19T05:01:33.299+0000 7fc0b9800640 1 -- --> [v2:172.21.15.31:3300/0,v1:172.21.15.31:6789/0] -- mon_getmap magic: 0 -- 0x7fc0b410bb90 con 0x7fc0b4107630
2024-09-19T05:01:34.238 INFO:teuthology.orchestra.run.smithi031.stdout:/usr/bin/ceph: stderr
2024-09-19T05:01:33.299+0000 7fc0b2a00640 1 --2- >> [v2:172.21.15.31:3300/0,v1:172.21.15.31:6789/0] conn(0x7fc0b4107630 0x7fc0b419d880 unknown :-1 s=BANNER_CONNECTING pgs=0 cs=0 l=1 rev1=0 crypto rx=0 tx=0 comp rx=0 tx=0)._handle_peer_banner_payload supported=3 required=0
2024-09-19T05:01:34.238 INFO:teuthology.orchestra.run.smithi031.stdout:/usr/bin/ceph: stderr
2024-09-19T05:01:33.299+0000 7fc0b2a00640 1 --2- >> [v2:172.21.15.31:3300/0,v1:172.21.15.31:6789/0] conn(0x7fc0b4107630 0x7fc0b419d880 unknown :-1 s=HELLO_CONNECTING pgs=0 cs=0 l=1 rev1=1 crypto rx=0 tx=0 comp rx=0 tx=0).handle_hello peer v2:172.21.15.31:3300/0 says I am v2:172.21.15.31:53552/0 (socket says 172.21.15.31:53552)
2024-09-19T05:01:34.238 INFO:teuthology.orchestra.run.smithi031.stdout:/usr/bin/ceph: stderr
2024-09-19T05:01:33.299+0000 7fc0b2a00640 1 -- 172.21.15.31:0/3253812432 learned_addr learned my addr 172.21.15.31:0/3253812432 (peer_addr_for_me v2:172.21.15.31:0/0)
2024-09-19T05:01:34.238 INFO:teuthology.orchestra.run.smithi031.stdout:/usr/bin/ceph: stderr
2024-09-19T05:01:33.299+0000 7fc0b2a00640 1 -- 172.21.15.31:0/3253812432 --> [v2:172.21.15.31:3300/0,v1:172.21.15.31:6789/0] -- mon_subscribe({config=0+,monmap=0+}) -- 0x7fc0b419ddc0 con 0x7fc0b4107630
2024-09-19T05:01:34.238 INFO:teuthology.orchestra.run.smithi031.stdout:/usr/bin/ceph: stderr
2024-09-19T05:01:33.300+0000 7fc0b2a00640 1 --2- 172.21.15.31:0/3253812432 >> [v2:172.21.15.31:3300/0,v1:172.21.15.31:6789/0] conn(0x7fc0b4107630 0x7fc0b419d880 secure :-1 s=READY pgs=75 cs=0 l=1 rev1=1 crypto rx=0x7fc0a40097f0 tx=0x7fc0a40327b0 comp rx=0 tx=0).ready entity=mon.0 client_cookie=0 server_cookie=0 in_seq=0 out_seq=0
2024-09-19T05:01:34.238 INFO:teuthology.orchestra.run.smithi031.stdout:/usr/bin/ceph: stderr
2024-09-19T05:01:33.300+0000 7fc0ab400640 1 -- 172.21.15.31:0/3253812432 <== mon.0 v2:172.21.15.31:3300/0 1 ==== mon_map magic: 0 ==== 205+0+0 (secure 0 0 0) 0x7fc0a4037040 con 0x7fc0b4107630
2024-09-19T05:01:34.238 INFO:teuthology.orchestra.run.smithi031.stdout:/usr/bin/ceph: stderr
2024-09-19T05:01:33.300+0000 7fc0ab400640 1 -- 172.21.15.31:0/3253812432 <== mon.0 v2:172.21.15.31:3300/0 2 ==== config(27 keys) ==== 1140+0+0 (secure 0 0 0) 0x7fc0a4030c40 con 0x7fc0b4107630
2024-09-19T05:01:34.238 INFO:teuthology.orchestra.run.smithi031.stdout:/usr/bin/ceph: stderr
2024-09-19T05:01:33.300+0000 7fc0ab400640 1 -- 172.21.15.31:0/3253812432 <== mon.0 v2:172.21.15.31:3300/0 3 ==== mon_map magic: 0 ==== 205+0+0 (secure 0 0 0) 0x7fc0a403a5b0 con 0x7fc0b4107630
2024-09-19T05:01:34.238 INFO:teuthology.orchestra.run.smithi031.stdout:/usr/bin/ceph: stderr
2024-09-19T05:01:33.300+0000 7fc0b9800640 1 -- 172.21.15.31:0/3253812432 --> [v2:172.21.15.31:3300/0,v1:172.21.15.31:6789/0] -- mon_subscribe({mgrmap=0+}) -- 0x7fc0b419e050 con 0x7fc0b4107630
2024-09-19T05:01:34.238 INFO:teuthology.orchestra.run.smithi031.stdout:/usr/bin/ceph: stderr
2024-09-19T05:01:33.300+0000 7fc0b9800640 1 -- 172.21.15.31:0/3253812432 --> [v2:172.21.15.31:3300/0,v1:172.21.15.31:6789/0] -- mon_subscribe({osdmap=0}) -- 0x7fc0b41a0d40 con 0x7fc0b4107630
2024-09-19T05:01:34.239 INFO:teuthology.orchestra.run.smithi031.stdout:/usr/bin/ceph: stderr
2024-09-19T05:01:33.301+0000 7fc0ab400640 1 -- 172.21.15.31:0/3253812432 <== mon.0 v2:172.21.15.31:3300/0 4 ==== mgrmap(e 13) ==== 46517+0+0 (secure 0 0 0) 0x7fc0a403a7a0 con 0x7fc0b4107630
2024-09-19T05:01:34.239 INFO:teuthology.orchestra.run.smithi031.stdout:/usr/bin/ceph: stderr
2024-09-19T05:01:33.301+0000 7fc0b9800640 1 -- 172.21.15.31:0/3253812432 --> [v2:172.21.15.31:3300/0,v1:172.21.15.31:6789/0] -- mon_command({"prefix": "get_command_descriptions"} v 0) -- 0x7fc0b410bd10 con 0x7fc0b4107630
2024-09-19T05:01:34.239 INFO:teuthology.orchestra.run.smithi031.stdout:/usr/bin/ceph: stderr
2024-09-19T05:01:33.302+0000 7fc0ab400640 1 --2- 172.21.15.31:0/3253812432 >> [v2:172.21.15.31:6800/3464259917,v1:172.21.15.31:6801/3464259917] conn(0x7fc098039300 0x7fc09803b7c0 unknown :-1 s=NONE pgs=0 cs=0 l=1 rev1=0 crypto rx=0 tx=0 comp rx=0 tx=0).connect
2024-09-19T05:01:34.239 INFO:teuthology.orchestra.run.smithi031.stdout:/usr/bin/ceph: stderr
2024-09-19T05:01:33.302+0000 7fc0ab400640 1 -- 172.21.15.31:0/3253812432 <== mon.0 v2:172.21.15.31:3300/0 5 ==== osd_map(3..3 src has 1..3) ==== 1155+0+0 (secure 0 0 0) 0x7fc0a406c860 con 0x7fc0b4107630
2024-09-19T05:01:34.239 INFO:teuthology.orchestra.run.smithi031.stdout:/usr/bin/ceph: stderr
2024-09-19T05:01:33.302+0000 7fc0b2000640 1 --2- 172.21.15.31:0/3253812432 >> [v2:172.21.15.31:6800/3464259917,v1:172.21.15.31:6801/3464259917] conn(0x7fc098039300 0x7fc09803b7c0 unknown :-1 s=BANNER_CONNECTING pgs=0 cs=0 l=1 rev1=0 crypto rx=0 tx=0 comp rx=0 tx=0)._handle_peer_banner_payload supported=3 required=0
2024-09-19T05:01:34.239 INFO:teuthology.orchestra.run.smithi031.stdout:/usr/bin/ceph: stderr
2024-09-19T05:01:33.303+0000 7fc0b2000640 1 --2- 172.21.15.31:0/3253812432 >> [v2:172.21.15.31:6800/3464259917,v1:172.21.15.31:6801/3464259917] conn(0x7fc098039300 0x7fc09803b7c0 secure :-1 s=READY pgs=10 cs=0 l=1 rev1=1 crypto rx=0x7fc0a00098c0 tx=0x7fc0a0006db0 comp rx=0 tx=0).ready entity=mgr.14150 client_cookie=0 server_cookie=0 in_seq=0 out_seq=0
2024-09-19T05:01:34.239 INFO:teuthology.orchestra.run.smithi031.stdout:/usr/bin/ceph: stderr
2024-09-19T05:01:33.307+0000 7fc0ab400640 1 -- 172.21.15.31:0/3253812432 <== mon.0 v2:172.21.15.31:3300/0 6 ==== mon_command_ack([{"prefix": "get_command_descriptions"}]=0 v0) ==== 72+0+188913 (secure 0 0 0) 0x7fc0a4041890 con 0x7fc0b4107630
2024-09-19T05:01:34.239 INFO:teuthology.orchestra.run.smithi031.stdout:/usr/bin/ceph: stderr
2024-09-19T05:01:33.588+0000 7fc0b9800640 1 -- 172.21.15.31:0/3253812432 --> [v2:172.21.15.31:3300/0,v1:172.21.15.31:6789/0] -- mon_command([{prefix=config-key set, key=mgr/dashboard/cluster/status}] v 0) -- 0x7fc0b41a0f10 con 0x7fc0b4107630
2024-09-19T05:01:34.240 INFO:teuthology.orchestra.run.smithi031.stdout:/usr/bin/ceph: stderr
2024-09-19T05:01:33.590+0000 7fc0ab400640 1 -- 172.21.15.31:0/3253812432 <== mon.0 v2:172.21.15.31:3300/0 7 ==== mon_command_ack([{prefix=config-key set, key=mgr/dashboard/cluster/status}]=0 set mgr/dashboard/cluster/status v27)=0 set mgr/dashboard/cluster/status v27) ==== 153+0+0 (secure 0 0 0) 0x7fc0a40371e0 con 0x7fc0b4107630
2024-09-19T05:01:34.240 INFO:teuthology.orchestra.run.smithi031.stdout:/usr/bin/ceph: stderr set mgr/dashboard/cluster/status
2024-09-19T05:01:34.240 INFO:teuthology.orchestra.run.smithi031.stdout:/usr/bin/ceph: stderr
2024-09-19T05:01:33.593+0000 7fc0b9800640 1 -- 172.21.15.31:0/3253812432 >> [v2:172.21.15.31:6800/3464259917,v1:172.21.15.31:6801/3464259917] conn(0x7fc098039300 msgr2=0x7fc09803b7c0 secure :-1 s=STATE_CONNECTION_ESTABLISHED l=1).mark_down
2024-09-19T05:01:34.240 INFO:teuthology.orchestra.run.smithi031.stdout:/usr/bin/ceph: stderr
2024-09-19T05:01:33.593+0000 7fc0b9800640 1 --2- 172.21.15.31:0/3253812432 >> [v2:172.21.15.31:6800/3464259917,v1:172.21.15.31:6801/3464259917] conn(0x7fc098039300 0x7fc09803b7c0 secure :-1 s=READY pgs=10 cs=0 l=1 rev1=1 crypto rx=0x7fc0a00098c0 tx=0x7fc0a0006db0 comp rx=0 tx=0).stop
2024-09-19T05:01:34.240 INFO:teuthology.orchestra.run.smithi031.stdout:/usr/bin/ceph: stderr
2024-09-19T05:01:33.593+0000 7fc0b9800640 1 -- 172.21.15.31:0/3253812432 >> [v2:172.21.15.31:3300/0,v1:172.21.15.31:6789/0] conn(0x7fc0b4107630 msgr2=0x7fc0b419d880 secure :-1 s=STATE_CONNECTION_ESTABLISHED l=1).mark_down
2024-09-19T05:01:34.240 INFO:teuthology.orchestra.run.smithi031.stdout:/usr/bin/ceph: stderr
2024-09-19T05:01:33.593+0000 7fc0b9800640 1 --2- 172.21.15.31:0/3253812432 >> [v2:172.21.15.31:3300/0,v1:172.21.15.31:6789/0] conn(0x7fc0b4107630 0x7fc0b419d880 secure :-1 s=READY pgs=75 cs=0 l=1 rev1=1 crypto rx=0x7fc0a40097f0 tx=0x7fc0a40327b0 comp rx=0 tx=0).stop
2024-09-19T05:01:34.240 INFO:teuthology.orchestra.run.smithi031.stdout:/usr/bin/ceph: stderr
2024-09-19T05:01:33.593+0000 7fc0b9800640 1 -- 172.21.15.31:0/3253812432 shutdown_connections
2024-09-19T05:01:34.240 INFO:teuthology.orchestra.run.smithi031.stdout:/usr/bin/ceph: stderr
2024-09-19T05:01:33.593+0000 7fc0b9800640 1 --2- 172.21.15.31:0/3253812432 >> [v2:172.21.15.31:6800/3464259917,v1:172.21.15.31:6801/3464259917] conn(0x7fc098039300 0x7fc09803b7c0 unknown :-1 s=CLOSED pgs=10 cs=0 l=1 rev1=1 crypto rx=0 tx=0 comp rx=0 tx=0).stop
2024-09-19T05:01:34.240 INFO:teuthology.orchestra.run.smithi031.stdout:/usr/bin/ceph: stderr
2024-09-19T05:01:33.593+0000 7fc0b9800640 1 --2- 172.21.15.31:0/3253812432 >> [v2:172.21.15.31:3300/0,v1:172.21.15.31:6789/0] conn(0x7fc0b4107630 0x7fc0b419d880 unknown :-1 s=CLOSED pgs=75 cs=0 l=1 rev1=1 crypto rx=0 tx=0 comp rx=0 tx=0).stop
2024-09-19T05:01:34.241 INFO:teuthology.orchestra.run.smithi031.stdout:/usr/bin/ceph: stderr
2024-09-19T05:01:33.593+0000 7fc0b9800640 1 -- 172.21.15.31:0/3253812432 >> 172.21.15.31:0/3253812432 conn(0x7fc0b4102da0 msgr2=0x7fc0b4103930 unknown :-1 s=STATE_NONE l=0).mark_down
2024-09-19T05:01:34.241 INFO:teuthology.orchestra.run.smithi031.stdout:/usr/bin/ceph: stderr
2024-09-19T05:01:33.593+0000 7fc0b9800640 1 -- 172.21.15.31:0/3253812432 shutdown_connections
2024-09-19T05:01:34.241 INFO:teuthology.orchestra.run.smithi031.stdout:/usr/bin/ceph: stderr
2024-09-19T05:01:33.593+0000 7fc0b9800640 1 -- 172.21.15.31:0/3253812432 wait complete.
2024-09-19T05:01:34.241 INFO:teuthology.orchestra.run.smithi031.stdout:You can access the Ceph CLI as following in case of multi-cluster or non-default config:
2024-09-19T05:01:34.241 INFO:teuthology.orchestra.run.smithi031.stdout:
2024-09-19T05:01:34.241 INFO:teuthology.orchestra.run.smithi031.stdout: sudo /home/ubuntu/cephtest/cephadm shell --fsid f3e5399c-7643-11ef-bceb-c7b262605968 -c /etc/ceph/ceph.conf -k /etc/ceph/ceph.client.admin.keyring
2024-09-19T05:01:34.241 INFO:teuthology.orchestra.run.smithi031.stdout:
2024-09-19T05:01:34.241 INFO:teuthology.orchestra.run.smithi031.stdout:Or, if you are only running a single cluster on this host:
2024-09-19T05:01:34.242 INFO:teuthology.orchestra.run.smithi031.stdout:
2024-09-19T05:01:34.242 INFO:teuthology.orchestra.run.smithi031.stdout: sudo /home/ubuntu/cephtest/cephadm shell
2024-09-19T05:01:34.242 INFO:teuthology.orchestra.run.smithi031.stdout:
2024-09-19T05:01:34.242 INFO:teuthology.orchestra.run.smithi031.stdout:Please consider enabling telemetry to help improve Ceph:
2024-09-19T05:01:34.242 INFO:teuthology.orchestra.run.smithi031.stdout:
2024-09-19T05:01:34.242 INFO:teuthology.orchestra.run.smithi031.stdout: ceph telemetry on
2024-09-19T05:01:34.242 INFO:teuthology.orchestra.run.smithi031.stdout:
2024-09-19T05:01:34.242 INFO:teuthology.orchestra.run.smithi031.stdout:For more information see:
2024-09-19T05:01:34.242 INFO:teuthology.orchestra.run.smithi031.stdout:
2024-09-19T05:01:34.242 INFO:teuthology.orchestra.run.smithi031.stdout: https://docs.ceph.com/en/latest/mgr/telemetry/
2024-09-19T05:01:34.242 INFO:teuthology.orchestra.run.smithi031.stdout:
2024-09-19T05:01:34.243 INFO:teuthology.orchestra.run.smithi031.stdout:Bootstrap complete.
2024-09-19T05:01:34.290 INFO:tasks.cephadm:Fetching config...
2024-09-19T05:01:34.291 DEBUG:teuthology.orchestra.run.smithi031:> set -ex
2024-09-19T05:01:34.291 DEBUG:teuthology.orchestra.run.smithi031:> dd if=/etc/ceph/ceph.conf of=/dev/stdout
2024-09-19T05:01:34.328 INFO:tasks.cephadm:Fetching client.admin keyring...
2024-09-19T05:01:34.329 DEBUG:teuthology.orchestra.run.smithi031:> set -ex
2024-09-19T05:01:34.329 DEBUG:teuthology.orchestra.run.smithi031:> dd if=/etc/ceph/ceph.client.admin.keyring of=/dev/stdout
2024-09-19T05:01:34.406 INFO:tasks.cephadm:Fetching mon keyring...
2024-09-19T05:01:34.406 DEBUG:teuthology.orchestra.run.smithi031:> set -ex
2024-09-19T05:01:34.406 DEBUG:teuthology.orchestra.run.smithi031:> sudo dd if=/var/lib/ceph/f3e5399c-7643-11ef-bceb-c7b262605968/mon.a/keyring of=/dev/stdout
2024-09-19T05:01:34.502 INFO:tasks.cephadm:Fetching pub ssh key...
2024-09-19T05:01:34.503 DEBUG:teuthology.orchestra.run.smithi031:> set -ex
2024-09-19T05:01:34.503 DEBUG:teuthology.orchestra.run.smithi031:> dd if=/home/ubuntu/cephtest/ceph.pub of=/dev/stdout
2024-09-19T05:01:34.578 INFO:tasks.cephadm:Installing pub ssh key for root users...
2024-09-19T05:01:34.579 DEBUG:teuthology.orchestra.run.smithi031:> sudo install -d -m 0700 /root/.ssh && echo 'ssh-rsa AAAAB3NzaC1yc2EAAAADAQABAAABgQC4rWnj+7Kmdy78wDm+hDHiPaQRr3KygHDM8PLuoiUbzJ9lqglNpwGtOpX2fzuImlIuUjlXxWA9ooLW0kQfc8Lj5bVGIKBmlHrIRPWio8qUvmai6XRMoXn5jRg9SvY7QVINf/NKlU6g8TUPatjADiPP0NBzwtn5rOZgdMTottmpFtZ1bwbrXeQpMSJ2d//CFUCavLD8FWqE82ASYg9OufoyJSRezy0ZU8cvUvJ1vA10cBE3McE1OFluOltfi+L9bjtANRMITDA6VskQoMN4wPXo9atmAv3KGFuFm5oVnnQ/CqMvO49/sKXqGRUgld2NHChfNbEn92geSyZDeIFMgyMnhPp+e429sPF6ZBP3NwxXzATg+zklf5KFYerxao0kyfvTVNUWHWQ/gro3/lVlEDy4AdpB2lP33m5rVzrWakcmVJuNkZgd0v6N12fqkbcqviVT4irxTNwaJ2DfIz593Y3kyj6JAJkZWYvZ6yc0BbbRlCvIPz4eV9NfoNdXgc91FJE= ceph-f3e5399c-7643-11ef-bceb-c7b262605968' | sudo tee -a /root/.ssh/authorized_keys && sudo chmod 0600 /root/.ssh/authorized_keys
2024-09-19T05:01:34.701 INFO:teuthology.orchestra.run.smithi031.stdout:ssh-rsa AAAAB3NzaC1yc2EAAAADAQABAAABgQC4rWnj+7Kmdy78wDm+hDHiPaQRr3KygHDM8PLuoiUbzJ9lqglNpwGtOpX2fzuImlIuUjlXxWA9ooLW0kQfc8Lj5bVGIKBmlHrIRPWio8qUvmai6XRMoXn5jRg9SvY7QVINf/NKlU6g8TUPatjADiPP0NBzwtn5rOZgdMTottmpFtZ1bwbrXeQpMSJ2d//CFUCavLD8FWqE82ASYg9OufoyJSRezy0ZU8cvUvJ1vA10cBE3McE1OFluOltfi+L9bjtANRMITDA6VskQoMN4wPXo9atmAv3KGFuFm5oVnnQ/CqMvO49/sKXqGRUgld2NHChfNbEn92geSyZDeIFMgyMnhPp+e429sPF6ZBP3NwxXzATg+zklf5KFYerxao0kyfvTVNUWHWQ/gro3/lVlEDy4AdpB2lP33m5rVzrWakcmVJuNkZgd0v6N12fqkbcqviVT4irxTNwaJ2DfIz593Y3kyj6JAJkZWYvZ6yc0BbbRlCvIPz4eV9NfoNdXgc91FJE= ceph-f3e5399c-7643-11ef-bceb-c7b262605968
2024-09-19T05:01:34.727 DEBUG:teuthology.orchestra.run.smithi052:> sudo install -d -m 0700 /root/.ssh && echo 'ssh-rsa AAAAB3NzaC1yc2EAAAADAQABAAABgQC4rWnj+7Kmdy78wDm+hDHiPaQRr3KygHDM8PLuoiUbzJ9lqglNpwGtOpX2fzuImlIuUjlXxWA9ooLW0kQfc8Lj5bVGIKBmlHrIRPWio8qUvmai6XRMoXn5jRg9SvY7QVINf/NKlU6g8TUPatjADiPP0NBzwtn5rOZgdMTottmpFtZ1bwbrXeQpMSJ2d//CFUCavLD8FWqE82ASYg9OufoyJSRezy0ZU8cvUvJ1vA10cBE3McE1OFluOltfi+L9bjtANRMITDA6VskQoMN4wPXo9atmAv3KGFuFm5oVnnQ/CqMvO49/sKXqGRUgld2NHChfNbEn92geSyZDeIFMgyMnhPp+e429sPF6ZBP3NwxXzATg+zklf5KFYerxao0kyfvTVNUWHWQ/gro3/lVlEDy4AdpB2lP33m5rVzrWakcmVJuNkZgd0v6N12fqkbcqviVT4irxTNwaJ2DfIz593Y3kyj6JAJkZWYvZ6yc0BbbRlCvIPz4eV9NfoNdXgc91FJE= ceph-f3e5399c-7643-11ef-bceb-c7b262605968' | sudo tee -a /root/.ssh/authorized_keys && sudo chmod 0600 /root/.ssh/authorized_keys
2024-09-19T05:01:34.770 INFO:teuthology.orchestra.run.smithi052.stdout:ssh-rsa AAAAB3NzaC1yc2EAAAADAQABAAABgQC4rWnj+7Kmdy78wDm+hDHiPaQRr3KygHDM8PLuoiUbzJ9lqglNpwGtOpX2fzuImlIuUjlXxWA9ooLW0kQfc8Lj5bVGIKBmlHrIRPWio8qUvmai6XRMoXn5jRg9SvY7QVINf/NKlU6g8TUPatjADiPP0NBzwtn5rOZgdMTottmpFtZ1bwbrXeQpMSJ2d//CFUCavLD8FWqE82ASYg9OufoyJSRezy0ZU8cvUvJ1vA10cBE3McE1OFluOltfi+L9bjtANRMITDA6VskQoMN4wPXo9atmAv3KGFuFm5oVnnQ/CqMvO49/sKXqGRUgld2NHChfNbEn92geSyZDeIFMgyMnhPp+e429sPF6ZBP3NwxXzATg+zklf5KFYerxao0kyfvTVNUWHWQ/gro3/lVlEDy4AdpB2lP33m5rVzrWakcmVJuNkZgd0v6N12fqkbcqviVT4irxTNwaJ2DfIz593Y3kyj6JAJkZWYvZ6yc0BbbRlCvIPz4eV9NfoNdXgc91FJE= ceph-f3e5399c-7643-11ef-bceb-c7b262605968
2024-09-19T05:01:34.770 INFO:journalctl@ceph.mon.a.smithi031.stdout:Sep 19 05:01:34 smithi031 ceph-mon[30644]: from='client.? 172.21.15.31:0/3253812432' entity='client.admin'
2024-09-19T05:01:34.783 DEBUG:teuthology.orchestra.run.smithi131:> sudo install -d -m 0700 /root/.ssh && echo 'ssh-rsa AAAAB3NzaC1yc2EAAAADAQABAAABgQC4rWnj+7Kmdy78wDm+hDHiPaQRr3KygHDM8PLuoiUbzJ9lqglNpwGtOpX2fzuImlIuUjlXxWA9ooLW0kQfc8Lj5bVGIKBmlHrIRPWio8qUvmai6XRMoXn5jRg9SvY7QVINf/NKlU6g8TUPatjADiPP0NBzwtn5rOZgdMTottmpFtZ1bwbrXeQpMSJ2d//CFUCavLD8FWqE82ASYg9OufoyJSRezy0ZU8cvUvJ1vA10cBE3McE1OFluOltfi+L9bjtANRMITDA6VskQoMN4wPXo9atmAv3KGFuFm5oVnnQ/CqMvO49/sKXqGRUgld2NHChfNbEn92geSyZDeIFMgyMnhPp+e429sPF6ZBP3NwxXzATg+zklf5KFYerxao0kyfvTVNUWHWQ/gro3/lVlEDy4AdpB2lP33m5rVzrWakcmVJuNkZgd0v6N12fqkbcqviVT4irxTNwaJ2DfIz593Y3kyj6JAJkZWYvZ6yc0BbbRlCvIPz4eV9NfoNdXgc91FJE= ceph-f3e5399c-7643-11ef-bceb-c7b262605968' | sudo tee -a /root/.ssh/authorized_keys && sudo chmod 0600 /root/.ssh/authorized_keys
2024-09-19T05:01:34.826 INFO:teuthology.orchestra.run.smithi131.stdout:ssh-rsa AAAAB3NzaC1yc2EAAAADAQABAAABgQC4rWnj+7Kmdy78wDm+hDHiPaQRr3KygHDM8PLuoiUbzJ9lqglNpwGtOpX2fzuImlIuUjlXxWA9ooLW0kQfc8Lj5bVGIKBmlHrIRPWio8qUvmai6XRMoXn5jRg9SvY7QVINf/NKlU6g8TUPatjADiPP0NBzwtn5rOZgdMTottmpFtZ1bwbrXeQpMSJ2d//CFUCavLD8FWqE82ASYg9OufoyJSRezy0ZU8cvUvJ1vA10cBE3McE1OFluOltfi+L9bjtANRMITDA6VskQoMN4wPXo9atmAv3KGFuFm5oVnnQ/CqMvO49/sKXqGRUgld2NHChfNbEn92geSyZDeIFMgyMnhPp+e429sPF6ZBP3NwxXzATg+zklf5KFYerxao0kyfvTVNUWHWQ/gro3/lVlEDy4AdpB2lP33m5rVzrWakcmVJuNkZgd0v6N12fqkbcqviVT4irxTNwaJ2DfIz593Y3kyj6JAJkZWYvZ6yc0BbbRlCvIPz4eV9NfoNdXgc91FJE= ceph-f3e5399c-7643-11ef-bceb-c7b262605968
2024-09-19T05:01:34.838 DEBUG:teuthology.orchestra.run.smithi031:> sudo /home/ubuntu/cephtest/cephadm --image quay-quay-quay.apps.os.sepia.ceph.com/ceph-ci/ceph:2f599a46ad10e37c929e5c43da2f6907ddcd1961 shell -c /etc/ceph/ceph.conf -k /etc/ceph/ceph.client.admin.keyring --fsid f3e5399c-7643-11ef-bceb-c7b262605968 -- ceph config set mgr mgr/cephadm/allow_ptrace true
2024-09-19T05:01:35.202 INFO:teuthology.orchestra.run.smithi031.stderr:Inferring config /var/lib/ceph/f3e5399c-7643-11ef-bceb-c7b262605968/mon.a/config
2024-09-19T05:01:35.781 INFO:teuthology.orchestra.run.smithi031.stderr:2024-09-19T05:01:35.776+0000 7fb6b0c00640 1 -- 172.21.15.31:0/720729838 >> [v2:172.21.15.31:3300/0,v1:172.21.15.31:6789/0] conn(0x7fb6ac1037f0 msgr2=0x7fb6ac103bf0 secure :-1 s=STATE_CONNECTION_ESTABLISHED l=1).mark_down
2024-09-19T05:01:35.781 INFO:teuthology.orchestra.run.smithi031.stderr:2024-09-19T05:01:35.776+0000 7fb6b0c00640 1 --2- 172.21.15.31:0/720729838 >> [v2:172.21.15.31:3300/0,v1:172.21.15.31:6789/0] conn(0x7fb6ac1037f0 0x7fb6ac103bf0 secure :-1 s=READY pgs=76 cs=0 l=1 rev1=1 crypto rx=0x7fb69c009880 tx=0x7fb69c02a5d0 comp rx=0 tx=0).stop
2024-09-19T05:01:35.781 INFO:teuthology.orchestra.run.smithi031.stderr:2024-09-19T05:01:35.776+0000 7fb6b0c00640 1 -- 172.21.15.31:0/720729838 shutdown_connections
2024-09-19T05:01:35.781 INFO:teuthology.orchestra.run.smithi031.stderr:2024-09-19T05:01:35.776+0000 7fb6b0c00640 1 --2- 172.21.15.31:0/720729838 >> [v2:172.21.15.31:3300/0,v1:172.21.15.31:6789/0] conn(0x7fb6ac1037f0 0x7fb6ac103bf0 unknown :-1 s=CLOSED pgs=76 cs=0 l=1 rev1=1 crypto rx=0 tx=0 comp rx=0 tx=0).stop
2024-09-19T05:01:35.781 INFO:teuthology.orchestra.run.smithi031.stderr:2024-09-19T05:01:35.776+0000 7fb6b0c00640 1 -- 172.21.15.31:0/720729838 >> 172.21.15.31:0/720729838 conn(0x7fb6ac0fefc0 msgr2=0x7fb6ac101400 unknown :-1 s=STATE_NONE l=0).mark_down
2024-09-19T05:01:35.781 INFO:teuthology.orchestra.run.smithi031.stderr:2024-09-19T05:01:35.777+0000 7fb6b0c00640 1 -- 172.21.15.31:0/720729838 shutdown_connections
2024-09-19T05:01:35.781 INFO:teuthology.orchestra.run.smithi031.stderr:2024-09-19T05:01:35.777+0000 7fb6b0c00640 1 -- 172.21.15.31:0/720729838 wait complete.
2024-09-19T05:01:35.782 INFO:teuthology.orchestra.run.smithi031.stderr:2024-09-19T05:01:35.778+0000 7fb6b0c00640 1 Processor -- start
2024-09-19T05:01:35.782 INFO:teuthology.orchestra.run.smithi031.stderr:2024-09-19T05:01:35.778+0000 7fb6b0c00640 1 -- start start
2024-09-19T05:01:35.782 INFO:teuthology.orchestra.run.smithi031.stderr:2024-09-19T05:01:35.778+0000 7fb6b0c00640 1 --2- >> [v2:172.21.15.31:3300/0,v1:172.21.15.31:6789/0] conn(0x7fb6ac1037f0 0x7fb6ac198f30 unknown :-1 s=NONE pgs=0 cs=0 l=1 rev1=0 crypto rx=0 tx=0 comp rx=0 tx=0).connect
2024-09-19T05:01:35.782 INFO:teuthology.orchestra.run.smithi031.stderr:2024-09-19T05:01:35.778+0000 7fb6b0c00640 1 -- --> [v2:172.21.15.31:3300/0,v1:172.21.15.31:6789/0] -- mon_getmap magic: 0 -- 0x7fb6ac109900 con 0x7fb6ac1037f0
