2024-09-19T05:10:37.449+0000 7fe24659c640 1 --2- >> [v2:172.21.15.120:3300/0,v1:172.21.15.120:6789/0] conn(0x7fe248106470 0x7fe24819b5e0 unknown :-1 s=BANNER_CONNECTING pgs=0 cs=0 l=1 rev1=0 crypto rx=0 tx=0 comp rx=0 tx=0)._handle_peer_banner_payload supported=3 required=0
2024-09-19T05:10:38.884 INFO:teuthology.orchestra.run.smithi120.stdout:/usr/bin/ceph: stderr
2024-09-19T05:10:37.449+0000 7fe24659c640 1 --2- >> [v2:172.21.15.120:3300/0,v1:172.21.15.120:6789/0] conn(0x7fe248106470 0x7fe24819b5e0 unknown :-1 s=HELLO_CONNECTING pgs=0 cs=0 l=1 rev1=1 crypto rx=0 tx=0 comp rx=0 tx=0).handle_hello peer v2:172.21.15.120:3300/0 says I am v2:172.21.15.120:55360/0 (socket says 172.21.15.120:55360)
2024-09-19T05:10:38.884 INFO:teuthology.orchestra.run.smithi120.stdout:/usr/bin/ceph: stderr
2024-09-19T05:10:37.449+0000 7fe24659c640 1 -- 172.21.15.120:0/333165966 learned_addr learned my addr 172.21.15.120:0/333165966 (peer_addr_for_me v2:172.21.15.120:0/0)
2024-09-19T05:10:38.884 INFO:teuthology.orchestra.run.smithi120.stdout:/usr/bin/ceph: stderr
2024-09-19T05:10:37.449+0000 7fe24659c640 1 -- 172.21.15.120:0/333165966 --> [v2:172.21.15.120:3300/0,v1:172.21.15.120:6789/0] -- mon_subscribe({config=0+,monmap=0+}) -- 0x7fe24819bb20 con 0x7fe248106470
2024-09-19T05:10:38.884 INFO:teuthology.orchestra.run.smithi120.stdout:/usr/bin/ceph: stderr
2024-09-19T05:10:37.450+0000 7fe24659c640 1 --2- 172.21.15.120:0/333165966 >> [v2:172.21.15.120:3300/0,v1:172.21.15.120:6789/0] conn(0x7fe248106470 0x7fe24819b5e0 secure :-1 s=READY pgs=48 cs=0 l=1 rev1=1 crypto rx=0x7fe2380097f0 tx=0x7fe238030d00 comp rx=0 tx=0).ready entity=mon.0 client_cookie=0 server_cookie=0 in_seq=0 out_seq=0
2024-09-19T05:10:38.885 INFO:teuthology.orchestra.run.smithi120.stdout:/usr/bin/ceph: stderr
2024-09-19T05:10:37.450+0000 7fe23f7fe640 1 -- 172.21.15.120:0/333165966 <== mon.0 v2:172.21.15.120:3300/0 1 ==== mon_map magic: 0 ==== 205+0+0 (secure 0 0 0) 0x7fe238037040 con 0x7fe248106470
2024-09-19T05:10:38.885 INFO:teuthology.orchestra.run.smithi120.stdout:/usr/bin/ceph: stderr
2024-09-19T05:10:37.450+0000 7fe23f7fe640 1 -- 172.21.15.120:0/333165966 <== mon.0 v2:172.21.15.120:3300/0 2 ==== config(26 keys) ==== 1071+0+0 (secure 0 0 0) 0x7fe238032bb0 con 0x7fe248106470
2024-09-19T05:10:38.885 INFO:teuthology.orchestra.run.smithi120.stdout:/usr/bin/ceph: stderr
2024-09-19T05:10:37.450+0000 7fe23f7fe640 1 -- 172.21.15.120:0/333165966 <== mon.0 v2:172.21.15.120:3300/0 3 ==== mon_map magic: 0 ==== 205+0+0 (secure 0 0 0) 0x7fe23803a390 con 0x7fe248106470
2024-09-19T05:10:38.885 INFO:teuthology.orchestra.run.smithi120.stdout:/usr/bin/ceph: stderr
2024-09-19T05:10:37.450+0000 7fe24ce4b640 1 -- 172.21.15.120:0/333165966 --> [v2:172.21.15.120:3300/0,v1:172.21.15.120:6789/0] -- mon_subscribe({mgrmap=0+}) -- 0x7fe24819bdb0 con 0x7fe248106470
2024-09-19T05:10:38.885 INFO:teuthology.orchestra.run.smithi120.stdout:/usr/bin/ceph: stderr
2024-09-19T05:10:37.450+0000 7fe24ce4b640 1 -- 172.21.15.120:0/333165966 --> [v2:172.21.15.120:3300/0,v1:172.21.15.120:6789/0] -- mon_subscribe({osdmap=0}) -- 0x7fe24819eaa0 con 0x7fe248106470
2024-09-19T05:10:38.885 INFO:teuthology.orchestra.run.smithi120.stdout:/usr/bin/ceph: stderr
2024-09-19T05:10:37.451+0000 7fe23f7fe640 1 -- 172.21.15.120:0/333165966 <== mon.0 v2:172.21.15.120:3300/0 4 ==== mgrmap(e 8) ==== 46461+0+0 (secure 0 0 0) 0x7fe23803a5d0 con 0x7fe248106470
2024-09-19T05:10:38.886 INFO:teuthology.orchestra.run.smithi120.stdout:/usr/bin/ceph: stderr
2024-09-19T05:10:37.451+0000 7fe23f7fe640 1 --2- 172.21.15.120:0/333165966 >> [v2:172.21.15.120:6800/50152720,v1:172.21.15.120:6801/50152720] conn(0x7fe2340391b0 0x7fe23403b670 unknown :-1 s=NONE pgs=0 cs=0 l=1 rev1=0 crypto rx=0 tx=0 comp rx=0 tx=0).connect
2024-09-19T05:10:38.886 INFO:teuthology.orchestra.run.smithi120.stdout:/usr/bin/ceph: stderr
2024-09-19T05:10:37.451+0000 7fe23f7fe640 1 -- 172.21.15.120:0/333165966 <== mon.0 v2:172.21.15.120:3300/0 5 ==== osd_map(2..2 src has 1..2) ==== 940+0+0 (secure 0 0 0) 0x7fe23806c450 con 0x7fe248106470
2024-09-19T05:10:38.886 INFO:teuthology.orchestra.run.smithi120.stdout:/usr/bin/ceph: stderr
2024-09-19T05:10:37.451+0000 7fe23ffff640 1 --2- 172.21.15.120:0/333165966 >> [v2:172.21.15.120:6800/50152720,v1:172.21.15.120:6801/50152720] conn(0x7fe2340391b0 0x7fe23403b670 unknown :-1 s=BANNER_CONNECTING pgs=0 cs=0 l=1 rev1=0 crypto rx=0 tx=0 comp rx=0 tx=0)._handle_peer_banner_payload supported=3 required=0
2024-09-19T05:10:38.886 INFO:teuthology.orchestra.run.smithi120.stdout:/usr/bin/ceph: stderr
2024-09-19T05:10:37.451+0000 7fe24ce4b640 1 -- 172.21.15.120:0/333165966 --> [v2:172.21.15.120:3300/0,v1:172.21.15.120:6789/0] -- mon_command({"prefix": "get_command_descriptions"} v 0) -- 0x7fe2481068f0 con 0x7fe248106470
2024-09-19T05:10:38.886 INFO:teuthology.orchestra.run.smithi120.stdout:/usr/bin/ceph: stderr
2024-09-19T05:10:37.451+0000 7fe23ffff640 1 --2- 172.21.15.120:0/333165966 >> [v2:172.21.15.120:6800/50152720,v1:172.21.15.120:6801/50152720] conn(0x7fe2340391b0 0x7fe23403b670 secure :-1 s=READY pgs=14 cs=0 l=1 rev1=1 crypto rx=0x7fe2300098c0 tx=0x7fe230006db0 comp rx=0 tx=0).ready entity=mgr.14118 client_cookie=0 server_cookie=0 in_seq=0 out_seq=0
2024-09-19T05:10:38.886 INFO:teuthology.orchestra.run.smithi120.stdout:/usr/bin/ceph: stderr
2024-09-19T05:10:37.456+0000 7fe23f7fe640 1 -- 172.21.15.120:0/333165966 <== mon.0 v2:172.21.15.120:3300/0 6 ==== mon_command_ack([{"prefix": "get_command_descriptions"}]=0 v0) ==== 72+0+188913 (secure 0 0 0) 0x7fe238040210 con 0x7fe248106470
2024-09-19T05:10:38.887 INFO:teuthology.orchestra.run.smithi120.stdout:/usr/bin/ceph: stderr
2024-09-19T05:10:37.638+0000 7fe24ce4b640 1 -- 172.21.15.120:0/333165966 --> [v2:172.21.15.120:6800/50152720,v1:172.21.15.120:6801/50152720] -- mgr_command(tid 0: {"prefix": "orch apply", "service_type": "mgr", "unmanaged": true, "target": ["mon-mgr", ""]}) -- 0x7fe24802d8d0 con 0x7fe2340391b0
2024-09-19T05:10:38.887 INFO:teuthology.orchestra.run.smithi120.stdout:/usr/bin/ceph: stderr
2024-09-19T05:10:37.645+0000 7fe23f7fe640 1 -- 172.21.15.120:0/333165966 <== mgr.14118 v2:172.21.15.120:6800/50152720 1 ==== mgr_command_reply(tid 0: 0 ) ==== 8+0+24 (secure 0 0 0) 0x7fe24802d8d0 con 0x7fe2340391b0
2024-09-19T05:10:38.887 INFO:teuthology.orchestra.run.smithi120.stdout:/usr/bin/ceph: stderr
2024-09-19T05:10:37.647+0000 7fe24ce4b640 1 -- 172.21.15.120:0/333165966 >> [v2:172.21.15.120:6800/50152720,v1:172.21.15.120:6801/50152720] conn(0x7fe2340391b0 msgr2=0x7fe23403b670 secure :-1 s=STATE_CONNECTION_ESTABLISHED l=1).mark_down
2024-09-19T05:10:38.887 INFO:teuthology.orchestra.run.smithi120.stdout:/usr/bin/ceph: stderr
2024-09-19T05:10:37.647+0000 7fe24ce4b640 1 --2- 172.21.15.120:0/333165966 >> [v2:172.21.15.120:6800/50152720,v1:172.21.15.120:6801/50152720] conn(0x7fe2340391b0 0x7fe23403b670 secure :-1 s=READY pgs=14 cs=0 l=1 rev1=1 crypto rx=0x7fe2300098c0 tx=0x7fe230006db0 comp rx=0 tx=0).stop
2024-09-19T05:10:38.887 INFO:teuthology.orchestra.run.smithi120.stdout:/usr/bin/ceph: stderr
2024-09-19T05:10:37.647+0000 7fe24ce4b640 1 -- 172.21.15.120:0/333165966 >> [v2:172.21.15.120:3300/0,v1:172.21.15.120:6789/0] conn(0x7fe248106470 msgr2=0x7fe24819b5e0 secure :-1 s=STATE_CONNECTION_ESTABLISHED l=1).mark_down
2024-09-19T05:10:38.888 INFO:teuthology.orchestra.run.smithi120.stdout:/usr/bin/ceph: stderr
2024-09-19T05:10:37.647+0000 7fe24ce4b640 1 --2- 172.21.15.120:0/333165966 >> [v2:172.21.15.120:3300/0,v1:172.21.15.120:6789/0] conn(0x7fe248106470 0x7fe24819b5e0 secure :-1 s=READY pgs=48 cs=0 l=1 rev1=1 crypto rx=0x7fe2380097f0 tx=0x7fe238030d00 comp rx=0 tx=0).stop
2024-09-19T05:10:38.888 INFO:teuthology.orchestra.run.smithi120.stdout:/usr/bin/ceph: stderr
2024-09-19T05:10:37.647+0000 7fe24ce4b640 1 -- 172.21.15.120:0/333165966 shutdown_connections
2024-09-19T05:10:38.888 INFO:teuthology.orchestra.run.smithi120.stdout:/usr/bin/ceph: stderr
2024-09-19T05:10:37.647+0000 7fe24ce4b640 1 --2- 172.21.15.120:0/333165966 >> [v2:172.21.15.120:6800/50152720,v1:172.21.15.120:6801/50152720] conn(0x7fe2340391b0 0x7fe23403b670 unknown :-1 s=CLOSED pgs=14 cs=0 l=1 rev1=1 crypto rx=0 tx=0 comp rx=0 tx=0).stop
2024-09-19T05:10:38.888 INFO:teuthology.orchestra.run.smithi120.stdout:/usr/bin/ceph: stderr
2024-09-19T05:10:37.647+0000 7fe24ce4b640 1 --2- 172.21.15.120:0/333165966 >> [v2:172.21.15.120:3300/0,v1:172.21.15.120:6789/0] conn(0x7fe248106470 0x7fe24819b5e0 unknown :-1 s=CLOSED pgs=48 cs=0 l=1 rev1=1 crypto rx=0 tx=0 comp rx=0 tx=0).stop
2024-09-19T05:10:38.888 INFO:teuthology.orchestra.run.smithi120.stdout:/usr/bin/ceph: stderr
2024-09-19T05:10:37.647+0000 7fe24ce4b640 1 -- 172.21.15.120:0/333165966 >> 172.21.15.120:0/333165966 conn(0x7fe248101c00 msgr2=0x7fe248102b00 unknown :-1 s=STATE_NONE l=0).mark_down
2024-09-19T05:10:38.888 INFO:teuthology.orchestra.run.smithi120.stdout:/usr/bin/ceph: stderr
2024-09-19T05:10:37.648+0000 7fe24ce4b640 1 -- 172.21.15.120:0/333165966 shutdown_connections
2024-09-19T05:10:38.889 INFO:teuthology.orchestra.run.smithi120.stdout:/usr/bin/ceph: stderr
2024-09-19T05:10:37.648+0000 7fe24ce4b640 1 -- 172.21.15.120:0/333165966 wait complete.
2024-09-19T05:10:40.662 INFO:journalctl@ceph.mon.a.smithi120.stdout:Sep 19 05:10:40 smithi120 ceph-mon[30956]: from='client.? 172.21.15.120:0/1773331707' entity='client.admin'
2024-09-19T05:10:40.662 INFO:journalctl@ceph.mon.a.smithi120.stdout:Sep 19 05:10:40 smithi120 ceph-mon[30956]: from='mgr.14118 172.21.15.120:0/4043651396' entity='mgr.x'
2024-09-19T05:10:40.670 INFO:teuthology.orchestra.run.smithi120.stdout:/usr/bin/ceph: stderr
2024-09-19T05:10:39.290+0000 7fc17eb04640 1 Processor -- start
2024-09-19T05:10:40.670 INFO:teuthology.orchestra.run.smithi120.stdout:/usr/bin/ceph: stderr
2024-09-19T05:10:39.290+0000 7fc17eb04640 1 -- start start
2024-09-19T05:10:40.670 INFO:teuthology.orchestra.run.smithi120.stdout:/usr/bin/ceph: stderr
2024-09-19T05:10:39.290+0000 7fc17eb04640 1 --2- >> [v2:172.21.15.120:3300/0,v1:172.21.15.120:6789/0] conn(0x7fc1781075c0 0x7fc1781079c0 unknown :-1 s=NONE pgs=0 cs=0 l=0 rev1=0 crypto rx=0 tx=0 comp rx=0 tx=0).connect
2024-09-19T05:10:40.670 INFO:teuthology.orchestra.run.smithi120.stdout:/usr/bin/ceph: stderr
2024-09-19T05:10:39.290+0000 7fc17eb04640 1 -- --> [v2:172.21.15.120:3300/0,v1:172.21.15.120:6789/0] -- mon_getmap magic: 0 -- 0x7fc178107f90 con 0x7fc1781075c0
2024-09-19T05:10:40.670 INFO:teuthology.orchestra.run.smithi120.stdout:/usr/bin/ceph: stderr
2024-09-19T05:10:39.290+0000 7fc17c8a0640 1 --2- >> [v2:172.21.15.120:3300/0,v1:172.21.15.120:6789/0] conn(0x7fc1781075c0 0x7fc1781079c0 unknown :-1 s=BANNER_CONNECTING pgs=0 cs=0 l=0 rev1=0 crypto rx=0 tx=0 comp rx=0 tx=0)._handle_peer_banner_payload supported=3 required=0
2024-09-19T05:10:40.670 INFO:teuthology.orchestra.run.smithi120.stdout:/usr/bin/ceph: stderr
2024-09-19T05:10:39.290+0000 7fc17c8a0640 1 --2- >> [v2:172.21.15.120:3300/0,v1:172.21.15.120:6789/0] conn(0x7fc1781075c0 0x7fc1781079c0 unknown :-1 s=HELLO_CONNECTING pgs=0 cs=0 l=0 rev1=1 crypto rx=0 tx=0 comp rx=0 tx=0).handle_hello peer v2:172.21.15.120:3300/0 says I am v2:172.21.15.120:55372/0 (socket says 172.21.15.120:55372)
2024-09-19T05:10:40.670 INFO:teuthology.orchestra.run.smithi120.stdout:/usr/bin/ceph: stderr
2024-09-19T05:10:39.290+0000 7fc17c8a0640 1 -- 172.21.15.120:0/230588281 learned_addr learned my addr 172.21.15.120:0/230588281 (peer_addr_for_me v2:172.21.15.120:0/0)
2024-09-19T05:10:40.671 INFO:teuthology.orchestra.run.smithi120.stdout:/usr/bin/ceph: stderr
2024-09-19T05:10:39.291+0000 7fc17c8a0640 1 -- 172.21.15.120:0/230588281 --> [v2:172.21.15.120:3300/0,v1:172.21.15.120:6789/0] -- mon_subscribe({config=0+,monmap=0+}) -- 0x7fc1781087c0 con 0x7fc1781075c0
2024-09-19T05:10:40.671 INFO:teuthology.orchestra.run.smithi120.stdout:/usr/bin/ceph: stderr
2024-09-19T05:10:39.291+0000 7fc17c8a0640 1 --2- 172.21.15.120:0/230588281 >> [v2:172.21.15.120:3300/0,v1:172.21.15.120:6789/0] conn(0x7fc1781075c0 0x7fc1781079c0 secure :-1 s=READY pgs=49 cs=0 l=1 rev1=1 crypto rx=0x7fc16c009820 tx=0x7fc16c02a270 comp rx=0 tx=0).ready entity=mon.0 client_cookie=c97fbc1e1c3319d9 server_cookie=0 in_seq=0 out_seq=0
2024-09-19T05:10:40.671 INFO:teuthology.orchestra.run.smithi120.stdout:/usr/bin/ceph: stderr
2024-09-19T05:10:39.292+0000 7fc1777fe640 1 -- 172.21.15.120:0/230588281 <== mon.0 v2:172.21.15.120:3300/0 1 ==== mon_map magic: 0 ==== 205+0+0 (secure 0 0 0) 0x7fc16c037070 con 0x7fc1781075c0
2024-09-19T05:10:40.671 INFO:teuthology.orchestra.run.smithi120.stdout:/usr/bin/ceph: stderr
2024-09-19T05:10:39.292+0000 7fc1777fe640 1 -- 172.21.15.120:0/230588281 <== mon.0 v2:172.21.15.120:3300/0 2 ==== config(26 keys) ==== 1102+0+0 (secure 0 0 0) 0x7fc16c0328f0 con 0x7fc1781075c0
2024-09-19T05:10:40.671 INFO:teuthology.orchestra.run.smithi120.stdout:/usr/bin/ceph: stderr
2024-09-19T05:10:39.292+0000 7fc1777fe640 1 -- 172.21.15.120:0/230588281 <== mon.0 v2:172.21.15.120:3300/0 3 ==== mon_map magic: 0 ==== 205+0+0 (secure 0 0 0) 0x7fc16c030740 con 0x7fc1781075c0
2024-09-19T05:10:40.671 INFO:teuthology.orchestra.run.smithi120.stdout:/usr/bin/ceph: stderr
2024-09-19T05:10:39.292+0000 7fc17eb04640 1 -- 172.21.15.120:0/230588281 >> [v2:172.21.15.120:3300/0,v1:172.21.15.120:6789/0] conn(0x7fc1781075c0 msgr2=0x7fc1781079c0 secure :-1 s=STATE_CONNECTION_ESTABLISHED l=1).mark_down
2024-09-19T05:10:40.671 INFO:teuthology.orchestra.run.smithi120.stdout:/usr/bin/ceph: stderr
2024-09-19T05:10:39.292+0000 7fc17eb04640 1 --2- 172.21.15.120:0/230588281 >> [v2:172.21.15.120:3300/0,v1:172.21.15.120:6789/0] conn(0x7fc1781075c0 0x7fc1781079c0 secure :-1 s=READY pgs=49 cs=0 l=1 rev1=1 crypto rx=0x7fc16c009820 tx=0x7fc16c02a270 comp rx=0 tx=0).stop
2024-09-19T05:10:40.671 INFO:teuthology.orchestra.run.smithi120.stdout:/usr/bin/ceph: stderr
2024-09-19T05:10:39.292+0000 7fc17eb04640 1 -- 172.21.15.120:0/230588281 shutdown_connections
2024-09-19T05:10:40.671 INFO:teuthology.orchestra.run.smithi120.stdout:/usr/bin/ceph: stderr
2024-09-19T05:10:39.292+0000 7fc17eb04640 1 --2- 172.21.15.120:0/230588281 >> [v2:172.21.15.120:3300/0,v1:172.21.15.120:6789/0] conn(0x7fc1781075c0 0x7fc1781079c0 unknown :-1 s=CLOSED pgs=49 cs=0 l=1 rev1=1 crypto rx=0 tx=0 comp rx=0 tx=0).stop
2024-09-19T05:10:40.671 INFO:teuthology.orchestra.run.smithi120.stdout:/usr/bin/ceph: stderr
2024-09-19T05:10:39.292+0000 7fc17eb04640 1 -- 172.21.15.120:0/230588281 >> 172.21.15.120:0/230588281 conn(0x7fc178102d50 msgr2=0x7fc178105190 unknown :-1 s=STATE_NONE l=0).mark_down
2024-09-19T05:10:40.672 INFO:teuthology.orchestra.run.smithi120.stdout:/usr/bin/ceph: stderr
2024-09-19T05:10:39.292+0000 7fc17eb04640 1 -- 172.21.15.120:0/230588281 shutdown_connections
2024-09-19T05:10:40.672 INFO:teuthology.orchestra.run.smithi120.stdout:/usr/bin/ceph: stderr
2024-09-19T05:10:39.292+0000 7fc17eb04640 1 -- 172.21.15.120:0/230588281 wait complete.
2024-09-19T05:10:40.672 INFO:teuthology.orchestra.run.smithi120.stdout:/usr/bin/ceph: stderr
2024-09-19T05:10:39.293+0000 7fc17eb04640 1 Processor -- start
2024-09-19T05:10:40.672 INFO:teuthology.orchestra.run.smithi120.stdout:/usr/bin/ceph: stderr
2024-09-19T05:10:39.293+0000 7fc17eb04640 1 -- start start
2024-09-19T05:10:40.672 INFO:teuthology.orchestra.run.smithi120.stdout:/usr/bin/ceph: stderr
2024-09-19T05:10:39.293+0000 7fc17eb04640 1 --2- >> [v2:172.21.15.120:3300/0,v1:172.21.15.120:6789/0] conn(0x7fc1781075c0 0x7fc17819b5f0 unknown :-1 s=NONE pgs=0 cs=0 l=1 rev1=0 crypto rx=0 tx=0 comp rx=0 tx=0).connect
2024-09-19T05:10:40.672 INFO:teuthology.orchestra.run.smithi120.stdout:/usr/bin/ceph: stderr
2024-09-19T05:10:39.293+0000 7fc17eb04640 1 -- --> [v2:172.21.15.120:3300/0,v1:172.21.15.120:6789/0] -- mon_getmap magic: 0 -- 0x7fc17810bb70 con 0x7fc1781075c0
2024-09-19T05:10:40.672 INFO:teuthology.orchestra.run.smithi120.stdout:/usr/bin/ceph: stderr
2024-09-19T05:10:39.293+0000 7fc17c8a0640 1 --2- >> [v2:172.21.15.120:3300/0,v1:172.21.15.120:6789/0] conn(0x7fc1781075c0 0x7fc17819b5f0 unknown :-1 s=BANNER_CONNECTING pgs=0 cs=0 l=1 rev1=0 crypto rx=0 tx=0 comp rx=0 tx=0)._handle_peer_banner_payload supported=3 required=0
2024-09-19T05:10:40.672 INFO:teuthology.orchestra.run.smithi120.stdout:/usr/bin/ceph: stderr
2024-09-19T05:10:39.293+0000 7fc17c8a0640 1 --2- >> [v2:172.21.15.120:3300/0,v1:172.21.15.120:6789/0] conn(0x7fc1781075c0 0x7fc17819b5f0 unknown :-1 s=HELLO_CONNECTING pgs=0 cs=0 l=1 rev1=1 crypto rx=0 tx=0 comp rx=0 tx=0).handle_hello peer v2:172.21.15.120:3300/0 says I am v2:172.21.15.120:55388/0 (socket says 172.21.15.120:55388)
2024-09-19T05:10:40.672 INFO:teuthology.orchestra.run.smithi120.stdout:/usr/bin/ceph: stderr
2024-09-19T05:10:39.293+0000 7fc17c8a0640 1 -- 172.21.15.120:0/1773331707 learned_addr learned my addr 172.21.15.120:0/1773331707 (peer_addr_for_me v2:172.21.15.120:0/0)
2024-09-19T05:10:40.673 INFO:teuthology.orchestra.run.smithi120.stdout:/usr/bin/ceph: stderr
2024-09-19T05:10:39.293+0000 7fc17c8a0640 1 -- 172.21.15.120:0/1773331707 --> [v2:172.21.15.120:3300/0,v1:172.21.15.120:6789/0] -- mon_subscribe({config=0+,monmap=0+}) -- 0x7fc17819bb30 con 0x7fc1781075c0
2024-09-19T05:10:40.673 INFO:teuthology.orchestra.run.smithi120.stdout:/usr/bin/ceph: stderr
2024-09-19T05:10:39.293+0000 7fc17c8a0640 1 --2- 172.21.15.120:0/1773331707 >> [v2:172.21.15.120:3300/0,v1:172.21.15.120:6789/0] conn(0x7fc1781075c0 0x7fc17819b5f0 secure :-1 s=READY pgs=50 cs=0 l=1 rev1=1 crypto rx=0x7fc16c0097f0 tx=0x7fc16c030c70 comp rx=0 tx=0).ready entity=mon.0 client_cookie=0 server_cookie=0 in_seq=0 out_seq=0
2024-09-19T05:10:40.673 INFO:teuthology.orchestra.run.smithi120.stdout:/usr/bin/ceph: stderr
2024-09-19T05:10:39.294+0000 7fc175ffb640 1 -- 172.21.15.120:0/1773331707 <== mon.0 v2:172.21.15.120:3300/0 1 ==== mon_map magic: 0 ==== 205+0+0 (secure 0 0 0) 0x7fc16c042070 con 0x7fc1781075c0
2024-09-19T05:10:40.673 INFO:teuthology.orchestra.run.smithi120.stdout:/usr/bin/ceph: stderr
2024-09-19T05:10:39.294+0000 7fc175ffb640 1 -- 172.21.15.120:0/1773331707 <== mon.0 v2:172.21.15.120:3300/0 2 ==== config(26 keys) ==== 1102+0+0 (secure 0 0 0) 0x7fc16c030e80 con 0x7fc1781075c0
2024-09-19T05:10:40.673 INFO:teuthology.orchestra.run.smithi120.stdout:/usr/bin/ceph: stderr
2024-09-19T05:10:39.294+0000 7fc17eb04640 1 -- 172.21.15.120:0/1773331707 --> [v2:172.21.15.120:3300/0,v1:172.21.15.120:6789/0] -- mon_subscribe({mgrmap=0+}) -- 0x7fc17819bdc0 con 0x7fc1781075c0
2024-09-19T05:10:40.673 INFO:teuthology.orchestra.run.smithi120.stdout:/usr/bin/ceph: stderr
2024-09-19T05:10:39.294+0000 7fc175ffb640 1 -- 172.21.15.120:0/1773331707 <== mon.0 v2:172.21.15.120:3300/0 3 ==== mon_map magic: 0 ==== 205+0+0 (secure 0 0 0) 0x7fc16c037040 con 0x7fc1781075c0
2024-09-19T05:10:40.673 INFO:teuthology.orchestra.run.smithi120.stdout:/usr/bin/ceph: stderr
2024-09-19T05:10:39.294+0000 7fc17eb04640 1 -- 172.21.15.120:0/1773331707 --> [v2:172.21.15.120:3300/0,v1:172.21.15.120:6789/0] -- mon_subscribe({osdmap=0}) -- 0x7fc17819eab0 con 0x7fc1781075c0
2024-09-19T05:10:40.673 INFO:teuthology.orchestra.run.smithi120.stdout:/usr/bin/ceph: stderr
2024-09-19T05:10:39.295+0000 7fc175ffb640 1 -- 172.21.15.120:0/1773331707 <== mon.0 v2:172.21.15.120:3300/0 4 ==== mgrmap(e 8) ==== 46461+0+0 (secure 0 0 0) 0x7fc16c045070 con 0x7fc1781075c0
2024-09-19T05:10:40.673 INFO:teuthology.orchestra.run.smithi120.stdout:/usr/bin/ceph: stderr
2024-09-19T05:10:39.295+0000 7fc17eb04640 1 -- 172.21.15.120:0/1773331707 --> [v2:172.21.15.120:3300/0,v1:172.21.15.120:6789/0] -- mon_command({"prefix": "get_command_descriptions"} v 0) -- 0x7fc17810bcf0 con 0x7fc1781075c0
2024-09-19T05:10:40.673 INFO:teuthology.orchestra.run.smithi120.stdout:/usr/bin/ceph: stderr
2024-09-19T05:10:39.295+0000 7fc175ffb640 1 --2- 172.21.15.120:0/1773331707 >> [v2:172.21.15.120:6800/50152720,v1:172.21.15.120:6801/50152720] conn(0x7fc168039200 0x7fc16803b6c0 unknown :-1 s=NONE pgs=0 cs=0 l=1 rev1=0 crypto rx=0 tx=0 comp rx=0 tx=0).connect
2024-09-19T05:10:40.673 INFO:teuthology.orchestra.run.smithi120.stdout:/usr/bin/ceph: stderr
2024-09-19T05:10:39.295+0000 7fc175ffb640 1 -- 172.21.15.120:0/1773331707 <== mon.0 v2:172.21.15.120:3300/0 5 ==== osd_map(2..2 src has 1..2) ==== 940+0+0 (secure 0 0 0) 0x7fc16c06c4c0 con 0x7fc1781075c0
2024-09-19T05:10:40.674 INFO:teuthology.orchestra.run.smithi120.stdout:/usr/bin/ceph: stderr
2024-09-19T05:10:39.295+0000 7fc177fff640 1 --2- 172.21.15.120:0/1773331707 >> [v2:172.21.15.120:6800/50152720,v1:172.21.15.120:6801/50152720] conn(0x7fc168039200 0x7fc16803b6c0 unknown :-1 s=BANNER_CONNECTING pgs=0 cs=0 l=1 rev1=0 crypto rx=0 tx=0 comp rx=0 tx=0)._handle_peer_banner_payload supported=3 required=0
2024-09-19T05:10:40.674 INFO:teuthology.orchestra.run.smithi120.stdout:/usr/bin/ceph: stderr
2024-09-19T05:10:39.296+0000 7fc177fff640 1 --2- 172.21.15.120:0/1773331707 >> [v2:172.21.15.120:6800/50152720,v1:172.21.15.120:6801/50152720] conn(0x7fc168039200 0x7fc16803b6c0 secure :-1 s=READY pgs=15 cs=0 l=1 rev1=1 crypto rx=0x7fc1640098c0 tx=0x7fc164006db0 comp rx=0 tx=0).ready entity=mgr.14118 client_cookie=0 server_cookie=0 in_seq=0 out_seq=0
2024-09-19T05:10:40.674 INFO:teuthology.orchestra.run.smithi120.stdout:/usr/bin/ceph: stderr
2024-09-19T05:10:39.300+0000 7fc175ffb640 1 -- 172.21.15.120:0/1773331707 <== mon.0 v2:172.21.15.120:3300/0 6 ==== mon_command_ack([{"prefix": "get_command_descriptions"}]=0 v0) ==== 72+0+188913 (secure 0 0 0) 0x7fc16c045360 con 0x7fc1781075c0
2024-09-19T05:10:40.674 INFO:teuthology.orchestra.run.smithi120.stdout:/usr/bin/ceph: stderr
2024-09-19T05:10:39.489+0000 7fc17eb04640 1 -- 172.21.15.120:0/1773331707 --> [v2:172.21.15.120:3300/0,v1:172.21.15.120:6789/0] -- mon_command([{prefix=config set, name=mgr/cephadm/container_init}] v 0) -- 0x7fc178107a40 con 0x7fc1781075c0
2024-09-19T05:10:40.674 INFO:teuthology.orchestra.run.smithi120.stdout:/usr/bin/ceph: stderr
2024-09-19T05:10:39.492+0000 7fc175ffb640 1 -- 172.21.15.120:0/1773331707 <== mon.0 v2:172.21.15.120:3300/0 7 ==== mon_command_ack([{prefix=config set, name=mgr/cephadm/container_init}]=0 v7)=0 v7) ==== 142+0+0 (secure 0 0 0) 0x7fc16c03db70 con 0x7fc1781075c0
2024-09-19T05:10:40.674 INFO:teuthology.orchestra.run.smithi120.stdout:/usr/bin/ceph: stderr
2024-09-19T05:10:39.494+0000 7fc17eb04640 1 -- 172.21.15.120:0/1773331707 >> [v2:172.21.15.120:6800/50152720,v1:172.21.15.120:6801/50152720] conn(0x7fc168039200 msgr2=0x7fc16803b6c0 secure :-1 s=STATE_CONNECTION_ESTABLISHED l=1).mark_down
2024-09-19T05:10:40.674 INFO:teuthology.orchestra.run.smithi120.stdout:/usr/bin/ceph: stderr
2024-09-19T05:10:39.494+0000 7fc17eb04640 1 --2- 172.21.15.120:0/1773331707 >> [v2:172.21.15.120:6800/50152720,v1:172.21.15.120:6801/50152720] conn(0x7fc168039200 0x7fc16803b6c0 secure :-1 s=READY pgs=15 cs=0 l=1 rev1=1 crypto rx=0x7fc1640098c0 tx=0x7fc164006db0 comp rx=0 tx=0).stop
2024-09-19T05:10:40.674 INFO:teuthology.orchestra.run.smithi120.stdout:/usr/bin/ceph: stderr
2024-09-19T05:10:39.494+0000 7fc17eb04640 1 -- 172.21.15.120:0/1773331707 >> [v2:172.21.15.120:3300/0,v1:172.21.15.120:6789/0] conn(0x7fc1781075c0 msgr2=0x7fc17819b5f0 secure :-1 s=STATE_CONNECTION_ESTABLISHED l=1).mark_down
2024-09-19T05:10:40.674 INFO:teuthology.orchestra.run.smithi120.stdout:/usr/bin/ceph: stderr
2024-09-19T05:10:39.494+0000 7fc17eb04640 1 --2- 172.21.15.120:0/1773331707 >> [v2:172.21.15.120:3300/0,v1:172.21.15.120:6789/0] conn(0x7fc1781075c0 0x7fc17819b5f0 secure :-1 s=READY pgs=50 cs=0 l=1 rev1=1 crypto rx=0x7fc16c0097f0 tx=0x7fc16c030c70 comp rx=0 tx=0).stop
2024-09-19T05:10:40.674 INFO:teuthology.orchestra.run.smithi120.stdout:/usr/bin/ceph: stderr
2024-09-19T05:10:39.494+0000 7fc17eb04640 1 -- 172.21.15.120:0/1773331707 shutdown_connections
2024-09-19T05:10:40.674 INFO:teuthology.orchestra.run.smithi120.stdout:/usr/bin/ceph: stderr
2024-09-19T05:10:39.494+0000 7fc17eb04640 1 --2- 172.21.15.120:0/1773331707 >> [v2:172.21.15.120:6800/50152720,v1:172.21.15.120:6801/50152720] conn(0x7fc168039200 0x7fc16803b6c0 unknown :-1 s=CLOSED pgs=15 cs=0 l=1 rev1=1 crypto rx=0 tx=0 comp rx=0 tx=0).stop
2024-09-19T05:10:40.674 INFO:teuthology.orchestra.run.smithi120.stdout:/usr/bin/ceph: stderr
2024-09-19T05:10:39.494+0000 7fc17eb04640 1 --2- 172.21.15.120:0/1773331707 >> [v2:172.21.15.120:3300/0,v1:172.21.15.120:6789/0] conn(0x7fc1781075c0 0x7fc17819b5f0 unknown :-1 s=CLOSED pgs=50 cs=0 l=1 rev1=1 crypto rx=0 tx=0 comp rx=0 tx=0).stop
2024-09-19T05:10:40.674 INFO:teuthology.orchestra.run.smithi120.stdout:/usr/bin/ceph: stderr
2024-09-19T05:10:39.494+0000 7fc17eb04640 1 -- 172.21.15.120:0/1773331707 >> 172.21.15.120:0/1773331707 conn(0x7fc178102d50 msgr2=0x7fc178103900 unknown :-1 s=STATE_NONE l=0).mark_down
2024-09-19T05:10:40.675 INFO:teuthology.orchestra.run.smithi120.stdout:/usr/bin/ceph: stderr
2024-09-19T05:10:39.494+0000 7fc17eb04640 1 -- 172.21.15.120:0/1773331707 shutdown_connections
2024-09-19T05:10:40.675 INFO:teuthology.orchestra.run.smithi120.stdout:/usr/bin/ceph: stderr
2024-09-19T05:10:39.495+0000 7fc17eb04640 1 -- 172.21.15.120:0/1773331707 wait complete.
2024-09-19T05:10:41.885 INFO:teuthology.orchestra.run.smithi120.stdout:/usr/bin/ceph: stderr
2024-09-19T05:10:41.095+0000 7f84e9d01640 1 Processor -- start
2024-09-19T05:10:41.885 INFO:teuthology.orchestra.run.smithi120.stdout:/usr/bin/ceph: stderr
2024-09-19T05:10:41.095+0000 7f84e9d01640 1 -- start start
2024-09-19T05:10:41.885 INFO:teuthology.orchestra.run.smithi120.stdout:/usr/bin/ceph: stderr
2024-09-19T05:10:41.096+0000 7f84e9d01640 1 --2- >> [v2:172.21.15.120:3300/0,v1:172.21.15.120:6789/0] conn(0x7f84e41075c0 0x7f84e41079c0 unknown :-1 s=NONE pgs=0 cs=0 l=0 rev1=0 crypto rx=0 tx=0 comp rx=0 tx=0).connect
2024-09-19T05:10:41.885 INFO:teuthology.orchestra.run.smithi120.stdout:/usr/bin/ceph: stderr
2024-09-19T05:10:41.096+0000 7f84e9d01640 1 -- --> [v2:172.21.15.120:3300/0,v1:172.21.15.120:6789/0] -- mon_getmap magic: 0 -- 0x7f84e4107f90 con 0x7f84e41075c0
2024-09-19T05:10:41.885 INFO:teuthology.orchestra.run.smithi120.stdout:/usr/bin/ceph: stderr
2024-09-19T05:10:41.096+0000 7f84e37fe640 1 --2- >> [v2:172.21.15.120:3300/0,v1:172.21.15.120:6789/0] conn(0x7f84e41075c0 0x7f84e41079c0 unknown :-1 s=BANNER_CONNECTING pgs=0 cs=0 l=0 rev1=0 crypto rx=0 tx=0 comp rx=0 tx=0)._handle_peer_banner_payload supported=3 required=0
2024-09-19T05:10:41.885 INFO:teuthology.orchestra.run.smithi120.stdout:/usr/bin/ceph: stderr
2024-09-19T05:10:41.096+0000 7f84e37fe640 1 --2- >> [v2:172.21.15.120:3300/0,v1:172.21.15.120:6789/0] conn(0x7f84e41075c0 0x7f84e41079c0 unknown :-1 s=HELLO_CONNECTING pgs=0 cs=0 l=0 rev1=1 crypto rx=0 tx=0 comp rx=0 tx=0).handle_hello peer v2:172.21.15.120:3300/0 says I am v2:172.21.15.120:55402/0 (socket says 172.21.15.120:55402)
2024-09-19T05:10:41.885 INFO:teuthology.orchestra.run.smithi120.stdout:/usr/bin/ceph: stderr
2024-09-19T05:10:41.096+0000 7f84e37fe640 1 -- 172.21.15.120:0/1946389691 learned_addr learned my addr 172.21.15.120:0/1946389691 (peer_addr_for_me v2:172.21.15.120:0/0)
2024-09-19T05:10:41.885 INFO:teuthology.orchestra.run.smithi120.stdout:/usr/bin/ceph: stderr
2024-09-19T05:10:41.096+0000 7f84e37fe640 1 -- 172.21.15.120:0/1946389691 --> [v2:172.21.15.120:3300/0,v1:172.21.15.120:6789/0] -- mon_subscribe({config=0+,monmap=0+}) -- 0x7f84e41087c0 con 0x7f84e41075c0
2024-09-19T05:10:41.885 INFO:teuthology.orchestra.run.smithi120.stdout:/usr/bin/ceph: stderr
2024-09-19T05:10:41.097+0000 7f84e37fe640 1 --2- 172.21.15.120:0/1946389691 >> [v2:172.21.15.120:3300/0,v1:172.21.15.120:6789/0] conn(0x7f84e41075c0 0x7f84e41079c0 secure :-1 s=READY pgs=51 cs=0 l=1 rev1=1 crypto rx=0x7f84d4009820 tx=0x7f84d402a270 comp rx=0 tx=0).ready entity=mon.0 client_cookie=7eff527ddd061cef server_cookie=0 in_seq=0 out_seq=0
2024-09-19T05:10:41.885 INFO:teuthology.orchestra.run.smithi120.stdout:/usr/bin/ceph: stderr
2024-09-19T05:10:41.097+0000 7f84e2ffd640 1 -- 172.21.15.120:0/1946389691 <== mon.0 v2:172.21.15.120:3300/0 1 ==== mon_map magic: 0 ==== 205+0+0 (secure 0 0 0) 0x7f84d4037070 con 0x7f84e41075c0
2024-09-19T05:10:41.885 INFO:teuthology.orchestra.run.smithi120.stdout:/usr/bin/ceph: stderr
2024-09-19T05:10:41.097+0000 7f84e2ffd640 1 -- 172.21.15.120:0/1946389691 <== mon.0 v2:172.21.15.120:3300/0 2 ==== config(26 keys) ==== 1102+0+0 (secure 0 0 0) 0x7f84d40328f0 con 0x7f84e41075c0
2024-09-19T05:10:41.886 INFO:teuthology.orchestra.run.smithi120.stdout:/usr/bin/ceph: stderr
2024-09-19T05:10:41.097+0000 7f84e2ffd640 1 -- 172.21.15.120:0/1946389691 <== mon.0 v2:172.21.15.120:3300/0 3 ==== mon_map magic: 0 ==== 205+0+0 (secure 0 0 0) 0x7f84d4030740 con 0x7f84e41075c0
2024-09-19T05:10:41.886 INFO:teuthology.orchestra.run.smithi120.stdout:/usr/bin/ceph: stderr
2024-09-19T05:10:41.097+0000 7f84e9d01640 1 -- 172.21.15.120:0/1946389691 >> [v2:172.21.15.120:3300/0,v1:172.21.15.120:6789/0] conn(0x7f84e41075c0 msgr2=0x7f84e41079c0 secure :-1 s=STATE_CONNECTION_ESTABLISHED l=1).mark_down
2024-09-19T05:10:41.886 INFO:teuthology.orchestra.run.smithi120.stdout:/usr/bin/ceph: stderr
2024-09-19T05:10:41.097+0000 7f84e9d01640 1 --2- 172.21.15.120:0/1946389691 >> [v2:172.21.15.120:3300/0,v1:172.21.15.120:6789/0] conn(0x7f84e41075c0 0x7f84e41079c0 secure :-1 s=READY pgs=51 cs=0 l=1 rev1=1 crypto rx=0x7f84d4009820 tx=0x7f84d402a270 comp rx=0 tx=0).stop
2024-09-19T05:10:41.886 INFO:teuthology.orchestra.run.smithi120.stdout:/usr/bin/ceph: stderr
2024-09-19T05:10:41.097+0000 7f84e9d01640 1 -- 172.21.15.120:0/1946389691 shutdown_connections
2024-09-19T05:10:41.886 INFO:teuthology.orchestra.run.smithi120.stdout:/usr/bin/ceph: stderr
2024-09-19T05:10:41.097+0000 7f84e9d01640 1 --2- 172.21.15.120:0/1946389691 >> [v2:172.21.15.120:3300/0,v1:172.21.15.120:6789/0] conn(0x7f84e41075c0 0x7f84e41079c0 unknown :-1 s=CLOSED pgs=51 cs=0 l=1 rev1=1 crypto rx=0 tx=0 comp rx=0 tx=0).stop
2024-09-19T05:10:41.886 INFO:teuthology.orchestra.run.smithi120.stdout:/usr/bin/ceph: stderr
2024-09-19T05:10:41.097+0000 7f84e9d01640 1 -- 172.21.15.120:0/1946389691 >> 172.21.15.120:0/1946389691 conn(0x7f84e4102d50 msgr2=0x7f84e4105190 unknown :-1 s=STATE_NONE l=0).mark_down
2024-09-19T05:10:41.886 INFO:teuthology.orchestra.run.smithi120.stdout:/usr/bin/ceph: stderr
2024-09-19T05:10:41.098+0000 7f84e9d01640 1 -- 172.21.15.120:0/1946389691 shutdown_connections
2024-09-19T05:10:41.886 INFO:teuthology.orchestra.run.smithi120.stdout:/usr/bin/ceph: stderr
2024-09-19T05:10:41.098+0000 7f84e9d01640 1 -- 172.21.15.120:0/1946389691 wait complete.
2024-09-19T05:10:41.886 INFO:teuthology.orchestra.run.smithi120.stdout:/usr/bin/ceph: stderr
2024-09-19T05:10:41.098+0000 7f84e9d01640 1 Processor -- start
2024-09-19T05:10:41.886 INFO:teuthology.orchestra.run.smithi120.stdout:/usr/bin/ceph: stderr
2024-09-19T05:10:41.098+0000 7f84e9d01640 1 -- start start
2024-09-19T05:10:41.886 INFO:teuthology.orchestra.run.smithi120.stdout:/usr/bin/ceph: stderr
2024-09-19T05:10:41.098+0000 7f84e9d01640 1 --2- >> [v2:172.21.15.120:3300/0,v1:172.21.15.120:6789/0] conn(0x7f84e41075c0 0x7f84e419b5e0 unknown :-1 s=NONE pgs=0 cs=0 l=1 rev1=0 crypto rx=0 tx=0 comp rx=0 tx=0).connect
2024-09-19T05:10:41.886 INFO:teuthology.orchestra.run.smithi120.stdout:/usr/bin/ceph: stderr
2024-09-19T05:10:41.098+0000 7f84e9d01640 1 -- --> [v2:172.21.15.120:3300/0,v1:172.21.15.120:6789/0] -- mon_getmap magic: 0 -- 0x7f84e410bb70 con 0x7f84e41075c0
2024-09-19T05:10:41.886 INFO:teuthology.orchestra.run.smithi120.stdout:/usr/bin/ceph: stderr
2024-09-19T05:10:41.099+0000 7f84e37fe640 1 --2- >> [v2:172.21.15.120:3300/0,v1:172.21.15.120:6789/0] conn(0x7f84e41075c0 0x7f84e419b5e0 unknown :-1 s=BANNER_CONNECTING pgs=0 cs=0 l=1 rev1=0 crypto rx=0 tx=0 comp rx=0 tx=0)._handle_peer_banner_payload supported=3 required=0
2024-09-19T05:10:41.887 INFO:teuthology.orchestra.run.smithi120.stdout:/usr/bin/ceph: stderr
2024-09-19T05:10:41.099+0000 7f84e37fe640 1 --2- >> [v2:172.21.15.120:3300/0,v1:172.21.15.120:6789/0] conn(0x7f84e41075c0 0x7f84e419b5e0 unknown :-1 s=HELLO_CONNECTING pgs=0 cs=0 l=1 rev1=1 crypto rx=0 tx=0 comp rx=0 tx=0).handle_hello peer v2:172.21.15.120:3300/0 says I am v2:172.21.15.120:55410/0 (socket says 172.21.15.120:55410)
2024-09-19T05:10:41.887 INFO:teuthology.orchestra.run.smithi120.stdout:/usr/bin/ceph: stderr
2024-09-19T05:10:41.099+0000 7f84e37fe640 1 -- 172.21.15.120:0/2161810930 learned_addr learned my addr 172.21.15.120:0/2161810930 (peer_addr_for_me v2:172.21.15.120:0/0)
2024-09-19T05:10:41.887 INFO:teuthology.orchestra.run.smithi120.stdout:/usr/bin/ceph: stderr
2024-09-19T05:10:41.099+0000 7f84e37fe640 1 -- 172.21.15.120:0/2161810930 --> [v2:172.21.15.120:3300/0,v1:172.21.15.120:6789/0] -- mon_subscribe({config=0+,monmap=0+}) -- 0x7f84e419bb20 con 0x7f84e41075c0
2024-09-19T05:10:41.887 INFO:teuthology.orchestra.run.smithi120.stdout:/usr/bin/ceph: stderr
2024-09-19T05:10:41.099+0000 7f84e37fe640 1 --2- 172.21.15.120:0/2161810930 >> [v2:172.21.15.120:3300/0,v1:172.21.15.120:6789/0] conn(0x7f84e41075c0 0x7f84e419b5e0 secure :-1 s=READY pgs=52 cs=0 l=1 rev1=1 crypto rx=0x7f84d4009940 tx=0x7f84d40327b0 comp rx=0 tx=0).ready entity=mon.0 client_cookie=0 server_cookie=0 in_seq=0 out_seq=0
2024-09-19T05:10:41.887 INFO:teuthology.orchestra.run.smithi120.stdout:/usr/bin/ceph: stderr
2024-09-19T05:10:41.099+0000 7f84e17fa640 1 -- 172.21.15.120:0/2161810930 <== mon.0 v2:172.21.15.120:3300/0 1 ==== mon_map magic: 0 ==== 205+0+0 (secure 0 0 0) 0x7f84d4042070 con 0x7f84e41075c0
2024-09-19T05:10:41.887 INFO:teuthology.orchestra.run.smithi120.stdout:/usr/bin/ceph: stderr
2024-09-19T05:10:41.099+0000 7f84e17fa640 1 -- 172.21.15.120:0/2161810930 <== mon.0 v2:172.21.15.120:3300/0 2 ==== config(26 keys) ==== 1102+0+0 (secure 0 0 0) 0x7f84d4030d00 con 0x7f84e41075c0
2024-09-19T05:10:41.887 INFO:teuthology.orchestra.run.smithi120.stdout:/usr/bin/ceph: stderr
2024-09-19T05:10:41.099+0000 7f84e9d01640 1 -- 172.21.15.120:0/2161810930 --> [v2:172.21.15.120:3300/0,v1:172.21.15.120:6789/0] -- mon_subscribe({mgrmap=0+}) -- 0x7f84e419bdb0 con 0x7f84e41075c0
2024-09-19T05:10:41.887 INFO:teuthology.orchestra.run.smithi120.stdout:/usr/bin/ceph: stderr
2024-09-19T05:10:41.099+0000 7f84e17fa640 1 -- 172.21.15.120:0/2161810930 <== mon.0 v2:172.21.15.120:3300/0 3 ==== mon_map magic: 0 ==== 205+0+0 (secure 0 0 0) 0x7f84d4037040 con 0x7f84e41075c0
2024-09-19T05:10:41.887 INFO:teuthology.orchestra.run.smithi120.stdout:/usr/bin/ceph: stderr
2024-09-19T05:10:41.099+0000 7f84e9d01640 1 -- 172.21.15.120:0/2161810930 --> [v2:172.21.15.120:3300/0,v1:172.21.15.120:6789/0] -- mon_subscribe({osdmap=0}) -- 0x7f84e419eaa0 con 0x7f84e41075c0
2024-09-19T05:10:41.887 INFO:teuthology.orchestra.run.smithi120.stdout:/usr/bin/ceph: stderr
2024-09-19T05:10:41.100+0000 7f84e17fa640 1 -- 172.21.15.120:0/2161810930 <== mon.0 v2:172.21.15.120:3300/0 4 ==== mgrmap(e 8) ==== 46461+0+0 (secure 0 0 0) 0x7f84d4045070 con 0x7f84e41075c0
2024-09-19T05:10:41.887 INFO:teuthology.orchestra.run.smithi120.stdout:/usr/bin/ceph: stderr
2024-09-19T05:10:41.100+0000 7f84e9d01640 1 -- 172.21.15.120:0/2161810930 --> [v2:172.21.15.120:3300/0,v1:172.21.15.120:6789/0] -- mon_command({"prefix": "get_command_descriptions"} v 0) -- 0x7f84e410bcf0 con 0x7f84e41075c0
2024-09-19T05:10:41.887 INFO:teuthology.orchestra.run.smithi120.stdout:/usr/bin/ceph: stderr
2024-09-19T05:10:41.100+0000 7f84e17fa640 1 --2- 172.21.15.120:0/2161810930 >> [v2:172.21.15.120:6800/50152720,v1:172.21.15.120:6801/50152720] conn(0x7f84d0039200 0x7f84d003b6c0 unknown :-1 s=NONE pgs=0 cs=0 l=1 rev1=0 crypto rx=0 tx=0 comp rx=0 tx=0).connect
2024-09-19T05:10:41.887 INFO:teuthology.orchestra.run.smithi120.stdout:/usr/bin/ceph: stderr
2024-09-19T05:10:41.100+0000 7f84e17fa640 1 -- 172.21.15.120:0/2161810930 <== mon.0 v2:172.21.15.120:3300/0 5 ==== osd_map(2..2 src has 1..2) ==== 940+0+0 (secure 0 0 0) 0x7f84d406c480 con 0x7f84e41075c0
2024-09-19T05:10:41.888 INFO:teuthology.orchestra.run.smithi120.stdout:/usr/bin/ceph: stderr
2024-09-19T05:10:41.100+0000 7f84daffd640 1 --2- 172.21.15.120:0/2161810930 >> [v2:172.21.15.120:6800/50152720,v1:172.21.15.120:6801/50152720] conn(0x7f84d0039200 0x7f84d003b6c0 unknown :-1 s=BANNER_CONNECTING pgs=0 cs=0 l=1 rev1=0 crypto rx=0 tx=0 comp rx=0 tx=0)._handle_peer_banner_payload supported=3 required=0
2024-09-19T05:10:41.888 INFO:teuthology.orchestra.run.smithi120.stdout:/usr/bin/ceph: stderr
2024-09-19T05:10:41.101+0000 7f84daffd640 1 --2- 172.21.15.120:0/2161810930 >> [v2:172.21.15.120:6800/50152720,v1:172.21.15.120:6801/50152720] conn(0x7f84d0039200 0x7f84d003b6c0 secure :-1 s=READY pgs=16 cs=0 l=1 rev1=1 crypto rx=0x7f84cc0098c0 tx=0x7f84cc006db0 comp rx=0 tx=0).ready entity=mgr.14118 client_cookie=0 server_cookie=0 in_seq=0 out_seq=0
2024-09-19T05:10:41.888 INFO:teuthology.orchestra.run.smithi120.stdout:/usr/bin/ceph: stderr
2024-09-19T05:10:41.105+0000 7f84e17fa640 1 -- 172.21.15.120:0/2161810930 <== mon.0 v2:172.21.15.120:3300/0 6 ==== mon_command_ack([{"prefix": "get_command_descriptions"}]=0 v0) ==== 72+0+188913 (secure 0 0 0) 0x7f84d4046e00 con 0x7f84e41075c0
2024-09-19T05:10:41.888 INFO:teuthology.orchestra.run.smithi120.stdout:/usr/bin/ceph: stderr
2024-09-19T05:10:41.291+0000 7f84e9d01640 1 -- 172.21.15.120:0/2161810930 --> [v2:172.21.15.120:3300/0,v1:172.21.15.120:6789/0] -- mon_command([{prefix=config set, name=mgr/dashboard/ssl_server_port}] v 0) -- 0x7f84e4107a40 con 0x7f84e41075c0
2024-09-19T05:10:41.888 INFO:teuthology.orchestra.run.smithi120.stdout:/usr/bin/ceph: stderr
2024-09-19T05:10:41.295+0000 7f84e17fa640 1 -- 172.21.15.120:0/2161810930 <== mon.0 v2:172.21.15.120:3300/0 7 ==== mon_command_ack([{prefix=config set, name=mgr/dashboard/ssl_server_port}]=0 v8)=0 v8) ==== 130+0+0 (secure 0 0 0) 0x7f84d4045360 con 0x7f84e41075c0
2024-09-19T05:10:41.888 INFO:teuthology.orchestra.run.smithi120.stdout:/usr/bin/ceph: stderr
2024-09-19T05:10:41.297+0000 7f84e9d01640 1 -- 172.21.15.120:0/2161810930 >> [v2:172.21.15.120:6800/50152720,v1:172.21.15.120:6801/50152720] conn(0x7f84d0039200 msgr2=0x7f84d003b6c0 secure :-1 s=STATE_CONNECTION_ESTABLISHED l=1).mark_down
2024-09-19T05:10:41.888 INFO:teuthology.orchestra.run.smithi120.stdout:/usr/bin/ceph: stderr
2024-09-19T05:10:41.297+0000 7f84e9d01640 1 --2- 172.21.15.120:0/2161810930 >> [v2:172.21.15.120:6800/50152720,v1:172.21.15.120:6801/50152720] conn(0x7f84d0039200 0x7f84d003b6c0 secure :-1 s=READY pgs=16 cs=0 l=1 rev1=1 crypto rx=0x7f84cc0098c0 tx=0x7f84cc006db0 comp rx=0 tx=0).stop
2024-09-19T05:10:41.888 INFO:teuthology.orchestra.run.smithi120.stdout:/usr/bin/ceph: stderr
2024-09-19T05:10:41.297+0000 7f84e9d01640 1 -- 172.21.15.120:0/2161810930 >> [v2:172.21.15.120:3300/0,v1:172.21.15.120:6789/0] conn(0x7f84e41075c0 msgr2=0x7f84e419b5e0 secure :-1 s=STATE_CONNECTION_ESTABLISHED l=1).mark_down
2024-09-19T05:10:41.888 INFO:teuthology.orchestra.run.smithi120.stdout:/usr/bin/ceph: stderr
2024-09-19T05:10:41.297+0000 7f84e9d01640 1 --2- 172.21.15.120:0/2161810930 >> [v2:172.21.15.120:3300/0,v1:172.21.15.120:6789/0] conn(0x7f84e41075c0 0x7f84e419b5e0 secure :-1 s=READY pgs=52 cs=0 l=1 rev1=1 crypto rx=0x7f84d4009940 tx=0x7f84d40327b0 comp rx=0 tx=0).stop
2024-09-19T05:10:41.888 INFO:teuthology.orchestra.run.smithi120.stdout:/usr/bin/ceph: stderr
2024-09-19T05:10:41.297+0000 7f84e9d01640 1 -- 172.21.15.120:0/2161810930 shutdown_connections
2024-09-19T05:10:41.888 INFO:teuthology.orchestra.run.smithi120.stdout:/usr/bin/ceph: stderr
2024-09-19T05:10:41.297+0000 7f84e9d01640 1 --2- 172.21.15.120:0/2161810930 >> [v2:172.21.15.120:6800/50152720,v1:172.21.15.120:6801/50152720] conn(0x7f84d0039200 0x7f84d003b6c0 unknown :-1 s=CLOSED pgs=16 cs=0 l=1 rev1=1 crypto rx=0 tx=0 comp rx=0 tx=0).stop
2024-09-19T05:10:41.888 INFO:teuthology.orchestra.run.smithi120.stdout:/usr/bin/ceph: stderr
2024-09-19T05:10:41.297+0000 7f84e9d01640 1 --2- 172.21.15.120:0/2161810930 >> [v2:172.21.15.120:3300/0,v1:172.21.15.120:6789/0] conn(0x7f84e41075c0 0x7f84e419b5e0 unknown :-1 s=CLOSED pgs=52 cs=0 l=1 rev1=1 crypto rx=0 tx=0 comp rx=0 tx=0).stop
2024-09-19T05:10:41.888 INFO:teuthology.orchestra.run.smithi120.stdout:/usr/bin/ceph: stderr
2024-09-19T05:10:41.297+0000 7f84e9d01640 1 -- 172.21.15.120:0/2161810930 >> 172.21.15.120:0/2161810930 conn(0x7f84e4102d50 msgr2=0x7f84e41038f0 unknown :-1 s=STATE_NONE l=0).mark_down
2024-09-19T05:10:41.888 INFO:teuthology.orchestra.run.smithi120.stdout:/usr/bin/ceph: stderr
2024-09-19T05:10:41.297+0000 7f84e9d01640 1 -- 172.21.15.120:0/2161810930 shutdown_connections
2024-09-19T05:10:41.889 INFO:teuthology.orchestra.run.smithi120.stdout:/usr/bin/ceph: stderr
2024-09-19T05:10:41.297+0000 7f84e9d01640 1 -- 172.21.15.120:0/2161810930 wait complete.
2024-09-19T05:10:41.889 INFO:teuthology.orchestra.run.smithi120.stdout:Enabling the dashboard module...
2024-09-19T05:10:42.508 INFO:journalctl@ceph.mon.a.smithi120.stdout:Sep 19 05:10:42 smithi120 ceph-mon[30956]: from='mgr.14118 172.21.15.120:0/4043651396' entity='mgr.x'
2024-09-19T05:10:42.508 INFO:journalctl@ceph.mon.a.smithi120.stdout:Sep 19 05:10:42 smithi120 ceph-mon[30956]: from='client.? 172.21.15.120:0/2161810930' entity='client.admin'
2024-09-19T05:10:43.455 INFO:journalctl@ceph.mgr.x.smithi120.stdout:Sep 19 05:10:43 smithi120 ceph-4e6e3df4-7645-11ef-bceb-c7b262605968-mgr-x[31184]: ignoring --setuser ceph since I am not root
2024-09-19T05:10:43.456 INFO:journalctl@ceph.mgr.x.smithi120.stdout:Sep 19 05:10:43 smithi120 ceph-4e6e3df4-7645-11ef-bceb-c7b262605968-mgr-x[31184]: ignoring --setgroup ceph since I am not root
2024-09-19T05:10:43.456 INFO:journalctl@ceph.mgr.x.smithi120.stdout:Sep 19 05:10:43 smithi120 ceph-4e6e3df4-7645-11ef-bceb-c7b262605968-mgr-x[31184]:
2024-09-19T05:10:43.317+0000 7f3990fcf040 -1 mgr[py] Module osd_perf_query has missing NOTIFY_TYPES member
2024-09-19T05:10:43.456 INFO:journalctl@ceph.mgr.x.smithi120.stdout:Sep 19 05:10:43 smithi120 ceph-4e6e3df4-7645-11ef-bceb-c7b262605968-mgr-x[31184]:
2024-09-19T05:10:43.375+0000 7f3990fcf040 -1 mgr[py] Module osd_support has missing NOTIFY_TYPES member
2024-09-19T05:10:43.457 INFO:journalctl@ceph.mon.a.smithi120.stdout:Sep 19 05:10:43 smithi120 ceph-mon[30956]: from='client.? 172.21.15.120:0/4017457566' entity='client.admin' cmd=[{"prefix": "mgr module enable", "module": "dashboard"}]: dispatch
2024-09-19T05:10:43.737 INFO:journalctl@ceph.mgr.x.smithi120.stdout:Sep 19 05:10:43 smithi120 ceph-4e6e3df4-7645-11ef-bceb-c7b262605968-mgr-x[31184]:
2024-09-19T05:10:43.524+0000 7f3990fcf040 -1 mgr[py] Module diskprediction_local has missing NOTIFY_TYPES member
2024-09-19T05:10:43.738 INFO:journalctl@ceph.mgr.x.smithi120.stdout:Sep 19 05:10:43 smithi120 ceph-4e6e3df4-7645-11ef-bceb-c7b262605968-mgr-x[31184]:
2024-09-19T05:10:43.589+0000 7f3990fcf040 -1 mgr[py] Module crash has missing NOTIFY_TYPES member
2024-09-19T05:10:43.738 INFO:journalctl@ceph.mgr.x.smithi120.stdout:Sep 19 05:10:43 smithi120 ceph-4e6e3df4-7645-11ef-bceb-c7b262605968-mgr-x[31184]:
2024-09-19T05:10:43.735+0000 7f3990fcf040 -1 mgr[py] Module test_orchestrator has missing NOTIFY_TYPES member
2024-09-19T05:10:44.066 INFO:journalctl@ceph.mgr.x.smithi120.stdout:Sep 19 05:10:43 smithi120 ceph-4e6e3df4-7645-11ef-bceb-c7b262605968-mgr-x[31184]:
2024-09-19T05:10:43.879+0000 7f3990fcf040 -1 mgr[py] Module snap_schedule has missing NOTIFY_TYPES member
2024-09-19T05:10:44.074 INFO:teuthology.orchestra.run.smithi120.stdout:/usr/bin/ceph: stderr
2024-09-19T05:10:42.273+0000 7f7fcb2fc640 1 Processor -- start
2024-09-19T05:10:44.074 INFO:teuthology.orchestra.run.smithi120.stdout:/usr/bin/ceph: stderr
2024-09-19T05:10:42.273+0000 7f7fcb2fc640 1 -- start start
2024-09-19T05:10:44.074 INFO:teuthology.orchestra.run.smithi120.stdout:/usr/bin/ceph: stderr
2024-09-19T05:10:42.273+0000 7f7fcb2fc640 1 --2- >> [v2:172.21.15.120:3300/0,v1:172.21.15.120:6789/0] conn(0x7f7fc41075c0 0x7f7fc41079c0 unknown :-1 s=NONE pgs=0 cs=0 l=0 rev1=0 crypto rx=0 tx=0 comp rx=0 tx=0).connect
2024-09-19T05:10:44.074 INFO:teuthology.orchestra.run.smithi120.stdout:/usr/bin/ceph: stderr
2024-09-19T05:10:42.273+0000 7f7fcb2fc640 1 -- --> [v2:172.21.15.120:3300/0,v1:172.21.15.120:6789/0] -- mon_getmap magic: 0 -- 0x7f7fc4107f90 con 0x7f7fc41075c0
2024-09-19T05:10:44.074 INFO:teuthology.orchestra.run.smithi120.stdout:/usr/bin/ceph: stderr
2024-09-19T05:10:42.274+0000 7f7fc9098640 1 --2- >> [v2:172.21.15.120:3300/0,v1:172.21.15.120:6789/0] conn(0x7f7fc41075c0 0x7f7fc41079c0 unknown :-1 s=BANNER_CONNECTING pgs=0 cs=0 l=0 rev1=0 crypto rx=0 tx=0 comp rx=0 tx=0)._handle_peer_banner_payload supported=3 required=0
2024-09-19T05:10:44.074 INFO:teuthology.orchestra.run.smithi120.stdout:/usr/bin/ceph: stderr
2024-09-19T05:10:42.274+0000 7f7fc9098640 1 --2- >> [v2:172.21.15.120:3300/0,v1:172.21.15.120:6789/0] conn(0x7f7fc41075c0 0x7f7fc41079c0 unknown :-1 s=HELLO_CONNECTING pgs=0 cs=0 l=0 rev1=1 crypto rx=0 tx=0 comp rx=0 tx=0).handle_hello peer v2:172.21.15.120:3300/0 says I am v2:172.21.15.120:55414/0 (socket says 172.21.15.120:55414)
2024-09-19T05:10:44.074 INFO:teuthology.orchestra.run.smithi120.stdout:/usr/bin/ceph: stderr
2024-09-19T05:10:42.274+0000 7f7fc9098640 1 -- 172.21.15.120:0/3332214904 learned_addr learned my addr 172.21.15.120:0/3332214904 (peer_addr_for_me v2:172.21.15.120:0/0)
2024-09-19T05:10:44.074 INFO:teuthology.orchestra.run.smithi120.stdout:/usr/bin/ceph: stderr
2024-09-19T05:10:42.274+0000 7f7fc9098640 1 -- 172.21.15.120:0/3332214904 --> [v2:172.21.15.120:3300/0,v1:172.21.15.120:6789/0] -- mon_subscribe({config=0+,monmap=0+}) -- 0x7f7fc41087c0 con 0x7f7fc41075c0
2024-09-19T05:10:44.074 INFO:teuthology.orchestra.run.smithi120.stdout:/usr/bin/ceph: stderr
2024-09-19T05:10:42.274+0000 7f7fc9098640 1 --2- 172.21.15.120:0/3332214904 >> [v2:172.21.15.120:3300/0,v1:172.21.15.120:6789/0] conn(0x7f7fc41075c0 0x7f7fc41079c0 secure :-1 s=READY pgs=53 cs=0 l=1 rev1=1 crypto rx=0x7f7fc0009820 tx=0x7f7fc002a270 comp rx=0 tx=0).ready entity=mon.0 client_cookie=7e6d2c256927bd44 server_cookie=0 in_seq=0 out_seq=0
2024-09-19T05:10:44.075 INFO:teuthology.orchestra.run.smithi120.stdout:/usr/bin/ceph: stderr
2024-09-19T05:10:42.275+0000 7f7fbbfff640 1 -- 172.21.15.120:0/3332214904 <== mon.0 v2:172.21.15.120:3300/0 1 ==== mon_map magic: 0 ==== 205+0+0 (secure 0 0 0) 0x7f7fc0037070 con 0x7f7fc41075c0
2024-09-19T05:10:44.075 INFO:teuthology.orchestra.run.smithi120.stdout:/usr/bin/ceph: stderr
2024-09-19T05:10:42.275+0000 7f7fbbfff640 1 -- 172.21.15.120:0/3332214904 <== mon.0 v2:172.21.15.120:3300/0 2 ==== config(26 keys) ==== 1102+0+0 (secure 0 0 0) 0x7f7fc00328f0 con 0x7f7fc41075c0
2024-09-19T05:10:44.075 INFO:teuthology.orchestra.run.smithi120.stdout:/usr/bin/ceph: stderr
2024-09-19T05:10:42.275+0000 7f7fbbfff640 1 -- 172.21.15.120:0/3332214904 <== mon.0 v2:172.21.15.120:3300/0 3 ==== mon_map magic: 0 ==== 205+0+0 (secure 0 0 0) 0x7f7fc0030740 con 0x7f7fc41075c0
2024-09-19T05:10:44.075 INFO:teuthology.orchestra.run.smithi120.stdout:/usr/bin/ceph: stderr
2024-09-19T05:10:42.275+0000 7f7fcb2fc640 1 -- 172.21.15.120:0/3332214904 >> [v2:172.21.15.120:3300/0,v1:172.21.15.120:6789/0] conn(0x7f7fc41075c0 msgr2=0x7f7fc41079c0 secure :-1 s=STATE_CONNECTION_ESTABLISHED l=1).mark_down
2024-09-19T05:10:44.075 INFO:teuthology.orchestra.run.smithi120.stdout:/usr/bin/ceph: stderr
2024-09-19T05:10:42.275+0000 7f7fcb2fc640 1 --2- 172.21.15.120:0/3332214904 >> [v2:172.21.15.120:3300/0,v1:172.21.15.120:6789/0] conn(0x7f7fc41075c0 0x7f7fc41079c0 secure :-1 s=READY pgs=53 cs=0 l=1 rev1=1 crypto rx=0x7f7fc0009820 tx=0x7f7fc002a270 comp rx=0 tx=0).stop
2024-09-19T05:10:44.075 INFO:teuthology.orchestra.run.smithi120.stdout:/usr/bin/ceph: stderr
2024-09-19T05:10:42.275+0000 7f7fcb2fc640 1 -- 172.21.15.120:0/3332214904 shutdown_connections
2024-09-19T05:10:44.075 INFO:teuthology.orchestra.run.smithi120.stdout:/usr/bin/ceph: stderr
2024-09-19T05:10:42.275+0000 7f7fcb2fc640 1 --2- 172.21.15.120:0/3332214904 >> [v2:172.21.15.120:3300/0,v1:172.21.15.120:6789/0] conn(0x7f7fc41075c0 0x7f7fc41079c0 unknown :-1 s=CLOSED pgs=53 cs=0 l=1 rev1=1 crypto rx=0 tx=0 comp rx=0 tx=0).stop
2024-09-19T05:10:44.075 INFO:teuthology.orchestra.run.smithi120.stdout:/usr/bin/ceph: stderr
2024-09-19T05:10:42.275+0000 7f7fcb2fc640 1 -- 172.21.15.120:0/3332214904 >> 172.21.15.120:0/3332214904 conn(0x7f7fc4102d50 msgr2=0x7f7fc4105190 unknown :-1 s=STATE_NONE l=0).mark_down
2024-09-19T05:10:44.075 INFO:teuthology.orchestra.run.smithi120.stdout:/usr/bin/ceph: stderr
2024-09-19T05:10:42.275+0000 7f7fcb2fc640 1 -- 172.21.15.120:0/3332214904 shutdown_connections
2024-09-19T05:10:44.075 INFO:teuthology.orchestra.run.smithi120.stdout:/usr/bin/ceph: stderr
2024-09-19T05:10:42.275+0000 7f7fcb2fc640 1 -- 172.21.15.120:0/3332214904 wait complete.
2024-09-19T05:10:44.075 INFO:teuthology.orchestra.run.smithi120.stdout:/usr/bin/ceph: stderr
2024-09-19T05:10:42.276+0000 7f7fcb2fc640 1 Processor -- start
2024-09-19T05:10:44.075 INFO:teuthology.orchestra.run.smithi120.stdout:/usr/bin/ceph: stderr
2024-09-19T05:10:42.276+0000 7f7fcb2fc640 1 -- start start
2024-09-19T05:10:44.075 INFO:teuthology.orchestra.run.smithi120.stdout:/usr/bin/ceph: stderr
2024-09-19T05:10:42.276+0000 7f7fcb2fc640 1 --2- >> [v2:172.21.15.120:3300/0,v1:172.21.15.120:6789/0] conn(0x7f7fc41075c0 0x7f7fc419b5e0 unknown :-1 s=NONE pgs=0 cs=0 l=1 rev1=0 crypto rx=0 tx=0 comp rx=0 tx=0).connect
2024-09-19T05:10:44.075 INFO:teuthology.orchestra.run.smithi120.stdout:/usr/bin/ceph: stderr
2024-09-19T05:10:42.276+0000 7f7fcb2fc640 1 -- --> [v2:172.21.15.120:3300/0,v1:172.21.15.120:6789/0] -- mon_getmap magic: 0 -- 0x7f7fc410bb70 con 0x7f7fc41075c0
2024-09-19T05:10:44.076 INFO:teuthology.orchestra.run.smithi120.stdout:/usr/bin/ceph: stderr
2024-09-19T05:10:42.276+0000 7f7fc9098640 1 --2- >> [v2:172.21.15.120:3300/0,v1:172.21.15.120:6789/0] conn(0x7f7fc41075c0 0x7f7fc419b5e0 unknown :-1 s=BANNER_CONNECTING pgs=0 cs=0 l=1 rev1=0 crypto rx=0 tx=0 comp rx=0 tx=0)._handle_peer_banner_payload supported=3 required=0
2024-09-19T05:10:44.076 INFO:teuthology.orchestra.run.smithi120.stdout:/usr/bin/ceph: stderr
