2024-09-19T05:12:14.087+0000 7ff401ae0640 1 Processor -- start
2024-09-19T05:12:15.158 INFO:teuthology.orchestra.run.smithi001.stdout:/usr/bin/ceph: stderr
2024-09-19T05:12:14.087+0000 7ff401ae0640 1 -- start start
2024-09-19T05:12:15.158 INFO:teuthology.orchestra.run.smithi001.stdout:/usr/bin/ceph: stderr
2024-09-19T05:12:14.087+0000 7ff401ae0640 1 --2- >> [v2:172.21.15.1:3300/0,v1:172.21.15.1:6789/0] conn(0x7ff3fc107f80 0x7ff3fc10a370 unknown :-1 s=NONE pgs=0 cs=0 l=0 rev1=0 crypto rx=0 tx=0 comp rx=0 tx=0).connect
2024-09-19T05:12:15.158 INFO:teuthology.orchestra.run.smithi001.stdout:/usr/bin/ceph: stderr
2024-09-19T05:12:14.087+0000 7ff401ae0640 1 -- --> [v2:172.21.15.1:3300/0,v1:172.21.15.1:6789/0] -- mon_getmap magic: 0 -- 0x7ff3fc07be60 con 0x7ff3fc107f80
2024-09-19T05:12:15.158 INFO:teuthology.orchestra.run.smithi001.stdout:/usr/bin/ceph: stderr
2024-09-19T05:12:14.088+0000 7ff3fb7fe640 1 --2- >> [v2:172.21.15.1:3300/0,v1:172.21.15.1:6789/0] conn(0x7ff3fc107f80 0x7ff3fc10a370 unknown :-1 s=BANNER_CONNECTING pgs=0 cs=0 l=0 rev1=0 crypto rx=0 tx=0 comp rx=0 tx=0)._handle_peer_banner_payload supported=3 required=0
2024-09-19T05:12:15.158 INFO:teuthology.orchestra.run.smithi001.stdout:/usr/bin/ceph: stderr
2024-09-19T05:12:14.088+0000 7ff3fb7fe640 1 --2- >> [v2:172.21.15.1:3300/0,v1:172.21.15.1:6789/0] conn(0x7ff3fc107f80 0x7ff3fc10a370 unknown :-1 s=HELLO_CONNECTING pgs=0 cs=0 l=0 rev1=1 crypto rx=0 tx=0 comp rx=0 tx=0).handle_hello peer v2:172.21.15.1:3300/0 says I am v2:172.21.15.1:59168/0 (socket says 172.21.15.1:59168)
2024-09-19T05:12:15.159 INFO:teuthology.orchestra.run.smithi001.stdout:/usr/bin/ceph: stderr
2024-09-19T05:12:14.088+0000 7ff3fb7fe640 1 -- 172.21.15.1:0/3157223999 learned_addr learned my addr 172.21.15.1:0/3157223999 (peer_addr_for_me v2:172.21.15.1:0/0)
2024-09-19T05:12:15.159 INFO:teuthology.orchestra.run.smithi001.stdout:/usr/bin/ceph: stderr
2024-09-19T05:12:14.088+0000 7ff3fb7fe640 1 -- 172.21.15.1:0/3157223999 --> [v2:172.21.15.1:3300/0,v1:172.21.15.1:6789/0] -- mon_subscribe({config=0+,monmap=0+}) -- 0x7ff3fc10a8b0 con 0x7ff3fc107f80
2024-09-19T05:12:15.159 INFO:teuthology.orchestra.run.smithi001.stdout:/usr/bin/ceph: stderr
2024-09-19T05:12:14.089+0000 7ff3fb7fe640 1 --2- 172.21.15.1:0/3157223999 >> [v2:172.21.15.1:3300/0,v1:172.21.15.1:6789/0] conn(0x7ff3fc107f80 0x7ff3fc10a370 secure :-1 s=READY pgs=70 cs=0 l=1 rev1=1 crypto rx=0x7ff3ec009820 tx=0x7ff3ec02a270 comp rx=0 tx=0).ready entity=mon.0 client_cookie=bd9817eda2388477 server_cookie=0 in_seq=0 out_seq=0
2024-09-19T05:12:15.165 INFO:teuthology.orchestra.run.smithi001.stdout:/usr/bin/ceph: stderr
2024-09-19T05:12:14.089+0000 7ff3fa7fc640 1 -- 172.21.15.1:0/3157223999 <== mon.0 v2:172.21.15.1:3300/0 1 ==== mon_map magic: 0 ==== 205+0+0 (secure 0 0 0) 0x7ff3ec037070 con 0x7ff3fc107f80
2024-09-19T05:12:15.166 INFO:teuthology.orchestra.run.smithi001.stdout:/usr/bin/ceph: stderr
2024-09-19T05:12:14.089+0000 7ff3fa7fc640 1 -- 172.21.15.1:0/3157223999 <== mon.0 v2:172.21.15.1:3300/0 2 ==== config(27 keys) ==== 1140+0+0 (secure 0 0 0) 0x7ff3ec032920 con 0x7ff3fc107f80
2024-09-19T05:12:15.166 INFO:teuthology.orchestra.run.smithi001.stdout:/usr/bin/ceph: stderr
2024-09-19T05:12:14.089+0000 7ff3fa7fc640 1 -- 172.21.15.1:0/3157223999 <== mon.0 v2:172.21.15.1:3300/0 3 ==== mon_map magic: 0 ==== 205+0+0 (secure 0 0 0) 0x7ff3ec030810 con 0x7ff3fc107f80
2024-09-19T05:12:15.166 INFO:teuthology.orchestra.run.smithi001.stdout:/usr/bin/ceph: stderr
2024-09-19T05:12:14.089+0000 7ff401ae0640 1 -- 172.21.15.1:0/3157223999 >> [v2:172.21.15.1:3300/0,v1:172.21.15.1:6789/0] conn(0x7ff3fc107f80 msgr2=0x7ff3fc10a370 secure :-1 s=STATE_CONNECTION_ESTABLISHED l=1).mark_down
2024-09-19T05:12:15.166 INFO:teuthology.orchestra.run.smithi001.stdout:/usr/bin/ceph: stderr
2024-09-19T05:12:14.089+0000 7ff401ae0640 1 --2- 172.21.15.1:0/3157223999 >> [v2:172.21.15.1:3300/0,v1:172.21.15.1:6789/0] conn(0x7ff3fc107f80 0x7ff3fc10a370 secure :-1 s=READY pgs=70 cs=0 l=1 rev1=1 crypto rx=0x7ff3ec009820 tx=0x7ff3ec02a270 comp rx=0 tx=0).stop
2024-09-19T05:12:15.166 INFO:teuthology.orchestra.run.smithi001.stdout:/usr/bin/ceph: stderr
2024-09-19T05:12:14.090+0000 7ff401ae0640 1 -- 172.21.15.1:0/3157223999 shutdown_connections
2024-09-19T05:12:15.166 INFO:teuthology.orchestra.run.smithi001.stdout:/usr/bin/ceph: stderr
2024-09-19T05:12:14.090+0000 7ff401ae0640 1 --2- 172.21.15.1:0/3157223999 >> [v2:172.21.15.1:3300/0,v1:172.21.15.1:6789/0] conn(0x7ff3fc107f80 0x7ff3fc10a370 unknown :-1 s=CLOSED pgs=70 cs=0 l=1 rev1=1 crypto rx=0 tx=0 comp rx=0 tx=0).stop
2024-09-19T05:12:15.166 INFO:teuthology.orchestra.run.smithi001.stdout:/usr/bin/ceph: stderr
2024-09-19T05:12:14.090+0000 7ff401ae0640 1 -- 172.21.15.1:0/3157223999 >> 172.21.15.1:0/3157223999 conn(0x7ff3fc101b80 msgr2=0x7ff3fc103fe0 unknown :-1 s=STATE_NONE l=0).mark_down
2024-09-19T05:12:15.166 INFO:teuthology.orchestra.run.smithi001.stdout:/usr/bin/ceph: stderr
2024-09-19T05:12:14.090+0000 7ff401ae0640 1 -- 172.21.15.1:0/3157223999 shutdown_connections
2024-09-19T05:12:15.166 INFO:teuthology.orchestra.run.smithi001.stdout:/usr/bin/ceph: stderr
2024-09-19T05:12:14.090+0000 7ff401ae0640 1 -- 172.21.15.1:0/3157223999 wait complete.
2024-09-19T05:12:15.166 INFO:teuthology.orchestra.run.smithi001.stdout:/usr/bin/ceph: stderr
2024-09-19T05:12:14.090+0000 7ff401ae0640 1 Processor -- start
2024-09-19T05:12:15.166 INFO:teuthology.orchestra.run.smithi001.stdout:/usr/bin/ceph: stderr
2024-09-19T05:12:14.090+0000 7ff401ae0640 1 -- start start
2024-09-19T05:12:15.166 INFO:teuthology.orchestra.run.smithi001.stdout:/usr/bin/ceph: stderr
2024-09-19T05:12:14.091+0000 7ff401ae0640 1 --2- >> [v2:172.21.15.1:3300/0,v1:172.21.15.1:6789/0] conn(0x7ff3fc107f80 0x7ff3fc19b800 unknown :-1 s=NONE pgs=0 cs=0 l=1 rev1=0 crypto rx=0 tx=0 comp rx=0 tx=0).connect
2024-09-19T05:12:15.167 INFO:teuthology.orchestra.run.smithi001.stdout:/usr/bin/ceph: stderr
2024-09-19T05:12:14.091+0000 7ff401ae0640 1 -- --> [v2:172.21.15.1:3300/0,v1:172.21.15.1:6789/0] -- mon_getmap magic: 0 -- 0x7ff3fc10b990 con 0x7ff3fc107f80
2024-09-19T05:12:15.167 INFO:teuthology.orchestra.run.smithi001.stdout:/usr/bin/ceph: stderr
2024-09-19T05:12:14.091+0000 7ff3fb7fe640 1 --2- >> [v2:172.21.15.1:3300/0,v1:172.21.15.1:6789/0] conn(0x7ff3fc107f80 0x7ff3fc19b800 unknown :-1 s=BANNER_CONNECTING pgs=0 cs=0 l=1 rev1=0 crypto rx=0 tx=0 comp rx=0 tx=0)._handle_peer_banner_payload supported=3 required=0
2024-09-19T05:12:15.167 INFO:teuthology.orchestra.run.smithi001.stdout:/usr/bin/ceph: stderr
2024-09-19T05:12:14.091+0000 7ff3fb7fe640 1 --2- >> [v2:172.21.15.1:3300/0,v1:172.21.15.1:6789/0] conn(0x7ff3fc107f80 0x7ff3fc19b800 unknown :-1 s=HELLO_CONNECTING pgs=0 cs=0 l=1 rev1=1 crypto rx=0 tx=0 comp rx=0 tx=0).handle_hello peer v2:172.21.15.1:3300/0 says I am v2:172.21.15.1:59176/0 (socket says 172.21.15.1:59176)
2024-09-19T05:12:15.167 INFO:teuthology.orchestra.run.smithi001.stdout:/usr/bin/ceph: stderr
2024-09-19T05:12:14.091+0000 7ff3fb7fe640 1 -- 172.21.15.1:0/3162501104 learned_addr learned my addr 172.21.15.1:0/3162501104 (peer_addr_for_me v2:172.21.15.1:0/0)
2024-09-19T05:12:15.167 INFO:teuthology.orchestra.run.smithi001.stdout:/usr/bin/ceph: stderr
2024-09-19T05:12:14.091+0000 7ff3fb7fe640 1 -- 172.21.15.1:0/3162501104 --> [v2:172.21.15.1:3300/0,v1:172.21.15.1:6789/0] -- mon_subscribe({config=0+,monmap=0+}) -- 0x7ff3fc19bd40 con 0x7ff3fc107f80
2024-09-19T05:12:15.167 INFO:teuthology.orchestra.run.smithi001.stdout:/usr/bin/ceph: stderr
2024-09-19T05:12:14.091+0000 7ff3fb7fe640 1 --2- 172.21.15.1:0/3162501104 >> [v2:172.21.15.1:3300/0,v1:172.21.15.1:6789/0] conn(0x7ff3fc107f80 0x7ff3fc19b800 secure :-1 s=READY pgs=71 cs=0 l=1 rev1=1 crypto rx=0x7ff3ec0097f0 tx=0x7ff3ec0327b0 comp rx=0 tx=0).ready entity=mon.0 client_cookie=0 server_cookie=0 in_seq=0 out_seq=0
2024-09-19T05:12:15.167 INFO:teuthology.orchestra.run.smithi001.stdout:/usr/bin/ceph: stderr
2024-09-19T05:12:14.091+0000 7ff3f8ff9640 1 -- 172.21.15.1:0/3162501104 <== mon.0 v2:172.21.15.1:3300/0 1 ==== mon_map magic: 0 ==== 205+0+0 (secure 0 0 0) 0x7ff3ec037040 con 0x7ff3fc107f80
2024-09-19T05:12:15.167 INFO:teuthology.orchestra.run.smithi001.stdout:/usr/bin/ceph: stderr
2024-09-19T05:12:14.091+0000 7ff401ae0640 1 -- 172.21.15.1:0/3162501104 --> [v2:172.21.15.1:3300/0,v1:172.21.15.1:6789/0] -- mon_subscribe({mgrmap=0+}) -- 0x7ff3fc19bfd0 con 0x7ff3fc107f80
2024-09-19T05:12:15.167 INFO:teuthology.orchestra.run.smithi001.stdout:/usr/bin/ceph: stderr
2024-09-19T05:12:14.091+0000 7ff3f8ff9640 1 -- 172.21.15.1:0/3162501104 <== mon.0 v2:172.21.15.1:3300/0 2 ==== config(27 keys) ==== 1140+0+0 (secure 0 0 0) 0x7ff3ec030cc0 con 0x7ff3fc107f80
2024-09-19T05:12:15.167 INFO:teuthology.orchestra.run.smithi001.stdout:/usr/bin/ceph: stderr
2024-09-19T05:12:14.091+0000 7ff3f8ff9640 1 -- 172.21.15.1:0/3162501104 <== mon.0 v2:172.21.15.1:3300/0 3 ==== mon_map magic: 0 ==== 205+0+0 (secure 0 0 0) 0x7ff3ec03a6b0 con 0x7ff3fc107f80
2024-09-19T05:12:15.167 INFO:teuthology.orchestra.run.smithi001.stdout:/usr/bin/ceph: stderr
2024-09-19T05:12:14.092+0000 7ff401ae0640 1 -- 172.21.15.1:0/3162501104 --> [v2:172.21.15.1:3300/0,v1:172.21.15.1:6789/0] -- mon_subscribe({osdmap=0}) -- 0x7ff3fc19ecc0 con 0x7ff3fc107f80
2024-09-19T05:12:15.167 INFO:teuthology.orchestra.run.smithi001.stdout:/usr/bin/ceph: stderr
2024-09-19T05:12:14.092+0000 7ff3f8ff9640 1 -- 172.21.15.1:0/3162501104 <== mon.0 v2:172.21.15.1:3300/0 4 ==== mgrmap(e 12) ==== 46474+0+0 (secure 0 0 0) 0x7ff3ec03a8a0 con 0x7ff3fc107f80
2024-09-19T05:12:15.168 INFO:teuthology.orchestra.run.smithi001.stdout:/usr/bin/ceph: stderr
2024-09-19T05:12:14.093+0000 7ff3f8ff9640 1 --2- 172.21.15.1:0/3162501104 >> [v2:172.21.15.1:6800/427915191,v1:172.21.15.1:6801/427915191] conn(0x7ff3e4039200 0x7ff3e403b6c0 unknown :-1 s=NONE pgs=0 cs=0 l=1 rev1=0 crypto rx=0 tx=0 comp rx=0 tx=0).connect
2024-09-19T05:12:15.168 INFO:teuthology.orchestra.run.smithi001.stdout:/usr/bin/ceph: stderr
2024-09-19T05:12:14.093+0000 7ff3f8ff9640 1 -- 172.21.15.1:0/3162501104 <== mon.0 v2:172.21.15.1:3300/0 5 ==== osd_map(3..3 src has 1..3) ==== 1155+0+0 (secure 0 0 0) 0x7ff3ec06ca90 con 0x7ff3fc107f80
2024-09-19T05:12:15.168 INFO:teuthology.orchestra.run.smithi001.stdout:/usr/bin/ceph: stderr
2024-09-19T05:12:14.093+0000 7ff401ae0640 1 -- 172.21.15.1:0/3162501104 --> [v2:172.21.15.1:3300/0,v1:172.21.15.1:6789/0] -- mon_command({"prefix": "get_command_descriptions"} v 0) -- 0x7ff3fc1083e0 con 0x7ff3fc107f80
2024-09-19T05:12:15.168 INFO:teuthology.orchestra.run.smithi001.stdout:/usr/bin/ceph: stderr
2024-09-19T05:12:14.093+0000 7ff3faffd640 1 --2- 172.21.15.1:0/3162501104 >> [v2:172.21.15.1:6800/427915191,v1:172.21.15.1:6801/427915191] conn(0x7ff3e4039200 0x7ff3e403b6c0 unknown :-1 s=BANNER_CONNECTING pgs=0 cs=0 l=1 rev1=0 crypto rx=0 tx=0 comp rx=0 tx=0)._handle_peer_banner_payload supported=3 required=0
2024-09-19T05:12:15.168 INFO:teuthology.orchestra.run.smithi001.stdout:/usr/bin/ceph: stderr
2024-09-19T05:12:14.093+0000 7ff3faffd640 1 --2- 172.21.15.1:0/3162501104 >> [v2:172.21.15.1:6800/427915191,v1:172.21.15.1:6801/427915191] conn(0x7ff3e4039200 0x7ff3e403b6c0 secure :-1 s=READY pgs=8 cs=0 l=1 rev1=1 crypto rx=0x7ff3f00098c0 tx=0x7ff3f0006db0 comp rx=0 tx=0).ready entity=mgr.14150 client_cookie=0 server_cookie=0 in_seq=0 out_seq=0
2024-09-19T05:12:15.168 INFO:teuthology.orchestra.run.smithi001.stdout:/usr/bin/ceph: stderr
2024-09-19T05:12:14.098+0000 7ff3f8ff9640 1 -- 172.21.15.1:0/3162501104 <== mon.0 v2:172.21.15.1:3300/0 6 ==== mon_command_ack([{"prefix": "get_command_descriptions"}]=0 v0) ==== 72+0+188913 (secure 0 0 0) 0x7ff3ec02fd40 con 0x7ff3fc107f80
2024-09-19T05:12:15.168 INFO:teuthology.orchestra.run.smithi001.stdout:/usr/bin/ceph: stderr
2024-09-19T05:12:14.293+0000 7ff401ae0640 1 -- 172.21.15.1:0/3162501104 --> [v2:172.21.15.1:6800/427915191,v1:172.21.15.1:6801/427915191] -- mgr_command(tid 0: {"prefix": "dashboard ac-user-create", "username": "admin", "rolename": "administrator", "force_password": true, "pwd_update_required": true, "target": ["mon-mgr", ""]}) -- 0x7ff3fc075ef0 con 0x7ff3e4039200
2024-09-19T05:12:15.168 INFO:teuthology.orchestra.run.smithi001.stdout:/usr/bin/ceph: stderr
2024-09-19T05:12:14.542+0000 7ff3f8ff9640 1 -- 172.21.15.1:0/3162501104 <== mgr.14150 v2:172.21.15.1:6800/427915191 1 ==== mgr_command_reply(tid 0: 0 ) ==== 8+0+252 (secure 0 0 0) 0x7ff3fc075ef0 con 0x7ff3e4039200
2024-09-19T05:12:15.168 INFO:teuthology.orchestra.run.smithi001.stdout:/usr/bin/ceph: stderr
2024-09-19T05:12:14.544+0000 7ff401ae0640 1 -- 172.21.15.1:0/3162501104 >> [v2:172.21.15.1:6800/427915191,v1:172.21.15.1:6801/427915191] conn(0x7ff3e4039200 msgr2=0x7ff3e403b6c0 secure :-1 s=STATE_CONNECTION_ESTABLISHED l=1).mark_down
2024-09-19T05:12:15.168 INFO:teuthology.orchestra.run.smithi001.stdout:/usr/bin/ceph: stderr
2024-09-19T05:12:14.544+0000 7ff401ae0640 1 --2- 172.21.15.1:0/3162501104 >> [v2:172.21.15.1:6800/427915191,v1:172.21.15.1:6801/427915191] conn(0x7ff3e4039200 0x7ff3e403b6c0 secure :-1 s=READY pgs=8 cs=0 l=1 rev1=1 crypto rx=0x7ff3f00098c0 tx=0x7ff3f0006db0 comp rx=0 tx=0).stop
2024-09-19T05:12:15.168 INFO:teuthology.orchestra.run.smithi001.stdout:/usr/bin/ceph: stderr
2024-09-19T05:12:14.544+0000 7ff401ae0640 1 -- 172.21.15.1:0/3162501104 >> [v2:172.21.15.1:3300/0,v1:172.21.15.1:6789/0] conn(0x7ff3fc107f80 msgr2=0x7ff3fc19b800 secure :-1 s=STATE_CONNECTION_ESTABLISHED l=1).mark_down
2024-09-19T05:12:15.168 INFO:teuthology.orchestra.run.smithi001.stdout:/usr/bin/ceph: stderr
2024-09-19T05:12:14.544+0000 7ff401ae0640 1 --2- 172.21.15.1:0/3162501104 >> [v2:172.21.15.1:3300/0,v1:172.21.15.1:6789/0] conn(0x7ff3fc107f80 0x7ff3fc19b800 secure :-1 s=READY pgs=71 cs=0 l=1 rev1=1 crypto rx=0x7ff3ec0097f0 tx=0x7ff3ec0327b0 comp rx=0 tx=0).stop
2024-09-19T05:12:15.168 INFO:teuthology.orchestra.run.smithi001.stdout:/usr/bin/ceph: stderr
2024-09-19T05:12:14.544+0000 7ff401ae0640 1 -- 172.21.15.1:0/3162501104 shutdown_connections
2024-09-19T05:12:15.169 INFO:teuthology.orchestra.run.smithi001.stdout:/usr/bin/ceph: stderr
2024-09-19T05:12:14.544+0000 7ff401ae0640 1 --2- 172.21.15.1:0/3162501104 >> [v2:172.21.15.1:6800/427915191,v1:172.21.15.1:6801/427915191] conn(0x7ff3e4039200 0x7ff3e403b6c0 unknown :-1 s=CLOSED pgs=8 cs=0 l=1 rev1=1 crypto rx=0 tx=0 comp rx=0 tx=0).stop
2024-09-19T05:12:15.169 INFO:teuthology.orchestra.run.smithi001.stdout:/usr/bin/ceph: stderr
2024-09-19T05:12:14.544+0000 7ff401ae0640 1 --2- 172.21.15.1:0/3162501104 >> [v2:172.21.15.1:3300/0,v1:172.21.15.1:6789/0] conn(0x7ff3fc107f80 0x7ff3fc19b800 unknown :-1 s=CLOSED pgs=71 cs=0 l=1 rev1=1 crypto rx=0 tx=0 comp rx=0 tx=0).stop
2024-09-19T05:12:15.169 INFO:teuthology.orchestra.run.smithi001.stdout:/usr/bin/ceph: stderr
2024-09-19T05:12:14.545+0000 7ff401ae0640 1 -- 172.21.15.1:0/3162501104 >> 172.21.15.1:0/3162501104 conn(0x7ff3fc101b80 msgr2=0x7ff3fc102870 unknown :-1 s=STATE_NONE l=0).mark_down
2024-09-19T05:12:15.169 INFO:teuthology.orchestra.run.smithi001.stdout:/usr/bin/ceph: stderr
2024-09-19T05:12:14.545+0000 7ff401ae0640 1 -- 172.21.15.1:0/3162501104 shutdown_connections
2024-09-19T05:12:15.169 INFO:teuthology.orchestra.run.smithi001.stdout:/usr/bin/ceph: stderr
2024-09-19T05:12:14.545+0000 7ff401ae0640 1 -- 172.21.15.1:0/3162501104 wait complete.
2024-09-19T05:12:15.169 INFO:teuthology.orchestra.run.smithi001.stdout:Fetching dashboard port number...
2024-09-19T05:12:15.841 INFO:journalctl@ceph.mon.a.smithi001.stdout:Sep 19 05:12:15 smithi001 ceph-mon[30968]: from='client.14164 -' entity='client.admin' cmd=[{"prefix": "dashboard ac-user-create", "username": "admin", "rolename": "administrator", "force_password": true, "pwd_update_required": true, "target": ["mon-mgr", ""]}]: dispatch
2024-09-19T05:12:15.841 INFO:journalctl@ceph.mon.a.smithi001.stdout:Sep 19 05:12:15 smithi001 ceph-mon[30968]: from='mgr.14150 172.21.15.1:0/3022912307' entity='mgr.x'
2024-09-19T05:12:16.260 INFO:teuthology.orchestra.run.smithi001.stdout:/usr/bin/ceph: stdout 8443
2024-09-19T05:12:16.261 INFO:teuthology.orchestra.run.smithi001.stdout:/usr/bin/ceph: stderr
2024-09-19T05:12:15.503+0000 7f1219dac640 1 Processor -- start
2024-09-19T05:12:16.261 INFO:teuthology.orchestra.run.smithi001.stdout:/usr/bin/ceph: stderr
2024-09-19T05:12:15.503+0000 7f1219dac640 1 -- start start
2024-09-19T05:12:16.261 INFO:teuthology.orchestra.run.smithi001.stdout:/usr/bin/ceph: stderr
2024-09-19T05:12:15.503+0000 7f1219dac640 1 --2- >> [v2:172.21.15.1:3300/0,v1:172.21.15.1:6789/0] conn(0x7f121407de50 0x7f121407c2b0 unknown :-1 s=NONE pgs=0 cs=0 l=0 rev1=0 crypto rx=0 tx=0 comp rx=0 tx=0).connect
2024-09-19T05:12:16.261 INFO:teuthology.orchestra.run.smithi001.stdout:/usr/bin/ceph: stderr
2024-09-19T05:12:15.503+0000 7f1219dac640 1 -- --> [v2:172.21.15.1:3300/0,v1:172.21.15.1:6789/0] -- mon_getmap magic: 0 -- 0x7f121407c880 con 0x7f121407de50
2024-09-19T05:12:16.261 INFO:teuthology.orchestra.run.smithi001.stdout:/usr/bin/ceph: stderr
2024-09-19T05:12:15.504+0000 7f12137fe640 1 --2- >> [v2:172.21.15.1:3300/0,v1:172.21.15.1:6789/0] conn(0x7f121407de50 0x7f121407c2b0 unknown :-1 s=BANNER_CONNECTING pgs=0 cs=0 l=0 rev1=0 crypto rx=0 tx=0 comp rx=0 tx=0)._handle_peer_banner_payload supported=3 required=0
2024-09-19T05:12:16.261 INFO:teuthology.orchestra.run.smithi001.stdout:/usr/bin/ceph: stderr
2024-09-19T05:12:15.504+0000 7f12137fe640 1 --2- >> [v2:172.21.15.1:3300/0,v1:172.21.15.1:6789/0] conn(0x7f121407de50 0x7f121407c2b0 unknown :-1 s=HELLO_CONNECTING pgs=0 cs=0 l=0 rev1=1 crypto rx=0 tx=0 comp rx=0 tx=0).handle_hello peer v2:172.21.15.1:3300/0 says I am v2:172.21.15.1:59180/0 (socket says 172.21.15.1:59180)
2024-09-19T05:12:16.261 INFO:teuthology.orchestra.run.smithi001.stdout:/usr/bin/ceph: stderr
2024-09-19T05:12:15.504+0000 7f12137fe640 1 -- 172.21.15.1:0/888776009 learned_addr learned my addr 172.21.15.1:0/888776009 (peer_addr_for_me v2:172.21.15.1:0/0)
2024-09-19T05:12:16.261 INFO:teuthology.orchestra.run.smithi001.stdout:/usr/bin/ceph: stderr
2024-09-19T05:12:15.504+0000 7f12137fe640 1 -- 172.21.15.1:0/888776009 --> [v2:172.21.15.1:3300/0,v1:172.21.15.1:6789/0] -- mon_subscribe({config=0+,monmap=0+}) -- 0x7f121407ca00 con 0x7f121407de50
2024-09-19T05:12:16.261 INFO:teuthology.orchestra.run.smithi001.stdout:/usr/bin/ceph: stderr
2024-09-19T05:12:15.505+0000 7f12137fe640 1 --2- 172.21.15.1:0/888776009 >> [v2:172.21.15.1:3300/0,v1:172.21.15.1:6789/0] conn(0x7f121407de50 0x7f121407c2b0 secure :-1 s=READY pgs=72 cs=0 l=1 rev1=1 crypto rx=0x7f1204009820 tx=0x7f120402a270 comp rx=0 tx=0).ready entity=mon.0 client_cookie=52255ad0dc468e46 server_cookie=0 in_seq=0 out_seq=0
2024-09-19T05:12:16.261 INFO:teuthology.orchestra.run.smithi001.stdout:/usr/bin/ceph: stderr
2024-09-19T05:12:15.505+0000 7f12127fc640 1 -- 172.21.15.1:0/888776009 <== mon.0 v2:172.21.15.1:3300/0 1 ==== mon_map magic: 0 ==== 205+0+0 (secure 0 0 0) 0x7f1204037070 con 0x7f121407de50
2024-09-19T05:12:16.261 INFO:teuthology.orchestra.run.smithi001.stdout:/usr/bin/ceph: stderr
2024-09-19T05:12:15.505+0000 7f12127fc640 1 -- 172.21.15.1:0/888776009 <== mon.0 v2:172.21.15.1:3300/0 2 ==== config(27 keys) ==== 1140+0+0 (secure 0 0 0) 0x7f1204032920 con 0x7f121407de50
2024-09-19T05:12:16.262 INFO:teuthology.orchestra.run.smithi001.stdout:/usr/bin/ceph: stderr
2024-09-19T05:12:15.505+0000 7f12127fc640 1 -- 172.21.15.1:0/888776009 <== mon.0 v2:172.21.15.1:3300/0 3 ==== mon_map magic: 0 ==== 205+0+0 (secure 0 0 0) 0x7f1204030810 con 0x7f121407de50
2024-09-19T05:12:16.262 INFO:teuthology.orchestra.run.smithi001.stdout:/usr/bin/ceph: stderr
2024-09-19T05:12:15.505+0000 7f1219dac640 1 -- 172.21.15.1:0/888776009 >> [v2:172.21.15.1:3300/0,v1:172.21.15.1:6789/0] conn(0x7f121407de50 msgr2=0x7f121407c2b0 secure :-1 s=STATE_CONNECTION_ESTABLISHED l=1).mark_down
2024-09-19T05:12:16.262 INFO:teuthology.orchestra.run.smithi001.stdout:/usr/bin/ceph: stderr
2024-09-19T05:12:15.505+0000 7f1219dac640 1 --2- 172.21.15.1:0/888776009 >> [v2:172.21.15.1:3300/0,v1:172.21.15.1:6789/0] conn(0x7f121407de50 0x7f121407c2b0 secure :-1 s=READY pgs=72 cs=0 l=1 rev1=1 crypto rx=0x7f1204009820 tx=0x7f120402a270 comp rx=0 tx=0).stop
2024-09-19T05:12:16.262 INFO:teuthology.orchestra.run.smithi001.stdout:/usr/bin/ceph: stderr
2024-09-19T05:12:15.506+0000 7f1219dac640 1 -- 172.21.15.1:0/888776009 shutdown_connections
2024-09-19T05:12:16.262 INFO:teuthology.orchestra.run.smithi001.stdout:/usr/bin/ceph: stderr
2024-09-19T05:12:15.506+0000 7f1219dac640 1 --2- 172.21.15.1:0/888776009 >> [v2:172.21.15.1:3300/0,v1:172.21.15.1:6789/0] conn(0x7f121407de50 0x7f121407c2b0 unknown :-1 s=CLOSED pgs=72 cs=0 l=1 rev1=1 crypto rx=0 tx=0 comp rx=0 tx=0).stop
2024-09-19T05:12:16.262 INFO:teuthology.orchestra.run.smithi001.stdout:/usr/bin/ceph: stderr
2024-09-19T05:12:15.506+0000 7f1219dac640 1 -- 172.21.15.1:0/888776009 >> 172.21.15.1:0/888776009 conn(0x7f1214102d10 msgr2=0x7f1214105150 unknown :-1 s=STATE_NONE l=0).mark_down
2024-09-19T05:12:16.262 INFO:teuthology.orchestra.run.smithi001.stdout:/usr/bin/ceph: stderr
2024-09-19T05:12:15.506+0000 7f1219dac640 1 -- 172.21.15.1:0/888776009 shutdown_connections
2024-09-19T05:12:16.262 INFO:teuthology.orchestra.run.smithi001.stdout:/usr/bin/ceph: stderr
2024-09-19T05:12:15.506+0000 7f1219dac640 1 -- 172.21.15.1:0/888776009 wait complete.
2024-09-19T05:12:16.262 INFO:teuthology.orchestra.run.smithi001.stdout:/usr/bin/ceph: stderr
2024-09-19T05:12:15.506+0000 7f1219dac640 1 Processor -- start
2024-09-19T05:12:16.262 INFO:teuthology.orchestra.run.smithi001.stdout:/usr/bin/ceph: stderr
2024-09-19T05:12:15.506+0000 7f1219dac640 1 -- start start
2024-09-19T05:12:16.263 INFO:teuthology.orchestra.run.smithi001.stdout:/usr/bin/ceph: stderr
2024-09-19T05:12:15.507+0000 7f1219dac640 1 --2- >> [v2:172.21.15.1:3300/0,v1:172.21.15.1:6789/0] conn(0x7f121407de50 0x7f121419dad0 unknown :-1 s=NONE pgs=0 cs=0 l=1 rev1=0 crypto rx=0 tx=0 comp rx=0 tx=0).connect
2024-09-19T05:12:16.263 INFO:teuthology.orchestra.run.smithi001.stdout:/usr/bin/ceph: stderr
2024-09-19T05:12:15.507+0000 7f1219dac640 1 -- --> [v2:172.21.15.1:3300/0,v1:172.21.15.1:6789/0] -- mon_getmap magic: 0 -- 0x7f121410dc50 con 0x7f121407de50
2024-09-19T05:12:16.263 INFO:teuthology.orchestra.run.smithi001.stdout:/usr/bin/ceph: stderr
2024-09-19T05:12:15.507+0000 7f12137fe640 1 --2- >> [v2:172.21.15.1:3300/0,v1:172.21.15.1:6789/0] conn(0x7f121407de50 0x7f121419dad0 unknown :-1 s=BANNER_CONNECTING pgs=0 cs=0 l=1 rev1=0 crypto rx=0 tx=0 comp rx=0 tx=0)._handle_peer_banner_payload supported=3 required=0
2024-09-19T05:12:16.263 INFO:teuthology.orchestra.run.smithi001.stdout:/usr/bin/ceph: stderr
2024-09-19T05:12:15.507+0000 7f12137fe640 1 --2- >> [v2:172.21.15.1:3300/0,v1:172.21.15.1:6789/0] conn(0x7f121407de50 0x7f121419dad0 unknown :-1 s=HELLO_CONNECTING pgs=0 cs=0 l=1 rev1=1 crypto rx=0 tx=0 comp rx=0 tx=0).handle_hello peer v2:172.21.15.1:3300/0 says I am v2:172.21.15.1:59192/0 (socket says 172.21.15.1:59192)
2024-09-19T05:12:16.263 INFO:teuthology.orchestra.run.smithi001.stdout:/usr/bin/ceph: stderr
2024-09-19T05:12:15.507+0000 7f12137fe640 1 -- 172.21.15.1:0/3997828888 learned_addr learned my addr 172.21.15.1:0/3997828888 (peer_addr_for_me v2:172.21.15.1:0/0)
2024-09-19T05:12:16.263 INFO:teuthology.orchestra.run.smithi001.stdout:/usr/bin/ceph: stderr
2024-09-19T05:12:15.507+0000 7f12137fe640 1 -- 172.21.15.1:0/3997828888 --> [v2:172.21.15.1:3300/0,v1:172.21.15.1:6789/0] -- mon_subscribe({config=0+,monmap=0+}) -- 0x7f121419e010 con 0x7f121407de50
2024-09-19T05:12:16.263 INFO:teuthology.orchestra.run.smithi001.stdout:/usr/bin/ceph: stderr
2024-09-19T05:12:15.507+0000 7f12137fe640 1 --2- 172.21.15.1:0/3997828888 >> [v2:172.21.15.1:3300/0,v1:172.21.15.1:6789/0] conn(0x7f121407de50 0x7f121419dad0 secure :-1 s=READY pgs=73 cs=0 l=1 rev1=1 crypto rx=0x7f1204030420 tx=0x7f1204032670 comp rx=0 tx=0).ready entity=mon.0 client_cookie=0 server_cookie=0 in_seq=0 out_seq=0
2024-09-19T05:12:16.263 INFO:teuthology.orchestra.run.smithi001.stdout:/usr/bin/ceph: stderr
2024-09-19T05:12:15.507+0000 7f1210ff9640 1 -- 172.21.15.1:0/3997828888 <== mon.0 v2:172.21.15.1:3300/0 1 ==== mon_map magic: 0 ==== 205+0+0 (secure 0 0 0) 0x7f1204037040 con 0x7f121407de50
2024-09-19T05:12:16.263 INFO:teuthology.orchestra.run.smithi001.stdout:/usr/bin/ceph: stderr
2024-09-19T05:12:15.507+0000 7f1210ff9640 1 -- 172.21.15.1:0/3997828888 <== mon.0 v2:172.21.15.1:3300/0 2 ==== config(27 keys) ==== 1140+0+0 (secure 0 0 0) 0x7f1204040070 con 0x7f121407de50
2024-09-19T05:12:16.263 INFO:teuthology.orchestra.run.smithi001.stdout:/usr/bin/ceph: stderr
2024-09-19T05:12:15.507+0000 7f1219dac640 1 -- 172.21.15.1:0/3997828888 --> [v2:172.21.15.1:3300/0,v1:172.21.15.1:6789/0] -- mon_subscribe({mgrmap=0+}) -- 0x7f121419e2a0 con 0x7f121407de50
2024-09-19T05:12:16.263 INFO:teuthology.orchestra.run.smithi001.stdout:/usr/bin/ceph: stderr
2024-09-19T05:12:15.507+0000 7f1210ff9640 1 -- 172.21.15.1:0/3997828888 <== mon.0 v2:172.21.15.1:3300/0 3 ==== mon_map magic: 0 ==== 205+0+0 (secure 0 0 0) 0x7f120403a6e0 con 0x7f121407de50
2024-09-19T05:12:16.263 INFO:teuthology.orchestra.run.smithi001.stdout:/usr/bin/ceph: stderr
2024-09-19T05:12:15.507+0000 7f1219dac640 1 -- 172.21.15.1:0/3997828888 --> [v2:172.21.15.1:3300/0,v1:172.21.15.1:6789/0] -- mon_subscribe({osdmap=0}) -- 0x7f12141a0f90 con 0x7f121407de50
2024-09-19T05:12:16.264 INFO:teuthology.orchestra.run.smithi001.stdout:/usr/bin/ceph: stderr
2024-09-19T05:12:15.508+0000 7f1210ff9640 1 -- 172.21.15.1:0/3997828888 <== mon.0 v2:172.21.15.1:3300/0 4 ==== mgrmap(e 12) ==== 46474+0+0 (secure 0 0 0) 0x7f120403a9e0 con 0x7f121407de50
2024-09-19T05:12:16.264 INFO:teuthology.orchestra.run.smithi001.stdout:/usr/bin/ceph: stderr
2024-09-19T05:12:15.508+0000 7f1219dac640 1 -- 172.21.15.1:0/3997828888 --> [v2:172.21.15.1:3300/0,v1:172.21.15.1:6789/0] -- mon_command({"prefix": "get_command_descriptions"} v 0) -- 0x7f121407c330 con 0x7f121407de50
2024-09-19T05:12:16.264 INFO:teuthology.orchestra.run.smithi001.stdout:/usr/bin/ceph: stderr
2024-09-19T05:12:15.508+0000 7f1210ff9640 1 --2- 172.21.15.1:0/3997828888 >> [v2:172.21.15.1:6800/427915191,v1:172.21.15.1:6801/427915191] conn(0x7f11fc039200 0x7f11fc03b6c0 unknown :-1 s=NONE pgs=0 cs=0 l=1 rev1=0 crypto rx=0 tx=0 comp rx=0 tx=0).connect
2024-09-19T05:12:16.264 INFO:teuthology.orchestra.run.smithi001.stdout:/usr/bin/ceph: stderr
2024-09-19T05:12:15.509+0000 7f1210ff9640 1 -- 172.21.15.1:0/3997828888 <== mon.0 v2:172.21.15.1:3300/0 5 ==== osd_map(3..3 src has 1..3) ==== 1155+0+0 (secure 0 0 0) 0x7f120406ca20 con 0x7f121407de50
2024-09-19T05:12:16.264 INFO:teuthology.orchestra.run.smithi001.stdout:/usr/bin/ceph: stderr
2024-09-19T05:12:15.509+0000 7f1212ffd640 1 --2- 172.21.15.1:0/3997828888 >> [v2:172.21.15.1:6800/427915191,v1:172.21.15.1:6801/427915191] conn(0x7f11fc039200 0x7f11fc03b6c0 unknown :-1 s=BANNER_CONNECTING pgs=0 cs=0 l=1 rev1=0 crypto rx=0 tx=0 comp rx=0 tx=0)._handle_peer_banner_payload supported=3 required=0
2024-09-19T05:12:16.264 INFO:teuthology.orchestra.run.smithi001.stdout:/usr/bin/ceph: stderr
2024-09-19T05:12:15.509+0000 7f1212ffd640 1 --2- 172.21.15.1:0/3997828888 >> [v2:172.21.15.1:6800/427915191,v1:172.21.15.1:6801/427915191] conn(0x7f11fc039200 0x7f11fc03b6c0 secure :-1 s=READY pgs=9 cs=0 l=1 rev1=1 crypto rx=0x7f12080098c0 tx=0x7f1208006db0 comp rx=0 tx=0).ready entity=mgr.14150 client_cookie=0 server_cookie=0 in_seq=0 out_seq=0
2024-09-19T05:12:16.264 INFO:teuthology.orchestra.run.smithi001.stdout:/usr/bin/ceph: stderr
2024-09-19T05:12:15.513+0000 7f1210ff9640 1 -- 172.21.15.1:0/3997828888 <== mon.0 v2:172.21.15.1:3300/0 6 ==== mon_command_ack([{"prefix": "get_command_descriptions"}]=0 v0) ==== 72+0+188913 (secure 0 0 0) 0x7f1204041270 con 0x7f121407de50
2024-09-19T05:12:16.264 INFO:teuthology.orchestra.run.smithi001.stdout:/usr/bin/ceph: stderr
2024-09-19T05:12:15.690+0000 7f1219dac640 1 -- 172.21.15.1:0/3997828888 --> [v2:172.21.15.1:3300/0,v1:172.21.15.1:6789/0] -- mon_command({"prefix": "config get", "who": "mgr", "key": "mgr/dashboard/ssl_server_port"} v 0) -- 0x7f121402d7c0 con 0x7f121407de50
2024-09-19T05:12:16.264 INFO:teuthology.orchestra.run.smithi001.stdout:/usr/bin/ceph: stderr
2024-09-19T05:12:15.690+0000 7f1210ff9640 1 -- 172.21.15.1:0/3997828888 <== mon.0 v2:172.21.15.1:3300/0 7 ==== mon_command_ack([{"prefix": "config get", "who": "mgr", "key": "mgr/dashboard/ssl_server_port"}]=0 v8) ==== 112+0+5 (secure 0 0 0) 0x7f1204043bf0 con 0x7f121407de50
2024-09-19T05:12:16.264 INFO:teuthology.orchestra.run.smithi001.stdout:/usr/bin/ceph: stderr
2024-09-19T05:12:15.692+0000 7f1219dac640 1 -- 172.21.15.1:0/3997828888 >> [v2:172.21.15.1:6800/427915191,v1:172.21.15.1:6801/427915191] conn(0x7f11fc039200 msgr2=0x7f11fc03b6c0 secure :-1 s=STATE_CONNECTION_ESTABLISHED l=1).mark_down
2024-09-19T05:12:16.264 INFO:teuthology.orchestra.run.smithi001.stdout:/usr/bin/ceph: stderr
2024-09-19T05:12:15.692+0000 7f1219dac640 1 --2- 172.21.15.1:0/3997828888 >> [v2:172.21.15.1:6800/427915191,v1:172.21.15.1:6801/427915191] conn(0x7f11fc039200 0x7f11fc03b6c0 secure :-1 s=READY pgs=9 cs=0 l=1 rev1=1 crypto rx=0x7f12080098c0 tx=0x7f1208006db0 comp rx=0 tx=0).stop
2024-09-19T05:12:16.264 INFO:teuthology.orchestra.run.smithi001.stdout:/usr/bin/ceph: stderr
2024-09-19T05:12:15.692+0000 7f1219dac640 1 -- 172.21.15.1:0/3997828888 >> [v2:172.21.15.1:3300/0,v1:172.21.15.1:6789/0] conn(0x7f121407de50 msgr2=0x7f121419dad0 secure :-1 s=STATE_CONNECTION_ESTABLISHED l=1).mark_down
2024-09-19T05:12:16.264 INFO:teuthology.orchestra.run.smithi001.stdout:/usr/bin/ceph: stderr
2024-09-19T05:12:15.692+0000 7f1219dac640 1 --2- 172.21.15.1:0/3997828888 >> [v2:172.21.15.1:3300/0,v1:172.21.15.1:6789/0] conn(0x7f121407de50 0x7f121419dad0 secure :-1 s=READY pgs=73 cs=0 l=1 rev1=1 crypto rx=0x7f1204030420 tx=0x7f1204032670 comp rx=0 tx=0).stop
2024-09-19T05:12:16.265 INFO:teuthology.orchestra.run.smithi001.stdout:/usr/bin/ceph: stderr
2024-09-19T05:12:15.692+0000 7f1219dac640 1 -- 172.21.15.1:0/3997828888 shutdown_connections
2024-09-19T05:12:16.265 INFO:teuthology.orchestra.run.smithi001.stdout:/usr/bin/ceph: stderr
2024-09-19T05:12:15.692+0000 7f1219dac640 1 --2- 172.21.15.1:0/3997828888 >> [v2:172.21.15.1:6800/427915191,v1:172.21.15.1:6801/427915191] conn(0x7f11fc039200 0x7f11fc03b6c0 unknown :-1 s=CLOSED pgs=9 cs=0 l=1 rev1=1 crypto rx=0 tx=0 comp rx=0 tx=0).stop
2024-09-19T05:12:16.265 INFO:teuthology.orchestra.run.smithi001.stdout:/usr/bin/ceph: stderr
2024-09-19T05:12:15.692+0000 7f1219dac640 1 --2- 172.21.15.1:0/3997828888 >> [v2:172.21.15.1:3300/0,v1:172.21.15.1:6789/0] conn(0x7f121407de50 0x7f121419dad0 unknown :-1 s=CLOSED pgs=73 cs=0 l=1 rev1=1 crypto rx=0 tx=0 comp rx=0 tx=0).stop
2024-09-19T05:12:16.265 INFO:teuthology.orchestra.run.smithi001.stdout:/usr/bin/ceph: stderr
2024-09-19T05:12:15.692+0000 7f1219dac640 1 -- 172.21.15.1:0/3997828888 >> 172.21.15.1:0/3997828888 conn(0x7f1214102d10 msgr2=0x7f1214103af0 unknown :-1 s=STATE_NONE l=0).mark_down
2024-09-19T05:12:16.265 INFO:teuthology.orchestra.run.smithi001.stdout:/usr/bin/ceph: stderr
2024-09-19T05:12:15.693+0000 7f1219dac640 1 -- 172.21.15.1:0/3997828888 shutdown_connections
2024-09-19T05:12:16.265 INFO:teuthology.orchestra.run.smithi001.stdout:/usr/bin/ceph: stderr
2024-09-19T05:12:15.693+0000 7f1219dac640 1 -- 172.21.15.1:0/3997828888 wait complete.
2024-09-19T05:12:16.269 INFO:teuthology.orchestra.run.smithi001.stdout:Non-zero exit code 1 from systemctl is-enabled firewalld.service
2024-09-19T05:12:16.269 INFO:teuthology.orchestra.run.smithi001.stdout:systemctl: stdout disabled
2024-09-19T05:12:16.276 INFO:teuthology.orchestra.run.smithi001.stdout:Non-zero exit code 3 from systemctl is-active firewalld.service
2024-09-19T05:12:16.277 INFO:teuthology.orchestra.run.smithi001.stdout:systemctl: stdout inactive
2024-09-19T05:12:16.277 INFO:teuthology.orchestra.run.smithi001.stdout:firewalld.service is not enabled
2024-09-19T05:12:16.277 INFO:teuthology.orchestra.run.smithi001.stdout:Not possible to open ports <[8443]>. firewalld.service is not available
2024-09-19T05:12:16.278 INFO:teuthology.orchestra.run.smithi001.stdout:Ceph Dashboard is now available at:
2024-09-19T05:12:16.278 INFO:teuthology.orchestra.run.smithi001.stdout:
2024-09-19T05:12:16.279 INFO:teuthology.orchestra.run.smithi001.stdout: URL: https://smithi001.front.sepia.ceph.com:8443/
2024-09-19T05:12:16.279 INFO:teuthology.orchestra.run.smithi001.stdout: User: admin
2024-09-19T05:12:16.279 INFO:teuthology.orchestra.run.smithi001.stdout: Password: 8b2o32usfc
2024-09-19T05:12:16.279 INFO:teuthology.orchestra.run.smithi001.stdout:
2024-09-19T05:12:16.279 INFO:teuthology.orchestra.run.smithi001.stdout:Saving cluster configuration to /var/lib/ceph/7ab08e8a-7645-11ef-bceb-c7b262605968/config directory
2024-09-19T05:12:16.822 INFO:journalctl@ceph.mon.a.smithi001.stdout:Sep 19 05:12:16 smithi001 ceph-mon[30968]: from='client.? 172.21.15.1:0/3997828888' entity='client.admin' cmd=[{"prefix": "config get", "who": "mgr", "key": "mgr/dashboard/ssl_server_port"}]: dispatch
2024-09-19T05:12:17.676 INFO:journalctl@ceph.mon.a.smithi001.stdout:Sep 19 05:12:17 smithi001 ceph-mon[30968]: mgrmap e13: x(active, since 6s)
2024-09-19T05:12:17.676 INFO:journalctl@ceph.mon.a.smithi001.stdout:Sep 19 05:12:17 smithi001 ceph-mon[30968]: from='client.? 172.21.15.1:0/1608065730' entity='client.admin'
2024-09-19T05:12:17.679 INFO:teuthology.orchestra.run.smithi001.stdout:/usr/bin/ceph: stderr
2024-09-19T05:12:16.831+0000 7fc70c2bc640 1 Processor -- start
2024-09-19T05:12:17.679 INFO:teuthology.orchestra.run.smithi001.stdout:/usr/bin/ceph: stderr
2024-09-19T05:12:16.832+0000 7fc70c2bc640 1 -- start start
2024-09-19T05:12:17.679 INFO:teuthology.orchestra.run.smithi001.stdout:/usr/bin/ceph: stderr
2024-09-19T05:12:16.832+0000 7fc70c2bc640 1 --2- >> [v2:172.21.15.1:3300/0,v1:172.21.15.1:6789/0] conn(0x7fc70407dde0 0x7fc70407c290 unknown :-1 s=NONE pgs=0 cs=0 l=0 rev1=0 crypto rx=0 tx=0 comp rx=0 tx=0).connect
2024-09-19T05:12:17.679 INFO:teuthology.orchestra.run.smithi001.stdout:/usr/bin/ceph: stderr
2024-09-19T05:12:16.832+0000 7fc70c2bc640 1 -- --> [v2:172.21.15.1:3300/0,v1:172.21.15.1:6789/0] -- mon_getmap magic: 0 -- 0x7fc70407c7d0 con 0x7fc70407dde0
2024-09-19T05:12:17.679 INFO:teuthology.orchestra.run.smithi001.stdout:/usr/bin/ceph: stderr
2024-09-19T05:12:16.832+0000 7fc70a058640 1 --2- >> [v2:172.21.15.1:3300/0,v1:172.21.15.1:6789/0] conn(0x7fc70407dde0 0x7fc70407c290 unknown :-1 s=BANNER_CONNECTING pgs=0 cs=0 l=0 rev1=0 crypto rx=0 tx=0 comp rx=0 tx=0)._handle_peer_banner_payload supported=3 required=0
2024-09-19T05:12:17.679 INFO:teuthology.orchestra.run.smithi001.stdout:/usr/bin/ceph: stderr
2024-09-19T05:12:16.832+0000 7fc70a058640 1 --2- >> [v2:172.21.15.1:3300/0,v1:172.21.15.1:6789/0] conn(0x7fc70407dde0 0x7fc70407c290 unknown :-1 s=HELLO_CONNECTING pgs=0 cs=0 l=0 rev1=1 crypto rx=0 tx=0 comp rx=0 tx=0).handle_hello peer v2:172.21.15.1:3300/0 says I am v2:172.21.15.1:59204/0 (socket says 172.21.15.1:59204)
2024-09-19T05:12:17.679 INFO:teuthology.orchestra.run.smithi001.stdout:/usr/bin/ceph: stderr
2024-09-19T05:12:16.832+0000 7fc70a058640 1 -- 172.21.15.1:0/2988440889 learned_addr learned my addr 172.21.15.1:0/2988440889 (peer_addr_for_me v2:172.21.15.1:0/0)
2024-09-19T05:12:17.679 INFO:teuthology.orchestra.run.smithi001.stdout:/usr/bin/ceph: stderr
2024-09-19T05:12:16.832+0000 7fc70a058640 1 -- 172.21.15.1:0/2988440889 --> [v2:172.21.15.1:3300/0,v1:172.21.15.1:6789/0] -- mon_subscribe({config=0+,monmap=0+}) -- 0x7fc70407c950 con 0x7fc70407dde0
2024-09-19T05:12:17.680 INFO:teuthology.orchestra.run.smithi001.stdout:/usr/bin/ceph: stderr
2024-09-19T05:12:16.833+0000 7fc70a058640 1 --2- 172.21.15.1:0/2988440889 >> [v2:172.21.15.1:3300/0,v1:172.21.15.1:6789/0] conn(0x7fc70407dde0 0x7fc70407c290 secure :-1 s=READY pgs=74 cs=0 l=1 rev1=1 crypto rx=0x7fc700009820 tx=0x7fc70002a270 comp rx=0 tx=0).ready entity=mon.0 client_cookie=f284175032207805 server_cookie=0 in_seq=0 out_seq=0
2024-09-19T05:12:17.680 INFO:teuthology.orchestra.run.smithi001.stdout:/usr/bin/ceph: stderr
2024-09-19T05:12:16.833+0000 7fc709056640 1 -- 172.21.15.1:0/2988440889 <== mon.0 v2:172.21.15.1:3300/0 1 ==== mon_map magic: 0 ==== 205+0+0 (secure 0 0 0) 0x7fc700037070 con 0x7fc70407dde0
2024-09-19T05:12:17.684 INFO:teuthology.orchestra.run.smithi001.stdout:/usr/bin/ceph: stderr
2024-09-19T05:12:16.833+0000 7fc709056640 1 -- 172.21.15.1:0/2988440889 <== mon.0 v2:172.21.15.1:3300/0 2 ==== config(27 keys) ==== 1140+0+0 (secure 0 0 0) 0x7fc700032920 con 0x7fc70407dde0
2024-09-19T05:12:17.684 INFO:teuthology.orchestra.run.smithi001.stdout:/usr/bin/ceph: stderr
2024-09-19T05:12:16.833+0000 7fc709056640 1 -- 172.21.15.1:0/2988440889 <== mon.0 v2:172.21.15.1:3300/0 3 ==== mon_map magic: 0 ==== 205+0+0 (secure 0 0 0) 0x7fc700030810 con 0x7fc70407dde0
2024-09-19T05:12:17.684 INFO:teuthology.orchestra.run.smithi001.stdout:/usr/bin/ceph: stderr
2024-09-19T05:12:16.834+0000 7fc70c2bc640 1 -- 172.21.15.1:0/2988440889 >> [v2:172.21.15.1:3300/0,v1:172.21.15.1:6789/0] conn(0x7fc70407dde0 msgr2=0x7fc70407c290 secure :-1 s=STATE_CONNECTION_ESTABLISHED l=1).mark_down
2024-09-19T05:12:17.684 INFO:teuthology.orchestra.run.smithi001.stdout:/usr/bin/ceph: stderr
2024-09-19T05:12:16.834+0000 7fc70c2bc640 1 --2- 172.21.15.1:0/2988440889 >> [v2:172.21.15.1:3300/0,v1:172.21.15.1:6789/0] conn(0x7fc70407dde0 0x7fc70407c290 secure :-1 s=READY pgs=74 cs=0 l=1 rev1=1 crypto rx=0x7fc700009820 tx=0x7fc70002a270 comp rx=0 tx=0).stop
2024-09-19T05:12:17.684 INFO:teuthology.orchestra.run.smithi001.stdout:/usr/bin/ceph: stderr
2024-09-19T05:12:16.834+0000 7fc70c2bc640 1 -- 172.21.15.1:0/2988440889 shutdown_connections
2024-09-19T05:12:17.684 INFO:teuthology.orchestra.run.smithi001.stdout:/usr/bin/ceph: stderr
2024-09-19T05:12:16.834+0000 7fc70c2bc640 1 --2- 172.21.15.1:0/2988440889 >> [v2:172.21.15.1:3300/0,v1:172.21.15.1:6789/0] conn(0x7fc70407dde0 0x7fc70407c290 unknown :-1 s=CLOSED pgs=74 cs=0 l=1 rev1=1 crypto rx=0 tx=0 comp rx=0 tx=0).stop
2024-09-19T05:12:17.685 INFO:teuthology.orchestra.run.smithi001.stdout:/usr/bin/ceph: stderr
2024-09-19T05:12:16.834+0000 7fc70c2bc640 1 -- 172.21.15.1:0/2988440889 >> 172.21.15.1:0/2988440889 conn(0x7fc704102dc0 msgr2=0x7fc7041051e0 unknown :-1 s=STATE_NONE l=0).mark_down
2024-09-19T05:12:17.685 INFO:teuthology.orchestra.run.smithi001.stdout:/usr/bin/ceph: stderr
2024-09-19T05:12:16.834+0000 7fc70c2bc640 1 -- 172.21.15.1:0/2988440889 shutdown_connections
2024-09-19T05:12:17.685 INFO:teuthology.orchestra.run.smithi001.stdout:/usr/bin/ceph: stderr
2024-09-19T05:12:16.834+0000 7fc70c2bc640 1 -- 172.21.15.1:0/2988440889 wait complete.
2024-09-19T05:12:17.685 INFO:teuthology.orchestra.run.smithi001.stdout:/usr/bin/ceph: stderr
2024-09-19T05:12:16.835+0000 7fc70c2bc640 1 Processor -- start
2024-09-19T05:12:17.685 INFO:teuthology.orchestra.run.smithi001.stdout:/usr/bin/ceph: stderr
2024-09-19T05:12:16.835+0000 7fc70c2bc640 1 -- start start
2024-09-19T05:12:17.685 INFO:teuthology.orchestra.run.smithi001.stdout:/usr/bin/ceph: stderr
2024-09-19T05:12:16.835+0000 7fc70c2bc640 1 --2- >> [v2:172.21.15.1:3300/0,v1:172.21.15.1:6789/0] conn(0x7fc70407dde0 0x7fc70419dac0 unknown :-1 s=NONE pgs=0 cs=0 l=1 rev1=0 crypto rx=0 tx=0 comp rx=0 tx=0).connect
2024-09-19T05:12:17.685 INFO:teuthology.orchestra.run.smithi001.stdout:/usr/bin/ceph: stderr
2024-09-19T05:12:16.835+0000 7fc70c2bc640 1 -- --> [v2:172.21.15.1:3300/0,v1:172.21.15.1:6789/0] -- mon_getmap magic: 0 -- 0x7fc70410dc20 con 0x7fc70407dde0
2024-09-19T05:12:17.685 INFO:teuthology.orchestra.run.smithi001.stdout:/usr/bin/ceph: stderr
2024-09-19T05:12:16.835+0000 7fc70a058640 1 --2- >> [v2:172.21.15.1:3300/0,v1:172.21.15.1:6789/0] conn(0x7fc70407dde0 0x7fc70419dac0 unknown :-1 s=BANNER_CONNECTING pgs=0 cs=0 l=1 rev1=0 crypto rx=0 tx=0 comp rx=0 tx=0)._handle_peer_banner_payload supported=3 required=0
2024-09-19T05:12:17.685 INFO:teuthology.orchestra.run.smithi001.stdout:/usr/bin/ceph: stderr
2024-09-19T05:12:16.835+0000 7fc70a058640 1 --2- >> [v2:172.21.15.1:3300/0,v1:172.21.15.1:6789/0] conn(0x7fc70407dde0 0x7fc70419dac0 unknown :-1 s=HELLO_CONNECTING pgs=0 cs=0 l=1 rev1=1 crypto rx=0 tx=0 comp rx=0 tx=0).handle_hello peer v2:172.21.15.1:3300/0 says I am v2:172.21.15.1:59210/0 (socket says 172.21.15.1:59210)
2024-09-19T05:12:17.685 INFO:teuthology.orchestra.run.smithi001.stdout:/usr/bin/ceph: stderr
2024-09-19T05:12:16.835+0000 7fc70a058640 1 -- 172.21.15.1:0/1608065730 learned_addr learned my addr 172.21.15.1:0/1608065730 (peer_addr_for_me v2:172.21.15.1:0/0)
2024-09-19T05:12:17.685 INFO:teuthology.orchestra.run.smithi001.stdout:/usr/bin/ceph: stderr
2024-09-19T05:12:16.835+0000 7fc70a058640 1 -- 172.21.15.1:0/1608065730 --> [v2:172.21.15.1:3300/0,v1:172.21.15.1:6789/0] -- mon_subscribe({config=0+,monmap=0+}) -- 0x7fc70419e000 con 0x7fc70407dde0
2024-09-19T05:12:17.685 INFO:teuthology.orchestra.run.smithi001.stdout:/usr/bin/ceph: stderr
2024-09-19T05:12:16.836+0000 7fc70a058640 1 --2- 172.21.15.1:0/1608065730 >> [v2:172.21.15.1:3300/0,v1:172.21.15.1:6789/0] conn(0x7fc70407dde0 0x7fc70419dac0 secure :-1 s=READY pgs=75 cs=0 l=1 rev1=1 crypto rx=0x7fc700030380 tx=0x7fc700032670 comp rx=0 tx=0).ready entity=mon.0 client_cookie=0 server_cookie=0 in_seq=0 out_seq=0
2024-09-19T05:12:17.685 INFO:teuthology.orchestra.run.smithi001.stdout:/usr/bin/ceph: stderr
2024-09-19T05:12:16.836+0000 7fc6fb7fe640 1 -- 172.21.15.1:0/1608065730 <== mon.0 v2:172.21.15.1:3300/0 1 ==== mon_map magic: 0 ==== 205+0+0 (secure 0 0 0) 0x7fc700037040 con 0x7fc70407dde0
2024-09-19T05:12:17.686 INFO:teuthology.orchestra.run.smithi001.stdout:/usr/bin/ceph: stderr
2024-09-19T05:12:16.836+0000 7fc6fb7fe640 1 -- 172.21.15.1:0/1608065730 <== mon.0 v2:172.21.15.1:3300/0 2 ==== config(27 keys) ==== 1140+0+0 (secure 0 0 0) 0x7fc700040070 con 0x7fc70407dde0
2024-09-19T05:12:17.686 INFO:teuthology.orchestra.run.smithi001.stdout:/usr/bin/ceph: stderr
2024-09-19T05:12:16.836+0000 7fc70c2bc640 1 -- 172.21.15.1:0/1608065730 --> [v2:172.21.15.1:3300/0,v1:172.21.15.1:6789/0] -- mon_subscribe({mgrmap=0+}) -- 0x7fc70419e290 con 0x7fc70407dde0
2024-09-19T05:12:17.686 INFO:teuthology.orchestra.run.smithi001.stdout:/usr/bin/ceph: stderr
2024-09-19T05:12:16.836+0000 7fc6fb7fe640 1 -- 172.21.15.1:0/1608065730 <== mon.0 v2:172.21.15.1:3300/0 3 ==== mon_map magic: 0 ==== 205+0+0 (secure 0 0 0) 0x7fc70003a7b0 con 0x7fc70407dde0
2024-09-19T05:12:17.686 INFO:teuthology.orchestra.run.smithi001.stdout:/usr/bin/ceph: stderr
2024-09-19T05:12:16.836+0000 7fc70c2bc640 1 -- 172.21.15.1:0/1608065730 --> [v2:172.21.15.1:3300/0,v1:172.21.15.1:6789/0] -- mon_subscribe({osdmap=0}) -- 0x7fc7041a0f80 con 0x7fc70407dde0
2024-09-19T05:12:17.686 INFO:teuthology.orchestra.run.smithi001.stdout:/usr/bin/ceph: stderr
2024-09-19T05:12:16.837+0000 7fc6fb7fe640 1 -- 172.21.15.1:0/1608065730 <== mon.0 v2:172.21.15.1:3300/0 4 ==== mgrmap(e 13) ==== 46516+0+0 (secure 0 0 0) 0x7fc70003aa30 con 0x7fc70407dde0
2024-09-19T05:12:17.686 INFO:teuthology.orchestra.run.smithi001.stdout:/usr/bin/ceph: stderr
2024-09-19T05:12:16.837+0000 7fc6fb7fe640 1 --2- 172.21.15.1:0/1608065730 >> [v2:172.21.15.1:6800/427915191,v1:172.21.15.1:6801/427915191] conn(0x7fc6f00392a0 0x7fc6f003b760 unknown :-1 s=NONE pgs=0 cs=0 l=1 rev1=0 crypto rx=0 tx=0 comp rx=0 tx=0).connect
2024-09-19T05:12:17.686 INFO:teuthology.orchestra.run.smithi001.stdout:/usr/bin/ceph: stderr
2024-09-19T05:12:16.837+0000 7fc70c2bc640 1 -- 172.21.15.1:0/1608065730 --> [v2:172.21.15.1:3300/0,v1:172.21.15.1:6789/0] -- mon_command({"prefix": "get_command_descriptions"} v 0) -- 0x7fc70407c310 con 0x7fc70407dde0
2024-09-19T05:12:17.686 INFO:teuthology.orchestra.run.smithi001.stdout:/usr/bin/ceph: stderr
2024-09-19T05:12:16.837+0000 7fc6fb7fe640 1 -- 172.21.15.1:0/1608065730 <== mon.0 v2:172.21.15.1:3300/0 5 ==== osd_map(3..3 src has 1..3) ==== 1155+0+0 (secure 0 0 0) 0x7fc70006cb40 con 0x7fc70407dde0
2024-09-19T05:12:17.686 INFO:teuthology.orchestra.run.smithi001.stdout:/usr/bin/ceph: stderr
2024-09-19T05:12:16.837+0000 7fc709857640 1 --2- 172.21.15.1:0/1608065730 >> [v2:172.21.15.1:6800/427915191,v1:172.21.15.1:6801/427915191] conn(0x7fc6f00392a0 0x7fc6f003b760 unknown :-1 s=BANNER_CONNECTING pgs=0 cs=0 l=1 rev1=0 crypto rx=0 tx=0 comp rx=0 tx=0)._handle_peer_banner_payload supported=3 required=0
2024-09-19T05:12:17.686 INFO:teuthology.orchestra.run.smithi001.stdout:/usr/bin/ceph: stderr
2024-09-19T05:12:16.838+0000 7fc709857640 1 --2- 172.21.15.1:0/1608065730 >> [v2:172.21.15.1:6800/427915191,v1:172.21.15.1:6801/427915191] conn(0x7fc6f00392a0 0x7fc6f003b760 secure :-1 s=READY pgs=10 cs=0 l=1 rev1=1 crypto rx=0x7fc6f40098c0 tx=0x7fc6f4006db0 comp rx=0 tx=0).ready entity=mgr.14150 client_cookie=0 server_cookie=0 in_seq=0 out_seq=0
2024-09-19T05:12:17.686 INFO:teuthology.orchestra.run.smithi001.stdout:/usr/bin/ceph: stderr
2024-09-19T05:12:16.842+0000 7fc6fb7fe640 1 -- 172.21.15.1:0/1608065730 <== mon.0 v2:172.21.15.1:3300/0 6 ==== mon_command_ack([{"prefix": "get_command_descriptions"}]=0 v0) ==== 72+0+188913 (secure 0 0 0) 0x7fc7000313a0 con 0x7fc70407dde0
2024-09-19T05:12:17.686 INFO:teuthology.orchestra.run.smithi001.stdout:/usr/bin/ceph: stderr
2024-09-19T05:12:17.112+0000 7fc70c2bc640 1 -- 172.21.15.1:0/1608065730 --> [v2:172.21.15.1:3300/0,v1:172.21.15.1:6789/0] -- mon_command([{prefix=config-key set, key=mgr/dashboard/cluster/status}] v 0) -- 0x7fc70402d7c0 con 0x7fc70407dde0
2024-09-19T05:12:17.686 INFO:teuthology.orchestra.run.smithi001.stdout:/usr/bin/ceph: stderr
2024-09-19T05:12:17.114+0000 7fc6fb7fe640 1 -- 172.21.15.1:0/1608065730 <== mon.0 v2:172.21.15.1:3300/0 7 ==== mon_command_ack([{prefix=config-key set, key=mgr/dashboard/cluster/status}]=0 set mgr/dashboard/cluster/status v28)=0 set mgr/dashboard/cluster/status v28) ==== 153+0+0 (secure 0 0 0) 0x7fc70004a200 con 0x7fc70407dde0
2024-09-19T05:12:17.686 INFO:teuthology.orchestra.run.smithi001.stdout:/usr/bin/ceph: stderr set mgr/dashboard/cluster/status
2024-09-19T05:12:17.687 INFO:teuthology.orchestra.run.smithi001.stdout:/usr/bin/ceph: stderr
2024-09-19T05:12:17.116+0000 7fc70c2bc640 1 -- 172.21.15.1:0/1608065730 >> [v2:172.21.15.1:6800/427915191,v1:172.21.15.1:6801/427915191] conn(0x7fc6f00392a0 msgr2=0x7fc6f003b760 secure :-1 s=STATE_CONNECTION_ESTABLISHED l=1).mark_down
2024-09-19T05:12:17.687 INFO:teuthology.orchestra.run.smithi001.stdout:/usr/bin/ceph: stderr
2024-09-19T05:12:17.116+0000 7fc70c2bc640 1 --2- 172.21.15.1:0/1608065730 >> [v2:172.21.15.1:6800/427915191,v1:172.21.15.1:6801/427915191] conn(0x7fc6f00392a0 0x7fc6f003b760 secure :-1 s=READY pgs=10 cs=0 l=1 rev1=1 crypto rx=0x7fc6f40098c0 tx=0x7fc6f4006db0 comp rx=0 tx=0).stop
2024-09-19T05:12:17.687 INFO:teuthology.orchestra.run.smithi001.stdout:/usr/bin/ceph: stderr
2024-09-19T05:12:17.116+0000 7fc70c2bc640 1 -- 172.21.15.1:0/1608065730 >> [v2:172.21.15.1:3300/0,v1:172.21.15.1:6789/0] conn(0x7fc70407dde0 msgr2=0x7fc70419dac0 secure :-1 s=STATE_CONNECTION_ESTABLISHED l=1).mark_down
2024-09-19T05:12:17.687 INFO:teuthology.orchestra.run.smithi001.stdout:/usr/bin/ceph: stderr
2024-09-19T05:12:17.116+0000 7fc70c2bc640 1 --2- 172.21.15.1:0/1608065730 >> [v2:172.21.15.1:3300/0,v1:172.21.15.1:6789/0] conn(0x7fc70407dde0 0x7fc70419dac0 secure :-1 s=READY pgs=75 cs=0 l=1 rev1=1 crypto rx=0x7fc700030380 tx=0x7fc700032670 comp rx=0 tx=0).stop
2024-09-19T05:12:17.687 INFO:teuthology.orchestra.run.smithi001.stdout:/usr/bin/ceph: stderr
2024-09-19T05:12:17.116+0000 7fc70c2bc640 1 -- 172.21.15.1:0/1608065730 shutdown_connections
2024-09-19T05:12:17.687 INFO:teuthology.orchestra.run.smithi001.stdout:/usr/bin/ceph: stderr
2024-09-19T05:12:17.116+0000 7fc70c2bc640 1 --2- 172.21.15.1:0/1608065730 >> [v2:172.21.15.1:6800/427915191,v1:172.21.15.1:6801/427915191] conn(0x7fc6f00392a0 0x7fc6f003b760 unknown :-1 s=CLOSED pgs=10 cs=0 l=1 rev1=1 crypto rx=0 tx=0 comp rx=0 tx=0).stop
2024-09-19T05:12:17.687 INFO:teuthology.orchestra.run.smithi001.stdout:/usr/bin/ceph: stderr
2024-09-19T05:12:17.116+0000 7fc70c2bc640 1 --2- 172.21.15.1:0/1608065730 >> [v2:172.21.15.1:3300/0,v1:172.21.15.1:6789/0] conn(0x7fc70407dde0 0x7fc70419dac0 unknown :-1 s=CLOSED pgs=75 cs=0 l=1 rev1=1 crypto rx=0 tx=0 comp rx=0 tx=0).stop
2024-09-19T05:12:17.687 INFO:teuthology.orchestra.run.smithi001.stdout:/usr/bin/ceph: stderr
2024-09-19T05:12:17.116+0000 7fc70c2bc640 1 -- 172.21.15.1:0/1608065730 >> 172.21.15.1:0/1608065730 conn(0x7fc704102dc0 msgr2=0x7fc704103b20 unknown :-1 s=STATE_NONE l=0).mark_down
2024-09-19T05:12:17.687 INFO:teuthology.orchestra.run.smithi001.stdout:/usr/bin/ceph: stderr
2024-09-19T05:12:17.117+0000 7fc70c2bc640 1 -- 172.21.15.1:0/1608065730 shutdown_connections
2024-09-19T05:12:17.687 INFO:teuthology.orchestra.run.smithi001.stdout:/usr/bin/ceph: stderr
2024-09-19T05:12:17.117+0000 7fc70c2bc640 1 -- 172.21.15.1:0/1608065730 wait complete.
2024-09-19T05:12:17.687 INFO:teuthology.orchestra.run.smithi001.stdout:You can access the Ceph CLI as following in case of multi-cluster or non-default config:
2024-09-19T05:12:17.687 INFO:teuthology.orchestra.run.smithi001.stdout:
2024-09-19T05:12:17.687 INFO:teuthology.orchestra.run.smithi001.stdout: sudo /home/ubuntu/cephtest/cephadm shell --fsid 7ab08e8a-7645-11ef-bceb-c7b262605968 -c /etc/ceph/ceph.conf -k /etc/ceph/ceph.client.admin.keyring
2024-09-19T05:12:17.688 INFO:teuthology.orchestra.run.smithi001.stdout:
2024-09-19T05:12:17.688 INFO:teuthology.orchestra.run.smithi001.stdout:Or, if you are only running a single cluster on this host:
2024-09-19T05:12:17.688 INFO:teuthology.orchestra.run.smithi001.stdout:
2024-09-19T05:12:17.688 INFO:teuthology.orchestra.run.smithi001.stdout: sudo /home/ubuntu/cephtest/cephadm shell
2024-09-19T05:12:17.688 INFO:teuthology.orchestra.run.smithi001.stdout:
2024-09-19T05:12:17.688 INFO:teuthology.orchestra.run.smithi001.stdout:Please consider enabling telemetry to help improve Ceph:
2024-09-19T05:12:17.688 INFO:teuthology.orchestra.run.smithi001.stdout:
