2024-09-19T05:12:08.574 INFO:journalctl@ceph.mgr.x.smithi001.stdout:Sep 19 05:12:08 smithi001 ceph-7ab08e8a-7645-11ef-bceb-c7b262605968-mgr-x[31193]:
2024-09-19T05:12:08.573+0000 7fec2d430040 -1 mgr[py] Module nfs has missing NOTIFY_TYPES member
2024-09-19T05:12:08.841 INFO:journalctl@ceph.mgr.x.smithi001.stdout:Sep 19 05:12:08 smithi001 ceph-7ab08e8a-7645-11ef-bceb-c7b262605968-mgr-x[31193]:
2024-09-19T05:12:08.640+0000 7fec2d430040 -1 mgr[py] Module status has missing NOTIFY_TYPES member
2024-09-19T05:12:08.841 INFO:journalctl@ceph.mgr.x.smithi001.stdout:Sep 19 05:12:08 smithi001 ceph-7ab08e8a-7645-11ef-bceb-c7b262605968-mgr-x[31193]:
2024-09-19T05:12:08.709+0000 7fec2d430040 -1 mgr[py] Module pg_autoscaler has missing NOTIFY_TYPES member
2024-09-19T05:12:08.841 INFO:journalctl@ceph.mgr.x.smithi001.stdout:Sep 19 05:12:08 smithi001 ceph-7ab08e8a-7645-11ef-bceb-c7b262605968-mgr-x[31193]:
2024-09-19T05:12:08.795+0000 7fec2d430040 -1 mgr[py] Module rbd_support has missing NOTIFY_TYPES member
2024-09-19T05:12:09.341 INFO:journalctl@ceph.mgr.x.smithi001.stdout:Sep 19 05:12:08 smithi001 ceph-7ab08e8a-7645-11ef-bceb-c7b262605968-mgr-x[31193]:
2024-09-19T05:12:08.857+0000 7fec2d430040 -1 mgr[py] Module influx has missing NOTIFY_TYPES member
2024-09-19T05:12:09.342 INFO:journalctl@ceph.mgr.x.smithi001.stdout:Sep 19 05:12:08 smithi001 ceph-7ab08e8a-7645-11ef-bceb-c7b262605968-mgr-x[31193]:
2024-09-19T05:12:08.919+0000 7fec2d430040 -1 mgr[py] Module zabbix has missing NOTIFY_TYPES member
2024-09-19T05:12:10.006 INFO:journalctl@ceph.mgr.x.smithi001.stdout:Sep 19 05:12:09 smithi001 ceph-7ab08e8a-7645-11ef-bceb-c7b262605968-mgr-x[31193]:
2024-09-19T05:12:09.744+0000 7fec2d430040 -1 mgr[py] Module telegraf has missing NOTIFY_TYPES member
2024-09-19T05:12:10.007 INFO:journalctl@ceph.mon.a.smithi001.stdout:Sep 19 05:12:09 smithi001 ceph-mon[30968]: Active manager daemon x restarted
2024-09-19T05:12:10.007 INFO:journalctl@ceph.mon.a.smithi001.stdout:Sep 19 05:12:09 smithi001 ceph-mon[30968]: Activating manager daemon x
2024-09-19T05:12:10.007 INFO:journalctl@ceph.mon.a.smithi001.stdout:Sep 19 05:12:09 smithi001 ceph-mon[30968]: osdmap e3: 0 total, 0 up, 0 in
2024-09-19T05:12:10.007 INFO:journalctl@ceph.mon.a.smithi001.stdout:Sep 19 05:12:09 smithi001 ceph-mon[30968]: mgrmap e10: x(active, starting, since 0.00324668s)
2024-09-19T05:12:10.007 INFO:journalctl@ceph.mon.a.smithi001.stdout:Sep 19 05:12:09 smithi001 ceph-mon[30968]: from='mgr.14150 172.21.15.1:0/3022912307' entity='mgr.x' cmd=[{"prefix": "mon metadata", "id": "a"}]: dispatch
2024-09-19T05:12:10.007 INFO:journalctl@ceph.mon.a.smithi001.stdout:Sep 19 05:12:09 smithi001 ceph-mon[30968]: from='mgr.14150 172.21.15.1:0/3022912307' entity='mgr.x' cmd=[{"prefix": "mgr metadata", "who": "x", "id": "x"}]: dispatch
2024-09-19T05:12:10.007 INFO:journalctl@ceph.mon.a.smithi001.stdout:Sep 19 05:12:09 smithi001 ceph-mon[30968]: from='mgr.14150 172.21.15.1:0/3022912307' entity='mgr.x' cmd=[{"prefix": "mds metadata"}]: dispatch
2024-09-19T05:12:10.007 INFO:journalctl@ceph.mon.a.smithi001.stdout:Sep 19 05:12:09 smithi001 ceph-mon[30968]: from='mgr.14150 172.21.15.1:0/3022912307' entity='mgr.x' cmd=[{"prefix": "osd metadata"}]: dispatch
2024-09-19T05:12:10.007 INFO:journalctl@ceph.mon.a.smithi001.stdout:Sep 19 05:12:09 smithi001 ceph-mon[30968]: from='mgr.14150 172.21.15.1:0/3022912307' entity='mgr.x' cmd=[{"prefix": "mon metadata"}]: dispatch
2024-09-19T05:12:10.007 INFO:journalctl@ceph.mon.a.smithi001.stdout:Sep 19 05:12:09 smithi001 ceph-mon[30968]: Manager daemon x is now available
2024-09-19T05:12:10.007 INFO:journalctl@ceph.mon.a.smithi001.stdout:Sep 19 05:12:09 smithi001 ceph-mon[30968]: from='mgr.14150 172.21.15.1:0/3022912307' entity='mgr.x' cmd=[{"prefix": "config dump", "format": "json"}]: dispatch
2024-09-19T05:12:10.007 INFO:journalctl@ceph.mon.a.smithi001.stdout:Sep 19 05:12:09 smithi001 ceph-mon[30968]: from='mgr.14150 172.21.15.1:0/3022912307' entity='mgr.x' cmd=[{"prefix":"config rm","who":"mgr","name":"mgr/rbd_support/x/mirror_snapshot_schedule"}]: dispatch
2024-09-19T05:12:10.008 INFO:journalctl@ceph.mon.a.smithi001.stdout:Sep 19 05:12:09 smithi001 ceph-mon[30968]: from='mgr.14150 172.21.15.1:0/3022912307' entity='mgr.x' cmd=[{"prefix":"config rm","who":"mgr","name":"mgr/rbd_support/x/trash_purge_schedule"}]: dispatch
2024-09-19T05:12:11.648 INFO:teuthology.orchestra.run.smithi001.stdout:/usr/bin/ceph: stdout {
2024-09-19T05:12:11.648 INFO:teuthology.orchestra.run.smithi001.stdout:/usr/bin/ceph: stdout "mgrmap_epoch": 11,
2024-09-19T05:12:11.648 INFO:teuthology.orchestra.run.smithi001.stdout:/usr/bin/ceph: stdout "initialized": true
2024-09-19T05:12:11.649 INFO:teuthology.orchestra.run.smithi001.stdout:/usr/bin/ceph: stdout }
2024-09-19T05:12:11.649 INFO:teuthology.orchestra.run.smithi001.stdout:/usr/bin/ceph: stderr
2024-09-19T05:12:07.042+0000 7fa78ac7c640 1 Processor -- start
2024-09-19T05:12:11.649 INFO:teuthology.orchestra.run.smithi001.stdout:/usr/bin/ceph: stderr
2024-09-19T05:12:07.042+0000 7fa78ac7c640 1 -- start start
2024-09-19T05:12:11.649 INFO:teuthology.orchestra.run.smithi001.stdout:/usr/bin/ceph: stderr
2024-09-19T05:12:07.042+0000 7fa78ac7c640 1 --2- >> [v2:172.21.15.1:3300/0,v1:172.21.15.1:6789/0] conn(0x7fa784107fb0 0x7fa78410a3a0 unknown :-1 s=NONE pgs=0 cs=0 l=0 rev1=0 crypto rx=0 tx=0 comp rx=0 tx=0).connect
2024-09-19T05:12:11.649 INFO:teuthology.orchestra.run.smithi001.stdout:/usr/bin/ceph: stderr
2024-09-19T05:12:07.042+0000 7fa78ac7c640 1 -- --> [v2:172.21.15.1:3300/0,v1:172.21.15.1:6789/0] -- mon_getmap magic: 0 -- 0x7fa78407be60 con 0x7fa784107fb0
2024-09-19T05:12:11.649 INFO:teuthology.orchestra.run.smithi001.stdout:/usr/bin/ceph: stderr
2024-09-19T05:12:07.042+0000 7fa788a18640 1 --2- >> [v2:172.21.15.1:3300/0,v1:172.21.15.1:6789/0] conn(0x7fa784107fb0 0x7fa78410a3a0 unknown :-1 s=BANNER_CONNECTING pgs=0 cs=0 l=0 rev1=0 crypto rx=0 tx=0 comp rx=0 tx=0)._handle_peer_banner_payload supported=3 required=0
2024-09-19T05:12:11.649 INFO:teuthology.orchestra.run.smithi001.stdout:/usr/bin/ceph: stderr
2024-09-19T05:12:07.042+0000 7fa788a18640 1 --2- >> [v2:172.21.15.1:3300/0,v1:172.21.15.1:6789/0] conn(0x7fa784107fb0 0x7fa78410a3a0 unknown :-1 s=HELLO_CONNECTING pgs=0 cs=0 l=0 rev1=1 crypto rx=0 tx=0 comp rx=0 tx=0).handle_hello peer v2:172.21.15.1:3300/0 says I am v2:172.21.15.1:54402/0 (socket says 172.21.15.1:54402)
2024-09-19T05:12:11.649 INFO:teuthology.orchestra.run.smithi001.stdout:/usr/bin/ceph: stderr
2024-09-19T05:12:07.042+0000 7fa788a18640 1 -- 172.21.15.1:0/665174876 learned_addr learned my addr 172.21.15.1:0/665174876 (peer_addr_for_me v2:172.21.15.1:0/0)
2024-09-19T05:12:11.649 INFO:teuthology.orchestra.run.smithi001.stdout:/usr/bin/ceph: stderr
2024-09-19T05:12:07.042+0000 7fa788a18640 1 -- 172.21.15.1:0/665174876 --> [v2:172.21.15.1:3300/0,v1:172.21.15.1:6789/0] -- mon_subscribe({config=0+,monmap=0+}) -- 0x7fa78410a8e0 con 0x7fa784107fb0
2024-09-19T05:12:11.649 INFO:teuthology.orchestra.run.smithi001.stdout:/usr/bin/ceph: stderr
2024-09-19T05:12:07.043+0000 7fa788a18640 1 --2- 172.21.15.1:0/665174876 >> [v2:172.21.15.1:3300/0,v1:172.21.15.1:6789/0] conn(0x7fa784107fb0 0x7fa78410a3a0 secure :-1 s=READY pgs=59 cs=0 l=1 rev1=1 crypto rx=0x7fa76c009820 tx=0x7fa76c02a270 comp rx=0 tx=0).ready entity=mon.0 client_cookie=c8aa0bea05438df6 server_cookie=0 in_seq=0 out_seq=0
2024-09-19T05:12:11.649 INFO:teuthology.orchestra.run.smithi001.stdout:/usr/bin/ceph: stderr
2024-09-19T05:12:07.043+0000 7fa7837fe640 1 -- 172.21.15.1:0/665174876 <== mon.0 v2:172.21.15.1:3300/0 1 ==== mon_map magic: 0 ==== 205+0+0 (secure 0 0 0) 0x7fa76c037070 con 0x7fa784107fb0
2024-09-19T05:12:11.649 INFO:teuthology.orchestra.run.smithi001.stdout:/usr/bin/ceph: stderr
2024-09-19T05:12:07.043+0000 7fa7837fe640 1 -- 172.21.15.1:0/665174876 <== mon.0 v2:172.21.15.1:3300/0 2 ==== config(27 keys) ==== 1140+0+0 (secure 0 0 0) 0x7fa76c032920 con 0x7fa784107fb0
2024-09-19T05:12:11.650 INFO:teuthology.orchestra.run.smithi001.stdout:/usr/bin/ceph: stderr
2024-09-19T05:12:07.043+0000 7fa7837fe640 1 -- 172.21.15.1:0/665174876 <== mon.0 v2:172.21.15.1:3300/0 3 ==== mon_map magic: 0 ==== 205+0+0 (secure 0 0 0) 0x7fa76c030810 con 0x7fa784107fb0
2024-09-19T05:12:11.650 INFO:teuthology.orchestra.run.smithi001.stdout:/usr/bin/ceph: stderr
2024-09-19T05:12:07.044+0000 7fa78ac7c640 1 -- 172.21.15.1:0/665174876 >> [v2:172.21.15.1:3300/0,v1:172.21.15.1:6789/0] conn(0x7fa784107fb0 msgr2=0x7fa78410a3a0 secure :-1 s=STATE_CONNECTION_ESTABLISHED l=1).mark_down
2024-09-19T05:12:11.650 INFO:teuthology.orchestra.run.smithi001.stdout:/usr/bin/ceph: stderr
2024-09-19T05:12:07.044+0000 7fa78ac7c640 1 --2- 172.21.15.1:0/665174876 >> [v2:172.21.15.1:3300/0,v1:172.21.15.1:6789/0] conn(0x7fa784107fb0 0x7fa78410a3a0 secure :-1 s=READY pgs=59 cs=0 l=1 rev1=1 crypto rx=0x7fa76c009820 tx=0x7fa76c02a270 comp rx=0 tx=0).stop
2024-09-19T05:12:11.650 INFO:teuthology.orchestra.run.smithi001.stdout:/usr/bin/ceph: stderr
2024-09-19T05:12:07.044+0000 7fa78ac7c640 1 -- 172.21.15.1:0/665174876 shutdown_connections
2024-09-19T05:12:11.650 INFO:teuthology.orchestra.run.smithi001.stdout:/usr/bin/ceph: stderr
2024-09-19T05:12:07.044+0000 7fa78ac7c640 1 --2- 172.21.15.1:0/665174876 >> [v2:172.21.15.1:3300/0,v1:172.21.15.1:6789/0] conn(0x7fa784107fb0 0x7fa78410a3a0 unknown :-1 s=CLOSED pgs=59 cs=0 l=1 rev1=1 crypto rx=0 tx=0 comp rx=0 tx=0).stop
2024-09-19T05:12:11.650 INFO:teuthology.orchestra.run.smithi001.stdout:/usr/bin/ceph: stderr
2024-09-19T05:12:07.044+0000 7fa78ac7c640 1 -- 172.21.15.1:0/665174876 >> 172.21.15.1:0/665174876 conn(0x7fa784101b90 msgr2=0x7fa784104010 unknown :-1 s=STATE_NONE l=0).mark_down
2024-09-19T05:12:11.650 INFO:teuthology.orchestra.run.smithi001.stdout:/usr/bin/ceph: stderr
2024-09-19T05:12:07.044+0000 7fa78ac7c640 1 -- 172.21.15.1:0/665174876 shutdown_connections
2024-09-19T05:12:11.650 INFO:teuthology.orchestra.run.smithi001.stdout:/usr/bin/ceph: stderr
2024-09-19T05:12:07.044+0000 7fa78ac7c640 1 -- 172.21.15.1:0/665174876 wait complete.
2024-09-19T05:12:11.650 INFO:teuthology.orchestra.run.smithi001.stdout:/usr/bin/ceph: stderr
2024-09-19T05:12:07.045+0000 7fa78ac7c640 1 Processor -- start
2024-09-19T05:12:11.650 INFO:teuthology.orchestra.run.smithi001.stdout:/usr/bin/ceph: stderr
2024-09-19T05:12:07.045+0000 7fa78ac7c640 1 -- start start
2024-09-19T05:12:11.650 INFO:teuthology.orchestra.run.smithi001.stdout:/usr/bin/ceph: stderr
2024-09-19T05:12:07.045+0000 7fa78ac7c640 1 --2- >> [v2:172.21.15.1:3300/0,v1:172.21.15.1:6789/0] conn(0x7fa784107fb0 0x7fa78419b850 unknown :-1 s=NONE pgs=0 cs=0 l=1 rev1=0 crypto rx=0 tx=0 comp rx=0 tx=0).connect
2024-09-19T05:12:11.650 INFO:teuthology.orchestra.run.smithi001.stdout:/usr/bin/ceph: stderr
2024-09-19T05:12:07.045+0000 7fa78ac7c640 1 -- --> [v2:172.21.15.1:3300/0,v1:172.21.15.1:6789/0] -- mon_getmap magic: 0 -- 0x7fa78410b9c0 con 0x7fa784107fb0
2024-09-19T05:12:11.650 INFO:teuthology.orchestra.run.smithi001.stdout:/usr/bin/ceph: stderr
2024-09-19T05:12:07.045+0000 7fa788a18640 1 --2- >> [v2:172.21.15.1:3300/0,v1:172.21.15.1:6789/0] conn(0x7fa784107fb0 0x7fa78419b850 unknown :-1 s=BANNER_CONNECTING pgs=0 cs=0 l=1 rev1=0 crypto rx=0 tx=0 comp rx=0 tx=0)._handle_peer_banner_payload supported=3 required=0
2024-09-19T05:12:11.651 INFO:teuthology.orchestra.run.smithi001.stdout:/usr/bin/ceph: stderr
2024-09-19T05:12:07.045+0000 7fa788a18640 1 --2- >> [v2:172.21.15.1:3300/0,v1:172.21.15.1:6789/0] conn(0x7fa784107fb0 0x7fa78419b850 unknown :-1 s=HELLO_CONNECTING pgs=0 cs=0 l=1 rev1=1 crypto rx=0 tx=0 comp rx=0 tx=0).handle_hello peer v2:172.21.15.1:3300/0 says I am v2:172.21.15.1:54416/0 (socket says 172.21.15.1:54416)
2024-09-19T05:12:11.651 INFO:teuthology.orchestra.run.smithi001.stdout:/usr/bin/ceph: stderr
2024-09-19T05:12:07.045+0000 7fa788a18640 1 -- 172.21.15.1:0/2018566033 learned_addr learned my addr 172.21.15.1:0/2018566033 (peer_addr_for_me v2:172.21.15.1:0/0)
2024-09-19T05:12:11.651 INFO:teuthology.orchestra.run.smithi001.stdout:/usr/bin/ceph: stderr
2024-09-19T05:12:07.046+0000 7fa788a18640 1 -- 172.21.15.1:0/2018566033 --> [v2:172.21.15.1:3300/0,v1:172.21.15.1:6789/0] -- mon_subscribe({config=0+,monmap=0+}) -- 0x7fa78419bd90 con 0x7fa784107fb0
2024-09-19T05:12:11.651 INFO:teuthology.orchestra.run.smithi001.stdout:/usr/bin/ceph: stderr
2024-09-19T05:12:07.046+0000 7fa788a18640 1 --2- 172.21.15.1:0/2018566033 >> [v2:172.21.15.1:3300/0,v1:172.21.15.1:6789/0] conn(0x7fa784107fb0 0x7fa78419b850 secure :-1 s=READY pgs=60 cs=0 l=1 rev1=1 crypto rx=0x7fa76c0097f0 tx=0x7fa76c0327b0 comp rx=0 tx=0).ready entity=mon.0 client_cookie=0 server_cookie=0 in_seq=0 out_seq=0
2024-09-19T05:12:11.651 INFO:teuthology.orchestra.run.smithi001.stdout:/usr/bin/ceph: stderr
2024-09-19T05:12:07.046+0000 7fa781ffb640 1 -- 172.21.15.1:0/2018566033 <== mon.0 v2:172.21.15.1:3300/0 1 ==== mon_map magic: 0 ==== 205+0+0 (secure 0 0 0) 0x7fa76c037040 con 0x7fa784107fb0
2024-09-19T05:12:11.651 INFO:teuthology.orchestra.run.smithi001.stdout:/usr/bin/ceph: stderr
2024-09-19T05:12:07.046+0000 7fa78ac7c640 1 -- 172.21.15.1:0/2018566033 --> [v2:172.21.15.1:3300/0,v1:172.21.15.1:6789/0] -- mon_subscribe({mgrmap=0+}) -- 0x7fa78419c020 con 0x7fa784107fb0
2024-09-19T05:12:11.651 INFO:teuthology.orchestra.run.smithi001.stdout:/usr/bin/ceph: stderr
2024-09-19T05:12:07.046+0000 7fa781ffb640 1 -- 172.21.15.1:0/2018566033 <== mon.0 v2:172.21.15.1:3300/0 2 ==== config(27 keys) ==== 1140+0+0 (secure 0 0 0) 0x7fa76c030cc0 con 0x7fa784107fb0
2024-09-19T05:12:11.651 INFO:teuthology.orchestra.run.smithi001.stdout:/usr/bin/ceph: stderr
2024-09-19T05:12:07.046+0000 7fa781ffb640 1 -- 172.21.15.1:0/2018566033 <== mon.0 v2:172.21.15.1:3300/0 3 ==== mon_map magic: 0 ==== 205+0+0 (secure 0 0 0) 0x7fa76c03a6b0 con 0x7fa784107fb0
2024-09-19T05:12:11.651 INFO:teuthology.orchestra.run.smithi001.stdout:/usr/bin/ceph: stderr
2024-09-19T05:12:07.046+0000 7fa78ac7c640 1 -- 172.21.15.1:0/2018566033 --> [v2:172.21.15.1:3300/0,v1:172.21.15.1:6789/0] -- mon_subscribe({osdmap=0}) -- 0x7fa78419ed10 con 0x7fa784107fb0
2024-09-19T05:12:11.651 INFO:teuthology.orchestra.run.smithi001.stdout:/usr/bin/ceph: stderr
2024-09-19T05:12:07.047+0000 7fa781ffb640 1 -- 172.21.15.1:0/2018566033 <== mon.0 v2:172.21.15.1:3300/0 4 ==== mgrmap(e 9) ==== 46474+0+0 (secure 0 0 0) 0x7fa76c03a8a0 con 0x7fa784107fb0
2024-09-19T05:12:11.651 INFO:teuthology.orchestra.run.smithi001.stdout:/usr/bin/ceph: stderr
2024-09-19T05:12:07.047+0000 7fa781ffb640 1 --2- 172.21.15.1:0/2018566033 >> [v2:172.21.15.1:6800/2966742919,v1:172.21.15.1:6801/2966742919] conn(0x7fa770039200 0x7fa77003b6c0 unknown :-1 s=NONE pgs=0 cs=0 l=1 rev1=0 crypto rx=0 tx=0 comp rx=0 tx=0).connect
2024-09-19T05:12:11.651 INFO:teuthology.orchestra.run.smithi001.stdout:/usr/bin/ceph: stderr
2024-09-19T05:12:07.047+0000 7fa78ac7c640 1 -- 172.21.15.1:0/2018566033 --> [v2:172.21.15.1:6800/2966742919,v1:172.21.15.1:6801/2966742919] -- command(tid 0: {"prefix": "get_command_descriptions"}) -- 0x7fa784108410 con 0x7fa770039200
2024-09-19T05:12:11.651 INFO:teuthology.orchestra.run.smithi001.stdout:/usr/bin/ceph: stderr
2024-09-19T05:12:07.047+0000 7fa781ffb640 1 -- 172.21.15.1:0/2018566033 <== mon.0 v2:172.21.15.1:3300/0 5 ==== osd_map(2..2 src has 1..2) ==== 940+0+0 (secure 0 0 0) 0x7fa76c06d880 con 0x7fa784107fb0
2024-09-19T05:12:11.652 INFO:teuthology.orchestra.run.smithi001.stdout:/usr/bin/ceph: stderr
2024-09-19T05:12:07.047+0000 7fa783fff640 1 -- 172.21.15.1:0/2018566033 >> [v2:172.21.15.1:6800/2966742919,v1:172.21.15.1:6801/2966742919] conn(0x7fa770039200 msgr2=0x7fa77003b6c0 unknown :-1 s=STATE_CONNECTING_RE l=1).process reconnect failed to v2:172.21.15.1:6800/2966742919
2024-09-19T05:12:11.652 INFO:teuthology.orchestra.run.smithi001.stdout:/usr/bin/ceph: stderr
2024-09-19T05:12:07.047+0000 7fa783fff640 1 --2- 172.21.15.1:0/2018566033 >> [v2:172.21.15.1:6800/2966742919,v1:172.21.15.1:6801/2966742919] conn(0x7fa770039200 0x7fa77003b6c0 unknown :-1 s=START_CONNECT pgs=0 cs=0 l=1 rev1=0 crypto rx=0 tx=0 comp rx=0 tx=0)._fault waiting 0.200000
2024-09-19T05:12:11.652 INFO:teuthology.orchestra.run.smithi001.stdout:/usr/bin/ceph: stderr
2024-09-19T05:12:07.248+0000 7fa783fff640 1 -- 172.21.15.1:0/2018566033 >> [v2:172.21.15.1:6800/2966742919,v1:172.21.15.1:6801/2966742919] conn(0x7fa770039200 msgr2=0x7fa77003b6c0 unknown :-1 s=STATE_CONNECTING_RE l=1).process reconnect failed to v2:172.21.15.1:6800/2966742919
2024-09-19T05:12:11.652 INFO:teuthology.orchestra.run.smithi001.stdout:/usr/bin/ceph: stderr
2024-09-19T05:12:07.248+0000 7fa783fff640 1 --2- 172.21.15.1:0/2018566033 >> [v2:172.21.15.1:6800/2966742919,v1:172.21.15.1:6801/2966742919] conn(0x7fa770039200 0x7fa77003b6c0 unknown :-1 s=START_CONNECT pgs=0 cs=0 l=1 rev1=0 crypto rx=0 tx=0 comp rx=0 tx=0)._fault waiting 0.400000
2024-09-19T05:12:11.652 INFO:teuthology.orchestra.run.smithi001.stdout:/usr/bin/ceph: stderr
2024-09-19T05:12:07.649+0000 7fa783fff640 1 -- 172.21.15.1:0/2018566033 >> [v2:172.21.15.1:6800/2966742919,v1:172.21.15.1:6801/2966742919] conn(0x7fa770039200 msgr2=0x7fa77003b6c0 unknown :-1 s=STATE_CONNECTING_RE l=1).process reconnect failed to v2:172.21.15.1:6800/2966742919
2024-09-19T05:12:11.652 INFO:teuthology.orchestra.run.smithi001.stdout:/usr/bin/ceph: stderr
2024-09-19T05:12:07.649+0000 7fa783fff640 1 --2- 172.21.15.1:0/2018566033 >> [v2:172.21.15.1:6800/2966742919,v1:172.21.15.1:6801/2966742919] conn(0x7fa770039200 0x7fa77003b6c0 unknown :-1 s=START_CONNECT pgs=0 cs=0 l=1 rev1=0 crypto rx=0 tx=0 comp rx=0 tx=0)._fault waiting 0.800000
2024-09-19T05:12:11.652 INFO:teuthology.orchestra.run.smithi001.stdout:/usr/bin/ceph: stderr
2024-09-19T05:12:08.450+0000 7fa783fff640 1 -- 172.21.15.1:0/2018566033 >> [v2:172.21.15.1:6800/2966742919,v1:172.21.15.1:6801/2966742919] conn(0x7fa770039200 msgr2=0x7fa77003b6c0 unknown :-1 s=STATE_CONNECTING_RE l=1).process reconnect failed to v2:172.21.15.1:6800/2966742919
2024-09-19T05:12:11.652 INFO:teuthology.orchestra.run.smithi001.stdout:/usr/bin/ceph: stderr
2024-09-19T05:12:08.450+0000 7fa783fff640 1 --2- 172.21.15.1:0/2018566033 >> [v2:172.21.15.1:6800/2966742919,v1:172.21.15.1:6801/2966742919] conn(0x7fa770039200 0x7fa77003b6c0 unknown :-1 s=START_CONNECT pgs=0 cs=0 l=1 rev1=0 crypto rx=0 tx=0 comp rx=0 tx=0)._fault waiting 1.600000
2024-09-19T05:12:11.652 INFO:teuthology.orchestra.run.smithi001.stdout:/usr/bin/ceph: stderr
2024-09-19T05:12:09.747+0000 7fa781ffb640 1 -- 172.21.15.1:0/2018566033 <== mon.0 v2:172.21.15.1:3300/0 6 ==== mgrmap(e 10) ==== 46241+0+0 (secure 0 0 0) 0x7fa76c06c330 con 0x7fa784107fb0
2024-09-19T05:12:11.652 INFO:teuthology.orchestra.run.smithi001.stdout:/usr/bin/ceph: stderr
2024-09-19T05:12:09.747+0000 7fa781ffb640 1 -- 172.21.15.1:0/2018566033 >> [v2:172.21.15.1:6800/2966742919,v1:172.21.15.1:6801/2966742919] conn(0x7fa770039200 msgr2=0x7fa77003b6c0 unknown :-1 s=STATE_CONNECTING l=1).mark_down
2024-09-19T05:12:11.652 INFO:teuthology.orchestra.run.smithi001.stdout:/usr/bin/ceph: stderr
2024-09-19T05:12:09.747+0000 7fa781ffb640 1 --2- 172.21.15.1:0/2018566033 >> [v2:172.21.15.1:6800/2966742919,v1:172.21.15.1:6801/2966742919] conn(0x7fa770039200 0x7fa77003b6c0 unknown :-1 s=START_CONNECT pgs=0 cs=0 l=1 rev1=0 crypto rx=0 tx=0 comp rx=0 tx=0).stop
2024-09-19T05:12:11.653 INFO:teuthology.orchestra.run.smithi001.stdout:/usr/bin/ceph: stderr
2024-09-19T05:12:10.748+0000 7fa781ffb640 1 -- 172.21.15.1:0/2018566033 <== mon.0 v2:172.21.15.1:3300/0 7 ==== mgrmap(e 11) ==== 46368+0+0 (secure 0 0 0) 0x7fa76c044400 con 0x7fa784107fb0
2024-09-19T05:12:11.653 INFO:teuthology.orchestra.run.smithi001.stdout:/usr/bin/ceph: stderr
2024-09-19T05:12:10.749+0000 7fa781ffb640 1 --2- 172.21.15.1:0/2018566033 >> [v2:172.21.15.1:6800/427915191,v1:172.21.15.1:6801/427915191] conn(0x7fa77003cad0 0x7fa77003eec0 unknown :-1 s=NONE pgs=0 cs=0 l=1 rev1=0 crypto rx=0 tx=0 comp rx=0 tx=0).connect
2024-09-19T05:12:11.653 INFO:teuthology.orchestra.run.smithi001.stdout:/usr/bin/ceph: stderr
2024-09-19T05:12:10.749+0000 7fa781ffb640 1 -- 172.21.15.1:0/2018566033 --> [v2:172.21.15.1:6800/427915191,v1:172.21.15.1:6801/427915191] -- command(tid 0: {"prefix": "get_command_descriptions"}) -- 0x7fa784108410 con 0x7fa77003cad0
2024-09-19T05:12:11.653 INFO:teuthology.orchestra.run.smithi001.stdout:/usr/bin/ceph: stderr
2024-09-19T05:12:10.749+0000 7fa783fff640 1 --2- 172.21.15.1:0/2018566033 >> [v2:172.21.15.1:6800/427915191,v1:172.21.15.1:6801/427915191] conn(0x7fa77003cad0 0x7fa77003eec0 unknown :-1 s=BANNER_CONNECTING pgs=0 cs=0 l=1 rev1=0 crypto rx=0 tx=0 comp rx=0 tx=0)._handle_peer_banner_payload supported=3 required=0
2024-09-19T05:12:11.653 INFO:teuthology.orchestra.run.smithi001.stdout:/usr/bin/ceph: stderr
2024-09-19T05:12:10.750+0000 7fa783fff640 1 --2- 172.21.15.1:0/2018566033 >> [v2:172.21.15.1:6800/427915191,v1:172.21.15.1:6801/427915191] conn(0x7fa77003cad0 0x7fa77003eec0 secure :-1 s=READY pgs=2 cs=0 l=1 rev1=1 crypto rx=0x7fa774003d00 tx=0x7fa774009290 comp rx=0 tx=0).ready entity=mgr.14150 client_cookie=0 server_cookie=0 in_seq=0 out_seq=0
2024-09-19T05:12:11.653 INFO:teuthology.orchestra.run.smithi001.stdout:/usr/bin/ceph: stderr
2024-09-19T05:12:10.750+0000 7fa781ffb640 1 -- 172.21.15.1:0/2018566033 <== mgr.14150 v2:172.21.15.1:6800/427915191 1 ==== command_reply(tid 0: 0 ) ==== 8+0+9564 (secure 0 0 0) 0x7fa784108410 con 0x7fa77003cad0
2024-09-19T05:12:11.653 INFO:teuthology.orchestra.run.smithi001.stdout:/usr/bin/ceph: stderr
2024-09-19T05:12:10.758+0000 7fa78ac7c640 1 -- 172.21.15.1:0/2018566033 --> [v2:172.21.15.1:6800/427915191,v1:172.21.15.1:6801/427915191] -- command(tid 1: {"prefix": "mgr_status"}) -- 0x7fa784075df0 con 0x7fa77003cad0
2024-09-19T05:12:11.653 INFO:teuthology.orchestra.run.smithi001.stdout:/usr/bin/ceph: stderr
2024-09-19T05:12:10.758+0000 7fa781ffb640 1 -- 172.21.15.1:0/2018566033 <== mgr.14150 v2:172.21.15.1:6800/427915191 2 ==== command_reply(tid 1: 0 ) ==== 8+0+52 (secure 0 0 0) 0x7fa784075df0 con 0x7fa77003cad0
2024-09-19T05:12:11.653 INFO:teuthology.orchestra.run.smithi001.stdout:/usr/bin/ceph: stderr
2024-09-19T05:12:10.758+0000 7fa78ac7c640 1 -- 172.21.15.1:0/2018566033 >> [v2:172.21.15.1:6800/427915191,v1:172.21.15.1:6801/427915191] conn(0x7fa77003cad0 msgr2=0x7fa77003eec0 secure :-1 s=STATE_CONNECTION_ESTABLISHED l=1).mark_down
2024-09-19T05:12:11.653 INFO:teuthology.orchestra.run.smithi001.stdout:/usr/bin/ceph: stderr
2024-09-19T05:12:10.758+0000 7fa78ac7c640 1 --2- 172.21.15.1:0/2018566033 >> [v2:172.21.15.1:6800/427915191,v1:172.21.15.1:6801/427915191] conn(0x7fa77003cad0 0x7fa77003eec0 secure :-1 s=READY pgs=2 cs=0 l=1 rev1=1 crypto rx=0x7fa774003d00 tx=0x7fa774009290 comp rx=0 tx=0).stop
2024-09-19T05:12:11.654 INFO:teuthology.orchestra.run.smithi001.stdout:/usr/bin/ceph: stderr
2024-09-19T05:12:10.758+0000 7fa78ac7c640 1 -- 172.21.15.1:0/2018566033 >> [v2:172.21.15.1:3300/0,v1:172.21.15.1:6789/0] conn(0x7fa784107fb0 msgr2=0x7fa78419b850 secure :-1 s=STATE_CONNECTION_ESTABLISHED l=1).mark_down
2024-09-19T05:12:11.654 INFO:teuthology.orchestra.run.smithi001.stdout:/usr/bin/ceph: stderr
2024-09-19T05:12:10.758+0000 7fa78ac7c640 1 --2- 172.21.15.1:0/2018566033 >> [v2:172.21.15.1:3300/0,v1:172.21.15.1:6789/0] conn(0x7fa784107fb0 0x7fa78419b850 secure :-1 s=READY pgs=60 cs=0 l=1 rev1=1 crypto rx=0x7fa76c0097f0 tx=0x7fa76c0327b0 comp rx=0 tx=0).stop
2024-09-19T05:12:11.654 INFO:teuthology.orchestra.run.smithi001.stdout:/usr/bin/ceph: stderr
2024-09-19T05:12:10.759+0000 7fa78ac7c640 1 -- 172.21.15.1:0/2018566033 shutdown_connections
2024-09-19T05:12:11.654 INFO:teuthology.orchestra.run.smithi001.stdout:/usr/bin/ceph: stderr
2024-09-19T05:12:10.759+0000 7fa78ac7c640 1 --2- 172.21.15.1:0/2018566033 >> [v2:172.21.15.1:6800/427915191,v1:172.21.15.1:6801/427915191] conn(0x7fa77003cad0 0x7fa77003eec0 unknown :-1 s=CLOSED pgs=2 cs=0 l=1 rev1=1 crypto rx=0 tx=0 comp rx=0 tx=0).stop
2024-09-19T05:12:11.654 INFO:teuthology.orchestra.run.smithi001.stdout:/usr/bin/ceph: stderr
2024-09-19T05:12:10.759+0000 7fa78ac7c640 1 --2- 172.21.15.1:0/2018566033 >> [v2:172.21.15.1:6800/2966742919,v1:172.21.15.1:6801/2966742919] conn(0x7fa770039200 0x7fa77003b6c0 unknown :-1 s=CLOSED pgs=0 cs=0 l=1 rev1=0 crypto rx=0 tx=0 comp rx=0 tx=0).stop
2024-09-19T05:12:11.654 INFO:teuthology.orchestra.run.smithi001.stdout:/usr/bin/ceph: stderr
2024-09-19T05:12:10.759+0000 7fa78ac7c640 1 --2- 172.21.15.1:0/2018566033 >> [v2:172.21.15.1:3300/0,v1:172.21.15.1:6789/0] conn(0x7fa784107fb0 0x7fa78419b850 unknown :-1 s=CLOSED pgs=60 cs=0 l=1 rev1=1 crypto rx=0 tx=0 comp rx=0 tx=0).stop
2024-09-19T05:12:11.654 INFO:teuthology.orchestra.run.smithi001.stdout:/usr/bin/ceph: stderr
2024-09-19T05:12:10.759+0000 7fa78ac7c640 1 -- 172.21.15.1:0/2018566033 >> 172.21.15.1:0/2018566033 conn(0x7fa784101b90 msgr2=0x7fa784102930 unknown :-1 s=STATE_NONE l=0).mark_down
2024-09-19T05:12:11.655 INFO:teuthology.orchestra.run.smithi001.stdout:/usr/bin/ceph: stderr
2024-09-19T05:12:10.759+0000 7fa78ac7c640 1 -- 172.21.15.1:0/2018566033 shutdown_connections
2024-09-19T05:12:11.655 INFO:teuthology.orchestra.run.smithi001.stdout:/usr/bin/ceph: stderr
2024-09-19T05:12:10.759+0000 7fa78ac7c640 1 -- 172.21.15.1:0/2018566033 wait complete.
2024-09-19T05:12:11.655 INFO:teuthology.orchestra.run.smithi001.stdout:mgr epoch 9 is available
2024-09-19T05:12:11.655 INFO:teuthology.orchestra.run.smithi001.stdout:Generating a dashboard self-signed certificate...
2024-09-19T05:12:11.912 INFO:journalctl@ceph.mon.a.smithi001.stdout:Sep 19 05:12:11 smithi001 ceph-mon[30968]: from='client.14154 -' entity='client.admin' cmd=[{"prefix": "get_command_descriptions"}]: dispatch
2024-09-19T05:12:11.912 INFO:journalctl@ceph.mon.a.smithi001.stdout:Sep 19 05:12:11 smithi001 ceph-mon[30968]: mgrmap e11: x(active, since 1.00593s)
2024-09-19T05:12:11.912 INFO:journalctl@ceph.mon.a.smithi001.stdout:Sep 19 05:12:11 smithi001 ceph-mon[30968]: from='client.14154 -' entity='client.admin' cmd=[{"prefix": "mgr_status"}]: dispatch
2024-09-19T05:12:11.912 INFO:journalctl@ceph.mon.a.smithi001.stdout:Sep 19 05:12:11 smithi001 ceph-mon[30968]: from='mgr.14150 172.21.15.1:0/3022912307' entity='mgr.x'
2024-09-19T05:12:12.841 INFO:journalctl@ceph.mgr.x.smithi001.stdout:Sep 19 05:12:12 smithi001 ceph-7ab08e8a-7645-11ef-bceb-c7b262605968-mgr-x[31193]:
2024-09-19T05:12:12.660+0000 7feb92d39640 -1 log_channel(cephadm) log [ERR] : [19/Sep/2024:05:12:12] ENGINE Error in HTTPServer.serve
2024-09-19T05:12:12.842 INFO:journalctl@ceph.mgr.x.smithi001.stdout:Sep 19 05:12:12 smithi001 ceph-7ab08e8a-7645-11ef-bceb-c7b262605968-mgr-x[31193]: Traceback (most recent call last):
2024-09-19T05:12:12.842 INFO:journalctl@ceph.mgr.x.smithi001.stdout:Sep 19 05:12:12 smithi001 ceph-7ab08e8a-7645-11ef-bceb-c7b262605968-mgr-x[31193]: File "/lib/python3.9/site-packages/cheroot/server.py", line 1823, in serve
2024-09-19T05:12:12.842 INFO:journalctl@ceph.mgr.x.smithi001.stdout:Sep 19 05:12:12 smithi001 ceph-7ab08e8a-7645-11ef-bceb-c7b262605968-mgr-x[31193]: self._connections.run(self.expiration_interval)
2024-09-19T05:12:12.842 INFO:journalctl@ceph.mgr.x.smithi001.stdout:Sep 19 05:12:12 smithi001 ceph-7ab08e8a-7645-11ef-bceb-c7b262605968-mgr-x[31193]: File "/lib/python3.9/site-packages/cheroot/connections.py", line 203, in run
2024-09-19T05:12:12.842 INFO:journalctl@ceph.mgr.x.smithi001.stdout:Sep 19 05:12:12 smithi001 ceph-7ab08e8a-7645-11ef-bceb-c7b262605968-mgr-x[31193]: self._run(expiration_interval)
2024-09-19T05:12:12.842 INFO:journalctl@ceph.mgr.x.smithi001.stdout:Sep 19 05:12:12 smithi001 ceph-7ab08e8a-7645-11ef-bceb-c7b262605968-mgr-x[31193]: File "/lib/python3.9/site-packages/cheroot/connections.py", line 246, in _run
2024-09-19T05:12:12.842 INFO:journalctl@ceph.mgr.x.smithi001.stdout:Sep 19 05:12:12 smithi001 ceph-7ab08e8a-7645-11ef-bceb-c7b262605968-mgr-x[31193]: new_conn = self._from_server_socket(self.server.socket)
2024-09-19T05:12:12.842 INFO:journalctl@ceph.mgr.x.smithi001.stdout:Sep 19 05:12:12 smithi001 ceph-7ab08e8a-7645-11ef-bceb-c7b262605968-mgr-x[31193]: File "/lib/python3.9/site-packages/cheroot/connections.py", line 300, in _from_server_socket
2024-09-19T05:12:12.842 INFO:journalctl@ceph.mgr.x.smithi001.stdout:Sep 19 05:12:12 smithi001 ceph-7ab08e8a-7645-11ef-bceb-c7b262605968-mgr-x[31193]: s, ssl_env = self.server.ssl_adapter.wrap(s)
2024-09-19T05:12:12.842 INFO:journalctl@ceph.mgr.x.smithi001.stdout:Sep 19 05:12:12 smithi001 ceph-7ab08e8a-7645-11ef-bceb-c7b262605968-mgr-x[31193]: File "/lib/python3.9/site-packages/cheroot/ssl/builtin.py", line 277, in wrap
2024-09-19T05:12:12.842 INFO:journalctl@ceph.mgr.x.smithi001.stdout:Sep 19 05:12:12 smithi001 ceph-7ab08e8a-7645-11ef-bceb-c7b262605968-mgr-x[31193]: s = self.context.wrap_socket(
2024-09-19T05:12:12.842 INFO:journalctl@ceph.mgr.x.smithi001.stdout:Sep 19 05:12:12 smithi001 ceph-7ab08e8a-7645-11ef-bceb-c7b262605968-mgr-x[31193]: File "/lib64/python3.9/ssl.py", line 501, in wrap_socket
2024-09-19T05:12:12.843 INFO:journalctl@ceph.mgr.x.smithi001.stdout:Sep 19 05:12:12 smithi001 ceph-7ab08e8a-7645-11ef-bceb-c7b262605968-mgr-x[31193]: return self.sslsocket_class._create(
2024-09-19T05:12:12.843 INFO:journalctl@ceph.mgr.x.smithi001.stdout:Sep 19 05:12:12 smithi001 ceph-7ab08e8a-7645-11ef-bceb-c7b262605968-mgr-x[31193]: File "/lib64/python3.9/ssl.py", line 1074, in _create
2024-09-19T05:12:12.843 INFO:journalctl@ceph.mgr.x.smithi001.stdout:Sep 19 05:12:12 smithi001 ceph-7ab08e8a-7645-11ef-bceb-c7b262605968-mgr-x[31193]: self.do_handshake()
2024-09-19T05:12:12.843 INFO:journalctl@ceph.mgr.x.smithi001.stdout:Sep 19 05:12:12 smithi001 ceph-7ab08e8a-7645-11ef-bceb-c7b262605968-mgr-x[31193]: File "/lib64/python3.9/ssl.py", line 1343, in do_handshake
2024-09-19T05:12:12.843 INFO:journalctl@ceph.mgr.x.smithi001.stdout:Sep 19 05:12:12 smithi001 ceph-7ab08e8a-7645-11ef-bceb-c7b262605968-mgr-x[31193]: self._sslobj.do_handshake()
2024-09-19T05:12:12.843 INFO:journalctl@ceph.mgr.x.smithi001.stdout:Sep 19 05:12:12 smithi001 ceph-7ab08e8a-7645-11ef-bceb-c7b262605968-mgr-x[31193]: ssl.SSLZeroReturnError: TLS/SSL connection has been closed (EOF) (_ssl.c:1133)
2024-09-19T05:12:12.843 INFO:journalctl@ceph.mgr.x.smithi001.stdout:Sep 19 05:12:12 smithi001 ceph-7ab08e8a-7645-11ef-bceb-c7b262605968-mgr-x[31193]:
2024-09-19T05:12:13.042 INFO:teuthology.orchestra.run.smithi001.stdout:/usr/bin/ceph: stdout Self-signed certificate created
2024-09-19T05:12:13.043 INFO:teuthology.orchestra.run.smithi001.stdout:/usr/bin/ceph: stderr
2024-09-19T05:12:12.203+0000 7fadb55b6640 1 Processor -- start
2024-09-19T05:12:13.043 INFO:teuthology.orchestra.run.smithi001.stdout:/usr/bin/ceph: stderr
2024-09-19T05:12:12.203+0000 7fadb55b6640 1 -- start start
2024-09-19T05:12:13.043 INFO:teuthology.orchestra.run.smithi001.stdout:/usr/bin/ceph: stderr
2024-09-19T05:12:12.203+0000 7fadb55b6640 1 --2- >> [v2:172.21.15.1:3300/0,v1:172.21.15.1:6789/0] conn(0x7fadb0108040 0x7fadb010a430 unknown :-1 s=NONE pgs=0 cs=0 l=0 rev1=0 crypto rx=0 tx=0 comp rx=0 tx=0).connect
2024-09-19T05:12:13.043 INFO:teuthology.orchestra.run.smithi001.stdout:/usr/bin/ceph: stderr
2024-09-19T05:12:12.203+0000 7fadb55b6640 1 -- --> [v2:172.21.15.1:3300/0,v1:172.21.15.1:6789/0] -- mon_getmap magic: 0 -- 0x7fadb007bda0 con 0x7fadb0108040
2024-09-19T05:12:13.043 INFO:teuthology.orchestra.run.smithi001.stdout:/usr/bin/ceph: stderr
2024-09-19T05:12:12.204+0000 7fadaeffd640 1 --2- >> [v2:172.21.15.1:3300/0,v1:172.21.15.1:6789/0] conn(0x7fadb0108040 0x7fadb010a430 unknown :-1 s=BANNER_CONNECTING pgs=0 cs=0 l=0 rev1=0 crypto rx=0 tx=0 comp rx=0 tx=0)._handle_peer_banner_payload supported=3 required=0
2024-09-19T05:12:13.043 INFO:teuthology.orchestra.run.smithi001.stdout:/usr/bin/ceph: stderr
2024-09-19T05:12:12.204+0000 7fadaeffd640 1 --2- >> [v2:172.21.15.1:3300/0,v1:172.21.15.1:6789/0] conn(0x7fadb0108040 0x7fadb010a430 unknown :-1 s=HELLO_CONNECTING pgs=0 cs=0 l=0 rev1=1 crypto rx=0 tx=0 comp rx=0 tx=0).handle_hello peer v2:172.21.15.1:3300/0 says I am v2:172.21.15.1:54478/0 (socket says 172.21.15.1:54478)
2024-09-19T05:12:13.043 INFO:teuthology.orchestra.run.smithi001.stdout:/usr/bin/ceph: stderr
2024-09-19T05:12:12.204+0000 7fadaeffd640 1 -- 172.21.15.1:0/2884879738 learned_addr learned my addr 172.21.15.1:0/2884879738 (peer_addr_for_me v2:172.21.15.1:0/0)
2024-09-19T05:12:13.044 INFO:teuthology.orchestra.run.smithi001.stdout:/usr/bin/ceph: stderr
2024-09-19T05:12:12.204+0000 7fadaeffd640 1 -- 172.21.15.1:0/2884879738 --> [v2:172.21.15.1:3300/0,v1:172.21.15.1:6789/0] -- mon_subscribe({config=0+,monmap=0+}) -- 0x7fadb010a970 con 0x7fadb0108040
2024-09-19T05:12:13.044 INFO:teuthology.orchestra.run.smithi001.stdout:/usr/bin/ceph: stderr
2024-09-19T05:12:12.205+0000 7fadaeffd640 1 --2- 172.21.15.1:0/2884879738 >> [v2:172.21.15.1:3300/0,v1:172.21.15.1:6789/0] conn(0x7fadb0108040 0x7fadb010a430 secure :-1 s=READY pgs=68 cs=0 l=1 rev1=1 crypto rx=0x7fada0009820 tx=0x7fada002a270 comp rx=0 tx=0).ready entity=mon.0 client_cookie=3f936f39528957a2 server_cookie=0 in_seq=0 out_seq=0
2024-09-19T05:12:13.044 INFO:teuthology.orchestra.run.smithi001.stdout:/usr/bin/ceph: stderr
2024-09-19T05:12:12.205+0000 7fadadffb640 1 -- 172.21.15.1:0/2884879738 <== mon.0 v2:172.21.15.1:3300/0 1 ==== mon_map magic: 0 ==== 205+0+0 (secure 0 0 0) 0x7fada0037070 con 0x7fadb0108040
2024-09-19T05:12:13.044 INFO:teuthology.orchestra.run.smithi001.stdout:/usr/bin/ceph: stderr
2024-09-19T05:12:12.205+0000 7fadadffb640 1 -- 172.21.15.1:0/2884879738 <== mon.0 v2:172.21.15.1:3300/0 2 ==== config(27 keys) ==== 1140+0+0 (secure 0 0 0) 0x7fada0032920 con 0x7fadb0108040
2024-09-19T05:12:13.044 INFO:teuthology.orchestra.run.smithi001.stdout:/usr/bin/ceph: stderr
2024-09-19T05:12:12.205+0000 7fadadffb640 1 -- 172.21.15.1:0/2884879738 <== mon.0 v2:172.21.15.1:3300/0 3 ==== mon_map magic: 0 ==== 205+0+0 (secure 0 0 0) 0x7fada0030810 con 0x7fadb0108040
2024-09-19T05:12:13.044 INFO:teuthology.orchestra.run.smithi001.stdout:/usr/bin/ceph: stderr
2024-09-19T05:12:12.206+0000 7fadb55b6640 1 -- 172.21.15.1:0/2884879738 >> [v2:172.21.15.1:3300/0,v1:172.21.15.1:6789/0] conn(0x7fadb0108040 msgr2=0x7fadb010a430 secure :-1 s=STATE_CONNECTION_ESTABLISHED l=1).mark_down
2024-09-19T05:12:13.044 INFO:teuthology.orchestra.run.smithi001.stdout:/usr/bin/ceph: stderr
2024-09-19T05:12:12.206+0000 7fadb55b6640 1 --2- 172.21.15.1:0/2884879738 >> [v2:172.21.15.1:3300/0,v1:172.21.15.1:6789/0] conn(0x7fadb0108040 0x7fadb010a430 secure :-1 s=READY pgs=68 cs=0 l=1 rev1=1 crypto rx=0x7fada0009820 tx=0x7fada002a270 comp rx=0 tx=0).stop
2024-09-19T05:12:13.044 INFO:teuthology.orchestra.run.smithi001.stdout:/usr/bin/ceph: stderr
2024-09-19T05:12:12.206+0000 7fadb55b6640 1 -- 172.21.15.1:0/2884879738 shutdown_connections
2024-09-19T05:12:13.044 INFO:teuthology.orchestra.run.smithi001.stdout:/usr/bin/ceph: stderr
2024-09-19T05:12:12.206+0000 7fadb55b6640 1 --2- 172.21.15.1:0/2884879738 >> [v2:172.21.15.1:3300/0,v1:172.21.15.1:6789/0] conn(0x7fadb0108040 0x7fadb010a430 unknown :-1 s=CLOSED pgs=68 cs=0 l=1 rev1=1 crypto rx=0 tx=0 comp rx=0 tx=0).stop
2024-09-19T05:12:13.044 INFO:teuthology.orchestra.run.smithi001.stdout:/usr/bin/ceph: stderr
2024-09-19T05:12:12.206+0000 7fadb55b6640 1 -- 172.21.15.1:0/2884879738 >> 172.21.15.1:0/2884879738 conn(0x7fadb0101b80 msgr2=0x7fadb0103fe0 unknown :-1 s=STATE_NONE l=0).mark_down
2024-09-19T05:12:13.045 INFO:teuthology.orchestra.run.smithi001.stdout:/usr/bin/ceph: stderr
2024-09-19T05:12:12.206+0000 7fadb55b6640 1 -- 172.21.15.1:0/2884879738 shutdown_connections
2024-09-19T05:12:13.045 INFO:teuthology.orchestra.run.smithi001.stdout:/usr/bin/ceph: stderr
2024-09-19T05:12:12.206+0000 7fadb55b6640 1 -- 172.21.15.1:0/2884879738 wait complete.
2024-09-19T05:12:13.045 INFO:teuthology.orchestra.run.smithi001.stdout:/usr/bin/ceph: stderr
2024-09-19T05:12:12.207+0000 7fadb55b6640 1 Processor -- start
2024-09-19T05:12:13.045 INFO:teuthology.orchestra.run.smithi001.stdout:/usr/bin/ceph: stderr
2024-09-19T05:12:12.207+0000 7fadb55b6640 1 -- start start
2024-09-19T05:12:13.045 INFO:teuthology.orchestra.run.smithi001.stdout:/usr/bin/ceph: stderr
2024-09-19T05:12:12.207+0000 7fadb55b6640 1 --2- >> [v2:172.21.15.1:3300/0,v1:172.21.15.1:6789/0] conn(0x7fadb0108040 0x7fadb019b840 unknown :-1 s=NONE pgs=0 cs=0 l=1 rev1=0 crypto rx=0 tx=0 comp rx=0 tx=0).connect
2024-09-19T05:12:13.045 INFO:teuthology.orchestra.run.smithi001.stdout:/usr/bin/ceph: stderr
2024-09-19T05:12:12.207+0000 7fadb55b6640 1 -- --> [v2:172.21.15.1:3300/0,v1:172.21.15.1:6789/0] -- mon_getmap magic: 0 -- 0x7fadb010b990 con 0x7fadb0108040
2024-09-19T05:12:13.048 INFO:teuthology.orchestra.run.smithi001.stdout:/usr/bin/ceph: stderr
2024-09-19T05:12:12.207+0000 7fadaeffd640 1 --2- >> [v2:172.21.15.1:3300/0,v1:172.21.15.1:6789/0] conn(0x7fadb0108040 0x7fadb019b840 unknown :-1 s=BANNER_CONNECTING pgs=0 cs=0 l=1 rev1=0 crypto rx=0 tx=0 comp rx=0 tx=0)._handle_peer_banner_payload supported=3 required=0
2024-09-19T05:12:13.048 INFO:teuthology.orchestra.run.smithi001.stdout:/usr/bin/ceph: stderr
2024-09-19T05:12:12.207+0000 7fadaeffd640 1 --2- >> [v2:172.21.15.1:3300/0,v1:172.21.15.1:6789/0] conn(0x7fadb0108040 0x7fadb019b840 unknown :-1 s=HELLO_CONNECTING pgs=0 cs=0 l=1 rev1=1 crypto rx=0 tx=0 comp rx=0 tx=0).handle_hello peer v2:172.21.15.1:3300/0 says I am v2:172.21.15.1:54488/0 (socket says 172.21.15.1:54488)
2024-09-19T05:12:13.048 INFO:teuthology.orchestra.run.smithi001.stdout:/usr/bin/ceph: stderr
2024-09-19T05:12:12.207+0000 7fadaeffd640 1 -- 172.21.15.1:0/3942195628 learned_addr learned my addr 172.21.15.1:0/3942195628 (peer_addr_for_me v2:172.21.15.1:0/0)
2024-09-19T05:12:13.048 INFO:teuthology.orchestra.run.smithi001.stdout:/usr/bin/ceph: stderr
2024-09-19T05:12:12.207+0000 7fadaeffd640 1 -- 172.21.15.1:0/3942195628 --> [v2:172.21.15.1:3300/0,v1:172.21.15.1:6789/0] -- mon_subscribe({config=0+,monmap=0+}) -- 0x7fadb019bd80 con 0x7fadb0108040
2024-09-19T05:12:13.048 INFO:teuthology.orchestra.run.smithi001.stdout:/usr/bin/ceph: stderr
2024-09-19T05:12:12.208+0000 7fadaeffd640 1 --2- 172.21.15.1:0/3942195628 >> [v2:172.21.15.1:3300/0,v1:172.21.15.1:6789/0] conn(0x7fadb0108040 0x7fadb019b840 secure :-1 s=READY pgs=69 cs=0 l=1 rev1=1 crypto rx=0x7fada0030380 tx=0x7fada0032670 comp rx=0 tx=0).ready entity=mon.0 client_cookie=0 server_cookie=0 in_seq=0 out_seq=0
2024-09-19T05:12:13.048 INFO:teuthology.orchestra.run.smithi001.stdout:/usr/bin/ceph: stderr
2024-09-19T05:12:12.208+0000 7fad97fff640 1 -- 172.21.15.1:0/3942195628 <== mon.0 v2:172.21.15.1:3300/0 1 ==== mon_map magic: 0 ==== 205+0+0 (secure 0 0 0) 0x7fada0037040 con 0x7fadb0108040
2024-09-19T05:12:13.048 INFO:teuthology.orchestra.run.smithi001.stdout:/usr/bin/ceph: stderr
2024-09-19T05:12:12.208+0000 7fad97fff640 1 -- 172.21.15.1:0/3942195628 <== mon.0 v2:172.21.15.1:3300/0 2 ==== config(27 keys) ==== 1140+0+0 (secure 0 0 0) 0x7fada0040070 con 0x7fadb0108040
2024-09-19T05:12:13.048 INFO:teuthology.orchestra.run.smithi001.stdout:/usr/bin/ceph: stderr
2024-09-19T05:12:12.208+0000 7fadb55b6640 1 -- 172.21.15.1:0/3942195628 --> [v2:172.21.15.1:3300/0,v1:172.21.15.1:6789/0] -- mon_subscribe({mgrmap=0+}) -- 0x7fadb019c010 con 0x7fadb0108040
2024-09-19T05:12:13.048 INFO:teuthology.orchestra.run.smithi001.stdout:/usr/bin/ceph: stderr
2024-09-19T05:12:12.208+0000 7fad97fff640 1 -- 172.21.15.1:0/3942195628 <== mon.0 v2:172.21.15.1:3300/0 3 ==== mon_map magic: 0 ==== 205+0+0 (secure 0 0 0) 0x7fada003a7b0 con 0x7fadb0108040
2024-09-19T05:12:13.048 INFO:teuthology.orchestra.run.smithi001.stdout:/usr/bin/ceph: stderr
2024-09-19T05:12:12.208+0000 7fadb55b6640 1 -- 172.21.15.1:0/3942195628 --> [v2:172.21.15.1:3300/0,v1:172.21.15.1:6789/0] -- mon_subscribe({osdmap=0}) -- 0x7fadb019ed00 con 0x7fadb0108040
2024-09-19T05:12:13.049 INFO:teuthology.orchestra.run.smithi001.stdout:/usr/bin/ceph: stderr
2024-09-19T05:12:12.209+0000 7fad97fff640 1 -- 172.21.15.1:0/3942195628 <== mon.0 v2:172.21.15.1:3300/0 4 ==== mgrmap(e 12) ==== 46474+0+0 (secure 0 0 0) 0x7fada003a9e0 con 0x7fadb0108040
2024-09-19T05:12:13.049 INFO:teuthology.orchestra.run.smithi001.stdout:/usr/bin/ceph: stderr
2024-09-19T05:12:12.209+0000 7fadb55b6640 1 -- 172.21.15.1:0/3942195628 --> [v2:172.21.15.1:3300/0,v1:172.21.15.1:6789/0] -- mon_command({"prefix": "get_command_descriptions"} v 0) -- 0x7fadb01084a0 con 0x7fadb0108040
2024-09-19T05:12:13.049 INFO:teuthology.orchestra.run.smithi001.stdout:/usr/bin/ceph: stderr
2024-09-19T05:12:12.209+0000 7fad97fff640 1 --2- 172.21.15.1:0/3942195628 >> [v2:172.21.15.1:6800/427915191,v1:172.21.15.1:6801/427915191] conn(0x7fad98039260 0x7fad9803b720 unknown :-1 s=NONE pgs=0 cs=0 l=1 rev1=0 crypto rx=0 tx=0 comp rx=0 tx=0).connect
2024-09-19T05:12:13.049 INFO:teuthology.orchestra.run.smithi001.stdout:/usr/bin/ceph: stderr
2024-09-19T05:12:12.209+0000 7fad97fff640 1 -- 172.21.15.1:0/3942195628 <== mon.0 v2:172.21.15.1:3300/0 5 ==== osd_map(3..3 src has 1..3) ==== 1155+0+0 (secure 0 0 0) 0x7fada006ca10 con 0x7fadb0108040
2024-09-19T05:12:13.049 INFO:teuthology.orchestra.run.smithi001.stdout:/usr/bin/ceph: stderr
2024-09-19T05:12:12.209+0000 7fadae7fc640 1 --2- 172.21.15.1:0/3942195628 >> [v2:172.21.15.1:6800/427915191,v1:172.21.15.1:6801/427915191] conn(0x7fad98039260 0x7fad9803b720 unknown :-1 s=BANNER_CONNECTING pgs=0 cs=0 l=1 rev1=0 crypto rx=0 tx=0 comp rx=0 tx=0)._handle_peer_banner_payload supported=3 required=0
2024-09-19T05:12:13.049 INFO:teuthology.orchestra.run.smithi001.stdout:/usr/bin/ceph: stderr
2024-09-19T05:12:12.210+0000 7fadae7fc640 1 --2- 172.21.15.1:0/3942195628 >> [v2:172.21.15.1:6800/427915191,v1:172.21.15.1:6801/427915191] conn(0x7fad98039260 0x7fad9803b720 secure :-1 s=READY pgs=7 cs=0 l=1 rev1=1 crypto rx=0x7fada40098c0 tx=0x7fada4006db0 comp rx=0 tx=0).ready entity=mgr.14150 client_cookie=0 server_cookie=0 in_seq=0 out_seq=0
2024-09-19T05:12:13.049 INFO:teuthology.orchestra.run.smithi001.stdout:/usr/bin/ceph: stderr
2024-09-19T05:12:12.214+0000 7fad97fff640 1 -- 172.21.15.1:0/3942195628 <== mon.0 v2:172.21.15.1:3300/0 6 ==== mon_command_ack([{"prefix": "get_command_descriptions"}]=0 v0) ==== 72+0+188913 (secure 0 0 0) 0x7fada0044c70 con 0x7fadb0108040
2024-09-19T05:12:13.049 INFO:teuthology.orchestra.run.smithi001.stdout:/usr/bin/ceph: stderr
2024-09-19T05:12:12.396+0000 7fadb55b6640 1 -- 172.21.15.1:0/3942195628 --> [v2:172.21.15.1:6800/427915191,v1:172.21.15.1:6801/427915191] -- mgr_command(tid 0: {"prefix": "dashboard create-self-signed-cert", "target": ["mon-mgr", ""]}) -- 0x7fadb0062630 con 0x7fad98039260
2024-09-19T05:12:13.049 INFO:teuthology.orchestra.run.smithi001.stdout:/usr/bin/ceph: stderr
2024-09-19T05:12:12.484+0000 7fad97fff640 1 -- 172.21.15.1:0/3942195628 <== mgr.14150 v2:172.21.15.1:6800/427915191 1 ==== mgr_command_reply(tid 0: 0 ) ==== 8+0+32 (secure 0 0 0) 0x7fadb0062630 con 0x7fad98039260
2024-09-19T05:12:13.049 INFO:teuthology.orchestra.run.smithi001.stdout:/usr/bin/ceph: stderr
2024-09-19T05:12:12.487+0000 7fadb55b6640 1 -- 172.21.15.1:0/3942195628 >> [v2:172.21.15.1:6800/427915191,v1:172.21.15.1:6801/427915191] conn(0x7fad98039260 msgr2=0x7fad9803b720 secure :-1 s=STATE_CONNECTION_ESTABLISHED l=1).mark_down
2024-09-19T05:12:13.049 INFO:teuthology.orchestra.run.smithi001.stdout:/usr/bin/ceph: stderr
2024-09-19T05:12:12.487+0000 7fadb55b6640 1 --2- 172.21.15.1:0/3942195628 >> [v2:172.21.15.1:6800/427915191,v1:172.21.15.1:6801/427915191] conn(0x7fad98039260 0x7fad9803b720 secure :-1 s=READY pgs=7 cs=0 l=1 rev1=1 crypto rx=0x7fada40098c0 tx=0x7fada4006db0 comp rx=0 tx=0).stop
2024-09-19T05:12:13.049 INFO:teuthology.orchestra.run.smithi001.stdout:/usr/bin/ceph: stderr
2024-09-19T05:12:12.487+0000 7fadb55b6640 1 -- 172.21.15.1:0/3942195628 >> [v2:172.21.15.1:3300/0,v1:172.21.15.1:6789/0] conn(0x7fadb0108040 msgr2=0x7fadb019b840 secure :-1 s=STATE_CONNECTION_ESTABLISHED l=1).mark_down
2024-09-19T05:12:13.049 INFO:teuthology.orchestra.run.smithi001.stdout:/usr/bin/ceph: stderr
2024-09-19T05:12:12.487+0000 7fadb55b6640 1 --2- 172.21.15.1:0/3942195628 >> [v2:172.21.15.1:3300/0,v1:172.21.15.1:6789/0] conn(0x7fadb0108040 0x7fadb019b840 secure :-1 s=READY pgs=69 cs=0 l=1 rev1=1 crypto rx=0x7fada0030380 tx=0x7fada0032670 comp rx=0 tx=0).stop
2024-09-19T05:12:13.050 INFO:teuthology.orchestra.run.smithi001.stdout:/usr/bin/ceph: stderr
2024-09-19T05:12:12.487+0000 7fadb55b6640 1 -- 172.21.15.1:0/3942195628 shutdown_connections
2024-09-19T05:12:13.050 INFO:teuthology.orchestra.run.smithi001.stdout:/usr/bin/ceph: stderr
2024-09-19T05:12:12.487+0000 7fadb55b6640 1 --2- 172.21.15.1:0/3942195628 >> [v2:172.21.15.1:6800/427915191,v1:172.21.15.1:6801/427915191] conn(0x7fad98039260 0x7fad9803b720 unknown :-1 s=CLOSED pgs=7 cs=0 l=1 rev1=1 crypto rx=0 tx=0 comp rx=0 tx=0).stop
2024-09-19T05:12:13.050 INFO:teuthology.orchestra.run.smithi001.stdout:/usr/bin/ceph: stderr
2024-09-19T05:12:12.487+0000 7fadb55b6640 1 --2- 172.21.15.1:0/3942195628 >> [v2:172.21.15.1:3300/0,v1:172.21.15.1:6789/0] conn(0x7fadb0108040 0x7fadb019b840 unknown :-1 s=CLOSED pgs=69 cs=0 l=1 rev1=1 crypto rx=0 tx=0 comp rx=0 tx=0).stop
2024-09-19T05:12:13.050 INFO:teuthology.orchestra.run.smithi001.stdout:/usr/bin/ceph: stderr
2024-09-19T05:12:12.487+0000 7fadb55b6640 1 -- 172.21.15.1:0/3942195628 >> 172.21.15.1:0/3942195628 conn(0x7fadb0101b80 msgr2=0x7fadb0102930 unknown :-1 s=STATE_NONE l=0).mark_down
2024-09-19T05:12:13.050 INFO:teuthology.orchestra.run.smithi001.stdout:/usr/bin/ceph: stderr
2024-09-19T05:12:12.488+0000 7fadb55b6640 1 -- 172.21.15.1:0/3942195628 shutdown_connections
2024-09-19T05:12:13.050 INFO:teuthology.orchestra.run.smithi001.stdout:/usr/bin/ceph: stderr
2024-09-19T05:12:12.488+0000 7fadb55b6640 1 -- 172.21.15.1:0/3942195628 wait complete.
2024-09-19T05:12:13.050 INFO:teuthology.orchestra.run.smithi001.stdout:Creating initial admin user...
2024-09-19T05:12:13.166 INFO:journalctl@ceph.mon.a.smithi001.stdout:Sep 19 05:12:13 smithi001 ceph-mon[30968]: mgrmap e12: x(active, since 2s)
2024-09-19T05:12:13.166 INFO:journalctl@ceph.mon.a.smithi001.stdout:Sep 19 05:12:13 smithi001 ceph-mon[30968]: from='mgr.14150 172.21.15.1:0/3022912307' entity='mgr.x'
2024-09-19T05:12:13.166 INFO:journalctl@ceph.mon.a.smithi001.stdout:Sep 19 05:12:13 smithi001 ceph-mon[30968]: [19/Sep/2024:05:12:12] ENGINE Bus STARTING
2024-09-19T05:12:13.166 INFO:journalctl@ceph.mon.a.smithi001.stdout:Sep 19 05:12:13 smithi001 ceph-mon[30968]: from='mgr.14150 172.21.15.1:0/3022912307' entity='mgr.x'
2024-09-19T05:12:13.166 INFO:journalctl@ceph.mon.a.smithi001.stdout:Sep 19 05:12:13 smithi001 ceph-mon[30968]: from='mgr.14150 172.21.15.1:0/3022912307' entity='mgr.x'
2024-09-19T05:12:13.166 INFO:journalctl@ceph.mon.a.smithi001.stdout:Sep 19 05:12:13 smithi001 ceph-mon[30968]: [19/Sep/2024:05:12:12] ENGINE Serving on http://172.21.15.1:8765
2024-09-19T05:12:13.166 INFO:journalctl@ceph.mon.a.smithi001.stdout:Sep 19 05:12:13 smithi001 ceph-mon[30968]: [19/Sep/2024:05:12:12] ENGINE Serving on https://172.21.15.1:7150
2024-09-19T05:12:13.166 INFO:journalctl@ceph.mon.a.smithi001.stdout:Sep 19 05:12:13 smithi001 ceph-mon[30968]: [19/Sep/2024:05:12:12] ENGINE Bus STARTED
2024-09-19T05:12:13.166 INFO:journalctl@ceph.mon.a.smithi001.stdout:Sep 19 05:12:13 smithi001 ceph-mon[30968]: [19/Sep/2024:05:12:12] ENGINE Error in HTTPServer.serve
2024-09-19T05:12:13.167 INFO:journalctl@ceph.mon.a.smithi001.stdout: Traceback (most recent call last):
2024-09-19T05:12:13.167 INFO:journalctl@ceph.mon.a.smithi001.stdout: File "/lib/python3.9/site-packages/cheroot/server.py", line 1823, in serve
2024-09-19T05:12:13.167 INFO:journalctl@ceph.mon.a.smithi001.stdout: self._connections.run(self.expiration_interval)
2024-09-19T05:12:13.167 INFO:journalctl@ceph.mon.a.smithi001.stdout: File "/lib/python3.9/site-packages/cheroot/connections.py", line 203, in run
2024-09-19T05:12:13.167 INFO:journalctl@ceph.mon.a.smithi001.stdout: self._run(expiration_interval)
2024-09-19T05:12:13.167 INFO:journalctl@ceph.mon.a.smithi001.stdout: File "/lib/python3.9/site-packages/cheroot/connections.py", line 246, in _run
2024-09-19T05:12:13.167 INFO:journalctl@ceph.mon.a.smithi001.stdout: new_conn = self._from_server_socket(self.server.socket)
2024-09-19T05:12:13.167 INFO:journalctl@ceph.mon.a.smithi001.stdout: File "/lib/python3.9/site-packages/cheroot/connections.py", line 300, in _from_server_socket
2024-09-19T05:12:13.167 INFO:journalctl@ceph.mon.a.smithi001.stdout: s, ssl_env = self.server.ssl_adapter.wrap(s)
2024-09-19T05:12:13.167 INFO:journalctl@ceph.mon.a.smithi001.stdout: File "/lib/python3.9/site-packages/cheroot/ssl/builtin.py", line 277, in wrap
2024-09-19T05:12:13.167 INFO:journalctl@ceph.mon.a.smithi001.stdout: s = self.context.wrap_socket(
2024-09-19T05:12:13.167 INFO:journalctl@ceph.mon.a.smithi001.stdout: File "/lib64/python3.9/ssl.py", line 501, in wrap_socket
2024-09-19T05:12:13.167 INFO:journalctl@ceph.mon.a.smithi001.stdout: return self.sslsocket_class._create(
2024-09-19T05:12:13.168 INFO:journalctl@ceph.mon.a.smithi001.stdout: File "/lib64/python3.9/ssl.py", line 1074, in _create
2024-09-19T05:12:13.168 INFO:journalctl@ceph.mon.a.smithi001.stdout: self.do_handshake()
2024-09-19T05:12:13.168 INFO:journalctl@ceph.mon.a.smithi001.stdout: File "/lib64/python3.9/ssl.py", line 1343, in do_handshake
2024-09-19T05:12:13.168 INFO:journalctl@ceph.mon.a.smithi001.stdout: self._sslobj.do_handshake()
2024-09-19T05:12:13.168 INFO:journalctl@ceph.mon.a.smithi001.stdout: ssl.SSLZeroReturnError: TLS/SSL connection has been closed (EOF) (_ssl.c:1133)
2024-09-19T05:12:15.158 INFO:teuthology.orchestra.run.smithi001.stdout:/usr/bin/ceph: stdout {"username": "admin", "password": "$2b$12$n4qmnyQTtBVGeLxf8bd2G.GC4ymrntxcurExtn62T97os1bo.cA9u", "roles": ["administrator"], "name": null, "email": null, "lastUpdate": 1726722734, "enabled": true, "pwdExpirationDate": null, "pwdUpdateRequired": true}
2024-09-19T05:12:15.158 INFO:teuthology.orchestra.run.smithi001.stdout:/usr/bin/ceph: stderr
