2024-09-19T05:25:53.374 INFO:teuthology.orchestra.run.smithi012.stdout:/usr/bin/ceph: stderr
2024-09-19T05:25:52.541+0000 7f793dac0640 1 -- 172.21.15.12:0/983971876 --> [v2:172.21.15.12:3300/0,v1:172.21.15.12:6789/0] -- mon_subscribe({mgrmap=0+}) -- 0x7f793819bdc0 con 0x7f7938108160
2024-09-19T05:25:53.374 INFO:teuthology.orchestra.run.smithi012.stdout:/usr/bin/ceph: stderr
2024-09-19T05:25:52.541+0000 7f793dac0640 1 -- 172.21.15.12:0/983971876 --> [v2:172.21.15.12:3300/0,v1:172.21.15.12:6789/0] -- mon_subscribe({osdmap=0}) -- 0x7f793819eab0 con 0x7f7938108160
2024-09-19T05:25:53.375 INFO:teuthology.orchestra.run.smithi012.stdout:/usr/bin/ceph: stderr
2024-09-19T05:25:52.542+0000 7f7934ff9640 1 -- 172.21.15.12:0/983971876 <== mon.0 v2:172.21.15.12:3300/0 4 ==== mgrmap(e 5) ==== 46461+0+0 (secure 0 0 0) 0x7f792803b5a0 con 0x7f7938108160
2024-09-19T05:25:53.375 INFO:teuthology.orchestra.run.smithi012.stdout:/usr/bin/ceph: stderr
2024-09-19T05:25:52.542+0000 7f793dac0640 1 -- 172.21.15.12:0/983971876 --> [v2:172.21.15.12:3300/0,v1:172.21.15.12:6789/0] -- mon_command({"prefix": "get_command_descriptions"} v 0) -- 0x7f79381085c0 con 0x7f7938108160
2024-09-19T05:25:53.375 INFO:teuthology.orchestra.run.smithi012.stdout:/usr/bin/ceph: stderr
2024-09-19T05:25:52.542+0000 7f7934ff9640 1 --2- 172.21.15.12:0/983971876 >> [v2:172.21.15.12:6800/2205968922,v1:172.21.15.12:6801/2205968922] conn(0x7f7920039200 0x7f792003b6c0 unknown :-1 s=NONE pgs=0 cs=0 l=1 rev1=0 crypto rx=0 tx=0 comp rx=0 tx=0).connect
2024-09-19T05:25:53.375 INFO:teuthology.orchestra.run.smithi012.stdout:/usr/bin/ceph: stderr
2024-09-19T05:25:52.542+0000 7f7934ff9640 1 -- 172.21.15.12:0/983971876 <== mon.0 v2:172.21.15.12:3300/0 5 ==== osd_map(1..1 src has 1..1) ==== 725+0+0 (secure 0 0 0) 0x7f792806c410 con 0x7f7938108160
2024-09-19T05:25:53.375 INFO:teuthology.orchestra.run.smithi012.stdout:/usr/bin/ceph: stderr
2024-09-19T05:25:52.542+0000 7f7936ffd640 1 -- 172.21.15.12:0/983971876 >> [v2:172.21.15.12:6800/2205968922,v1:172.21.15.12:6801/2205968922] conn(0x7f7920039200 msgr2=0x7f792003b6c0 unknown :-1 s=STATE_CONNECTING_RE l=1).process reconnect failed to v2:172.21.15.12:6800/2205968922
2024-09-19T05:25:53.375 INFO:teuthology.orchestra.run.smithi012.stdout:/usr/bin/ceph: stderr
2024-09-19T05:25:52.542+0000 7f7936ffd640 1 --2- 172.21.15.12:0/983971876 >> [v2:172.21.15.12:6800/2205968922,v1:172.21.15.12:6801/2205968922] conn(0x7f7920039200 0x7f792003b6c0 unknown :-1 s=START_CONNECT pgs=0 cs=0 l=1 rev1=0 crypto rx=0 tx=0 comp rx=0 tx=0)._fault waiting 0.200000
2024-09-19T05:25:53.375 INFO:teuthology.orchestra.run.smithi012.stdout:/usr/bin/ceph: stderr
2024-09-19T05:25:52.547+0000 7f7934ff9640 1 -- 172.21.15.12:0/983971876 <== mon.0 v2:172.21.15.12:3300/0 6 ==== mon_command_ack([{"prefix": "get_command_descriptions"}]=0 v0) ==== 72+0+188913 (secure 0 0 0) 0x7f792806be30 con 0x7f7938108160
2024-09-19T05:25:53.375 INFO:teuthology.orchestra.run.smithi012.stdout:/usr/bin/ceph: stderr
2024-09-19T05:25:52.743+0000 7f7936ffd640 1 -- 172.21.15.12:0/983971876 >> [v2:172.21.15.12:6800/2205968922,v1:172.21.15.12:6801/2205968922] conn(0x7f7920039200 msgr2=0x7f792003b6c0 unknown :-1 s=STATE_CONNECTING_RE l=1).process reconnect failed to v2:172.21.15.12:6800/2205968922
2024-09-19T05:25:53.375 INFO:teuthology.orchestra.run.smithi012.stdout:/usr/bin/ceph: stderr
2024-09-19T05:25:52.743+0000 7f7936ffd640 1 --2- 172.21.15.12:0/983971876 >> [v2:172.21.15.12:6800/2205968922,v1:172.21.15.12:6801/2205968922] conn(0x7f7920039200 0x7f792003b6c0 unknown :-1 s=START_CONNECT pgs=0 cs=0 l=1 rev1=0 crypto rx=0 tx=0 comp rx=0 tx=0)._fault waiting 0.400000
2024-09-19T05:25:53.375 INFO:teuthology.orchestra.run.smithi012.stdout:/usr/bin/ceph: stderr
2024-09-19T05:25:52.774+0000 7f793dac0640 1 -- 172.21.15.12:0/983971876 --> [v2:172.21.15.12:3300/0,v1:172.21.15.12:6789/0] -- mon_command({"prefix": "mgr stat"} v 0) -- 0x7f793819f130 con 0x7f7938108160
2024-09-19T05:25:53.375 INFO:teuthology.orchestra.run.smithi012.stdout:/usr/bin/ceph: stderr
2024-09-19T05:25:52.775+0000 7f7934ff9640 1 -- 172.21.15.12:0/983971876 <== mon.0 v2:172.21.15.12:3300/0 7 ==== mon_command_ack([{"prefix": "mgr stat"}]=0 v5) ==== 56+0+88 (secure 0 0 0) 0x7f79280328d0 con 0x7f7938108160
2024-09-19T05:25:53.375 INFO:teuthology.orchestra.run.smithi012.stdout:/usr/bin/ceph: stderr
2024-09-19T05:25:52.777+0000 7f793dac0640 1 -- 172.21.15.12:0/983971876 >> [v2:172.21.15.12:6800/2205968922,v1:172.21.15.12:6801/2205968922] conn(0x7f7920039200 msgr2=0x7f792003b6c0 unknown :-1 s=STATE_CONNECTING l=1).mark_down
2024-09-19T05:25:53.376 INFO:teuthology.orchestra.run.smithi012.stdout:/usr/bin/ceph: stderr
2024-09-19T05:25:52.777+0000 7f793dac0640 1 --2- 172.21.15.12:0/983971876 >> [v2:172.21.15.12:6800/2205968922,v1:172.21.15.12:6801/2205968922] conn(0x7f7920039200 0x7f792003b6c0 unknown :-1 s=START_CONNECT pgs=0 cs=0 l=1 rev1=0 crypto rx=0 tx=0 comp rx=0 tx=0).stop
2024-09-19T05:25:53.376 INFO:teuthology.orchestra.run.smithi012.stdout:/usr/bin/ceph: stderr
2024-09-19T05:25:52.777+0000 7f793dac0640 1 -- 172.21.15.12:0/983971876 >> [v2:172.21.15.12:3300/0,v1:172.21.15.12:6789/0] conn(0x7f7938108160 msgr2=0x7f793819b5f0 secure :-1 s=STATE_CONNECTION_ESTABLISHED l=1).mark_down
2024-09-19T05:25:53.376 INFO:teuthology.orchestra.run.smithi012.stdout:/usr/bin/ceph: stderr
2024-09-19T05:25:52.777+0000 7f793dac0640 1 --2- 172.21.15.12:0/983971876 >> [v2:172.21.15.12:3300/0,v1:172.21.15.12:6789/0] conn(0x7f7938108160 0x7f793819b5f0 secure :-1 s=READY pgs=25 cs=0 l=1 rev1=1 crypto rx=0x7f79280097f0 tx=0x7f7928030d00 comp rx=0 tx=0).stop
2024-09-19T05:25:53.376 INFO:teuthology.orchestra.run.smithi012.stdout:/usr/bin/ceph: stderr
2024-09-19T05:25:52.777+0000 7f793dac0640 1 -- 172.21.15.12:0/983971876 shutdown_connections
2024-09-19T05:25:53.376 INFO:teuthology.orchestra.run.smithi012.stdout:/usr/bin/ceph: stderr
2024-09-19T05:25:52.777+0000 7f793dac0640 1 --2- 172.21.15.12:0/983971876 >> [v2:172.21.15.12:6800/2205968922,v1:172.21.15.12:6801/2205968922] conn(0x7f7920039200 0x7f792003b6c0 unknown :-1 s=CLOSED pgs=0 cs=0 l=1 rev1=0 crypto rx=0 tx=0 comp rx=0 tx=0).stop
2024-09-19T05:25:53.376 INFO:teuthology.orchestra.run.smithi012.stdout:/usr/bin/ceph: stderr
2024-09-19T05:25:52.777+0000 7f793dac0640 1 --2- 172.21.15.12:0/983971876 >> [v2:172.21.15.12:3300/0,v1:172.21.15.12:6789/0] conn(0x7f7938108160 0x7f793819b5f0 unknown :-1 s=CLOSED pgs=25 cs=0 l=1 rev1=1 crypto rx=0 tx=0 comp rx=0 tx=0).stop
2024-09-19T05:25:53.376 INFO:teuthology.orchestra.run.smithi012.stdout:/usr/bin/ceph: stderr
2024-09-19T05:25:52.777+0000 7f793dac0640 1 -- 172.21.15.12:0/983971876 >> 172.21.15.12:0/983971876 conn(0x7f7938101d80 msgr2=0x7f7938102950 unknown :-1 s=STATE_NONE l=0).mark_down
2024-09-19T05:25:53.376 INFO:teuthology.orchestra.run.smithi012.stdout:/usr/bin/ceph: stderr
2024-09-19T05:25:52.777+0000 7f793dac0640 1 -- 172.21.15.12:0/983971876 shutdown_connections
2024-09-19T05:25:53.376 INFO:teuthology.orchestra.run.smithi012.stdout:/usr/bin/ceph: stderr
2024-09-19T05:25:52.777+0000 7f793dac0640 1 -- 172.21.15.12:0/983971876 wait complete.
2024-09-19T05:25:53.376 INFO:teuthology.orchestra.run.smithi012.stdout:Waiting for the mgr to restart...
2024-09-19T05:25:53.376 INFO:teuthology.orchestra.run.smithi012.stdout:Waiting for mgr epoch 5...
2024-09-19T05:25:53.921 INFO:journalctl@ceph.mon.a.smithi012.stdout:Sep 19 05:25:53 smithi012 ceph-mon[30963]: from='client.? 172.21.15.12:0/983971876' entity='client.admin' cmd=[{"prefix": "mgr stat"}]: dispatch
2024-09-19T05:25:54.321 INFO:journalctl@ceph.mgr.x.smithi012.stdout:Sep 19 05:25:53 smithi012 ceph-771bc24c-7647-11ef-bceb-c7b262605968-mgr-x[31189]:
2024-09-19T05:25:53.936+0000 7f4214297040 -1 mgr[py] Module telemetry has missing NOTIFY_TYPES member
2024-09-19T05:25:54.321 INFO:journalctl@ceph.mgr.x.smithi012.stdout:Sep 19 05:25:54 smithi012 ceph-771bc24c-7647-11ef-bceb-c7b262605968-mgr-x[31189]:
2024-09-19T05:25:54.006+0000 7f4214297040 -1 mgr[py] Module balancer has missing NOTIFY_TYPES member
2024-09-19T05:25:55.024 INFO:journalctl@ceph.mgr.x.smithi012.stdout:Sep 19 05:25:54 smithi012 ceph-771bc24c-7647-11ef-bceb-c7b262605968-mgr-x[31189]:
2024-09-19T05:25:54.751+0000 7f4214297040 -1 mgr[py] Module rook has missing NOTIFY_TYPES member
2024-09-19T05:25:55.025 INFO:journalctl@ceph.mgr.x.smithi012.stdout:Sep 19 05:25:54 smithi012 ceph-771bc24c-7647-11ef-bceb-c7b262605968-mgr-x[31189]:
2024-09-19T05:25:54.873+0000 7f4214297040 -1 mgr[py] Module iostat has missing NOTIFY_TYPES member
2024-09-19T05:25:55.317 INFO:journalctl@ceph.mgr.x.smithi012.stdout:Sep 19 05:25:55 smithi012 ceph-771bc24c-7647-11ef-bceb-c7b262605968-mgr-x[31189]:
2024-09-19T05:25:55.022+0000 7f4214297040 -1 mgr[py] Module orchestrator has missing NOTIFY_TYPES member
2024-09-19T05:25:55.317 INFO:journalctl@ceph.mgr.x.smithi012.stdout:Sep 19 05:25:55 smithi012 ceph-771bc24c-7647-11ef-bceb-c7b262605968-mgr-x[31189]:
2024-09-19T05:25:55.086+0000 7f4214297040 -1 mgr[py] Module devicehealth has missing NOTIFY_TYPES member
2024-09-19T05:25:55.317 INFO:journalctl@ceph.mgr.x.smithi012.stdout:Sep 19 05:25:55 smithi012 ceph-771bc24c-7647-11ef-bceb-c7b262605968-mgr-x[31189]:
2024-09-19T05:25:55.243+0000 7f4214297040 -1 mgr[py] Module rgw has missing NOTIFY_TYPES member
2024-09-19T05:25:55.317 INFO:journalctl@ceph.mgr.x.smithi012.stdout:Sep 19 05:25:55 smithi012 ceph-771bc24c-7647-11ef-bceb-c7b262605968-mgr-x[31189]:
2024-09-19T05:25:55.314+0000 7f4214297040 -1 mgr[py] Module alerts has missing NOTIFY_TYPES member
2024-09-19T05:25:55.613 INFO:journalctl@ceph.mgr.x.smithi012.stdout:Sep 19 05:25:55 smithi012 ceph-771bc24c-7647-11ef-bceb-c7b262605968-mgr-x[31189]:
2024-09-19T05:25:55.376+0000 7f4214297040 -1 mgr[py] Module progress has missing NOTIFY_TYPES member
2024-09-19T05:25:55.613 INFO:journalctl@ceph.mgr.x.smithi012.stdout:Sep 19 05:25:55 smithi012 ceph-771bc24c-7647-11ef-bceb-c7b262605968-mgr-x[31189]:
2024-09-19T05:25:55.545+0000 7f4214297040 -1 mgr[py] Module nfs has missing NOTIFY_TYPES member
2024-09-19T05:25:55.894 INFO:journalctl@ceph.mgr.x.smithi012.stdout:Sep 19 05:25:55 smithi012 ceph-771bc24c-7647-11ef-bceb-c7b262605968-mgr-x[31189]:
2024-09-19T05:25:55.613+0000 7f4214297040 -1 mgr[py] Module status has missing NOTIFY_TYPES member
2024-09-19T05:25:55.894 INFO:journalctl@ceph.mgr.x.smithi012.stdout:Sep 19 05:25:55 smithi012 ceph-771bc24c-7647-11ef-bceb-c7b262605968-mgr-x[31189]:
2024-09-19T05:25:55.682+0000 7f4214297040 -1 mgr[py] Module pg_autoscaler has missing NOTIFY_TYPES member
2024-09-19T05:25:55.894 INFO:journalctl@ceph.mgr.x.smithi012.stdout:Sep 19 05:25:55 smithi012 ceph-771bc24c-7647-11ef-bceb-c7b262605968-mgr-x[31189]:
2024-09-19T05:25:55.768+0000 7f4214297040 -1 mgr[py] Module rbd_support has missing NOTIFY_TYPES member
2024-09-19T05:25:55.894 INFO:journalctl@ceph.mgr.x.smithi012.stdout:Sep 19 05:25:55 smithi012 ceph-771bc24c-7647-11ef-bceb-c7b262605968-mgr-x[31189]:
2024-09-19T05:25:55.830+0000 7f4214297040 -1 mgr[py] Module influx has missing NOTIFY_TYPES member
2024-09-19T05:25:55.895 INFO:journalctl@ceph.mgr.x.smithi012.stdout:Sep 19 05:25:55 smithi012 ceph-771bc24c-7647-11ef-bceb-c7b262605968-mgr-x[31189]:
2024-09-19T05:25:55.892+0000 7f4214297040 -1 mgr[py] Module zabbix has missing NOTIFY_TYPES member
2024-09-19T05:25:57.112 INFO:journalctl@ceph.mgr.x.smithi012.stdout:Sep 19 05:25:56 smithi012 ceph-771bc24c-7647-11ef-bceb-c7b262605968-mgr-x[31189]:
2024-09-19T05:25:56.719+0000 7f4214297040 -1 mgr[py] Module telegraf has missing NOTIFY_TYPES member
2024-09-19T05:25:57.113 INFO:journalctl@ceph.mon.a.smithi012.stdout:Sep 19 05:25:56 smithi012 ceph-mon[30963]: Active manager daemon x restarted
2024-09-19T05:25:57.113 INFO:journalctl@ceph.mon.a.smithi012.stdout:Sep 19 05:25:56 smithi012 ceph-mon[30963]: Activating manager daemon x
2024-09-19T05:25:57.113 INFO:journalctl@ceph.mon.a.smithi012.stdout:Sep 19 05:25:56 smithi012 ceph-mon[30963]: osdmap e2: 0 total, 0 up, 0 in
2024-09-19T05:25:57.113 INFO:journalctl@ceph.mon.a.smithi012.stdout:Sep 19 05:25:56 smithi012 ceph-mon[30963]: mgrmap e6: x(active, starting, since 0.00372051s)
2024-09-19T05:25:57.113 INFO:journalctl@ceph.mon.a.smithi012.stdout:Sep 19 05:25:56 smithi012 ceph-mon[30963]: from='mgr.14118 172.21.15.12:0/1884342774' entity='mgr.x' cmd=[{"prefix": "mon metadata", "id": "a"}]: dispatch
2024-09-19T05:25:57.113 INFO:journalctl@ceph.mon.a.smithi012.stdout:Sep 19 05:25:56 smithi012 ceph-mon[30963]: from='mgr.14118 172.21.15.12:0/1884342774' entity='mgr.x' cmd=[{"prefix": "mgr metadata", "who": "x", "id": "x"}]: dispatch
2024-09-19T05:25:57.113 INFO:journalctl@ceph.mon.a.smithi012.stdout:Sep 19 05:25:56 smithi012 ceph-mon[30963]: from='mgr.14118 172.21.15.12:0/1884342774' entity='mgr.x' cmd=[{"prefix": "mds metadata"}]: dispatch
2024-09-19T05:25:57.113 INFO:journalctl@ceph.mon.a.smithi012.stdout:Sep 19 05:25:56 smithi012 ceph-mon[30963]: from='mgr.14118 172.21.15.12:0/1884342774' entity='mgr.x' cmd=[{"prefix": "osd metadata"}]: dispatch
2024-09-19T05:25:57.113 INFO:journalctl@ceph.mon.a.smithi012.stdout:Sep 19 05:25:56 smithi012 ceph-mon[30963]: from='mgr.14118 172.21.15.12:0/1884342774' entity='mgr.x' cmd=[{"prefix": "mon metadata"}]: dispatch
2024-09-19T05:25:57.113 INFO:journalctl@ceph.mon.a.smithi012.stdout:Sep 19 05:25:56 smithi012 ceph-mon[30963]: Manager daemon x is now available
2024-09-19T05:25:57.113 INFO:journalctl@ceph.mon.a.smithi012.stdout:Sep 19 05:25:56 smithi012 ceph-mon[30963]: from='mgr.14118 172.21.15.12:0/1884342774' entity='mgr.x'
2024-09-19T05:25:57.114 INFO:journalctl@ceph.mon.a.smithi012.stdout:Sep 19 05:25:56 smithi012 ceph-mon[30963]: from='mgr.14118 172.21.15.12:0/1884342774' entity='mgr.x'
2024-09-19T05:25:57.114 INFO:journalctl@ceph.mon.a.smithi012.stdout:Sep 19 05:25:56 smithi012 ceph-mon[30963]: from='mgr.14118 172.21.15.12:0/1884342774' entity='mgr.x' cmd=[{"prefix": "config dump", "format": "json"}]: dispatch
2024-09-19T05:25:57.114 INFO:journalctl@ceph.mon.a.smithi012.stdout:Sep 19 05:25:56 smithi012 ceph-mon[30963]: from='mgr.14118 172.21.15.12:0/1884342774' entity='mgr.x' cmd=[{"prefix": "config dump", "format": "json"}]: dispatch
2024-09-19T05:25:57.114 INFO:journalctl@ceph.mon.a.smithi012.stdout:Sep 19 05:25:56 smithi012 ceph-mon[30963]: from='mgr.14118 172.21.15.12:0/1884342774' entity='mgr.x' cmd=[{"prefix":"config rm","who":"mgr","name":"mgr/rbd_support/x/mirror_snapshot_schedule"}]: dispatch
2024-09-19T05:25:57.114 INFO:journalctl@ceph.mon.a.smithi012.stdout:Sep 19 05:25:56 smithi012 ceph-mon[30963]: from='mgr.14118 172.21.15.12:0/1884342774' entity='mgr.x' cmd=[{"prefix":"config rm","who":"mgr","name":"mgr/rbd_support/x/trash_purge_schedule"}]: dispatch
2024-09-19T05:25:58.045 INFO:journalctl@ceph.mon.a.smithi012.stdout:Sep 19 05:25:57 smithi012 ceph-mon[30963]: Found migration_current of "None". Setting to last migration.
2024-09-19T05:25:58.046 INFO:journalctl@ceph.mon.a.smithi012.stdout:Sep 19 05:25:57 smithi012 ceph-mon[30963]: mgrmap e7: x(active, since 1.00569s)
2024-09-19T05:25:58.305 INFO:teuthology.orchestra.run.smithi012.stdout:/usr/bin/ceph: stdout {
2024-09-19T05:25:58.305 INFO:teuthology.orchestra.run.smithi012.stdout:/usr/bin/ceph: stdout "mgrmap_epoch": 7,
2024-09-19T05:25:58.305 INFO:teuthology.orchestra.run.smithi012.stdout:/usr/bin/ceph: stdout "initialized": true
2024-09-19T05:25:58.305 INFO:teuthology.orchestra.run.smithi012.stdout:/usr/bin/ceph: stdout }
2024-09-19T05:25:58.305 INFO:teuthology.orchestra.run.smithi012.stdout:/usr/bin/ceph: stderr
2024-09-19T05:25:53.711+0000 7fc119d0a640 1 Processor -- start
2024-09-19T05:25:58.305 INFO:teuthology.orchestra.run.smithi012.stdout:/usr/bin/ceph: stderr
2024-09-19T05:25:53.712+0000 7fc119d0a640 1 -- start start
2024-09-19T05:25:58.305 INFO:teuthology.orchestra.run.smithi012.stdout:/usr/bin/ceph: stderr
2024-09-19T05:25:53.712+0000 7fc119d0a640 1 --2- >> [v2:172.21.15.12:3300/0,v1:172.21.15.12:6789/0] conn(0x7fc1141076e0 0x7fc114107ae0 unknown :-1 s=NONE pgs=0 cs=0 l=0 rev1=0 crypto rx=0 tx=0 comp rx=0 tx=0).connect
2024-09-19T05:25:58.305 INFO:teuthology.orchestra.run.smithi012.stdout:/usr/bin/ceph: stderr
2024-09-19T05:25:53.712+0000 7fc119d0a640 1 -- --> [v2:172.21.15.12:3300/0,v1:172.21.15.12:6789/0] -- mon_getmap magic: 0 -- 0x7fc1141080b0 con 0x7fc1141076e0
2024-09-19T05:25:58.306 INFO:teuthology.orchestra.run.smithi012.stdout:/usr/bin/ceph: stderr
2024-09-19T05:25:53.712+0000 7fc1137fe640 1 --2- >> [v2:172.21.15.12:3300/0,v1:172.21.15.12:6789/0] conn(0x7fc1141076e0 0x7fc114107ae0 unknown :-1 s=BANNER_CONNECTING pgs=0 cs=0 l=0 rev1=0 crypto rx=0 tx=0 comp rx=0 tx=0)._handle_peer_banner_payload supported=3 required=0
2024-09-19T05:25:58.306 INFO:teuthology.orchestra.run.smithi012.stdout:/usr/bin/ceph: stderr
2024-09-19T05:25:53.712+0000 7fc1137fe640 1 --2- >> [v2:172.21.15.12:3300/0,v1:172.21.15.12:6789/0] conn(0x7fc1141076e0 0x7fc114107ae0 unknown :-1 s=HELLO_CONNECTING pgs=0 cs=0 l=0 rev1=1 crypto rx=0 tx=0 comp rx=0 tx=0).handle_hello peer v2:172.21.15.12:3300/0 says I am v2:172.21.15.12:42540/0 (socket says 172.21.15.12:42540)
2024-09-19T05:25:58.306 INFO:teuthology.orchestra.run.smithi012.stdout:/usr/bin/ceph: stderr
2024-09-19T05:25:53.712+0000 7fc1137fe640 1 -- 172.21.15.12:0/1664041015 learned_addr learned my addr 172.21.15.12:0/1664041015 (peer_addr_for_me v2:172.21.15.12:0/0)
2024-09-19T05:25:58.306 INFO:teuthology.orchestra.run.smithi012.stdout:/usr/bin/ceph: stderr
2024-09-19T05:25:53.712+0000 7fc1137fe640 1 -- 172.21.15.12:0/1664041015 --> [v2:172.21.15.12:3300/0,v1:172.21.15.12:6789/0] -- mon_subscribe({config=0+,monmap=0+}) -- 0x7fc114108840 con 0x7fc1141076e0
2024-09-19T05:25:58.306 INFO:teuthology.orchestra.run.smithi012.stdout:/usr/bin/ceph: stderr
2024-09-19T05:25:53.713+0000 7fc1137fe640 1 --2- 172.21.15.12:0/1664041015 >> [v2:172.21.15.12:3300/0,v1:172.21.15.12:6789/0] conn(0x7fc1141076e0 0x7fc114107ae0 secure :-1 s=READY pgs=26 cs=0 l=1 rev1=1 crypto rx=0x7fc104009820 tx=0x7fc10402a270 comp rx=0 tx=0).ready entity=mon.0 client_cookie=c39b0935608a2173 server_cookie=0 in_seq=0 out_seq=0
2024-09-19T05:25:58.306 INFO:teuthology.orchestra.run.smithi012.stdout:/usr/bin/ceph: stderr
2024-09-19T05:25:53.713+0000 7fc112ffd640 1 -- 172.21.15.12:0/1664041015 <== mon.0 v2:172.21.15.12:3300/0 1 ==== mon_map magic: 0 ==== 205+0+0 (secure 0 0 0) 0x7fc104037070 con 0x7fc1141076e0
2024-09-19T05:25:58.306 INFO:teuthology.orchestra.run.smithi012.stdout:/usr/bin/ceph: stderr
2024-09-19T05:25:53.713+0000 7fc112ffd640 1 -- 172.21.15.12:0/1664041015 <== mon.0 v2:172.21.15.12:3300/0 2 ==== config(26 keys) ==== 1071+0+0 (secure 0 0 0) 0x7fc1040328d0 con 0x7fc1141076e0
2024-09-19T05:25:58.306 INFO:teuthology.orchestra.run.smithi012.stdout:/usr/bin/ceph: stderr
2024-09-19T05:25:53.713+0000 7fc112ffd640 1 -- 172.21.15.12:0/1664041015 <== mon.0 v2:172.21.15.12:3300/0 3 ==== mon_map magic: 0 ==== 205+0+0 (secure 0 0 0) 0x7fc1040307d0 con 0x7fc1141076e0
2024-09-19T05:25:58.306 INFO:teuthology.orchestra.run.smithi012.stdout:/usr/bin/ceph: stderr
2024-09-19T05:25:53.714+0000 7fc119d0a640 1 -- 172.21.15.12:0/1664041015 >> [v2:172.21.15.12:3300/0,v1:172.21.15.12:6789/0] conn(0x7fc1141076e0 msgr2=0x7fc114107ae0 secure :-1 s=STATE_CONNECTION_ESTABLISHED l=1).mark_down
2024-09-19T05:25:58.306 INFO:teuthology.orchestra.run.smithi012.stdout:/usr/bin/ceph: stderr
2024-09-19T05:25:53.714+0000 7fc119d0a640 1 --2- 172.21.15.12:0/1664041015 >> [v2:172.21.15.12:3300/0,v1:172.21.15.12:6789/0] conn(0x7fc1141076e0 0x7fc114107ae0 secure :-1 s=READY pgs=26 cs=0 l=1 rev1=1 crypto rx=0x7fc104009820 tx=0x7fc10402a270 comp rx=0 tx=0).stop
2024-09-19T05:25:58.306 INFO:teuthology.orchestra.run.smithi012.stdout:/usr/bin/ceph: stderr
2024-09-19T05:25:53.714+0000 7fc119d0a640 1 -- 172.21.15.12:0/1664041015 shutdown_connections
2024-09-19T05:25:58.306 INFO:teuthology.orchestra.run.smithi012.stdout:/usr/bin/ceph: stderr
2024-09-19T05:25:53.714+0000 7fc119d0a640 1 --2- 172.21.15.12:0/1664041015 >> [v2:172.21.15.12:3300/0,v1:172.21.15.12:6789/0] conn(0x7fc1141076e0 0x7fc114107ae0 unknown :-1 s=CLOSED pgs=26 cs=0 l=1 rev1=1 crypto rx=0 tx=0 comp rx=0 tx=0).stop
2024-09-19T05:25:58.306 INFO:teuthology.orchestra.run.smithi012.stdout:/usr/bin/ceph: stderr
2024-09-19T05:25:53.714+0000 7fc119d0a640 1 -- 172.21.15.12:0/1664041015 >> 172.21.15.12:0/1664041015 conn(0x7fc114102ed0 msgr2=0x7fc1141052f0 unknown :-1 s=STATE_NONE l=0).mark_down
2024-09-19T05:25:58.307 INFO:teuthology.orchestra.run.smithi012.stdout:/usr/bin/ceph: stderr
2024-09-19T05:25:53.714+0000 7fc119d0a640 1 -- 172.21.15.12:0/1664041015 shutdown_connections
2024-09-19T05:25:58.307 INFO:teuthology.orchestra.run.smithi012.stdout:/usr/bin/ceph: stderr
2024-09-19T05:25:53.714+0000 7fc119d0a640 1 -- 172.21.15.12:0/1664041015 wait complete.
2024-09-19T05:25:58.307 INFO:teuthology.orchestra.run.smithi012.stdout:/usr/bin/ceph: stderr
2024-09-19T05:25:53.715+0000 7fc119d0a640 1 Processor -- start
2024-09-19T05:25:58.307 INFO:teuthology.orchestra.run.smithi012.stdout:/usr/bin/ceph: stderr
2024-09-19T05:25:53.715+0000 7fc119d0a640 1 -- start start
2024-09-19T05:25:58.307 INFO:teuthology.orchestra.run.smithi012.stdout:/usr/bin/ceph: stderr
2024-09-19T05:25:53.715+0000 7fc119d0a640 1 --2- >> [v2:172.21.15.12:3300/0,v1:172.21.15.12:6789/0] conn(0x7fc1141076e0 0x7fc11407db50 unknown :-1 s=NONE pgs=0 cs=0 l=1 rev1=0 crypto rx=0 tx=0 comp rx=0 tx=0).connect
2024-09-19T05:25:58.307 INFO:teuthology.orchestra.run.smithi012.stdout:/usr/bin/ceph: stderr
2024-09-19T05:25:53.715+0000 7fc119d0a640 1 -- --> [v2:172.21.15.12:3300/0,v1:172.21.15.12:6789/0] -- mon_getmap magic: 0 -- 0x7fc11410bbf0 con 0x7fc1141076e0
2024-09-19T05:25:58.307 INFO:teuthology.orchestra.run.smithi012.stdout:/usr/bin/ceph: stderr
2024-09-19T05:25:53.715+0000 7fc1137fe640 1 --2- >> [v2:172.21.15.12:3300/0,v1:172.21.15.12:6789/0] conn(0x7fc1141076e0 0x7fc11407db50 unknown :-1 s=BANNER_CONNECTING pgs=0 cs=0 l=1 rev1=0 crypto rx=0 tx=0 comp rx=0 tx=0)._handle_peer_banner_payload supported=3 required=0
2024-09-19T05:25:58.307 INFO:teuthology.orchestra.run.smithi012.stdout:/usr/bin/ceph: stderr
2024-09-19T05:25:53.715+0000 7fc1137fe640 1 --2- >> [v2:172.21.15.12:3300/0,v1:172.21.15.12:6789/0] conn(0x7fc1141076e0 0x7fc11407db50 unknown :-1 s=HELLO_CONNECTING pgs=0 cs=0 l=1 rev1=1 crypto rx=0 tx=0 comp rx=0 tx=0).handle_hello peer v2:172.21.15.12:3300/0 says I am v2:172.21.15.12:42548/0 (socket says 172.21.15.12:42548)
2024-09-19T05:25:58.307 INFO:teuthology.orchestra.run.smithi012.stdout:/usr/bin/ceph: stderr
2024-09-19T05:25:53.715+0000 7fc1137fe640 1 -- 172.21.15.12:0/3712509387 learned_addr learned my addr 172.21.15.12:0/3712509387 (peer_addr_for_me v2:172.21.15.12:0/0)
2024-09-19T05:25:58.308 INFO:teuthology.orchestra.run.smithi012.stdout:/usr/bin/ceph: stderr
2024-09-19T05:25:53.716+0000 7fc1137fe640 1 -- 172.21.15.12:0/3712509387 --> [v2:172.21.15.12:3300/0,v1:172.21.15.12:6789/0] -- mon_subscribe({config=0+,monmap=0+}) -- 0x7fc11407e090 con 0x7fc1141076e0
2024-09-19T05:25:58.308 INFO:teuthology.orchestra.run.smithi012.stdout:/usr/bin/ceph: stderr
2024-09-19T05:25:53.716+0000 7fc1137fe640 1 --2- 172.21.15.12:0/3712509387 >> [v2:172.21.15.12:3300/0,v1:172.21.15.12:6789/0] conn(0x7fc1141076e0 0x7fc11407db50 secure :-1 s=READY pgs=27 cs=0 l=1 rev1=1 crypto rx=0x7fc104030520 tx=0x7fc104032dd0 comp rx=0 tx=0).ready entity=mon.0 client_cookie=0 server_cookie=0 in_seq=0 out_seq=0
2024-09-19T05:25:58.308 INFO:teuthology.orchestra.run.smithi012.stdout:/usr/bin/ceph: stderr
2024-09-19T05:25:53.716+0000 7fc1117fa640 1 -- 172.21.15.12:0/3712509387 <== mon.0 v2:172.21.15.12:3300/0 1 ==== mon_map magic: 0 ==== 205+0+0 (secure 0 0 0) 0x7fc104042070 con 0x7fc1141076e0
2024-09-19T05:25:58.308 INFO:teuthology.orchestra.run.smithi012.stdout:/usr/bin/ceph: stderr
2024-09-19T05:25:53.716+0000 7fc1117fa640 1 -- 172.21.15.12:0/3712509387 <== mon.0 v2:172.21.15.12:3300/0 2 ==== config(26 keys) ==== 1071+0+0 (secure 0 0 0) 0x7fc104030cc0 con 0x7fc1141076e0
2024-09-19T05:25:58.308 INFO:teuthology.orchestra.run.smithi012.stdout:/usr/bin/ceph: stderr
2024-09-19T05:25:53.716+0000 7fc119d0a640 1 -- 172.21.15.12:0/3712509387 --> [v2:172.21.15.12:3300/0,v1:172.21.15.12:6789/0] -- mon_subscribe({mgrmap=0+}) -- 0x7fc11407c280 con 0x7fc1141076e0
2024-09-19T05:25:58.308 INFO:teuthology.orchestra.run.smithi012.stdout:/usr/bin/ceph: stderr
2024-09-19T05:25:53.716+0000 7fc1117fa640 1 -- 172.21.15.12:0/3712509387 <== mon.0 v2:172.21.15.12:3300/0 3 ==== mon_map magic: 0 ==== 205+0+0 (secure 0 0 0) 0x7fc104037040 con 0x7fc1141076e0
2024-09-19T05:25:58.308 INFO:teuthology.orchestra.run.smithi012.stdout:/usr/bin/ceph: stderr
2024-09-19T05:25:53.716+0000 7fc119d0a640 1 -- 172.21.15.12:0/3712509387 --> [v2:172.21.15.12:3300/0,v1:172.21.15.12:6789/0] -- mon_subscribe({osdmap=0}) -- 0x7fc11407c7c0 con 0x7fc1141076e0
2024-09-19T05:25:58.308 INFO:teuthology.orchestra.run.smithi012.stdout:/usr/bin/ceph: stderr
2024-09-19T05:25:53.717+0000 7fc1117fa640 1 -- 172.21.15.12:0/3712509387 <== mon.0 v2:172.21.15.12:3300/0 4 ==== mgrmap(e 5) ==== 46461+0+0 (secure 0 0 0) 0x7fc104045070 con 0x7fc1141076e0
2024-09-19T05:25:58.308 INFO:teuthology.orchestra.run.smithi012.stdout:/usr/bin/ceph: stderr
2024-09-19T05:25:53.717+0000 7fc1117fa640 1 --2- 172.21.15.12:0/3712509387 >> [v2:172.21.15.12:6800/2205968922,v1:172.21.15.12:6801/2205968922] conn(0x7fc1000391b0 0x7fc10003b670 unknown :-1 s=NONE pgs=0 cs=0 l=1 rev1=0 crypto rx=0 tx=0 comp rx=0 tx=0).connect
2024-09-19T05:25:58.308 INFO:teuthology.orchestra.run.smithi012.stdout:/usr/bin/ceph: stderr
2024-09-19T05:25:53.717+0000 7fc1117fa640 1 -- 172.21.15.12:0/3712509387 --> [v2:172.21.15.12:6800/2205968922,v1:172.21.15.12:6801/2205968922] -- command(tid 0: {"prefix": "get_command_descriptions"}) -- 0x7fc10003bd80 con 0x7fc1000391b0
2024-09-19T05:25:58.308 INFO:teuthology.orchestra.run.smithi012.stdout:/usr/bin/ceph: stderr
2024-09-19T05:25:53.717+0000 7fc1117fa640 1 -- 172.21.15.12:0/3712509387 <== mon.0 v2:172.21.15.12:3300/0 5 ==== osd_map(1..1 src has 1..1) ==== 725+0+0 (secure 0 0 0) 0x7fc10406c140 con 0x7fc1141076e0
2024-09-19T05:25:58.308 INFO:teuthology.orchestra.run.smithi012.stdout:/usr/bin/ceph: stderr
2024-09-19T05:25:53.717+0000 7fc10bfff640 1 -- 172.21.15.12:0/3712509387 >> [v2:172.21.15.12:6800/2205968922,v1:172.21.15.12:6801/2205968922] conn(0x7fc1000391b0 msgr2=0x7fc10003b670 unknown :-1 s=STATE_CONNECTING_RE l=1).process reconnect failed to v2:172.21.15.12:6800/2205968922
2024-09-19T05:25:58.309 INFO:teuthology.orchestra.run.smithi012.stdout:/usr/bin/ceph: stderr
2024-09-19T05:25:53.717+0000 7fc10bfff640 1 --2- 172.21.15.12:0/3712509387 >> [v2:172.21.15.12:6800/2205968922,v1:172.21.15.12:6801/2205968922] conn(0x7fc1000391b0 0x7fc10003b670 unknown :-1 s=START_CONNECT pgs=0 cs=0 l=1 rev1=0 crypto rx=0 tx=0 comp rx=0 tx=0)._fault waiting 0.200000
2024-09-19T05:25:58.309 INFO:teuthology.orchestra.run.smithi012.stdout:/usr/bin/ceph: stderr
2024-09-19T05:25:53.918+0000 7fc10bfff640 1 -- 172.21.15.12:0/3712509387 >> [v2:172.21.15.12:6800/2205968922,v1:172.21.15.12:6801/2205968922] conn(0x7fc1000391b0 msgr2=0x7fc10003b670 unknown :-1 s=STATE_CONNECTING_RE l=1).process reconnect failed to v2:172.21.15.12:6800/2205968922
2024-09-19T05:25:58.309 INFO:teuthology.orchestra.run.smithi012.stdout:/usr/bin/ceph: stderr
2024-09-19T05:25:53.918+0000 7fc10bfff640 1 --2- 172.21.15.12:0/3712509387 >> [v2:172.21.15.12:6800/2205968922,v1:172.21.15.12:6801/2205968922] conn(0x7fc1000391b0 0x7fc10003b670 unknown :-1 s=START_CONNECT pgs=0 cs=0 l=1 rev1=0 crypto rx=0 tx=0 comp rx=0 tx=0)._fault waiting 0.400000
2024-09-19T05:25:58.309 INFO:teuthology.orchestra.run.smithi012.stdout:/usr/bin/ceph: stderr
2024-09-19T05:25:54.319+0000 7fc10bfff640 1 -- 172.21.15.12:0/3712509387 >> [v2:172.21.15.12:6800/2205968922,v1:172.21.15.12:6801/2205968922] conn(0x7fc1000391b0 msgr2=0x7fc10003b670 unknown :-1 s=STATE_CONNECTING_RE l=1).process reconnect failed to v2:172.21.15.12:6800/2205968922
2024-09-19T05:25:58.309 INFO:teuthology.orchestra.run.smithi012.stdout:/usr/bin/ceph: stderr
2024-09-19T05:25:54.319+0000 7fc10bfff640 1 --2- 172.21.15.12:0/3712509387 >> [v2:172.21.15.12:6800/2205968922,v1:172.21.15.12:6801/2205968922] conn(0x7fc1000391b0 0x7fc10003b670 unknown :-1 s=START_CONNECT pgs=0 cs=0 l=1 rev1=0 crypto rx=0 tx=0 comp rx=0 tx=0)._fault waiting 0.800000
2024-09-19T05:25:58.309 INFO:teuthology.orchestra.run.smithi012.stdout:/usr/bin/ceph: stderr
2024-09-19T05:25:55.120+0000 7fc10bfff640 1 -- 172.21.15.12:0/3712509387 >> [v2:172.21.15.12:6800/2205968922,v1:172.21.15.12:6801/2205968922] conn(0x7fc1000391b0 msgr2=0x7fc10003b670 unknown :-1 s=STATE_CONNECTING_RE l=1).process reconnect failed to v2:172.21.15.12:6800/2205968922
2024-09-19T05:25:58.309 INFO:teuthology.orchestra.run.smithi012.stdout:/usr/bin/ceph: stderr
2024-09-19T05:25:55.120+0000 7fc10bfff640 1 --2- 172.21.15.12:0/3712509387 >> [v2:172.21.15.12:6800/2205968922,v1:172.21.15.12:6801/2205968922] conn(0x7fc1000391b0 0x7fc10003b670 unknown :-1 s=START_CONNECT pgs=0 cs=0 l=1 rev1=0 crypto rx=0 tx=0 comp rx=0 tx=0)._fault waiting 1.600000
2024-09-19T05:25:58.309 INFO:teuthology.orchestra.run.smithi012.stdout:/usr/bin/ceph: stderr
2024-09-19T05:25:56.721+0000 7fc10bfff640 1 -- 172.21.15.12:0/3712509387 >> [v2:172.21.15.12:6800/2205968922,v1:172.21.15.12:6801/2205968922] conn(0x7fc1000391b0 msgr2=0x7fc10003b670 unknown :-1 s=STATE_CONNECTING_RE l=1).process reconnect failed to v2:172.21.15.12:6800/2205968922
2024-09-19T05:25:58.309 INFO:teuthology.orchestra.run.smithi012.stdout:/usr/bin/ceph: stderr
2024-09-19T05:25:56.721+0000 7fc10bfff640 1 --2- 172.21.15.12:0/3712509387 >> [v2:172.21.15.12:6800/2205968922,v1:172.21.15.12:6801/2205968922] conn(0x7fc1000391b0 0x7fc10003b670 unknown :-1 s=START_CONNECT pgs=0 cs=0 l=1 rev1=0 crypto rx=0 tx=0 comp rx=0 tx=0)._fault waiting 3.200000
2024-09-19T05:25:58.309 INFO:teuthology.orchestra.run.smithi012.stdout:/usr/bin/ceph: stderr
2024-09-19T05:25:56.723+0000 7fc1117fa640 1 -- 172.21.15.12:0/3712509387 <== mon.0 v2:172.21.15.12:3300/0 6 ==== mgrmap(e 6) ==== 46228+0+0 (secure 0 0 0) 0x7fc10403d430 con 0x7fc1141076e0
2024-09-19T05:25:58.310 INFO:teuthology.orchestra.run.smithi012.stdout:/usr/bin/ceph: stderr
2024-09-19T05:25:56.723+0000 7fc1117fa640 1 -- 172.21.15.12:0/3712509387 >> [v2:172.21.15.12:6800/2205968922,v1:172.21.15.12:6801/2205968922] conn(0x7fc1000391b0 msgr2=0x7fc10003b670 unknown :-1 s=STATE_CONNECTING l=1).mark_down
2024-09-19T05:25:58.310 INFO:teuthology.orchestra.run.smithi012.stdout:/usr/bin/ceph: stderr
2024-09-19T05:25:56.723+0000 7fc1117fa640 1 --2- 172.21.15.12:0/3712509387 >> [v2:172.21.15.12:6800/2205968922,v1:172.21.15.12:6801/2205968922] conn(0x7fc1000391b0 0x7fc10003b670 unknown :-1 s=START_CONNECT pgs=0 cs=0 l=1 rev1=0 crypto rx=0 tx=0 comp rx=0 tx=0).stop
2024-09-19T05:25:58.310 INFO:teuthology.orchestra.run.smithi012.stdout:/usr/bin/ceph: stderr
2024-09-19T05:25:57.723+0000 7fc1117fa640 1 -- 172.21.15.12:0/3712509387 <== mon.0 v2:172.21.15.12:3300/0 7 ==== mgrmap(e 7) ==== 46355+0+0 (secure 0 0 0) 0x7fc10406dd40 con 0x7fc1141076e0
2024-09-19T05:25:58.310 INFO:teuthology.orchestra.run.smithi012.stdout:/usr/bin/ceph: stderr
2024-09-19T05:25:57.724+0000 7fc1117fa640 1 --2- 172.21.15.12:0/3712509387 >> [v2:172.21.15.12:6800/2986601748,v1:172.21.15.12:6801/2986601748] conn(0x7fc10003cae0 0x7fc10003eed0 unknown :-1 s=NONE pgs=0 cs=0 l=1 rev1=0 crypto rx=0 tx=0 comp rx=0 tx=0).connect
2024-09-19T05:25:58.310 INFO:teuthology.orchestra.run.smithi012.stdout:/usr/bin/ceph: stderr
2024-09-19T05:25:57.724+0000 7fc1117fa640 1 -- 172.21.15.12:0/3712509387 --> [v2:172.21.15.12:6800/2986601748,v1:172.21.15.12:6801/2986601748] -- command(tid 0: {"prefix": "get_command_descriptions"}) -- 0x7fc1040375a0 con 0x7fc10003cae0
2024-09-19T05:25:58.310 INFO:teuthology.orchestra.run.smithi012.stdout:/usr/bin/ceph: stderr
2024-09-19T05:25:57.724+0000 7fc10bfff640 1 --2- 172.21.15.12:0/3712509387 >> [v2:172.21.15.12:6800/2986601748,v1:172.21.15.12:6801/2986601748] conn(0x7fc10003cae0 0x7fc10003eed0 unknown :-1 s=BANNER_CONNECTING pgs=0 cs=0 l=1 rev1=0 crypto rx=0 tx=0 comp rx=0 tx=0)._handle_peer_banner_payload supported=3 required=0
2024-09-19T05:25:58.310 INFO:teuthology.orchestra.run.smithi012.stdout:/usr/bin/ceph: stderr
2024-09-19T05:25:57.725+0000 7fc10bfff640 1 --2- 172.21.15.12:0/3712509387 >> [v2:172.21.15.12:6800/2986601748,v1:172.21.15.12:6801/2986601748] conn(0x7fc10003cae0 0x7fc10003eed0 secure :-1 s=READY pgs=1 cs=0 l=1 rev1=1 crypto rx=0x7fc0fc003980 tx=0x7fc0fc009290 comp rx=0 tx=0).ready entity=mgr.14118 client_cookie=0 server_cookie=0 in_seq=0 out_seq=0
2024-09-19T05:25:58.310 INFO:teuthology.orchestra.run.smithi012.stdout:/usr/bin/ceph: stderr
2024-09-19T05:25:57.726+0000 7fc1117fa640 1 -- 172.21.15.12:0/3712509387 <== mgr.14118 v2:172.21.15.12:6800/2986601748 1 ==== command_reply(tid 0: 0 ) ==== 8+0+9564 (secure 0 0 0) 0x7fc1040375a0 con 0x7fc10003cae0
2024-09-19T05:25:58.310 INFO:teuthology.orchestra.run.smithi012.stdout:/usr/bin/ceph: stderr
2024-09-19T05:25:57.732+0000 7fc119d0a640 1 -- 172.21.15.12:0/3712509387 --> [v2:172.21.15.12:6800/2986601748,v1:172.21.15.12:6801/2986601748] -- command(tid 1: {"prefix": "mgr_status"}) -- 0x7fc11410bd70 con 0x7fc10003cae0
2024-09-19T05:25:58.310 INFO:teuthology.orchestra.run.smithi012.stdout:/usr/bin/ceph: stderr
2024-09-19T05:25:57.733+0000 7fc1117fa640 1 -- 172.21.15.12:0/3712509387 <== mgr.14118 v2:172.21.15.12:6800/2986601748 2 ==== command_reply(tid 1: 0 ) ==== 8+0+51 (secure 0 0 0) 0x7fc11410bd70 con 0x7fc10003cae0
2024-09-19T05:25:58.310 INFO:teuthology.orchestra.run.smithi012.stdout:/usr/bin/ceph: stderr
2024-09-19T05:25:57.733+0000 7fc119d0a640 1 -- 172.21.15.12:0/3712509387 >> [v2:172.21.15.12:6800/2986601748,v1:172.21.15.12:6801/2986601748] conn(0x7fc10003cae0 msgr2=0x7fc10003eed0 secure :-1 s=STATE_CONNECTION_ESTABLISHED l=1).mark_down
2024-09-19T05:25:58.310 INFO:teuthology.orchestra.run.smithi012.stdout:/usr/bin/ceph: stderr
2024-09-19T05:25:57.733+0000 7fc119d0a640 1 --2- 172.21.15.12:0/3712509387 >> [v2:172.21.15.12:6800/2986601748,v1:172.21.15.12:6801/2986601748] conn(0x7fc10003cae0 0x7fc10003eed0 secure :-1 s=READY pgs=1 cs=0 l=1 rev1=1 crypto rx=0x7fc0fc003980 tx=0x7fc0fc009290 comp rx=0 tx=0).stop
2024-09-19T05:25:58.311 INFO:teuthology.orchestra.run.smithi012.stdout:/usr/bin/ceph: stderr
2024-09-19T05:25:57.733+0000 7fc119d0a640 1 -- 172.21.15.12:0/3712509387 >> [v2:172.21.15.12:3300/0,v1:172.21.15.12:6789/0] conn(0x7fc1141076e0 msgr2=0x7fc11407db50 secure :-1 s=STATE_CONNECTION_ESTABLISHED l=1).mark_down
2024-09-19T05:25:58.311 INFO:teuthology.orchestra.run.smithi012.stdout:/usr/bin/ceph: stderr
2024-09-19T05:25:57.733+0000 7fc119d0a640 1 --2- 172.21.15.12:0/3712509387 >> [v2:172.21.15.12:3300/0,v1:172.21.15.12:6789/0] conn(0x7fc1141076e0 0x7fc11407db50 secure :-1 s=READY pgs=27 cs=0 l=1 rev1=1 crypto rx=0x7fc104030520 tx=0x7fc104032dd0 comp rx=0 tx=0).stop
2024-09-19T05:25:58.311 INFO:teuthology.orchestra.run.smithi012.stdout:/usr/bin/ceph: stderr
2024-09-19T05:25:57.733+0000 7fc119d0a640 1 -- 172.21.15.12:0/3712509387 shutdown_connections
2024-09-19T05:25:58.311 INFO:teuthology.orchestra.run.smithi012.stdout:/usr/bin/ceph: stderr
2024-09-19T05:25:57.733+0000 7fc119d0a640 1 --2- 172.21.15.12:0/3712509387 >> [v2:172.21.15.12:6800/2986601748,v1:172.21.15.12:6801/2986601748] conn(0x7fc10003cae0 0x7fc10003eed0 unknown :-1 s=CLOSED pgs=1 cs=0 l=1 rev1=1 crypto rx=0 tx=0 comp rx=0 tx=0).stop
2024-09-19T05:25:58.311 INFO:teuthology.orchestra.run.smithi012.stdout:/usr/bin/ceph: stderr
2024-09-19T05:25:57.733+0000 7fc119d0a640 1 --2- 172.21.15.12:0/3712509387 >> [v2:172.21.15.12:6800/2205968922,v1:172.21.15.12:6801/2205968922] conn(0x7fc1000391b0 0x7fc10003b670 unknown :-1 s=CLOSED pgs=0 cs=0 l=1 rev1=0 crypto rx=0 tx=0 comp rx=0 tx=0).stop
2024-09-19T05:25:58.311 INFO:teuthology.orchestra.run.smithi012.stdout:/usr/bin/ceph: stderr
2024-09-19T05:25:57.733+0000 7fc119d0a640 1 --2- 172.21.15.12:0/3712509387 >> [v2:172.21.15.12:3300/0,v1:172.21.15.12:6789/0] conn(0x7fc1141076e0 0x7fc11407db50 unknown :-1 s=CLOSED pgs=27 cs=0 l=1 rev1=1 crypto rx=0 tx=0 comp rx=0 tx=0).stop
2024-09-19T05:25:58.311 INFO:teuthology.orchestra.run.smithi012.stdout:/usr/bin/ceph: stderr
2024-09-19T05:25:57.733+0000 7fc119d0a640 1 -- 172.21.15.12:0/3712509387 >> 172.21.15.12:0/3712509387 conn(0x7fc114102ed0 msgr2=0x7fc114103a60 unknown :-1 s=STATE_NONE l=0).mark_down
2024-09-19T05:25:58.311 INFO:teuthology.orchestra.run.smithi012.stdout:/usr/bin/ceph: stderr
2024-09-19T05:25:57.733+0000 7fc119d0a640 1 -- 172.21.15.12:0/3712509387 shutdown_connections
2024-09-19T05:25:58.312 INFO:teuthology.orchestra.run.smithi012.stdout:/usr/bin/ceph: stderr
2024-09-19T05:25:57.733+0000 7fc119d0a640 1 -- 172.21.15.12:0/3712509387 wait complete.
2024-09-19T05:25:58.312 INFO:teuthology.orchestra.run.smithi012.stdout:mgr epoch 5 is available
2024-09-19T05:25:58.312 INFO:teuthology.orchestra.run.smithi012.stdout:Setting orchestrator backend to cephadm...
2024-09-19T05:25:58.997 INFO:journalctl@ceph.mon.a.smithi012.stdout:Sep 19 05:25:58 smithi012 ceph-mon[30963]: from='client.14122 -' entity='client.admin' cmd=[{"prefix": "get_command_descriptions"}]: dispatch
2024-09-19T05:25:58.997 INFO:journalctl@ceph.mon.a.smithi012.stdout:Sep 19 05:25:58 smithi012 ceph-mon[30963]: from='client.14122 -' entity='client.admin' cmd=[{"prefix": "mgr_status"}]: dispatch
2024-09-19T05:25:59.524 INFO:teuthology.orchestra.run.smithi012.stdout:/usr/bin/ceph: stderr
2024-09-19T05:25:58.750+0000 7ff46c47a640 1 Processor -- start
2024-09-19T05:25:59.524 INFO:teuthology.orchestra.run.smithi012.stdout:/usr/bin/ceph: stderr
2024-09-19T05:25:58.750+0000 7ff46c47a640 1 -- start start
2024-09-19T05:25:59.524 INFO:teuthology.orchestra.run.smithi012.stdout:/usr/bin/ceph: stderr
2024-09-19T05:25:58.750+0000 7ff46c47a640 1 --2- >> [v2:172.21.15.12:3300/0,v1:172.21.15.12:6789/0] conn(0x7ff464108160 0x7ff46410a550 unknown :-1 s=NONE pgs=0 cs=0 l=0 rev1=0 crypto rx=0 tx=0 comp rx=0 tx=0).connect
2024-09-19T05:25:59.524 INFO:teuthology.orchestra.run.smithi012.stdout:/usr/bin/ceph: stderr
2024-09-19T05:25:58.750+0000 7ff46c47a640 1 -- --> [v2:172.21.15.12:3300/0,v1:172.21.15.12:6789/0] -- mon_getmap magic: 0 -- 0x7ff46407bdc0 con 0x7ff464108160
2024-09-19T05:25:59.524 INFO:teuthology.orchestra.run.smithi012.stdout:/usr/bin/ceph: stderr
2024-09-19T05:25:58.751+0000 7ff46a216640 1 --2- >> [v2:172.21.15.12:3300/0,v1:172.21.15.12:6789/0] conn(0x7ff464108160 0x7ff46410a550 unknown :-1 s=BANNER_CONNECTING pgs=0 cs=0 l=0 rev1=0 crypto rx=0 tx=0 comp rx=0 tx=0)._handle_peer_banner_payload supported=3 required=0
2024-09-19T05:25:59.524 INFO:teuthology.orchestra.run.smithi012.stdout:/usr/bin/ceph: stderr
2024-09-19T05:25:58.751+0000 7ff46a216640 1 --2- >> [v2:172.21.15.12:3300/0,v1:172.21.15.12:6789/0] conn(0x7ff464108160 0x7ff46410a550 unknown :-1 s=HELLO_CONNECTING pgs=0 cs=0 l=0 rev1=1 crypto rx=0 tx=0 comp rx=0 tx=0).handle_hello peer v2:172.21.15.12:3300/0 says I am v2:172.21.15.12:42642/0 (socket says 172.21.15.12:42642)
2024-09-19T05:25:59.524 INFO:teuthology.orchestra.run.smithi012.stdout:/usr/bin/ceph: stderr
2024-09-19T05:25:58.751+0000 7ff46a216640 1 -- 172.21.15.12:0/608626392 learned_addr learned my addr 172.21.15.12:0/608626392 (peer_addr_for_me v2:172.21.15.12:0/0)
2024-09-19T05:25:59.524 INFO:teuthology.orchestra.run.smithi012.stdout:/usr/bin/ceph: stderr
2024-09-19T05:25:58.751+0000 7ff46a216640 1 -- 172.21.15.12:0/608626392 --> [v2:172.21.15.12:3300/0,v1:172.21.15.12:6789/0] -- mon_subscribe({config=0+,monmap=0+}) -- 0x7ff46410aa90 con 0x7ff464108160
2024-09-19T05:25:59.524 INFO:teuthology.orchestra.run.smithi012.stdout:/usr/bin/ceph: stderr
2024-09-19T05:25:58.752+0000 7ff46a216640 1 --2- 172.21.15.12:0/608626392 >> [v2:172.21.15.12:3300/0,v1:172.21.15.12:6789/0] conn(0x7ff464108160 0x7ff46410a550 secure :-1 s=READY pgs=35 cs=0 l=1 rev1=1 crypto rx=0x7ff460009820 tx=0x7ff46002a270 comp rx=0 tx=0).ready entity=mon.0 client_cookie=ce9111d6f2139186 server_cookie=0 in_seq=0 out_seq=0
2024-09-19T05:25:59.524 INFO:teuthology.orchestra.run.smithi012.stdout:/usr/bin/ceph: stderr
2024-09-19T05:25:58.752+0000 7ff469214640 1 -- 172.21.15.12:0/608626392 <== mon.0 v2:172.21.15.12:3300/0 1 ==== mon_map magic: 0 ==== 205+0+0 (secure 0 0 0) 0x7ff460037070 con 0x7ff464108160
2024-09-19T05:25:59.525 INFO:teuthology.orchestra.run.smithi012.stdout:/usr/bin/ceph: stderr
2024-09-19T05:25:58.752+0000 7ff469214640 1 -- 172.21.15.12:0/608626392 <== mon.0 v2:172.21.15.12:3300/0 2 ==== config(26 keys) ==== 1071+0+0 (secure 0 0 0) 0x7ff4600328d0 con 0x7ff464108160
2024-09-19T05:25:59.525 INFO:teuthology.orchestra.run.smithi012.stdout:/usr/bin/ceph: stderr
2024-09-19T05:25:58.752+0000 7ff469214640 1 -- 172.21.15.12:0/608626392 <== mon.0 v2:172.21.15.12:3300/0 3 ==== mon_map magic: 0 ==== 205+0+0 (secure 0 0 0) 0x7ff4600307d0 con 0x7ff464108160
2024-09-19T05:25:59.525 INFO:teuthology.orchestra.run.smithi012.stdout:/usr/bin/ceph: stderr
2024-09-19T05:25:58.752+0000 7ff46c47a640 1 -- 172.21.15.12:0/608626392 >> [v2:172.21.15.12:3300/0,v1:172.21.15.12:6789/0] conn(0x7ff464108160 msgr2=0x7ff46410a550 secure :-1 s=STATE_CONNECTION_ESTABLISHED l=1).mark_down
2024-09-19T05:25:59.525 INFO:teuthology.orchestra.run.smithi012.stdout:/usr/bin/ceph: stderr
2024-09-19T05:25:58.752+0000 7ff46c47a640 1 --2- 172.21.15.12:0/608626392 >> [v2:172.21.15.12:3300/0,v1:172.21.15.12:6789/0] conn(0x7ff464108160 0x7ff46410a550 secure :-1 s=READY pgs=35 cs=0 l=1 rev1=1 crypto rx=0x7ff460009820 tx=0x7ff46002a270 comp rx=0 tx=0).stop
2024-09-19T05:25:59.525 INFO:teuthology.orchestra.run.smithi012.stdout:/usr/bin/ceph: stderr
2024-09-19T05:25:58.752+0000 7ff46c47a640 1 -- 172.21.15.12:0/608626392 shutdown_connections
2024-09-19T05:25:59.525 INFO:teuthology.orchestra.run.smithi012.stdout:/usr/bin/ceph: stderr
2024-09-19T05:25:58.752+0000 7ff46c47a640 1 --2- 172.21.15.12:0/608626392 >> [v2:172.21.15.12:3300/0,v1:172.21.15.12:6789/0] conn(0x7ff464108160 0x7ff46410a550 unknown :-1 s=CLOSED pgs=35 cs=0 l=1 rev1=1 crypto rx=0 tx=0 comp rx=0 tx=0).stop
2024-09-19T05:25:59.525 INFO:teuthology.orchestra.run.smithi012.stdout:/usr/bin/ceph: stderr
2024-09-19T05:25:58.752+0000 7ff46c47a640 1 -- 172.21.15.12:0/608626392 >> 172.21.15.12:0/608626392 conn(0x7ff464101d80 msgr2=0x7ff4641041a0 unknown :-1 s=STATE_NONE l=0).mark_down
2024-09-19T05:25:59.525 INFO:teuthology.orchestra.run.smithi012.stdout:/usr/bin/ceph: stderr
2024-09-19T05:25:58.753+0000 7ff46c47a640 1 -- 172.21.15.12:0/608626392 shutdown_connections
2024-09-19T05:25:59.525 INFO:teuthology.orchestra.run.smithi012.stdout:/usr/bin/ceph: stderr
2024-09-19T05:25:58.753+0000 7ff46c47a640 1 -- 172.21.15.12:0/608626392 wait complete.
2024-09-19T05:25:59.525 INFO:teuthology.orchestra.run.smithi012.stdout:/usr/bin/ceph: stderr
2024-09-19T05:25:58.753+0000 7ff46c47a640 1 Processor -- start
2024-09-19T05:25:59.525 INFO:teuthology.orchestra.run.smithi012.stdout:/usr/bin/ceph: stderr
2024-09-19T05:25:58.753+0000 7ff46c47a640 1 -- start start
2024-09-19T05:25:59.525 INFO:teuthology.orchestra.run.smithi012.stdout:/usr/bin/ceph: stderr
2024-09-19T05:25:58.753+0000 7ff46c47a640 1 --2- >> [v2:172.21.15.12:3300/0,v1:172.21.15.12:6789/0] conn(0x7ff464108160 0x7ff46419b5f0 unknown :-1 s=NONE pgs=0 cs=0 l=1 rev1=0 crypto rx=0 tx=0 comp rx=0 tx=0).connect
2024-09-19T05:25:59.525 INFO:teuthology.orchestra.run.smithi012.stdout:/usr/bin/ceph: stderr
2024-09-19T05:25:58.753+0000 7ff46c47a640 1 -- --> [v2:172.21.15.12:3300/0,v1:172.21.15.12:6789/0] -- mon_getmap magic: 0 -- 0x7ff46410b9b0 con 0x7ff464108160
2024-09-19T05:25:59.526 INFO:teuthology.orchestra.run.smithi012.stdout:/usr/bin/ceph: stderr
2024-09-19T05:25:58.753+0000 7ff46a216640 1 --2- >> [v2:172.21.15.12:3300/0,v1:172.21.15.12:6789/0] conn(0x7ff464108160 0x7ff46419b5f0 unknown :-1 s=BANNER_CONNECTING pgs=0 cs=0 l=1 rev1=0 crypto rx=0 tx=0 comp rx=0 tx=0)._handle_peer_banner_payload supported=3 required=0
2024-09-19T05:25:59.526 INFO:teuthology.orchestra.run.smithi012.stdout:/usr/bin/ceph: stderr
2024-09-19T05:25:58.753+0000 7ff46a216640 1 --2- >> [v2:172.21.15.12:3300/0,v1:172.21.15.12:6789/0] conn(0x7ff464108160 0x7ff46419b5f0 unknown :-1 s=HELLO_CONNECTING pgs=0 cs=0 l=1 rev1=1 crypto rx=0 tx=0 comp rx=0 tx=0).handle_hello peer v2:172.21.15.12:3300/0 says I am v2:172.21.15.12:42650/0 (socket says 172.21.15.12:42650)
2024-09-19T05:25:59.526 INFO:teuthology.orchestra.run.smithi012.stdout:/usr/bin/ceph: stderr
2024-09-19T05:25:58.754+0000 7ff46a216640 1 -- 172.21.15.12:0/430981515 learned_addr learned my addr 172.21.15.12:0/430981515 (peer_addr_for_me v2:172.21.15.12:0/0)
2024-09-19T05:25:59.526 INFO:teuthology.orchestra.run.smithi012.stdout:/usr/bin/ceph: stderr
2024-09-19T05:25:58.754+0000 7ff46a216640 1 -- 172.21.15.12:0/430981515 --> [v2:172.21.15.12:3300/0,v1:172.21.15.12:6789/0] -- mon_subscribe({config=0+,monmap=0+}) -- 0x7ff46419bb30 con 0x7ff464108160
2024-09-19T05:25:59.526 INFO:teuthology.orchestra.run.smithi012.stdout:/usr/bin/ceph: stderr
2024-09-19T05:25:58.754+0000 7ff46a216640 1 --2- 172.21.15.12:0/430981515 >> [v2:172.21.15.12:3300/0,v1:172.21.15.12:6789/0] conn(0x7ff464108160 0x7ff46419b5f0 secure :-1 s=READY pgs=36 cs=0 l=1 rev1=1 crypto rx=0x7ff4600097f0 tx=0x7ff460030d00 comp rx=0 tx=0).ready entity=mon.0 client_cookie=0 server_cookie=0 in_seq=0 out_seq=0
2024-09-19T05:25:59.526 INFO:teuthology.orchestra.run.smithi012.stdout:/usr/bin/ceph: stderr
2024-09-19T05:25:58.754+0000 7ff4577fe640 1 -- 172.21.15.12:0/430981515 <== mon.0 v2:172.21.15.12:3300/0 1 ==== mon_map magic: 0 ==== 205+0+0 (secure 0 0 0) 0x7ff460037040 con 0x7ff464108160
2024-09-19T05:25:59.526 INFO:teuthology.orchestra.run.smithi012.stdout:/usr/bin/ceph: stderr
2024-09-19T05:25:58.754+0000 7ff4577fe640 1 -- 172.21.15.12:0/430981515 <== mon.0 v2:172.21.15.12:3300/0 2 ==== config(26 keys) ==== 1071+0+0 (secure 0 0 0) 0x7ff46003b3f0 con 0x7ff464108160
2024-09-19T05:25:59.526 INFO:teuthology.orchestra.run.smithi012.stdout:/usr/bin/ceph: stderr
2024-09-19T05:25:58.754+0000 7ff46c47a640 1 -- 172.21.15.12:0/430981515 --> [v2:172.21.15.12:3300/0,v1:172.21.15.12:6789/0] -- mon_subscribe({mgrmap=0+}) -- 0x7ff46419bdc0 con 0x7ff464108160
2024-09-19T05:25:59.526 INFO:teuthology.orchestra.run.smithi012.stdout:/usr/bin/ceph: stderr
2024-09-19T05:25:58.754+0000 7ff46c47a640 1 -- 172.21.15.12:0/430981515 --> [v2:172.21.15.12:3300/0,v1:172.21.15.12:6789/0] -- mon_subscribe({osdmap=0}) -- 0x7ff46419eab0 con 0x7ff464108160
2024-09-19T05:25:59.526 INFO:teuthology.orchestra.run.smithi012.stdout:/usr/bin/ceph: stderr
2024-09-19T05:25:58.754+0000 7ff4577fe640 1 -- 172.21.15.12:0/430981515 <== mon.0 v2:172.21.15.12:3300/0 3 ==== mon_map magic: 0 ==== 205+0+0 (secure 0 0 0) 0x7ff46003a520 con 0x7ff464108160
2024-09-19T05:25:59.526 INFO:teuthology.orchestra.run.smithi012.stdout:/usr/bin/ceph: stderr
2024-09-19T05:25:58.755+0000 7ff4577fe640 1 -- 172.21.15.12:0/430981515 <== mon.0 v2:172.21.15.12:3300/0 4 ==== mgrmap(e 7) ==== 46355+0+0 (secure 0 0 0) 0x7ff46003a710 con 0x7ff464108160
2024-09-19T05:25:59.526 INFO:teuthology.orchestra.run.smithi012.stdout:/usr/bin/ceph: stderr
2024-09-19T05:25:58.755+0000 7ff4577fe640 1 --2- 172.21.15.12:0/430981515 >> [v2:172.21.15.12:6800/2986601748,v1:172.21.15.12:6801/2986601748] conn(0x7ff4500390a0 0x7ff45003b560 unknown :-1 s=NONE pgs=0 cs=0 l=1 rev1=0 crypto rx=0 tx=0 comp rx=0 tx=0).connect
2024-09-19T05:25:59.526 INFO:teuthology.orchestra.run.smithi012.stdout:/usr/bin/ceph: stderr
2024-09-19T05:25:58.755+0000 7ff4577fe640 1 -- 172.21.15.12:0/430981515 <== mon.0 v2:172.21.15.12:3300/0 5 ==== osd_map(2..2 src has 1..2) ==== 940+0+0 (secure 0 0 0) 0x7ff46006c310 con 0x7ff464108160
2024-09-19T05:25:59.527 INFO:teuthology.orchestra.run.smithi012.stdout:/usr/bin/ceph: stderr
2024-09-19T05:25:58.755+0000 7ff469a15640 1 --2- 172.21.15.12:0/430981515 >> [v2:172.21.15.12:6800/2986601748,v1:172.21.15.12:6801/2986601748] conn(0x7ff4500390a0 0x7ff45003b560 unknown :-1 s=BANNER_CONNECTING pgs=0 cs=0 l=1 rev1=0 crypto rx=0 tx=0 comp rx=0 tx=0)._handle_peer_banner_payload supported=3 required=0
2024-09-19T05:25:59.527 INFO:teuthology.orchestra.run.smithi012.stdout:/usr/bin/ceph: stderr
2024-09-19T05:25:58.756+0000 7ff46c47a640 1 -- 172.21.15.12:0/430981515 --> [v2:172.21.15.12:3300/0,v1:172.21.15.12:6789/0] -- mon_command({"prefix": "get_command_descriptions"} v 0) -- 0x7ff4641085c0 con 0x7ff464108160
2024-09-19T05:25:59.527 INFO:teuthology.orchestra.run.smithi012.stdout:/usr/bin/ceph: stderr
2024-09-19T05:25:58.756+0000 7ff469a15640 1 --2- 172.21.15.12:0/430981515 >> [v2:172.21.15.12:6800/2986601748,v1:172.21.15.12:6801/2986601748] conn(0x7ff4500390a0 0x7ff45003b560 secure :-1 s=READY pgs=7 cs=0 l=1 rev1=1 crypto rx=0x7ff4580098c0 tx=0x7ff458006db0 comp rx=0 tx=0).ready entity=mgr.14118 client_cookie=0 server_cookie=0 in_seq=0 out_seq=0
2024-09-19T05:25:59.527 INFO:teuthology.orchestra.run.smithi012.stdout:/usr/bin/ceph: stderr
2024-09-19T05:25:58.761+0000 7ff4577fe640 1 -- 172.21.15.12:0/430981515 <== mon.0 v2:172.21.15.12:3300/0 6 ==== mon_command_ack([{"prefix": "get_command_descriptions"}]=0 v0) ==== 72+0+188913 (secure 0 0 0) 0x7ff460032820 con 0x7ff464108160
2024-09-19T05:25:59.527 INFO:teuthology.orchestra.run.smithi012.stdout:/usr/bin/ceph: stderr
2024-09-19T05:25:58.778+0000 7ff4577fe640 1 -- 172.21.15.12:0/430981515 <== mon.0 v2:172.21.15.12:3300/0 7 ==== mgrmap(e 8) ==== 46461+0+0 (secure 0 0 0) 0x7ff46002fd60 con 0x7ff464108160
2024-09-19T05:25:59.527 INFO:teuthology.orchestra.run.smithi012.stdout:/usr/bin/ceph: stderr
2024-09-19T05:25:58.974+0000 7ff46c47a640 1 -- 172.21.15.12:0/430981515 --> [v2:172.21.15.12:6800/2986601748,v1:172.21.15.12:6801/2986601748] -- mgr_command(tid 0: {"prefix": "orch set backend", "module_name": "cephadm", "target": ["mon-mgr", ""]}) -- 0x7ff464103060 con 0x7ff4500390a0
