2024-09-19T05:25:49.549 INFO:teuthology.orchestra.run.smithi012.stdout:/usr/bin/ceph: stderr
2024-09-19T05:25:49.006+0000 7f67bb7fe640 1 -- 172.21.15.12:0/1117363652 <== mon.0 v2:172.21.15.12:3300/0 7 ==== mon_command_ack([{"prefix": "status", "format": "json-pretty"}]=0 v0) ==== 79+0+1290 (secure 0 0 0) 0x7f67c0031560 con 0x7f67c41076e0
2024-09-19T05:25:49.549 INFO:teuthology.orchestra.run.smithi012.stdout:/usr/bin/ceph: stderr
2024-09-19T05:25:49.008+0000 7f67cc45a640 1 -- 172.21.15.12:0/1117363652 >> [v2:172.21.15.12:6800/2205968922,v1:172.21.15.12:6801/2205968922] conn(0x7f67b00391b0 msgr2=0x7f67b003b670 secure :-1 s=STATE_CONNECTION_ESTABLISHED l=1).mark_down
2024-09-19T05:25:49.549 INFO:teuthology.orchestra.run.smithi012.stdout:/usr/bin/ceph: stderr
2024-09-19T05:25:49.008+0000 7f67cc45a640 1 --2- 172.21.15.12:0/1117363652 >> [v2:172.21.15.12:6800/2205968922,v1:172.21.15.12:6801/2205968922] conn(0x7f67b00391b0 0x7f67b003b670 secure :-1 s=READY pgs=6 cs=0 l=1 rev1=1 crypto rx=0x7f67b40098c0 tx=0x7f67b4006db0 comp rx=0 tx=0).stop
2024-09-19T05:25:49.549 INFO:teuthology.orchestra.run.smithi012.stdout:/usr/bin/ceph: stderr
2024-09-19T05:25:49.008+0000 7f67cc45a640 1 -- 172.21.15.12:0/1117363652 >> [v2:172.21.15.12:3300/0,v1:172.21.15.12:6789/0] conn(0x7f67c41076e0 msgr2=0x7f67c419b610 secure :-1 s=STATE_CONNECTION_ESTABLISHED l=1).mark_down
2024-09-19T05:25:49.549 INFO:teuthology.orchestra.run.smithi012.stdout:/usr/bin/ceph: stderr
2024-09-19T05:25:49.008+0000 7f67cc45a640 1 --2- 172.21.15.12:0/1117363652 >> [v2:172.21.15.12:3300/0,v1:172.21.15.12:6789/0] conn(0x7f67c41076e0 0x7f67c419b610 secure :-1 s=READY pgs=17 cs=0 l=1 rev1=1 crypto rx=0x7f67c00097f0 tx=0x7f67c0030d00 comp rx=0 tx=0).stop
2024-09-19T05:25:49.549 INFO:teuthology.orchestra.run.smithi012.stdout:/usr/bin/ceph: stderr
2024-09-19T05:25:49.008+0000 7f67cc45a640 1 -- 172.21.15.12:0/1117363652 shutdown_connections
2024-09-19T05:25:49.549 INFO:teuthology.orchestra.run.smithi012.stdout:/usr/bin/ceph: stderr
2024-09-19T05:25:49.008+0000 7f67cc45a640 1 --2- 172.21.15.12:0/1117363652 >> [v2:172.21.15.12:6800/2205968922,v1:172.21.15.12:6801/2205968922] conn(0x7f67b00391b0 0x7f67b003b670 unknown :-1 s=CLOSED pgs=6 cs=0 l=1 rev1=1 crypto rx=0 tx=0 comp rx=0 tx=0).stop
2024-09-19T05:25:49.549 INFO:teuthology.orchestra.run.smithi012.stdout:/usr/bin/ceph: stderr
2024-09-19T05:25:49.008+0000 7f67cc45a640 1 --2- 172.21.15.12:0/1117363652 >> [v2:172.21.15.12:3300/0,v1:172.21.15.12:6789/0] conn(0x7f67c41076e0 0x7f67c419b610 unknown :-1 s=CLOSED pgs=17 cs=0 l=1 rev1=1 crypto rx=0 tx=0 comp rx=0 tx=0).stop
2024-09-19T05:25:49.549 INFO:teuthology.orchestra.run.smithi012.stdout:/usr/bin/ceph: stderr
2024-09-19T05:25:49.008+0000 7f67cc45a640 1 -- 172.21.15.12:0/1117363652 >> 172.21.15.12:0/1117363652 conn(0x7f67c4102ed0 msgr2=0x7f67c4103a50 unknown :-1 s=STATE_NONE l=0).mark_down
2024-09-19T05:25:49.549 INFO:teuthology.orchestra.run.smithi012.stdout:/usr/bin/ceph: stderr
2024-09-19T05:25:49.008+0000 7f67cc45a640 1 -- 172.21.15.12:0/1117363652 shutdown_connections
2024-09-19T05:25:49.550 INFO:teuthology.orchestra.run.smithi012.stdout:/usr/bin/ceph: stderr
2024-09-19T05:25:49.008+0000 7f67cc45a640 1 -- 172.21.15.12:0/1117363652 wait complete.
2024-09-19T05:25:49.550 INFO:teuthology.orchestra.run.smithi012.stdout:mgr is available
2024-09-19T05:25:49.743 INFO:journalctl@ceph.mon.a.smithi012.stdout:Sep 19 05:25:49 smithi012 ceph-mon[30963]: mgrmap e4: x(active, since 2s)
2024-09-19T05:25:49.744 INFO:journalctl@ceph.mon.a.smithi012.stdout:Sep 19 05:25:49 smithi012 ceph-mon[30963]: from='client.? 172.21.15.12:0/1117363652' entity='client.admin' cmd=[{"prefix": "status", "format": "json-pretty"}]: dispatch
2024-09-19T05:25:50.609 INFO:teuthology.orchestra.run.smithi012.stdout:/usr/bin/ceph: stdout
2024-09-19T05:25:50.610 INFO:teuthology.orchestra.run.smithi012.stdout:/usr/bin/ceph: stdout [global]
2024-09-19T05:25:50.610 INFO:teuthology.orchestra.run.smithi012.stdout:/usr/bin/ceph: stdout fsid = 771bc24c-7647-11ef-bceb-c7b262605968
2024-09-19T05:25:50.610 INFO:teuthology.orchestra.run.smithi012.stdout:/usr/bin/ceph: stdout mon_host = [v2:172.21.15.12:3300,v1:172.21.15.12:6789]
2024-09-19T05:25:50.610 INFO:teuthology.orchestra.run.smithi012.stdout:/usr/bin/ceph: stdout mon_osd_allow_pg_remap = true
2024-09-19T05:25:50.610 INFO:teuthology.orchestra.run.smithi012.stdout:/usr/bin/ceph: stdout mon_osd_allow_primary_affinity = true
2024-09-19T05:25:50.610 INFO:teuthology.orchestra.run.smithi012.stdout:/usr/bin/ceph: stdout mon_warn_on_no_sortbitwise = false
2024-09-19T05:25:50.610 INFO:teuthology.orchestra.run.smithi012.stdout:/usr/bin/ceph: stdout osd_crush_chooseleaf_type = 0
2024-09-19T05:25:50.610 INFO:teuthology.orchestra.run.smithi012.stdout:/usr/bin/ceph: stdout
2024-09-19T05:25:50.610 INFO:teuthology.orchestra.run.smithi012.stdout:/usr/bin/ceph: stdout [mgr]
2024-09-19T05:25:50.611 INFO:teuthology.orchestra.run.smithi012.stdout:/usr/bin/ceph: stdout mgr/telemetry/nag = false
2024-09-19T05:25:50.611 INFO:teuthology.orchestra.run.smithi012.stdout:/usr/bin/ceph: stdout
2024-09-19T05:25:50.611 INFO:teuthology.orchestra.run.smithi012.stdout:/usr/bin/ceph: stdout [osd]
2024-09-19T05:25:50.611 INFO:teuthology.orchestra.run.smithi012.stdout:/usr/bin/ceph: stdout mon_osd_backfillfull_ratio = 0.85
2024-09-19T05:25:50.611 INFO:teuthology.orchestra.run.smithi012.stdout:/usr/bin/ceph: stdout mon_osd_full_ratio = 0.9
2024-09-19T05:25:50.612 INFO:teuthology.orchestra.run.smithi012.stdout:/usr/bin/ceph: stdout mon_osd_nearfull_ratio = 0.8
2024-09-19T05:25:50.612 INFO:teuthology.orchestra.run.smithi012.stdout:/usr/bin/ceph: stdout osd_map_max_advance = 10
2024-09-19T05:25:50.612 INFO:teuthology.orchestra.run.smithi012.stdout:/usr/bin/ceph: stdout osd_sloppy_crc = true
2024-09-19T05:25:50.612 INFO:teuthology.orchestra.run.smithi012.stdout:/usr/bin/ceph: stderr
2024-09-19T05:25:49.933+0000 7fc17c54d640 1 Processor -- start
2024-09-19T05:25:50.612 INFO:teuthology.orchestra.run.smithi012.stdout:/usr/bin/ceph: stderr
2024-09-19T05:25:49.933+0000 7fc17c54d640 1 -- start start
2024-09-19T05:25:50.612 INFO:teuthology.orchestra.run.smithi012.stdout:/usr/bin/ceph: stderr
2024-09-19T05:25:49.934+0000 7fc17c54d640 1 --2- >> [v2:172.21.15.12:3300/0,v1:172.21.15.12:6789/0] conn(0x7fc174108160 0x7fc17410a550 unknown :-1 s=NONE pgs=0 cs=0 l=0 rev1=0 crypto rx=0 tx=0 comp rx=0 tx=0).connect
2024-09-19T05:25:50.613 INFO:teuthology.orchestra.run.smithi012.stdout:/usr/bin/ceph: stderr
2024-09-19T05:25:49.934+0000 7fc17c54d640 1 -- --> [v2:172.21.15.12:3300/0,v1:172.21.15.12:6789/0] -- mon_getmap magic: 0 -- 0x7fc17407bdc0 con 0x7fc174108160
2024-09-19T05:25:50.613 INFO:teuthology.orchestra.run.smithi012.stdout:/usr/bin/ceph: stderr
2024-09-19T05:25:49.934+0000 7fc17a2e9640 1 --2- >> [v2:172.21.15.12:3300/0,v1:172.21.15.12:6789/0] conn(0x7fc174108160 0x7fc17410a550 unknown :-1 s=BANNER_CONNECTING pgs=0 cs=0 l=0 rev1=0 crypto rx=0 tx=0 comp rx=0 tx=0)._handle_peer_banner_payload supported=3 required=0
2024-09-19T05:25:50.613 INFO:teuthology.orchestra.run.smithi012.stdout:/usr/bin/ceph: stderr
2024-09-19T05:25:49.934+0000 7fc17a2e9640 1 --2- >> [v2:172.21.15.12:3300/0,v1:172.21.15.12:6789/0] conn(0x7fc174108160 0x7fc17410a550 unknown :-1 s=HELLO_CONNECTING pgs=0 cs=0 l=0 rev1=1 crypto rx=0 tx=0 comp rx=0 tx=0).handle_hello peer v2:172.21.15.12:3300/0 says I am v2:172.21.15.12:34526/0 (socket says 172.21.15.12:34526)
2024-09-19T05:25:50.613 INFO:teuthology.orchestra.run.smithi012.stdout:/usr/bin/ceph: stderr
2024-09-19T05:25:49.934+0000 7fc17a2e9640 1 -- 172.21.15.12:0/418784958 learned_addr learned my addr 172.21.15.12:0/418784958 (peer_addr_for_me v2:172.21.15.12:0/0)
2024-09-19T05:25:50.613 INFO:teuthology.orchestra.run.smithi012.stdout:/usr/bin/ceph: stderr
2024-09-19T05:25:49.934+0000 7fc17a2e9640 1 -- 172.21.15.12:0/418784958 --> [v2:172.21.15.12:3300/0,v1:172.21.15.12:6789/0] -- mon_subscribe({config=0+,monmap=0+}) -- 0x7fc17410aa90 con 0x7fc174108160
2024-09-19T05:25:50.613 INFO:teuthology.orchestra.run.smithi012.stdout:/usr/bin/ceph: stderr
2024-09-19T05:25:49.935+0000 7fc17a2e9640 1 --2- 172.21.15.12:0/418784958 >> [v2:172.21.15.12:3300/0,v1:172.21.15.12:6789/0] conn(0x7fc174108160 0x7fc17410a550 secure :-1 s=READY pgs=18 cs=0 l=1 rev1=1 crypto rx=0x7fc170009820 tx=0x7fc17002a270 comp rx=0 tx=0).ready entity=mon.0 client_cookie=706a2888516f4c83 server_cookie=0 in_seq=0 out_seq=0
2024-09-19T05:25:50.613 INFO:teuthology.orchestra.run.smithi012.stdout:/usr/bin/ceph: stderr
2024-09-19T05:25:49.935+0000 7fc1792e7640 1 -- 172.21.15.12:0/418784958 <== mon.0 v2:172.21.15.12:3300/0 1 ==== mon_map magic: 0 ==== 205+0+0 (secure 0 0 0) 0x7fc170037070 con 0x7fc174108160
2024-09-19T05:25:50.613 INFO:teuthology.orchestra.run.smithi012.stdout:/usr/bin/ceph: stderr
2024-09-19T05:25:49.935+0000 7fc1792e7640 1 -- 172.21.15.12:0/418784958 <== mon.0 v2:172.21.15.12:3300/0 2 ==== config(26 keys) ==== 1071+0+0 (secure 0 0 0) 0x7fc1700328d0 con 0x7fc174108160
2024-09-19T05:25:50.613 INFO:teuthology.orchestra.run.smithi012.stdout:/usr/bin/ceph: stderr
2024-09-19T05:25:49.935+0000 7fc1792e7640 1 -- 172.21.15.12:0/418784958 <== mon.0 v2:172.21.15.12:3300/0 3 ==== mon_map magic: 0 ==== 205+0+0 (secure 0 0 0) 0x7fc1700307d0 con 0x7fc174108160
2024-09-19T05:25:50.613 INFO:teuthology.orchestra.run.smithi012.stdout:/usr/bin/ceph: stderr
2024-09-19T05:25:49.936+0000 7fc17c54d640 1 -- 172.21.15.12:0/418784958 >> [v2:172.21.15.12:3300/0,v1:172.21.15.12:6789/0] conn(0x7fc174108160 msgr2=0x7fc17410a550 secure :-1 s=STATE_CONNECTION_ESTABLISHED l=1).mark_down
2024-09-19T05:25:50.613 INFO:teuthology.orchestra.run.smithi012.stdout:/usr/bin/ceph: stderr
2024-09-19T05:25:49.936+0000 7fc17c54d640 1 --2- 172.21.15.12:0/418784958 >> [v2:172.21.15.12:3300/0,v1:172.21.15.12:6789/0] conn(0x7fc174108160 0x7fc17410a550 secure :-1 s=READY pgs=18 cs=0 l=1 rev1=1 crypto rx=0x7fc170009820 tx=0x7fc17002a270 comp rx=0 tx=0).stop
2024-09-19T05:25:50.613 INFO:teuthology.orchestra.run.smithi012.stdout:/usr/bin/ceph: stderr
2024-09-19T05:25:49.936+0000 7fc17c54d640 1 -- 172.21.15.12:0/418784958 shutdown_connections
2024-09-19T05:25:50.613 INFO:teuthology.orchestra.run.smithi012.stdout:/usr/bin/ceph: stderr
2024-09-19T05:25:49.936+0000 7fc17c54d640 1 --2- 172.21.15.12:0/418784958 >> [v2:172.21.15.12:3300/0,v1:172.21.15.12:6789/0] conn(0x7fc174108160 0x7fc17410a550 unknown :-1 s=CLOSED pgs=18 cs=0 l=1 rev1=1 crypto rx=0 tx=0 comp rx=0 tx=0).stop
2024-09-19T05:25:50.614 INFO:teuthology.orchestra.run.smithi012.stdout:/usr/bin/ceph: stderr
2024-09-19T05:25:49.936+0000 7fc17c54d640 1 -- 172.21.15.12:0/418784958 >> 172.21.15.12:0/418784958 conn(0x7fc174101d80 msgr2=0x7fc1741041a0 unknown :-1 s=STATE_NONE l=0).mark_down
2024-09-19T05:25:50.614 INFO:teuthology.orchestra.run.smithi012.stdout:/usr/bin/ceph: stderr
2024-09-19T05:25:49.936+0000 7fc17c54d640 1 -- 172.21.15.12:0/418784958 shutdown_connections
2024-09-19T05:25:50.614 INFO:teuthology.orchestra.run.smithi012.stdout:/usr/bin/ceph: stderr
2024-09-19T05:25:49.936+0000 7fc17c54d640 1 -- 172.21.15.12:0/418784958 wait complete.
2024-09-19T05:25:50.614 INFO:teuthology.orchestra.run.smithi012.stdout:/usr/bin/ceph: stderr
2024-09-19T05:25:49.936+0000 7fc17c54d640 1 Processor -- start
2024-09-19T05:25:50.614 INFO:teuthology.orchestra.run.smithi012.stdout:/usr/bin/ceph: stderr
2024-09-19T05:25:49.936+0000 7fc17c54d640 1 -- start start
2024-09-19T05:25:50.614 INFO:teuthology.orchestra.run.smithi012.stdout:/usr/bin/ceph: stderr
2024-09-19T05:25:49.937+0000 7fc17c54d640 1 --2- >> [v2:172.21.15.12:3300/0,v1:172.21.15.12:6789/0] conn(0x7fc174108160 0x7fc1741079e0 unknown :-1 s=NONE pgs=0 cs=0 l=1 rev1=0 crypto rx=0 tx=0 comp rx=0 tx=0).connect
2024-09-19T05:25:50.614 INFO:teuthology.orchestra.run.smithi012.stdout:/usr/bin/ceph: stderr
2024-09-19T05:25:49.937+0000 7fc17c54d640 1 -- --> [v2:172.21.15.12:3300/0,v1:172.21.15.12:6789/0] -- mon_getmap magic: 0 -- 0x7fc17410b9b0 con 0x7fc174108160
2024-09-19T05:25:50.614 INFO:teuthology.orchestra.run.smithi012.stdout:/usr/bin/ceph: stderr
2024-09-19T05:25:49.937+0000 7fc17a2e9640 1 --2- >> [v2:172.21.15.12:3300/0,v1:172.21.15.12:6789/0] conn(0x7fc174108160 0x7fc1741079e0 unknown :-1 s=BANNER_CONNECTING pgs=0 cs=0 l=1 rev1=0 crypto rx=0 tx=0 comp rx=0 tx=0)._handle_peer_banner_payload supported=3 required=0
2024-09-19T05:25:50.614 INFO:teuthology.orchestra.run.smithi012.stdout:/usr/bin/ceph: stderr
2024-09-19T05:25:49.937+0000 7fc17a2e9640 1 --2- >> [v2:172.21.15.12:3300/0,v1:172.21.15.12:6789/0] conn(0x7fc174108160 0x7fc1741079e0 unknown :-1 s=HELLO_CONNECTING pgs=0 cs=0 l=1 rev1=1 crypto rx=0 tx=0 comp rx=0 tx=0).handle_hello peer v2:172.21.15.12:3300/0 says I am v2:172.21.15.12:34534/0 (socket says 172.21.15.12:34534)
2024-09-19T05:25:50.614 INFO:teuthology.orchestra.run.smithi012.stdout:/usr/bin/ceph: stderr
2024-09-19T05:25:49.937+0000 7fc17a2e9640 1 -- 172.21.15.12:0/2785617592 learned_addr learned my addr 172.21.15.12:0/2785617592 (peer_addr_for_me v2:172.21.15.12:0/0)
2024-09-19T05:25:50.615 INFO:teuthology.orchestra.run.smithi012.stdout:/usr/bin/ceph: stderr
2024-09-19T05:25:49.937+0000 7fc17a2e9640 1 -- 172.21.15.12:0/2785617592 --> [v2:172.21.15.12:3300/0,v1:172.21.15.12:6789/0] -- mon_subscribe({config=0+,monmap=0+}) -- 0x7fc174107f20 con 0x7fc174108160
2024-09-19T05:25:50.615 INFO:teuthology.orchestra.run.smithi012.stdout:/usr/bin/ceph: stderr
2024-09-19T05:25:49.937+0000 7fc17a2e9640 1 --2- 172.21.15.12:0/2785617592 >> [v2:172.21.15.12:3300/0,v1:172.21.15.12:6789/0] conn(0x7fc174108160 0x7fc1741079e0 secure :-1 s=READY pgs=19 cs=0 l=1 rev1=1 crypto rx=0x7fc170030520 tx=0x7fc170032dd0 comp rx=0 tx=0).ready entity=mon.0 client_cookie=0 server_cookie=0 in_seq=0 out_seq=0
2024-09-19T05:25:50.615 INFO:teuthology.orchestra.run.smithi012.stdout:/usr/bin/ceph: stderr
2024-09-19T05:25:49.937+0000 7fc16b7fe640 1 -- 172.21.15.12:0/2785617592 <== mon.0 v2:172.21.15.12:3300/0 1 ==== mon_map magic: 0 ==== 205+0+0 (secure 0 0 0) 0x7fc170042070 con 0x7fc174108160
2024-09-19T05:25:50.615 INFO:teuthology.orchestra.run.smithi012.stdout:/usr/bin/ceph: stderr
2024-09-19T05:25:49.937+0000 7fc16b7fe640 1 -- 172.21.15.12:0/2785617592 <== mon.0 v2:172.21.15.12:3300/0 2 ==== config(26 keys) ==== 1071+0+0 (secure 0 0 0) 0x7fc170030cc0 con 0x7fc174108160
2024-09-19T05:25:50.615 INFO:teuthology.orchestra.run.smithi012.stdout:/usr/bin/ceph: stderr
2024-09-19T05:25:49.937+0000 7fc17c54d640 1 -- 172.21.15.12:0/2785617592 --> [v2:172.21.15.12:3300/0,v1:172.21.15.12:6789/0] -- mon_subscribe({mgrmap=0+}) -- 0x7fc174106110 con 0x7fc174108160
2024-09-19T05:25:50.615 INFO:teuthology.orchestra.run.smithi012.stdout:/usr/bin/ceph: stderr
2024-09-19T05:25:49.937+0000 7fc16b7fe640 1 -- 172.21.15.12:0/2785617592 <== mon.0 v2:172.21.15.12:3300/0 3 ==== mon_map magic: 0 ==== 205+0+0 (secure 0 0 0) 0x7fc170037040 con 0x7fc174108160
2024-09-19T05:25:50.616 INFO:teuthology.orchestra.run.smithi012.stdout:/usr/bin/ceph: stderr
2024-09-19T05:25:49.938+0000 7fc17c54d640 1 -- 172.21.15.12:0/2785617592 --> [v2:172.21.15.12:3300/0,v1:172.21.15.12:6789/0] -- mon_subscribe({osdmap=0}) -- 0x7fc174106650 con 0x7fc174108160
2024-09-19T05:25:50.616 INFO:teuthology.orchestra.run.smithi012.stdout:/usr/bin/ceph: stderr
2024-09-19T05:25:49.938+0000 7fc16b7fe640 1 -- 172.21.15.12:0/2785617592 <== mon.0 v2:172.21.15.12:3300/0 4 ==== mgrmap(e 4) ==== 46450+0+0 (secure 0 0 0) 0x7fc170045070 con 0x7fc174108160
2024-09-19T05:25:50.616 INFO:teuthology.orchestra.run.smithi012.stdout:/usr/bin/ceph: stderr
2024-09-19T05:25:49.939+0000 7fc16b7fe640 1 --2- 172.21.15.12:0/2785617592 >> [v2:172.21.15.12:6800/2205968922,v1:172.21.15.12:6801/2205968922] conn(0x7fc1600391b0 0x7fc16003b670 unknown :-1 s=NONE pgs=0 cs=0 l=1 rev1=0 crypto rx=0 tx=0 comp rx=0 tx=0).connect
2024-09-19T05:25:50.616 INFO:teuthology.orchestra.run.smithi012.stdout:/usr/bin/ceph: stderr
2024-09-19T05:25:49.939+0000 7fc17c54d640 1 -- 172.21.15.12:0/2785617592 --> [v2:172.21.15.12:3300/0,v1:172.21.15.12:6789/0] -- mon_command({"prefix": "get_command_descriptions"} v 0) -- 0x7fc1741085c0 con 0x7fc174108160
2024-09-19T05:25:50.616 INFO:teuthology.orchestra.run.smithi012.stdout:/usr/bin/ceph: stderr
2024-09-19T05:25:49.939+0000 7fc16b7fe640 1 -- 172.21.15.12:0/2785617592 <== mon.0 v2:172.21.15.12:3300/0 5 ==== osd_map(1..1 src has 1..1) ==== 725+0+0 (secure 0 0 0) 0x7fc17006c140 con 0x7fc174108160
2024-09-19T05:25:50.616 INFO:teuthology.orchestra.run.smithi012.stdout:/usr/bin/ceph: stderr
2024-09-19T05:25:49.939+0000 7fc179ae8640 1 --2- 172.21.15.12:0/2785617592 >> [v2:172.21.15.12:6800/2205968922,v1:172.21.15.12:6801/2205968922] conn(0x7fc1600391b0 0x7fc16003b670 unknown :-1 s=BANNER_CONNECTING pgs=0 cs=0 l=1 rev1=0 crypto rx=0 tx=0 comp rx=0 tx=0)._handle_peer_banner_payload supported=3 required=0
2024-09-19T05:25:50.616 INFO:teuthology.orchestra.run.smithi012.stdout:/usr/bin/ceph: stderr
2024-09-19T05:25:49.939+0000 7fc179ae8640 1 --2- 172.21.15.12:0/2785617592 >> [v2:172.21.15.12:6800/2205968922,v1:172.21.15.12:6801/2205968922] conn(0x7fc1600391b0 0x7fc16003b670 secure :-1 s=READY pgs=7 cs=0 l=1 rev1=1 crypto rx=0x7fc1640098c0 tx=0x7fc164006db0 comp rx=0 tx=0).ready entity=mgr.14100 client_cookie=0 server_cookie=0 in_seq=0 out_seq=0
2024-09-19T05:25:50.616 INFO:teuthology.orchestra.run.smithi012.stdout:/usr/bin/ceph: stderr
2024-09-19T05:25:49.944+0000 7fc16b7fe640 1 -- 172.21.15.12:0/2785617592 <== mon.0 v2:172.21.15.12:3300/0 6 ==== mon_command_ack([{"prefix": "get_command_descriptions"}]=0 v0) ==== 72+0+188913 (secure 0 0 0) 0x7fc170045360 con 0x7fc174108160
2024-09-19T05:25:50.616 INFO:teuthology.orchestra.run.smithi012.stdout:/usr/bin/ceph: stderr
2024-09-19T05:25:50.119+0000 7fc17c54d640 1 -- 172.21.15.12:0/2785617592 --> [v2:172.21.15.12:3300/0,v1:172.21.15.12:6789/0] -- mon_command({"prefix": "config assimilate-conf"} v 0) -- 0x7fc174106e90 con 0x7fc174108160
2024-09-19T05:25:50.616 INFO:teuthology.orchestra.run.smithi012.stdout:/usr/bin/ceph: stderr
2024-09-19T05:25:50.120+0000 7fc16b7fe640 1 -- 172.21.15.12:0/2785617592 <== mon.0 v2:172.21.15.12:3300/0 7 ==== mon_command_ack([{"prefix": "config assimilate-conf"}]=0 v3) ==== 70+0+429 (secure 0 0 0) 0x7fc17002ed70 con 0x7fc174108160
2024-09-19T05:25:50.616 INFO:teuthology.orchestra.run.smithi012.stdout:/usr/bin/ceph: stderr
2024-09-19T05:25:50.122+0000 7fc17c54d640 1 -- 172.21.15.12:0/2785617592 >> [v2:172.21.15.12:6800/2205968922,v1:172.21.15.12:6801/2205968922] conn(0x7fc1600391b0 msgr2=0x7fc16003b670 secure :-1 s=STATE_CONNECTION_ESTABLISHED l=1).mark_down
2024-09-19T05:25:50.617 INFO:teuthology.orchestra.run.smithi012.stdout:/usr/bin/ceph: stderr
2024-09-19T05:25:50.122+0000 7fc17c54d640 1 --2- 172.21.15.12:0/2785617592 >> [v2:172.21.15.12:6800/2205968922,v1:172.21.15.12:6801/2205968922] conn(0x7fc1600391b0 0x7fc16003b670 secure :-1 s=READY pgs=7 cs=0 l=1 rev1=1 crypto rx=0x7fc1640098c0 tx=0x7fc164006db0 comp rx=0 tx=0).stop
2024-09-19T05:25:50.617 INFO:teuthology.orchestra.run.smithi012.stdout:/usr/bin/ceph: stderr
2024-09-19T05:25:50.122+0000 7fc17c54d640 1 -- 172.21.15.12:0/2785617592 >> [v2:172.21.15.12:3300/0,v1:172.21.15.12:6789/0] conn(0x7fc174108160 msgr2=0x7fc1741079e0 secure :-1 s=STATE_CONNECTION_ESTABLISHED l=1).mark_down
2024-09-19T05:25:50.617 INFO:teuthology.orchestra.run.smithi012.stdout:/usr/bin/ceph: stderr
2024-09-19T05:25:50.122+0000 7fc17c54d640 1 --2- 172.21.15.12:0/2785617592 >> [v2:172.21.15.12:3300/0,v1:172.21.15.12:6789/0] conn(0x7fc174108160 0x7fc1741079e0 secure :-1 s=READY pgs=19 cs=0 l=1 rev1=1 crypto rx=0x7fc170030520 tx=0x7fc170032dd0 comp rx=0 tx=0).stop
2024-09-19T05:25:50.617 INFO:teuthology.orchestra.run.smithi012.stdout:/usr/bin/ceph: stderr
2024-09-19T05:25:50.122+0000 7fc17c54d640 1 -- 172.21.15.12:0/2785617592 shutdown_connections
2024-09-19T05:25:50.617 INFO:teuthology.orchestra.run.smithi012.stdout:/usr/bin/ceph: stderr
2024-09-19T05:25:50.122+0000 7fc17c54d640 1 --2- 172.21.15.12:0/2785617592 >> [v2:172.21.15.12:6800/2205968922,v1:172.21.15.12:6801/2205968922] conn(0x7fc1600391b0 0x7fc16003b670 unknown :-1 s=CLOSED pgs=7 cs=0 l=1 rev1=1 crypto rx=0 tx=0 comp rx=0 tx=0).stop
2024-09-19T05:25:50.617 INFO:teuthology.orchestra.run.smithi012.stdout:/usr/bin/ceph: stderr
2024-09-19T05:25:50.122+0000 7fc17c54d640 1 --2- 172.21.15.12:0/2785617592 >> [v2:172.21.15.12:3300/0,v1:172.21.15.12:6789/0] conn(0x7fc174108160 0x7fc1741079e0 unknown :-1 s=CLOSED pgs=19 cs=0 l=1 rev1=1 crypto rx=0 tx=0 comp rx=0 tx=0).stop
2024-09-19T05:25:50.617 INFO:teuthology.orchestra.run.smithi012.stdout:/usr/bin/ceph: stderr
2024-09-19T05:25:50.122+0000 7fc17c54d640 1 -- 172.21.15.12:0/2785617592 >> 172.21.15.12:0/2785617592 conn(0x7fc174101d80 msgr2=0x7fc174102950 unknown :-1 s=STATE_NONE l=0).mark_down
2024-09-19T05:25:50.617 INFO:teuthology.orchestra.run.smithi012.stdout:/usr/bin/ceph: stderr
2024-09-19T05:25:50.122+0000 7fc17c54d640 1 -- 172.21.15.12:0/2785617592 shutdown_connections
2024-09-19T05:25:50.617 INFO:teuthology.orchestra.run.smithi012.stdout:/usr/bin/ceph: stderr
2024-09-19T05:25:50.122+0000 7fc17c54d640 1 -- 172.21.15.12:0/2785617592 wait complete.
2024-09-19T05:25:50.617 INFO:teuthology.orchestra.run.smithi012.stdout:Enabling cephadm module...
2024-09-19T05:25:50.733 INFO:journalctl@ceph.mon.a.smithi012.stdout:Sep 19 05:25:50 smithi012 ceph-mon[30963]: from='client.? 172.21.15.12:0/2785617592' entity='client.admin' cmd=[{"prefix": "config assimilate-conf"}]: dispatch
2024-09-19T05:25:52.027 INFO:journalctl@ceph.mon.a.smithi012.stdout:Sep 19 05:25:51 smithi012 ceph-mon[30963]: from='client.? 172.21.15.12:0/1498428882' entity='client.admin' cmd=[{"prefix": "mgr module enable", "module": "cephadm"}]: dispatch
2024-09-19T05:25:52.027 INFO:journalctl@ceph.mgr.x.smithi012.stdout:Sep 19 05:25:51 smithi012 ceph-771bc24c-7647-11ef-bceb-c7b262605968-mgr-x[31189]: ignoring --setuser ceph since I am not root
2024-09-19T05:25:52.027 INFO:journalctl@ceph.mgr.x.smithi012.stdout:Sep 19 05:25:51 smithi012 ceph-771bc24c-7647-11ef-bceb-c7b262605968-mgr-x[31189]: ignoring --setgroup ceph since I am not root
2024-09-19T05:25:52.027 INFO:journalctl@ceph.mgr.x.smithi012.stdout:Sep 19 05:25:51 smithi012 ceph-771bc24c-7647-11ef-bceb-c7b262605968-mgr-x[31189]:
2024-09-19T05:25:51.810+0000 7f4214297040 -1 mgr[py] Module osd_perf_query has missing NOTIFY_TYPES member
2024-09-19T05:25:52.028 INFO:journalctl@ceph.mgr.x.smithi012.stdout:Sep 19 05:25:51 smithi012 ceph-771bc24c-7647-11ef-bceb-c7b262605968-mgr-x[31189]:
2024-09-19T05:25:51.870+0000 7f4214297040 -1 mgr[py] Module osd_support has missing NOTIFY_TYPES member
2024-09-19T05:25:52.028 INFO:journalctl@ceph.mgr.x.smithi012.stdout:Sep 19 05:25:52 smithi012 ceph-771bc24c-7647-11ef-bceb-c7b262605968-mgr-x[31189]:
2024-09-19T05:25:52.025+0000 7f4214297040 -1 mgr[py] Module diskprediction_local has missing NOTIFY_TYPES member
2024-09-19T05:25:52.122 INFO:teuthology.orchestra.run.smithi012.stdout:/usr/bin/ceph: stderr
2024-09-19T05:25:50.975+0000 7f6fde37f640 1 Processor -- start
2024-09-19T05:25:52.122 INFO:teuthology.orchestra.run.smithi012.stdout:/usr/bin/ceph: stderr
2024-09-19T05:25:50.975+0000 7f6fde37f640 1 -- start start
2024-09-19T05:25:52.122 INFO:teuthology.orchestra.run.smithi012.stdout:/usr/bin/ceph: stderr
2024-09-19T05:25:50.975+0000 7f6fde37f640 1 --2- >> [v2:172.21.15.12:3300/0,v1:172.21.15.12:6789/0] conn(0x7f6fd81076e0 0x7f6fd8107ae0 unknown :-1 s=NONE pgs=0 cs=0 l=0 rev1=0 crypto rx=0 tx=0 comp rx=0 tx=0).connect
2024-09-19T05:25:52.122 INFO:teuthology.orchestra.run.smithi012.stdout:/usr/bin/ceph: stderr
2024-09-19T05:25:50.975+0000 7f6fde37f640 1 -- --> [v2:172.21.15.12:3300/0,v1:172.21.15.12:6789/0] -- mon_getmap magic: 0 -- 0x7f6fd81080b0 con 0x7f6fd81076e0
2024-09-19T05:25:52.123 INFO:teuthology.orchestra.run.smithi012.stdout:/usr/bin/ceph: stderr
2024-09-19T05:25:50.975+0000 7f6fd7fff640 1 --2- >> [v2:172.21.15.12:3300/0,v1:172.21.15.12:6789/0] conn(0x7f6fd81076e0 0x7f6fd8107ae0 unknown :-1 s=BANNER_CONNECTING pgs=0 cs=0 l=0 rev1=0 crypto rx=0 tx=0 comp rx=0 tx=0)._handle_peer_banner_payload supported=3 required=0
2024-09-19T05:25:52.123 INFO:teuthology.orchestra.run.smithi012.stdout:/usr/bin/ceph: stderr
2024-09-19T05:25:50.975+0000 7f6fd7fff640 1 --2- >> [v2:172.21.15.12:3300/0,v1:172.21.15.12:6789/0] conn(0x7f6fd81076e0 0x7f6fd8107ae0 unknown :-1 s=HELLO_CONNECTING pgs=0 cs=0 l=0 rev1=1 crypto rx=0 tx=0 comp rx=0 tx=0).handle_hello peer v2:172.21.15.12:3300/0 says I am v2:172.21.15.12:34544/0 (socket says 172.21.15.12:34544)
2024-09-19T05:25:52.123 INFO:teuthology.orchestra.run.smithi012.stdout:/usr/bin/ceph: stderr
2024-09-19T05:25:50.975+0000 7f6fd7fff640 1 -- 172.21.15.12:0/3184546240 learned_addr learned my addr 172.21.15.12:0/3184546240 (peer_addr_for_me v2:172.21.15.12:0/0)
2024-09-19T05:25:52.123 INFO:teuthology.orchestra.run.smithi012.stdout:/usr/bin/ceph: stderr
2024-09-19T05:25:50.975+0000 7f6fd7fff640 1 -- 172.21.15.12:0/3184546240 --> [v2:172.21.15.12:3300/0,v1:172.21.15.12:6789/0] -- mon_subscribe({config=0+,monmap=0+}) -- 0x7f6fd8108840 con 0x7f6fd81076e0
2024-09-19T05:25:52.123 INFO:teuthology.orchestra.run.smithi012.stdout:/usr/bin/ceph: stderr
2024-09-19T05:25:50.976+0000 7f6fd7fff640 1 --2- 172.21.15.12:0/3184546240 >> [v2:172.21.15.12:3300/0,v1:172.21.15.12:6789/0] conn(0x7f6fd81076e0 0x7f6fd8107ae0 secure :-1 s=READY pgs=20 cs=0 l=1 rev1=1 crypto rx=0x7f6fc8009820 tx=0x7f6fc802a270 comp rx=0 tx=0).ready entity=mon.0 client_cookie=d2f4511d0024b242 server_cookie=0 in_seq=0 out_seq=0
2024-09-19T05:25:52.123 INFO:teuthology.orchestra.run.smithi012.stdout:/usr/bin/ceph: stderr
2024-09-19T05:25:50.976+0000 7f6fd6ffd640 1 -- 172.21.15.12:0/3184546240 <== mon.0 v2:172.21.15.12:3300/0 1 ==== mon_map magic: 0 ==== 205+0+0 (secure 0 0 0) 0x7f6fc8037070 con 0x7f6fd81076e0
2024-09-19T05:25:52.123 INFO:teuthology.orchestra.run.smithi012.stdout:/usr/bin/ceph: stderr
2024-09-19T05:25:50.976+0000 7f6fd6ffd640 1 -- 172.21.15.12:0/3184546240 <== mon.0 v2:172.21.15.12:3300/0 2 ==== config(26 keys) ==== 1071+0+0 (secure 0 0 0) 0x7f6fc80328d0 con 0x7f6fd81076e0
2024-09-19T05:25:52.123 INFO:teuthology.orchestra.run.smithi012.stdout:/usr/bin/ceph: stderr
2024-09-19T05:25:50.976+0000 7f6fd6ffd640 1 -- 172.21.15.12:0/3184546240 <== mon.0 v2:172.21.15.12:3300/0 3 ==== mon_map magic: 0 ==== 205+0+0 (secure 0 0 0) 0x7f6fc80307d0 con 0x7f6fd81076e0
2024-09-19T05:25:52.123 INFO:teuthology.orchestra.run.smithi012.stdout:/usr/bin/ceph: stderr
2024-09-19T05:25:50.977+0000 7f6fde37f640 1 -- 172.21.15.12:0/3184546240 >> [v2:172.21.15.12:3300/0,v1:172.21.15.12:6789/0] conn(0x7f6fd81076e0 msgr2=0x7f6fd8107ae0 secure :-1 s=STATE_CONNECTION_ESTABLISHED l=1).mark_down
2024-09-19T05:25:52.123 INFO:teuthology.orchestra.run.smithi012.stdout:/usr/bin/ceph: stderr
2024-09-19T05:25:50.977+0000 7f6fde37f640 1 --2- 172.21.15.12:0/3184546240 >> [v2:172.21.15.12:3300/0,v1:172.21.15.12:6789/0] conn(0x7f6fd81076e0 0x7f6fd8107ae0 secure :-1 s=READY pgs=20 cs=0 l=1 rev1=1 crypto rx=0x7f6fc8009820 tx=0x7f6fc802a270 comp rx=0 tx=0).stop
2024-09-19T05:25:52.123 INFO:teuthology.orchestra.run.smithi012.stdout:/usr/bin/ceph: stderr
2024-09-19T05:25:50.977+0000 7f6fde37f640 1 -- 172.21.15.12:0/3184546240 shutdown_connections
2024-09-19T05:25:52.123 INFO:teuthology.orchestra.run.smithi012.stdout:/usr/bin/ceph: stderr
2024-09-19T05:25:50.977+0000 7f6fde37f640 1 --2- 172.21.15.12:0/3184546240 >> [v2:172.21.15.12:3300/0,v1:172.21.15.12:6789/0] conn(0x7f6fd81076e0 0x7f6fd8107ae0 unknown :-1 s=CLOSED pgs=20 cs=0 l=1 rev1=1 crypto rx=0 tx=0 comp rx=0 tx=0).stop
2024-09-19T05:25:52.124 INFO:teuthology.orchestra.run.smithi012.stdout:/usr/bin/ceph: stderr
2024-09-19T05:25:50.977+0000 7f6fde37f640 1 -- 172.21.15.12:0/3184546240 >> 172.21.15.12:0/3184546240 conn(0x7f6fd8102ed0 msgr2=0x7f6fd81052f0 unknown :-1 s=STATE_NONE l=0).mark_down
2024-09-19T05:25:52.124 INFO:teuthology.orchestra.run.smithi012.stdout:/usr/bin/ceph: stderr
2024-09-19T05:25:50.977+0000 7f6fde37f640 1 -- 172.21.15.12:0/3184546240 shutdown_connections
2024-09-19T05:25:52.124 INFO:teuthology.orchestra.run.smithi012.stdout:/usr/bin/ceph: stderr
2024-09-19T05:25:50.977+0000 7f6fde37f640 1 -- 172.21.15.12:0/3184546240 wait complete.
2024-09-19T05:25:52.124 INFO:teuthology.orchestra.run.smithi012.stdout:/usr/bin/ceph: stderr
2024-09-19T05:25:50.977+0000 7f6fde37f640 1 Processor -- start
2024-09-19T05:25:52.124 INFO:teuthology.orchestra.run.smithi012.stdout:/usr/bin/ceph: stderr
2024-09-19T05:25:50.977+0000 7f6fde37f640 1 -- start start
2024-09-19T05:25:52.124 INFO:teuthology.orchestra.run.smithi012.stdout:/usr/bin/ceph: stderr
2024-09-19T05:25:50.978+0000 7f6fde37f640 1 --2- >> [v2:172.21.15.12:3300/0,v1:172.21.15.12:6789/0] conn(0x7f6fd81076e0 0x7f6fd819b600 unknown :-1 s=NONE pgs=0 cs=0 l=1 rev1=0 crypto rx=0 tx=0 comp rx=0 tx=0).connect
2024-09-19T05:25:52.124 INFO:teuthology.orchestra.run.smithi012.stdout:/usr/bin/ceph: stderr
2024-09-19T05:25:50.978+0000 7f6fde37f640 1 -- --> [v2:172.21.15.12:3300/0,v1:172.21.15.12:6789/0] -- mon_getmap magic: 0 -- 0x7f6fd810bbf0 con 0x7f6fd81076e0
2024-09-19T05:25:52.124 INFO:teuthology.orchestra.run.smithi012.stdout:/usr/bin/ceph: stderr
2024-09-19T05:25:50.978+0000 7f6fd7fff640 1 --2- >> [v2:172.21.15.12:3300/0,v1:172.21.15.12:6789/0] conn(0x7f6fd81076e0 0x7f6fd819b600 unknown :-1 s=BANNER_CONNECTING pgs=0 cs=0 l=1 rev1=0 crypto rx=0 tx=0 comp rx=0 tx=0)._handle_peer_banner_payload supported=3 required=0
2024-09-19T05:25:52.124 INFO:teuthology.orchestra.run.smithi012.stdout:/usr/bin/ceph: stderr
2024-09-19T05:25:50.978+0000 7f6fd7fff640 1 --2- >> [v2:172.21.15.12:3300/0,v1:172.21.15.12:6789/0] conn(0x7f6fd81076e0 0x7f6fd819b600 unknown :-1 s=HELLO_CONNECTING pgs=0 cs=0 l=1 rev1=1 crypto rx=0 tx=0 comp rx=0 tx=0).handle_hello peer v2:172.21.15.12:3300/0 says I am v2:172.21.15.12:34560/0 (socket says 172.21.15.12:34560)
2024-09-19T05:25:52.124 INFO:teuthology.orchestra.run.smithi012.stdout:/usr/bin/ceph: stderr
2024-09-19T05:25:50.978+0000 7f6fd7fff640 1 -- 172.21.15.12:0/1498428882 learned_addr learned my addr 172.21.15.12:0/1498428882 (peer_addr_for_me v2:172.21.15.12:0/0)
2024-09-19T05:25:52.124 INFO:teuthology.orchestra.run.smithi012.stdout:/usr/bin/ceph: stderr
2024-09-19T05:25:50.978+0000 7f6fd7fff640 1 -- 172.21.15.12:0/1498428882 --> [v2:172.21.15.12:3300/0,v1:172.21.15.12:6789/0] -- mon_subscribe({config=0+,monmap=0+}) -- 0x7f6fd819bb40 con 0x7f6fd81076e0
2024-09-19T05:25:52.125 INFO:teuthology.orchestra.run.smithi012.stdout:/usr/bin/ceph: stderr
2024-09-19T05:25:50.978+0000 7f6fd7fff640 1 --2- 172.21.15.12:0/1498428882 >> [v2:172.21.15.12:3300/0,v1:172.21.15.12:6789/0] conn(0x7f6fd81076e0 0x7f6fd819b600 secure :-1 s=READY pgs=21 cs=0 l=1 rev1=1 crypto rx=0x7f6fc80097f0 tx=0x7f6fc8030d00 comp rx=0 tx=0).ready entity=mon.0 client_cookie=0 server_cookie=0 in_seq=0 out_seq=0
2024-09-19T05:25:52.125 INFO:teuthology.orchestra.run.smithi012.stdout:/usr/bin/ceph: stderr
2024-09-19T05:25:50.978+0000 7f6fd57fa640 1 -- 172.21.15.12:0/1498428882 <== mon.0 v2:172.21.15.12:3300/0 1 ==== mon_map magic: 0 ==== 205+0+0 (secure 0 0 0) 0x7f6fc8037040 con 0x7f6fd81076e0
2024-09-19T05:25:52.125 INFO:teuthology.orchestra.run.smithi012.stdout:/usr/bin/ceph: stderr
2024-09-19T05:25:50.978+0000 7f6fd57fa640 1 -- 172.21.15.12:0/1498428882 <== mon.0 v2:172.21.15.12:3300/0 2 ==== config(26 keys) ==== 1071+0+0 (secure 0 0 0) 0x7f6fc8032bb0 con 0x7f6fd81076e0
2024-09-19T05:25:52.125 INFO:teuthology.orchestra.run.smithi012.stdout:/usr/bin/ceph: stderr
2024-09-19T05:25:50.979+0000 7f6fde37f640 1 -- 172.21.15.12:0/1498428882 --> [v2:172.21.15.12:3300/0,v1:172.21.15.12:6789/0] -- mon_subscribe({mgrmap=0+}) -- 0x7f6fd819bdd0 con 0x7f6fd81076e0
2024-09-19T05:25:52.125 INFO:teuthology.orchestra.run.smithi012.stdout:/usr/bin/ceph: stderr
2024-09-19T05:25:50.979+0000 7f6fd57fa640 1 -- 172.21.15.12:0/1498428882 <== mon.0 v2:172.21.15.12:3300/0 3 ==== mon_map magic: 0 ==== 205+0+0 (secure 0 0 0) 0x7f6fc803a390 con 0x7f6fd81076e0
2024-09-19T05:25:52.125 INFO:teuthology.orchestra.run.smithi012.stdout:/usr/bin/ceph: stderr
2024-09-19T05:25:50.979+0000 7f6fde37f640 1 -- 172.21.15.12:0/1498428882 --> [v2:172.21.15.12:3300/0,v1:172.21.15.12:6789/0] -- mon_subscribe({osdmap=0}) -- 0x7f6fd819eac0 con 0x7f6fd81076e0
2024-09-19T05:25:52.125 INFO:teuthology.orchestra.run.smithi012.stdout:/usr/bin/ceph: stderr
2024-09-19T05:25:50.979+0000 7f6fd57fa640 1 -- 172.21.15.12:0/1498428882 <== mon.0 v2:172.21.15.12:3300/0 4 ==== mgrmap(e 4) ==== 46450+0+0 (secure 0 0 0) 0x7f6fc803a580 con 0x7f6fd81076e0
2024-09-19T05:25:52.125 INFO:teuthology.orchestra.run.smithi012.stdout:/usr/bin/ceph: stderr
2024-09-19T05:25:50.980+0000 7f6fd57fa640 1 --2- 172.21.15.12:0/1498428882 >> [v2:172.21.15.12:6800/2205968922,v1:172.21.15.12:6801/2205968922] conn(0x7f6fc00391b0 0x7f6fc003b670 unknown :-1 s=NONE pgs=0 cs=0 l=1 rev1=0 crypto rx=0 tx=0 comp rx=0 tx=0).connect
2024-09-19T05:25:52.125 INFO:teuthology.orchestra.run.smithi012.stdout:/usr/bin/ceph: stderr
2024-09-19T05:25:50.980+0000 7f6fd57fa640 1 -- 172.21.15.12:0/1498428882 <== mon.0 v2:172.21.15.12:3300/0 5 ==== osd_map(1..1 src has 1..1) ==== 725+0+0 (secure 0 0 0) 0x7f6fc806c6b0 con 0x7f6fd81076e0
2024-09-19T05:25:52.126 INFO:teuthology.orchestra.run.smithi012.stdout:/usr/bin/ceph: stderr
2024-09-19T05:25:50.980+0000 7f6fde37f640 1 -- 172.21.15.12:0/1498428882 --> [v2:172.21.15.12:3300/0,v1:172.21.15.12:6789/0] -- mon_command({"prefix": "get_command_descriptions"} v 0) -- 0x7f6fd810bd70 con 0x7f6fd81076e0
2024-09-19T05:25:52.126 INFO:teuthology.orchestra.run.smithi012.stdout:/usr/bin/ceph: stderr
2024-09-19T05:25:50.980+0000 7f6fd77fe640 1 --2- 172.21.15.12:0/1498428882 >> [v2:172.21.15.12:6800/2205968922,v1:172.21.15.12:6801/2205968922] conn(0x7f6fc00391b0 0x7f6fc003b670 unknown :-1 s=BANNER_CONNECTING pgs=0 cs=0 l=1 rev1=0 crypto rx=0 tx=0 comp rx=0 tx=0)._handle_peer_banner_payload supported=3 required=0
2024-09-19T05:25:52.126 INFO:teuthology.orchestra.run.smithi012.stdout:/usr/bin/ceph: stderr
2024-09-19T05:25:50.980+0000 7f6fd77fe640 1 --2- 172.21.15.12:0/1498428882 >> [v2:172.21.15.12:6800/2205968922,v1:172.21.15.12:6801/2205968922] conn(0x7f6fc00391b0 0x7f6fc003b670 secure :-1 s=READY pgs=8 cs=0 l=1 rev1=1 crypto rx=0x7f6fcc0098c0 tx=0x7f6fcc006db0 comp rx=0 tx=0).ready entity=mgr.14100 client_cookie=0 server_cookie=0 in_seq=0 out_seq=0
2024-09-19T05:25:52.126 INFO:teuthology.orchestra.run.smithi012.stdout:/usr/bin/ceph: stderr
2024-09-19T05:25:50.984+0000 7f6fd57fa640 1 -- 172.21.15.12:0/1498428882 <== mon.0 v2:172.21.15.12:3300/0 6 ==== mon_command_ack([{"prefix": "get_command_descriptions"}]=0 v0) ==== 72+0+188913 (secure 0 0 0) 0x7f6fc8032dd0 con 0x7f6fd81076e0
2024-09-19T05:25:52.126 INFO:teuthology.orchestra.run.smithi012.stdout:/usr/bin/ceph: stderr
2024-09-19T05:25:51.212+0000 7f6fde37f640 1 -- 172.21.15.12:0/1498428882 --> [v2:172.21.15.12:3300/0,v1:172.21.15.12:6789/0] -- mon_command({"prefix": "mgr module enable", "module": "cephadm"} v 0) -- 0x7f6fd819f110 con 0x7f6fd81076e0
2024-09-19T05:25:52.126 INFO:teuthology.orchestra.run.smithi012.stdout:/usr/bin/ceph: stderr
2024-09-19T05:25:51.664+0000 7f6fd57fa640 1 -- 172.21.15.12:0/1498428882 <== mon.0 v2:172.21.15.12:3300/0 7 ==== mon_command_ack([{"prefix": "mgr module enable", "module": "cephadm"}]=0 v5) ==== 86+0+0 (secure 0 0 0) 0x7f6fc806c0d0 con 0x7f6fd81076e0
2024-09-19T05:25:52.126 INFO:teuthology.orchestra.run.smithi012.stdout:/usr/bin/ceph: stderr
2024-09-19T05:25:51.666+0000 7f6fd57fa640 1 -- 172.21.15.12:0/1498428882 <== mon.0 v2:172.21.15.12:3300/0 8 ==== mgrmap(e 5) ==== 46461+0+0 (secure 0 0 0) 0x7f6fc8042c20 con 0x7f6fd81076e0
2024-09-19T05:25:52.126 INFO:teuthology.orchestra.run.smithi012.stdout:/usr/bin/ceph: stderr
2024-09-19T05:25:51.667+0000 7f6fde37f640 1 -- 172.21.15.12:0/1498428882 >> [v2:172.21.15.12:6800/2205968922,v1:172.21.15.12:6801/2205968922] conn(0x7f6fc00391b0 msgr2=0x7f6fc003b670 secure :-1 s=STATE_CONNECTION_ESTABLISHED l=1).mark_down
2024-09-19T05:25:52.126 INFO:teuthology.orchestra.run.smithi012.stdout:/usr/bin/ceph: stderr
2024-09-19T05:25:51.667+0000 7f6fde37f640 1 --2- 172.21.15.12:0/1498428882 >> [v2:172.21.15.12:6800/2205968922,v1:172.21.15.12:6801/2205968922] conn(0x7f6fc00391b0 0x7f6fc003b670 secure :-1 s=READY pgs=8 cs=0 l=1 rev1=1 crypto rx=0x7f6fcc0098c0 tx=0x7f6fcc006db0 comp rx=0 tx=0).stop
2024-09-19T05:25:52.126 INFO:teuthology.orchestra.run.smithi012.stdout:/usr/bin/ceph: stderr
2024-09-19T05:25:51.667+0000 7f6fde37f640 1 -- 172.21.15.12:0/1498428882 >> [v2:172.21.15.12:3300/0,v1:172.21.15.12:6789/0] conn(0x7f6fd81076e0 msgr2=0x7f6fd819b600 secure :-1 s=STATE_CONNECTION_ESTABLISHED l=1).mark_down
2024-09-19T05:25:52.126 INFO:teuthology.orchestra.run.smithi012.stdout:/usr/bin/ceph: stderr
2024-09-19T05:25:51.667+0000 7f6fde37f640 1 --2- 172.21.15.12:0/1498428882 >> [v2:172.21.15.12:3300/0,v1:172.21.15.12:6789/0] conn(0x7f6fd81076e0 0x7f6fd819b600 secure :-1 s=READY pgs=21 cs=0 l=1 rev1=1 crypto rx=0x7f6fc80097f0 tx=0x7f6fc8030d00 comp rx=0 tx=0).stop
2024-09-19T05:25:52.126 INFO:teuthology.orchestra.run.smithi012.stdout:/usr/bin/ceph: stderr
2024-09-19T05:25:51.667+0000 7f6fde37f640 1 -- 172.21.15.12:0/1498428882 shutdown_connections
2024-09-19T05:25:52.127 INFO:teuthology.orchestra.run.smithi012.stdout:/usr/bin/ceph: stderr
2024-09-19T05:25:51.667+0000 7f6fde37f640 1 --2- 172.21.15.12:0/1498428882 >> [v2:172.21.15.12:6800/2205968922,v1:172.21.15.12:6801/2205968922] conn(0x7f6fc00391b0 0x7f6fc003b670 unknown :-1 s=CLOSED pgs=8 cs=0 l=1 rev1=1 crypto rx=0 tx=0 comp rx=0 tx=0).stop
2024-09-19T05:25:52.127 INFO:teuthology.orchestra.run.smithi012.stdout:/usr/bin/ceph: stderr
2024-09-19T05:25:51.667+0000 7f6fde37f640 1 --2- 172.21.15.12:0/1498428882 >> [v2:172.21.15.12:3300/0,v1:172.21.15.12:6789/0] conn(0x7f6fd81076e0 0x7f6fd819b600 unknown :-1 s=CLOSED pgs=21 cs=0 l=1 rev1=1 crypto rx=0 tx=0 comp rx=0 tx=0).stop
2024-09-19T05:25:52.127 INFO:teuthology.orchestra.run.smithi012.stdout:/usr/bin/ceph: stderr
2024-09-19T05:25:51.667+0000 7f6fde37f640 1 -- 172.21.15.12:0/1498428882 >> 172.21.15.12:0/1498428882 conn(0x7f6fd8102ed0 msgr2=0x7f6fd8103a30 unknown :-1 s=STATE_NONE l=0).mark_down
2024-09-19T05:25:52.127 INFO:teuthology.orchestra.run.smithi012.stdout:/usr/bin/ceph: stderr
2024-09-19T05:25:51.667+0000 7f6fde37f640 1 -- 172.21.15.12:0/1498428882 shutdown_connections
2024-09-19T05:25:52.127 INFO:teuthology.orchestra.run.smithi012.stdout:/usr/bin/ceph: stderr
2024-09-19T05:25:51.668+0000 7f6fde37f640 1 -- 172.21.15.12:0/1498428882 wait complete.
2024-09-19T05:25:52.354 INFO:journalctl@ceph.mgr.x.smithi012.stdout:Sep 19 05:25:52 smithi012 ceph-771bc24c-7647-11ef-bceb-c7b262605968-mgr-x[31189]:
2024-09-19T05:25:52.095+0000 7f4214297040 -1 mgr[py] Module crash has missing NOTIFY_TYPES member
2024-09-19T05:25:52.354 INFO:journalctl@ceph.mgr.x.smithi012.stdout:Sep 19 05:25:52 smithi012 ceph-771bc24c-7647-11ef-bceb-c7b262605968-mgr-x[31189]:
2024-09-19T05:25:52.256+0000 7f4214297040 -1 mgr[py] Module test_orchestrator has missing NOTIFY_TYPES member
2024-09-19T05:25:52.612 INFO:journalctl@ceph.mgr.x.smithi012.stdout:Sep 19 05:25:52 smithi012 ceph-771bc24c-7647-11ef-bceb-c7b262605968-mgr-x[31189]:
2024-09-19T05:25:52.405+0000 7f4214297040 -1 mgr[py] Module snap_schedule has missing NOTIFY_TYPES member
2024-09-19T05:25:53.006 INFO:journalctl@ceph.mon.a.smithi012.stdout:Sep 19 05:25:52 smithi012 ceph-mon[30963]: from='client.? 172.21.15.12:0/1498428882' entity='client.admin' cmd='[{"prefix": "mgr module enable", "module": "cephadm"}]': finished
2024-09-19T05:25:53.007 INFO:journalctl@ceph.mon.a.smithi012.stdout:Sep 19 05:25:52 smithi012 ceph-mon[30963]: mgrmap e5: x(active, since 5s)
2024-09-19T05:25:53.007 INFO:journalctl@ceph.mgr.x.smithi012.stdout:Sep 19 05:25:52 smithi012 ceph-771bc24c-7647-11ef-bceb-c7b262605968-mgr-x[31189]:
2024-09-19T05:25:52.737+0000 7f4214297040 -1 mgr[py] Module prometheus has missing NOTIFY_TYPES member
2024-09-19T05:25:53.007 INFO:journalctl@ceph.mgr.x.smithi012.stdout:Sep 19 05:25:52 smithi012 ceph-771bc24c-7647-11ef-bceb-c7b262605968-mgr-x[31189]:
2024-09-19T05:25:52.807+0000 7f4214297040 -1 mgr[py] Module selftest has missing NOTIFY_TYPES member
2024-09-19T05:25:53.007 INFO:journalctl@ceph.mgr.x.smithi012.stdout:Sep 19 05:25:53 smithi012 ceph-771bc24c-7647-11ef-bceb-c7b262605968-mgr-x[31189]:
2024-09-19T05:25:53.004+0000 7f4214297040 -1 mgr[py] Module volumes has missing NOTIFY_TYPES member
2024-09-19T05:25:53.371 INFO:teuthology.orchestra.run.smithi012.stdout:/usr/bin/ceph: stdout {
2024-09-19T05:25:53.371 INFO:teuthology.orchestra.run.smithi012.stdout:/usr/bin/ceph: stdout "epoch": 5,
2024-09-19T05:25:53.371 INFO:teuthology.orchestra.run.smithi012.stdout:/usr/bin/ceph: stdout "available": true,
2024-09-19T05:25:53.371 INFO:teuthology.orchestra.run.smithi012.stdout:/usr/bin/ceph: stdout "active_name": "x",
2024-09-19T05:25:53.371 INFO:teuthology.orchestra.run.smithi012.stdout:/usr/bin/ceph: stdout "num_standby": 0
2024-09-19T05:25:53.371 INFO:teuthology.orchestra.run.smithi012.stdout:/usr/bin/ceph: stdout }
2024-09-19T05:25:53.371 INFO:teuthology.orchestra.run.smithi012.stdout:/usr/bin/ceph: stderr
2024-09-19T05:25:52.536+0000 7f793dac0640 1 Processor -- start
2024-09-19T05:25:53.371 INFO:teuthology.orchestra.run.smithi012.stdout:/usr/bin/ceph: stderr
2024-09-19T05:25:52.536+0000 7f793dac0640 1 -- start start
2024-09-19T05:25:53.371 INFO:teuthology.orchestra.run.smithi012.stdout:/usr/bin/ceph: stderr
2024-09-19T05:25:52.536+0000 7f793dac0640 1 --2- >> [v2:172.21.15.12:3300/0,v1:172.21.15.12:6789/0] conn(0x7f7938108160 0x7f793810a550 unknown :-1 s=NONE pgs=0 cs=0 l=0 rev1=0 crypto rx=0 tx=0 comp rx=0 tx=0).connect
2024-09-19T05:25:53.371 INFO:teuthology.orchestra.run.smithi012.stdout:/usr/bin/ceph: stderr
2024-09-19T05:25:52.536+0000 7f793dac0640 1 -- --> [v2:172.21.15.12:3300/0,v1:172.21.15.12:6789/0] -- mon_getmap magic: 0 -- 0x7f793807bdc0 con 0x7f7938108160
2024-09-19T05:25:53.371 INFO:teuthology.orchestra.run.smithi012.stdout:/usr/bin/ceph: stderr
2024-09-19T05:25:52.536+0000 7f79377fe640 1 --2- >> [v2:172.21.15.12:3300/0,v1:172.21.15.12:6789/0] conn(0x7f7938108160 0x7f793810a550 unknown :-1 s=BANNER_CONNECTING pgs=0 cs=0 l=0 rev1=0 crypto rx=0 tx=0 comp rx=0 tx=0)._handle_peer_banner_payload supported=3 required=0
2024-09-19T05:25:53.372 INFO:teuthology.orchestra.run.smithi012.stdout:/usr/bin/ceph: stderr
2024-09-19T05:25:52.536+0000 7f79377fe640 1 --2- >> [v2:172.21.15.12:3300/0,v1:172.21.15.12:6789/0] conn(0x7f7938108160 0x7f793810a550 unknown :-1 s=HELLO_CONNECTING pgs=0 cs=0 l=0 rev1=1 crypto rx=0 tx=0 comp rx=0 tx=0).handle_hello peer v2:172.21.15.12:3300/0 says I am v2:172.21.15.12:34584/0 (socket says 172.21.15.12:34584)
2024-09-19T05:25:53.372 INFO:teuthology.orchestra.run.smithi012.stdout:/usr/bin/ceph: stderr
2024-09-19T05:25:52.536+0000 7f79377fe640 1 -- 172.21.15.12:0/1460424398 learned_addr learned my addr 172.21.15.12:0/1460424398 (peer_addr_for_me v2:172.21.15.12:0/0)
2024-09-19T05:25:53.372 INFO:teuthology.orchestra.run.smithi012.stdout:/usr/bin/ceph: stderr
2024-09-19T05:25:52.537+0000 7f79377fe640 1 -- 172.21.15.12:0/1460424398 --> [v2:172.21.15.12:3300/0,v1:172.21.15.12:6789/0] -- mon_subscribe({config=0+,monmap=0+}) -- 0x7f793810aa90 con 0x7f7938108160
2024-09-19T05:25:53.372 INFO:teuthology.orchestra.run.smithi012.stdout:/usr/bin/ceph: stderr
2024-09-19T05:25:52.537+0000 7f79377fe640 1 --2- 172.21.15.12:0/1460424398 >> [v2:172.21.15.12:3300/0,v1:172.21.15.12:6789/0] conn(0x7f7938108160 0x7f793810a550 secure :-1 s=READY pgs=24 cs=0 l=1 rev1=1 crypto rx=0x7f7928009820 tx=0x7f792802a270 comp rx=0 tx=0).ready entity=mon.0 client_cookie=cd8bf68a89a186dd server_cookie=0 in_seq=0 out_seq=0
2024-09-19T05:25:53.372 INFO:teuthology.orchestra.run.smithi012.stdout:/usr/bin/ceph: stderr
2024-09-19T05:25:52.538+0000 7f79367fc640 1 -- 172.21.15.12:0/1460424398 <== mon.0 v2:172.21.15.12:3300/0 1 ==== mon_map magic: 0 ==== 205+0+0 (secure 0 0 0) 0x7f7928037070 con 0x7f7938108160
2024-09-19T05:25:53.372 INFO:teuthology.orchestra.run.smithi012.stdout:/usr/bin/ceph: stderr
2024-09-19T05:25:52.538+0000 7f79367fc640 1 -- 172.21.15.12:0/1460424398 <== mon.0 v2:172.21.15.12:3300/0 2 ==== config(26 keys) ==== 1071+0+0 (secure 0 0 0) 0x7f79280328d0 con 0x7f7938108160
2024-09-19T05:25:53.372 INFO:teuthology.orchestra.run.smithi012.stdout:/usr/bin/ceph: stderr
2024-09-19T05:25:52.538+0000 7f79367fc640 1 -- 172.21.15.12:0/1460424398 <== mon.0 v2:172.21.15.12:3300/0 3 ==== mon_map magic: 0 ==== 205+0+0 (secure 0 0 0) 0x7f79280307d0 con 0x7f7938108160
2024-09-19T05:25:53.372 INFO:teuthology.orchestra.run.smithi012.stdout:/usr/bin/ceph: stderr
2024-09-19T05:25:52.538+0000 7f793dac0640 1 -- 172.21.15.12:0/1460424398 >> [v2:172.21.15.12:3300/0,v1:172.21.15.12:6789/0] conn(0x7f7938108160 msgr2=0x7f793810a550 secure :-1 s=STATE_CONNECTION_ESTABLISHED l=1).mark_down
2024-09-19T05:25:53.372 INFO:teuthology.orchestra.run.smithi012.stdout:/usr/bin/ceph: stderr
2024-09-19T05:25:52.538+0000 7f793dac0640 1 --2- 172.21.15.12:0/1460424398 >> [v2:172.21.15.12:3300/0,v1:172.21.15.12:6789/0] conn(0x7f7938108160 0x7f793810a550 secure :-1 s=READY pgs=24 cs=0 l=1 rev1=1 crypto rx=0x7f7928009820 tx=0x7f792802a270 comp rx=0 tx=0).stop
2024-09-19T05:25:53.372 INFO:teuthology.orchestra.run.smithi012.stdout:/usr/bin/ceph: stderr
2024-09-19T05:25:52.538+0000 7f793dac0640 1 -- 172.21.15.12:0/1460424398 shutdown_connections
2024-09-19T05:25:53.373 INFO:teuthology.orchestra.run.smithi012.stdout:/usr/bin/ceph: stderr
2024-09-19T05:25:52.538+0000 7f793dac0640 1 --2- 172.21.15.12:0/1460424398 >> [v2:172.21.15.12:3300/0,v1:172.21.15.12:6789/0] conn(0x7f7938108160 0x7f793810a550 unknown :-1 s=CLOSED pgs=24 cs=0 l=1 rev1=1 crypto rx=0 tx=0 comp rx=0 tx=0).stop
2024-09-19T05:25:53.373 INFO:teuthology.orchestra.run.smithi012.stdout:/usr/bin/ceph: stderr
2024-09-19T05:25:52.538+0000 7f793dac0640 1 -- 172.21.15.12:0/1460424398 >> 172.21.15.12:0/1460424398 conn(0x7f7938101d80 msgr2=0x7f79381041a0 unknown :-1 s=STATE_NONE l=0).mark_down
2024-09-19T05:25:53.373 INFO:teuthology.orchestra.run.smithi012.stdout:/usr/bin/ceph: stderr
2024-09-19T05:25:52.538+0000 7f793dac0640 1 -- 172.21.15.12:0/1460424398 shutdown_connections
2024-09-19T05:25:53.373 INFO:teuthology.orchestra.run.smithi012.stdout:/usr/bin/ceph: stderr
2024-09-19T05:25:52.538+0000 7f793dac0640 1 -- 172.21.15.12:0/1460424398 wait complete.
2024-09-19T05:25:53.373 INFO:teuthology.orchestra.run.smithi012.stdout:/usr/bin/ceph: stderr
2024-09-19T05:25:52.539+0000 7f793dac0640 1 Processor -- start
2024-09-19T05:25:53.373 INFO:teuthology.orchestra.run.smithi012.stdout:/usr/bin/ceph: stderr
2024-09-19T05:25:52.539+0000 7f793dac0640 1 -- start start
2024-09-19T05:25:53.373 INFO:teuthology.orchestra.run.smithi012.stdout:/usr/bin/ceph: stderr
2024-09-19T05:25:52.540+0000 7f793dac0640 1 --2- >> [v2:172.21.15.12:3300/0,v1:172.21.15.12:6789/0] conn(0x7f7938108160 0x7f793819b5f0 unknown :-1 s=NONE pgs=0 cs=0 l=1 rev1=0 crypto rx=0 tx=0 comp rx=0 tx=0).connect
2024-09-19T05:25:53.373 INFO:teuthology.orchestra.run.smithi012.stdout:/usr/bin/ceph: stderr
2024-09-19T05:25:52.540+0000 7f793dac0640 1 -- --> [v2:172.21.15.12:3300/0,v1:172.21.15.12:6789/0] -- mon_getmap magic: 0 -- 0x7f793810b9b0 con 0x7f7938108160
2024-09-19T05:25:53.373 INFO:teuthology.orchestra.run.smithi012.stdout:/usr/bin/ceph: stderr
2024-09-19T05:25:52.540+0000 7f79377fe640 1 --2- >> [v2:172.21.15.12:3300/0,v1:172.21.15.12:6789/0] conn(0x7f7938108160 0x7f793819b5f0 unknown :-1 s=BANNER_CONNECTING pgs=0 cs=0 l=1 rev1=0 crypto rx=0 tx=0 comp rx=0 tx=0)._handle_peer_banner_payload supported=3 required=0
2024-09-19T05:25:53.374 INFO:teuthology.orchestra.run.smithi012.stdout:/usr/bin/ceph: stderr
2024-09-19T05:25:52.540+0000 7f79377fe640 1 --2- >> [v2:172.21.15.12:3300/0,v1:172.21.15.12:6789/0] conn(0x7f7938108160 0x7f793819b5f0 unknown :-1 s=HELLO_CONNECTING pgs=0 cs=0 l=1 rev1=1 crypto rx=0 tx=0 comp rx=0 tx=0).handle_hello peer v2:172.21.15.12:3300/0 says I am v2:172.21.15.12:34598/0 (socket says 172.21.15.12:34598)
2024-09-19T05:25:53.374 INFO:teuthology.orchestra.run.smithi012.stdout:/usr/bin/ceph: stderr
2024-09-19T05:25:52.540+0000 7f79377fe640 1 -- 172.21.15.12:0/983971876 learned_addr learned my addr 172.21.15.12:0/983971876 (peer_addr_for_me v2:172.21.15.12:0/0)
2024-09-19T05:25:53.374 INFO:teuthology.orchestra.run.smithi012.stdout:/usr/bin/ceph: stderr
2024-09-19T05:25:52.540+0000 7f79377fe640 1 -- 172.21.15.12:0/983971876 --> [v2:172.21.15.12:3300/0,v1:172.21.15.12:6789/0] -- mon_subscribe({config=0+,monmap=0+}) -- 0x7f793819bb30 con 0x7f7938108160
2024-09-19T05:25:53.374 INFO:teuthology.orchestra.run.smithi012.stdout:/usr/bin/ceph: stderr
2024-09-19T05:25:52.540+0000 7f79377fe640 1 --2- 172.21.15.12:0/983971876 >> [v2:172.21.15.12:3300/0,v1:172.21.15.12:6789/0] conn(0x7f7938108160 0x7f793819b5f0 secure :-1 s=READY pgs=25 cs=0 l=1 rev1=1 crypto rx=0x7f79280097f0 tx=0x7f7928030d00 comp rx=0 tx=0).ready entity=mon.0 client_cookie=0 server_cookie=0 in_seq=0 out_seq=0
2024-09-19T05:25:53.374 INFO:teuthology.orchestra.run.smithi012.stdout:/usr/bin/ceph: stderr
2024-09-19T05:25:52.540+0000 7f7934ff9640 1 -- 172.21.15.12:0/983971876 <== mon.0 v2:172.21.15.12:3300/0 1 ==== mon_map magic: 0 ==== 205+0+0 (secure 0 0 0) 0x7f7928037040 con 0x7f7938108160
2024-09-19T05:25:53.374 INFO:teuthology.orchestra.run.smithi012.stdout:/usr/bin/ceph: stderr
2024-09-19T05:25:52.540+0000 7f7934ff9640 1 -- 172.21.15.12:0/983971876 <== mon.0 v2:172.21.15.12:3300/0 2 ==== config(26 keys) ==== 1071+0+0 (secure 0 0 0) 0x7f792803b3f0 con 0x7f7938108160
2024-09-19T05:25:53.374 INFO:teuthology.orchestra.run.smithi012.stdout:/usr/bin/ceph: stderr
2024-09-19T05:25:52.541+0000 7f7934ff9640 1 -- 172.21.15.12:0/983971876 <== mon.0 v2:172.21.15.12:3300/0 3 ==== mon_map magic: 0 ==== 205+0+0 (secure 0 0 0) 0x7f792803a520 con 0x7f7938108160
