2024-09-19T05:32:44.823 INFO:teuthology.orchestra.run.smithi007.stdout:/usr/bin/ceph: stderr
2024-09-19T05:32:44.071+0000 7f2147fff640 1 --2- 172.21.15.7:0/3320771895 >> [v2:172.21.15.7:6800/1981991597,v1:172.21.15.7:6801/1981991597] conn(0x7f2134039050 0x7f213403b510 secure :-1 s=READY pgs=6 cs=0 l=1 rev1=1 crypto rx=0x7f213800ad30 tx=0x7f21380093f0 comp rx=0 tx=0).ready entity=mgr.14100 client_cookie=0 server_cookie=0 in_seq=0 out_seq=0
2024-09-19T05:32:44.823 INFO:teuthology.orchestra.run.smithi007.stdout:/usr/bin/ceph: stderr
2024-09-19T05:32:44.075+0000 7f2145ffb640 1 -- 172.21.15.7:0/3320771895 <== mon.0 v2:172.21.15.7:3300/0 6 ==== mon_command_ack([{"prefix": "get_command_descriptions"}]=0 v0) ==== 72+0+188913 (secure 0 0 0) 0x7f21400371e0 con 0x7f21481081b0
2024-09-19T05:32:44.823 INFO:teuthology.orchestra.run.smithi007.stdout:/usr/bin/ceph: stderr
2024-09-19T05:32:44.095+0000 7f2145ffb640 1 -- 172.21.15.7:0/3320771895 <== mon.0 v2:172.21.15.7:3300/0 7 ==== mgrmap(e 4) ==== 46450+0+0 (secure 0 0 0) 0x7f2140032b10 con 0x7f21481081b0
2024-09-19T05:32:44.823 INFO:teuthology.orchestra.run.smithi007.stdout:/usr/bin/ceph: stderr
2024-09-19T05:32:44.324+0000 7f214f206640 1 -- 172.21.15.7:0/3320771895 --> [v2:172.21.15.7:3300/0,v1:172.21.15.7:6789/0] -- mon_command({"prefix": "status", "format": "json-pretty"} v 0) -- 0x7f214819f170 con 0x7f21481081b0
2024-09-19T05:32:44.823 INFO:teuthology.orchestra.run.smithi007.stdout:/usr/bin/ceph: stderr
2024-09-19T05:32:44.324+0000 7f2145ffb640 1 -- 172.21.15.7:0/3320771895 <== mon.0 v2:172.21.15.7:3300/0 8 ==== mon_command_ack([{"prefix": "status", "format": "json-pretty"}]=0 v0) ==== 79+0+1290 (secure 0 0 0) 0x7f21400435a0 con 0x7f21481081b0
2024-09-19T05:32:44.823 INFO:teuthology.orchestra.run.smithi007.stdout:/usr/bin/ceph: stderr
2024-09-19T05:32:44.327+0000 7f214f206640 1 -- 172.21.15.7:0/3320771895 >> [v2:172.21.15.7:6800/1981991597,v1:172.21.15.7:6801/1981991597] conn(0x7f2134039050 msgr2=0x7f213403b510 secure :-1 s=STATE_CONNECTION_ESTABLISHED l=1).mark_down
2024-09-19T05:32:44.823 INFO:teuthology.orchestra.run.smithi007.stdout:/usr/bin/ceph: stderr
2024-09-19T05:32:44.327+0000 7f214f206640 1 --2- 172.21.15.7:0/3320771895 >> [v2:172.21.15.7:6800/1981991597,v1:172.21.15.7:6801/1981991597] conn(0x7f2134039050 0x7f213403b510 secure :-1 s=READY pgs=6 cs=0 l=1 rev1=1 crypto rx=0x7f213800ad30 tx=0x7f21380093f0 comp rx=0 tx=0).stop
2024-09-19T05:32:44.823 INFO:teuthology.orchestra.run.smithi007.stdout:/usr/bin/ceph: stderr
2024-09-19T05:32:44.327+0000 7f214f206640 1 -- 172.21.15.7:0/3320771895 >> [v2:172.21.15.7:3300/0,v1:172.21.15.7:6789/0] conn(0x7f21481081b0 msgr2=0x7f214819b6d0 secure :-1 s=STATE_CONNECTION_ESTABLISHED l=1).mark_down
2024-09-19T05:32:44.823 INFO:teuthology.orchestra.run.smithi007.stdout:/usr/bin/ceph: stderr
2024-09-19T05:32:44.327+0000 7f214f206640 1 --2- 172.21.15.7:0/3320771895 >> [v2:172.21.15.7:3300/0,v1:172.21.15.7:6789/0] conn(0x7f21481081b0 0x7f214819b6d0 secure :-1 s=READY pgs=17 cs=0 l=1 rev1=1 crypto rx=0x7f21400097f0 tx=0x7f2140030d00 comp rx=0 tx=0).stop
2024-09-19T05:32:44.823 INFO:teuthology.orchestra.run.smithi007.stdout:/usr/bin/ceph: stderr
2024-09-19T05:32:44.328+0000 7f214f206640 1 -- 172.21.15.7:0/3320771895 shutdown_connections
2024-09-19T05:32:44.823 INFO:teuthology.orchestra.run.smithi007.stdout:/usr/bin/ceph: stderr
2024-09-19T05:32:44.328+0000 7f214f206640 1 --2- 172.21.15.7:0/3320771895 >> [v2:172.21.15.7:6800/1981991597,v1:172.21.15.7:6801/1981991597] conn(0x7f2134039050 0x7f213403b510 unknown :-1 s=CLOSED pgs=6 cs=0 l=1 rev1=1 crypto rx=0 tx=0 comp rx=0 tx=0).stop
2024-09-19T05:32:44.823 INFO:teuthology.orchestra.run.smithi007.stdout:/usr/bin/ceph: stderr
2024-09-19T05:32:44.328+0000 7f214f206640 1 --2- 172.21.15.7:0/3320771895 >> [v2:172.21.15.7:3300/0,v1:172.21.15.7:6789/0] conn(0x7f21481081b0 0x7f214819b6d0 unknown :-1 s=CLOSED pgs=17 cs=0 l=1 rev1=1 crypto rx=0 tx=0 comp rx=0 tx=0).stop
2024-09-19T05:32:44.823 INFO:teuthology.orchestra.run.smithi007.stdout:/usr/bin/ceph: stderr
2024-09-19T05:32:44.328+0000 7f214f206640 1 -- 172.21.15.7:0/3320771895 >> 172.21.15.7:0/3320771895 conn(0x7f2148101dd0 msgr2=0x7f21481029d0 unknown :-1 s=STATE_NONE l=0).mark_down
2024-09-19T05:32:44.823 INFO:teuthology.orchestra.run.smithi007.stdout:/usr/bin/ceph: stderr
2024-09-19T05:32:44.328+0000 7f214f206640 1 -- 172.21.15.7:0/3320771895 shutdown_connections
2024-09-19T05:32:44.824 INFO:teuthology.orchestra.run.smithi007.stdout:/usr/bin/ceph: stderr
2024-09-19T05:32:44.328+0000 7f214f206640 1 -- 172.21.15.7:0/3320771895 wait complete.
2024-09-19T05:32:44.824 INFO:teuthology.orchestra.run.smithi007.stdout:mgr is available
2024-09-19T05:32:45.359 INFO:journalctl@ceph.mon.a.smithi007.stdout:Sep 19 05:32:45 smithi007 ceph-mon[30960]: mgrmap e4: x(active, since 2s)
2024-09-19T05:32:45.359 INFO:journalctl@ceph.mon.a.smithi007.stdout:Sep 19 05:32:45 smithi007 ceph-mon[30960]: from='client.? 172.21.15.7:0/3320771895' entity='client.admin' cmd=[{"prefix": "status", "format": "json-pretty"}]: dispatch
2024-09-19T05:32:45.949 INFO:teuthology.orchestra.run.smithi007.stdout:/usr/bin/ceph: stdout
2024-09-19T05:32:45.950 INFO:teuthology.orchestra.run.smithi007.stdout:/usr/bin/ceph: stdout [global]
2024-09-19T05:32:45.950 INFO:teuthology.orchestra.run.smithi007.stdout:/usr/bin/ceph: stdout fsid = 6ed8e528-7648-11ef-bceb-c7b262605968
2024-09-19T05:32:45.950 INFO:teuthology.orchestra.run.smithi007.stdout:/usr/bin/ceph: stdout mon_host = [v2:172.21.15.7:3300,v1:172.21.15.7:6789]
2024-09-19T05:32:45.950 INFO:teuthology.orchestra.run.smithi007.stdout:/usr/bin/ceph: stdout mon_osd_allow_pg_remap = true
2024-09-19T05:32:45.950 INFO:teuthology.orchestra.run.smithi007.stdout:/usr/bin/ceph: stdout mon_osd_allow_primary_affinity = true
2024-09-19T05:32:45.950 INFO:teuthology.orchestra.run.smithi007.stdout:/usr/bin/ceph: stdout mon_warn_on_no_sortbitwise = false
2024-09-19T05:32:45.950 INFO:teuthology.orchestra.run.smithi007.stdout:/usr/bin/ceph: stdout osd_crush_chooseleaf_type = 0
2024-09-19T05:32:45.950 INFO:teuthology.orchestra.run.smithi007.stdout:/usr/bin/ceph: stdout
2024-09-19T05:32:45.950 INFO:teuthology.orchestra.run.smithi007.stdout:/usr/bin/ceph: stdout [mgr]
2024-09-19T05:32:45.950 INFO:teuthology.orchestra.run.smithi007.stdout:/usr/bin/ceph: stdout mgr/telemetry/nag = false
2024-09-19T05:32:45.950 INFO:teuthology.orchestra.run.smithi007.stdout:/usr/bin/ceph: stdout
2024-09-19T05:32:45.951 INFO:teuthology.orchestra.run.smithi007.stdout:/usr/bin/ceph: stdout [osd]
2024-09-19T05:32:45.951 INFO:teuthology.orchestra.run.smithi007.stdout:/usr/bin/ceph: stdout mon_osd_backfillfull_ratio = 0.85
2024-09-19T05:32:45.951 INFO:teuthology.orchestra.run.smithi007.stdout:/usr/bin/ceph: stdout mon_osd_full_ratio = 0.9
2024-09-19T05:32:45.951 INFO:teuthology.orchestra.run.smithi007.stdout:/usr/bin/ceph: stdout mon_osd_nearfull_ratio = 0.8
2024-09-19T05:32:45.951 INFO:teuthology.orchestra.run.smithi007.stdout:/usr/bin/ceph: stdout osd_map_max_advance = 10
2024-09-19T05:32:45.951 INFO:teuthology.orchestra.run.smithi007.stdout:/usr/bin/ceph: stdout osd_sloppy_crc = true
2024-09-19T05:32:45.951 INFO:teuthology.orchestra.run.smithi007.stdout:/usr/bin/ceph: stderr
2024-09-19T05:32:45.171+0000 7fa4f18c2640 1 Processor -- start
2024-09-19T05:32:45.951 INFO:teuthology.orchestra.run.smithi007.stdout:/usr/bin/ceph: stderr
2024-09-19T05:32:45.171+0000 7fa4f18c2640 1 -- start start
2024-09-19T05:32:45.951 INFO:teuthology.orchestra.run.smithi007.stdout:/usr/bin/ceph: stderr
2024-09-19T05:32:45.172+0000 7fa4f18c2640 1 --2- >> [v2:172.21.15.7:3300/0,v1:172.21.15.7:6789/0] conn(0x7fa4ec1077b0 0x7fa4ec107bb0 unknown :-1 s=NONE pgs=0 cs=0 l=0 rev1=0 crypto rx=0 tx=0 comp rx=0 tx=0).connect
2024-09-19T05:32:45.951 INFO:teuthology.orchestra.run.smithi007.stdout:/usr/bin/ceph: stderr
2024-09-19T05:32:45.172+0000 7fa4f18c2640 1 -- --> [v2:172.21.15.7:3300/0,v1:172.21.15.7:6789/0] -- mon_getmap magic: 0 -- 0x7fa4ec108180 con 0x7fa4ec1077b0
2024-09-19T05:32:45.951 INFO:teuthology.orchestra.run.smithi007.stdout:/usr/bin/ceph: stderr
2024-09-19T05:32:45.172+0000 7fa4eaffd640 1 --2- >> [v2:172.21.15.7:3300/0,v1:172.21.15.7:6789/0] conn(0x7fa4ec1077b0 0x7fa4ec107bb0 unknown :-1 s=BANNER_CONNECTING pgs=0 cs=0 l=0 rev1=0 crypto rx=0 tx=0 comp rx=0 tx=0)._handle_peer_banner_payload supported=3 required=0
2024-09-19T05:32:45.952 INFO:teuthology.orchestra.run.smithi007.stdout:/usr/bin/ceph: stderr
2024-09-19T05:32:45.172+0000 7fa4eaffd640 1 --2- >> [v2:172.21.15.7:3300/0,v1:172.21.15.7:6789/0] conn(0x7fa4ec1077b0 0x7fa4ec107bb0 unknown :-1 s=HELLO_CONNECTING pgs=0 cs=0 l=0 rev1=1 crypto rx=0 tx=0 comp rx=0 tx=0).handle_hello peer v2:172.21.15.7:3300/0 says I am v2:172.21.15.7:57548/0 (socket says 172.21.15.7:57548)
2024-09-19T05:32:45.952 INFO:teuthology.orchestra.run.smithi007.stdout:/usr/bin/ceph: stderr
2024-09-19T05:32:45.172+0000 7fa4eaffd640 1 -- 172.21.15.7:0/2956453347 learned_addr learned my addr 172.21.15.7:0/2956453347 (peer_addr_for_me v2:172.21.15.7:0/0)
2024-09-19T05:32:45.952 INFO:teuthology.orchestra.run.smithi007.stdout:/usr/bin/ceph: stderr
2024-09-19T05:32:45.172+0000 7fa4eaffd640 1 -- 172.21.15.7:0/2956453347 --> [v2:172.21.15.7:3300/0,v1:172.21.15.7:6789/0] -- mon_subscribe({config=0+,monmap=0+}) -- 0x7fa4ec108910 con 0x7fa4ec1077b0
2024-09-19T05:32:45.952 INFO:teuthology.orchestra.run.smithi007.stdout:/usr/bin/ceph: stderr
2024-09-19T05:32:45.173+0000 7fa4eaffd640 1 --2- 172.21.15.7:0/2956453347 >> [v2:172.21.15.7:3300/0,v1:172.21.15.7:6789/0] conn(0x7fa4ec1077b0 0x7fa4ec107bb0 secure :-1 s=READY pgs=18 cs=0 l=1 rev1=1 crypto rx=0x7fa4e4009820 tx=0x7fa4e402a270 comp rx=0 tx=0).ready entity=mon.0 client_cookie=4c7d8145d56f854b server_cookie=0 in_seq=0 out_seq=0
2024-09-19T05:32:45.952 INFO:teuthology.orchestra.run.smithi007.stdout:/usr/bin/ceph: stderr
2024-09-19T05:32:45.173+0000 7fa4e9ffb640 1 -- 172.21.15.7:0/2956453347 <== mon.0 v2:172.21.15.7:3300/0 1 ==== mon_map magic: 0 ==== 205+0+0 (secure 0 0 0) 0x7fa4e4037070 con 0x7fa4ec1077b0
2024-09-19T05:32:45.952 INFO:teuthology.orchestra.run.smithi007.stdout:/usr/bin/ceph: stderr
2024-09-19T05:32:45.173+0000 7fa4e9ffb640 1 -- 172.21.15.7:0/2956453347 <== mon.0 v2:172.21.15.7:3300/0 2 ==== config(26 keys) ==== 1071+0+0 (secure 0 0 0) 0x7fa4e40328d0 con 0x7fa4ec1077b0
2024-09-19T05:32:45.952 INFO:teuthology.orchestra.run.smithi007.stdout:/usr/bin/ceph: stderr
2024-09-19T05:32:45.173+0000 7fa4e9ffb640 1 -- 172.21.15.7:0/2956453347 <== mon.0 v2:172.21.15.7:3300/0 3 ==== mon_map magic: 0 ==== 205+0+0 (secure 0 0 0) 0x7fa4e40307d0 con 0x7fa4ec1077b0
2024-09-19T05:32:45.952 INFO:teuthology.orchestra.run.smithi007.stdout:/usr/bin/ceph: stderr
2024-09-19T05:32:45.174+0000 7fa4f18c2640 1 -- 172.21.15.7:0/2956453347 >> [v2:172.21.15.7:3300/0,v1:172.21.15.7:6789/0] conn(0x7fa4ec1077b0 msgr2=0x7fa4ec107bb0 secure :-1 s=STATE_CONNECTION_ESTABLISHED l=1).mark_down
2024-09-19T05:32:45.952 INFO:teuthology.orchestra.run.smithi007.stdout:/usr/bin/ceph: stderr
2024-09-19T05:32:45.174+0000 7fa4f18c2640 1 --2- 172.21.15.7:0/2956453347 >> [v2:172.21.15.7:3300/0,v1:172.21.15.7:6789/0] conn(0x7fa4ec1077b0 0x7fa4ec107bb0 secure :-1 s=READY pgs=18 cs=0 l=1 rev1=1 crypto rx=0x7fa4e4009820 tx=0x7fa4e402a270 comp rx=0 tx=0).stop
2024-09-19T05:32:45.952 INFO:teuthology.orchestra.run.smithi007.stdout:/usr/bin/ceph: stderr
2024-09-19T05:32:45.174+0000 7fa4f18c2640 1 -- 172.21.15.7:0/2956453347 shutdown_connections
2024-09-19T05:32:45.952 INFO:teuthology.orchestra.run.smithi007.stdout:/usr/bin/ceph: stderr
2024-09-19T05:32:45.174+0000 7fa4f18c2640 1 --2- 172.21.15.7:0/2956453347 >> [v2:172.21.15.7:3300/0,v1:172.21.15.7:6789/0] conn(0x7fa4ec1077b0 0x7fa4ec107bb0 unknown :-1 s=CLOSED pgs=18 cs=0 l=1 rev1=1 crypto rx=0 tx=0 comp rx=0 tx=0).stop
2024-09-19T05:32:45.952 INFO:teuthology.orchestra.run.smithi007.stdout:/usr/bin/ceph: stderr
2024-09-19T05:32:45.174+0000 7fa4f18c2640 1 -- 172.21.15.7:0/2956453347 >> 172.21.15.7:0/2956453347 conn(0x7fa4ec102f60 msgr2=0x7fa4ec105380 unknown :-1 s=STATE_NONE l=0).mark_down
2024-09-19T05:32:45.953 INFO:teuthology.orchestra.run.smithi007.stdout:/usr/bin/ceph: stderr
2024-09-19T05:32:45.174+0000 7fa4f18c2640 1 -- 172.21.15.7:0/2956453347 shutdown_connections
2024-09-19T05:32:45.953 INFO:teuthology.orchestra.run.smithi007.stdout:/usr/bin/ceph: stderr
2024-09-19T05:32:45.174+0000 7fa4f18c2640 1 -- 172.21.15.7:0/2956453347 wait complete.
2024-09-19T05:32:45.953 INFO:teuthology.orchestra.run.smithi007.stdout:/usr/bin/ceph: stderr
2024-09-19T05:32:45.174+0000 7fa4f18c2640 1 Processor -- start
2024-09-19T05:32:45.953 INFO:teuthology.orchestra.run.smithi007.stdout:/usr/bin/ceph: stderr
2024-09-19T05:32:45.175+0000 7fa4f18c2640 1 -- start start
2024-09-19T05:32:45.953 INFO:teuthology.orchestra.run.smithi007.stdout:/usr/bin/ceph: stderr
2024-09-19T05:32:45.175+0000 7fa4f18c2640 1 --2- >> [v2:172.21.15.7:3300/0,v1:172.21.15.7:6789/0] conn(0x7fa4ec1077b0 0x7fa4ec19b6b0 unknown :-1 s=NONE pgs=0 cs=0 l=1 rev1=0 crypto rx=0 tx=0 comp rx=0 tx=0).connect
2024-09-19T05:32:45.953 INFO:teuthology.orchestra.run.smithi007.stdout:/usr/bin/ceph: stderr
2024-09-19T05:32:45.175+0000 7fa4f18c2640 1 -- --> [v2:172.21.15.7:3300/0,v1:172.21.15.7:6789/0] -- mon_getmap magic: 0 -- 0x7fa4ec10bcc0 con 0x7fa4ec1077b0
2024-09-19T05:32:45.953 INFO:teuthology.orchestra.run.smithi007.stdout:/usr/bin/ceph: stderr
2024-09-19T05:32:45.175+0000 7fa4eaffd640 1 --2- >> [v2:172.21.15.7:3300/0,v1:172.21.15.7:6789/0] conn(0x7fa4ec1077b0 0x7fa4ec19b6b0 unknown :-1 s=BANNER_CONNECTING pgs=0 cs=0 l=1 rev1=0 crypto rx=0 tx=0 comp rx=0 tx=0)._handle_peer_banner_payload supported=3 required=0
2024-09-19T05:32:45.953 INFO:teuthology.orchestra.run.smithi007.stdout:/usr/bin/ceph: stderr
2024-09-19T05:32:45.175+0000 7fa4eaffd640 1 --2- >> [v2:172.21.15.7:3300/0,v1:172.21.15.7:6789/0] conn(0x7fa4ec1077b0 0x7fa4ec19b6b0 unknown :-1 s=HELLO_CONNECTING pgs=0 cs=0 l=1 rev1=1 crypto rx=0 tx=0 comp rx=0 tx=0).handle_hello peer v2:172.21.15.7:3300/0 says I am v2:172.21.15.7:57558/0 (socket says 172.21.15.7:57558)
2024-09-19T05:32:45.953 INFO:teuthology.orchestra.run.smithi007.stdout:/usr/bin/ceph: stderr
2024-09-19T05:32:45.175+0000 7fa4eaffd640 1 -- 172.21.15.7:0/3179219714 learned_addr learned my addr 172.21.15.7:0/3179219714 (peer_addr_for_me v2:172.21.15.7:0/0)
2024-09-19T05:32:45.953 INFO:teuthology.orchestra.run.smithi007.stdout:/usr/bin/ceph: stderr
2024-09-19T05:32:45.175+0000 7fa4eaffd640 1 -- 172.21.15.7:0/3179219714 --> [v2:172.21.15.7:3300/0,v1:172.21.15.7:6789/0] -- mon_subscribe({config=0+,monmap=0+}) -- 0x7fa4ec19bbf0 con 0x7fa4ec1077b0
2024-09-19T05:32:45.953 INFO:teuthology.orchestra.run.smithi007.stdout:/usr/bin/ceph: stderr
2024-09-19T05:32:45.175+0000 7fa4eaffd640 1 --2- 172.21.15.7:0/3179219714 >> [v2:172.21.15.7:3300/0,v1:172.21.15.7:6789/0] conn(0x7fa4ec1077b0 0x7fa4ec19b6b0 secure :-1 s=READY pgs=19 cs=0 l=1 rev1=1 crypto rx=0x7fa4e40097f0 tx=0x7fa4e4030d00 comp rx=0 tx=0).ready entity=mon.0 client_cookie=0 server_cookie=0 in_seq=0 out_seq=0
2024-09-19T05:32:45.953 INFO:teuthology.orchestra.run.smithi007.stdout:/usr/bin/ceph: stderr
2024-09-19T05:32:45.175+0000 7fa4f08c0640 1 -- 172.21.15.7:0/3179219714 <== mon.0 v2:172.21.15.7:3300/0 1 ==== mon_map magic: 0 ==== 205+0+0 (secure 0 0 0) 0x7fa4e4037040 con 0x7fa4ec1077b0
2024-09-19T05:32:45.953 INFO:teuthology.orchestra.run.smithi007.stdout:/usr/bin/ceph: stderr
2024-09-19T05:32:45.175+0000 7fa4f08c0640 1 -- 172.21.15.7:0/3179219714 <== mon.0 v2:172.21.15.7:3300/0 2 ==== config(26 keys) ==== 1071+0+0 (secure 0 0 0) 0x7fa4e4032bb0 con 0x7fa4ec1077b0
2024-09-19T05:32:45.954 INFO:teuthology.orchestra.run.smithi007.stdout:/usr/bin/ceph: stderr
2024-09-19T05:32:45.175+0000 7fa4f08c0640 1 -- 172.21.15.7:0/3179219714 <== mon.0 v2:172.21.15.7:3300/0 3 ==== mon_map magic: 0 ==== 205+0+0 (secure 0 0 0) 0x7fa4e403a390 con 0x7fa4ec1077b0
2024-09-19T05:32:45.954 INFO:teuthology.orchestra.run.smithi007.stdout:/usr/bin/ceph: stderr
2024-09-19T05:32:45.175+0000 7fa4f18c2640 1 -- 172.21.15.7:0/3179219714 --> [v2:172.21.15.7:3300/0,v1:172.21.15.7:6789/0] -- mon_subscribe({mgrmap=0+}) -- 0x7fa4ec19be80 con 0x7fa4ec1077b0
2024-09-19T05:32:45.954 INFO:teuthology.orchestra.run.smithi007.stdout:/usr/bin/ceph: stderr
2024-09-19T05:32:45.176+0000 7fa4f18c2640 1 -- 172.21.15.7:0/3179219714 --> [v2:172.21.15.7:3300/0,v1:172.21.15.7:6789/0] -- mon_subscribe({osdmap=0}) -- 0x7fa4ec19eb70 con 0x7fa4ec1077b0
2024-09-19T05:32:45.954 INFO:teuthology.orchestra.run.smithi007.stdout:/usr/bin/ceph: stderr
2024-09-19T05:32:45.176+0000 7fa4f08c0640 1 -- 172.21.15.7:0/3179219714 <== mon.0 v2:172.21.15.7:3300/0 4 ==== mgrmap(e 4) ==== 46450+0+0 (secure 0 0 0) 0x7fa4e403b3f0 con 0x7fa4ec1077b0
2024-09-19T05:32:45.954 INFO:teuthology.orchestra.run.smithi007.stdout:/usr/bin/ceph: stderr
2024-09-19T05:32:45.176+0000 7fa4f18c2640 1 -- 172.21.15.7:0/3179219714 --> [v2:172.21.15.7:3300/0,v1:172.21.15.7:6789/0] -- mon_command({"prefix": "get_command_descriptions"} v 0) -- 0x7fa4ec10be40 con 0x7fa4ec1077b0
2024-09-19T05:32:45.954 INFO:teuthology.orchestra.run.smithi007.stdout:/usr/bin/ceph: stderr
2024-09-19T05:32:45.177+0000 7fa4f08c0640 1 --2- 172.21.15.7:0/3179219714 >> [v2:172.21.15.7:6800/1981991597,v1:172.21.15.7:6801/1981991597] conn(0x7fa4d40391b0 0x7fa4d403b670 unknown :-1 s=NONE pgs=0 cs=0 l=1 rev1=0 crypto rx=0 tx=0 comp rx=0 tx=0).connect
2024-09-19T05:32:45.954 INFO:teuthology.orchestra.run.smithi007.stdout:/usr/bin/ceph: stderr
2024-09-19T05:32:45.177+0000 7fa4f08c0640 1 -- 172.21.15.7:0/3179219714 <== mon.0 v2:172.21.15.7:3300/0 5 ==== osd_map(1..1 src has 1..1) ==== 725+0+0 (secure 0 0 0) 0x7fa4e406c3f0 con 0x7fa4ec1077b0
2024-09-19T05:32:45.954 INFO:teuthology.orchestra.run.smithi007.stdout:/usr/bin/ceph: stderr
2024-09-19T05:32:45.177+0000 7fa4ea7fc640 1 --2- 172.21.15.7:0/3179219714 >> [v2:172.21.15.7:6800/1981991597,v1:172.21.15.7:6801/1981991597] conn(0x7fa4d40391b0 0x7fa4d403b670 unknown :-1 s=BANNER_CONNECTING pgs=0 cs=0 l=1 rev1=0 crypto rx=0 tx=0 comp rx=0 tx=0)._handle_peer_banner_payload supported=3 required=0
2024-09-19T05:32:45.954 INFO:teuthology.orchestra.run.smithi007.stdout:/usr/bin/ceph: stderr
2024-09-19T05:32:45.177+0000 7fa4ea7fc640 1 --2- 172.21.15.7:0/3179219714 >> [v2:172.21.15.7:6800/1981991597,v1:172.21.15.7:6801/1981991597] conn(0x7fa4d40391b0 0x7fa4d403b670 secure :-1 s=READY pgs=7 cs=0 l=1 rev1=1 crypto rx=0x7fa4e00098c0 tx=0x7fa4e0006db0 comp rx=0 tx=0).ready entity=mgr.14100 client_cookie=0 server_cookie=0 in_seq=0 out_seq=0
2024-09-19T05:32:45.954 INFO:teuthology.orchestra.run.smithi007.stdout:/usr/bin/ceph: stderr
2024-09-19T05:32:45.181+0000 7fa4f08c0640 1 -- 172.21.15.7:0/3179219714 <== mon.0 v2:172.21.15.7:3300/0 6 ==== mon_command_ack([{"prefix": "get_command_descriptions"}]=0 v0) ==== 72+0+188913 (secure 0 0 0) 0x7fa4e406be10 con 0x7fa4ec1077b0
2024-09-19T05:32:45.954 INFO:teuthology.orchestra.run.smithi007.stdout:/usr/bin/ceph: stderr
2024-09-19T05:32:45.356+0000 7fa4f18c2640 1 -- 172.21.15.7:0/3179219714 --> [v2:172.21.15.7:3300/0,v1:172.21.15.7:6789/0] -- mon_command({"prefix": "config assimilate-conf"} v 0) -- 0x7fa4ec107c30 con 0x7fa4ec1077b0
2024-09-19T05:32:45.954 INFO:teuthology.orchestra.run.smithi007.stdout:/usr/bin/ceph: stderr
2024-09-19T05:32:45.357+0000 7fa4f08c0640 1 -- 172.21.15.7:0/3179219714 <== mon.0 v2:172.21.15.7:3300/0 7 ==== mon_command_ack([{"prefix": "config assimilate-conf"}]=0 v3) ==== 70+0+427 (secure 0 0 0) 0x7fa4e4038d40 con 0x7fa4ec1077b0
2024-09-19T05:32:45.954 INFO:teuthology.orchestra.run.smithi007.stdout:/usr/bin/ceph: stderr
2024-09-19T05:32:45.359+0000 7fa4f18c2640 1 -- 172.21.15.7:0/3179219714 >> [v2:172.21.15.7:6800/1981991597,v1:172.21.15.7:6801/1981991597] conn(0x7fa4d40391b0 msgr2=0x7fa4d403b670 secure :-1 s=STATE_CONNECTION_ESTABLISHED l=1).mark_down
2024-09-19T05:32:45.955 INFO:teuthology.orchestra.run.smithi007.stdout:/usr/bin/ceph: stderr
2024-09-19T05:32:45.359+0000 7fa4f18c2640 1 --2- 172.21.15.7:0/3179219714 >> [v2:172.21.15.7:6800/1981991597,v1:172.21.15.7:6801/1981991597] conn(0x7fa4d40391b0 0x7fa4d403b670 secure :-1 s=READY pgs=7 cs=0 l=1 rev1=1 crypto rx=0x7fa4e00098c0 tx=0x7fa4e0006db0 comp rx=0 tx=0).stop
2024-09-19T05:32:45.955 INFO:teuthology.orchestra.run.smithi007.stdout:/usr/bin/ceph: stderr
2024-09-19T05:32:45.359+0000 7fa4f18c2640 1 -- 172.21.15.7:0/3179219714 >> [v2:172.21.15.7:3300/0,v1:172.21.15.7:6789/0] conn(0x7fa4ec1077b0 msgr2=0x7fa4ec19b6b0 secure :-1 s=STATE_CONNECTION_ESTABLISHED l=1).mark_down
2024-09-19T05:32:45.955 INFO:teuthology.orchestra.run.smithi007.stdout:/usr/bin/ceph: stderr
2024-09-19T05:32:45.359+0000 7fa4f18c2640 1 --2- 172.21.15.7:0/3179219714 >> [v2:172.21.15.7:3300/0,v1:172.21.15.7:6789/0] conn(0x7fa4ec1077b0 0x7fa4ec19b6b0 secure :-1 s=READY pgs=19 cs=0 l=1 rev1=1 crypto rx=0x7fa4e40097f0 tx=0x7fa4e4030d00 comp rx=0 tx=0).stop
2024-09-19T05:32:45.955 INFO:teuthology.orchestra.run.smithi007.stdout:/usr/bin/ceph: stderr
2024-09-19T05:32:45.359+0000 7fa4f18c2640 1 -- 172.21.15.7:0/3179219714 shutdown_connections
2024-09-19T05:32:45.955 INFO:teuthology.orchestra.run.smithi007.stdout:/usr/bin/ceph: stderr
2024-09-19T05:32:45.359+0000 7fa4f18c2640 1 --2- 172.21.15.7:0/3179219714 >> [v2:172.21.15.7:6800/1981991597,v1:172.21.15.7:6801/1981991597] conn(0x7fa4d40391b0 0x7fa4d403b670 unknown :-1 s=CLOSED pgs=7 cs=0 l=1 rev1=1 crypto rx=0 tx=0 comp rx=0 tx=0).stop
2024-09-19T05:32:45.955 INFO:teuthology.orchestra.run.smithi007.stdout:/usr/bin/ceph: stderr
2024-09-19T05:32:45.359+0000 7fa4f18c2640 1 --2- 172.21.15.7:0/3179219714 >> [v2:172.21.15.7:3300/0,v1:172.21.15.7:6789/0] conn(0x7fa4ec1077b0 0x7fa4ec19b6b0 unknown :-1 s=CLOSED pgs=19 cs=0 l=1 rev1=1 crypto rx=0 tx=0 comp rx=0 tx=0).stop
2024-09-19T05:32:45.955 INFO:teuthology.orchestra.run.smithi007.stdout:/usr/bin/ceph: stderr
2024-09-19T05:32:45.359+0000 7fa4f18c2640 1 -- 172.21.15.7:0/3179219714 >> 172.21.15.7:0/3179219714 conn(0x7fa4ec102f60 msgr2=0x7fa4ec103a60 unknown :-1 s=STATE_NONE l=0).mark_down
2024-09-19T05:32:45.955 INFO:teuthology.orchestra.run.smithi007.stdout:/usr/bin/ceph: stderr
2024-09-19T05:32:45.359+0000 7fa4f18c2640 1 -- 172.21.15.7:0/3179219714 shutdown_connections
2024-09-19T05:32:45.955 INFO:teuthology.orchestra.run.smithi007.stdout:/usr/bin/ceph: stderr
2024-09-19T05:32:45.359+0000 7fa4f18c2640 1 -- 172.21.15.7:0/3179219714 wait complete.
2024-09-19T05:32:45.955 INFO:teuthology.orchestra.run.smithi007.stdout:Enabling cephadm module...
2024-09-19T05:32:46.197 INFO:journalctl@ceph.mon.a.smithi007.stdout:Sep 19 05:32:46 smithi007 ceph-mon[30960]: from='client.? 172.21.15.7:0/3179219714' entity='client.admin' cmd=[{"prefix": "config assimilate-conf"}]: dispatch
2024-09-19T05:32:47.393 INFO:journalctl@ceph.mon.a.smithi007.stdout:Sep 19 05:32:47 smithi007 ceph-mon[30960]: from='client.? 172.21.15.7:0/1493953794' entity='client.admin' cmd=[{"prefix": "mgr module enable", "module": "cephadm"}]: dispatch
2024-09-19T05:32:47.393 INFO:journalctl@ceph.mgr.x.smithi007.stdout:Sep 19 05:32:47 smithi007 ceph-6ed8e528-7648-11ef-bceb-c7b262605968-mgr-x[31188]: ignoring --setuser ceph since I am not root
2024-09-19T05:32:47.393 INFO:journalctl@ceph.mgr.x.smithi007.stdout:Sep 19 05:32:47 smithi007 ceph-6ed8e528-7648-11ef-bceb-c7b262605968-mgr-x[31188]: ignoring --setgroup ceph since I am not root
2024-09-19T05:32:47.393 INFO:journalctl@ceph.mgr.x.smithi007.stdout:Sep 19 05:32:47 smithi007 ceph-6ed8e528-7648-11ef-bceb-c7b262605968-mgr-x[31188]:
2024-09-19T05:32:47.245+0000 7fe1621b2040 -1 mgr[py] Module osd_perf_query has missing NOTIFY_TYPES member
2024-09-19T05:32:47.393 INFO:journalctl@ceph.mgr.x.smithi007.stdout:Sep 19 05:32:47 smithi007 ceph-6ed8e528-7648-11ef-bceb-c7b262605968-mgr-x[31188]:
2024-09-19T05:32:47.304+0000 7fe1621b2040 -1 mgr[py] Module osd_support has missing NOTIFY_TYPES member
2024-09-19T05:32:47.653 INFO:teuthology.orchestra.run.smithi007.stdout:/usr/bin/ceph: stderr
2024-09-19T05:32:46.386+0000 7f47ff66c640 1 Processor -- start
2024-09-19T05:32:47.654 INFO:teuthology.orchestra.run.smithi007.stdout:/usr/bin/ceph: stderr
2024-09-19T05:32:46.386+0000 7f47ff66c640 1 -- start start
2024-09-19T05:32:47.654 INFO:teuthology.orchestra.run.smithi007.stdout:/usr/bin/ceph: stderr
2024-09-19T05:32:46.386+0000 7f47ff66c640 1 --2- >> [v2:172.21.15.7:3300/0,v1:172.21.15.7:6789/0] conn(0x7f47f8107730 0x7f47f8107b30 unknown :-1 s=NONE pgs=0 cs=0 l=0 rev1=0 crypto rx=0 tx=0 comp rx=0 tx=0).connect
2024-09-19T05:32:47.654 INFO:teuthology.orchestra.run.smithi007.stdout:/usr/bin/ceph: stderr
2024-09-19T05:32:46.386+0000 7f47ff66c640 1 -- --> [v2:172.21.15.7:3300/0,v1:172.21.15.7:6789/0] -- mon_getmap magic: 0 -- 0x7f47f8108100 con 0x7f47f8107730
2024-09-19T05:32:47.654 INFO:teuthology.orchestra.run.smithi007.stdout:/usr/bin/ceph: stderr
2024-09-19T05:32:46.386+0000 7f47fd408640 1 --2- >> [v2:172.21.15.7:3300/0,v1:172.21.15.7:6789/0] conn(0x7f47f8107730 0x7f47f8107b30 unknown :-1 s=BANNER_CONNECTING pgs=0 cs=0 l=0 rev1=0 crypto rx=0 tx=0 comp rx=0 tx=0)._handle_peer_banner_payload supported=3 required=0
2024-09-19T05:32:47.654 INFO:teuthology.orchestra.run.smithi007.stdout:/usr/bin/ceph: stderr
2024-09-19T05:32:46.386+0000 7f47fd408640 1 --2- >> [v2:172.21.15.7:3300/0,v1:172.21.15.7:6789/0] conn(0x7f47f8107730 0x7f47f8107b30 unknown :-1 s=HELLO_CONNECTING pgs=0 cs=0 l=0 rev1=1 crypto rx=0 tx=0 comp rx=0 tx=0).handle_hello peer v2:172.21.15.7:3300/0 says I am v2:172.21.15.7:57564/0 (socket says 172.21.15.7:57564)
2024-09-19T05:32:47.654 INFO:teuthology.orchestra.run.smithi007.stdout:/usr/bin/ceph: stderr
2024-09-19T05:32:46.386+0000 7f47fd408640 1 -- 172.21.15.7:0/2925352046 learned_addr learned my addr 172.21.15.7:0/2925352046 (peer_addr_for_me v2:172.21.15.7:0/0)
2024-09-19T05:32:47.654 INFO:teuthology.orchestra.run.smithi007.stdout:/usr/bin/ceph: stderr
2024-09-19T05:32:46.387+0000 7f47fd408640 1 -- 172.21.15.7:0/2925352046 --> [v2:172.21.15.7:3300/0,v1:172.21.15.7:6789/0] -- mon_subscribe({config=0+,monmap=0+}) -- 0x7f47f81088e0 con 0x7f47f8107730
2024-09-19T05:32:47.654 INFO:teuthology.orchestra.run.smithi007.stdout:/usr/bin/ceph: stderr
2024-09-19T05:32:46.387+0000 7f47fd408640 1 --2- 172.21.15.7:0/2925352046 >> [v2:172.21.15.7:3300/0,v1:172.21.15.7:6789/0] conn(0x7f47f8107730 0x7f47f8107b30 secure :-1 s=READY pgs=20 cs=0 l=1 rev1=1 crypto rx=0x7f47f4009820 tx=0x7f47f402a270 comp rx=0 tx=0).ready entity=mon.0 client_cookie=ea7d4663633f05ed server_cookie=0 in_seq=0 out_seq=0
2024-09-19T05:32:47.654 INFO:teuthology.orchestra.run.smithi007.stdout:/usr/bin/ceph: stderr
2024-09-19T05:32:46.387+0000 7f47effff640 1 -- 172.21.15.7:0/2925352046 <== mon.0 v2:172.21.15.7:3300/0 1 ==== mon_map magic: 0 ==== 205+0+0 (secure 0 0 0) 0x7f47f4037070 con 0x7f47f8107730
2024-09-19T05:32:47.654 INFO:teuthology.orchestra.run.smithi007.stdout:/usr/bin/ceph: stderr
2024-09-19T05:32:46.388+0000 7f47effff640 1 -- 172.21.15.7:0/2925352046 <== mon.0 v2:172.21.15.7:3300/0 2 ==== config(26 keys) ==== 1071+0+0 (secure 0 0 0) 0x7f47f40328d0 con 0x7f47f8107730
2024-09-19T05:32:47.654 INFO:teuthology.orchestra.run.smithi007.stdout:/usr/bin/ceph: stderr
2024-09-19T05:32:46.388+0000 7f47effff640 1 -- 172.21.15.7:0/2925352046 <== mon.0 v2:172.21.15.7:3300/0 3 ==== mon_map magic: 0 ==== 205+0+0 (secure 0 0 0) 0x7f47f40307d0 con 0x7f47f8107730
2024-09-19T05:32:47.655 INFO:teuthology.orchestra.run.smithi007.stdout:/usr/bin/ceph: stderr
2024-09-19T05:32:46.388+0000 7f47ff66c640 1 -- 172.21.15.7:0/2925352046 >> [v2:172.21.15.7:3300/0,v1:172.21.15.7:6789/0] conn(0x7f47f8107730 msgr2=0x7f47f8107b30 secure :-1 s=STATE_CONNECTION_ESTABLISHED l=1).mark_down
2024-09-19T05:32:47.655 INFO:teuthology.orchestra.run.smithi007.stdout:/usr/bin/ceph: stderr
2024-09-19T05:32:46.388+0000 7f47ff66c640 1 --2- 172.21.15.7:0/2925352046 >> [v2:172.21.15.7:3300/0,v1:172.21.15.7:6789/0] conn(0x7f47f8107730 0x7f47f8107b30 secure :-1 s=READY pgs=20 cs=0 l=1 rev1=1 crypto rx=0x7f47f4009820 tx=0x7f47f402a270 comp rx=0 tx=0).stop
2024-09-19T05:32:47.655 INFO:teuthology.orchestra.run.smithi007.stdout:/usr/bin/ceph: stderr
2024-09-19T05:32:46.388+0000 7f47ff66c640 1 -- 172.21.15.7:0/2925352046 shutdown_connections
2024-09-19T05:32:47.655 INFO:teuthology.orchestra.run.smithi007.stdout:/usr/bin/ceph: stderr
2024-09-19T05:32:46.388+0000 7f47ff66c640 1 --2- 172.21.15.7:0/2925352046 >> [v2:172.21.15.7:3300/0,v1:172.21.15.7:6789/0] conn(0x7f47f8107730 0x7f47f8107b30 unknown :-1 s=CLOSED pgs=20 cs=0 l=1 rev1=1 crypto rx=0 tx=0 comp rx=0 tx=0).stop
2024-09-19T05:32:47.655 INFO:teuthology.orchestra.run.smithi007.stdout:/usr/bin/ceph: stderr
2024-09-19T05:32:46.388+0000 7f47ff66c640 1 -- 172.21.15.7:0/2925352046 >> 172.21.15.7:0/2925352046 conn(0x7f47f8102ea0 msgr2=0x7f47f8105300 unknown :-1 s=STATE_NONE l=0).mark_down
2024-09-19T05:32:47.655 INFO:teuthology.orchestra.run.smithi007.stdout:/usr/bin/ceph: stderr
2024-09-19T05:32:46.388+0000 7f47ff66c640 1 -- 172.21.15.7:0/2925352046 shutdown_connections
2024-09-19T05:32:47.655 INFO:teuthology.orchestra.run.smithi007.stdout:/usr/bin/ceph: stderr
2024-09-19T05:32:46.388+0000 7f47ff66c640 1 -- 172.21.15.7:0/2925352046 wait complete.
2024-09-19T05:32:47.655 INFO:teuthology.orchestra.run.smithi007.stdout:/usr/bin/ceph: stderr
2024-09-19T05:32:46.389+0000 7f47ff66c640 1 Processor -- start
2024-09-19T05:32:47.655 INFO:teuthology.orchestra.run.smithi007.stdout:/usr/bin/ceph: stderr
2024-09-19T05:32:46.389+0000 7f47ff66c640 1 -- start start
2024-09-19T05:32:47.655 INFO:teuthology.orchestra.run.smithi007.stdout:/usr/bin/ceph: stderr
2024-09-19T05:32:46.389+0000 7f47ff66c640 1 --2- >> [v2:172.21.15.7:3300/0,v1:172.21.15.7:6789/0] conn(0x7f47f8107730 0x7f47f819b6d0 unknown :-1 s=NONE pgs=0 cs=0 l=1 rev1=0 crypto rx=0 tx=0 comp rx=0 tx=0).connect
2024-09-19T05:32:47.655 INFO:teuthology.orchestra.run.smithi007.stdout:/usr/bin/ceph: stderr
2024-09-19T05:32:46.389+0000 7f47ff66c640 1 -- --> [v2:172.21.15.7:3300/0,v1:172.21.15.7:6789/0] -- mon_getmap magic: 0 -- 0x7f47f810bc90 con 0x7f47f8107730
2024-09-19T05:32:47.655 INFO:teuthology.orchestra.run.smithi007.stdout:/usr/bin/ceph: stderr
2024-09-19T05:32:46.389+0000 7f47fd408640 1 --2- >> [v2:172.21.15.7:3300/0,v1:172.21.15.7:6789/0] conn(0x7f47f8107730 0x7f47f819b6d0 unknown :-1 s=BANNER_CONNECTING pgs=0 cs=0 l=1 rev1=0 crypto rx=0 tx=0 comp rx=0 tx=0)._handle_peer_banner_payload supported=3 required=0
2024-09-19T05:32:47.655 INFO:teuthology.orchestra.run.smithi007.stdout:/usr/bin/ceph: stderr
2024-09-19T05:32:46.389+0000 7f47fd408640 1 --2- >> [v2:172.21.15.7:3300/0,v1:172.21.15.7:6789/0] conn(0x7f47f8107730 0x7f47f819b6d0 unknown :-1 s=HELLO_CONNECTING pgs=0 cs=0 l=1 rev1=1 crypto rx=0 tx=0 comp rx=0 tx=0).handle_hello peer v2:172.21.15.7:3300/0 says I am v2:172.21.15.7:57572/0 (socket says 172.21.15.7:57572)
2024-09-19T05:32:47.656 INFO:teuthology.orchestra.run.smithi007.stdout:/usr/bin/ceph: stderr
2024-09-19T05:32:46.389+0000 7f47fd408640 1 -- 172.21.15.7:0/1493953794 learned_addr learned my addr 172.21.15.7:0/1493953794 (peer_addr_for_me v2:172.21.15.7:0/0)
2024-09-19T05:32:47.656 INFO:teuthology.orchestra.run.smithi007.stdout:/usr/bin/ceph: stderr
2024-09-19T05:32:46.390+0000 7f47fd408640 1 -- 172.21.15.7:0/1493953794 --> [v2:172.21.15.7:3300/0,v1:172.21.15.7:6789/0] -- mon_subscribe({config=0+,monmap=0+}) -- 0x7f47f819bc10 con 0x7f47f8107730
2024-09-19T05:32:47.656 INFO:teuthology.orchestra.run.smithi007.stdout:/usr/bin/ceph: stderr
2024-09-19T05:32:46.390+0000 7f47fd408640 1 --2- 172.21.15.7:0/1493953794 >> [v2:172.21.15.7:3300/0,v1:172.21.15.7:6789/0] conn(0x7f47f8107730 0x7f47f819b6d0 secure :-1 s=READY pgs=21 cs=0 l=1 rev1=1 crypto rx=0x7f47f4009940 tx=0x7f47f4032e10 comp rx=0 tx=0).ready entity=mon.0 client_cookie=0 server_cookie=0 in_seq=0 out_seq=0
2024-09-19T05:32:47.656 INFO:teuthology.orchestra.run.smithi007.stdout:/usr/bin/ceph: stderr
2024-09-19T05:32:46.390+0000 7f47ee7fc640 1 -- 172.21.15.7:0/1493953794 <== mon.0 v2:172.21.15.7:3300/0 1 ==== mon_map magic: 0 ==== 205+0+0 (secure 0 0 0) 0x7f47f4042070 con 0x7f47f8107730
2024-09-19T05:32:47.656 INFO:teuthology.orchestra.run.smithi007.stdout:/usr/bin/ceph: stderr
2024-09-19T05:32:46.390+0000 7f47ee7fc640 1 -- 172.21.15.7:0/1493953794 <== mon.0 v2:172.21.15.7:3300/0 2 ==== config(26 keys) ==== 1071+0+0 (secure 0 0 0) 0x7f47f4030c80 con 0x7f47f8107730
2024-09-19T05:32:47.656 INFO:teuthology.orchestra.run.smithi007.stdout:/usr/bin/ceph: stderr
2024-09-19T05:32:46.390+0000 7f47ff66c640 1 -- 172.21.15.7:0/1493953794 --> [v2:172.21.15.7:3300/0,v1:172.21.15.7:6789/0] -- mon_subscribe({mgrmap=0+}) -- 0x7f47f819bea0 con 0x7f47f8107730
2024-09-19T05:32:47.656 INFO:teuthology.orchestra.run.smithi007.stdout:/usr/bin/ceph: stderr
2024-09-19T05:32:46.390+0000 7f47ee7fc640 1 -- 172.21.15.7:0/1493953794 <== mon.0 v2:172.21.15.7:3300/0 3 ==== mon_map magic: 0 ==== 205+0+0 (secure 0 0 0) 0x7f47f4037040 con 0x7f47f8107730
2024-09-19T05:32:47.656 INFO:teuthology.orchestra.run.smithi007.stdout:/usr/bin/ceph: stderr
2024-09-19T05:32:46.390+0000 7f47ff66c640 1 -- 172.21.15.7:0/1493953794 --> [v2:172.21.15.7:3300/0,v1:172.21.15.7:6789/0] -- mon_subscribe({osdmap=0}) -- 0x7f47f819eb90 con 0x7f47f8107730
2024-09-19T05:32:47.656 INFO:teuthology.orchestra.run.smithi007.stdout:/usr/bin/ceph: stderr
2024-09-19T05:32:46.391+0000 7f47ee7fc640 1 -- 172.21.15.7:0/1493953794 <== mon.0 v2:172.21.15.7:3300/0 4 ==== mgrmap(e 4) ==== 46450+0+0 (secure 0 0 0) 0x7f47f4045070 con 0x7f47f8107730
2024-09-19T05:32:47.656 INFO:teuthology.orchestra.run.smithi007.stdout:/usr/bin/ceph: stderr
2024-09-19T05:32:46.391+0000 7f47ff66c640 1 -- 172.21.15.7:0/1493953794 --> [v2:172.21.15.7:3300/0,v1:172.21.15.7:6789/0] -- mon_command({"prefix": "get_command_descriptions"} v 0) -- 0x7f47f810be10 con 0x7f47f8107730
2024-09-19T05:32:47.656 INFO:teuthology.orchestra.run.smithi007.stdout:/usr/bin/ceph: stderr
2024-09-19T05:32:46.391+0000 7f47ee7fc640 1 --2- 172.21.15.7:0/1493953794 >> [v2:172.21.15.7:6800/1981991597,v1:172.21.15.7:6801/1981991597] conn(0x7f47e40391b0 0x7f47e403b670 unknown :-1 s=NONE pgs=0 cs=0 l=1 rev1=0 crypto rx=0 tx=0 comp rx=0 tx=0).connect
2024-09-19T05:32:47.656 INFO:teuthology.orchestra.run.smithi007.stdout:/usr/bin/ceph: stderr
2024-09-19T05:32:46.391+0000 7f47ee7fc640 1 -- 172.21.15.7:0/1493953794 <== mon.0 v2:172.21.15.7:3300/0 5 ==== osd_map(1..1 src has 1..1) ==== 725+0+0 (secure 0 0 0) 0x7f47f406c010 con 0x7f47f8107730
2024-09-19T05:32:47.656 INFO:teuthology.orchestra.run.smithi007.stdout:/usr/bin/ceph: stderr
2024-09-19T05:32:46.391+0000 7f47fcc07640 1 --2- 172.21.15.7:0/1493953794 >> [v2:172.21.15.7:6800/1981991597,v1:172.21.15.7:6801/1981991597] conn(0x7f47e40391b0 0x7f47e403b670 unknown :-1 s=BANNER_CONNECTING pgs=0 cs=0 l=1 rev1=0 crypto rx=0 tx=0 comp rx=0 tx=0)._handle_peer_banner_payload supported=3 required=0
2024-09-19T05:32:47.657 INFO:teuthology.orchestra.run.smithi007.stdout:/usr/bin/ceph: stderr
2024-09-19T05:32:46.392+0000 7f47fcc07640 1 --2- 172.21.15.7:0/1493953794 >> [v2:172.21.15.7:6800/1981991597,v1:172.21.15.7:6801/1981991597] conn(0x7f47e40391b0 0x7f47e403b670 secure :-1 s=READY pgs=8 cs=0 l=1 rev1=1 crypto rx=0x7f47e80098c0 tx=0x7f47e8006db0 comp rx=0 tx=0).ready entity=mgr.14100 client_cookie=0 server_cookie=0 in_seq=0 out_seq=0
2024-09-19T05:32:47.657 INFO:teuthology.orchestra.run.smithi007.stdout:/usr/bin/ceph: stderr
2024-09-19T05:32:46.396+0000 7f47ee7fc640 1 -- 172.21.15.7:0/1493953794 <== mon.0 v2:172.21.15.7:3300/0 6 ==== mon_command_ack([{"prefix": "get_command_descriptions"}]=0 v0) ==== 72+0+188913 (secure 0 0 0) 0x7f47f4045360 con 0x7f47f8107730
2024-09-19T05:32:47.657 INFO:teuthology.orchestra.run.smithi007.stdout:/usr/bin/ceph: stderr
2024-09-19T05:32:46.624+0000 7f47ff66c640 1 -- 172.21.15.7:0/1493953794 --> [v2:172.21.15.7:3300/0,v1:172.21.15.7:6789/0] -- mon_command({"prefix": "mgr module enable", "module": "cephadm"} v 0) -- 0x7f47f819f220 con 0x7f47f8107730
2024-09-19T05:32:47.657 INFO:teuthology.orchestra.run.smithi007.stdout:/usr/bin/ceph: stderr
2024-09-19T05:32:47.098+0000 7f47ee7fc640 1 -- 172.21.15.7:0/1493953794 <== mon.0 v2:172.21.15.7:3300/0 7 ==== mon_command_ack([{"prefix": "mgr module enable", "module": "cephadm"}]=0 v5) ==== 86+0+0 (secure 0 0 0) 0x7f47f402ed70 con 0x7f47f8107730
2024-09-19T05:32:47.657 INFO:teuthology.orchestra.run.smithi007.stdout:/usr/bin/ceph: stderr
2024-09-19T05:32:47.099+0000 7f47ee7fc640 1 -- 172.21.15.7:0/1493953794 <== mon.0 v2:172.21.15.7:3300/0 8 ==== mgrmap(e 5) ==== 46461+0+0 (secure 0 0 0) 0x7f47f403d7b0 con 0x7f47f8107730
2024-09-19T05:32:47.661 INFO:teuthology.orchestra.run.smithi007.stdout:/usr/bin/ceph: stderr
2024-09-19T05:32:47.101+0000 7f47ff66c640 1 -- 172.21.15.7:0/1493953794 >> [v2:172.21.15.7:6800/1981991597,v1:172.21.15.7:6801/1981991597] conn(0x7f47e40391b0 msgr2=0x7f47e403b670 secure :-1 s=STATE_CONNECTION_ESTABLISHED l=1).mark_down
2024-09-19T05:32:47.661 INFO:teuthology.orchestra.run.smithi007.stdout:/usr/bin/ceph: stderr
2024-09-19T05:32:47.101+0000 7f47ff66c640 1 --2- 172.21.15.7:0/1493953794 >> [v2:172.21.15.7:6800/1981991597,v1:172.21.15.7:6801/1981991597] conn(0x7f47e40391b0 0x7f47e403b670 secure :-1 s=READY pgs=8 cs=0 l=1 rev1=1 crypto rx=0x7f47e80098c0 tx=0x7f47e8006db0 comp rx=0 tx=0).stop
2024-09-19T05:32:47.661 INFO:teuthology.orchestra.run.smithi007.stdout:/usr/bin/ceph: stderr
2024-09-19T05:32:47.101+0000 7f47ff66c640 1 -- 172.21.15.7:0/1493953794 >> [v2:172.21.15.7:3300/0,v1:172.21.15.7:6789/0] conn(0x7f47f8107730 msgr2=0x7f47f819b6d0 secure :-1 s=STATE_CONNECTION_ESTABLISHED l=1).mark_down
2024-09-19T05:32:47.661 INFO:teuthology.orchestra.run.smithi007.stdout:/usr/bin/ceph: stderr
2024-09-19T05:32:47.101+0000 7f47ff66c640 1 --2- 172.21.15.7:0/1493953794 >> [v2:172.21.15.7:3300/0,v1:172.21.15.7:6789/0] conn(0x7f47f8107730 0x7f47f819b6d0 secure :-1 s=READY pgs=21 cs=0 l=1 rev1=1 crypto rx=0x7f47f4009940 tx=0x7f47f4032e10 comp rx=0 tx=0).stop
2024-09-19T05:32:47.661 INFO:teuthology.orchestra.run.smithi007.stdout:/usr/bin/ceph: stderr
2024-09-19T05:32:47.101+0000 7f47ff66c640 1 -- 172.21.15.7:0/1493953794 shutdown_connections
2024-09-19T05:32:47.662 INFO:teuthology.orchestra.run.smithi007.stdout:/usr/bin/ceph: stderr
2024-09-19T05:32:47.101+0000 7f47ff66c640 1 --2- 172.21.15.7:0/1493953794 >> [v2:172.21.15.7:6800/1981991597,v1:172.21.15.7:6801/1981991597] conn(0x7f47e40391b0 0x7f47e403b670 unknown :-1 s=CLOSED pgs=8 cs=0 l=1 rev1=1 crypto rx=0 tx=0 comp rx=0 tx=0).stop
2024-09-19T05:32:47.662 INFO:teuthology.orchestra.run.smithi007.stdout:/usr/bin/ceph: stderr
2024-09-19T05:32:47.101+0000 7f47ff66c640 1 --2- 172.21.15.7:0/1493953794 >> [v2:172.21.15.7:3300/0,v1:172.21.15.7:6789/0] conn(0x7f47f8107730 0x7f47f819b6d0 unknown :-1 s=CLOSED pgs=21 cs=0 l=1 rev1=1 crypto rx=0 tx=0 comp rx=0 tx=0).stop
2024-09-19T05:32:47.662 INFO:teuthology.orchestra.run.smithi007.stdout:/usr/bin/ceph: stderr
2024-09-19T05:32:47.101+0000 7f47ff66c640 1 -- 172.21.15.7:0/1493953794 >> 172.21.15.7:0/1493953794 conn(0x7f47f8102ea0 msgr2=0x7f47f8103a60 unknown :-1 s=STATE_NONE l=0).mark_down
2024-09-19T05:32:47.662 INFO:teuthology.orchestra.run.smithi007.stdout:/usr/bin/ceph: stderr
2024-09-19T05:32:47.101+0000 7f47ff66c640 1 -- 172.21.15.7:0/1493953794 shutdown_connections
2024-09-19T05:32:47.662 INFO:teuthology.orchestra.run.smithi007.stdout:/usr/bin/ceph: stderr
2024-09-19T05:32:47.101+0000 7f47ff66c640 1 -- 172.21.15.7:0/1493953794 wait complete.
2024-09-19T05:32:47.701 INFO:journalctl@ceph.mgr.x.smithi007.stdout:Sep 19 05:32:47 smithi007 ceph-6ed8e528-7648-11ef-bceb-c7b262605968-mgr-x[31188]:
2024-09-19T05:32:47.460+0000 7fe1621b2040 -1 mgr[py] Module diskprediction_local has missing NOTIFY_TYPES member
2024-09-19T05:32:47.701 INFO:journalctl@ceph.mgr.x.smithi007.stdout:Sep 19 05:32:47 smithi007 ceph-6ed8e528-7648-11ef-bceb-c7b262605968-mgr-x[31188]:
2024-09-19T05:32:47.530+0000 7fe1621b2040 -1 mgr[py] Module crash has missing NOTIFY_TYPES member
2024-09-19T05:32:47.701 INFO:journalctl@ceph.mgr.x.smithi007.stdout:Sep 19 05:32:47 smithi007 ceph-6ed8e528-7648-11ef-bceb-c7b262605968-mgr-x[31188]:
2024-09-19T05:32:47.698+0000 7fe1621b2040 -1 mgr[py] Module test_orchestrator has missing NOTIFY_TYPES member
2024-09-19T05:32:47.999 INFO:journalctl@ceph.mgr.x.smithi007.stdout:Sep 19 05:32:47 smithi007 ceph-6ed8e528-7648-11ef-bceb-c7b262605968-mgr-x[31188]:
2024-09-19T05:32:47.846+0000 7fe1621b2040 -1 mgr[py] Module snap_schedule has missing NOTIFY_TYPES member
2024-09-19T05:32:48.252 INFO:journalctl@ceph.mon.a.smithi007.stdout:Sep 19 05:32:48 smithi007 ceph-mon[30960]: from='client.? 172.21.15.7:0/1493953794' entity='client.admin' cmd='[{"prefix": "mgr module enable", "module": "cephadm"}]': finished
2024-09-19T05:32:48.252 INFO:journalctl@ceph.mon.a.smithi007.stdout:Sep 19 05:32:48 smithi007 ceph-mon[30960]: mgrmap e5: x(active, since 5s)
2024-09-19T05:32:48.252 INFO:journalctl@ceph.mgr.x.smithi007.stdout:Sep 19 05:32:48 smithi007 ceph-6ed8e528-7648-11ef-bceb-c7b262605968-mgr-x[31188]:
2024-09-19T05:32:48.185+0000 7fe1621b2040 -1 mgr[py] Module prometheus has missing NOTIFY_TYPES member
2024-09-19T05:32:48.252 INFO:journalctl@ceph.mgr.x.smithi007.stdout:Sep 19 05:32:48 smithi007 ceph-6ed8e528-7648-11ef-bceb-c7b262605968-mgr-x[31188]:
2024-09-19T05:32:48.249+0000 7fe1621b2040 -1 mgr[py] Module selftest has missing NOTIFY_TYPES member
2024-09-19T05:32:48.642 INFO:journalctl@ceph.mgr.x.smithi007.stdout:Sep 19 05:32:48 smithi007 ceph-6ed8e528-7648-11ef-bceb-c7b262605968-mgr-x[31188]:
2024-09-19T05:32:48.446+0000 7fe1621b2040 -1 mgr[py] Module volumes has missing NOTIFY_TYPES member
2024-09-19T05:32:48.911 INFO:teuthology.orchestra.run.smithi007.stdout:/usr/bin/ceph: stdout {
2024-09-19T05:32:48.911 INFO:teuthology.orchestra.run.smithi007.stdout:/usr/bin/ceph: stdout "epoch": 5,
2024-09-19T05:32:48.911 INFO:teuthology.orchestra.run.smithi007.stdout:/usr/bin/ceph: stdout "available": true,
2024-09-19T05:32:48.911 INFO:teuthology.orchestra.run.smithi007.stdout:/usr/bin/ceph: stdout "active_name": "x",
2024-09-19T05:32:48.911 INFO:teuthology.orchestra.run.smithi007.stdout:/usr/bin/ceph: stdout "num_standby": 0
2024-09-19T05:32:48.911 INFO:teuthology.orchestra.run.smithi007.stdout:/usr/bin/ceph: stdout }
2024-09-19T05:32:48.911 INFO:teuthology.orchestra.run.smithi007.stdout:/usr/bin/ceph: stderr
2024-09-19T05:32:48.075+0000 7fb608c8c640 1 Processor -- start
2024-09-19T05:32:48.911 INFO:teuthology.orchestra.run.smithi007.stdout:/usr/bin/ceph: stderr
2024-09-19T05:32:48.075+0000 7fb608c8c640 1 -- start start
2024-09-19T05:32:48.911 INFO:teuthology.orchestra.run.smithi007.stdout:/usr/bin/ceph: stderr
2024-09-19T05:32:48.075+0000 7fb608c8c640 1 --2- >> [v2:172.21.15.7:3300/0,v1:172.21.15.7:6789/0] conn(0x7fb6041081e0 0x7fb60410a5d0 unknown :-1 s=NONE pgs=0 cs=0 l=0 rev1=0 crypto rx=0 tx=0 comp rx=0 tx=0).connect
2024-09-19T05:32:48.912 INFO:teuthology.orchestra.run.smithi007.stdout:/usr/bin/ceph: stderr
2024-09-19T05:32:48.075+0000 7fb608c8c640 1 -- --> [v2:172.21.15.7:3300/0,v1:172.21.15.7:6789/0] -- mon_getmap magic: 0 -- 0x7fb60407bdc0 con 0x7fb6041081e0
2024-09-19T05:32:48.912 INFO:teuthology.orchestra.run.smithi007.stdout:/usr/bin/ceph: stderr
2024-09-19T05:32:48.076+0000 7fb60259c640 1 --2- >> [v2:172.21.15.7:3300/0,v1:172.21.15.7:6789/0] conn(0x7fb6041081e0 0x7fb60410a5d0 unknown :-1 s=BANNER_CONNECTING pgs=0 cs=0 l=0 rev1=0 crypto rx=0 tx=0 comp rx=0 tx=0)._handle_peer_banner_payload supported=3 required=0
2024-09-19T05:32:48.912 INFO:teuthology.orchestra.run.smithi007.stdout:/usr/bin/ceph: stderr
2024-09-19T05:32:48.076+0000 7fb60259c640 1 --2- >> [v2:172.21.15.7:3300/0,v1:172.21.15.7:6789/0] conn(0x7fb6041081e0 0x7fb60410a5d0 unknown :-1 s=HELLO_CONNECTING pgs=0 cs=0 l=0 rev1=1 crypto rx=0 tx=0 comp rx=0 tx=0).handle_hello peer v2:172.21.15.7:3300/0 says I am v2:172.21.15.7:57590/0 (socket says 172.21.15.7:57590)
2024-09-19T05:32:48.912 INFO:teuthology.orchestra.run.smithi007.stdout:/usr/bin/ceph: stderr
2024-09-19T05:32:48.076+0000 7fb60259c640 1 -- 172.21.15.7:0/3113975879 learned_addr learned my addr 172.21.15.7:0/3113975879 (peer_addr_for_me v2:172.21.15.7:0/0)
2024-09-19T05:32:48.912 INFO:teuthology.orchestra.run.smithi007.stdout:/usr/bin/ceph: stderr
2024-09-19T05:32:48.076+0000 7fb60259c640 1 -- 172.21.15.7:0/3113975879 --> [v2:172.21.15.7:3300/0,v1:172.21.15.7:6789/0] -- mon_subscribe({config=0+,monmap=0+}) -- 0x7fb60410ab10 con 0x7fb6041081e0
2024-09-19T05:32:48.912 INFO:teuthology.orchestra.run.smithi007.stdout:/usr/bin/ceph: stderr
2024-09-19T05:32:48.077+0000 7fb60259c640 1 --2- 172.21.15.7:0/3113975879 >> [v2:172.21.15.7:3300/0,v1:172.21.15.7:6789/0] conn(0x7fb6041081e0 0x7fb60410a5d0 secure :-1 s=READY pgs=24 cs=0 l=1 rev1=1 crypto rx=0x7fb5f4009820 tx=0x7fb5f402a270 comp rx=0 tx=0).ready entity=mon.0 client_cookie=b441e7ced4aeb4ed server_cookie=0 in_seq=0 out_seq=0
2024-09-19T05:32:48.912 INFO:teuthology.orchestra.run.smithi007.stdout:/usr/bin/ceph: stderr
2024-09-19T05:32:48.077+0000 7fb601d9b640 1 -- 172.21.15.7:0/3113975879 <== mon.0 v2:172.21.15.7:3300/0 1 ==== mon_map magic: 0 ==== 205+0+0 (secure 0 0 0) 0x7fb5f4037070 con 0x7fb6041081e0
2024-09-19T05:32:48.912 INFO:teuthology.orchestra.run.smithi007.stdout:/usr/bin/ceph: stderr
2024-09-19T05:32:48.077+0000 7fb601d9b640 1 -- 172.21.15.7:0/3113975879 <== mon.0 v2:172.21.15.7:3300/0 2 ==== config(26 keys) ==== 1071+0+0 (secure 0 0 0) 0x7fb5f40328d0 con 0x7fb6041081e0
2024-09-19T05:32:48.912 INFO:teuthology.orchestra.run.smithi007.stdout:/usr/bin/ceph: stderr
2024-09-19T05:32:48.077+0000 7fb601d9b640 1 -- 172.21.15.7:0/3113975879 <== mon.0 v2:172.21.15.7:3300/0 3 ==== mon_map magic: 0 ==== 205+0+0 (secure 0 0 0) 0x7fb5f40307d0 con 0x7fb6041081e0
2024-09-19T05:32:48.912 INFO:teuthology.orchestra.run.smithi007.stdout:/usr/bin/ceph: stderr
2024-09-19T05:32:48.077+0000 7fb608c8c640 1 -- 172.21.15.7:0/3113975879 >> [v2:172.21.15.7:3300/0,v1:172.21.15.7:6789/0] conn(0x7fb6041081e0 msgr2=0x7fb60410a5d0 secure :-1 s=STATE_CONNECTION_ESTABLISHED l=1).mark_down
2024-09-19T05:32:48.912 INFO:teuthology.orchestra.run.smithi007.stdout:/usr/bin/ceph: stderr
2024-09-19T05:32:48.077+0000 7fb608c8c640 1 --2- 172.21.15.7:0/3113975879 >> [v2:172.21.15.7:3300/0,v1:172.21.15.7:6789/0] conn(0x7fb6041081e0 0x7fb60410a5d0 secure :-1 s=READY pgs=24 cs=0 l=1 rev1=1 crypto rx=0x7fb5f4009820 tx=0x7fb5f402a270 comp rx=0 tx=0).stop
2024-09-19T05:32:48.913 INFO:teuthology.orchestra.run.smithi007.stdout:/usr/bin/ceph: stderr
2024-09-19T05:32:48.077+0000 7fb608c8c640 1 -- 172.21.15.7:0/3113975879 shutdown_connections
2024-09-19T05:32:48.913 INFO:teuthology.orchestra.run.smithi007.stdout:/usr/bin/ceph: stderr
2024-09-19T05:32:48.077+0000 7fb608c8c640 1 --2- 172.21.15.7:0/3113975879 >> [v2:172.21.15.7:3300/0,v1:172.21.15.7:6789/0] conn(0x7fb6041081e0 0x7fb60410a5d0 unknown :-1 s=CLOSED pgs=24 cs=0 l=1 rev1=1 crypto rx=0 tx=0 comp rx=0 tx=0).stop
2024-09-19T05:32:48.913 INFO:teuthology.orchestra.run.smithi007.stdout:/usr/bin/ceph: stderr
2024-09-19T05:32:48.077+0000 7fb608c8c640 1 -- 172.21.15.7:0/3113975879 >> 172.21.15.7:0/3113975879 conn(0x7fb604101d40 msgr2=0x7fb6041041c0 unknown :-1 s=STATE_NONE l=0).mark_down
2024-09-19T05:32:48.913 INFO:teuthology.orchestra.run.smithi007.stdout:/usr/bin/ceph: stderr
2024-09-19T05:32:48.077+0000 7fb608c8c640 1 -- 172.21.15.7:0/3113975879 shutdown_connections
2024-09-19T05:32:48.913 INFO:teuthology.orchestra.run.smithi007.stdout:/usr/bin/ceph: stderr
2024-09-19T05:32:48.078+0000 7fb608c8c640 1 -- 172.21.15.7:0/3113975879 wait complete.
2024-09-19T05:32:48.913 INFO:teuthology.orchestra.run.smithi007.stdout:/usr/bin/ceph: stderr
2024-09-19T05:32:48.078+0000 7fb608c8c640 1 Processor -- start
2024-09-19T05:32:48.913 INFO:teuthology.orchestra.run.smithi007.stdout:/usr/bin/ceph: stderr
2024-09-19T05:32:48.078+0000 7fb608c8c640 1 -- start start
2024-09-19T05:32:48.913 INFO:teuthology.orchestra.run.smithi007.stdout:/usr/bin/ceph: stderr
2024-09-19T05:32:48.078+0000 7fb608c8c640 1 --2- >> [v2:172.21.15.7:3300/0,v1:172.21.15.7:6789/0] conn(0x7fb6041081e0 0x7fb60419b6a0 unknown :-1 s=NONE pgs=0 cs=0 l=1 rev1=0 crypto rx=0 tx=0 comp rx=0 tx=0).connect
2024-09-19T05:32:48.913 INFO:teuthology.orchestra.run.smithi007.stdout:/usr/bin/ceph: stderr
2024-09-19T05:32:48.078+0000 7fb608c8c640 1 -- --> [v2:172.21.15.7:3300/0,v1:172.21.15.7:6789/0] -- mon_getmap magic: 0 -- 0x7fb60410ba90 con 0x7fb6041081e0
2024-09-19T05:32:48.913 INFO:teuthology.orchestra.run.smithi007.stdout:/usr/bin/ceph: stderr
2024-09-19T05:32:48.078+0000 7fb60259c640 1 --2- >> [v2:172.21.15.7:3300/0,v1:172.21.15.7:6789/0] conn(0x7fb6041081e0 0x7fb60419b6a0 unknown :-1 s=BANNER_CONNECTING pgs=0 cs=0 l=1 rev1=0 crypto rx=0 tx=0 comp rx=0 tx=0)._handle_peer_banner_payload supported=3 required=0
2024-09-19T05:32:48.913 INFO:teuthology.orchestra.run.smithi007.stdout:/usr/bin/ceph: stderr
2024-09-19T05:32:48.079+0000 7fb60259c640 1 --2- >> [v2:172.21.15.7:3300/0,v1:172.21.15.7:6789/0] conn(0x7fb6041081e0 0x7fb60419b6a0 unknown :-1 s=HELLO_CONNECTING pgs=0 cs=0 l=1 rev1=1 crypto rx=0 tx=0 comp rx=0 tx=0).handle_hello peer v2:172.21.15.7:3300/0 says I am v2:172.21.15.7:57594/0 (socket says 172.21.15.7:57594)
2024-09-19T05:32:48.913 INFO:teuthology.orchestra.run.smithi007.stdout:/usr/bin/ceph: stderr
2024-09-19T05:32:48.079+0000 7fb60259c640 1 -- 172.21.15.7:0/150580591 learned_addr learned my addr 172.21.15.7:0/150580591 (peer_addr_for_me v2:172.21.15.7:0/0)
2024-09-19T05:32:48.913 INFO:teuthology.orchestra.run.smithi007.stdout:/usr/bin/ceph: stderr
2024-09-19T05:32:48.079+0000 7fb60259c640 1 -- 172.21.15.7:0/150580591 --> [v2:172.21.15.7:3300/0,v1:172.21.15.7:6789/0] -- mon_subscribe({config=0+,monmap=0+}) -- 0x7fb60419bbe0 con 0x7fb6041081e0
2024-09-19T05:32:48.914 INFO:teuthology.orchestra.run.smithi007.stdout:/usr/bin/ceph: stderr
