2024-09-19T05:37:07.074 INFO:teuthology.orchestra.run.smithi083.stdout:/usr/bin/ceph: stderr
2024-09-19T05:37:06.301+0000 7f186c6cc640 1 --2- 172.21.15.83:0/3283769560 >> [v2:172.21.15.83:3300/0,v1:172.21.15.83:6789/0] conn(0x7f1864105800 0x7f1864105c00 secure :-1 s=READY pgs=51 cs=0 l=1 rev1=1 crypto rx=0x7f1860009820 tx=0x7f186002a270 comp rx=0 tx=0).stop
2024-09-19T05:37:07.074 INFO:teuthology.orchestra.run.smithi083.stdout:/usr/bin/ceph: stderr
2024-09-19T05:37:06.301+0000 7f186c6cc640 1 -- 172.21.15.83:0/3283769560 shutdown_connections
2024-09-19T05:37:07.074 INFO:teuthology.orchestra.run.smithi083.stdout:/usr/bin/ceph: stderr
2024-09-19T05:37:06.301+0000 7f186c6cc640 1 --2- 172.21.15.83:0/3283769560 >> [v2:172.21.15.83:3300/0,v1:172.21.15.83:6789/0] conn(0x7f1864105800 0x7f1864105c00 unknown :-1 s=CLOSED pgs=51 cs=0 l=1 rev1=1 crypto rx=0 tx=0 comp rx=0 tx=0).stop
2024-09-19T05:37:07.074 INFO:teuthology.orchestra.run.smithi083.stdout:/usr/bin/ceph: stderr
2024-09-19T05:37:06.301+0000 7f186c6cc640 1 -- 172.21.15.83:0/3283769560 >> 172.21.15.83:0/3283769560 conn(0x7f1864101310 msgr2=0x7f1864103790 unknown :-1 s=STATE_NONE l=0).mark_down
2024-09-19T05:37:07.074 INFO:teuthology.orchestra.run.smithi083.stdout:/usr/bin/ceph: stderr
2024-09-19T05:37:06.301+0000 7f186c6cc640 1 -- 172.21.15.83:0/3283769560 shutdown_connections
2024-09-19T05:37:07.074 INFO:teuthology.orchestra.run.smithi083.stdout:/usr/bin/ceph: stderr
2024-09-19T05:37:06.301+0000 7f186c6cc640 1 -- 172.21.15.83:0/3283769560 wait complete.
2024-09-19T05:37:07.074 INFO:teuthology.orchestra.run.smithi083.stdout:/usr/bin/ceph: stderr
2024-09-19T05:37:06.301+0000 7f186c6cc640 1 Processor -- start
2024-09-19T05:37:07.075 INFO:teuthology.orchestra.run.smithi083.stdout:/usr/bin/ceph: stderr
2024-09-19T05:37:06.301+0000 7f186c6cc640 1 -- start start
2024-09-19T05:37:07.075 INFO:teuthology.orchestra.run.smithi083.stdout:/usr/bin/ceph: stderr
2024-09-19T05:37:06.302+0000 7f186c6cc640 1 --2- >> [v2:172.21.15.83:3300/0,v1:172.21.15.83:6789/0] conn(0x7f1864105800 0x7f186419b910 unknown :-1 s=NONE pgs=0 cs=0 l=1 rev1=0 crypto rx=0 tx=0 comp rx=0 tx=0).connect
2024-09-19T05:37:07.075 INFO:teuthology.orchestra.run.smithi083.stdout:/usr/bin/ceph: stderr
2024-09-19T05:37:06.302+0000 7f186c6cc640 1 -- --> [v2:172.21.15.83:3300/0,v1:172.21.15.83:6789/0] -- mon_getmap magic: 0 -- 0x7f186410ba10 con 0x7f1864105800
2024-09-19T05:37:07.075 INFO:teuthology.orchestra.run.smithi083.stdout:/usr/bin/ceph: stderr
2024-09-19T05:37:06.302+0000 7f186a468640 1 --2- >> [v2:172.21.15.83:3300/0,v1:172.21.15.83:6789/0] conn(0x7f1864105800 0x7f186419b910 unknown :-1 s=BANNER_CONNECTING pgs=0 cs=0 l=1 rev1=0 crypto rx=0 tx=0 comp rx=0 tx=0)._handle_peer_banner_payload supported=3 required=0
2024-09-19T05:37:07.075 INFO:teuthology.orchestra.run.smithi083.stdout:/usr/bin/ceph: stderr
2024-09-19T05:37:06.302+0000 7f186a468640 1 --2- >> [v2:172.21.15.83:3300/0,v1:172.21.15.83:6789/0] conn(0x7f1864105800 0x7f186419b910 unknown :-1 s=HELLO_CONNECTING pgs=0 cs=0 l=1 rev1=1 crypto rx=0 tx=0 comp rx=0 tx=0).handle_hello peer v2:172.21.15.83:3300/0 says I am v2:172.21.15.83:49938/0 (socket says 172.21.15.83:49938)
2024-09-19T05:37:07.075 INFO:teuthology.orchestra.run.smithi083.stdout:/usr/bin/ceph: stderr
2024-09-19T05:37:06.302+0000 7f186a468640 1 -- 172.21.15.83:0/185508130 learned_addr learned my addr 172.21.15.83:0/185508130 (peer_addr_for_me v2:172.21.15.83:0/0)
2024-09-19T05:37:07.076 INFO:teuthology.orchestra.run.smithi083.stdout:/usr/bin/ceph: stderr
2024-09-19T05:37:06.302+0000 7f186a468640 1 -- 172.21.15.83:0/185508130 --> [v2:172.21.15.83:3300/0,v1:172.21.15.83:6789/0] -- mon_subscribe({config=0+,monmap=0+}) -- 0x7f186419be50 con 0x7f1864105800
2024-09-19T05:37:07.076 INFO:teuthology.orchestra.run.smithi083.stdout:/usr/bin/ceph: stderr
2024-09-19T05:37:06.302+0000 7f186a468640 1 --2- 172.21.15.83:0/185508130 >> [v2:172.21.15.83:3300/0,v1:172.21.15.83:6789/0] conn(0x7f1864105800 0x7f186419b910 secure :-1 s=READY pgs=52 cs=0 l=1 rev1=1 crypto rx=0x7f18600097f0 tx=0x7f18600327b0 comp rx=0 tx=0).ready entity=mon.0 client_cookie=0 server_cookie=0 in_seq=0 out_seq=0
2024-09-19T05:37:07.076 INFO:teuthology.orchestra.run.smithi083.stdout:/usr/bin/ceph: stderr
2024-09-19T05:37:06.302+0000 7f185b7fe640 1 -- 172.21.15.83:0/185508130 <== mon.0 v2:172.21.15.83:3300/0 1 ==== mon_map magic: 0 ==== 205+0+0 (secure 0 0 0) 0x7f1860037040 con 0x7f1864105800
2024-09-19T05:37:07.076 INFO:teuthology.orchestra.run.smithi083.stdout:/usr/bin/ceph: stderr
2024-09-19T05:37:06.302+0000 7f185b7fe640 1 -- 172.21.15.83:0/185508130 <== mon.0 v2:172.21.15.83:3300/0 2 ==== config(27 keys) ==== 1140+0+0 (secure 0 0 0) 0x7f1860030c40 con 0x7f1864105800
2024-09-19T05:37:07.076 INFO:teuthology.orchestra.run.smithi083.stdout:/usr/bin/ceph: stderr
2024-09-19T05:37:06.302+0000 7f186c6cc640 1 -- 172.21.15.83:0/185508130 --> [v2:172.21.15.83:3300/0,v1:172.21.15.83:6789/0] -- mon_subscribe({mgrmap=0+}) -- 0x7f186419c0e0 con 0x7f1864105800
2024-09-19T05:37:07.076 INFO:teuthology.orchestra.run.smithi083.stdout:/usr/bin/ceph: stderr
2024-09-19T05:37:06.302+0000 7f186c6cc640 1 -- 172.21.15.83:0/185508130 --> [v2:172.21.15.83:3300/0,v1:172.21.15.83:6789/0] -- mon_subscribe({osdmap=0}) -- 0x7f186419edd0 con 0x7f1864105800
2024-09-19T05:37:07.076 INFO:teuthology.orchestra.run.smithi083.stdout:/usr/bin/ceph: stderr
2024-09-19T05:37:06.303+0000 7f185b7fe640 1 -- 172.21.15.83:0/185508130 <== mon.0 v2:172.21.15.83:3300/0 3 ==== mon_map magic: 0 ==== 205+0+0 (secure 0 0 0) 0x7f186003a5b0 con 0x7f1864105800
2024-09-19T05:37:07.076 INFO:teuthology.orchestra.run.smithi083.stdout:/usr/bin/ceph: stderr
2024-09-19T05:37:06.304+0000 7f186c6cc640 1 -- 172.21.15.83:0/185508130 --> [v2:172.21.15.83:3300/0,v1:172.21.15.83:6789/0] -- mon_command({"prefix": "get_command_descriptions"} v 0) -- 0x7f18480052c0 con 0x7f1864105800
2024-09-19T05:37:07.076 INFO:teuthology.orchestra.run.smithi083.stdout:/usr/bin/ceph: stderr
2024-09-19T05:37:06.304+0000 7f185b7fe640 1 -- 172.21.15.83:0/185508130 <== mon.0 v2:172.21.15.83:3300/0 4 ==== mgrmap(e 8) ==== 46461+0+0 (secure 0 0 0) 0x7f186003a7e0 con 0x7f1864105800
2024-09-19T05:37:07.076 INFO:teuthology.orchestra.run.smithi083.stdout:/usr/bin/ceph: stderr
2024-09-19T05:37:06.304+0000 7f185b7fe640 1 --2- 172.21.15.83:0/185508130 >> [v2:172.21.15.83:6800/3379547025,v1:172.21.15.83:6801/3379547025] conn(0x7f1850039200 0x7f185003b6c0 unknown :-1 s=NONE pgs=0 cs=0 l=1 rev1=0 crypto rx=0 tx=0 comp rx=0 tx=0).connect
2024-09-19T05:37:07.076 INFO:teuthology.orchestra.run.smithi083.stdout:/usr/bin/ceph: stderr
2024-09-19T05:37:06.304+0000 7f185b7fe640 1 -- 172.21.15.83:0/185508130 <== mon.0 v2:172.21.15.83:3300/0 5 ==== osd_map(2..2 src has 1..2) ==== 940+0+0 (secure 0 0 0) 0x7f186006c620 con 0x7f1864105800
2024-09-19T05:37:07.076 INFO:teuthology.orchestra.run.smithi083.stdout:/usr/bin/ceph: stderr
2024-09-19T05:37:06.304+0000 7f1869c67640 1 --2- 172.21.15.83:0/185508130 >> [v2:172.21.15.83:6800/3379547025,v1:172.21.15.83:6801/3379547025] conn(0x7f1850039200 0x7f185003b6c0 unknown :-1 s=BANNER_CONNECTING pgs=0 cs=0 l=1 rev1=0 crypto rx=0 tx=0 comp rx=0 tx=0)._handle_peer_banner_payload supported=3 required=0
2024-09-19T05:37:07.077 INFO:teuthology.orchestra.run.smithi083.stdout:/usr/bin/ceph: stderr
2024-09-19T05:37:06.305+0000 7f1869c67640 1 --2- 172.21.15.83:0/185508130 >> [v2:172.21.15.83:6800/3379547025,v1:172.21.15.83:6801/3379547025] conn(0x7f1850039200 0x7f185003b6c0 secure :-1 s=READY pgs=15 cs=0 l=1 rev1=1 crypto rx=0x7f18540098c0 tx=0x7f1854006db0 comp rx=0 tx=0).ready entity=mgr.14118 client_cookie=0 server_cookie=0 in_seq=0 out_seq=0
2024-09-19T05:37:07.077 INFO:teuthology.orchestra.run.smithi083.stdout:/usr/bin/ceph: stderr
2024-09-19T05:37:06.309+0000 7f185b7fe640 1 -- 172.21.15.83:0/185508130 <== mon.0 v2:172.21.15.83:3300/0 6 ==== mon_command_ack([{"prefix": "get_command_descriptions"}]=0 v0) ==== 72+0+188913 (secure 0 0 0) 0x7f18600371e0 con 0x7f1864105800
2024-09-19T05:37:07.077 INFO:teuthology.orchestra.run.smithi083.stdout:/usr/bin/ceph: stderr
2024-09-19T05:37:06.492+0000 7f186c6cc640 1 -- 172.21.15.83:0/185508130 --> [v2:172.21.15.83:3300/0,v1:172.21.15.83:6789/0] -- mon_command([{prefix=config set, name=mgr/dashboard/ssl_server_port}] v 0) -- 0x7f18480055b0 con 0x7f1864105800
2024-09-19T05:37:07.077 INFO:teuthology.orchestra.run.smithi083.stdout:/usr/bin/ceph: stderr
2024-09-19T05:37:06.495+0000 7f185b7fe640 1 -- 172.21.15.83:0/185508130 <== mon.0 v2:172.21.15.83:3300/0 7 ==== mon_command_ack([{prefix=config set, name=mgr/dashboard/ssl_server_port}]=0 v8)=0 v8) ==== 130+0+0 (secure 0 0 0) 0x7f1860030df0 con 0x7f1864105800
2024-09-19T05:37:07.077 INFO:teuthology.orchestra.run.smithi083.stdout:/usr/bin/ceph: stderr
2024-09-19T05:37:06.497+0000 7f186c6cc640 1 -- 172.21.15.83:0/185508130 >> [v2:172.21.15.83:6800/3379547025,v1:172.21.15.83:6801/3379547025] conn(0x7f1850039200 msgr2=0x7f185003b6c0 secure :-1 s=STATE_CONNECTION_ESTABLISHED l=1).mark_down
2024-09-19T05:37:07.077 INFO:teuthology.orchestra.run.smithi083.stdout:/usr/bin/ceph: stderr
2024-09-19T05:37:06.497+0000 7f186c6cc640 1 --2- 172.21.15.83:0/185508130 >> [v2:172.21.15.83:6800/3379547025,v1:172.21.15.83:6801/3379547025] conn(0x7f1850039200 0x7f185003b6c0 secure :-1 s=READY pgs=15 cs=0 l=1 rev1=1 crypto rx=0x7f18540098c0 tx=0x7f1854006db0 comp rx=0 tx=0).stop
2024-09-19T05:37:07.077 INFO:teuthology.orchestra.run.smithi083.stdout:/usr/bin/ceph: stderr
2024-09-19T05:37:06.497+0000 7f186c6cc640 1 -- 172.21.15.83:0/185508130 >> [v2:172.21.15.83:3300/0,v1:172.21.15.83:6789/0] conn(0x7f1864105800 msgr2=0x7f186419b910 secure :-1 s=STATE_CONNECTION_ESTABLISHED l=1).mark_down
2024-09-19T05:37:07.077 INFO:teuthology.orchestra.run.smithi083.stdout:/usr/bin/ceph: stderr
2024-09-19T05:37:06.497+0000 7f186c6cc640 1 --2- 172.21.15.83:0/185508130 >> [v2:172.21.15.83:3300/0,v1:172.21.15.83:6789/0] conn(0x7f1864105800 0x7f186419b910 secure :-1 s=READY pgs=52 cs=0 l=1 rev1=1 crypto rx=0x7f18600097f0 tx=0x7f18600327b0 comp rx=0 tx=0).stop
2024-09-19T05:37:07.077 INFO:teuthology.orchestra.run.smithi083.stdout:/usr/bin/ceph: stderr
2024-09-19T05:37:06.497+0000 7f186c6cc640 1 -- 172.21.15.83:0/185508130 shutdown_connections
2024-09-19T05:37:07.077 INFO:teuthology.orchestra.run.smithi083.stdout:/usr/bin/ceph: stderr
2024-09-19T05:37:06.497+0000 7f186c6cc640 1 --2- 172.21.15.83:0/185508130 >> [v2:172.21.15.83:6800/3379547025,v1:172.21.15.83:6801/3379547025] conn(0x7f1850039200 0x7f185003b6c0 unknown :-1 s=CLOSED pgs=15 cs=0 l=1 rev1=1 crypto rx=0 tx=0 comp rx=0 tx=0).stop
2024-09-19T05:37:07.077 INFO:teuthology.orchestra.run.smithi083.stdout:/usr/bin/ceph: stderr
2024-09-19T05:37:06.497+0000 7f186c6cc640 1 --2- 172.21.15.83:0/185508130 >> [v2:172.21.15.83:3300/0,v1:172.21.15.83:6789/0] conn(0x7f1864105800 0x7f186419b910 unknown :-1 s=CLOSED pgs=52 cs=0 l=1 rev1=1 crypto rx=0 tx=0 comp rx=0 tx=0).stop
2024-09-19T05:37:07.077 INFO:teuthology.orchestra.run.smithi083.stdout:/usr/bin/ceph: stderr
2024-09-19T05:37:06.497+0000 7f186c6cc640 1 -- 172.21.15.83:0/185508130 >> 172.21.15.83:0/185508130 conn(0x7f1864101310 msgr2=0x7f18641021f0 unknown :-1 s=STATE_NONE l=0).mark_down
2024-09-19T05:37:07.078 INFO:teuthology.orchestra.run.smithi083.stdout:/usr/bin/ceph: stderr
2024-09-19T05:37:06.497+0000 7f186c6cc640 1 -- 172.21.15.83:0/185508130 shutdown_connections
2024-09-19T05:37:07.078 INFO:teuthology.orchestra.run.smithi083.stdout:/usr/bin/ceph: stderr
2024-09-19T05:37:06.497+0000 7f186c6cc640 1 -- 172.21.15.83:0/185508130 wait complete.
2024-09-19T05:37:07.078 INFO:teuthology.orchestra.run.smithi083.stdout:Enabling the dashboard module...
2024-09-19T05:37:07.362 INFO:journalctl@ceph.mon.a.smithi083.stdout:Sep 19 05:37:07 smithi083 ceph-mon[31245]: from='mgr.14118 172.21.15.83:0/1909865204' entity='mgr.x'
2024-09-19T05:37:07.363 INFO:journalctl@ceph.mon.a.smithi083.stdout:Sep 19 05:37:07 smithi083 ceph-mon[31245]: from='client.? 172.21.15.83:0/185508130' entity='client.admin'
2024-09-19T05:37:08.398 INFO:journalctl@ceph.mon.a.smithi083.stdout:Sep 19 05:37:08 smithi083 ceph-mon[31245]: from='client.? 172.21.15.83:0/171036545' entity='client.admin' cmd=[{"prefix": "mgr module enable", "module": "dashboard"}]: dispatch
2024-09-19T05:37:08.398 INFO:journalctl@ceph.mon.a.smithi083.stdout:Sep 19 05:37:08 smithi083 ceph-mon[31245]: from='mgr.14118 172.21.15.83:0/1909865204' entity='mgr.x'
2024-09-19T05:37:08.398 INFO:journalctl@ceph.mgr.x.smithi083.stdout:Sep 19 05:37:08 smithi083 ceph-f4648936-7648-11ef-bceb-c7b262605968-mgr-x[31470]: ignoring --setuser ceph since I am not root
2024-09-19T05:37:08.399 INFO:journalctl@ceph.mgr.x.smithi083.stdout:Sep 19 05:37:08 smithi083 ceph-f4648936-7648-11ef-bceb-c7b262605968-mgr-x[31470]: ignoring --setgroup ceph since I am not root
2024-09-19T05:37:08.399 INFO:journalctl@ceph.mgr.x.smithi083.stdout:Sep 19 05:37:08 smithi083 ceph-f4648936-7648-11ef-bceb-c7b262605968-mgr-x[31470]:
2024-09-19T05:37:08.284+0000 7f0704a25040 -1 mgr[py] Module osd_perf_query has missing NOTIFY_TYPES member
2024-09-19T05:37:08.399 INFO:journalctl@ceph.mgr.x.smithi083.stdout:Sep 19 05:37:08 smithi083 ceph-f4648936-7648-11ef-bceb-c7b262605968-mgr-x[31470]:
2024-09-19T05:37:08.340+0000 7f0704a25040 -1 mgr[py] Module osd_support has missing NOTIFY_TYPES member
2024-09-19T05:37:08.716 INFO:journalctl@ceph.mgr.x.smithi083.stdout:Sep 19 05:37:08 smithi083 ceph-f4648936-7648-11ef-bceb-c7b262605968-mgr-x[31470]:
2024-09-19T05:37:08.498+0000 7f0704a25040 -1 mgr[py] Module diskprediction_local has missing NOTIFY_TYPES member
2024-09-19T05:37:08.716 INFO:journalctl@ceph.mgr.x.smithi083.stdout:Sep 19 05:37:08 smithi083 ceph-f4648936-7648-11ef-bceb-c7b262605968-mgr-x[31470]:
2024-09-19T05:37:08.567+0000 7f0704a25040 -1 mgr[py] Module crash has missing NOTIFY_TYPES member
2024-09-19T05:37:08.716 INFO:journalctl@ceph.mgr.x.smithi083.stdout:Sep 19 05:37:08 smithi083 ceph-f4648936-7648-11ef-bceb-c7b262605968-mgr-x[31470]:
2024-09-19T05:37:08.713+0000 7f0704a25040 -1 mgr[py] Module test_orchestrator has missing NOTIFY_TYPES member
2024-09-19T05:37:08.787 INFO:teuthology.orchestra.run.smithi083.stdout:/usr/bin/ceph: stderr
2024-09-19T05:37:07.446+0000 7fdc9feb7640 1 Processor -- start
2024-09-19T05:37:08.787 INFO:teuthology.orchestra.run.smithi083.stdout:/usr/bin/ceph: stderr
2024-09-19T05:37:07.446+0000 7fdc9feb7640 1 -- start start
2024-09-19T05:37:08.787 INFO:teuthology.orchestra.run.smithi083.stdout:/usr/bin/ceph: stderr
2024-09-19T05:37:07.447+0000 7fdc9feb7640 1 --2- >> [v2:172.21.15.83:3300/0,v1:172.21.15.83:6789/0] conn(0x7fdc98107580 0x7fdc98107980 unknown :-1 s=NONE pgs=0 cs=0 l=0 rev1=0 crypto rx=0 tx=0 comp rx=0 tx=0).connect
2024-09-19T05:37:08.787 INFO:teuthology.orchestra.run.smithi083.stdout:/usr/bin/ceph: stderr
2024-09-19T05:37:07.447+0000 7fdc9feb7640 1 -- --> [v2:172.21.15.83:3300/0,v1:172.21.15.83:6789/0] -- mon_getmap magic: 0 -- 0x7fdc98107f50 con 0x7fdc98107580
2024-09-19T05:37:08.787 INFO:teuthology.orchestra.run.smithi083.stdout:/usr/bin/ceph: stderr
2024-09-19T05:37:07.447+0000 7fdc9dc53640 1 --2- >> [v2:172.21.15.83:3300/0,v1:172.21.15.83:6789/0] conn(0x7fdc98107580 0x7fdc98107980 unknown :-1 s=BANNER_CONNECTING pgs=0 cs=0 l=0 rev1=0 crypto rx=0 tx=0 comp rx=0 tx=0)._handle_peer_banner_payload supported=3 required=0
2024-09-19T05:37:08.787 INFO:teuthology.orchestra.run.smithi083.stdout:/usr/bin/ceph: stderr
2024-09-19T05:37:07.447+0000 7fdc9dc53640 1 --2- >> [v2:172.21.15.83:3300/0,v1:172.21.15.83:6789/0] conn(0x7fdc98107580 0x7fdc98107980 unknown :-1 s=HELLO_CONNECTING pgs=0 cs=0 l=0 rev1=1 crypto rx=0 tx=0 comp rx=0 tx=0).handle_hello peer v2:172.21.15.83:3300/0 says I am v2:172.21.15.83:49950/0 (socket says 172.21.15.83:49950)
2024-09-19T05:37:08.788 INFO:teuthology.orchestra.run.smithi083.stdout:/usr/bin/ceph: stderr
2024-09-19T05:37:07.447+0000 7fdc9dc53640 1 -- 172.21.15.83:0/2300309632 learned_addr learned my addr 172.21.15.83:0/2300309632 (peer_addr_for_me v2:172.21.15.83:0/0)
2024-09-19T05:37:08.788 INFO:teuthology.orchestra.run.smithi083.stdout:/usr/bin/ceph: stderr
2024-09-19T05:37:07.447+0000 7fdc9dc53640 1 -- 172.21.15.83:0/2300309632 --> [v2:172.21.15.83:3300/0,v1:172.21.15.83:6789/0] -- mon_subscribe({config=0+,monmap=0+}) -- 0x7fdc98108780 con 0x7fdc98107580
2024-09-19T05:37:08.788 INFO:teuthology.orchestra.run.smithi083.stdout:/usr/bin/ceph: stderr
2024-09-19T05:37:07.448+0000 7fdc9dc53640 1 --2- 172.21.15.83:0/2300309632 >> [v2:172.21.15.83:3300/0,v1:172.21.15.83:6789/0] conn(0x7fdc98107580 0x7fdc98107980 secure :-1 s=READY pgs=53 cs=0 l=1 rev1=1 crypto rx=0x7fdc94009820 tx=0x7fdc9402a270 comp rx=0 tx=0).ready entity=mon.0 client_cookie=136e9ca63822d137 server_cookie=0 in_seq=0 out_seq=0
2024-09-19T05:37:08.788 INFO:teuthology.orchestra.run.smithi083.stdout:/usr/bin/ceph: stderr
2024-09-19T05:37:07.448+0000 7fdc9cc51640 1 -- 172.21.15.83:0/2300309632 <== mon.0 v2:172.21.15.83:3300/0 1 ==== mon_map magic: 0 ==== 205+0+0 (secure 0 0 0) 0x7fdc94037070 con 0x7fdc98107580
2024-09-19T05:37:08.789 INFO:teuthology.orchestra.run.smithi083.stdout:/usr/bin/ceph: stderr
2024-09-19T05:37:07.448+0000 7fdc9cc51640 1 -- 172.21.15.83:0/2300309632 <== mon.0 v2:172.21.15.83:3300/0 2 ==== config(27 keys) ==== 1140+0+0 (secure 0 0 0) 0x7fdc94032920 con 0x7fdc98107580
2024-09-19T05:37:08.789 INFO:teuthology.orchestra.run.smithi083.stdout:/usr/bin/ceph: stderr
2024-09-19T05:37:07.448+0000 7fdc9cc51640 1 -- 172.21.15.83:0/2300309632 <== mon.0 v2:172.21.15.83:3300/0 3 ==== mon_map magic: 0 ==== 205+0+0 (secure 0 0 0) 0x7fdc94030810 con 0x7fdc98107580
2024-09-19T05:37:08.789 INFO:teuthology.orchestra.run.smithi083.stdout:/usr/bin/ceph: stderr
2024-09-19T05:37:07.448+0000 7fdc9feb7640 1 -- 172.21.15.83:0/2300309632 >> [v2:172.21.15.83:3300/0,v1:172.21.15.83:6789/0] conn(0x7fdc98107580 msgr2=0x7fdc98107980 secure :-1 s=STATE_CONNECTION_ESTABLISHED l=1).mark_down
2024-09-19T05:37:08.789 INFO:teuthology.orchestra.run.smithi083.stdout:/usr/bin/ceph: stderr
2024-09-19T05:37:07.448+0000 7fdc9feb7640 1 --2- 172.21.15.83:0/2300309632 >> [v2:172.21.15.83:3300/0,v1:172.21.15.83:6789/0] conn(0x7fdc98107580 0x7fdc98107980 secure :-1 s=READY pgs=53 cs=0 l=1 rev1=1 crypto rx=0x7fdc94009820 tx=0x7fdc9402a270 comp rx=0 tx=0).stop
2024-09-19T05:37:08.789 INFO:teuthology.orchestra.run.smithi083.stdout:/usr/bin/ceph: stderr
2024-09-19T05:37:07.449+0000 7fdc9feb7640 1 -- 172.21.15.83:0/2300309632 shutdown_connections
2024-09-19T05:37:08.789 INFO:teuthology.orchestra.run.smithi083.stdout:/usr/bin/ceph: stderr
2024-09-19T05:37:07.449+0000 7fdc9feb7640 1 --2- 172.21.15.83:0/2300309632 >> [v2:172.21.15.83:3300/0,v1:172.21.15.83:6789/0] conn(0x7fdc98107580 0x7fdc98107980 unknown :-1 s=CLOSED pgs=53 cs=0 l=1 rev1=1 crypto rx=0 tx=0 comp rx=0 tx=0).stop
2024-09-19T05:37:08.789 INFO:teuthology.orchestra.run.smithi083.stdout:/usr/bin/ceph: stderr
2024-09-19T05:37:07.449+0000 7fdc9feb7640 1 -- 172.21.15.83:0/2300309632 >> 172.21.15.83:0/2300309632 conn(0x7fdc98102d90 msgr2=0x7fdc981051b0 unknown :-1 s=STATE_NONE l=0).mark_down
2024-09-19T05:37:08.789 INFO:teuthology.orchestra.run.smithi083.stdout:/usr/bin/ceph: stderr
2024-09-19T05:37:07.449+0000 7fdc9feb7640 1 -- 172.21.15.83:0/2300309632 shutdown_connections
2024-09-19T05:37:08.789 INFO:teuthology.orchestra.run.smithi083.stdout:/usr/bin/ceph: stderr
2024-09-19T05:37:07.449+0000 7fdc9feb7640 1 -- 172.21.15.83:0/2300309632 wait complete.
2024-09-19T05:37:08.789 INFO:teuthology.orchestra.run.smithi083.stdout:/usr/bin/ceph: stderr
2024-09-19T05:37:07.449+0000 7fdc9feb7640 1 Processor -- start
2024-09-19T05:37:08.789 INFO:teuthology.orchestra.run.smithi083.stdout:/usr/bin/ceph: stderr
2024-09-19T05:37:07.449+0000 7fdc9feb7640 1 -- start start
2024-09-19T05:37:08.789 INFO:teuthology.orchestra.run.smithi083.stdout:/usr/bin/ceph: stderr
2024-09-19T05:37:07.449+0000 7fdc9feb7640 1 --2- >> [v2:172.21.15.83:3300/0,v1:172.21.15.83:6789/0] conn(0x7fdc98107580 0x7fdc9807db20 unknown :-1 s=NONE pgs=0 cs=0 l=1 rev1=0 crypto rx=0 tx=0 comp rx=0 tx=0).connect
2024-09-19T05:37:08.790 INFO:teuthology.orchestra.run.smithi083.stdout:/usr/bin/ceph: stderr
2024-09-19T05:37:07.449+0000 7fdc9feb7640 1 -- --> [v2:172.21.15.83:3300/0,v1:172.21.15.83:6789/0] -- mon_getmap magic: 0 -- 0x7fdc9810bb30 con 0x7fdc98107580
2024-09-19T05:37:08.790 INFO:teuthology.orchestra.run.smithi083.stdout:/usr/bin/ceph: stderr
2024-09-19T05:37:07.449+0000 7fdc9dc53640 1 --2- >> [v2:172.21.15.83:3300/0,v1:172.21.15.83:6789/0] conn(0x7fdc98107580 0x7fdc9807db20 unknown :-1 s=BANNER_CONNECTING pgs=0 cs=0 l=1 rev1=0 crypto rx=0 tx=0 comp rx=0 tx=0)._handle_peer_banner_payload supported=3 required=0
2024-09-19T05:37:08.790 INFO:teuthology.orchestra.run.smithi083.stdout:/usr/bin/ceph: stderr
2024-09-19T05:37:07.450+0000 7fdc9dc53640 1 --2- >> [v2:172.21.15.83:3300/0,v1:172.21.15.83:6789/0] conn(0x7fdc98107580 0x7fdc9807db20 unknown :-1 s=HELLO_CONNECTING pgs=0 cs=0 l=1 rev1=1 crypto rx=0 tx=0 comp rx=0 tx=0).handle_hello peer v2:172.21.15.83:3300/0 says I am v2:172.21.15.83:49964/0 (socket says 172.21.15.83:49964)
2024-09-19T05:37:08.790 INFO:teuthology.orchestra.run.smithi083.stdout:/usr/bin/ceph: stderr
2024-09-19T05:37:07.450+0000 7fdc9dc53640 1 -- 172.21.15.83:0/171036545 learned_addr learned my addr 172.21.15.83:0/171036545 (peer_addr_for_me v2:172.21.15.83:0/0)
2024-09-19T05:37:08.790 INFO:teuthology.orchestra.run.smithi083.stdout:/usr/bin/ceph: stderr
2024-09-19T05:37:07.450+0000 7fdc9dc53640 1 -- 172.21.15.83:0/171036545 --> [v2:172.21.15.83:3300/0,v1:172.21.15.83:6789/0] -- mon_subscribe({config=0+,monmap=0+}) -- 0x7fdc9807e060 con 0x7fdc98107580
2024-09-19T05:37:08.790 INFO:teuthology.orchestra.run.smithi083.stdout:/usr/bin/ceph: stderr
2024-09-19T05:37:07.450+0000 7fdc9dc53640 1 --2- 172.21.15.83:0/171036545 >> [v2:172.21.15.83:3300/0,v1:172.21.15.83:6789/0] conn(0x7fdc98107580 0x7fdc9807db20 secure :-1 s=READY pgs=54 cs=0 l=1 rev1=1 crypto rx=0x7fdc94030560 tx=0x7fdc94032670 comp rx=0 tx=0).ready entity=mon.0 client_cookie=0 server_cookie=0 in_seq=0 out_seq=0
2024-09-19T05:37:08.790 INFO:teuthology.orchestra.run.smithi083.stdout:/usr/bin/ceph: stderr
2024-09-19T05:37:07.450+0000 7fdc8effd640 1 -- 172.21.15.83:0/171036545 <== mon.0 v2:172.21.15.83:3300/0 1 ==== mon_map magic: 0 ==== 205+0+0 (secure 0 0 0) 0x7fdc94037040 con 0x7fdc98107580
2024-09-19T05:37:08.790 INFO:teuthology.orchestra.run.smithi083.stdout:/usr/bin/ceph: stderr
2024-09-19T05:37:07.450+0000 7fdc8effd640 1 -- 172.21.15.83:0/171036545 <== mon.0 v2:172.21.15.83:3300/0 2 ==== config(27 keys) ==== 1140+0+0 (secure 0 0 0) 0x7fdc94040070 con 0x7fdc98107580
2024-09-19T05:37:08.790 INFO:teuthology.orchestra.run.smithi083.stdout:/usr/bin/ceph: stderr
2024-09-19T05:37:07.450+0000 7fdc9feb7640 1 -- 172.21.15.83:0/171036545 --> [v2:172.21.15.83:3300/0,v1:172.21.15.83:6789/0] -- mon_subscribe({mgrmap=0+}) -- 0x7fdc9807c250 con 0x7fdc98107580
2024-09-19T05:37:08.790 INFO:teuthology.orchestra.run.smithi083.stdout:/usr/bin/ceph: stderr
2024-09-19T05:37:07.450+0000 7fdc8effd640 1 -- 172.21.15.83:0/171036545 <== mon.0 v2:172.21.15.83:3300/0 3 ==== mon_map magic: 0 ==== 205+0+0 (secure 0 0 0) 0x7fdc9403a740 con 0x7fdc98107580
2024-09-19T05:37:08.790 INFO:teuthology.orchestra.run.smithi083.stdout:/usr/bin/ceph: stderr
2024-09-19T05:37:07.450+0000 7fdc9feb7640 1 -- 172.21.15.83:0/171036545 --> [v2:172.21.15.83:3300/0,v1:172.21.15.83:6789/0] -- mon_subscribe({osdmap=0}) -- 0x7fdc9807c790 con 0x7fdc98107580
2024-09-19T05:37:08.791 INFO:teuthology.orchestra.run.smithi083.stdout:/usr/bin/ceph: stderr
2024-09-19T05:37:07.451+0000 7fdc8effd640 1 -- 172.21.15.83:0/171036545 <== mon.0 v2:172.21.15.83:3300/0 4 ==== mgrmap(e 8) ==== 46461+0+0 (secure 0 0 0) 0x7fdc9403a8e0 con 0x7fdc98107580
2024-09-19T05:37:08.791 INFO:teuthology.orchestra.run.smithi083.stdout:/usr/bin/ceph: stderr
2024-09-19T05:37:07.451+0000 7fdc8effd640 1 --2- 172.21.15.83:0/171036545 >> [v2:172.21.15.83:6800/3379547025,v1:172.21.15.83:6801/3379547025] conn(0x7fdc84039200 0x7fdc8403b6c0 unknown :-1 s=NONE pgs=0 cs=0 l=1 rev1=0 crypto rx=0 tx=0 comp rx=0 tx=0).connect
2024-09-19T05:37:08.791 INFO:teuthology.orchestra.run.smithi083.stdout:/usr/bin/ceph: stderr
2024-09-19T05:37:07.451+0000 7fdc9feb7640 1 -- 172.21.15.83:0/171036545 --> [v2:172.21.15.83:3300/0,v1:172.21.15.83:6789/0] -- mon_command({"prefix": "get_command_descriptions"} v 0) -- 0x7fdc9810bcb0 con 0x7fdc98107580
2024-09-19T05:37:08.791 INFO:teuthology.orchestra.run.smithi083.stdout:/usr/bin/ceph: stderr
2024-09-19T05:37:07.451+0000 7fdc8effd640 1 -- 172.21.15.83:0/171036545 <== mon.0 v2:172.21.15.83:3300/0 5 ==== osd_map(2..2 src has 1..2) ==== 940+0+0 (secure 0 0 0) 0x7fdc9406c9c0 con 0x7fdc98107580
2024-09-19T05:37:08.791 INFO:teuthology.orchestra.run.smithi083.stdout:/usr/bin/ceph: stderr
2024-09-19T05:37:07.451+0000 7fdc9d452640 1 --2- 172.21.15.83:0/171036545 >> [v2:172.21.15.83:6800/3379547025,v1:172.21.15.83:6801/3379547025] conn(0x7fdc84039200 0x7fdc8403b6c0 unknown :-1 s=BANNER_CONNECTING pgs=0 cs=0 l=1 rev1=0 crypto rx=0 tx=0 comp rx=0 tx=0)._handle_peer_banner_payload supported=3 required=0
2024-09-19T05:37:08.791 INFO:teuthology.orchestra.run.smithi083.stdout:/usr/bin/ceph: stderr
2024-09-19T05:37:07.452+0000 7fdc9d452640 1 --2- 172.21.15.83:0/171036545 >> [v2:172.21.15.83:6800/3379547025,v1:172.21.15.83:6801/3379547025] conn(0x7fdc84039200 0x7fdc8403b6c0 secure :-1 s=READY pgs=16 cs=0 l=1 rev1=1 crypto rx=0x7fdc880098c0 tx=0x7fdc88006db0 comp rx=0 tx=0).ready entity=mgr.14118 client_cookie=0 server_cookie=0 in_seq=0 out_seq=0
2024-09-19T05:37:08.791 INFO:teuthology.orchestra.run.smithi083.stdout:/usr/bin/ceph: stderr
2024-09-19T05:37:07.456+0000 7fdc8effd640 1 -- 172.21.15.83:0/171036545 <== mon.0 v2:172.21.15.83:3300/0 6 ==== mon_command_ack([{"prefix": "get_command_descriptions"}]=0 v0) ==== 72+0+188913 (secure 0 0 0) 0x7fdc9403abd0 con 0x7fdc98107580
2024-09-19T05:37:08.791 INFO:teuthology.orchestra.run.smithi083.stdout:/usr/bin/ceph: stderr
2024-09-19T05:37:07.671+0000 7fdc9feb7640 1 -- 172.21.15.83:0/171036545 --> [v2:172.21.15.83:3300/0,v1:172.21.15.83:6789/0] -- mon_command({"prefix": "mgr module enable", "module": "dashboard"} v 0) -- 0x7fdc98075df0 con 0x7fdc98107580
2024-09-19T05:37:08.792 INFO:teuthology.orchestra.run.smithi083.stdout:/usr/bin/ceph: stderr
2024-09-19T05:37:08.134+0000 7fdc8effd640 1 -- 172.21.15.83:0/171036545 <== mon.0 v2:172.21.15.83:3300/0 7 ==== mon_command_ack([{"prefix": "mgr module enable", "module": "dashboard"}]=0 v9) ==== 88+0+0 (secure 0 0 0) 0x7fdc98075df0 con 0x7fdc98107580
2024-09-19T05:37:08.792 INFO:teuthology.orchestra.run.smithi083.stdout:/usr/bin/ceph: stderr
2024-09-19T05:37:08.135+0000 7fdc8effd640 1 -- 172.21.15.83:0/171036545 <== mon.0 v2:172.21.15.83:3300/0 8 ==== mgrmap(e 9) ==== 46474+0+0 (secure 0 0 0) 0x7fdc94045460 con 0x7fdc98107580
2024-09-19T05:37:08.792 INFO:teuthology.orchestra.run.smithi083.stdout:/usr/bin/ceph: stderr
2024-09-19T05:37:08.136+0000 7fdc9feb7640 1 -- 172.21.15.83:0/171036545 >> [v2:172.21.15.83:6800/3379547025,v1:172.21.15.83:6801/3379547025] conn(0x7fdc84039200 msgr2=0x7fdc8403b6c0 secure :-1 s=STATE_CONNECTION_ESTABLISHED l=1).mark_down
2024-09-19T05:37:08.792 INFO:teuthology.orchestra.run.smithi083.stdout:/usr/bin/ceph: stderr
2024-09-19T05:37:08.136+0000 7fdc9feb7640 1 --2- 172.21.15.83:0/171036545 >> [v2:172.21.15.83:6800/3379547025,v1:172.21.15.83:6801/3379547025] conn(0x7fdc84039200 0x7fdc8403b6c0 secure :-1 s=READY pgs=16 cs=0 l=1 rev1=1 crypto rx=0x7fdc880098c0 tx=0x7fdc88006db0 comp rx=0 tx=0).stop
2024-09-19T05:37:08.792 INFO:teuthology.orchestra.run.smithi083.stdout:/usr/bin/ceph: stderr
2024-09-19T05:37:08.136+0000 7fdc9feb7640 1 -- 172.21.15.83:0/171036545 >> [v2:172.21.15.83:3300/0,v1:172.21.15.83:6789/0] conn(0x7fdc98107580 msgr2=0x7fdc9807db20 secure :-1 s=STATE_CONNECTION_ESTABLISHED l=1).mark_down
2024-09-19T05:37:08.792 INFO:teuthology.orchestra.run.smithi083.stdout:/usr/bin/ceph: stderr
2024-09-19T05:37:08.136+0000 7fdc9feb7640 1 --2- 172.21.15.83:0/171036545 >> [v2:172.21.15.83:3300/0,v1:172.21.15.83:6789/0] conn(0x7fdc98107580 0x7fdc9807db20 secure :-1 s=READY pgs=54 cs=0 l=1 rev1=1 crypto rx=0x7fdc94030560 tx=0x7fdc94032670 comp rx=0 tx=0).stop
2024-09-19T05:37:08.792 INFO:teuthology.orchestra.run.smithi083.stdout:/usr/bin/ceph: stderr
2024-09-19T05:37:08.137+0000 7fdc9feb7640 1 -- 172.21.15.83:0/171036545 shutdown_connections
2024-09-19T05:37:08.793 INFO:teuthology.orchestra.run.smithi083.stdout:/usr/bin/ceph: stderr
2024-09-19T05:37:08.137+0000 7fdc9feb7640 1 --2- 172.21.15.83:0/171036545 >> [v2:172.21.15.83:6800/3379547025,v1:172.21.15.83:6801/3379547025] conn(0x7fdc84039200 0x7fdc8403b6c0 unknown :-1 s=CLOSED pgs=16 cs=0 l=1 rev1=1 crypto rx=0 tx=0 comp rx=0 tx=0).stop
2024-09-19T05:37:08.793 INFO:teuthology.orchestra.run.smithi083.stdout:/usr/bin/ceph: stderr
2024-09-19T05:37:08.137+0000 7fdc9feb7640 1 --2- 172.21.15.83:0/171036545 >> [v2:172.21.15.83:3300/0,v1:172.21.15.83:6789/0] conn(0x7fdc98107580 0x7fdc9807db20 unknown :-1 s=CLOSED pgs=54 cs=0 l=1 rev1=1 crypto rx=0 tx=0 comp rx=0 tx=0).stop
2024-09-19T05:37:08.793 INFO:teuthology.orchestra.run.smithi083.stdout:/usr/bin/ceph: stderr
2024-09-19T05:37:08.137+0000 7fdc9feb7640 1 -- 172.21.15.83:0/171036545 >> 172.21.15.83:0/171036545 conn(0x7fdc98102d90 msgr2=0x7fdc98103a20 unknown :-1 s=STATE_NONE l=0).mark_down
2024-09-19T05:37:08.793 INFO:teuthology.orchestra.run.smithi083.stdout:/usr/bin/ceph: stderr
2024-09-19T05:37:08.137+0000 7fdc9feb7640 1 -- 172.21.15.83:0/171036545 shutdown_connections
2024-09-19T05:37:08.793 INFO:teuthology.orchestra.run.smithi083.stdout:/usr/bin/ceph: stderr
2024-09-19T05:37:08.137+0000 7fdc9feb7640 1 -- 172.21.15.83:0/171036545 wait complete.
2024-09-19T05:37:09.009 INFO:journalctl@ceph.mgr.x.smithi083.stdout:Sep 19 05:37:08 smithi083 ceph-f4648936-7648-11ef-bceb-c7b262605968-mgr-x[31470]:
2024-09-19T05:37:08.860+0000 7f0704a25040 -1 mgr[py] Module snap_schedule has missing NOTIFY_TYPES member
2024-09-19T05:37:09.362 INFO:journalctl@ceph.mon.a.smithi083.stdout:Sep 19 05:37:09 smithi083 ceph-mon[31245]: from='client.? 172.21.15.83:0/171036545' entity='client.admin' cmd='[{"prefix": "mgr module enable", "module": "dashboard"}]': finished
2024-09-19T05:37:09.362 INFO:journalctl@ceph.mon.a.smithi083.stdout:Sep 19 05:37:09 smithi083 ceph-mon[31245]: mgrmap e9: x(active, since 17s)
2024-09-19T05:37:09.363 INFO:journalctl@ceph.mgr.x.smithi083.stdout:Sep 19 05:37:09 smithi083 ceph-f4648936-7648-11ef-bceb-c7b262605968-mgr-x[31470]:
2024-09-19T05:37:09.180+0000 7f0704a25040 -1 mgr[py] Module prometheus has missing NOTIFY_TYPES member
2024-09-19T05:37:09.363 INFO:journalctl@ceph.mgr.x.smithi083.stdout:Sep 19 05:37:09 smithi083 ceph-f4648936-7648-11ef-bceb-c7b262605968-mgr-x[31470]:
2024-09-19T05:37:09.244+0000 7f0704a25040 -1 mgr[py] Module selftest has missing NOTIFY_TYPES member
2024-09-19T05:37:09.681 INFO:journalctl@ceph.mgr.x.smithi083.stdout:Sep 19 05:37:09 smithi083 ceph-f4648936-7648-11ef-bceb-c7b262605968-mgr-x[31470]:
2024-09-19T05:37:09.432+0000 7f0704a25040 -1 mgr[py] Module volumes has missing NOTIFY_TYPES member
2024-09-19T05:37:09.941 INFO:teuthology.orchestra.run.smithi083.stdout:/usr/bin/ceph: stdout {
2024-09-19T05:37:09.941 INFO:teuthology.orchestra.run.smithi083.stdout:/usr/bin/ceph: stdout "epoch": 9,
2024-09-19T05:37:09.941 INFO:teuthology.orchestra.run.smithi083.stdout:/usr/bin/ceph: stdout "available": true,
2024-09-19T05:37:09.941 INFO:teuthology.orchestra.run.smithi083.stdout:/usr/bin/ceph: stdout "active_name": "x",
2024-09-19T05:37:09.941 INFO:teuthology.orchestra.run.smithi083.stdout:/usr/bin/ceph: stdout "num_standby": 0
2024-09-19T05:37:09.941 INFO:teuthology.orchestra.run.smithi083.stdout:/usr/bin/ceph: stdout }
2024-09-19T05:37:09.941 INFO:teuthology.orchestra.run.smithi083.stdout:/usr/bin/ceph: stderr
2024-09-19T05:37:09.189+0000 7fedaa3bf640 1 Processor -- start
2024-09-19T05:37:09.942 INFO:teuthology.orchestra.run.smithi083.stdout:/usr/bin/ceph: stderr
2024-09-19T05:37:09.189+0000 7fedaa3bf640 1 -- start start
2024-09-19T05:37:09.942 INFO:teuthology.orchestra.run.smithi083.stdout:/usr/bin/ceph: stderr
2024-09-19T05:37:09.189+0000 7fedaa3bf640 1 --2- >> [v2:172.21.15.83:3300/0,v1:172.21.15.83:6789/0] conn(0x7feda4107a20 0x7feda4107e20 unknown :-1 s=NONE pgs=0 cs=0 l=0 rev1=0 crypto rx=0 tx=0 comp rx=0 tx=0).connect
2024-09-19T05:37:09.942 INFO:teuthology.orchestra.run.smithi083.stdout:/usr/bin/ceph: stderr
2024-09-19T05:37:09.189+0000 7fedaa3bf640 1 -- --> [v2:172.21.15.83:3300/0,v1:172.21.15.83:6789/0] -- mon_getmap magic: 0 -- 0x7feda41083f0 con 0x7feda4107a20
2024-09-19T05:37:09.942 INFO:teuthology.orchestra.run.smithi083.stdout:/usr/bin/ceph: stderr
2024-09-19T05:37:09.189+0000 7feda3fff640 1 --2- >> [v2:172.21.15.83:3300/0,v1:172.21.15.83:6789/0] conn(0x7feda4107a20 0x7feda4107e20 unknown :-1 s=BANNER_CONNECTING pgs=0 cs=0 l=0 rev1=0 crypto rx=0 tx=0 comp rx=0 tx=0)._handle_peer_banner_payload supported=3 required=0
2024-09-19T05:37:09.942 INFO:teuthology.orchestra.run.smithi083.stdout:/usr/bin/ceph: stderr
2024-09-19T05:37:09.189+0000 7feda3fff640 1 --2- >> [v2:172.21.15.83:3300/0,v1:172.21.15.83:6789/0] conn(0x7feda4107a20 0x7feda4107e20 unknown :-1 s=HELLO_CONNECTING pgs=0 cs=0 l=0 rev1=1 crypto rx=0 tx=0 comp rx=0 tx=0).handle_hello peer v2:172.21.15.83:3300/0 says I am v2:172.21.15.83:49988/0 (socket says 172.21.15.83:49988)
2024-09-19T05:37:09.942 INFO:teuthology.orchestra.run.smithi083.stdout:/usr/bin/ceph: stderr
2024-09-19T05:37:09.189+0000 7feda3fff640 1 -- 172.21.15.83:0/2032876858 learned_addr learned my addr 172.21.15.83:0/2032876858 (peer_addr_for_me v2:172.21.15.83:0/0)
2024-09-19T05:37:09.942 INFO:teuthology.orchestra.run.smithi083.stdout:/usr/bin/ceph: stderr
2024-09-19T05:37:09.190+0000 7feda3fff640 1 -- 172.21.15.83:0/2032876858 --> [v2:172.21.15.83:3300/0,v1:172.21.15.83:6789/0] -- mon_subscribe({config=0+,monmap=0+}) -- 0x7feda4106630 con 0x7feda4107a20
2024-09-19T05:37:09.942 INFO:teuthology.orchestra.run.smithi083.stdout:/usr/bin/ceph: stderr
2024-09-19T05:37:09.190+0000 7feda3fff640 1 --2- 172.21.15.83:0/2032876858 >> [v2:172.21.15.83:3300/0,v1:172.21.15.83:6789/0] conn(0x7feda4107a20 0x7feda4107e20 secure :-1 s=READY pgs=57 cs=0 l=1 rev1=1 crypto rx=0x7fed94009820 tx=0x7fed9402a270 comp rx=0 tx=0).ready entity=mon.0 client_cookie=96ea40f07ef43d5d server_cookie=0 in_seq=0 out_seq=0
2024-09-19T05:37:09.942 INFO:teuthology.orchestra.run.smithi083.stdout:/usr/bin/ceph: stderr
2024-09-19T05:37:09.191+0000 7feda37fe640 1 -- 172.21.15.83:0/2032876858 <== mon.0 v2:172.21.15.83:3300/0 1 ==== mon_map magic: 0 ==== 205+0+0 (secure 0 0 0) 0x7fed94037070 con 0x7feda4107a20
2024-09-19T05:37:09.942 INFO:teuthology.orchestra.run.smithi083.stdout:/usr/bin/ceph: stderr
2024-09-19T05:37:09.191+0000 7feda37fe640 1 -- 172.21.15.83:0/2032876858 <== mon.0 v2:172.21.15.83:3300/0 2 ==== config(27 keys) ==== 1140+0+0 (secure 0 0 0) 0x7fed94032920 con 0x7feda4107a20
2024-09-19T05:37:09.942 INFO:teuthology.orchestra.run.smithi083.stdout:/usr/bin/ceph: stderr
2024-09-19T05:37:09.191+0000 7feda37fe640 1 -- 172.21.15.83:0/2032876858 <== mon.0 v2:172.21.15.83:3300/0 3 ==== mon_map magic: 0 ==== 205+0+0 (secure 0 0 0) 0x7fed94030810 con 0x7feda4107a20
2024-09-19T05:37:09.942 INFO:teuthology.orchestra.run.smithi083.stdout:/usr/bin/ceph: stderr
2024-09-19T05:37:09.191+0000 7fedaa3bf640 1 -- 172.21.15.83:0/2032876858 >> [v2:172.21.15.83:3300/0,v1:172.21.15.83:6789/0] conn(0x7feda4107a20 msgr2=0x7feda4107e20 secure :-1 s=STATE_CONNECTION_ESTABLISHED l=1).mark_down
2024-09-19T05:37:09.942 INFO:teuthology.orchestra.run.smithi083.stdout:/usr/bin/ceph: stderr
2024-09-19T05:37:09.191+0000 7fedaa3bf640 1 --2- 172.21.15.83:0/2032876858 >> [v2:172.21.15.83:3300/0,v1:172.21.15.83:6789/0] conn(0x7feda4107a20 0x7feda4107e20 secure :-1 s=READY pgs=57 cs=0 l=1 rev1=1 crypto rx=0x7fed94009820 tx=0x7fed9402a270 comp rx=0 tx=0).stop
2024-09-19T05:37:09.942 INFO:teuthology.orchestra.run.smithi083.stdout:/usr/bin/ceph: stderr
2024-09-19T05:37:09.191+0000 7fedaa3bf640 1 -- 172.21.15.83:0/2032876858 shutdown_connections
2024-09-19T05:37:09.943 INFO:teuthology.orchestra.run.smithi083.stdout:/usr/bin/ceph: stderr
2024-09-19T05:37:09.191+0000 7fedaa3bf640 1 --2- 172.21.15.83:0/2032876858 >> [v2:172.21.15.83:3300/0,v1:172.21.15.83:6789/0] conn(0x7feda4107a20 0x7feda4107e20 unknown :-1 s=CLOSED pgs=57 cs=0 l=1 rev1=1 crypto rx=0 tx=0 comp rx=0 tx=0).stop
2024-09-19T05:37:09.943 INFO:teuthology.orchestra.run.smithi083.stdout:/usr/bin/ceph: stderr
2024-09-19T05:37:09.191+0000 7fedaa3bf640 1 -- 172.21.15.83:0/2032876858 >> 172.21.15.83:0/2032876858 conn(0x7feda4101310 msgr2=0x7feda4103790 unknown :-1 s=STATE_NONE l=0).mark_down
2024-09-19T05:37:09.943 INFO:teuthology.orchestra.run.smithi083.stdout:/usr/bin/ceph: stderr
2024-09-19T05:37:09.191+0000 7fedaa3bf640 1 -- 172.21.15.83:0/2032876858 shutdown_connections
2024-09-19T05:37:09.943 INFO:teuthology.orchestra.run.smithi083.stdout:/usr/bin/ceph: stderr
2024-09-19T05:37:09.191+0000 7fedaa3bf640 1 -- 172.21.15.83:0/2032876858 wait complete.
2024-09-19T05:37:09.943 INFO:teuthology.orchestra.run.smithi083.stdout:/usr/bin/ceph: stderr
2024-09-19T05:37:09.192+0000 7fedaa3bf640 1 Processor -- start
2024-09-19T05:37:09.943 INFO:teuthology.orchestra.run.smithi083.stdout:/usr/bin/ceph: stderr
2024-09-19T05:37:09.192+0000 7fedaa3bf640 1 -- start start
2024-09-19T05:37:09.943 INFO:teuthology.orchestra.run.smithi083.stdout:/usr/bin/ceph: stderr
2024-09-19T05:37:09.192+0000 7fedaa3bf640 1 --2- >> [v2:172.21.15.83:3300/0,v1:172.21.15.83:6789/0] conn(0x7feda4107a20 0x7feda4105fa0 unknown :-1 s=NONE pgs=0 cs=0 l=1 rev1=0 crypto rx=0 tx=0 comp rx=0 tx=0).connect
2024-09-19T05:37:09.943 INFO:teuthology.orchestra.run.smithi083.stdout:/usr/bin/ceph: stderr
2024-09-19T05:37:09.192+0000 7fedaa3bf640 1 -- --> [v2:172.21.15.83:3300/0,v1:172.21.15.83:6789/0] -- mon_getmap magic: 0 -- 0x7feda410a9f0 con 0x7feda4107a20
2024-09-19T05:37:09.943 INFO:teuthology.orchestra.run.smithi083.stdout:/usr/bin/ceph: stderr
2024-09-19T05:37:09.192+0000 7feda3fff640 1 --2- >> [v2:172.21.15.83:3300/0,v1:172.21.15.83:6789/0] conn(0x7feda4107a20 0x7feda4105fa0 unknown :-1 s=BANNER_CONNECTING pgs=0 cs=0 l=1 rev1=0 crypto rx=0 tx=0 comp rx=0 tx=0)._handle_peer_banner_payload supported=3 required=0
2024-09-19T05:37:09.943 INFO:teuthology.orchestra.run.smithi083.stdout:/usr/bin/ceph: stderr
2024-09-19T05:37:09.192+0000 7feda3fff640 1 --2- >> [v2:172.21.15.83:3300/0,v1:172.21.15.83:6789/0] conn(0x7feda4107a20 0x7feda4105fa0 unknown :-1 s=HELLO_CONNECTING pgs=0 cs=0 l=1 rev1=1 crypto rx=0 tx=0 comp rx=0 tx=0).handle_hello peer v2:172.21.15.83:3300/0 says I am v2:172.21.15.83:49992/0 (socket says 172.21.15.83:49992)
2024-09-19T05:37:09.943 INFO:teuthology.orchestra.run.smithi083.stdout:/usr/bin/ceph: stderr
2024-09-19T05:37:09.192+0000 7feda3fff640 1 -- 172.21.15.83:0/3372099400 learned_addr learned my addr 172.21.15.83:0/3372099400 (peer_addr_for_me v2:172.21.15.83:0/0)
2024-09-19T05:37:09.943 INFO:teuthology.orchestra.run.smithi083.stdout:/usr/bin/ceph: stderr
2024-09-19T05:37:09.193+0000 7feda3fff640 1 -- 172.21.15.83:0/3372099400 --> [v2:172.21.15.83:3300/0,v1:172.21.15.83:6789/0] -- mon_subscribe({config=0+,monmap=0+}) -- 0x7feda419e650 con 0x7feda4107a20
2024-09-19T05:37:09.944 INFO:teuthology.orchestra.run.smithi083.stdout:/usr/bin/ceph: stderr
2024-09-19T05:37:09.193+0000 7feda3fff640 1 --2- 172.21.15.83:0/3372099400 >> [v2:172.21.15.83:3300/0,v1:172.21.15.83:6789/0] conn(0x7feda4107a20 0x7feda4105fa0 secure :-1 s=READY pgs=58 cs=0 l=1 rev1=1 crypto rx=0x7fed94030560 tx=0x7fed94032670 comp rx=0 tx=0).ready entity=mon.0 client_cookie=0 server_cookie=0 in_seq=0 out_seq=0
2024-09-19T05:37:09.944 INFO:teuthology.orchestra.run.smithi083.stdout:/usr/bin/ceph: stderr
2024-09-19T05:37:09.193+0000 7feda1ffb640 1 -- 172.21.15.83:0/3372099400 <== mon.0 v2:172.21.15.83:3300/0 1 ==== mon_map magic: 0 ==== 205+0+0 (secure 0 0 0) 0x7fed94037040 con 0x7feda4107a20
2024-09-19T05:37:09.944 INFO:teuthology.orchestra.run.smithi083.stdout:/usr/bin/ceph: stderr
2024-09-19T05:37:09.193+0000 7fedaa3bf640 1 -- 172.21.15.83:0/3372099400 --> [v2:172.21.15.83:3300/0,v1:172.21.15.83:6789/0] -- mon_subscribe({mgrmap=0+}) -- 0x7feda419e820 con 0x7feda4107a20
2024-09-19T05:37:09.944 INFO:teuthology.orchestra.run.smithi083.stdout:/usr/bin/ceph: stderr
2024-09-19T05:37:09.193+0000 7feda1ffb640 1 -- 172.21.15.83:0/3372099400 <== mon.0 v2:172.21.15.83:3300/0 2 ==== config(27 keys) ==== 1140+0+0 (secure 0 0 0) 0x7fed94040070 con 0x7feda4107a20
2024-09-19T05:37:09.944 INFO:teuthology.orchestra.run.smithi083.stdout:/usr/bin/ceph: stderr
2024-09-19T05:37:09.193+0000 7feda1ffb640 1 -- 172.21.15.83:0/3372099400 <== mon.0 v2:172.21.15.83:3300/0 3 ==== mon_map magic: 0 ==== 205+0+0 (secure 0 0 0) 0x7fed9403a6d0 con 0x7feda4107a20
2024-09-19T05:37:09.944 INFO:teuthology.orchestra.run.smithi083.stdout:/usr/bin/ceph: stderr
2024-09-19T05:37:09.193+0000 7fedaa3bf640 1 -- 172.21.15.83:0/3372099400 --> [v2:172.21.15.83:3300/0,v1:172.21.15.83:6789/0] -- mon_subscribe({osdmap=0}) -- 0x7feda419ebc0 con 0x7feda4107a20
2024-09-19T05:37:09.944 INFO:teuthology.orchestra.run.smithi083.stdout:/usr/bin/ceph: stderr
2024-09-19T05:37:09.194+0000 7feda1ffb640 1 -- 172.21.15.83:0/3372099400 <== mon.0 v2:172.21.15.83:3300/0 4 ==== mgrmap(e 9) ==== 46474+0+0 (secure 0 0 0) 0x7fed9403a940 con 0x7feda4107a20
2024-09-19T05:37:09.944 INFO:teuthology.orchestra.run.smithi083.stdout:/usr/bin/ceph: stderr
2024-09-19T05:37:09.194+0000 7fedaa3bf640 1 -- 172.21.15.83:0/3372099400 --> [v2:172.21.15.83:3300/0,v1:172.21.15.83:6789/0] -- mon_command({"prefix": "get_command_descriptions"} v 0) -- 0x7feda410ab70 con 0x7feda4107a20
2024-09-19T05:37:09.944 INFO:teuthology.orchestra.run.smithi083.stdout:/usr/bin/ceph: stderr
2024-09-19T05:37:09.194+0000 7feda1ffb640 1 --2- 172.21.15.83:0/3372099400 >> [v2:172.21.15.83:6800/3379547025,v1:172.21.15.83:6801/3379547025] conn(0x7fed90039200 0x7fed9003b6c0 unknown :-1 s=NONE pgs=0 cs=0 l=1 rev1=0 crypto rx=0 tx=0 comp rx=0 tx=0).connect
2024-09-19T05:37:09.944 INFO:teuthology.orchestra.run.smithi083.stdout:/usr/bin/ceph: stderr
2024-09-19T05:37:09.194+0000 7feda1ffb640 1 -- 172.21.15.83:0/3372099400 <== mon.0 v2:172.21.15.83:3300/0 5 ==== osd_map(2..2 src has 1..2) ==== 940+0+0 (secure 0 0 0) 0x7fed9406c990 con 0x7feda4107a20
2024-09-19T05:37:09.944 INFO:teuthology.orchestra.run.smithi083.stdout:/usr/bin/ceph: stderr
2024-09-19T05:37:09.194+0000 7fed9bfff640 1 -- 172.21.15.83:0/3372099400 >> [v2:172.21.15.83:6800/3379547025,v1:172.21.15.83:6801/3379547025] conn(0x7fed90039200 msgr2=0x7fed9003b6c0 unknown :-1 s=STATE_CONNECTING_RE l=1).process reconnect failed to v2:172.21.15.83:6800/3379547025
2024-09-19T05:37:09.944 INFO:teuthology.orchestra.run.smithi083.stdout:/usr/bin/ceph: stderr
2024-09-19T05:37:09.194+0000 7fed9bfff640 1 --2- 172.21.15.83:0/3372099400 >> [v2:172.21.15.83:6800/3379547025,v1:172.21.15.83:6801/3379547025] conn(0x7fed90039200 0x7fed9003b6c0 unknown :-1 s=START_CONNECT pgs=0 cs=0 l=1 rev1=0 crypto rx=0 tx=0 comp rx=0 tx=0)._fault waiting 0.200000
2024-09-19T05:37:09.944 INFO:teuthology.orchestra.run.smithi083.stdout:/usr/bin/ceph: stderr
2024-09-19T05:37:09.199+0000 7feda1ffb640 1 -- 172.21.15.83:0/3372099400 <== mon.0 v2:172.21.15.83:3300/0 6 ==== mon_command_ack([{"prefix": "get_command_descriptions"}]=0 v0) ==== 72+0+188913 (secure 0 0 0) 0x7fed94044c70 con 0x7feda4107a20
2024-09-19T05:37:09.945 INFO:teuthology.orchestra.run.smithi083.stdout:/usr/bin/ceph: stderr
2024-09-19T05:37:09.395+0000 7fed9bfff640 1 -- 172.21.15.83:0/3372099400 >> [v2:172.21.15.83:6800/3379547025,v1:172.21.15.83:6801/3379547025] conn(0x7fed90039200 msgr2=0x7fed9003b6c0 unknown :-1 s=STATE_CONNECTING_RE l=1).process reconnect failed to v2:172.21.15.83:6800/3379547025
2024-09-19T05:37:09.945 INFO:teuthology.orchestra.run.smithi083.stdout:/usr/bin/ceph: stderr
2024-09-19T05:37:09.395+0000 7fed9bfff640 1 --2- 172.21.15.83:0/3372099400 >> [v2:172.21.15.83:6800/3379547025,v1:172.21.15.83:6801/3379547025] conn(0x7fed90039200 0x7fed9003b6c0 unknown :-1 s=START_CONNECT pgs=0 cs=0 l=1 rev1=0 crypto rx=0 tx=0 comp rx=0 tx=0)._fault waiting 0.400000
2024-09-19T05:37:09.945 INFO:teuthology.orchestra.run.smithi083.stdout:/usr/bin/ceph: stderr
2024-09-19T05:37:09.414+0000 7fedaa3bf640 1 -- 172.21.15.83:0/3372099400 --> [v2:172.21.15.83:3300/0,v1:172.21.15.83:6789/0] -- mon_command({"prefix": "mgr stat"} v 0) -- 0x7feda4107ea0 con 0x7feda4107a20
2024-09-19T05:37:09.945 INFO:teuthology.orchestra.run.smithi083.stdout:/usr/bin/ceph: stderr
2024-09-19T05:37:09.414+0000 7feda1ffb640 1 -- 172.21.15.83:0/3372099400 <== mon.0 v2:172.21.15.83:3300/0 7 ==== mon_command_ack([{"prefix": "mgr stat"}]=0 v9) ==== 56+0+88 (secure 0 0 0) 0x7fed940328f0 con 0x7feda4107a20
2024-09-19T05:37:09.945 INFO:teuthology.orchestra.run.smithi083.stdout:/usr/bin/ceph: stderr
2024-09-19T05:37:09.416+0000 7fedaa3bf640 1 -- 172.21.15.83:0/3372099400 >> [v2:172.21.15.83:6800/3379547025,v1:172.21.15.83:6801/3379547025] conn(0x7fed90039200 msgr2=0x7fed9003b6c0 unknown :-1 s=STATE_CONNECTING l=1).mark_down
2024-09-19T05:37:09.945 INFO:teuthology.orchestra.run.smithi083.stdout:/usr/bin/ceph: stderr
2024-09-19T05:37:09.416+0000 7fedaa3bf640 1 --2- 172.21.15.83:0/3372099400 >> [v2:172.21.15.83:6800/3379547025,v1:172.21.15.83:6801/3379547025] conn(0x7fed90039200 0x7fed9003b6c0 unknown :-1 s=START_CONNECT pgs=0 cs=0 l=1 rev1=0 crypto rx=0 tx=0 comp rx=0 tx=0).stop
2024-09-19T05:37:09.945 INFO:teuthology.orchestra.run.smithi083.stdout:/usr/bin/ceph: stderr
2024-09-19T05:37:09.416+0000 7fedaa3bf640 1 -- 172.21.15.83:0/3372099400 >> [v2:172.21.15.83:3300/0,v1:172.21.15.83:6789/0] conn(0x7feda4107a20 msgr2=0x7feda4105fa0 secure :-1 s=STATE_CONNECTION_ESTABLISHED l=1).mark_down
2024-09-19T05:37:09.945 INFO:teuthology.orchestra.run.smithi083.stdout:/usr/bin/ceph: stderr
2024-09-19T05:37:09.416+0000 7fedaa3bf640 1 --2- 172.21.15.83:0/3372099400 >> [v2:172.21.15.83:3300/0,v1:172.21.15.83:6789/0] conn(0x7feda4107a20 0x7feda4105fa0 secure :-1 s=READY pgs=58 cs=0 l=1 rev1=1 crypto rx=0x7fed94030560 tx=0x7fed94032670 comp rx=0 tx=0).stop
2024-09-19T05:37:09.945 INFO:teuthology.orchestra.run.smithi083.stdout:/usr/bin/ceph: stderr
2024-09-19T05:37:09.416+0000 7fedaa3bf640 1 -- 172.21.15.83:0/3372099400 shutdown_connections
2024-09-19T05:37:09.945 INFO:teuthology.orchestra.run.smithi083.stdout:/usr/bin/ceph: stderr
2024-09-19T05:37:09.416+0000 7fedaa3bf640 1 --2- 172.21.15.83:0/3372099400 >> [v2:172.21.15.83:6800/3379547025,v1:172.21.15.83:6801/3379547025] conn(0x7fed90039200 0x7fed9003b6c0 unknown :-1 s=CLOSED pgs=0 cs=0 l=1 rev1=0 crypto rx=0 tx=0 comp rx=0 tx=0).stop
2024-09-19T05:37:09.945 INFO:teuthology.orchestra.run.smithi083.stdout:/usr/bin/ceph: stderr
2024-09-19T05:37:09.416+0000 7fedaa3bf640 1 --2- 172.21.15.83:0/3372099400 >> [v2:172.21.15.83:3300/0,v1:172.21.15.83:6789/0] conn(0x7feda4107a20 0x7feda4105fa0 unknown :-1 s=CLOSED pgs=58 cs=0 l=1 rev1=1 crypto rx=0 tx=0 comp rx=0 tx=0).stop
2024-09-19T05:37:09.945 INFO:teuthology.orchestra.run.smithi083.stdout:/usr/bin/ceph: stderr
2024-09-19T05:37:09.416+0000 7fedaa3bf640 1 -- 172.21.15.83:0/3372099400 >> 172.21.15.83:0/3372099400 conn(0x7feda4101310 msgr2=0x7feda41021d0 unknown :-1 s=STATE_NONE l=0).mark_down
2024-09-19T05:37:09.946 INFO:teuthology.orchestra.run.smithi083.stdout:/usr/bin/ceph: stderr
2024-09-19T05:37:09.416+0000 7fedaa3bf640 1 -- 172.21.15.83:0/3372099400 shutdown_connections
2024-09-19T05:37:09.946 INFO:teuthology.orchestra.run.smithi083.stdout:/usr/bin/ceph: stderr
2024-09-19T05:37:09.416+0000 7fedaa3bf640 1 -- 172.21.15.83:0/3372099400 wait complete.
2024-09-19T05:37:09.946 INFO:teuthology.orchestra.run.smithi083.stdout:Waiting for the mgr to restart...
2024-09-19T05:37:09.946 INFO:teuthology.orchestra.run.smithi083.stdout:Waiting for mgr epoch 9...
2024-09-19T05:37:10.184 INFO:journalctl@ceph.mon.a.smithi083.stdout:Sep 19 05:37:10 smithi083 ceph-mon[31245]: from='client.? 172.21.15.83:0/3372099400' entity='client.admin' cmd=[{"prefix": "mgr stat"}]: dispatch
2024-09-19T05:37:10.594 INFO:journalctl@ceph.mgr.x.smithi083.stdout:Sep 19 05:37:10 smithi083 ceph-f4648936-7648-11ef-bceb-c7b262605968-mgr-x[31470]:
2024-09-19T05:37:10.335+0000 7f0704a25040 -1 mgr[py] Module telemetry has missing NOTIFY_TYPES member
2024-09-19T05:37:10.594 INFO:journalctl@ceph.mgr.x.smithi083.stdout:Sep 19 05:37:10 smithi083 ceph-f4648936-7648-11ef-bceb-c7b262605968-mgr-x[31470]:
2024-09-19T05:37:10.406+0000 7f0704a25040 -1 mgr[py] Module balancer has missing NOTIFY_TYPES member
2024-09-19T05:37:11.362 INFO:journalctl@ceph.mgr.x.smithi083.stdout:Sep 19 05:37:11 smithi083 ceph-f4648936-7648-11ef-bceb-c7b262605968-mgr-x[31470]:
2024-09-19T05:37:11.108+0000 7f0704a25040 -1 mgr[py] Module rook has missing NOTIFY_TYPES member
2024-09-19T05:37:11.362 INFO:journalctl@ceph.mgr.x.smithi083.stdout:Sep 19 05:37:11 smithi083 ceph-f4648936-7648-11ef-bceb-c7b262605968-mgr-x[31470]:
2024-09-19T05:37:11.223+0000 7f0704a25040 -1 mgr[py] Module iostat has missing NOTIFY_TYPES member
2024-09-19T05:37:11.643 INFO:journalctl@ceph.mgr.x.smithi083.stdout:Sep 19 05:37:11 smithi083 ceph-f4648936-7648-11ef-bceb-c7b262605968-mgr-x[31470]:
2024-09-19T05:37:11.363+0000 7f0704a25040 -1 mgr[py] Module orchestrator has missing NOTIFY_TYPES member
2024-09-19T05:37:11.643 INFO:journalctl@ceph.mgr.x.smithi083.stdout:Sep 19 05:37:11 smithi083 ceph-f4648936-7648-11ef-bceb-c7b262605968-mgr-x[31470]:
2024-09-19T05:37:11.424+0000 7f0704a25040 -1 mgr[py] Module devicehealth has missing NOTIFY_TYPES member
2024-09-19T05:37:11.643 INFO:journalctl@ceph.mgr.x.smithi083.stdout:Sep 19 05:37:11 smithi083 ceph-f4648936-7648-11ef-bceb-c7b262605968-mgr-x[31470]:
2024-09-19T05:37:11.574+0000 7f0704a25040 -1 mgr[py] Module rgw has missing NOTIFY_TYPES member
