2024-09-19T05:37:15.452+0000 7f100acdb640 1 -- 172.21.15.83:0/3187223696 >> 172.21.15.83:0/3187223696 conn(0x7f1004101b80 msgr2=0x7f1004102910 unknown :-1 s=STATE_NONE l=0).mark_down
2024-09-19T05:37:16.608 INFO:teuthology.orchestra.run.smithi083.stdout:/usr/bin/ceph: stderr
2024-09-19T05:37:15.452+0000 7f100acdb640 1 -- 172.21.15.83:0/3187223696 shutdown_connections
2024-09-19T05:37:16.608 INFO:teuthology.orchestra.run.smithi083.stdout:/usr/bin/ceph: stderr
2024-09-19T05:37:15.452+0000 7f100acdb640 1 -- 172.21.15.83:0/3187223696 wait complete.
2024-09-19T05:37:16.608 INFO:teuthology.orchestra.run.smithi083.stdout:Creating initial admin user...
2024-09-19T05:37:17.433 INFO:journalctl@ceph.mon.a.smithi083.stdout:Sep 19 05:37:17 smithi083 ceph-mon[31245]: from='client.14162 -' entity='client.admin' cmd=[{"prefix": "dashboard create-self-signed-cert", "target": ["mon-mgr", ""]}]: dispatch
2024-09-19T05:37:18.447 INFO:teuthology.orchestra.run.smithi083.stdout:/usr/bin/ceph: stdout {"username": "admin", "password": "$2b$12$DpJHk/Qh1jQezpWTKSrSDOhsYXQk/6YdogiCmcOTV9Hr4tXyC/tGC", "roles": ["administrator"], "name": null, "email": null, "lastUpdate": 1726724237, "enabled": true, "pwdExpirationDate": null, "pwdUpdateRequired": true}
2024-09-19T05:37:18.447 INFO:teuthology.orchestra.run.smithi083.stdout:/usr/bin/ceph: stderr
2024-09-19T05:37:17.431+0000 7f44d6b46640 1 Processor -- start
2024-09-19T05:37:18.447 INFO:teuthology.orchestra.run.smithi083.stdout:/usr/bin/ceph: stderr
2024-09-19T05:37:17.431+0000 7f44d6b46640 1 -- start start
2024-09-19T05:37:18.447 INFO:teuthology.orchestra.run.smithi083.stdout:/usr/bin/ceph: stderr
2024-09-19T05:37:17.431+0000 7f44d6b46640 1 --2- >> [v2:172.21.15.83:3300/0,v1:172.21.15.83:6789/0] conn(0x7f44d0107fe0 0x7f44d010a3d0 unknown :-1 s=NONE pgs=0 cs=0 l=0 rev1=0 crypto rx=0 tx=0 comp rx=0 tx=0).connect
2024-09-19T05:37:18.447 INFO:teuthology.orchestra.run.smithi083.stdout:/usr/bin/ceph: stderr
2024-09-19T05:37:17.431+0000 7f44d6b46640 1 -- --> [v2:172.21.15.83:3300/0,v1:172.21.15.83:6789/0] -- mon_getmap magic: 0 -- 0x7f44d007be00 con 0x7f44d0107fe0
2024-09-19T05:37:18.447 INFO:teuthology.orchestra.run.smithi083.stdout:/usr/bin/ceph: stderr
2024-09-19T05:37:17.432+0000 7f44d48e2640 1 --2- >> [v2:172.21.15.83:3300/0,v1:172.21.15.83:6789/0] conn(0x7f44d0107fe0 0x7f44d010a3d0 unknown :-1 s=BANNER_CONNECTING pgs=0 cs=0 l=0 rev1=0 crypto rx=0 tx=0 comp rx=0 tx=0)._handle_peer_banner_payload supported=3 required=0
2024-09-19T05:37:18.447 INFO:teuthology.orchestra.run.smithi083.stdout:/usr/bin/ceph: stderr
2024-09-19T05:37:17.432+0000 7f44d48e2640 1 --2- >> [v2:172.21.15.83:3300/0,v1:172.21.15.83:6789/0] conn(0x7f44d0107fe0 0x7f44d010a3d0 unknown :-1 s=HELLO_CONNECTING pgs=0 cs=0 l=0 rev1=1 crypto rx=0 tx=0 comp rx=0 tx=0).handle_hello peer v2:172.21.15.83:3300/0 says I am v2:172.21.15.83:38524/0 (socket says 172.21.15.83:38524)
2024-09-19T05:37:18.447 INFO:teuthology.orchestra.run.smithi083.stdout:/usr/bin/ceph: stderr
2024-09-19T05:37:17.432+0000 7f44d48e2640 1 -- 172.21.15.83:0/744886575 learned_addr learned my addr 172.21.15.83:0/744886575 (peer_addr_for_me v2:172.21.15.83:0/0)
2024-09-19T05:37:18.448 INFO:teuthology.orchestra.run.smithi083.stdout:/usr/bin/ceph: stderr
2024-09-19T05:37:17.432+0000 7f44d48e2640 1 -- 172.21.15.83:0/744886575 --> [v2:172.21.15.83:3300/0,v1:172.21.15.83:6789/0] -- mon_subscribe({config=0+,monmap=0+}) -- 0x7f44d010a910 con 0x7f44d0107fe0
2024-09-19T05:37:18.448 INFO:teuthology.orchestra.run.smithi083.stdout:/usr/bin/ceph: stderr
2024-09-19T05:37:17.433+0000 7f44d48e2640 1 --2- 172.21.15.83:0/744886575 >> [v2:172.21.15.83:3300/0,v1:172.21.15.83:6789/0] conn(0x7f44d0107fe0 0x7f44d010a3d0 secure :-1 s=READY pgs=70 cs=0 l=1 rev1=1 crypto rx=0x7f44c4009820 tx=0x7f44c402a270 comp rx=0 tx=0).ready entity=mon.0 client_cookie=7cfc8c83dce9f29b server_cookie=0 in_seq=0 out_seq=0
2024-09-19T05:37:18.448 INFO:teuthology.orchestra.run.smithi083.stdout:/usr/bin/ceph: stderr
2024-09-19T05:37:17.433+0000 7f44cf7fe640 1 -- 172.21.15.83:0/744886575 <== mon.0 v2:172.21.15.83:3300/0 1 ==== mon_map magic: 0 ==== 205+0+0 (secure 0 0 0) 0x7f44c4037070 con 0x7f44d0107fe0
2024-09-19T05:37:18.448 INFO:teuthology.orchestra.run.smithi083.stdout:/usr/bin/ceph: stderr
2024-09-19T05:37:17.433+0000 7f44cf7fe640 1 -- 172.21.15.83:0/744886575 <== mon.0 v2:172.21.15.83:3300/0 2 ==== config(27 keys) ==== 1140+0+0 (secure 0 0 0) 0x7f44c4032920 con 0x7f44d0107fe0
2024-09-19T05:37:18.448 INFO:teuthology.orchestra.run.smithi083.stdout:/usr/bin/ceph: stderr
2024-09-19T05:37:17.433+0000 7f44cf7fe640 1 -- 172.21.15.83:0/744886575 <== mon.0 v2:172.21.15.83:3300/0 3 ==== mon_map magic: 0 ==== 205+0+0 (secure 0 0 0) 0x7f44c4030810 con 0x7f44d0107fe0
2024-09-19T05:37:18.448 INFO:teuthology.orchestra.run.smithi083.stdout:/usr/bin/ceph: stderr
2024-09-19T05:37:17.434+0000 7f44d6b46640 1 -- 172.21.15.83:0/744886575 >> [v2:172.21.15.83:3300/0,v1:172.21.15.83:6789/0] conn(0x7f44d0107fe0 msgr2=0x7f44d010a3d0 secure :-1 s=STATE_CONNECTION_ESTABLISHED l=1).mark_down
2024-09-19T05:37:18.448 INFO:teuthology.orchestra.run.smithi083.stdout:/usr/bin/ceph: stderr
2024-09-19T05:37:17.434+0000 7f44d6b46640 1 --2- 172.21.15.83:0/744886575 >> [v2:172.21.15.83:3300/0,v1:172.21.15.83:6789/0] conn(0x7f44d0107fe0 0x7f44d010a3d0 secure :-1 s=READY pgs=70 cs=0 l=1 rev1=1 crypto rx=0x7f44c4009820 tx=0x7f44c402a270 comp rx=0 tx=0).stop
2024-09-19T05:37:18.448 INFO:teuthology.orchestra.run.smithi083.stdout:/usr/bin/ceph: stderr
2024-09-19T05:37:17.434+0000 7f44d6b46640 1 -- 172.21.15.83:0/744886575 shutdown_connections
2024-09-19T05:37:18.448 INFO:teuthology.orchestra.run.smithi083.stdout:/usr/bin/ceph: stderr
2024-09-19T05:37:17.434+0000 7f44d6b46640 1 --2- 172.21.15.83:0/744886575 >> [v2:172.21.15.83:3300/0,v1:172.21.15.83:6789/0] conn(0x7f44d0107fe0 0x7f44d010a3d0 unknown :-1 s=CLOSED pgs=70 cs=0 l=1 rev1=1 crypto rx=0 tx=0 comp rx=0 tx=0).stop
2024-09-19T05:37:18.448 INFO:teuthology.orchestra.run.smithi083.stdout:/usr/bin/ceph: stderr
2024-09-19T05:37:17.434+0000 7f44d6b46640 1 -- 172.21.15.83:0/744886575 >> 172.21.15.83:0/744886575 conn(0x7f44d0101b80 msgr2=0x7f44d0103fe0 unknown :-1 s=STATE_NONE l=0).mark_down
2024-09-19T05:37:18.448 INFO:teuthology.orchestra.run.smithi083.stdout:/usr/bin/ceph: stderr
2024-09-19T05:37:17.434+0000 7f44d6b46640 1 -- 172.21.15.83:0/744886575 shutdown_connections
2024-09-19T05:37:18.448 INFO:teuthology.orchestra.run.smithi083.stdout:/usr/bin/ceph: stderr
2024-09-19T05:37:17.434+0000 7f44d6b46640 1 -- 172.21.15.83:0/744886575 wait complete.
2024-09-19T05:37:18.449 INFO:teuthology.orchestra.run.smithi083.stdout:/usr/bin/ceph: stderr
2024-09-19T05:37:17.435+0000 7f44d6b46640 1 Processor -- start
2024-09-19T05:37:18.449 INFO:teuthology.orchestra.run.smithi083.stdout:/usr/bin/ceph: stderr
2024-09-19T05:37:17.435+0000 7f44d6b46640 1 -- start start
2024-09-19T05:37:18.449 INFO:teuthology.orchestra.run.smithi083.stdout:/usr/bin/ceph: stderr
2024-09-19T05:37:17.435+0000 7f44d6b46640 1 --2- >> [v2:172.21.15.83:3300/0,v1:172.21.15.83:6789/0] conn(0x7f44d0107fe0 0x7f44d019b800 unknown :-1 s=NONE pgs=0 cs=0 l=1 rev1=0 crypto rx=0 tx=0 comp rx=0 tx=0).connect
2024-09-19T05:37:18.449 INFO:teuthology.orchestra.run.smithi083.stdout:/usr/bin/ceph: stderr
2024-09-19T05:37:17.435+0000 7f44d6b46640 1 -- --> [v2:172.21.15.83:3300/0,v1:172.21.15.83:6789/0] -- mon_getmap magic: 0 -- 0x7f44d010b990 con 0x7f44d0107fe0
2024-09-19T05:37:18.449 INFO:teuthology.orchestra.run.smithi083.stdout:/usr/bin/ceph: stderr
2024-09-19T05:37:17.435+0000 7f44d48e2640 1 --2- >> [v2:172.21.15.83:3300/0,v1:172.21.15.83:6789/0] conn(0x7f44d0107fe0 0x7f44d019b800 unknown :-1 s=BANNER_CONNECTING pgs=0 cs=0 l=1 rev1=0 crypto rx=0 tx=0 comp rx=0 tx=0)._handle_peer_banner_payload supported=3 required=0
2024-09-19T05:37:18.449 INFO:teuthology.orchestra.run.smithi083.stdout:/usr/bin/ceph: stderr
2024-09-19T05:37:17.435+0000 7f44d48e2640 1 --2- >> [v2:172.21.15.83:3300/0,v1:172.21.15.83:6789/0] conn(0x7f44d0107fe0 0x7f44d019b800 unknown :-1 s=HELLO_CONNECTING pgs=0 cs=0 l=1 rev1=1 crypto rx=0 tx=0 comp rx=0 tx=0).handle_hello peer v2:172.21.15.83:3300/0 says I am v2:172.21.15.83:38534/0 (socket says 172.21.15.83:38534)
2024-09-19T05:37:18.449 INFO:teuthology.orchestra.run.smithi083.stdout:/usr/bin/ceph: stderr
2024-09-19T05:37:17.435+0000 7f44d48e2640 1 -- 172.21.15.83:0/3749558984 learned_addr learned my addr 172.21.15.83:0/3749558984 (peer_addr_for_me v2:172.21.15.83:0/0)
2024-09-19T05:37:18.449 INFO:teuthology.orchestra.run.smithi083.stdout:/usr/bin/ceph: stderr
2024-09-19T05:37:17.435+0000 7f44d48e2640 1 -- 172.21.15.83:0/3749558984 --> [v2:172.21.15.83:3300/0,v1:172.21.15.83:6789/0] -- mon_subscribe({config=0+,monmap=0+}) -- 0x7f44d019bd40 con 0x7f44d0107fe0
2024-09-19T05:37:18.449 INFO:teuthology.orchestra.run.smithi083.stdout:/usr/bin/ceph: stderr
2024-09-19T05:37:17.435+0000 7f44d48e2640 1 --2- 172.21.15.83:0/3749558984 >> [v2:172.21.15.83:3300/0,v1:172.21.15.83:6789/0] conn(0x7f44d0107fe0 0x7f44d019b800 secure :-1 s=READY pgs=71 cs=0 l=1 rev1=1 crypto rx=0x7f44c4030380 tx=0x7f44c4032670 comp rx=0 tx=0).ready entity=mon.0 client_cookie=0 server_cookie=0 in_seq=0 out_seq=0
2024-09-19T05:37:18.449 INFO:teuthology.orchestra.run.smithi083.stdout:/usr/bin/ceph: stderr
2024-09-19T05:37:17.436+0000 7f44cdffb640 1 -- 172.21.15.83:0/3749558984 <== mon.0 v2:172.21.15.83:3300/0 1 ==== mon_map magic: 0 ==== 205+0+0 (secure 0 0 0) 0x7f44c4037040 con 0x7f44d0107fe0
2024-09-19T05:37:18.449 INFO:teuthology.orchestra.run.smithi083.stdout:/usr/bin/ceph: stderr
2024-09-19T05:37:17.436+0000 7f44cdffb640 1 -- 172.21.15.83:0/3749558984 <== mon.0 v2:172.21.15.83:3300/0 2 ==== config(27 keys) ==== 1140+0+0 (secure 0 0 0) 0x7f44c4040070 con 0x7f44d0107fe0
2024-09-19T05:37:18.449 INFO:teuthology.orchestra.run.smithi083.stdout:/usr/bin/ceph: stderr
2024-09-19T05:37:17.436+0000 7f44d6b46640 1 -- 172.21.15.83:0/3749558984 --> [v2:172.21.15.83:3300/0,v1:172.21.15.83:6789/0] -- mon_subscribe({mgrmap=0+}) -- 0x7f44d019bfd0 con 0x7f44d0107fe0
2024-09-19T05:37:18.449 INFO:teuthology.orchestra.run.smithi083.stdout:/usr/bin/ceph: stderr
2024-09-19T05:37:17.436+0000 7f44cdffb640 1 -- 172.21.15.83:0/3749558984 <== mon.0 v2:172.21.15.83:3300/0 3 ==== mon_map magic: 0 ==== 205+0+0 (secure 0 0 0) 0x7f44c403a7b0 con 0x7f44d0107fe0
2024-09-19T05:37:18.450 INFO:teuthology.orchestra.run.smithi083.stdout:/usr/bin/ceph: stderr
2024-09-19T05:37:17.436+0000 7f44d6b46640 1 -- 172.21.15.83:0/3749558984 --> [v2:172.21.15.83:3300/0,v1:172.21.15.83:6789/0] -- mon_subscribe({osdmap=0}) -- 0x7f44d0105dd0 con 0x7f44d0107fe0
2024-09-19T05:37:18.450 INFO:teuthology.orchestra.run.smithi083.stdout:/usr/bin/ceph: stderr
2024-09-19T05:37:17.437+0000 7f44cdffb640 1 -- 172.21.15.83:0/3749558984 <== mon.0 v2:172.21.15.83:3300/0 4 ==== mgrmap(e 12) ==== 46474+0+0 (secure 0 0 0) 0x7f44c403aa30 con 0x7f44d0107fe0
2024-09-19T05:37:18.450 INFO:teuthology.orchestra.run.smithi083.stdout:/usr/bin/ceph: stderr
2024-09-19T05:37:17.437+0000 7f44cdffb640 1 --2- 172.21.15.83:0/3749558984 >> [v2:172.21.15.83:6800/601994194,v1:172.21.15.83:6801/601994194] conn(0x7f44c003d610 0x7f44c003fad0 unknown :-1 s=NONE pgs=0 cs=0 l=1 rev1=0 crypto rx=0 tx=0 comp rx=0 tx=0).connect
2024-09-19T05:37:18.450 INFO:teuthology.orchestra.run.smithi083.stdout:/usr/bin/ceph: stderr
2024-09-19T05:37:17.437+0000 7f44d6b46640 1 -- 172.21.15.83:0/3749558984 --> [v2:172.21.15.83:3300/0,v1:172.21.15.83:6789/0] -- mon_command({"prefix": "get_command_descriptions"} v 0) -- 0x7f44d0108440 con 0x7f44d0107fe0
2024-09-19T05:37:18.450 INFO:teuthology.orchestra.run.smithi083.stdout:/usr/bin/ceph: stderr
2024-09-19T05:37:17.437+0000 7f44cdffb640 1 -- 172.21.15.83:0/3749558984 <== mon.0 v2:172.21.15.83:3300/0 5 ==== osd_map(3..3 src has 1..3) ==== 1155+0+0 (secure 0 0 0) 0x7f44c406da70 con 0x7f44d0107fe0
2024-09-19T05:37:18.450 INFO:teuthology.orchestra.run.smithi083.stdout:/usr/bin/ceph: stderr
2024-09-19T05:37:17.437+0000 7f44cffff640 1 --2- 172.21.15.83:0/3749558984 >> [v2:172.21.15.83:6800/601994194,v1:172.21.15.83:6801/601994194] conn(0x7f44c003d610 0x7f44c003fad0 unknown :-1 s=BANNER_CONNECTING pgs=0 cs=0 l=1 rev1=0 crypto rx=0 tx=0 comp rx=0 tx=0)._handle_peer_banner_payload supported=3 required=0
2024-09-19T05:37:18.450 INFO:teuthology.orchestra.run.smithi083.stdout:/usr/bin/ceph: stderr
2024-09-19T05:37:17.438+0000 7f44cffff640 1 --2- 172.21.15.83:0/3749558984 >> [v2:172.21.15.83:6800/601994194,v1:172.21.15.83:6801/601994194] conn(0x7f44c003d610 0x7f44c003fad0 secure :-1 s=READY pgs=8 cs=0 l=1 rev1=1 crypto rx=0x7f44bc0098c0 tx=0x7f44bc006db0 comp rx=0 tx=0).ready entity=mgr.14150 client_cookie=0 server_cookie=0 in_seq=0 out_seq=0
2024-09-19T05:37:18.450 INFO:teuthology.orchestra.run.smithi083.stdout:/usr/bin/ceph: stderr
2024-09-19T05:37:17.442+0000 7f44cdffb640 1 -- 172.21.15.83:0/3749558984 <== mon.0 v2:172.21.15.83:3300/0 6 ==== mon_command_ack([{"prefix": "get_command_descriptions"}]=0 v0) ==== 72+0+188913 (secure 0 0 0) 0x7f44c406fe20 con 0x7f44d0107fe0
2024-09-19T05:37:18.450 INFO:teuthology.orchestra.run.smithi083.stdout:/usr/bin/ceph: stderr
2024-09-19T05:37:17.628+0000 7f44d6b46640 1 -- 172.21.15.83:0/3749558984 --> [v2:172.21.15.83:6800/601994194,v1:172.21.15.83:6801/601994194] -- mgr_command(tid 0: {"prefix": "dashboard ac-user-create", "username": "admin", "rolename": "administrator", "force_password": true, "pwd_update_required": true, "target": ["mon-mgr", ""]}) -- 0x7f44d019c4b0 con 0x7f44c003d610
2024-09-19T05:37:18.450 INFO:teuthology.orchestra.run.smithi083.stdout:/usr/bin/ceph: stderr
2024-09-19T05:37:17.847+0000 7f44cdffb640 1 -- 172.21.15.83:0/3749558984 <== mgr.14150 v2:172.21.15.83:6800/601994194 1 ==== mgr_command_reply(tid 0: 0 ) ==== 8+0+252 (secure 0 0 0) 0x7f44d019c4b0 con 0x7f44c003d610
2024-09-19T05:37:18.450 INFO:teuthology.orchestra.run.smithi083.stdout:/usr/bin/ceph: stderr
2024-09-19T05:37:17.850+0000 7f44d6b46640 1 -- 172.21.15.83:0/3749558984 >> [v2:172.21.15.83:6800/601994194,v1:172.21.15.83:6801/601994194] conn(0x7f44c003d610 msgr2=0x7f44c003fad0 secure :-1 s=STATE_CONNECTION_ESTABLISHED l=1).mark_down
2024-09-19T05:37:18.450 INFO:teuthology.orchestra.run.smithi083.stdout:/usr/bin/ceph: stderr
2024-09-19T05:37:17.850+0000 7f44d6b46640 1 --2- 172.21.15.83:0/3749558984 >> [v2:172.21.15.83:6800/601994194,v1:172.21.15.83:6801/601994194] conn(0x7f44c003d610 0x7f44c003fad0 secure :-1 s=READY pgs=8 cs=0 l=1 rev1=1 crypto rx=0x7f44bc0098c0 tx=0x7f44bc006db0 comp rx=0 tx=0).stop
2024-09-19T05:37:18.450 INFO:teuthology.orchestra.run.smithi083.stdout:/usr/bin/ceph: stderr
2024-09-19T05:37:17.850+0000 7f44d6b46640 1 -- 172.21.15.83:0/3749558984 >> [v2:172.21.15.83:3300/0,v1:172.21.15.83:6789/0] conn(0x7f44d0107fe0 msgr2=0x7f44d019b800 secure :-1 s=STATE_CONNECTION_ESTABLISHED l=1).mark_down
2024-09-19T05:37:18.451 INFO:teuthology.orchestra.run.smithi083.stdout:/usr/bin/ceph: stderr
2024-09-19T05:37:17.850+0000 7f44d6b46640 1 --2- 172.21.15.83:0/3749558984 >> [v2:172.21.15.83:3300/0,v1:172.21.15.83:6789/0] conn(0x7f44d0107fe0 0x7f44d019b800 secure :-1 s=READY pgs=71 cs=0 l=1 rev1=1 crypto rx=0x7f44c4030380 tx=0x7f44c4032670 comp rx=0 tx=0).stop
2024-09-19T05:37:18.451 INFO:teuthology.orchestra.run.smithi083.stdout:/usr/bin/ceph: stderr
2024-09-19T05:37:17.850+0000 7f44d6b46640 1 -- 172.21.15.83:0/3749558984 shutdown_connections
2024-09-19T05:37:18.451 INFO:teuthology.orchestra.run.smithi083.stdout:/usr/bin/ceph: stderr
2024-09-19T05:37:17.850+0000 7f44d6b46640 1 --2- 172.21.15.83:0/3749558984 >> [v2:172.21.15.83:6800/601994194,v1:172.21.15.83:6801/601994194] conn(0x7f44c003d610 0x7f44c003fad0 unknown :-1 s=CLOSED pgs=8 cs=0 l=1 rev1=1 crypto rx=0 tx=0 comp rx=0 tx=0).stop
2024-09-19T05:37:18.451 INFO:teuthology.orchestra.run.smithi083.stdout:/usr/bin/ceph: stderr
2024-09-19T05:37:17.850+0000 7f44d6b46640 1 --2- 172.21.15.83:0/3749558984 >> [v2:172.21.15.83:3300/0,v1:172.21.15.83:6789/0] conn(0x7f44d0107fe0 0x7f44d019b800 unknown :-1 s=CLOSED pgs=71 cs=0 l=1 rev1=1 crypto rx=0 tx=0 comp rx=0 tx=0).stop
2024-09-19T05:37:18.451 INFO:teuthology.orchestra.run.smithi083.stdout:/usr/bin/ceph: stderr
2024-09-19T05:37:17.850+0000 7f44d6b46640 1 -- 172.21.15.83:0/3749558984 >> 172.21.15.83:0/3749558984 conn(0x7f44d0101b80 msgr2=0x7f44d0102870 unknown :-1 s=STATE_NONE l=0).mark_down
2024-09-19T05:37:18.451 INFO:teuthology.orchestra.run.smithi083.stdout:/usr/bin/ceph: stderr
2024-09-19T05:37:17.850+0000 7f44d6b46640 1 -- 172.21.15.83:0/3749558984 shutdown_connections
2024-09-19T05:37:18.451 INFO:teuthology.orchestra.run.smithi083.stdout:/usr/bin/ceph: stderr
2024-09-19T05:37:17.850+0000 7f44d6b46640 1 -- 172.21.15.83:0/3749558984 wait complete.
2024-09-19T05:37:18.451 INFO:teuthology.orchestra.run.smithi083.stdout:Fetching dashboard port number...
2024-09-19T05:37:19.034 INFO:journalctl@ceph.mon.a.smithi083.stdout:Sep 19 05:37:18 smithi083 ceph-mon[31245]: from='client.14164 -' entity='client.admin' cmd=[{"prefix": "dashboard ac-user-create", "username": "admin", "rolename": "administrator", "force_password": true, "pwd_update_required": true, "target": ["mon-mgr", ""]}]: dispatch
2024-09-19T05:37:19.034 INFO:journalctl@ceph.mon.a.smithi083.stdout:Sep 19 05:37:18 smithi083 ceph-mon[31245]: from='mgr.14150 172.21.15.83:0/823591516' entity='mgr.x'
2024-09-19T05:37:19.557 INFO:teuthology.orchestra.run.smithi083.stdout:/usr/bin/ceph: stdout 8443
2024-09-19T05:37:19.562 INFO:teuthology.orchestra.run.smithi083.stdout:/usr/bin/ceph: stderr
2024-09-19T05:37:18.851+0000 7f7ded00a640 1 Processor -- start
2024-09-19T05:37:19.562 INFO:teuthology.orchestra.run.smithi083.stdout:/usr/bin/ceph: stderr
2024-09-19T05:37:18.851+0000 7f7ded00a640 1 -- start start
2024-09-19T05:37:19.562 INFO:teuthology.orchestra.run.smithi083.stdout:/usr/bin/ceph: stderr
2024-09-19T05:37:18.851+0000 7f7ded00a640 1 --2- >> [v2:172.21.15.83:3300/0,v1:172.21.15.83:6789/0] conn(0x7f7de8108040 0x7f7de810a430 unknown :-1 s=NONE pgs=0 cs=0 l=0 rev1=0 crypto rx=0 tx=0 comp rx=0 tx=0).connect
2024-09-19T05:37:19.562 INFO:teuthology.orchestra.run.smithi083.stdout:/usr/bin/ceph: stderr
2024-09-19T05:37:18.851+0000 7f7ded00a640 1 -- --> [v2:172.21.15.83:3300/0,v1:172.21.15.83:6789/0] -- mon_getmap magic: 0 -- 0x7f7de807be10 con 0x7f7de8108040
2024-09-19T05:37:19.562 INFO:teuthology.orchestra.run.smithi083.stdout:/usr/bin/ceph: stderr
2024-09-19T05:37:18.851+0000 7f7de6d9d640 1 --2- >> [v2:172.21.15.83:3300/0,v1:172.21.15.83:6789/0] conn(0x7f7de8108040 0x7f7de810a430 unknown :-1 s=BANNER_CONNECTING pgs=0 cs=0 l=0 rev1=0 crypto rx=0 tx=0 comp rx=0 tx=0)._handle_peer_banner_payload supported=3 required=0
2024-09-19T05:37:19.562 INFO:teuthology.orchestra.run.smithi083.stdout:/usr/bin/ceph: stderr
2024-09-19T05:37:18.851+0000 7f7de6d9d640 1 --2- >> [v2:172.21.15.83:3300/0,v1:172.21.15.83:6789/0] conn(0x7f7de8108040 0x7f7de810a430 unknown :-1 s=HELLO_CONNECTING pgs=0 cs=0 l=0 rev1=1 crypto rx=0 tx=0 comp rx=0 tx=0).handle_hello peer v2:172.21.15.83:3300/0 says I am v2:172.21.15.83:38542/0 (socket says 172.21.15.83:38542)
2024-09-19T05:37:19.562 INFO:teuthology.orchestra.run.smithi083.stdout:/usr/bin/ceph: stderr
2024-09-19T05:37:18.851+0000 7f7de6d9d640 1 -- 172.21.15.83:0/3150294774 learned_addr learned my addr 172.21.15.83:0/3150294774 (peer_addr_for_me v2:172.21.15.83:0/0)
2024-09-19T05:37:19.563 INFO:teuthology.orchestra.run.smithi083.stdout:/usr/bin/ceph: stderr
2024-09-19T05:37:18.852+0000 7f7de6d9d640 1 -- 172.21.15.83:0/3150294774 --> [v2:172.21.15.83:3300/0,v1:172.21.15.83:6789/0] -- mon_subscribe({config=0+,monmap=0+}) -- 0x7f7de810a970 con 0x7f7de8108040
2024-09-19T05:37:19.563 INFO:teuthology.orchestra.run.smithi083.stdout:/usr/bin/ceph: stderr
2024-09-19T05:37:18.852+0000 7f7de6d9d640 1 --2- 172.21.15.83:0/3150294774 >> [v2:172.21.15.83:3300/0,v1:172.21.15.83:6789/0] conn(0x7f7de8108040 0x7f7de810a430 secure :-1 s=READY pgs=72 cs=0 l=1 rev1=1 crypto rx=0x7f7dd8009820 tx=0x7f7dd802a270 comp rx=0 tx=0).ready entity=mon.0 client_cookie=cf5fbd1e6f76ab85 server_cookie=0 in_seq=0 out_seq=0
2024-09-19T05:37:19.563 INFO:teuthology.orchestra.run.smithi083.stdout:/usr/bin/ceph: stderr
2024-09-19T05:37:18.852+0000 7f7de659c640 1 -- 172.21.15.83:0/3150294774 <== mon.0 v2:172.21.15.83:3300/0 1 ==== mon_map magic: 0 ==== 205+0+0 (secure 0 0 0) 0x7f7dd8037070 con 0x7f7de8108040
2024-09-19T05:37:19.563 INFO:teuthology.orchestra.run.smithi083.stdout:/usr/bin/ceph: stderr
2024-09-19T05:37:18.852+0000 7f7de659c640 1 -- 172.21.15.83:0/3150294774 <== mon.0 v2:172.21.15.83:3300/0 2 ==== config(27 keys) ==== 1140+0+0 (secure 0 0 0) 0x7f7dd8032920 con 0x7f7de8108040
2024-09-19T05:37:19.563 INFO:teuthology.orchestra.run.smithi083.stdout:/usr/bin/ceph: stderr
2024-09-19T05:37:18.852+0000 7f7de659c640 1 -- 172.21.15.83:0/3150294774 <== mon.0 v2:172.21.15.83:3300/0 3 ==== mon_map magic: 0 ==== 205+0+0 (secure 0 0 0) 0x7f7dd8030810 con 0x7f7de8108040
2024-09-19T05:37:19.563 INFO:teuthology.orchestra.run.smithi083.stdout:/usr/bin/ceph: stderr
2024-09-19T05:37:18.853+0000 7f7ded00a640 1 -- 172.21.15.83:0/3150294774 >> [v2:172.21.15.83:3300/0,v1:172.21.15.83:6789/0] conn(0x7f7de8108040 msgr2=0x7f7de810a430 secure :-1 s=STATE_CONNECTION_ESTABLISHED l=1).mark_down
2024-09-19T05:37:19.563 INFO:teuthology.orchestra.run.smithi083.stdout:/usr/bin/ceph: stderr
2024-09-19T05:37:18.853+0000 7f7ded00a640 1 --2- 172.21.15.83:0/3150294774 >> [v2:172.21.15.83:3300/0,v1:172.21.15.83:6789/0] conn(0x7f7de8108040 0x7f7de810a430 secure :-1 s=READY pgs=72 cs=0 l=1 rev1=1 crypto rx=0x7f7dd8009820 tx=0x7f7dd802a270 comp rx=0 tx=0).stop
2024-09-19T05:37:19.563 INFO:teuthology.orchestra.run.smithi083.stdout:/usr/bin/ceph: stderr
2024-09-19T05:37:18.853+0000 7f7ded00a640 1 -- 172.21.15.83:0/3150294774 shutdown_connections
2024-09-19T05:37:19.563 INFO:teuthology.orchestra.run.smithi083.stdout:/usr/bin/ceph: stderr
2024-09-19T05:37:18.853+0000 7f7ded00a640 1 --2- 172.21.15.83:0/3150294774 >> [v2:172.21.15.83:3300/0,v1:172.21.15.83:6789/0] conn(0x7f7de8108040 0x7f7de810a430 unknown :-1 s=CLOSED pgs=72 cs=0 l=1 rev1=1 crypto rx=0 tx=0 comp rx=0 tx=0).stop
2024-09-19T05:37:19.563 INFO:teuthology.orchestra.run.smithi083.stdout:/usr/bin/ceph: stderr
2024-09-19T05:37:18.853+0000 7f7ded00a640 1 -- 172.21.15.83:0/3150294774 >> 172.21.15.83:0/3150294774 conn(0x7f7de8101cc0 msgr2=0x7f7de81040e0 unknown :-1 s=STATE_NONE l=0).mark_down
2024-09-19T05:37:19.563 INFO:teuthology.orchestra.run.smithi083.stdout:/usr/bin/ceph: stderr
2024-09-19T05:37:18.853+0000 7f7ded00a640 1 -- 172.21.15.83:0/3150294774 shutdown_connections
2024-09-19T05:37:19.563 INFO:teuthology.orchestra.run.smithi083.stdout:/usr/bin/ceph: stderr
2024-09-19T05:37:18.853+0000 7f7ded00a640 1 -- 172.21.15.83:0/3150294774 wait complete.
2024-09-19T05:37:19.563 INFO:teuthology.orchestra.run.smithi083.stdout:/usr/bin/ceph: stderr
2024-09-19T05:37:18.854+0000 7f7ded00a640 1 Processor -- start
2024-09-19T05:37:19.564 INFO:teuthology.orchestra.run.smithi083.stdout:/usr/bin/ceph: stderr
2024-09-19T05:37:18.854+0000 7f7ded00a640 1 -- start start
2024-09-19T05:37:19.564 INFO:teuthology.orchestra.run.smithi083.stdout:/usr/bin/ceph: stderr
2024-09-19T05:37:18.854+0000 7f7ded00a640 1 --2- >> [v2:172.21.15.83:3300/0,v1:172.21.15.83:6789/0] conn(0x7f7de8108040 0x7f7de81078c0 unknown :-1 s=NONE pgs=0 cs=0 l=1 rev1=0 crypto rx=0 tx=0 comp rx=0 tx=0).connect
2024-09-19T05:37:19.564 INFO:teuthology.orchestra.run.smithi083.stdout:/usr/bin/ceph: stderr
2024-09-19T05:37:18.854+0000 7f7ded00a640 1 -- --> [v2:172.21.15.83:3300/0,v1:172.21.15.83:6789/0] -- mon_getmap magic: 0 -- 0x7f7de810b9f0 con 0x7f7de8108040
2024-09-19T05:37:19.564 INFO:teuthology.orchestra.run.smithi083.stdout:/usr/bin/ceph: stderr
2024-09-19T05:37:18.854+0000 7f7de6d9d640 1 --2- >> [v2:172.21.15.83:3300/0,v1:172.21.15.83:6789/0] conn(0x7f7de8108040 0x7f7de81078c0 unknown :-1 s=BANNER_CONNECTING pgs=0 cs=0 l=1 rev1=0 crypto rx=0 tx=0 comp rx=0 tx=0)._handle_peer_banner_payload supported=3 required=0
2024-09-19T05:37:19.564 INFO:teuthology.orchestra.run.smithi083.stdout:/usr/bin/ceph: stderr
2024-09-19T05:37:18.854+0000 7f7de6d9d640 1 --2- >> [v2:172.21.15.83:3300/0,v1:172.21.15.83:6789/0] conn(0x7f7de8108040 0x7f7de81078c0 unknown :-1 s=HELLO_CONNECTING pgs=0 cs=0 l=1 rev1=1 crypto rx=0 tx=0 comp rx=0 tx=0).handle_hello peer v2:172.21.15.83:3300/0 says I am v2:172.21.15.83:38550/0 (socket says 172.21.15.83:38550)
2024-09-19T05:37:19.564 INFO:teuthology.orchestra.run.smithi083.stdout:/usr/bin/ceph: stderr
2024-09-19T05:37:18.854+0000 7f7de6d9d640 1 -- 172.21.15.83:0/2971085615 learned_addr learned my addr 172.21.15.83:0/2971085615 (peer_addr_for_me v2:172.21.15.83:0/0)
2024-09-19T05:37:19.564 INFO:teuthology.orchestra.run.smithi083.stdout:/usr/bin/ceph: stderr
2024-09-19T05:37:18.854+0000 7f7de6d9d640 1 -- 172.21.15.83:0/2971085615 --> [v2:172.21.15.83:3300/0,v1:172.21.15.83:6789/0] -- mon_subscribe({config=0+,monmap=0+}) -- 0x7f7de8107e00 con 0x7f7de8108040
2024-09-19T05:37:19.564 INFO:teuthology.orchestra.run.smithi083.stdout:/usr/bin/ceph: stderr
2024-09-19T05:37:18.854+0000 7f7de6d9d640 1 --2- 172.21.15.83:0/2971085615 >> [v2:172.21.15.83:3300/0,v1:172.21.15.83:6789/0] conn(0x7f7de8108040 0x7f7de81078c0 secure :-1 s=READY pgs=73 cs=0 l=1 rev1=1 crypto rx=0x7f7dd80097f0 tx=0x7f7dd80327b0 comp rx=0 tx=0).ready entity=mon.0 client_cookie=0 server_cookie=0 in_seq=0 out_seq=0
2024-09-19T05:37:19.564 INFO:teuthology.orchestra.run.smithi083.stdout:/usr/bin/ceph: stderr
2024-09-19T05:37:18.854+0000 7f7de4d99640 1 -- 172.21.15.83:0/2971085615 <== mon.0 v2:172.21.15.83:3300/0 1 ==== mon_map magic: 0 ==== 205+0+0 (secure 0 0 0) 0x7f7dd8037040 con 0x7f7de8108040
2024-09-19T05:37:19.564 INFO:teuthology.orchestra.run.smithi083.stdout:/usr/bin/ceph: stderr
2024-09-19T05:37:18.855+0000 7f7ded00a640 1 -- 172.21.15.83:0/2971085615 --> [v2:172.21.15.83:3300/0,v1:172.21.15.83:6789/0] -- mon_subscribe({mgrmap=0+}) -- 0x7f7de8105ff0 con 0x7f7de8108040
2024-09-19T05:37:19.564 INFO:teuthology.orchestra.run.smithi083.stdout:/usr/bin/ceph: stderr
2024-09-19T05:37:18.855+0000 7f7de4d99640 1 -- 172.21.15.83:0/2971085615 <== mon.0 v2:172.21.15.83:3300/0 2 ==== config(27 keys) ==== 1140+0+0 (secure 0 0 0) 0x7f7dd8030cc0 con 0x7f7de8108040
2024-09-19T05:37:19.564 INFO:teuthology.orchestra.run.smithi083.stdout:/usr/bin/ceph: stderr
2024-09-19T05:37:18.855+0000 7f7de4d99640 1 -- 172.21.15.83:0/2971085615 <== mon.0 v2:172.21.15.83:3300/0 3 ==== mon_map magic: 0 ==== 205+0+0 (secure 0 0 0) 0x7f7dd803a6b0 con 0x7f7de8108040
2024-09-19T05:37:19.564 INFO:teuthology.orchestra.run.smithi083.stdout:/usr/bin/ceph: stderr
2024-09-19T05:37:18.855+0000 7f7ded00a640 1 -- 172.21.15.83:0/2971085615 --> [v2:172.21.15.83:3300/0,v1:172.21.15.83:6789/0] -- mon_subscribe({osdmap=0}) -- 0x7f7de8106530 con 0x7f7de8108040
2024-09-19T05:37:19.565 INFO:teuthology.orchestra.run.smithi083.stdout:/usr/bin/ceph: stderr
2024-09-19T05:37:18.855+0000 7f7de4d99640 1 -- 172.21.15.83:0/2971085615 <== mon.0 v2:172.21.15.83:3300/0 4 ==== mgrmap(e 12) ==== 46474+0+0 (secure 0 0 0) 0x7f7dd803a8a0 con 0x7f7de8108040
2024-09-19T05:37:19.565 INFO:teuthology.orchestra.run.smithi083.stdout:/usr/bin/ceph: stderr
2024-09-19T05:37:18.856+0000 7f7de4d99640 1 --2- 172.21.15.83:0/2971085615 >> [v2:172.21.15.83:6800/601994194,v1:172.21.15.83:6801/601994194] conn(0x7f7dd4039200 0x7f7dd403b6c0 unknown :-1 s=NONE pgs=0 cs=0 l=1 rev1=0 crypto rx=0 tx=0 comp rx=0 tx=0).connect
2024-09-19T05:37:19.565 INFO:teuthology.orchestra.run.smithi083.stdout:/usr/bin/ceph: stderr
2024-09-19T05:37:18.856+0000 7f7ded00a640 1 -- 172.21.15.83:0/2971085615 --> [v2:172.21.15.83:3300/0,v1:172.21.15.83:6789/0] -- mon_command({"prefix": "get_command_descriptions"} v 0) -- 0x7f7de81084a0 con 0x7f7de8108040
2024-09-19T05:37:19.565 INFO:teuthology.orchestra.run.smithi083.stdout:/usr/bin/ceph: stderr
2024-09-19T05:37:18.856+0000 7f7de4d99640 1 -- 172.21.15.83:0/2971085615 <== mon.0 v2:172.21.15.83:3300/0 5 ==== osd_map(3..3 src has 1..3) ==== 1155+0+0 (secure 0 0 0) 0x7f7dd806ca30 con 0x7f7de8108040
2024-09-19T05:37:19.565 INFO:teuthology.orchestra.run.smithi083.stdout:/usr/bin/ceph: stderr
2024-09-19T05:37:18.856+0000 7f7ddffff640 1 --2- 172.21.15.83:0/2971085615 >> [v2:172.21.15.83:6800/601994194,v1:172.21.15.83:6801/601994194] conn(0x7f7dd4039200 0x7f7dd403b6c0 unknown :-1 s=BANNER_CONNECTING pgs=0 cs=0 l=1 rev1=0 crypto rx=0 tx=0 comp rx=0 tx=0)._handle_peer_banner_payload supported=3 required=0
2024-09-19T05:37:19.565 INFO:teuthology.orchestra.run.smithi083.stdout:/usr/bin/ceph: stderr
2024-09-19T05:37:18.856+0000 7f7ddffff640 1 --2- 172.21.15.83:0/2971085615 >> [v2:172.21.15.83:6800/601994194,v1:172.21.15.83:6801/601994194] conn(0x7f7dd4039200 0x7f7dd403b6c0 secure :-1 s=READY pgs=9 cs=0 l=1 rev1=1 crypto rx=0x7f7dd00098c0 tx=0x7f7dd0006db0 comp rx=0 tx=0).ready entity=mgr.14150 client_cookie=0 server_cookie=0 in_seq=0 out_seq=0
2024-09-19T05:37:19.565 INFO:teuthology.orchestra.run.smithi083.stdout:/usr/bin/ceph: stderr
2024-09-19T05:37:18.860+0000 7f7de4d99640 1 -- 172.21.15.83:0/2971085615 <== mon.0 v2:172.21.15.83:3300/0 6 ==== mon_command_ack([{"prefix": "get_command_descriptions"}]=0 v0) ==== 72+0+188913 (secure 0 0 0) 0x7f7dd80448d0 con 0x7f7de8108040
2024-09-19T05:37:19.565 INFO:teuthology.orchestra.run.smithi083.stdout:/usr/bin/ceph: stderr
2024-09-19T05:37:19.032+0000 7f7ded00a640 1 -- 172.21.15.83:0/2971085615 --> [v2:172.21.15.83:3300/0,v1:172.21.15.83:6789/0] -- mon_command({"prefix": "config get", "who": "mgr", "key": "mgr/dashboard/ssl_server_port"} v 0) -- 0x7f7de8075df0 con 0x7f7de8108040
2024-09-19T05:37:19.565 INFO:teuthology.orchestra.run.smithi083.stdout:/usr/bin/ceph: stderr
2024-09-19T05:37:19.032+0000 7f7de4d99640 1 -- 172.21.15.83:0/2971085615 <== mon.0 v2:172.21.15.83:3300/0 7 ==== mon_command_ack([{"prefix": "config get", "who": "mgr", "key": "mgr/dashboard/ssl_server_port"}]=0 v8) ==== 112+0+5 (secure 0 0 0) 0x7f7de8075df0 con 0x7f7de8108040
2024-09-19T05:37:19.565 INFO:teuthology.orchestra.run.smithi083.stdout:/usr/bin/ceph: stderr
2024-09-19T05:37:19.034+0000 7f7ded00a640 1 -- 172.21.15.83:0/2971085615 >> [v2:172.21.15.83:6800/601994194,v1:172.21.15.83:6801/601994194] conn(0x7f7dd4039200 msgr2=0x7f7dd403b6c0 secure :-1 s=STATE_CONNECTION_ESTABLISHED l=1).mark_down
2024-09-19T05:37:19.565 INFO:teuthology.orchestra.run.smithi083.stdout:/usr/bin/ceph: stderr
2024-09-19T05:37:19.034+0000 7f7ded00a640 1 --2- 172.21.15.83:0/2971085615 >> [v2:172.21.15.83:6800/601994194,v1:172.21.15.83:6801/601994194] conn(0x7f7dd4039200 0x7f7dd403b6c0 secure :-1 s=READY pgs=9 cs=0 l=1 rev1=1 crypto rx=0x7f7dd00098c0 tx=0x7f7dd0006db0 comp rx=0 tx=0).stop
2024-09-19T05:37:19.565 INFO:teuthology.orchestra.run.smithi083.stdout:/usr/bin/ceph: stderr
2024-09-19T05:37:19.034+0000 7f7ded00a640 1 -- 172.21.15.83:0/2971085615 >> [v2:172.21.15.83:3300/0,v1:172.21.15.83:6789/0] conn(0x7f7de8108040 msgr2=0x7f7de81078c0 secure :-1 s=STATE_CONNECTION_ESTABLISHED l=1).mark_down
2024-09-19T05:37:19.565 INFO:teuthology.orchestra.run.smithi083.stdout:/usr/bin/ceph: stderr
2024-09-19T05:37:19.034+0000 7f7ded00a640 1 --2- 172.21.15.83:0/2971085615 >> [v2:172.21.15.83:3300/0,v1:172.21.15.83:6789/0] conn(0x7f7de8108040 0x7f7de81078c0 secure :-1 s=READY pgs=73 cs=0 l=1 rev1=1 crypto rx=0x7f7dd80097f0 tx=0x7f7dd80327b0 comp rx=0 tx=0).stop
2024-09-19T05:37:19.566 INFO:teuthology.orchestra.run.smithi083.stdout:/usr/bin/ceph: stderr
2024-09-19T05:37:19.034+0000 7f7ded00a640 1 -- 172.21.15.83:0/2971085615 shutdown_connections
2024-09-19T05:37:19.566 INFO:teuthology.orchestra.run.smithi083.stdout:/usr/bin/ceph: stderr
2024-09-19T05:37:19.034+0000 7f7ded00a640 1 --2- 172.21.15.83:0/2971085615 >> [v2:172.21.15.83:6800/601994194,v1:172.21.15.83:6801/601994194] conn(0x7f7dd4039200 0x7f7dd403b6c0 unknown :-1 s=CLOSED pgs=9 cs=0 l=1 rev1=1 crypto rx=0 tx=0 comp rx=0 tx=0).stop
2024-09-19T05:37:19.566 INFO:teuthology.orchestra.run.smithi083.stdout:/usr/bin/ceph: stderr
2024-09-19T05:37:19.034+0000 7f7ded00a640 1 --2- 172.21.15.83:0/2971085615 >> [v2:172.21.15.83:3300/0,v1:172.21.15.83:6789/0] conn(0x7f7de8108040 0x7f7de81078c0 unknown :-1 s=CLOSED pgs=73 cs=0 l=1 rev1=1 crypto rx=0 tx=0 comp rx=0 tx=0).stop
2024-09-19T05:37:19.566 INFO:teuthology.orchestra.run.smithi083.stdout:/usr/bin/ceph: stderr
2024-09-19T05:37:19.034+0000 7f7ded00a640 1 -- 172.21.15.83:0/2971085615 >> 172.21.15.83:0/2971085615 conn(0x7f7de8101cc0 msgr2=0x7f7de8102a00 unknown :-1 s=STATE_NONE l=0).mark_down
2024-09-19T05:37:19.566 INFO:teuthology.orchestra.run.smithi083.stdout:/usr/bin/ceph: stderr
2024-09-19T05:37:19.035+0000 7f7ded00a640 1 -- 172.21.15.83:0/2971085615 shutdown_connections
2024-09-19T05:37:19.566 INFO:teuthology.orchestra.run.smithi083.stdout:/usr/bin/ceph: stderr
2024-09-19T05:37:19.035+0000 7f7ded00a640 1 -- 172.21.15.83:0/2971085615 wait complete.
2024-09-19T05:37:19.569 INFO:teuthology.orchestra.run.smithi083.stdout:Non-zero exit code 1 from systemctl is-enabled firewalld.service
2024-09-19T05:37:19.569 INFO:teuthology.orchestra.run.smithi083.stdout:systemctl: stdout disabled
2024-09-19T05:37:19.576 INFO:teuthology.orchestra.run.smithi083.stdout:Non-zero exit code 3 from systemctl is-active firewalld.service
2024-09-19T05:37:19.576 INFO:teuthology.orchestra.run.smithi083.stdout:systemctl: stdout inactive
2024-09-19T05:37:19.576 INFO:teuthology.orchestra.run.smithi083.stdout:firewalld.service is not enabled
2024-09-19T05:37:19.576 INFO:teuthology.orchestra.run.smithi083.stdout:Not possible to open ports <[8443]>. firewalld.service is not available
2024-09-19T05:37:19.578 INFO:teuthology.orchestra.run.smithi083.stdout:Ceph Dashboard is now available at:
2024-09-19T05:37:19.578 INFO:teuthology.orchestra.run.smithi083.stdout:
2024-09-19T05:37:19.578 INFO:teuthology.orchestra.run.smithi083.stdout: URL: https://smithi083.front.sepia.ceph.com:8443/
2024-09-19T05:37:19.578 INFO:teuthology.orchestra.run.smithi083.stdout: User: admin
2024-09-19T05:37:19.578 INFO:teuthology.orchestra.run.smithi083.stdout: Password: vq89h5cree
2024-09-19T05:37:19.578 INFO:teuthology.orchestra.run.smithi083.stdout:
2024-09-19T05:37:19.579 INFO:teuthology.orchestra.run.smithi083.stdout:Saving cluster configuration to /var/lib/ceph/f4648936-7648-11ef-bceb-c7b262605968/config directory
2024-09-19T05:37:19.994 INFO:journalctl@ceph.mon.a.smithi083.stdout:Sep 19 05:37:19 smithi083 ceph-mon[31245]: from='client.? 172.21.15.83:0/2971085615' entity='client.admin' cmd=[{"prefix": "config get", "who": "mgr", "key": "mgr/dashboard/ssl_server_port"}]: dispatch
2024-09-19T05:37:20.828 INFO:teuthology.orchestra.run.smithi083.stdout:/usr/bin/ceph: stderr
2024-09-19T05:37:19.992+0000 7fe0d68b5640 1 Processor -- start
2024-09-19T05:37:20.828 INFO:teuthology.orchestra.run.smithi083.stdout:/usr/bin/ceph: stderr
2024-09-19T05:37:19.992+0000 7fe0d68b5640 1 -- start start
2024-09-19T05:37:20.828 INFO:teuthology.orchestra.run.smithi083.stdout:/usr/bin/ceph: stderr
2024-09-19T05:37:19.992+0000 7fe0d68b5640 1 --2- >> [v2:172.21.15.83:3300/0,v1:172.21.15.83:6789/0] conn(0x7fe0d0107ff0 0x7fe0d010a3e0 unknown :-1 s=NONE pgs=0 cs=0 l=0 rev1=0 crypto rx=0 tx=0 comp rx=0 tx=0).connect
2024-09-19T05:37:20.828 INFO:teuthology.orchestra.run.smithi083.stdout:/usr/bin/ceph: stderr
2024-09-19T05:37:19.992+0000 7fe0d68b5640 1 -- --> [v2:172.21.15.83:3300/0,v1:172.21.15.83:6789/0] -- mon_getmap magic: 0 -- 0x7fe0d007be60 con 0x7fe0d0107ff0
2024-09-19T05:37:20.828 INFO:teuthology.orchestra.run.smithi083.stdout:/usr/bin/ceph: stderr
2024-09-19T05:37:19.992+0000 7fe0cffff640 1 --2- >> [v2:172.21.15.83:3300/0,v1:172.21.15.83:6789/0] conn(0x7fe0d0107ff0 0x7fe0d010a3e0 unknown :-1 s=BANNER_CONNECTING pgs=0 cs=0 l=0 rev1=0 crypto rx=0 tx=0 comp rx=0 tx=0)._handle_peer_banner_payload supported=3 required=0
2024-09-19T05:37:20.828 INFO:teuthology.orchestra.run.smithi083.stdout:/usr/bin/ceph: stderr
2024-09-19T05:37:19.992+0000 7fe0cffff640 1 --2- >> [v2:172.21.15.83:3300/0,v1:172.21.15.83:6789/0] conn(0x7fe0d0107ff0 0x7fe0d010a3e0 unknown :-1 s=HELLO_CONNECTING pgs=0 cs=0 l=0 rev1=1 crypto rx=0 tx=0 comp rx=0 tx=0).handle_hello peer v2:172.21.15.83:3300/0 says I am v2:172.21.15.83:38554/0 (socket says 172.21.15.83:38554)
2024-09-19T05:37:20.828 INFO:teuthology.orchestra.run.smithi083.stdout:/usr/bin/ceph: stderr
2024-09-19T05:37:19.992+0000 7fe0cffff640 1 -- 172.21.15.83:0/3838517381 learned_addr learned my addr 172.21.15.83:0/3838517381 (peer_addr_for_me v2:172.21.15.83:0/0)
2024-09-19T05:37:20.828 INFO:teuthology.orchestra.run.smithi083.stdout:/usr/bin/ceph: stderr
2024-09-19T05:37:19.992+0000 7fe0cffff640 1 -- 172.21.15.83:0/3838517381 --> [v2:172.21.15.83:3300/0,v1:172.21.15.83:6789/0] -- mon_subscribe({config=0+,monmap=0+}) -- 0x7fe0d010a920 con 0x7fe0d0107ff0
2024-09-19T05:37:20.828 INFO:teuthology.orchestra.run.smithi083.stdout:/usr/bin/ceph: stderr
2024-09-19T05:37:19.993+0000 7fe0cffff640 1 --2- 172.21.15.83:0/3838517381 >> [v2:172.21.15.83:3300/0,v1:172.21.15.83:6789/0] conn(0x7fe0d0107ff0 0x7fe0d010a3e0 secure :-1 s=READY pgs=74 cs=0 l=1 rev1=1 crypto rx=0x7fe0c0009820 tx=0x7fe0c002a270 comp rx=0 tx=0).ready entity=mon.0 client_cookie=65c7a35c144efd3d server_cookie=0 in_seq=0 out_seq=0
2024-09-19T05:37:20.828 INFO:teuthology.orchestra.run.smithi083.stdout:/usr/bin/ceph: stderr
2024-09-19T05:37:19.993+0000 7fe0ceffd640 1 -- 172.21.15.83:0/3838517381 <== mon.0 v2:172.21.15.83:3300/0 1 ==== mon_map magic: 0 ==== 205+0+0 (secure 0 0 0) 0x7fe0c0037070 con 0x7fe0d0107ff0
2024-09-19T05:37:20.829 INFO:teuthology.orchestra.run.smithi083.stdout:/usr/bin/ceph: stderr
2024-09-19T05:37:19.993+0000 7fe0ceffd640 1 -- 172.21.15.83:0/3838517381 <== mon.0 v2:172.21.15.83:3300/0 2 ==== config(27 keys) ==== 1140+0+0 (secure 0 0 0) 0x7fe0c0032920 con 0x7fe0d0107ff0
2024-09-19T05:37:20.829 INFO:teuthology.orchestra.run.smithi083.stdout:/usr/bin/ceph: stderr
2024-09-19T05:37:19.993+0000 7fe0ceffd640 1 -- 172.21.15.83:0/3838517381 <== mon.0 v2:172.21.15.83:3300/0 3 ==== mon_map magic: 0 ==== 205+0+0 (secure 0 0 0) 0x7fe0c0030810 con 0x7fe0d0107ff0
2024-09-19T05:37:20.829 INFO:teuthology.orchestra.run.smithi083.stdout:/usr/bin/ceph: stderr
2024-09-19T05:37:19.994+0000 7fe0d68b5640 1 -- 172.21.15.83:0/3838517381 >> [v2:172.21.15.83:3300/0,v1:172.21.15.83:6789/0] conn(0x7fe0d0107ff0 msgr2=0x7fe0d010a3e0 secure :-1 s=STATE_CONNECTION_ESTABLISHED l=1).mark_down
2024-09-19T05:37:20.829 INFO:teuthology.orchestra.run.smithi083.stdout:/usr/bin/ceph: stderr
2024-09-19T05:37:19.994+0000 7fe0d68b5640 1 --2- 172.21.15.83:0/3838517381 >> [v2:172.21.15.83:3300/0,v1:172.21.15.83:6789/0] conn(0x7fe0d0107ff0 0x7fe0d010a3e0 secure :-1 s=READY pgs=74 cs=0 l=1 rev1=1 crypto rx=0x7fe0c0009820 tx=0x7fe0c002a270 comp rx=0 tx=0).stop
2024-09-19T05:37:20.829 INFO:teuthology.orchestra.run.smithi083.stdout:/usr/bin/ceph: stderr
2024-09-19T05:37:19.994+0000 7fe0d68b5640 1 -- 172.21.15.83:0/3838517381 shutdown_connections
2024-09-19T05:37:20.829 INFO:teuthology.orchestra.run.smithi083.stdout:/usr/bin/ceph: stderr
2024-09-19T05:37:19.994+0000 7fe0d68b5640 1 --2- 172.21.15.83:0/3838517381 >> [v2:172.21.15.83:3300/0,v1:172.21.15.83:6789/0] conn(0x7fe0d0107ff0 0x7fe0d010a3e0 unknown :-1 s=CLOSED pgs=74 cs=0 l=1 rev1=1 crypto rx=0 tx=0 comp rx=0 tx=0).stop
2024-09-19T05:37:20.829 INFO:teuthology.orchestra.run.smithi083.stdout:/usr/bin/ceph: stderr
2024-09-19T05:37:19.994+0000 7fe0d68b5640 1 -- 172.21.15.83:0/3838517381 >> 172.21.15.83:0/3838517381 conn(0x7fe0d0101c90 msgr2=0x7fe0d01040b0 unknown :-1 s=STATE_NONE l=0).mark_down
2024-09-19T05:37:20.829 INFO:teuthology.orchestra.run.smithi083.stdout:/usr/bin/ceph: stderr
2024-09-19T05:37:19.994+0000 7fe0d68b5640 1 -- 172.21.15.83:0/3838517381 shutdown_connections
2024-09-19T05:37:20.829 INFO:teuthology.orchestra.run.smithi083.stdout:/usr/bin/ceph: stderr
2024-09-19T05:37:19.994+0000 7fe0d68b5640 1 -- 172.21.15.83:0/3838517381 wait complete.
2024-09-19T05:37:20.829 INFO:teuthology.orchestra.run.smithi083.stdout:/usr/bin/ceph: stderr
2024-09-19T05:37:19.994+0000 7fe0d68b5640 1 Processor -- start
2024-09-19T05:37:20.829 INFO:teuthology.orchestra.run.smithi083.stdout:/usr/bin/ceph: stderr
2024-09-19T05:37:19.995+0000 7fe0d68b5640 1 -- start start
2024-09-19T05:37:20.829 INFO:teuthology.orchestra.run.smithi083.stdout:/usr/bin/ceph: stderr
2024-09-19T05:37:19.995+0000 7fe0d68b5640 1 --2- >> [v2:172.21.15.83:3300/0,v1:172.21.15.83:6789/0] conn(0x7fe0d0107ff0 0x7fe0d019b840 unknown :-1 s=NONE pgs=0 cs=0 l=1 rev1=0 crypto rx=0 tx=0 comp rx=0 tx=0).connect
2024-09-19T05:37:20.829 INFO:teuthology.orchestra.run.smithi083.stdout:/usr/bin/ceph: stderr
2024-09-19T05:37:19.995+0000 7fe0d68b5640 1 -- --> [v2:172.21.15.83:3300/0,v1:172.21.15.83:6789/0] -- mon_getmap magic: 0 -- 0x7fe0d010ba00 con 0x7fe0d0107ff0
2024-09-19T05:37:20.829 INFO:teuthology.orchestra.run.smithi083.stdout:/usr/bin/ceph: stderr
2024-09-19T05:37:19.995+0000 7fe0cffff640 1 --2- >> [v2:172.21.15.83:3300/0,v1:172.21.15.83:6789/0] conn(0x7fe0d0107ff0 0x7fe0d019b840 unknown :-1 s=BANNER_CONNECTING pgs=0 cs=0 l=1 rev1=0 crypto rx=0 tx=0 comp rx=0 tx=0)._handle_peer_banner_payload supported=3 required=0
2024-09-19T05:37:20.830 INFO:teuthology.orchestra.run.smithi083.stdout:/usr/bin/ceph: stderr
2024-09-19T05:37:19.995+0000 7fe0cffff640 1 --2- >> [v2:172.21.15.83:3300/0,v1:172.21.15.83:6789/0] conn(0x7fe0d0107ff0 0x7fe0d019b840 unknown :-1 s=HELLO_CONNECTING pgs=0 cs=0 l=1 rev1=1 crypto rx=0 tx=0 comp rx=0 tx=0).handle_hello peer v2:172.21.15.83:3300/0 says I am v2:172.21.15.83:38558/0 (socket says 172.21.15.83:38558)
2024-09-19T05:37:20.830 INFO:teuthology.orchestra.run.smithi083.stdout:/usr/bin/ceph: stderr
2024-09-19T05:37:19.995+0000 7fe0cffff640 1 -- 172.21.15.83:0/2335732683 learned_addr learned my addr 172.21.15.83:0/2335732683 (peer_addr_for_me v2:172.21.15.83:0/0)
2024-09-19T05:37:20.830 INFO:teuthology.orchestra.run.smithi083.stdout:/usr/bin/ceph: stderr
2024-09-19T05:37:19.995+0000 7fe0cffff640 1 -- 172.21.15.83:0/2335732683 --> [v2:172.21.15.83:3300/0,v1:172.21.15.83:6789/0] -- mon_subscribe({config=0+,monmap=0+}) -- 0x7fe0d019bd80 con 0x7fe0d0107ff0
2024-09-19T05:37:20.830 INFO:teuthology.orchestra.run.smithi083.stdout:/usr/bin/ceph: stderr
2024-09-19T05:37:19.995+0000 7fe0cffff640 1 --2- 172.21.15.83:0/2335732683 >> [v2:172.21.15.83:3300/0,v1:172.21.15.83:6789/0] conn(0x7fe0d0107ff0 0x7fe0d019b840 secure :-1 s=READY pgs=75 cs=0 l=1 rev1=1 crypto rx=0x7fe0c0030380 tx=0x7fe0c0032670 comp rx=0 tx=0).ready entity=mon.0 client_cookie=0 server_cookie=0 in_seq=0 out_seq=0
2024-09-19T05:37:20.830 INFO:teuthology.orchestra.run.smithi083.stdout:/usr/bin/ceph: stderr
2024-09-19T05:37:19.995+0000 7fe0cd7fa640 1 -- 172.21.15.83:0/2335732683 <== mon.0 v2:172.21.15.83:3300/0 1 ==== mon_map magic: 0 ==== 205+0+0 (secure 0 0 0) 0x7fe0c0037040 con 0x7fe0d0107ff0
2024-09-19T05:37:20.830 INFO:teuthology.orchestra.run.smithi083.stdout:/usr/bin/ceph: stderr
2024-09-19T05:37:19.995+0000 7fe0cd7fa640 1 -- 172.21.15.83:0/2335732683 <== mon.0 v2:172.21.15.83:3300/0 2 ==== config(27 keys) ==== 1140+0+0 (secure 0 0 0) 0x7fe0c0040070 con 0x7fe0d0107ff0
2024-09-19T05:37:20.830 INFO:teuthology.orchestra.run.smithi083.stdout:/usr/bin/ceph: stderr
2024-09-19T05:37:19.995+0000 7fe0d68b5640 1 -- 172.21.15.83:0/2335732683 --> [v2:172.21.15.83:3300/0,v1:172.21.15.83:6789/0] -- mon_subscribe({mgrmap=0+}) -- 0x7fe0d019c010 con 0x7fe0d0107ff0
2024-09-19T05:37:20.830 INFO:teuthology.orchestra.run.smithi083.stdout:/usr/bin/ceph: stderr
2024-09-19T05:37:19.995+0000 7fe0cd7fa640 1 -- 172.21.15.83:0/2335732683 <== mon.0 v2:172.21.15.83:3300/0 3 ==== mon_map magic: 0 ==== 205+0+0 (secure 0 0 0) 0x7fe0c003a7b0 con 0x7fe0d0107ff0
2024-09-19T05:37:20.830 INFO:teuthology.orchestra.run.smithi083.stdout:/usr/bin/ceph: stderr
2024-09-19T05:37:19.996+0000 7fe0d68b5640 1 -- 172.21.15.83:0/2335732683 --> [v2:172.21.15.83:3300/0,v1:172.21.15.83:6789/0] -- mon_subscribe({osdmap=0}) -- 0x7fe0d019ed00 con 0x7fe0d0107ff0
2024-09-19T05:37:20.830 INFO:teuthology.orchestra.run.smithi083.stdout:/usr/bin/ceph: stderr
2024-09-19T05:37:19.996+0000 7fe0cd7fa640 1 -- 172.21.15.83:0/2335732683 <== mon.0 v2:172.21.15.83:3300/0 4 ==== mgrmap(e 13) ==== 46517+0+0 (secure 0 0 0) 0x7fe0c003b420 con 0x7fe0d0107ff0
2024-09-19T05:37:20.830 INFO:teuthology.orchestra.run.smithi083.stdout:/usr/bin/ceph: stderr
2024-09-19T05:37:19.996+0000 7fe0cd7fa640 1 --2- 172.21.15.83:0/2335732683 >> [v2:172.21.15.83:6800/601994194,v1:172.21.15.83:6801/601994194] conn(0x7fe0b80392a0 0x7fe0b803b760 unknown :-1 s=NONE pgs=0 cs=0 l=1 rev1=0 crypto rx=0 tx=0 comp rx=0 tx=0).connect
2024-09-19T05:37:20.830 INFO:teuthology.orchestra.run.smithi083.stdout:/usr/bin/ceph: stderr
2024-09-19T05:37:19.997+0000 7fe0cd7fa640 1 -- 172.21.15.83:0/2335732683 <== mon.0 v2:172.21.15.83:3300/0 5 ==== osd_map(3..3 src has 1..3) ==== 1155+0+0 (secure 0 0 0) 0x7fe0c006cad0 con 0x7fe0d0107ff0
2024-09-19T05:37:20.830 INFO:teuthology.orchestra.run.smithi083.stdout:/usr/bin/ceph: stderr
2024-09-19T05:37:19.997+0000 7fe0d68b5640 1 -- 172.21.15.83:0/2335732683 --> [v2:172.21.15.83:3300/0,v1:172.21.15.83:6789/0] -- mon_command({"prefix": "get_command_descriptions"} v 0) -- 0x7fe0d0108450 con 0x7fe0d0107ff0
2024-09-19T05:37:20.831 INFO:teuthology.orchestra.run.smithi083.stdout:/usr/bin/ceph: stderr
2024-09-19T05:37:19.997+0000 7fe0cf7fe640 1 --2- 172.21.15.83:0/2335732683 >> [v2:172.21.15.83:6800/601994194,v1:172.21.15.83:6801/601994194] conn(0x7fe0b80392a0 0x7fe0b803b760 unknown :-1 s=BANNER_CONNECTING pgs=0 cs=0 l=1 rev1=0 crypto rx=0 tx=0 comp rx=0 tx=0)._handle_peer_banner_payload supported=3 required=0
2024-09-19T05:37:20.831 INFO:teuthology.orchestra.run.smithi083.stdout:/usr/bin/ceph: stderr
2024-09-19T05:37:19.997+0000 7fe0cf7fe640 1 --2- 172.21.15.83:0/2335732683 >> [v2:172.21.15.83:6800/601994194,v1:172.21.15.83:6801/601994194] conn(0x7fe0b80392a0 0x7fe0b803b760 secure :-1 s=READY pgs=10 cs=0 l=1 rev1=1 crypto rx=0x7fe0c40098c0 tx=0x7fe0c4006db0 comp rx=0 tx=0).ready entity=mgr.14150 client_cookie=0 server_cookie=0 in_seq=0 out_seq=0
2024-09-19T05:37:20.831 INFO:teuthology.orchestra.run.smithi083.stdout:/usr/bin/ceph: stderr
2024-09-19T05:37:20.002+0000 7fe0cd7fa640 1 -- 172.21.15.83:0/2335732683 <== mon.0 v2:172.21.15.83:3300/0 6 ==== mon_command_ack([{"prefix": "get_command_descriptions"}]=0 v0) ==== 72+0+188913 (secure 0 0 0) 0x7fe0c006ce20 con 0x7fe0d0107ff0
2024-09-19T05:37:20.831 INFO:teuthology.orchestra.run.smithi083.stdout:/usr/bin/ceph: stderr
2024-09-19T05:37:20.254+0000 7fe0d68b5640 1 -- 172.21.15.83:0/2335732683 --> [v2:172.21.15.83:3300/0,v1:172.21.15.83:6789/0] -- mon_command([{prefix=config-key set, key=mgr/dashboard/cluster/status}] v 0) -- 0x7fe0d0075ef0 con 0x7fe0d0107ff0
2024-09-19T05:37:20.831 INFO:teuthology.orchestra.run.smithi083.stdout:/usr/bin/ceph: stderr
2024-09-19T05:37:20.257+0000 7fe0cd7fa640 1 -- 172.21.15.83:0/2335732683 <== mon.0 v2:172.21.15.83:3300/0 7 ==== mon_command_ack([{prefix=config-key set, key=mgr/dashboard/cluster/status}]=0 set mgr/dashboard/cluster/status v27)=0 set mgr/dashboard/cluster/status v27) ==== 153+0+0 (secure 0 0 0) 0x7fe0c0042b50 con 0x7fe0d0107ff0
2024-09-19T05:37:20.831 INFO:teuthology.orchestra.run.smithi083.stdout:/usr/bin/ceph: stderr set mgr/dashboard/cluster/status
2024-09-19T05:37:20.831 INFO:teuthology.orchestra.run.smithi083.stdout:/usr/bin/ceph: stderr
2024-09-19T05:37:20.259+0000 7fe0d68b5640 1 -- 172.21.15.83:0/2335732683 >> [v2:172.21.15.83:6800/601994194,v1:172.21.15.83:6801/601994194] conn(0x7fe0b80392a0 msgr2=0x7fe0b803b760 secure :-1 s=STATE_CONNECTION_ESTABLISHED l=1).mark_down
2024-09-19T05:37:20.831 INFO:teuthology.orchestra.run.smithi083.stdout:/usr/bin/ceph: stderr
2024-09-19T05:37:20.259+0000 7fe0d68b5640 1 --2- 172.21.15.83:0/2335732683 >> [v2:172.21.15.83:6800/601994194,v1:172.21.15.83:6801/601994194] conn(0x7fe0b80392a0 0x7fe0b803b760 secure :-1 s=READY pgs=10 cs=0 l=1 rev1=1 crypto rx=0x7fe0c40098c0 tx=0x7fe0c4006db0 comp rx=0 tx=0).stop
2024-09-19T05:37:20.831 INFO:teuthology.orchestra.run.smithi083.stdout:/usr/bin/ceph: stderr
2024-09-19T05:37:20.259+0000 7fe0d68b5640 1 -- 172.21.15.83:0/2335732683 >> [v2:172.21.15.83:3300/0,v1:172.21.15.83:6789/0] conn(0x7fe0d0107ff0 msgr2=0x7fe0d019b840 secure :-1 s=STATE_CONNECTION_ESTABLISHED l=1).mark_down
2024-09-19T05:37:20.831 INFO:teuthology.orchestra.run.smithi083.stdout:/usr/bin/ceph: stderr
2024-09-19T05:37:20.259+0000 7fe0d68b5640 1 --2- 172.21.15.83:0/2335732683 >> [v2:172.21.15.83:3300/0,v1:172.21.15.83:6789/0] conn(0x7fe0d0107ff0 0x7fe0d019b840 secure :-1 s=READY pgs=75 cs=0 l=1 rev1=1 crypto rx=0x7fe0c0030380 tx=0x7fe0c0032670 comp rx=0 tx=0).stop
2024-09-19T05:37:20.831 INFO:teuthology.orchestra.run.smithi083.stdout:/usr/bin/ceph: stderr
2024-09-19T05:37:20.259+0000 7fe0d68b5640 1 -- 172.21.15.83:0/2335732683 shutdown_connections
2024-09-19T05:37:20.831 INFO:teuthology.orchestra.run.smithi083.stdout:/usr/bin/ceph: stderr
2024-09-19T05:37:20.259+0000 7fe0d68b5640 1 --2- 172.21.15.83:0/2335732683 >> [v2:172.21.15.83:6800/601994194,v1:172.21.15.83:6801/601994194] conn(0x7fe0b80392a0 0x7fe0b803b760 unknown :-1 s=CLOSED pgs=10 cs=0 l=1 rev1=1 crypto rx=0 tx=0 comp rx=0 tx=0).stop
2024-09-19T05:37:20.831 INFO:teuthology.orchestra.run.smithi083.stdout:/usr/bin/ceph: stderr
2024-09-19T05:37:20.259+0000 7fe0d68b5640 1 --2- 172.21.15.83:0/2335732683 >> [v2:172.21.15.83:3300/0,v1:172.21.15.83:6789/0] conn(0x7fe0d0107ff0 0x7fe0d019b840 unknown :-1 s=CLOSED pgs=75 cs=0 l=1 rev1=1 crypto rx=0 tx=0 comp rx=0 tx=0).stop
2024-09-19T05:37:20.831 INFO:teuthology.orchestra.run.smithi083.stdout:/usr/bin/ceph: stderr
2024-09-19T05:37:20.259+0000 7fe0d68b5640 1 -- 172.21.15.83:0/2335732683 >> 172.21.15.83:0/2335732683 conn(0x7fe0d0101c90 msgr2=0x7fe0d01028e0 unknown :-1 s=STATE_NONE l=0).mark_down
2024-09-19T05:37:20.832 INFO:teuthology.orchestra.run.smithi083.stdout:/usr/bin/ceph: stderr
