2024-09-19T05:41:36.766+0000 7fd241e00640 1 --2- 172.21.15.40:0/2739680569 >> [v2:172.21.15.40:3300/0,v1:172.21.15.40:6789/0] conn(0x7fd23c107840 0x7fd23c19b8d0 secure :-1 s=READY pgs=17 cs=0 l=1 rev1=1 crypto rx=0x7fd230032e60 tx=0x7fd230032e90 comp rx=0 tx=0).ready entity=mon.0 client_cookie=0 server_cookie=0 in_seq=0 out_seq=0
2024-09-19T05:41:37.664 INFO:teuthology.orchestra.run.smithi040.stdout:/usr/bin/ceph: stderr
2024-09-19T05:41:36.766+0000 7fd236a00640 1 -- 172.21.15.40:0/2739680569 <== mon.0 v2:172.21.15.40:3300/0 1 ==== mon_map magic: 0 ==== 205+0+0 (secure 0 0 0) 0x7fd230042070 con 0x7fd23c107840
2024-09-19T05:41:37.664 INFO:teuthology.orchestra.run.smithi040.stdout:/usr/bin/ceph: stderr
2024-09-19T05:41:36.766+0000 7fd236a00640 1 -- 172.21.15.40:0/2739680569 <== mon.0 v2:172.21.15.40:3300/0 2 ==== config(29 keys) ==== 1178+0+0 (secure 0 0 0) 0x7fd230032570 con 0x7fd23c107840
2024-09-19T05:41:37.664 INFO:teuthology.orchestra.run.smithi040.stdout:/usr/bin/ceph: stderr
2024-09-19T05:41:36.766+0000 7fd236a00640 1 -- 172.21.15.40:0/2739680569 <== mon.0 v2:172.21.15.40:3300/0 3 ==== mon_map magic: 0 ==== 205+0+0 (secure 0 0 0) 0x7fd230037040 con 0x7fd23c107840
2024-09-19T05:41:37.665 INFO:teuthology.orchestra.run.smithi040.stdout:/usr/bin/ceph: stderr
2024-09-19T05:41:36.766+0000 7fd243200640 1 -- 172.21.15.40:0/2739680569 --> [v2:172.21.15.40:3300/0,v1:172.21.15.40:6789/0] -- mon_subscribe({mgrmap=0+}) -- 0x7fd23c19c0a0 con 0x7fd23c107840
2024-09-19T05:41:37.665 INFO:teuthology.orchestra.run.smithi040.stdout:/usr/bin/ceph: stderr
2024-09-19T05:41:36.766+0000 7fd243200640 1 -- 172.21.15.40:0/2739680569 --> [v2:172.21.15.40:3300/0,v1:172.21.15.40:6789/0] -- mon_subscribe({osdmap=0}) -- 0x7fd23c19ed90 con 0x7fd23c107840
2024-09-19T05:41:37.665 INFO:teuthology.orchestra.run.smithi040.stdout:/usr/bin/ceph: stderr
2024-09-19T05:41:36.767+0000 7fd236a00640 1 -- 172.21.15.40:0/2739680569 <== mon.0 v2:172.21.15.40:3300/0 4 ==== mgrmap(e 3) ==== 46344+0+0 (secure 0 0 0) 0x7fd230045070 con 0x7fd23c107840
2024-09-19T05:41:37.665 INFO:teuthology.orchestra.run.smithi040.stdout:/usr/bin/ceph: stderr
2024-09-19T05:41:36.767+0000 7fd243200640 1 -- 172.21.15.40:0/2739680569 --> [v2:172.21.15.40:3300/0,v1:172.21.15.40:6789/0] -- mon_command({"prefix": "get_command_descriptions"} v 0) -- 0x7fd23c107cc0 con 0x7fd23c107840
2024-09-19T05:41:37.665 INFO:teuthology.orchestra.run.smithi040.stdout:/usr/bin/ceph: stderr
2024-09-19T05:41:36.768+0000 7fd236a00640 1 --2- 172.21.15.40:0/2739680569 >> [v2:172.21.15.40:6800/4229177534,v1:172.21.15.40:6801/4229177534] conn(0x7fd2240390b0 0x7fd22403b570 unknown :-1 s=NONE pgs=0 cs=0 l=1 rev1=0 crypto rx=0 tx=0 comp rx=0 tx=0).connect
2024-09-19T05:41:37.665 INFO:teuthology.orchestra.run.smithi040.stdout:/usr/bin/ceph: stderr
2024-09-19T05:41:36.768+0000 7fd236a00640 1 -- 172.21.15.40:0/2739680569 <== mon.0 v2:172.21.15.40:3300/0 5 ==== osd_map(1..1 src has 1..1) ==== 725+0+0 (secure 0 0 0) 0x7fd23006bf20 con 0x7fd23c107840
2024-09-19T05:41:37.665 INFO:teuthology.orchestra.run.smithi040.stdout:/usr/bin/ceph: stderr
2024-09-19T05:41:36.768+0000 7fd241400640 1 --2- 172.21.15.40:0/2739680569 >> [v2:172.21.15.40:6800/4229177534,v1:172.21.15.40:6801/4229177534] conn(0x7fd2240390b0 0x7fd22403b570 unknown :-1 s=BANNER_CONNECTING pgs=0 cs=0 l=1 rev1=0 crypto rx=0 tx=0 comp rx=0 tx=0)._handle_peer_banner_payload supported=3 required=0
2024-09-19T05:41:37.665 INFO:teuthology.orchestra.run.smithi040.stdout:/usr/bin/ceph: stderr
2024-09-19T05:41:36.769+0000 7fd241400640 1 --2- 172.21.15.40:0/2739680569 >> [v2:172.21.15.40:6800/4229177534,v1:172.21.15.40:6801/4229177534] conn(0x7fd2240390b0 0x7fd22403b570 secure :-1 s=READY pgs=6 cs=0 l=1 rev1=1 crypto rx=0x7fd22c0098c0 tx=0x7fd22c006db0 comp rx=0 tx=0).ready entity=mgr.14100 client_cookie=0 server_cookie=0 in_seq=0 out_seq=0
2024-09-19T05:41:37.665 INFO:teuthology.orchestra.run.smithi040.stdout:/usr/bin/ceph: stderr
2024-09-19T05:41:36.774+0000 7fd236a00640 1 -- 172.21.15.40:0/2739680569 <== mon.0 v2:172.21.15.40:3300/0 6 ==== mon_command_ack([{"prefix": "get_command_descriptions"}]=0 v0) ==== 72+0+188913 (secure 0 0 0) 0x7fd23004b170 con 0x7fd23c107840
2024-09-19T05:41:37.665 INFO:teuthology.orchestra.run.smithi040.stdout:/usr/bin/ceph: stderr
2024-09-19T05:41:37.031+0000 7fd243200640 1 -- 172.21.15.40:0/2739680569 --> [v2:172.21.15.40:3300/0,v1:172.21.15.40:6789/0] -- mon_command({"prefix": "status", "format": "json-pretty"} v 0) -- 0x7fd23c19f360 con 0x7fd23c107840
2024-09-19T05:41:37.665 INFO:teuthology.orchestra.run.smithi040.stdout:/usr/bin/ceph: stderr
2024-09-19T05:41:37.031+0000 7fd236a00640 1 -- 172.21.15.40:0/2739680569 <== mon.0 v2:172.21.15.40:3300/0 7 ==== mon_command_ack([{"prefix": "status", "format": "json-pretty"}]=0 v0) ==== 79+0+1290 (secure 0 0 0) 0x7fd23003dbf0 con 0x7fd23c107840
2024-09-19T05:41:37.665 INFO:teuthology.orchestra.run.smithi040.stdout:/usr/bin/ceph: stderr
2024-09-19T05:41:37.034+0000 7fd243200640 1 -- 172.21.15.40:0/2739680569 >> [v2:172.21.15.40:6800/4229177534,v1:172.21.15.40:6801/4229177534] conn(0x7fd2240390b0 msgr2=0x7fd22403b570 secure :-1 s=STATE_CONNECTION_ESTABLISHED l=1).mark_down
2024-09-19T05:41:37.665 INFO:teuthology.orchestra.run.smithi040.stdout:/usr/bin/ceph: stderr
2024-09-19T05:41:37.034+0000 7fd243200640 1 --2- 172.21.15.40:0/2739680569 >> [v2:172.21.15.40:6800/4229177534,v1:172.21.15.40:6801/4229177534] conn(0x7fd2240390b0 0x7fd22403b570 secure :-1 s=READY pgs=6 cs=0 l=1 rev1=1 crypto rx=0x7fd22c0098c0 tx=0x7fd22c006db0 comp rx=0 tx=0).stop
2024-09-19T05:41:37.666 INFO:teuthology.orchestra.run.smithi040.stdout:/usr/bin/ceph: stderr
2024-09-19T05:41:37.034+0000 7fd243200640 1 -- 172.21.15.40:0/2739680569 >> [v2:172.21.15.40:3300/0,v1:172.21.15.40:6789/0] conn(0x7fd23c107840 msgr2=0x7fd23c19b8d0 secure :-1 s=STATE_CONNECTION_ESTABLISHED l=1).mark_down
2024-09-19T05:41:37.666 INFO:teuthology.orchestra.run.smithi040.stdout:/usr/bin/ceph: stderr
2024-09-19T05:41:37.034+0000 7fd243200640 1 --2- 172.21.15.40:0/2739680569 >> [v2:172.21.15.40:3300/0,v1:172.21.15.40:6789/0] conn(0x7fd23c107840 0x7fd23c19b8d0 secure :-1 s=READY pgs=17 cs=0 l=1 rev1=1 crypto rx=0x7fd230032e60 tx=0x7fd230032e90 comp rx=0 tx=0).stop
2024-09-19T05:41:37.666 INFO:teuthology.orchestra.run.smithi040.stdout:/usr/bin/ceph: stderr
2024-09-19T05:41:37.034+0000 7fd243200640 1 -- 172.21.15.40:0/2739680569 shutdown_connections
2024-09-19T05:41:37.666 INFO:teuthology.orchestra.run.smithi040.stdout:/usr/bin/ceph: stderr
2024-09-19T05:41:37.034+0000 7fd243200640 1 --2- 172.21.15.40:0/2739680569 >> [v2:172.21.15.40:6800/4229177534,v1:172.21.15.40:6801/4229177534] conn(0x7fd2240390b0 0x7fd22403b570 unknown :-1 s=CLOSED pgs=6 cs=0 l=1 rev1=1 crypto rx=0 tx=0 comp rx=0 tx=0).stop
2024-09-19T05:41:37.666 INFO:teuthology.orchestra.run.smithi040.stdout:/usr/bin/ceph: stderr
2024-09-19T05:41:37.034+0000 7fd243200640 1 --2- 172.21.15.40:0/2739680569 >> [v2:172.21.15.40:3300/0,v1:172.21.15.40:6789/0] conn(0x7fd23c107840 0x7fd23c19b8d0 unknown :-1 s=CLOSED pgs=17 cs=0 l=1 rev1=1 crypto rx=0 tx=0 comp rx=0 tx=0).stop
2024-09-19T05:41:37.666 INFO:teuthology.orchestra.run.smithi040.stdout:/usr/bin/ceph: stderr
2024-09-19T05:41:37.034+0000 7fd243200640 1 -- 172.21.15.40:0/2739680569 >> 172.21.15.40:0/2739680569 conn(0x7fd23c102fb0 msgr2=0x7fd23c103b70 unknown :-1 s=STATE_NONE l=0).mark_down
2024-09-19T05:41:37.666 INFO:teuthology.orchestra.run.smithi040.stdout:/usr/bin/ceph: stderr
2024-09-19T05:41:37.034+0000 7fd243200640 1 -- 172.21.15.40:0/2739680569 shutdown_connections
2024-09-19T05:41:37.666 INFO:teuthology.orchestra.run.smithi040.stdout:/usr/bin/ceph: stderr
2024-09-19T05:41:37.034+0000 7fd243200640 1 -- 172.21.15.40:0/2739680569 wait complete.
2024-09-19T05:41:37.666 INFO:teuthology.orchestra.run.smithi040.stdout:mgr is available
2024-09-19T05:41:37.917 INFO:journalctl@ceph.mon.a.smithi040.stdout:Sep 19 05:41:37 smithi040 ceph-mon[30657]: mgrmap e3: x(active, since 1.00852s)
2024-09-19T05:41:37.917 INFO:journalctl@ceph.mon.a.smithi040.stdout:Sep 19 05:41:37 smithi040 ceph-mon[30657]: from='client.? 172.21.15.40:0/2739680569' entity='client.admin' cmd=[{"prefix": "status", "format": "json-pretty"}]: dispatch
2024-09-19T05:41:38.954 INFO:journalctl@ceph.mon.a.smithi040.stdout:Sep 19 05:41:38 smithi040 ceph-mon[30657]: mgrmap e4: x(active, since 2s)
2024-09-19T05:41:38.954 INFO:journalctl@ceph.mon.a.smithi040.stdout:Sep 19 05:41:38 smithi040 ceph-mon[30657]: from='client.? 172.21.15.40:0/2463923896' entity='client.admin' cmd=[{"prefix": "config assimilate-conf"}]: dispatch
2024-09-19T05:41:38.970 INFO:teuthology.orchestra.run.smithi040.stdout:/usr/bin/ceph: stdout
2024-09-19T05:41:38.971 INFO:teuthology.orchestra.run.smithi040.stdout:/usr/bin/ceph: stdout [global]
2024-09-19T05:41:38.971 INFO:teuthology.orchestra.run.smithi040.stdout:/usr/bin/ceph: stdout fsid = aa6cca5e-7649-11ef-bceb-c7b262605968
2024-09-19T05:41:38.971 INFO:teuthology.orchestra.run.smithi040.stdout:/usr/bin/ceph: stdout mon_host = [v2:172.21.15.40:3300,v1:172.21.15.40:6789]
2024-09-19T05:41:38.971 INFO:teuthology.orchestra.run.smithi040.stdout:/usr/bin/ceph: stdout mon_osd_allow_pg_remap = true
2024-09-19T05:41:38.971 INFO:teuthology.orchestra.run.smithi040.stdout:/usr/bin/ceph: stdout mon_osd_allow_primary_affinity = true
2024-09-19T05:41:38.971 INFO:teuthology.orchestra.run.smithi040.stdout:/usr/bin/ceph: stdout mon_warn_on_no_sortbitwise = false
2024-09-19T05:41:38.971 INFO:teuthology.orchestra.run.smithi040.stdout:/usr/bin/ceph: stdout osd_crush_chooseleaf_type = 0
2024-09-19T05:41:38.971 INFO:teuthology.orchestra.run.smithi040.stdout:/usr/bin/ceph: stdout
2024-09-19T05:41:38.972 INFO:teuthology.orchestra.run.smithi040.stdout:/usr/bin/ceph: stdout [mgr]
2024-09-19T05:41:38.972 INFO:teuthology.orchestra.run.smithi040.stdout:/usr/bin/ceph: stdout mgr/telemetry/nag = false
2024-09-19T05:41:38.972 INFO:teuthology.orchestra.run.smithi040.stdout:/usr/bin/ceph: stdout
2024-09-19T05:41:38.972 INFO:teuthology.orchestra.run.smithi040.stdout:/usr/bin/ceph: stdout [osd]
2024-09-19T05:41:38.972 INFO:teuthology.orchestra.run.smithi040.stdout:/usr/bin/ceph: stdout mon_osd_backfillfull_ratio = 0.85
2024-09-19T05:41:38.972 INFO:teuthology.orchestra.run.smithi040.stdout:/usr/bin/ceph: stdout mon_osd_full_ratio = 0.9
2024-09-19T05:41:38.972 INFO:teuthology.orchestra.run.smithi040.stdout:/usr/bin/ceph: stdout mon_osd_nearfull_ratio = 0.8
2024-09-19T05:41:38.972 INFO:teuthology.orchestra.run.smithi040.stdout:/usr/bin/ceph: stdout osd_map_max_advance = 10
2024-09-19T05:41:38.973 INFO:teuthology.orchestra.run.smithi040.stdout:/usr/bin/ceph: stdout osd_sloppy_crc = true
2024-09-19T05:41:38.973 INFO:teuthology.orchestra.run.smithi040.stdout:/usr/bin/ceph: stderr
2024-09-19T05:41:38.148+0000 7f80f1000640 1 Processor -- start
2024-09-19T05:41:38.973 INFO:teuthology.orchestra.run.smithi040.stdout:/usr/bin/ceph: stderr
2024-09-19T05:41:38.148+0000 7f80f1000640 1 -- start start
2024-09-19T05:41:38.973 INFO:teuthology.orchestra.run.smithi040.stdout:/usr/bin/ceph: stderr
2024-09-19T05:41:38.148+0000 7f80f1000640 1 --2- >> [v2:172.21.15.40:3300/0,v1:172.21.15.40:6789/0] conn(0x7f80ec107860 0x7f80ec107c60 unknown :-1 s=NONE pgs=0 cs=0 l=0 rev1=0 crypto rx=0 tx=0 comp rx=0 tx=0).connect
2024-09-19T05:41:38.973 INFO:teuthology.orchestra.run.smithi040.stdout:/usr/bin/ceph: stderr
2024-09-19T05:41:38.148+0000 7f80f1000640 1 -- --> [v2:172.21.15.40:3300/0,v1:172.21.15.40:6789/0] -- mon_getmap magic: 0 -- 0x7f80ec1081a0 con 0x7f80ec107860
2024-09-19T05:41:38.973 INFO:teuthology.orchestra.run.smithi040.stdout:/usr/bin/ceph: stderr
2024-09-19T05:41:38.148+0000 7f80eb400640 1 --2- >> [v2:172.21.15.40:3300/0,v1:172.21.15.40:6789/0] conn(0x7f80ec107860 0x7f80ec107c60 unknown :-1 s=BANNER_CONNECTING pgs=0 cs=0 l=0 rev1=0 crypto rx=0 tx=0 comp rx=0 tx=0)._handle_peer_banner_payload supported=3 required=0
2024-09-19T05:41:38.973 INFO:teuthology.orchestra.run.smithi040.stdout:/usr/bin/ceph: stderr
2024-09-19T05:41:38.149+0000 7f80eb400640 1 --2- >> [v2:172.21.15.40:3300/0,v1:172.21.15.40:6789/0] conn(0x7f80ec107860 0x7f80ec107c60 unknown :-1 s=HELLO_CONNECTING pgs=0 cs=0 l=0 rev1=1 crypto rx=0 tx=0 comp rx=0 tx=0).handle_hello peer v2:172.21.15.40:3300/0 says I am v2:172.21.15.40:41864/0 (socket says 172.21.15.40:41864)
2024-09-19T05:41:38.973 INFO:teuthology.orchestra.run.smithi040.stdout:/usr/bin/ceph: stderr
2024-09-19T05:41:38.149+0000 7f80eb400640 1 -- 172.21.15.40:0/3733896956 learned_addr learned my addr 172.21.15.40:0/3733896956 (peer_addr_for_me v2:172.21.15.40:0/0)
2024-09-19T05:41:38.973 INFO:teuthology.orchestra.run.smithi040.stdout:/usr/bin/ceph: stderr
2024-09-19T05:41:38.149+0000 7f80eb400640 1 -- 172.21.15.40:0/3733896956 --> [v2:172.21.15.40:3300/0,v1:172.21.15.40:6789/0] -- mon_subscribe({config=0+,monmap=0+}) -- 0x7f80ec108320 con 0x7f80ec107860
2024-09-19T05:41:38.973 INFO:teuthology.orchestra.run.smithi040.stdout:/usr/bin/ceph: stderr
2024-09-19T05:41:38.150+0000 7f80eb400640 1 --2- 172.21.15.40:0/3733896956 >> [v2:172.21.15.40:3300/0,v1:172.21.15.40:6789/0] conn(0x7f80ec107860 0x7f80ec107c60 secure :-1 s=READY pgs=18 cs=0 l=1 rev1=1 crypto rx=0x7f80dc009820 tx=0x7f80dc02a270 comp rx=0 tx=0).ready entity=mon.0 client_cookie=d69ed9b4d355f9f5 server_cookie=0 in_seq=0 out_seq=0
2024-09-19T05:41:38.973 INFO:teuthology.orchestra.run.smithi040.stdout:/usr/bin/ceph: stderr
2024-09-19T05:41:38.150+0000 7f80eaa00640 1 -- 172.21.15.40:0/3733896956 <== mon.0 v2:172.21.15.40:3300/0 1 ==== mon_map magic: 0 ==== 205+0+0 (secure 0 0 0) 0x7f80dc037070 con 0x7f80ec107860
2024-09-19T05:41:38.973 INFO:teuthology.orchestra.run.smithi040.stdout:/usr/bin/ceph: stderr
2024-09-19T05:41:38.150+0000 7f80eaa00640 1 -- 172.21.15.40:0/3733896956 <== mon.0 v2:172.21.15.40:3300/0 2 ==== config(29 keys) ==== 1178+0+0 (secure 0 0 0) 0x7f80dc032940 con 0x7f80ec107860
2024-09-19T05:41:38.974 INFO:teuthology.orchestra.run.smithi040.stdout:/usr/bin/ceph: stderr
2024-09-19T05:41:38.150+0000 7f80eaa00640 1 -- 172.21.15.40:0/3733896956 <== mon.0 v2:172.21.15.40:3300/0 3 ==== mon_map magic: 0 ==== 205+0+0 (secure 0 0 0) 0x7f80dc0309c0 con 0x7f80ec107860
2024-09-19T05:41:38.974 INFO:teuthology.orchestra.run.smithi040.stdout:/usr/bin/ceph: stderr
2024-09-19T05:41:38.151+0000 7f80f1000640 1 -- 172.21.15.40:0/3733896956 >> [v2:172.21.15.40:3300/0,v1:172.21.15.40:6789/0] conn(0x7f80ec107860 msgr2=0x7f80ec107c60 secure :-1 s=STATE_CONNECTION_ESTABLISHED l=1).mark_down
2024-09-19T05:41:38.974 INFO:teuthology.orchestra.run.smithi040.stdout:/usr/bin/ceph: stderr
2024-09-19T05:41:38.151+0000 7f80f1000640 1 --2- 172.21.15.40:0/3733896956 >> [v2:172.21.15.40:3300/0,v1:172.21.15.40:6789/0] conn(0x7f80ec107860 0x7f80ec107c60 secure :-1 s=READY pgs=18 cs=0 l=1 rev1=1 crypto rx=0x7f80dc009820 tx=0x7f80dc02a270 comp rx=0 tx=0).stop
2024-09-19T05:41:38.974 INFO:teuthology.orchestra.run.smithi040.stdout:/usr/bin/ceph: stderr
2024-09-19T05:41:38.151+0000 7f80f1000640 1 -- 172.21.15.40:0/3733896956 shutdown_connections
2024-09-19T05:41:38.974 INFO:teuthology.orchestra.run.smithi040.stdout:/usr/bin/ceph: stderr
2024-09-19T05:41:38.151+0000 7f80f1000640 1 --2- 172.21.15.40:0/3733896956 >> [v2:172.21.15.40:3300/0,v1:172.21.15.40:6789/0] conn(0x7f80ec107860 0x7f80ec107c60 unknown :-1 s=CLOSED pgs=18 cs=0 l=1 rev1=1 crypto rx=0 tx=0 comp rx=0 tx=0).stop
2024-09-19T05:41:38.974 INFO:teuthology.orchestra.run.smithi040.stdout:/usr/bin/ceph: stderr
2024-09-19T05:41:38.151+0000 7f80f1000640 1 -- 172.21.15.40:0/3733896956 >> 172.21.15.40:0/3733896956 conn(0x7f80ec103090 msgr2=0x7f80ec1054d0 unknown :-1 s=STATE_NONE l=0).mark_down
2024-09-19T05:41:38.974 INFO:teuthology.orchestra.run.smithi040.stdout:/usr/bin/ceph: stderr
2024-09-19T05:41:38.151+0000 7f80f1000640 1 -- 172.21.15.40:0/3733896956 shutdown_connections
2024-09-19T05:41:38.974 INFO:teuthology.orchestra.run.smithi040.stdout:/usr/bin/ceph: stderr
2024-09-19T05:41:38.151+0000 7f80f1000640 1 -- 172.21.15.40:0/3733896956 wait complete.
2024-09-19T05:41:38.974 INFO:teuthology.orchestra.run.smithi040.stdout:/usr/bin/ceph: stderr
2024-09-19T05:41:38.152+0000 7f80f1000640 1 Processor -- start
2024-09-19T05:41:38.974 INFO:teuthology.orchestra.run.smithi040.stdout:/usr/bin/ceph: stderr
2024-09-19T05:41:38.152+0000 7f80f1000640 1 -- start start
2024-09-19T05:41:38.974 INFO:teuthology.orchestra.run.smithi040.stdout:/usr/bin/ceph: stderr
2024-09-19T05:41:38.152+0000 7f80f1000640 1 --2- >> [v2:172.21.15.40:3300/0,v1:172.21.15.40:6789/0] conn(0x7f80ec107860 0x7f80ec19dad0 unknown :-1 s=NONE pgs=0 cs=0 l=1 rev1=0 crypto rx=0 tx=0 comp rx=0 tx=0).connect
2024-09-19T05:41:38.974 INFO:teuthology.orchestra.run.smithi040.stdout:/usr/bin/ceph: stderr
2024-09-19T05:41:38.152+0000 7f80f1000640 1 -- --> [v2:172.21.15.40:3300/0,v1:172.21.15.40:6789/0] -- mon_getmap magic: 0 -- 0x7f80ec10bc80 con 0x7f80ec107860
2024-09-19T05:41:38.974 INFO:teuthology.orchestra.run.smithi040.stdout:/usr/bin/ceph: stderr
2024-09-19T05:41:38.153+0000 7f80eb400640 1 --2- >> [v2:172.21.15.40:3300/0,v1:172.21.15.40:6789/0] conn(0x7f80ec107860 0x7f80ec19dad0 unknown :-1 s=BANNER_CONNECTING pgs=0 cs=0 l=1 rev1=0 crypto rx=0 tx=0 comp rx=0 tx=0)._handle_peer_banner_payload supported=3 required=0
2024-09-19T05:41:38.975 INFO:teuthology.orchestra.run.smithi040.stdout:/usr/bin/ceph: stderr
2024-09-19T05:41:38.153+0000 7f80eb400640 1 --2- >> [v2:172.21.15.40:3300/0,v1:172.21.15.40:6789/0] conn(0x7f80ec107860 0x7f80ec19dad0 unknown :-1 s=HELLO_CONNECTING pgs=0 cs=0 l=1 rev1=1 crypto rx=0 tx=0 comp rx=0 tx=0).handle_hello peer v2:172.21.15.40:3300/0 says I am v2:172.21.15.40:41872/0 (socket says 172.21.15.40:41872)
2024-09-19T05:41:38.975 INFO:teuthology.orchestra.run.smithi040.stdout:/usr/bin/ceph: stderr
2024-09-19T05:41:38.153+0000 7f80eb400640 1 -- 172.21.15.40:0/2463923896 learned_addr learned my addr 172.21.15.40:0/2463923896 (peer_addr_for_me v2:172.21.15.40:0/0)
2024-09-19T05:41:38.975 INFO:teuthology.orchestra.run.smithi040.stdout:/usr/bin/ceph: stderr
2024-09-19T05:41:38.153+0000 7f80eb400640 1 -- 172.21.15.40:0/2463923896 --> [v2:172.21.15.40:3300/0,v1:172.21.15.40:6789/0] -- mon_subscribe({config=0+,monmap=0+}) -- 0x7f80ec19e010 con 0x7f80ec107860
2024-09-19T05:41:38.975 INFO:teuthology.orchestra.run.smithi040.stdout:/usr/bin/ceph: stderr
2024-09-19T05:41:38.153+0000 7f80eb400640 1 --2- 172.21.15.40:0/2463923896 >> [v2:172.21.15.40:3300/0,v1:172.21.15.40:6789/0] conn(0x7f80ec107860 0x7f80ec19dad0 secure :-1 s=READY pgs=19 cs=0 l=1 rev1=1 crypto rx=0x7f80dc009940 tx=0x7f80dc032e60 comp rx=0 tx=0).ready entity=mon.0 client_cookie=0 server_cookie=0 in_seq=0 out_seq=0
2024-09-19T05:41:38.975 INFO:teuthology.orchestra.run.smithi040.stdout:/usr/bin/ceph: stderr
2024-09-19T05:41:38.153+0000 7f80e8c00640 1 -- 172.21.15.40:0/2463923896 <== mon.0 v2:172.21.15.40:3300/0 1 ==== mon_map magic: 0 ==== 205+0+0 (secure 0 0 0) 0x7f80dc042070 con 0x7f80ec107860
2024-09-19T05:41:38.975 INFO:teuthology.orchestra.run.smithi040.stdout:/usr/bin/ceph: stderr
2024-09-19T05:41:38.153+0000 7f80e8c00640 1 -- 172.21.15.40:0/2463923896 <== mon.0 v2:172.21.15.40:3300/0 2 ==== config(29 keys) ==== 1178+0+0 (secure 0 0 0) 0x7f80dc0326b0 con 0x7f80ec107860
2024-09-19T05:41:38.975 INFO:teuthology.orchestra.run.smithi040.stdout:/usr/bin/ceph: stderr
2024-09-19T05:41:38.154+0000 7f80f1000640 1 -- 172.21.15.40:0/2463923896 --> [v2:172.21.15.40:3300/0,v1:172.21.15.40:6789/0] -- mon_subscribe({mgrmap=0+}) -- 0x7f80ec19e2a0 con 0x7f80ec107860
2024-09-19T05:41:38.975 INFO:teuthology.orchestra.run.smithi040.stdout:/usr/bin/ceph: stderr
2024-09-19T05:41:38.154+0000 7f80e8c00640 1 -- 172.21.15.40:0/2463923896 <== mon.0 v2:172.21.15.40:3300/0 3 ==== mon_map magic: 0 ==== 205+0+0 (secure 0 0 0) 0x7f80dc037040 con 0x7f80ec107860
2024-09-19T05:41:38.975 INFO:teuthology.orchestra.run.smithi040.stdout:/usr/bin/ceph: stderr
2024-09-19T05:41:38.154+0000 7f80f1000640 1 -- 172.21.15.40:0/2463923896 --> [v2:172.21.15.40:3300/0,v1:172.21.15.40:6789/0] -- mon_subscribe({osdmap=0}) -- 0x7f80ec1a0f90 con 0x7f80ec107860
2024-09-19T05:41:38.975 INFO:teuthology.orchestra.run.smithi040.stdout:/usr/bin/ceph: stderr
2024-09-19T05:41:38.155+0000 7f80e8c00640 1 -- 172.21.15.40:0/2463923896 <== mon.0 v2:172.21.15.40:3300/0 4 ==== mgrmap(e 4) ==== 46450+0+0 (secure 0 0 0) 0x7f80dc045070 con 0x7f80ec107860
2024-09-19T05:41:38.975 INFO:teuthology.orchestra.run.smithi040.stdout:/usr/bin/ceph: stderr
2024-09-19T05:41:38.155+0000 7f80f1000640 1 -- 172.21.15.40:0/2463923896 --> [v2:172.21.15.40:3300/0,v1:172.21.15.40:6789/0] -- mon_command({"prefix": "get_command_descriptions"} v 0) -- 0x7f80ec107ce0 con 0x7f80ec107860
2024-09-19T05:41:38.975 INFO:teuthology.orchestra.run.smithi040.stdout:/usr/bin/ceph: stderr
2024-09-19T05:41:38.155+0000 7f80e8c00640 1 --2- 172.21.15.40:0/2463923896 >> [v2:172.21.15.40:6800/4229177534,v1:172.21.15.40:6801/4229177534] conn(0x7f80d00391b0 0x7f80d003b670 unknown :-1 s=NONE pgs=0 cs=0 l=1 rev1=0 crypto rx=0 tx=0 comp rx=0 tx=0).connect
2024-09-19T05:41:38.975 INFO:teuthology.orchestra.run.smithi040.stdout:/usr/bin/ceph: stderr
2024-09-19T05:41:38.155+0000 7f80e8c00640 1 -- 172.21.15.40:0/2463923896 <== mon.0 v2:172.21.15.40:3300/0 5 ==== osd_map(1..1 src has 1..1) ==== 725+0+0 (secure 0 0 0) 0x7f80dc06c1b0 con 0x7f80ec107860
2024-09-19T05:41:38.976 INFO:teuthology.orchestra.run.smithi040.stdout:/usr/bin/ceph: stderr
2024-09-19T05:41:38.155+0000 7f80e3e00640 1 --2- 172.21.15.40:0/2463923896 >> [v2:172.21.15.40:6800/4229177534,v1:172.21.15.40:6801/4229177534] conn(0x7f80d00391b0 0x7f80d003b670 unknown :-1 s=BANNER_CONNECTING pgs=0 cs=0 l=1 rev1=0 crypto rx=0 tx=0 comp rx=0 tx=0)._handle_peer_banner_payload supported=3 required=0
2024-09-19T05:41:38.976 INFO:teuthology.orchestra.run.smithi040.stdout:/usr/bin/ceph: stderr
2024-09-19T05:41:38.156+0000 7f80e3e00640 1 --2- 172.21.15.40:0/2463923896 >> [v2:172.21.15.40:6800/4229177534,v1:172.21.15.40:6801/4229177534] conn(0x7f80d00391b0 0x7f80d003b670 secure :-1 s=READY pgs=7 cs=0 l=1 rev1=1 crypto rx=0x7f80d40098c0 tx=0x7f80d4006db0 comp rx=0 tx=0).ready entity=mgr.14100 client_cookie=0 server_cookie=0 in_seq=0 out_seq=0
2024-09-19T05:41:38.976 INFO:teuthology.orchestra.run.smithi040.stdout:/usr/bin/ceph: stderr
2024-09-19T05:41:38.160+0000 7f80e8c00640 1 -- 172.21.15.40:0/2463923896 <== mon.0 v2:172.21.15.40:3300/0 6 ==== mon_command_ack([{"prefix": "get_command_descriptions"}]=0 v0) ==== 72+0+188913 (secure 0 0 0) 0x7f80dc04b170 con 0x7f80ec107860
2024-09-19T05:41:38.976 INFO:teuthology.orchestra.run.smithi040.stdout:/usr/bin/ceph: stderr
2024-09-19T05:41:38.348+0000 7f80f1000640 1 -- 172.21.15.40:0/2463923896 --> [v2:172.21.15.40:3300/0,v1:172.21.15.40:6789/0] -- mon_command({"prefix": "config assimilate-conf"} v 0) -- 0x7f80ec1a26e0 con 0x7f80ec107860
2024-09-19T05:41:38.976 INFO:teuthology.orchestra.run.smithi040.stdout:/usr/bin/ceph: stderr
2024-09-19T05:41:38.349+0000 7f80e8c00640 1 -- 172.21.15.40:0/2463923896 <== mon.0 v2:172.21.15.40:3300/0 7 ==== mon_command_ack([{"prefix": "config assimilate-conf"}]=0 v3) ==== 70+0+429 (secure 0 0 0) 0x7f80dc06bbd0 con 0x7f80ec107860
2024-09-19T05:41:38.976 INFO:teuthology.orchestra.run.smithi040.stdout:/usr/bin/ceph: stderr
2024-09-19T05:41:38.353+0000 7f80f1000640 1 -- 172.21.15.40:0/2463923896 >> [v2:172.21.15.40:6800/4229177534,v1:172.21.15.40:6801/4229177534] conn(0x7f80d00391b0 msgr2=0x7f80d003b670 secure :-1 s=STATE_CONNECTION_ESTABLISHED l=1).mark_down
2024-09-19T05:41:38.976 INFO:teuthology.orchestra.run.smithi040.stdout:/usr/bin/ceph: stderr
2024-09-19T05:41:38.353+0000 7f80f1000640 1 --2- 172.21.15.40:0/2463923896 >> [v2:172.21.15.40:6800/4229177534,v1:172.21.15.40:6801/4229177534] conn(0x7f80d00391b0 0x7f80d003b670 secure :-1 s=READY pgs=7 cs=0 l=1 rev1=1 crypto rx=0x7f80d40098c0 tx=0x7f80d4006db0 comp rx=0 tx=0).stop
2024-09-19T05:41:38.976 INFO:teuthology.orchestra.run.smithi040.stdout:/usr/bin/ceph: stderr
2024-09-19T05:41:38.353+0000 7f80f1000640 1 -- 172.21.15.40:0/2463923896 >> [v2:172.21.15.40:3300/0,v1:172.21.15.40:6789/0] conn(0x7f80ec107860 msgr2=0x7f80ec19dad0 secure :-1 s=STATE_CONNECTION_ESTABLISHED l=1).mark_down
2024-09-19T05:41:38.976 INFO:teuthology.orchestra.run.smithi040.stdout:/usr/bin/ceph: stderr
2024-09-19T05:41:38.353+0000 7f80f1000640 1 --2- 172.21.15.40:0/2463923896 >> [v2:172.21.15.40:3300/0,v1:172.21.15.40:6789/0] conn(0x7f80ec107860 0x7f80ec19dad0 secure :-1 s=READY pgs=19 cs=0 l=1 rev1=1 crypto rx=0x7f80dc009940 tx=0x7f80dc032e60 comp rx=0 tx=0).stop
2024-09-19T05:41:38.976 INFO:teuthology.orchestra.run.smithi040.stdout:/usr/bin/ceph: stderr
2024-09-19T05:41:38.353+0000 7f80f1000640 1 -- 172.21.15.40:0/2463923896 shutdown_connections
2024-09-19T05:41:38.976 INFO:teuthology.orchestra.run.smithi040.stdout:/usr/bin/ceph: stderr
2024-09-19T05:41:38.353+0000 7f80f1000640 1 --2- 172.21.15.40:0/2463923896 >> [v2:172.21.15.40:6800/4229177534,v1:172.21.15.40:6801/4229177534] conn(0x7f80d00391b0 0x7f80d003b670 unknown :-1 s=CLOSED pgs=7 cs=0 l=1 rev1=1 crypto rx=0 tx=0 comp rx=0 tx=0).stop
2024-09-19T05:41:38.976 INFO:teuthology.orchestra.run.smithi040.stdout:/usr/bin/ceph: stderr
2024-09-19T05:41:38.353+0000 7f80f1000640 1 --2- 172.21.15.40:0/2463923896 >> [v2:172.21.15.40:3300/0,v1:172.21.15.40:6789/0] conn(0x7f80ec107860 0x7f80ec19dad0 unknown :-1 s=CLOSED pgs=19 cs=0 l=1 rev1=1 crypto rx=0 tx=0 comp rx=0 tx=0).stop
2024-09-19T05:41:38.976 INFO:teuthology.orchestra.run.smithi040.stdout:/usr/bin/ceph: stderr
2024-09-19T05:41:38.353+0000 7f80f1000640 1 -- 172.21.15.40:0/2463923896 >> 172.21.15.40:0/2463923896 conn(0x7f80ec103090 msgr2=0x7f80ec103bd0 unknown :-1 s=STATE_NONE l=0).mark_down
2024-09-19T05:41:38.977 INFO:teuthology.orchestra.run.smithi040.stdout:/usr/bin/ceph: stderr
2024-09-19T05:41:38.353+0000 7f80f1000640 1 -- 172.21.15.40:0/2463923896 shutdown_connections
2024-09-19T05:41:38.977 INFO:teuthology.orchestra.run.smithi040.stdout:/usr/bin/ceph: stderr
2024-09-19T05:41:38.353+0000 7f80f1000640 1 -- 172.21.15.40:0/2463923896 wait complete.
2024-09-19T05:41:38.977 INFO:teuthology.orchestra.run.smithi040.stdout:Enabling cephadm module...
2024-09-19T05:41:40.169 INFO:journalctl@ceph.mon.a.smithi040.stdout:Sep 19 05:41:39 smithi040 ceph-mon[30657]: from='client.? 172.21.15.40:0/2519745842' entity='client.admin' cmd=[{"prefix": "mgr module enable", "module": "cephadm"}]: dispatch
2024-09-19T05:41:40.170 INFO:journalctl@ceph.mgr.x.smithi040.stdout:Sep 19 05:41:40 smithi040 ceph-aa6cca5e-7649-11ef-bceb-c7b262605968-mgr-x[30886]: ignoring --setuser ceph since I am not root
2024-09-19T05:41:40.170 INFO:journalctl@ceph.mgr.x.smithi040.stdout:Sep 19 05:41:40 smithi040 ceph-aa6cca5e-7649-11ef-bceb-c7b262605968-mgr-x[30886]: ignoring --setgroup ceph since I am not root
2024-09-19T05:41:40.170 INFO:journalctl@ceph.mgr.x.smithi040.stdout:Sep 19 05:41:40 smithi040 ceph-aa6cca5e-7649-11ef-bceb-c7b262605968-mgr-x[30886]:
2024-09-19T05:41:40.166+0000 7f9792436040 -1 mgr[py] Module osd_perf_query has missing NOTIFY_TYPES member
2024-09-19T05:41:40.430 INFO:journalctl@ceph.mgr.x.smithi040.stdout:Sep 19 05:41:40 smithi040 ceph-aa6cca5e-7649-11ef-bceb-c7b262605968-mgr-x[30886]:
2024-09-19T05:41:40.241+0000 7f9792436040 -1 mgr[py] Module osd_support has missing NOTIFY_TYPES member
2024-09-19T05:41:40.632 INFO:teuthology.orchestra.run.smithi040.stdout:/usr/bin/ceph: stderr
2024-09-19T05:41:39.640+0000 7f0f2d200640 1 Processor -- start
2024-09-19T05:41:40.633 INFO:teuthology.orchestra.run.smithi040.stdout:/usr/bin/ceph: stderr
2024-09-19T05:41:39.640+0000 7f0f2d200640 1 -- start start
2024-09-19T05:41:40.633 INFO:teuthology.orchestra.run.smithi040.stdout:/usr/bin/ceph: stderr
2024-09-19T05:41:39.641+0000 7f0f2d200640 1 --2- >> [v2:172.21.15.40:3300/0,v1:172.21.15.40:6789/0] conn(0x7f0f28107a10 0x7f0f28107e10 unknown :-1 s=NONE pgs=0 cs=0 l=0 rev1=0 crypto rx=0 tx=0 comp rx=0 tx=0).connect
2024-09-19T05:41:40.633 INFO:teuthology.orchestra.run.smithi040.stdout:/usr/bin/ceph: stderr
2024-09-19T05:41:39.641+0000 7f0f2d200640 1 -- --> [v2:172.21.15.40:3300/0,v1:172.21.15.40:6789/0] -- mon_getmap magic: 0 -- 0x7f0f28108350 con 0x7f0f28107a10
2024-09-19T05:41:40.633 INFO:teuthology.orchestra.run.smithi040.stdout:/usr/bin/ceph: stderr
2024-09-19T05:41:39.641+0000 7f0f25e00640 1 --2- >> [v2:172.21.15.40:3300/0,v1:172.21.15.40:6789/0] conn(0x7f0f28107a10 0x7f0f28107e10 unknown :-1 s=BANNER_CONNECTING pgs=0 cs=0 l=0 rev1=0 crypto rx=0 tx=0 comp rx=0 tx=0)._handle_peer_banner_payload supported=3 required=0
2024-09-19T05:41:40.633 INFO:teuthology.orchestra.run.smithi040.stdout:/usr/bin/ceph: stderr
2024-09-19T05:41:39.641+0000 7f0f25e00640 1 --2- >> [v2:172.21.15.40:3300/0,v1:172.21.15.40:6789/0] conn(0x7f0f28107a10 0x7f0f28107e10 unknown :-1 s=HELLO_CONNECTING pgs=0 cs=0 l=0 rev1=1 crypto rx=0 tx=0 comp rx=0 tx=0).handle_hello peer v2:172.21.15.40:3300/0 says I am v2:172.21.15.40:41882/0 (socket says 172.21.15.40:41882)
2024-09-19T05:41:40.633 INFO:teuthology.orchestra.run.smithi040.stdout:/usr/bin/ceph: stderr
2024-09-19T05:41:39.641+0000 7f0f25e00640 1 -- 172.21.15.40:0/756330768 learned_addr learned my addr 172.21.15.40:0/756330768 (peer_addr_for_me v2:172.21.15.40:0/0)
2024-09-19T05:41:40.633 INFO:teuthology.orchestra.run.smithi040.stdout:/usr/bin/ceph: stderr
2024-09-19T05:41:39.641+0000 7f0f25e00640 1 -- 172.21.15.40:0/756330768 --> [v2:172.21.15.40:3300/0,v1:172.21.15.40:6789/0] -- mon_subscribe({config=0+,monmap=0+}) -- 0x7f0f281084d0 con 0x7f0f28107a10
2024-09-19T05:41:40.633 INFO:teuthology.orchestra.run.smithi040.stdout:/usr/bin/ceph: stderr
2024-09-19T05:41:39.642+0000 7f0f25e00640 1 --2- 172.21.15.40:0/756330768 >> [v2:172.21.15.40:3300/0,v1:172.21.15.40:6789/0] conn(0x7f0f28107a10 0x7f0f28107e10 secure :-1 s=READY pgs=20 cs=0 l=1 rev1=1 crypto rx=0x7f0f18009820 tx=0x7f0f1802a270 comp rx=0 tx=0).ready entity=mon.0 client_cookie=d360f94bb99d5d48 server_cookie=0 in_seq=0 out_seq=0
2024-09-19T05:41:40.633 INFO:teuthology.orchestra.run.smithi040.stdout:/usr/bin/ceph: stderr
2024-09-19T05:41:39.643+0000 7f0f25400640 1 -- 172.21.15.40:0/756330768 <== mon.0 v2:172.21.15.40:3300/0 1 ==== mon_map magic: 0 ==== 205+0+0 (secure 0 0 0) 0x7f0f18037070 con 0x7f0f28107a10
2024-09-19T05:41:40.633 INFO:teuthology.orchestra.run.smithi040.stdout:/usr/bin/ceph: stderr
2024-09-19T05:41:39.643+0000 7f0f25400640 1 -- 172.21.15.40:0/756330768 <== mon.0 v2:172.21.15.40:3300/0 2 ==== config(29 keys) ==== 1178+0+0 (secure 0 0 0) 0x7f0f18032940 con 0x7f0f28107a10
2024-09-19T05:41:40.633 INFO:teuthology.orchestra.run.smithi040.stdout:/usr/bin/ceph: stderr
2024-09-19T05:41:39.643+0000 7f0f25400640 1 -- 172.21.15.40:0/756330768 <== mon.0 v2:172.21.15.40:3300/0 3 ==== mon_map magic: 0 ==== 205+0+0 (secure 0 0 0) 0x7f0f180309c0 con 0x7f0f28107a10
2024-09-19T05:41:40.633 INFO:teuthology.orchestra.run.smithi040.stdout:/usr/bin/ceph: stderr
2024-09-19T05:41:39.643+0000 7f0f2d200640 1 -- 172.21.15.40:0/756330768 >> [v2:172.21.15.40:3300/0,v1:172.21.15.40:6789/0] conn(0x7f0f28107a10 msgr2=0x7f0f28107e10 secure :-1 s=STATE_CONNECTION_ESTABLISHED l=1).mark_down
2024-09-19T05:41:40.634 INFO:teuthology.orchestra.run.smithi040.stdout:/usr/bin/ceph: stderr
2024-09-19T05:41:39.643+0000 7f0f2d200640 1 --2- 172.21.15.40:0/756330768 >> [v2:172.21.15.40:3300/0,v1:172.21.15.40:6789/0] conn(0x7f0f28107a10 0x7f0f28107e10 secure :-1 s=READY pgs=20 cs=0 l=1 rev1=1 crypto rx=0x7f0f18009820 tx=0x7f0f1802a270 comp rx=0 tx=0).stop
2024-09-19T05:41:40.634 INFO:teuthology.orchestra.run.smithi040.stdout:/usr/bin/ceph: stderr
2024-09-19T05:41:39.643+0000 7f0f2d200640 1 -- 172.21.15.40:0/756330768 shutdown_connections
2024-09-19T05:41:40.634 INFO:teuthology.orchestra.run.smithi040.stdout:/usr/bin/ceph: stderr
2024-09-19T05:41:39.643+0000 7f0f2d200640 1 --2- 172.21.15.40:0/756330768 >> [v2:172.21.15.40:3300/0,v1:172.21.15.40:6789/0] conn(0x7f0f28107a10 0x7f0f28107e10 unknown :-1 s=CLOSED pgs=20 cs=0 l=1 rev1=1 crypto rx=0 tx=0 comp rx=0 tx=0).stop
2024-09-19T05:41:40.634 INFO:teuthology.orchestra.run.smithi040.stdout:/usr/bin/ceph: stderr
2024-09-19T05:41:39.644+0000 7f0f2d200640 1 -- 172.21.15.40:0/756330768 >> 172.21.15.40:0/756330768 conn(0x7f0f281032a0 msgr2=0x7f0f281056c0 unknown :-1 s=STATE_NONE l=0).mark_down
2024-09-19T05:41:40.634 INFO:teuthology.orchestra.run.smithi040.stdout:/usr/bin/ceph: stderr
2024-09-19T05:41:39.644+0000 7f0f2d200640 1 -- 172.21.15.40:0/756330768 shutdown_connections
2024-09-19T05:41:40.634 INFO:teuthology.orchestra.run.smithi040.stdout:/usr/bin/ceph: stderr
2024-09-19T05:41:39.644+0000 7f0f2d200640 1 -- 172.21.15.40:0/756330768 wait complete.
2024-09-19T05:41:40.634 INFO:teuthology.orchestra.run.smithi040.stdout:/usr/bin/ceph: stderr
2024-09-19T05:41:39.644+0000 7f0f2d200640 1 Processor -- start
2024-09-19T05:41:40.634 INFO:teuthology.orchestra.run.smithi040.stdout:/usr/bin/ceph: stderr
2024-09-19T05:41:39.645+0000 7f0f2d200640 1 -- start start
2024-09-19T05:41:40.634 INFO:teuthology.orchestra.run.smithi040.stdout:/usr/bin/ceph: stderr
2024-09-19T05:41:39.645+0000 7f0f2d200640 1 --2- >> [v2:172.21.15.40:3300/0,v1:172.21.15.40:6789/0] conn(0x7f0f28107a10 0x7f0f2819dc40 unknown :-1 s=NONE pgs=0 cs=0 l=1 rev1=0 crypto rx=0 tx=0 comp rx=0 tx=0).connect
2024-09-19T05:41:40.634 INFO:teuthology.orchestra.run.smithi040.stdout:/usr/bin/ceph: stderr
2024-09-19T05:41:39.645+0000 7f0f2d200640 1 -- --> [v2:172.21.15.40:3300/0,v1:172.21.15.40:6789/0] -- mon_getmap magic: 0 -- 0x7f0f2810be80 con 0x7f0f28107a10
2024-09-19T05:41:40.634 INFO:teuthology.orchestra.run.smithi040.stdout:/usr/bin/ceph: stderr
2024-09-19T05:41:39.645+0000 7f0f25e00640 1 --2- >> [v2:172.21.15.40:3300/0,v1:172.21.15.40:6789/0] conn(0x7f0f28107a10 0x7f0f2819dc40 unknown :-1 s=BANNER_CONNECTING pgs=0 cs=0 l=1 rev1=0 crypto rx=0 tx=0 comp rx=0 tx=0)._handle_peer_banner_payload supported=3 required=0
2024-09-19T05:41:40.634 INFO:teuthology.orchestra.run.smithi040.stdout:/usr/bin/ceph: stderr
2024-09-19T05:41:39.645+0000 7f0f25e00640 1 --2- >> [v2:172.21.15.40:3300/0,v1:172.21.15.40:6789/0] conn(0x7f0f28107a10 0x7f0f2819dc40 unknown :-1 s=HELLO_CONNECTING pgs=0 cs=0 l=1 rev1=1 crypto rx=0 tx=0 comp rx=0 tx=0).handle_hello peer v2:172.21.15.40:3300/0 says I am v2:172.21.15.40:41892/0 (socket says 172.21.15.40:41892)
2024-09-19T05:41:40.634 INFO:teuthology.orchestra.run.smithi040.stdout:/usr/bin/ceph: stderr
2024-09-19T05:41:39.645+0000 7f0f25e00640 1 -- 172.21.15.40:0/2519745842 learned_addr learned my addr 172.21.15.40:0/2519745842 (peer_addr_for_me v2:172.21.15.40:0/0)
2024-09-19T05:41:40.635 INFO:teuthology.orchestra.run.smithi040.stdout:/usr/bin/ceph: stderr
2024-09-19T05:41:39.646+0000 7f0f25e00640 1 -- 172.21.15.40:0/2519745842 --> [v2:172.21.15.40:3300/0,v1:172.21.15.40:6789/0] -- mon_subscribe({config=0+,monmap=0+}) -- 0x7f0f2819e180 con 0x7f0f28107a10
2024-09-19T05:41:40.635 INFO:teuthology.orchestra.run.smithi040.stdout:/usr/bin/ceph: stderr
2024-09-19T05:41:39.646+0000 7f0f25e00640 1 --2- 172.21.15.40:0/2519745842 >> [v2:172.21.15.40:3300/0,v1:172.21.15.40:6789/0] conn(0x7f0f28107a10 0x7f0f2819dc40 secure :-1 s=READY pgs=21 cs=0 l=1 rev1=1 crypto rx=0x7f0f18032d90 tx=0x7f0f18032dc0 comp rx=0 tx=0).ready entity=mon.0 client_cookie=0 server_cookie=0 in_seq=0 out_seq=0
2024-09-19T05:41:40.635 INFO:teuthology.orchestra.run.smithi040.stdout:/usr/bin/ceph: stderr
2024-09-19T05:41:39.646+0000 7f0f1ea00640 1 -- 172.21.15.40:0/2519745842 <== mon.0 v2:172.21.15.40:3300/0 1 ==== mon_map magic: 0 ==== 205+0+0 (secure 0 0 0) 0x7f0f18042070 con 0x7f0f28107a10
2024-09-19T05:41:40.635 INFO:teuthology.orchestra.run.smithi040.stdout:/usr/bin/ceph: stderr
2024-09-19T05:41:39.646+0000 7f0f2d200640 1 -- 172.21.15.40:0/2519745842 --> [v2:172.21.15.40:3300/0,v1:172.21.15.40:6789/0] -- mon_subscribe({mgrmap=0+}) -- 0x7f0f2819e410 con 0x7f0f28107a10
2024-09-19T05:41:40.635 INFO:teuthology.orchestra.run.smithi040.stdout:/usr/bin/ceph: stderr
2024-09-19T05:41:39.646+0000 7f0f1ea00640 1 -- 172.21.15.40:0/2519745842 <== mon.0 v2:172.21.15.40:3300/0 2 ==== config(29 keys) ==== 1178+0+0 (secure 0 0 0) 0x7f0f180325f0 con 0x7f0f28107a10
2024-09-19T05:41:40.635 INFO:teuthology.orchestra.run.smithi040.stdout:/usr/bin/ceph: stderr
2024-09-19T05:41:39.646+0000 7f0f1ea00640 1 -- 172.21.15.40:0/2519745842 <== mon.0 v2:172.21.15.40:3300/0 3 ==== mon_map magic: 0 ==== 205+0+0 (secure 0 0 0) 0x7f0f18037040 con 0x7f0f28107a10
2024-09-19T05:41:40.635 INFO:teuthology.orchestra.run.smithi040.stdout:/usr/bin/ceph: stderr
2024-09-19T05:41:39.646+0000 7f0f2d200640 1 -- 172.21.15.40:0/2519745842 --> [v2:172.21.15.40:3300/0,v1:172.21.15.40:6789/0] -- mon_subscribe({osdmap=0}) -- 0x7f0f281a1100 con 0x7f0f28107a10
2024-09-19T05:41:40.635 INFO:teuthology.orchestra.run.smithi040.stdout:/usr/bin/ceph: stderr
2024-09-19T05:41:39.647+0000 7f0f1ea00640 1 -- 172.21.15.40:0/2519745842 <== mon.0 v2:172.21.15.40:3300/0 4 ==== mgrmap(e 4) ==== 46450+0+0 (secure 0 0 0) 0x7f0f18045070 con 0x7f0f28107a10
2024-09-19T05:41:40.635 INFO:teuthology.orchestra.run.smithi040.stdout:/usr/bin/ceph: stderr
2024-09-19T05:41:39.647+0000 7f0f2d200640 1 -- 172.21.15.40:0/2519745842 --> [v2:172.21.15.40:3300/0,v1:172.21.15.40:6789/0] -- mon_command({"prefix": "get_command_descriptions"} v 0) -- 0x7f0f28107e90 con 0x7f0f28107a10
2024-09-19T05:41:40.635 INFO:teuthology.orchestra.run.smithi040.stdout:/usr/bin/ceph: stderr
2024-09-19T05:41:39.648+0000 7f0f1ea00640 1 --2- 172.21.15.40:0/2519745842 >> [v2:172.21.15.40:6800/4229177534,v1:172.21.15.40:6801/4229177534] conn(0x7f0f0c0391b0 0x7f0f0c03b670 unknown :-1 s=NONE pgs=0 cs=0 l=1 rev1=0 crypto rx=0 tx=0 comp rx=0 tx=0).connect
2024-09-19T05:41:40.635 INFO:teuthology.orchestra.run.smithi040.stdout:/usr/bin/ceph: stderr
2024-09-19T05:41:39.648+0000 7f0f1ea00640 1 -- 172.21.15.40:0/2519745842 <== mon.0 v2:172.21.15.40:3300/0 5 ==== osd_map(1..1 src has 1..1) ==== 725+0+0 (secure 0 0 0) 0x7f0f1806c170 con 0x7f0f28107a10
2024-09-19T05:41:40.635 INFO:teuthology.orchestra.run.smithi040.stdout:/usr/bin/ceph: stderr
2024-09-19T05:41:39.648+0000 7f0f1fe00640 1 --2- 172.21.15.40:0/2519745842 >> [v2:172.21.15.40:6800/4229177534,v1:172.21.15.40:6801/4229177534] conn(0x7f0f0c0391b0 0x7f0f0c03b670 unknown :-1 s=BANNER_CONNECTING pgs=0 cs=0 l=1 rev1=0 crypto rx=0 tx=0 comp rx=0 tx=0)._handle_peer_banner_payload supported=3 required=0
2024-09-19T05:41:40.635 INFO:teuthology.orchestra.run.smithi040.stdout:/usr/bin/ceph: stderr
2024-09-19T05:41:39.649+0000 7f0f1fe00640 1 --2- 172.21.15.40:0/2519745842 >> [v2:172.21.15.40:6800/4229177534,v1:172.21.15.40:6801/4229177534] conn(0x7f0f0c0391b0 0x7f0f0c03b670 secure :-1 s=READY pgs=8 cs=0 l=1 rev1=1 crypto rx=0x7f0f100098c0 tx=0x7f0f10006db0 comp rx=0 tx=0).ready entity=mgr.14100 client_cookie=0 server_cookie=0 in_seq=0 out_seq=0
2024-09-19T05:41:40.635 INFO:teuthology.orchestra.run.smithi040.stdout:/usr/bin/ceph: stderr
2024-09-19T05:41:39.653+0000 7f0f1ea00640 1 -- 172.21.15.40:0/2519745842 <== mon.0 v2:172.21.15.40:3300/0 6 ==== mon_command_ack([{"prefix": "get_command_descriptions"}]=0 v0) ==== 72+0+188913 (secure 0 0 0) 0x7f0f18045360 con 0x7f0f28107a10
2024-09-19T05:41:40.636 INFO:teuthology.orchestra.run.smithi040.stdout:/usr/bin/ceph: stderr
2024-09-19T05:41:39.888+0000 7f0f2d200640 1 -- 172.21.15.40:0/2519745842 --> [v2:172.21.15.40:3300/0,v1:172.21.15.40:6789/0] -- mon_command({"prefix": "mgr module enable", "module": "cephadm"} v 0) -- 0x7f0f281a16d0 con 0x7f0f28107a10
2024-09-19T05:41:40.636 INFO:teuthology.orchestra.run.smithi040.stdout:/usr/bin/ceph: stderr
2024-09-19T05:41:39.940+0000 7f0f1ea00640 1 -- 172.21.15.40:0/2519745842 <== mon.0 v2:172.21.15.40:3300/0 7 ==== mon_command_ack([{"prefix": "mgr module enable", "module": "cephadm"}]=0 v5) ==== 86+0+0 (secure 0 0 0) 0x7f0f1803dcc0 con 0x7f0f28107a10
2024-09-19T05:41:40.636 INFO:teuthology.orchestra.run.smithi040.stdout:/usr/bin/ceph: stderr
2024-09-19T05:41:39.942+0000 7f0f1ea00640 1 -- 172.21.15.40:0/2519745842 <== mon.0 v2:172.21.15.40:3300/0 8 ==== mgrmap(e 5) ==== 46461+0+0 (secure 0 0 0) 0x7f0f1802ed70 con 0x7f0f28107a10
2024-09-19T05:41:40.636 INFO:teuthology.orchestra.run.smithi040.stdout:/usr/bin/ceph: stderr
2024-09-19T05:41:39.943+0000 7f0f2d200640 1 -- 172.21.15.40:0/2519745842 >> [v2:172.21.15.40:6800/4229177534,v1:172.21.15.40:6801/4229177534] conn(0x7f0f0c0391b0 msgr2=0x7f0f0c03b670 secure :-1 s=STATE_CONNECTION_ESTABLISHED l=1).mark_down
2024-09-19T05:41:40.636 INFO:teuthology.orchestra.run.smithi040.stdout:/usr/bin/ceph: stderr
2024-09-19T05:41:39.943+0000 7f0f2d200640 1 --2- 172.21.15.40:0/2519745842 >> [v2:172.21.15.40:6800/4229177534,v1:172.21.15.40:6801/4229177534] conn(0x7f0f0c0391b0 0x7f0f0c03b670 secure :-1 s=READY pgs=8 cs=0 l=1 rev1=1 crypto rx=0x7f0f100098c0 tx=0x7f0f10006db0 comp rx=0 tx=0).stop
2024-09-19T05:41:40.636 INFO:teuthology.orchestra.run.smithi040.stdout:/usr/bin/ceph: stderr
2024-09-19T05:41:39.943+0000 7f0f2d200640 1 -- 172.21.15.40:0/2519745842 >> [v2:172.21.15.40:3300/0,v1:172.21.15.40:6789/0] conn(0x7f0f28107a10 msgr2=0x7f0f2819dc40 secure :-1 s=STATE_CONNECTION_ESTABLISHED l=1).mark_down
2024-09-19T05:41:40.636 INFO:teuthology.orchestra.run.smithi040.stdout:/usr/bin/ceph: stderr
2024-09-19T05:41:39.943+0000 7f0f2d200640 1 --2- 172.21.15.40:0/2519745842 >> [v2:172.21.15.40:3300/0,v1:172.21.15.40:6789/0] conn(0x7f0f28107a10 0x7f0f2819dc40 secure :-1 s=READY pgs=21 cs=0 l=1 rev1=1 crypto rx=0x7f0f18032d90 tx=0x7f0f18032dc0 comp rx=0 tx=0).stop
2024-09-19T05:41:40.636 INFO:teuthology.orchestra.run.smithi040.stdout:/usr/bin/ceph: stderr
2024-09-19T05:41:39.944+0000 7f0f2d200640 1 -- 172.21.15.40:0/2519745842 shutdown_connections
2024-09-19T05:41:40.636 INFO:teuthology.orchestra.run.smithi040.stdout:/usr/bin/ceph: stderr
2024-09-19T05:41:39.944+0000 7f0f2d200640 1 --2- 172.21.15.40:0/2519745842 >> [v2:172.21.15.40:6800/4229177534,v1:172.21.15.40:6801/4229177534] conn(0x7f0f0c0391b0 0x7f0f0c03b670 unknown :-1 s=CLOSED pgs=8 cs=0 l=1 rev1=1 crypto rx=0 tx=0 comp rx=0 tx=0).stop
2024-09-19T05:41:40.636 INFO:teuthology.orchestra.run.smithi040.stdout:/usr/bin/ceph: stderr
2024-09-19T05:41:39.944+0000 7f0f2d200640 1 --2- 172.21.15.40:0/2519745842 >> [v2:172.21.15.40:3300/0,v1:172.21.15.40:6789/0] conn(0x7f0f28107a10 0x7f0f2819dc40 unknown :-1 s=CLOSED pgs=21 cs=0 l=1 rev1=1 crypto rx=0 tx=0 comp rx=0 tx=0).stop
2024-09-19T05:41:40.636 INFO:teuthology.orchestra.run.smithi040.stdout:/usr/bin/ceph: stderr
2024-09-19T05:41:39.944+0000 7f0f2d200640 1 -- 172.21.15.40:0/2519745842 >> 172.21.15.40:0/2519745842 conn(0x7f0f281032a0 msgr2=0x7f0f28103df0 unknown :-1 s=STATE_NONE l=0).mark_down
2024-09-19T05:41:40.637 INFO:teuthology.orchestra.run.smithi040.stdout:/usr/bin/ceph: stderr
2024-09-19T05:41:39.944+0000 7f0f2d200640 1 -- 172.21.15.40:0/2519745842 shutdown_connections
2024-09-19T05:41:40.637 INFO:teuthology.orchestra.run.smithi040.stdout:/usr/bin/ceph: stderr
2024-09-19T05:41:39.944+0000 7f0f2d200640 1 -- 172.21.15.40:0/2519745842 wait complete.
2024-09-19T05:41:40.707 INFO:journalctl@ceph.mgr.x.smithi040.stdout:Sep 19 05:41:40 smithi040 ceph-aa6cca5e-7649-11ef-bceb-c7b262605968-mgr-x[30886]:
2024-09-19T05:41:40.433+0000 7f9792436040 -1 mgr[py] Module diskprediction_local has missing NOTIFY_TYPES member
2024-09-19T05:41:40.707 INFO:journalctl@ceph.mgr.x.smithi040.stdout:Sep 19 05:41:40 smithi040 ceph-aa6cca5e-7649-11ef-bceb-c7b262605968-mgr-x[30886]:
2024-09-19T05:41:40.517+0000 7f9792436040 -1 mgr[py] Module crash has missing NOTIFY_TYPES member
2024-09-19T05:41:40.707 INFO:journalctl@ceph.mgr.x.smithi040.stdout:Sep 19 05:41:40 smithi040 ceph-aa6cca5e-7649-11ef-bceb-c7b262605968-mgr-x[30886]:
2024-09-19T05:41:40.704+0000 7f9792436040 -1 mgr[py] Module test_orchestrator has missing NOTIFY_TYPES member
2024-09-19T05:41:40.966 INFO:journalctl@ceph.mon.a.smithi040.stdout:Sep 19 05:41:40 smithi040 ceph-mon[30657]: from='client.? 172.21.15.40:0/2519745842' entity='client.admin' cmd='[{"prefix": "mgr module enable", "module": "cephadm"}]': finished
2024-09-19T05:41:40.966 INFO:journalctl@ceph.mon.a.smithi040.stdout:Sep 19 05:41:40 smithi040 ceph-mon[30657]: mgrmap e5: x(active, since 4s)
2024-09-19T05:41:40.966 INFO:journalctl@ceph.mgr.x.smithi040.stdout:Sep 19 05:41:40 smithi040 ceph-aa6cca5e-7649-11ef-bceb-c7b262605968-mgr-x[30886]:
2024-09-19T05:41:40.876+0000 7f9792436040 -1 mgr[py] Module snap_schedule has missing NOTIFY_TYPES member
2024-09-19T05:41:41.570 INFO:journalctl@ceph.mgr.x.smithi040.stdout:Sep 19 05:41:41 smithi040 ceph-aa6cca5e-7649-11ef-bceb-c7b262605968-mgr-x[30886]:
2024-09-19T05:41:41.271+0000 7f9792436040 -1 mgr[py] Module prometheus has missing NOTIFY_TYPES member
2024-09-19T05:41:41.571 INFO:journalctl@ceph.mgr.x.smithi040.stdout:Sep 19 05:41:41 smithi040 ceph-aa6cca5e-7649-11ef-bceb-c7b262605968-mgr-x[30886]:
2024-09-19T05:41:41.345+0000 7f9792436040 -1 mgr[py] Module selftest has missing NOTIFY_TYPES member
2024-09-19T05:41:41.571 INFO:journalctl@ceph.mgr.x.smithi040.stdout:Sep 19 05:41:41 smithi040 ceph-aa6cca5e-7649-11ef-bceb-c7b262605968-mgr-x[30886]:
2024-09-19T05:41:41.567+0000 7f9792436040 -1 mgr[py] Module volumes has missing NOTIFY_TYPES member
2024-09-19T05:41:42.118 INFO:journalctl@ceph.mon.a.smithi040.stdout:Sep 19 05:41:41 smithi040 ceph-mon[30657]: from='client.? 172.21.15.40:0/2845780946' entity='client.admin' cmd=[{"prefix": "mgr stat"}]: dispatch
2024-09-19T05:41:42.138 INFO:teuthology.orchestra.run.smithi040.stdout:/usr/bin/ceph: stdout {
2024-09-19T05:41:42.138 INFO:teuthology.orchestra.run.smithi040.stdout:/usr/bin/ceph: stdout "epoch": 5,
2024-09-19T05:41:42.138 INFO:teuthology.orchestra.run.smithi040.stdout:/usr/bin/ceph: stdout "available": true,
2024-09-19T05:41:42.138 INFO:teuthology.orchestra.run.smithi040.stdout:/usr/bin/ceph: stdout "active_name": "x",
2024-09-19T05:41:42.138 INFO:teuthology.orchestra.run.smithi040.stdout:/usr/bin/ceph: stdout "num_standby": 0
2024-09-19T05:41:42.139 INFO:teuthology.orchestra.run.smithi040.stdout:/usr/bin/ceph: stdout }
2024-09-19T05:41:42.139 INFO:teuthology.orchestra.run.smithi040.stdout:/usr/bin/ceph: stderr
2024-09-19T05:41:41.193+0000 7f7eca000640 1 Processor -- start
2024-09-19T05:41:42.139 INFO:teuthology.orchestra.run.smithi040.stdout:/usr/bin/ceph: stderr
2024-09-19T05:41:41.193+0000 7f7eca000640 1 -- start start
2024-09-19T05:41:42.139 INFO:teuthology.orchestra.run.smithi040.stdout:/usr/bin/ceph: stderr
2024-09-19T05:41:41.193+0000 7f7eca000640 1 --2- >> [v2:172.21.15.40:3300/0,v1:172.21.15.40:6789/0] conn(0x7f7ec4109c10 0x7f7ec410a030 unknown :-1 s=NONE pgs=0 cs=0 l=0 rev1=0 crypto rx=0 tx=0 comp rx=0 tx=0).connect
2024-09-19T05:41:42.139 INFO:teuthology.orchestra.run.smithi040.stdout:/usr/bin/ceph: stderr
2024-09-19T05:41:41.193+0000 7f7eca000640 1 -- --> [v2:172.21.15.40:3300/0,v1:172.21.15.40:6789/0] -- mon_getmap magic: 0 -- 0x7f7ec410a600 con 0x7f7ec4109c10
2024-09-19T05:41:42.139 INFO:teuthology.orchestra.run.smithi040.stdout:/usr/bin/ceph: stderr
2024-09-19T05:41:41.194+0000 7f7ec3400640 1 --2- >> [v2:172.21.15.40:3300/0,v1:172.21.15.40:6789/0] conn(0x7f7ec4109c10 0x7f7ec410a030 unknown :-1 s=BANNER_CONNECTING pgs=0 cs=0 l=0 rev1=0 crypto rx=0 tx=0 comp rx=0 tx=0)._handle_peer_banner_payload supported=3 required=0
2024-09-19T05:41:42.139 INFO:teuthology.orchestra.run.smithi040.stdout:/usr/bin/ceph: stderr
2024-09-19T05:41:41.194+0000 7f7ec3400640 1 --2- >> [v2:172.21.15.40:3300/0,v1:172.21.15.40:6789/0] conn(0x7f7ec4109c10 0x7f7ec410a030 unknown :-1 s=HELLO_CONNECTING pgs=0 cs=0 l=0 rev1=1 crypto rx=0 tx=0 comp rx=0 tx=0).handle_hello peer v2:172.21.15.40:3300/0 says I am v2:172.21.15.40:41912/0 (socket says 172.21.15.40:41912)
2024-09-19T05:41:42.139 INFO:teuthology.orchestra.run.smithi040.stdout:/usr/bin/ceph: stderr
2024-09-19T05:41:41.194+0000 7f7ec3400640 1 -- 172.21.15.40:0/1208494857 learned_addr learned my addr 172.21.15.40:0/1208494857 (peer_addr_for_me v2:172.21.15.40:0/0)
2024-09-19T05:41:42.139 INFO:teuthology.orchestra.run.smithi040.stdout:/usr/bin/ceph: stderr
2024-09-19T05:41:41.194+0000 7f7ec3400640 1 -- 172.21.15.40:0/1208494857 --> [v2:172.21.15.40:3300/0,v1:172.21.15.40:6789/0] -- mon_subscribe({config=0+,monmap=0+}) -- 0x7f7ec410adc0 con 0x7f7ec4109c10
2024-09-19T05:41:42.139 INFO:teuthology.orchestra.run.smithi040.stdout:/usr/bin/ceph: stderr
2024-09-19T05:41:41.195+0000 7f7ec3400640 1 --2- 172.21.15.40:0/1208494857 >> [v2:172.21.15.40:3300/0,v1:172.21.15.40:6789/0] conn(0x7f7ec4109c10 0x7f7ec410a030 secure :-1 s=READY pgs=24 cs=0 l=1 rev1=1 crypto rx=0x7f7eb4009820 tx=0x7f7eb402a270 comp rx=0 tx=0).ready entity=mon.0 client_cookie=9388e24bb1606f33 server_cookie=0 in_seq=0 out_seq=0
2024-09-19T05:41:42.139 INFO:teuthology.orchestra.run.smithi040.stdout:/usr/bin/ceph: stderr
2024-09-19T05:41:41.196+0000 7f7ec2000640 1 -- 172.21.15.40:0/1208494857 <== mon.0 v2:172.21.15.40:3300/0 1 ==== mon_map magic: 0 ==== 205+0+0 (secure 0 0 0) 0x7f7eb4037070 con 0x7f7ec4109c10
2024-09-19T05:41:42.139 INFO:teuthology.orchestra.run.smithi040.stdout:/usr/bin/ceph: stderr
2024-09-19T05:41:41.196+0000 7f7ec2000640 1 -- 172.21.15.40:0/1208494857 <== mon.0 v2:172.21.15.40:3300/0 2 ==== config(29 keys) ==== 1178+0+0 (secure 0 0 0) 0x7f7eb4032940 con 0x7f7ec4109c10
2024-09-19T05:41:42.140 INFO:teuthology.orchestra.run.smithi040.stdout:/usr/bin/ceph: stderr
2024-09-19T05:41:41.196+0000 7f7ec2000640 1 -- 172.21.15.40:0/1208494857 <== mon.0 v2:172.21.15.40:3300/0 3 ==== mon_map magic: 0 ==== 205+0+0 (secure 0 0 0) 0x7f7eb40309c0 con 0x7f7ec4109c10
2024-09-19T05:41:42.140 INFO:teuthology.orchestra.run.smithi040.stdout:/usr/bin/ceph: stderr
2024-09-19T05:41:41.196+0000 7f7eca000640 1 -- 172.21.15.40:0/1208494857 >> [v2:172.21.15.40:3300/0,v1:172.21.15.40:6789/0] conn(0x7f7ec4109c10 msgr2=0x7f7ec410a030 secure :-1 s=STATE_CONNECTION_ESTABLISHED l=1).mark_down
2024-09-19T05:41:42.140 INFO:teuthology.orchestra.run.smithi040.stdout:/usr/bin/ceph: stderr
