2024-09-19T05:57:54.934+0000 7fc02e200640 1 -- --> [v2:172.21.15.114:3300/0,v1:172.21.15.114:6789/0] -- mon_getmap magic: 0 -- 0x7fc028107f40 con 0x7fc028107570
2024-09-19T05:57:59.304 INFO:teuthology.orchestra.run.smithi114.stdout:/usr/bin/ceph: stderr
2024-09-19T05:57:54.934+0000 7fc02ce00640 1 --2- >> [v2:172.21.15.114:3300/0,v1:172.21.15.114:6789/0] conn(0x7fc028107570 0x7fc028107970 unknown :-1 s=BANNER_CONNECTING pgs=0 cs=0 l=0 rev1=0 crypto rx=0 tx=0 comp rx=0 tx=0)._handle_peer_banner_payload supported=3 required=0
2024-09-19T05:57:59.304 INFO:teuthology.orchestra.run.smithi114.stdout:/usr/bin/ceph: stderr
2024-09-19T05:57:54.934+0000 7fc02ce00640 1 --2- >> [v2:172.21.15.114:3300/0,v1:172.21.15.114:6789/0] conn(0x7fc028107570 0x7fc028107970 unknown :-1 s=HELLO_CONNECTING pgs=0 cs=0 l=0 rev1=1 crypto rx=0 tx=0 comp rx=0 tx=0).handle_hello peer v2:172.21.15.114:3300/0 says I am v2:172.21.15.114:49864/0 (socket says 172.21.15.114:49864)
2024-09-19T05:57:59.304 INFO:teuthology.orchestra.run.smithi114.stdout:/usr/bin/ceph: stderr
2024-09-19T05:57:54.934+0000 7fc02ce00640 1 -- 172.21.15.114:0/2983177005 learned_addr learned my addr 172.21.15.114:0/2983177005 (peer_addr_for_me v2:172.21.15.114:0/0)
2024-09-19T05:57:59.304 INFO:teuthology.orchestra.run.smithi114.stdout:/usr/bin/ceph: stderr
2024-09-19T05:57:54.934+0000 7fc02ce00640 1 -- 172.21.15.114:0/2983177005 --> [v2:172.21.15.114:3300/0,v1:172.21.15.114:6789/0] -- mon_subscribe({config=0+,monmap=0+}) -- 0x7fc028108770 con 0x7fc028107570
2024-09-19T05:57:59.304 INFO:teuthology.orchestra.run.smithi114.stdout:/usr/bin/ceph: stderr
2024-09-19T05:57:54.935+0000 7fc02ce00640 1 --2- 172.21.15.114:0/2983177005 >> [v2:172.21.15.114:3300/0,v1:172.21.15.114:6789/0] conn(0x7fc028107570 0x7fc028107970 secure :-1 s=READY pgs=59 cs=0 l=1 rev1=1 crypto rx=0x7fc01c009820 tx=0x7fc01c02a270 comp rx=0 tx=0).ready entity=mon.0 client_cookie=ad604fe866bdd1bd server_cookie=0 in_seq=0 out_seq=0
2024-09-19T05:57:59.304 INFO:teuthology.orchestra.run.smithi114.stdout:/usr/bin/ceph: stderr
2024-09-19T05:57:54.936+0000 7fc027400640 1 -- 172.21.15.114:0/2983177005 <== mon.0 v2:172.21.15.114:3300/0 1 ==== mon_map magic: 0 ==== 205+0+0 (secure 0 0 0) 0x7fc01c037070 con 0x7fc028107570
2024-09-19T05:57:59.304 INFO:teuthology.orchestra.run.smithi114.stdout:/usr/bin/ceph: stderr
2024-09-19T05:57:54.936+0000 7fc027400640 1 -- 172.21.15.114:0/2983177005 <== mon.0 v2:172.21.15.114:3300/0 2 ==== config(28 keys) ==== 1174+0+0 (secure 0 0 0) 0x7fc01c032940 con 0x7fc028107570
2024-09-19T05:57:59.304 INFO:teuthology.orchestra.run.smithi114.stdout:/usr/bin/ceph: stderr
2024-09-19T05:57:54.936+0000 7fc027400640 1 -- 172.21.15.114:0/2983177005 <== mon.0 v2:172.21.15.114:3300/0 3 ==== mon_map magic: 0 ==== 205+0+0 (secure 0 0 0) 0x7fc01c0308b0 con 0x7fc028107570
2024-09-19T05:57:59.304 INFO:teuthology.orchestra.run.smithi114.stdout:/usr/bin/ceph: stderr
2024-09-19T05:57:54.936+0000 7fc02e200640 1 -- 172.21.15.114:0/2983177005 >> [v2:172.21.15.114:3300/0,v1:172.21.15.114:6789/0] conn(0x7fc028107570 msgr2=0x7fc028107970 secure :-1 s=STATE_CONNECTION_ESTABLISHED l=1).mark_down
2024-09-19T05:57:59.305 INFO:teuthology.orchestra.run.smithi114.stdout:/usr/bin/ceph: stderr
2024-09-19T05:57:54.936+0000 7fc02e200640 1 --2- 172.21.15.114:0/2983177005 >> [v2:172.21.15.114:3300/0,v1:172.21.15.114:6789/0] conn(0x7fc028107570 0x7fc028107970 secure :-1 s=READY pgs=59 cs=0 l=1 rev1=1 crypto rx=0x7fc01c009820 tx=0x7fc01c02a270 comp rx=0 tx=0).stop
2024-09-19T05:57:59.305 INFO:teuthology.orchestra.run.smithi114.stdout:/usr/bin/ceph: stderr
2024-09-19T05:57:54.936+0000 7fc02e200640 1 -- 172.21.15.114:0/2983177005 shutdown_connections
2024-09-19T05:57:59.305 INFO:teuthology.orchestra.run.smithi114.stdout:/usr/bin/ceph: stderr
2024-09-19T05:57:54.936+0000 7fc02e200640 1 --2- 172.21.15.114:0/2983177005 >> [v2:172.21.15.114:3300/0,v1:172.21.15.114:6789/0] conn(0x7fc028107570 0x7fc028107970 unknown :-1 s=CLOSED pgs=59 cs=0 l=1 rev1=1 crypto rx=0 tx=0 comp rx=0 tx=0).stop
2024-09-19T05:57:59.305 INFO:teuthology.orchestra.run.smithi114.stdout:/usr/bin/ceph: stderr
2024-09-19T05:57:54.936+0000 7fc02e200640 1 -- 172.21.15.114:0/2983177005 >> 172.21.15.114:0/2983177005 conn(0x7fc028102d40 msgr2=0x7fc028105160 unknown :-1 s=STATE_NONE l=0).mark_down
2024-09-19T05:57:59.305 INFO:teuthology.orchestra.run.smithi114.stdout:/usr/bin/ceph: stderr
2024-09-19T05:57:54.936+0000 7fc02e200640 1 -- 172.21.15.114:0/2983177005 shutdown_connections
2024-09-19T05:57:59.305 INFO:teuthology.orchestra.run.smithi114.stdout:/usr/bin/ceph: stderr
2024-09-19T05:57:54.937+0000 7fc02e200640 1 -- 172.21.15.114:0/2983177005 wait complete.
2024-09-19T05:57:59.305 INFO:teuthology.orchestra.run.smithi114.stdout:/usr/bin/ceph: stderr
2024-09-19T05:57:54.937+0000 7fc02e200640 1 Processor -- start
2024-09-19T05:57:59.305 INFO:teuthology.orchestra.run.smithi114.stdout:/usr/bin/ceph: stderr
2024-09-19T05:57:54.938+0000 7fc02e200640 1 -- start start
2024-09-19T05:57:59.305 INFO:teuthology.orchestra.run.smithi114.stdout:/usr/bin/ceph: stderr
2024-09-19T05:57:54.938+0000 7fc02e200640 1 --2- >> [v2:172.21.15.114:3300/0,v1:172.21.15.114:6789/0] conn(0x7fc028107570 0x7fc02819d890 unknown :-1 s=NONE pgs=0 cs=0 l=1 rev1=0 crypto rx=0 tx=0 comp rx=0 tx=0).connect
2024-09-19T05:57:59.305 INFO:teuthology.orchestra.run.smithi114.stdout:/usr/bin/ceph: stderr
2024-09-19T05:57:54.938+0000 7fc02e200640 1 -- --> [v2:172.21.15.114:3300/0,v1:172.21.15.114:6789/0] -- mon_getmap magic: 0 -- 0x7fc02810bb20 con 0x7fc028107570
2024-09-19T05:57:59.305 INFO:teuthology.orchestra.run.smithi114.stdout:/usr/bin/ceph: stderr
2024-09-19T05:57:54.938+0000 7fc02ce00640 1 --2- >> [v2:172.21.15.114:3300/0,v1:172.21.15.114:6789/0] conn(0x7fc028107570 0x7fc02819d890 unknown :-1 s=BANNER_CONNECTING pgs=0 cs=0 l=1 rev1=0 crypto rx=0 tx=0 comp rx=0 tx=0)._handle_peer_banner_payload supported=3 required=0
2024-09-19T05:57:59.305 INFO:teuthology.orchestra.run.smithi114.stdout:/usr/bin/ceph: stderr
2024-09-19T05:57:54.938+0000 7fc02ce00640 1 --2- >> [v2:172.21.15.114:3300/0,v1:172.21.15.114:6789/0] conn(0x7fc028107570 0x7fc02819d890 unknown :-1 s=HELLO_CONNECTING pgs=0 cs=0 l=1 rev1=1 crypto rx=0 tx=0 comp rx=0 tx=0).handle_hello peer v2:172.21.15.114:3300/0 says I am v2:172.21.15.114:49874/0 (socket says 172.21.15.114:49874)
2024-09-19T05:57:59.306 INFO:teuthology.orchestra.run.smithi114.stdout:/usr/bin/ceph: stderr
2024-09-19T05:57:54.938+0000 7fc02ce00640 1 -- 172.21.15.114:0/965003432 learned_addr learned my addr 172.21.15.114:0/965003432 (peer_addr_for_me v2:172.21.15.114:0/0)
2024-09-19T05:57:59.306 INFO:teuthology.orchestra.run.smithi114.stdout:/usr/bin/ceph: stderr
2024-09-19T05:57:54.938+0000 7fc02ce00640 1 -- 172.21.15.114:0/965003432 --> [v2:172.21.15.114:3300/0,v1:172.21.15.114:6789/0] -- mon_subscribe({config=0+,monmap=0+}) -- 0x7fc02819ddd0 con 0x7fc028107570
2024-09-19T05:57:59.306 INFO:teuthology.orchestra.run.smithi114.stdout:/usr/bin/ceph: stderr
2024-09-19T05:57:54.939+0000 7fc02ce00640 1 --2- 172.21.15.114:0/965003432 >> [v2:172.21.15.114:3300/0,v1:172.21.15.114:6789/0] conn(0x7fc028107570 0x7fc02819d890 secure :-1 s=READY pgs=60 cs=0 l=1 rev1=1 crypto rx=0x7fc01c009940 tx=0x7fc01c032670 comp rx=0 tx=0).ready entity=mon.0 client_cookie=0 server_cookie=0 in_seq=0 out_seq=0
2024-09-19T05:57:59.306 INFO:teuthology.orchestra.run.smithi114.stdout:/usr/bin/ceph: stderr
2024-09-19T05:57:54.939+0000 7fc025600640 1 -- 172.21.15.114:0/965003432 <== mon.0 v2:172.21.15.114:3300/0 1 ==== mon_map magic: 0 ==== 205+0+0 (secure 0 0 0) 0x7fc01c042070 con 0x7fc028107570
2024-09-19T05:57:59.306 INFO:teuthology.orchestra.run.smithi114.stdout:/usr/bin/ceph: stderr
2024-09-19T05:57:54.939+0000 7fc025600640 1 -- 172.21.15.114:0/965003432 <== mon.0 v2:172.21.15.114:3300/0 2 ==== config(28 keys) ==== 1174+0+0 (secure 0 0 0) 0x7fc01c03d930 con 0x7fc028107570
2024-09-19T05:57:59.306 INFO:teuthology.orchestra.run.smithi114.stdout:/usr/bin/ceph: stderr
2024-09-19T05:57:54.939+0000 7fc025600640 1 -- 172.21.15.114:0/965003432 <== mon.0 v2:172.21.15.114:3300/0 3 ==== mon_map magic: 0 ==== 205+0+0 (secure 0 0 0) 0x7fc01c037040 con 0x7fc028107570
2024-09-19T05:57:59.306 INFO:teuthology.orchestra.run.smithi114.stdout:/usr/bin/ceph: stderr
2024-09-19T05:57:54.939+0000 7fc02e200640 1 -- 172.21.15.114:0/965003432 --> [v2:172.21.15.114:3300/0,v1:172.21.15.114:6789/0] -- mon_subscribe({mgrmap=0+}) -- 0x7fc02819e060 con 0x7fc028107570
2024-09-19T05:57:59.306 INFO:teuthology.orchestra.run.smithi114.stdout:/usr/bin/ceph: stderr
2024-09-19T05:57:54.939+0000 7fc02e200640 1 -- 172.21.15.114:0/965003432 --> [v2:172.21.15.114:3300/0,v1:172.21.15.114:6789/0] -- mon_subscribe({osdmap=0}) -- 0x7fc0281a0d50 con 0x7fc028107570
2024-09-19T05:57:59.306 INFO:teuthology.orchestra.run.smithi114.stdout:/usr/bin/ceph: stderr
2024-09-19T05:57:54.940+0000 7fc025600640 1 -- 172.21.15.114:0/965003432 <== mon.0 v2:172.21.15.114:3300/0 4 ==== mgrmap(e 9) ==== 46474+0+0 (secure 0 0 0) 0x7fc01c045070 con 0x7fc028107570
2024-09-19T05:57:59.306 INFO:teuthology.orchestra.run.smithi114.stdout:/usr/bin/ceph: stderr
2024-09-19T05:57:54.941+0000 7fc025600640 1 --2- 172.21.15.114:0/965003432 >> [v2:172.21.15.114:6800/3495902111,v1:172.21.15.114:6801/3495902111] conn(0x7fc010039260 0x7fc01003b720 unknown :-1 s=NONE pgs=0 cs=0 l=1 rev1=0 crypto rx=0 tx=0 comp rx=0 tx=0).connect
2024-09-19T05:57:59.306 INFO:teuthology.orchestra.run.smithi114.stdout:/usr/bin/ceph: stderr
2024-09-19T05:57:54.941+0000 7fc025600640 1 -- 172.21.15.114:0/965003432 --> [v2:172.21.15.114:6800/3495902111,v1:172.21.15.114:6801/3495902111] -- command(tid 0: {"prefix": "get_command_descriptions"}) -- 0x7fc01003be30 con 0x7fc010039260
2024-09-19T05:57:59.306 INFO:teuthology.orchestra.run.smithi114.stdout:/usr/bin/ceph: stderr
2024-09-19T05:57:54.941+0000 7fc025600640 1 -- 172.21.15.114:0/965003432 <== mon.0 v2:172.21.15.114:3300/0 5 ==== osd_map(2..2 src has 1..2) ==== 940+0+0 (secure 0 0 0) 0x7fc01c06c4d0 con 0x7fc028107570
2024-09-19T05:57:59.306 INFO:teuthology.orchestra.run.smithi114.stdout:/usr/bin/ceph: stderr
2024-09-19T05:57:54.941+0000 7fc027e00640 1 -- 172.21.15.114:0/965003432 >> [v2:172.21.15.114:6800/3495902111,v1:172.21.15.114:6801/3495902111] conn(0x7fc010039260 msgr2=0x7fc01003b720 unknown :-1 s=STATE_CONNECTING_RE l=1).process reconnect failed to v2:172.21.15.114:6800/3495902111
2024-09-19T05:57:59.307 INFO:teuthology.orchestra.run.smithi114.stdout:/usr/bin/ceph: stderr
2024-09-19T05:57:54.941+0000 7fc027e00640 1 --2- 172.21.15.114:0/965003432 >> [v2:172.21.15.114:6800/3495902111,v1:172.21.15.114:6801/3495902111] conn(0x7fc010039260 0x7fc01003b720 unknown :-1 s=START_CONNECT pgs=0 cs=0 l=1 rev1=0 crypto rx=0 tx=0 comp rx=0 tx=0)._fault waiting 0.200000
2024-09-19T05:57:59.307 INFO:teuthology.orchestra.run.smithi114.stdout:/usr/bin/ceph: stderr
2024-09-19T05:57:55.142+0000 7fc027e00640 1 -- 172.21.15.114:0/965003432 >> [v2:172.21.15.114:6800/3495902111,v1:172.21.15.114:6801/3495902111] conn(0x7fc010039260 msgr2=0x7fc01003b720 unknown :-1 s=STATE_CONNECTING_RE l=1).process reconnect failed to v2:172.21.15.114:6800/3495902111
2024-09-19T05:57:59.307 INFO:teuthology.orchestra.run.smithi114.stdout:/usr/bin/ceph: stderr
2024-09-19T05:57:55.142+0000 7fc027e00640 1 --2- 172.21.15.114:0/965003432 >> [v2:172.21.15.114:6800/3495902111,v1:172.21.15.114:6801/3495902111] conn(0x7fc010039260 0x7fc01003b720 unknown :-1 s=START_CONNECT pgs=0 cs=0 l=1 rev1=0 crypto rx=0 tx=0 comp rx=0 tx=0)._fault waiting 0.400000
2024-09-19T05:57:59.307 INFO:teuthology.orchestra.run.smithi114.stdout:/usr/bin/ceph: stderr
2024-09-19T05:57:55.543+0000 7fc027e00640 1 -- 172.21.15.114:0/965003432 >> [v2:172.21.15.114:6800/3495902111,v1:172.21.15.114:6801/3495902111] conn(0x7fc010039260 msgr2=0x7fc01003b720 unknown :-1 s=STATE_CONNECTING_RE l=1).process reconnect failed to v2:172.21.15.114:6800/3495902111
2024-09-19T05:57:59.307 INFO:teuthology.orchestra.run.smithi114.stdout:/usr/bin/ceph: stderr
2024-09-19T05:57:55.543+0000 7fc027e00640 1 --2- 172.21.15.114:0/965003432 >> [v2:172.21.15.114:6800/3495902111,v1:172.21.15.114:6801/3495902111] conn(0x7fc010039260 0x7fc01003b720 unknown :-1 s=START_CONNECT pgs=0 cs=0 l=1 rev1=0 crypto rx=0 tx=0 comp rx=0 tx=0)._fault waiting 0.800000
2024-09-19T05:57:59.307 INFO:teuthology.orchestra.run.smithi114.stdout:/usr/bin/ceph: stderr
2024-09-19T05:57:56.344+0000 7fc027e00640 1 -- 172.21.15.114:0/965003432 >> [v2:172.21.15.114:6800/3495902111,v1:172.21.15.114:6801/3495902111] conn(0x7fc010039260 msgr2=0x7fc01003b720 unknown :-1 s=STATE_CONNECTING_RE l=1).process reconnect failed to v2:172.21.15.114:6800/3495902111
2024-09-19T05:57:59.307 INFO:teuthology.orchestra.run.smithi114.stdout:/usr/bin/ceph: stderr
2024-09-19T05:57:56.344+0000 7fc027e00640 1 --2- 172.21.15.114:0/965003432 >> [v2:172.21.15.114:6800/3495902111,v1:172.21.15.114:6801/3495902111] conn(0x7fc010039260 0x7fc01003b720 unknown :-1 s=START_CONNECT pgs=0 cs=0 l=1 rev1=0 crypto rx=0 tx=0 comp rx=0 tx=0)._fault waiting 1.600000
2024-09-19T05:57:59.307 INFO:teuthology.orchestra.run.smithi114.stdout:/usr/bin/ceph: stderr
2024-09-19T05:57:57.118+0000 7fc025600640 1 -- 172.21.15.114:0/965003432 <== mon.0 v2:172.21.15.114:3300/0 6 ==== mgrmap(e 10) ==== 46241+0+0 (secure 0 0 0) 0x7fc01c06aec0 con 0x7fc028107570
2024-09-19T05:57:59.307 INFO:teuthology.orchestra.run.smithi114.stdout:/usr/bin/ceph: stderr
2024-09-19T05:57:57.118+0000 7fc025600640 1 -- 172.21.15.114:0/965003432 >> [v2:172.21.15.114:6800/3495902111,v1:172.21.15.114:6801/3495902111] conn(0x7fc010039260 msgr2=0x7fc01003b720 unknown :-1 s=STATE_CONNECTING l=1).mark_down
2024-09-19T05:57:59.307 INFO:teuthology.orchestra.run.smithi114.stdout:/usr/bin/ceph: stderr
2024-09-19T05:57:57.118+0000 7fc025600640 1 --2- 172.21.15.114:0/965003432 >> [v2:172.21.15.114:6800/3495902111,v1:172.21.15.114:6801/3495902111] conn(0x7fc010039260 0x7fc01003b720 unknown :-1 s=START_CONNECT pgs=0 cs=0 l=1 rev1=0 crypto rx=0 tx=0 comp rx=0 tx=0).stop
2024-09-19T05:57:59.307 INFO:teuthology.orchestra.run.smithi114.stdout:/usr/bin/ceph: stderr
2024-09-19T05:57:58.120+0000 7fc025600640 1 -- 172.21.15.114:0/965003432 <== mon.0 v2:172.21.15.114:3300/0 7 ==== mgrmap(e 11) ==== 46368+0+0 (secure 0 0 0) 0x7fc01c03dae0 con 0x7fc028107570
2024-09-19T05:57:59.307 INFO:teuthology.orchestra.run.smithi114.stdout:/usr/bin/ceph: stderr
2024-09-19T05:57:58.120+0000 7fc025600640 1 --2- 172.21.15.114:0/965003432 >> [v2:172.21.15.114:6800/1074303797,v1:172.21.15.114:6801/1074303797] conn(0x7fc01003cd20 0x7fc01003f110 unknown :-1 s=NONE pgs=0 cs=0 l=1 rev1=0 crypto rx=0 tx=0 comp rx=0 tx=0).connect
2024-09-19T05:57:59.307 INFO:teuthology.orchestra.run.smithi114.stdout:/usr/bin/ceph: stderr
2024-09-19T05:57:58.120+0000 7fc025600640 1 -- 172.21.15.114:0/965003432 --> [v2:172.21.15.114:6800/1074303797,v1:172.21.15.114:6801/1074303797] -- command(tid 0: {"prefix": "get_command_descriptions"}) -- 0x7fc01c0373c0 con 0x7fc01003cd20
2024-09-19T05:57:59.308 INFO:teuthology.orchestra.run.smithi114.stdout:/usr/bin/ceph: stderr
2024-09-19T05:57:58.121+0000 7fc027e00640 1 --2- 172.21.15.114:0/965003432 >> [v2:172.21.15.114:6800/1074303797,v1:172.21.15.114:6801/1074303797] conn(0x7fc01003cd20 0x7fc01003f110 unknown :-1 s=BANNER_CONNECTING pgs=0 cs=0 l=1 rev1=0 crypto rx=0 tx=0 comp rx=0 tx=0)._handle_peer_banner_payload supported=3 required=0
2024-09-19T05:57:59.308 INFO:teuthology.orchestra.run.smithi114.stdout:/usr/bin/ceph: stderr
2024-09-19T05:57:58.122+0000 7fc027e00640 1 --2- 172.21.15.114:0/965003432 >> [v2:172.21.15.114:6800/1074303797,v1:172.21.15.114:6801/1074303797] conn(0x7fc01003cd20 0x7fc01003f110 secure :-1 s=READY pgs=4 cs=0 l=1 rev1=1 crypto rx=0x7fc014003980 tx=0x7fc0140092b0 comp rx=0 tx=0).ready entity=mgr.14150 client_cookie=0 server_cookie=0 in_seq=0 out_seq=0
2024-09-19T05:57:59.308 INFO:teuthology.orchestra.run.smithi114.stdout:/usr/bin/ceph: stderr
2024-09-19T05:57:58.123+0000 7fc025600640 1 -- 172.21.15.114:0/965003432 <== mgr.14150 v2:172.21.15.114:6800/1074303797 1 ==== command_reply(tid 0: 0 ) ==== 8+0+9564 (secure 0 0 0) 0x7fc01c0373c0 con 0x7fc01003cd20
2024-09-19T05:57:59.308 INFO:teuthology.orchestra.run.smithi114.stdout:/usr/bin/ceph: stderr
2024-09-19T05:57:58.130+0000 7fc02e200640 1 -- 172.21.15.114:0/965003432 --> [v2:172.21.15.114:6800/1074303797,v1:172.21.15.114:6801/1074303797] -- command(tid 1: {"prefix": "mgr_status"}) -- 0x7fc02810b970 con 0x7fc01003cd20
2024-09-19T05:57:59.308 INFO:teuthology.orchestra.run.smithi114.stdout:/usr/bin/ceph: stderr
2024-09-19T05:57:58.131+0000 7fc025600640 1 -- 172.21.15.114:0/965003432 <== mgr.14150 v2:172.21.15.114:6800/1074303797 2 ==== command_reply(tid 1: 0 ) ==== 8+0+52 (secure 0 0 0) 0x7fc02810b970 con 0x7fc01003cd20
2024-09-19T05:57:59.308 INFO:teuthology.orchestra.run.smithi114.stdout:/usr/bin/ceph: stderr
2024-09-19T05:57:58.131+0000 7fc02e200640 1 -- 172.21.15.114:0/965003432 >> [v2:172.21.15.114:6800/1074303797,v1:172.21.15.114:6801/1074303797] conn(0x7fc01003cd20 msgr2=0x7fc01003f110 secure :-1 s=STATE_CONNECTION_ESTABLISHED l=1).mark_down
2024-09-19T05:57:59.308 INFO:teuthology.orchestra.run.smithi114.stdout:/usr/bin/ceph: stderr
2024-09-19T05:57:58.131+0000 7fc02e200640 1 --2- 172.21.15.114:0/965003432 >> [v2:172.21.15.114:6800/1074303797,v1:172.21.15.114:6801/1074303797] conn(0x7fc01003cd20 0x7fc01003f110 secure :-1 s=READY pgs=4 cs=0 l=1 rev1=1 crypto rx=0x7fc014003980 tx=0x7fc0140092b0 comp rx=0 tx=0).stop
2024-09-19T05:57:59.308 INFO:teuthology.orchestra.run.smithi114.stdout:/usr/bin/ceph: stderr
2024-09-19T05:57:58.131+0000 7fc02e200640 1 -- 172.21.15.114:0/965003432 >> [v2:172.21.15.114:3300/0,v1:172.21.15.114:6789/0] conn(0x7fc028107570 msgr2=0x7fc02819d890 secure :-1 s=STATE_CONNECTION_ESTABLISHED l=1).mark_down
2024-09-19T05:57:59.308 INFO:teuthology.orchestra.run.smithi114.stdout:/usr/bin/ceph: stderr
2024-09-19T05:57:58.131+0000 7fc02e200640 1 --2- 172.21.15.114:0/965003432 >> [v2:172.21.15.114:3300/0,v1:172.21.15.114:6789/0] conn(0x7fc028107570 0x7fc02819d890 secure :-1 s=READY pgs=60 cs=0 l=1 rev1=1 crypto rx=0x7fc01c009940 tx=0x7fc01c032670 comp rx=0 tx=0).stop
2024-09-19T05:57:59.308 INFO:teuthology.orchestra.run.smithi114.stdout:/usr/bin/ceph: stderr
2024-09-19T05:57:58.131+0000 7fc02e200640 1 -- 172.21.15.114:0/965003432 shutdown_connections
2024-09-19T05:57:59.308 INFO:teuthology.orchestra.run.smithi114.stdout:/usr/bin/ceph: stderr
2024-09-19T05:57:58.131+0000 7fc02e200640 1 --2- 172.21.15.114:0/965003432 >> [v2:172.21.15.114:6800/1074303797,v1:172.21.15.114:6801/1074303797] conn(0x7fc01003cd20 0x7fc01003f110 unknown :-1 s=CLOSED pgs=4 cs=0 l=1 rev1=1 crypto rx=0 tx=0 comp rx=0 tx=0).stop
2024-09-19T05:57:59.308 INFO:teuthology.orchestra.run.smithi114.stdout:/usr/bin/ceph: stderr
2024-09-19T05:57:58.131+0000 7fc02e200640 1 --2- 172.21.15.114:0/965003432 >> [v2:172.21.15.114:6800/3495902111,v1:172.21.15.114:6801/3495902111] conn(0x7fc010039260 0x7fc01003b720 unknown :-1 s=CLOSED pgs=0 cs=0 l=1 rev1=0 crypto rx=0 tx=0 comp rx=0 tx=0).stop
2024-09-19T05:57:59.309 INFO:teuthology.orchestra.run.smithi114.stdout:/usr/bin/ceph: stderr
2024-09-19T05:57:58.131+0000 7fc02e200640 1 --2- 172.21.15.114:0/965003432 >> [v2:172.21.15.114:3300/0,v1:172.21.15.114:6789/0] conn(0x7fc028107570 0x7fc02819d890 unknown :-1 s=CLOSED pgs=60 cs=0 l=1 rev1=1 crypto rx=0 tx=0 comp rx=0 tx=0).stop
2024-09-19T05:57:59.309 INFO:teuthology.orchestra.run.smithi114.stdout:/usr/bin/ceph: stderr
2024-09-19T05:57:58.131+0000 7fc02e200640 1 -- 172.21.15.114:0/965003432 >> 172.21.15.114:0/965003432 conn(0x7fc028102d40 msgr2=0x7fc0281039a0 unknown :-1 s=STATE_NONE l=0).mark_down
2024-09-19T05:57:59.309 INFO:teuthology.orchestra.run.smithi114.stdout:/usr/bin/ceph: stderr
2024-09-19T05:57:58.131+0000 7fc02e200640 1 -- 172.21.15.114:0/965003432 shutdown_connections
2024-09-19T05:57:59.309 INFO:teuthology.orchestra.run.smithi114.stdout:/usr/bin/ceph: stderr
2024-09-19T05:57:58.132+0000 7fc02e200640 1 -- 172.21.15.114:0/965003432 wait complete.
2024-09-19T05:57:59.309 INFO:teuthology.orchestra.run.smithi114.stdout:mgr epoch 9 is available
2024-09-19T05:57:59.309 INFO:teuthology.orchestra.run.smithi114.stdout:Generating a dashboard self-signed certificate...
2024-09-19T05:57:59.438 INFO:journalctl@ceph.mon.a.smithi114.stdout:Sep 19 05:57:59 smithi114 ceph-mon[30530]: [19/Sep/2024:05:57:58] ENGINE Bus STARTING
2024-09-19T05:57:59.438 INFO:journalctl@ceph.mon.a.smithi114.stdout:Sep 19 05:57:59 smithi114 ceph-mon[30530]: [19/Sep/2024:05:57:58] ENGINE Serving on http://172.21.15.114:8765
2024-09-19T05:58:00.416 INFO:journalctl@ceph.mon.a.smithi114.stdout:Sep 19 05:58:00 smithi114 ceph-mon[30530]: [19/Sep/2024:05:57:58] ENGINE Serving on https://172.21.15.114:7150
2024-09-19T05:58:00.417 INFO:journalctl@ceph.mon.a.smithi114.stdout:Sep 19 05:58:00 smithi114 ceph-mon[30530]: [19/Sep/2024:05:57:58] ENGINE Bus STARTED
2024-09-19T05:58:00.417 INFO:journalctl@ceph.mon.a.smithi114.stdout:Sep 19 05:58:00 smithi114 ceph-mon[30530]: [19/Sep/2024:05:57:58] ENGINE Error in HTTPServer.serve
2024-09-19T05:58:00.417 INFO:journalctl@ceph.mon.a.smithi114.stdout: Traceback (most recent call last):
2024-09-19T05:58:00.417 INFO:journalctl@ceph.mon.a.smithi114.stdout: File "/lib/python3.9/site-packages/cheroot/server.py", line 1823, in serve
2024-09-19T05:58:00.417 INFO:journalctl@ceph.mon.a.smithi114.stdout: self._connections.run(self.expiration_interval)
2024-09-19T05:58:00.417 INFO:journalctl@ceph.mon.a.smithi114.stdout: File "/lib/python3.9/site-packages/cheroot/connections.py", line 203, in run
2024-09-19T05:58:00.417 INFO:journalctl@ceph.mon.a.smithi114.stdout: self._run(expiration_interval)
2024-09-19T05:58:00.417 INFO:journalctl@ceph.mon.a.smithi114.stdout: File "/lib/python3.9/site-packages/cheroot/connections.py", line 246, in _run
2024-09-19T05:58:00.417 INFO:journalctl@ceph.mon.a.smithi114.stdout: new_conn = self._from_server_socket(self.server.socket)
2024-09-19T05:58:00.417 INFO:journalctl@ceph.mon.a.smithi114.stdout: File "/lib/python3.9/site-packages/cheroot/connections.py", line 300, in _from_server_socket
2024-09-19T05:58:00.417 INFO:journalctl@ceph.mon.a.smithi114.stdout: s, ssl_env = self.server.ssl_adapter.wrap(s)
2024-09-19T05:58:00.417 INFO:journalctl@ceph.mon.a.smithi114.stdout: File "/lib/python3.9/site-packages/cheroot/ssl/builtin.py", line 277, in wrap
2024-09-19T05:58:00.418 INFO:journalctl@ceph.mon.a.smithi114.stdout: s = self.context.wrap_socket(
2024-09-19T05:58:00.418 INFO:journalctl@ceph.mon.a.smithi114.stdout: File "/lib64/python3.9/ssl.py", line 501, in wrap_socket
2024-09-19T05:58:00.418 INFO:journalctl@ceph.mon.a.smithi114.stdout: return self.sslsocket_class._create(
2024-09-19T05:58:00.418 INFO:journalctl@ceph.mon.a.smithi114.stdout: File "/lib64/python3.9/ssl.py", line 1074, in _create
2024-09-19T05:58:00.418 INFO:journalctl@ceph.mon.a.smithi114.stdout: self.do_handshake()
2024-09-19T05:58:00.418 INFO:journalctl@ceph.mon.a.smithi114.stdout: File "/lib64/python3.9/ssl.py", line 1343, in do_handshake
2024-09-19T05:58:00.418 INFO:journalctl@ceph.mon.a.smithi114.stdout: self._sslobj.do_handshake()
2024-09-19T05:58:00.418 INFO:journalctl@ceph.mon.a.smithi114.stdout: ssl.SSLZeroReturnError: TLS/SSL connection has been closed (EOF) (_ssl.c:1133)
2024-09-19T05:58:00.418 INFO:journalctl@ceph.mon.a.smithi114.stdout:Sep 19 05:58:00 smithi114 ceph-mon[30530]: mgrmap e12: x(active, since 2s)
2024-09-19T05:58:00.418 INFO:journalctl@ceph.mon.a.smithi114.stdout:Sep 19 05:58:00 smithi114 ceph-mon[30530]: from='mgr.14150 172.21.15.114:0/880413562' entity='mgr.x'
2024-09-19T05:58:00.418 INFO:journalctl@ceph.mon.a.smithi114.stdout:Sep 19 05:58:00 smithi114 ceph-mon[30530]: from='mgr.14150 172.21.15.114:0/880413562' entity='mgr.x'
2024-09-19T05:58:00.418 INFO:journalctl@ceph.mon.a.smithi114.stdout:Sep 19 05:58:00 smithi114 ceph-mon[30530]: from='mgr.14150 172.21.15.114:0/880413562' entity='mgr.x'
2024-09-19T05:58:00.894 INFO:teuthology.orchestra.run.smithi114.stdout:/usr/bin/ceph: stdout Self-signed certificate created
2024-09-19T05:58:00.894 INFO:teuthology.orchestra.run.smithi114.stdout:/usr/bin/ceph: stderr
2024-09-19T05:57:59.814+0000 7f8d5d600640 1 Processor -- start
2024-09-19T05:58:00.894 INFO:teuthology.orchestra.run.smithi114.stdout:/usr/bin/ceph: stderr
2024-09-19T05:57:59.814+0000 7f8d5d600640 1 -- start start
2024-09-19T05:58:00.894 INFO:teuthology.orchestra.run.smithi114.stdout:/usr/bin/ceph: stderr
2024-09-19T05:57:59.814+0000 7f8d5d600640 1 --2- >> [v2:172.21.15.114:3300/0,v1:172.21.15.114:6789/0] conn(0x7f8d5807de10 0x7f8d5807c270 unknown :-1 s=NONE pgs=0 cs=0 l=0 rev1=0 crypto rx=0 tx=0 comp rx=0 tx=0).connect
2024-09-19T05:58:00.894 INFO:teuthology.orchestra.run.smithi114.stdout:/usr/bin/ceph: stderr
2024-09-19T05:57:59.814+0000 7f8d5d600640 1 -- --> [v2:172.21.15.114:3300/0,v1:172.21.15.114:6789/0] -- mon_getmap magic: 0 -- 0x7f8d5807c840 con 0x7f8d5807de10
2024-09-19T05:58:00.895 INFO:teuthology.orchestra.run.smithi114.stdout:/usr/bin/ceph: stderr
2024-09-19T05:57:59.815+0000 7f8d57e00640 1 --2- >> [v2:172.21.15.114:3300/0,v1:172.21.15.114:6789/0] conn(0x7f8d5807de10 0x7f8d5807c270 unknown :-1 s=BANNER_CONNECTING pgs=0 cs=0 l=0 rev1=0 crypto rx=0 tx=0 comp rx=0 tx=0)._handle_peer_banner_payload supported=3 required=0
2024-09-19T05:58:00.895 INFO:teuthology.orchestra.run.smithi114.stdout:/usr/bin/ceph: stderr
2024-09-19T05:57:59.815+0000 7f8d57e00640 1 --2- >> [v2:172.21.15.114:3300/0,v1:172.21.15.114:6789/0] conn(0x7f8d5807de10 0x7f8d5807c270 unknown :-1 s=HELLO_CONNECTING pgs=0 cs=0 l=0 rev1=1 crypto rx=0 tx=0 comp rx=0 tx=0).handle_hello peer v2:172.21.15.114:3300/0 says I am v2:172.21.15.114:47298/0 (socket says 172.21.15.114:47298)
2024-09-19T05:58:00.895 INFO:teuthology.orchestra.run.smithi114.stdout:/usr/bin/ceph: stderr
2024-09-19T05:57:59.815+0000 7f8d57e00640 1 -- 172.21.15.114:0/4145979736 learned_addr learned my addr 172.21.15.114:0/4145979736 (peer_addr_for_me v2:172.21.15.114:0/0)
2024-09-19T05:58:00.895 INFO:teuthology.orchestra.run.smithi114.stdout:/usr/bin/ceph: stderr
2024-09-19T05:57:59.815+0000 7f8d57e00640 1 -- 172.21.15.114:0/4145979736 --> [v2:172.21.15.114:3300/0,v1:172.21.15.114:6789/0] -- mon_subscribe({config=0+,monmap=0+}) -- 0x7f8d5807c9c0 con 0x7f8d5807de10
2024-09-19T05:58:00.895 INFO:teuthology.orchestra.run.smithi114.stdout:/usr/bin/ceph: stderr
2024-09-19T05:57:59.816+0000 7f8d57e00640 1 --2- 172.21.15.114:0/4145979736 >> [v2:172.21.15.114:3300/0,v1:172.21.15.114:6789/0] conn(0x7f8d5807de10 0x7f8d5807c270 secure :-1 s=READY pgs=68 cs=0 l=1 rev1=1 crypto rx=0x7f8d48009820 tx=0x7f8d4802a270 comp rx=0 tx=0).ready entity=mon.0 client_cookie=4827f1804c219f9c server_cookie=0 in_seq=0 out_seq=0
2024-09-19T05:58:00.895 INFO:teuthology.orchestra.run.smithi114.stdout:/usr/bin/ceph: stderr
2024-09-19T05:57:59.817+0000 7f8d56a00640 1 -- 172.21.15.114:0/4145979736 <== mon.0 v2:172.21.15.114:3300/0 1 ==== mon_map magic: 0 ==== 205+0+0 (secure 0 0 0) 0x7f8d48037070 con 0x7f8d5807de10
2024-09-19T05:58:00.895 INFO:teuthology.orchestra.run.smithi114.stdout:/usr/bin/ceph: stderr
2024-09-19T05:57:59.817+0000 7f8d56a00640 1 -- 172.21.15.114:0/4145979736 <== mon.0 v2:172.21.15.114:3300/0 2 ==== config(28 keys) ==== 1174+0+0 (secure 0 0 0) 0x7f8d48032940 con 0x7f8d5807de10
2024-09-19T05:58:00.895 INFO:teuthology.orchestra.run.smithi114.stdout:/usr/bin/ceph: stderr
2024-09-19T05:57:59.817+0000 7f8d56a00640 1 -- 172.21.15.114:0/4145979736 <== mon.0 v2:172.21.15.114:3300/0 3 ==== mon_map magic: 0 ==== 205+0+0 (secure 0 0 0) 0x7f8d480308b0 con 0x7f8d5807de10
2024-09-19T05:58:00.895 INFO:teuthology.orchestra.run.smithi114.stdout:/usr/bin/ceph: stderr
2024-09-19T05:57:59.817+0000 7f8d5d600640 1 -- 172.21.15.114:0/4145979736 >> [v2:172.21.15.114:3300/0,v1:172.21.15.114:6789/0] conn(0x7f8d5807de10 msgr2=0x7f8d5807c270 secure :-1 s=STATE_CONNECTION_ESTABLISHED l=1).mark_down
2024-09-19T05:58:00.895 INFO:teuthology.orchestra.run.smithi114.stdout:/usr/bin/ceph: stderr
2024-09-19T05:57:59.817+0000 7f8d5d600640 1 --2- 172.21.15.114:0/4145979736 >> [v2:172.21.15.114:3300/0,v1:172.21.15.114:6789/0] conn(0x7f8d5807de10 0x7f8d5807c270 secure :-1 s=READY pgs=68 cs=0 l=1 rev1=1 crypto rx=0x7f8d48009820 tx=0x7f8d4802a270 comp rx=0 tx=0).stop
2024-09-19T05:58:00.895 INFO:teuthology.orchestra.run.smithi114.stdout:/usr/bin/ceph: stderr
2024-09-19T05:57:59.818+0000 7f8d5d600640 1 -- 172.21.15.114:0/4145979736 shutdown_connections
2024-09-19T05:58:00.895 INFO:teuthology.orchestra.run.smithi114.stdout:/usr/bin/ceph: stderr
2024-09-19T05:57:59.818+0000 7f8d5d600640 1 --2- 172.21.15.114:0/4145979736 >> [v2:172.21.15.114:3300/0,v1:172.21.15.114:6789/0] conn(0x7f8d5807de10 0x7f8d5807c270 unknown :-1 s=CLOSED pgs=68 cs=0 l=1 rev1=1 crypto rx=0 tx=0 comp rx=0 tx=0).stop
2024-09-19T05:58:00.895 INFO:teuthology.orchestra.run.smithi114.stdout:/usr/bin/ceph: stderr
2024-09-19T05:57:59.818+0000 7f8d5d600640 1 -- 172.21.15.114:0/4145979736 >> 172.21.15.114:0/4145979736 conn(0x7f8d58102d40 msgr2=0x7f8d58105160 unknown :-1 s=STATE_NONE l=0).mark_down
2024-09-19T05:58:00.896 INFO:teuthology.orchestra.run.smithi114.stdout:/usr/bin/ceph: stderr
2024-09-19T05:57:59.818+0000 7f8d5d600640 1 -- 172.21.15.114:0/4145979736 shutdown_connections
2024-09-19T05:58:00.896 INFO:teuthology.orchestra.run.smithi114.stdout:/usr/bin/ceph: stderr
2024-09-19T05:57:59.818+0000 7f8d5d600640 1 -- 172.21.15.114:0/4145979736 wait complete.
2024-09-19T05:58:00.896 INFO:teuthology.orchestra.run.smithi114.stdout:/usr/bin/ceph: stderr
2024-09-19T05:57:59.819+0000 7f8d5d600640 1 Processor -- start
2024-09-19T05:58:00.896 INFO:teuthology.orchestra.run.smithi114.stdout:/usr/bin/ceph: stderr
2024-09-19T05:57:59.819+0000 7f8d5d600640 1 -- start start
2024-09-19T05:58:00.896 INFO:teuthology.orchestra.run.smithi114.stdout:/usr/bin/ceph: stderr
2024-09-19T05:57:59.819+0000 7f8d5d600640 1 --2- >> [v2:172.21.15.114:3300/0,v1:172.21.15.114:6789/0] conn(0x7f8d5807de10 0x7f8d5819d820 unknown :-1 s=NONE pgs=0 cs=0 l=1 rev1=0 crypto rx=0 tx=0 comp rx=0 tx=0).connect
2024-09-19T05:58:00.896 INFO:teuthology.orchestra.run.smithi114.stdout:/usr/bin/ceph: stderr
2024-09-19T05:57:59.819+0000 7f8d5d600640 1 -- --> [v2:172.21.15.114:3300/0,v1:172.21.15.114:6789/0] -- mon_getmap magic: 0 -- 0x7f8d5810dc60 con 0x7f8d5807de10
2024-09-19T05:58:00.896 INFO:teuthology.orchestra.run.smithi114.stdout:/usr/bin/ceph: stderr
2024-09-19T05:57:59.819+0000 7f8d57e00640 1 --2- >> [v2:172.21.15.114:3300/0,v1:172.21.15.114:6789/0] conn(0x7f8d5807de10 0x7f8d5819d820 unknown :-1 s=BANNER_CONNECTING pgs=0 cs=0 l=1 rev1=0 crypto rx=0 tx=0 comp rx=0 tx=0)._handle_peer_banner_payload supported=3 required=0
2024-09-19T05:58:00.896 INFO:teuthology.orchestra.run.smithi114.stdout:/usr/bin/ceph: stderr
2024-09-19T05:57:59.819+0000 7f8d57e00640 1 --2- >> [v2:172.21.15.114:3300/0,v1:172.21.15.114:6789/0] conn(0x7f8d5807de10 0x7f8d5819d820 unknown :-1 s=HELLO_CONNECTING pgs=0 cs=0 l=1 rev1=1 crypto rx=0 tx=0 comp rx=0 tx=0).handle_hello peer v2:172.21.15.114:3300/0 says I am v2:172.21.15.114:47304/0 (socket says 172.21.15.114:47304)
2024-09-19T05:58:00.896 INFO:teuthology.orchestra.run.smithi114.stdout:/usr/bin/ceph: stderr
2024-09-19T05:57:59.819+0000 7f8d57e00640 1 -- 172.21.15.114:0/358833652 learned_addr learned my addr 172.21.15.114:0/358833652 (peer_addr_for_me v2:172.21.15.114:0/0)
2024-09-19T05:58:00.896 INFO:teuthology.orchestra.run.smithi114.stdout:/usr/bin/ceph: stderr
2024-09-19T05:57:59.820+0000 7f8d57e00640 1 -- 172.21.15.114:0/358833652 --> [v2:172.21.15.114:3300/0,v1:172.21.15.114:6789/0] -- mon_subscribe({config=0+,monmap=0+}) -- 0x7f8d5819dd60 con 0x7f8d5807de10
2024-09-19T05:58:00.896 INFO:teuthology.orchestra.run.smithi114.stdout:/usr/bin/ceph: stderr
2024-09-19T05:57:59.820+0000 7f8d57e00640 1 --2- 172.21.15.114:0/358833652 >> [v2:172.21.15.114:3300/0,v1:172.21.15.114:6789/0] conn(0x7f8d5807de10 0x7f8d5819d820 secure :-1 s=READY pgs=69 cs=0 l=1 rev1=1 crypto rx=0x7f8d480097f0 tx=0x7f8d48032e60 comp rx=0 tx=0).ready entity=mon.0 client_cookie=0 server_cookie=0 in_seq=0 out_seq=0
2024-09-19T05:58:00.896 INFO:teuthology.orchestra.run.smithi114.stdout:/usr/bin/ceph: stderr
2024-09-19T05:57:59.820+0000 7f8d54c00640 1 -- 172.21.15.114:0/358833652 <== mon.0 v2:172.21.15.114:3300/0 1 ==== mon_map magic: 0 ==== 205+0+0 (secure 0 0 0) 0x7f8d48037040 con 0x7f8d5807de10
2024-09-19T05:58:00.897 INFO:teuthology.orchestra.run.smithi114.stdout:/usr/bin/ceph: stderr
2024-09-19T05:57:59.820+0000 7f8d54c00640 1 -- 172.21.15.114:0/358833652 <== mon.0 v2:172.21.15.114:3300/0 2 ==== config(28 keys) ==== 1174+0+0 (secure 0 0 0) 0x7f8d48040070 con 0x7f8d5807de10
2024-09-19T05:58:00.897 INFO:teuthology.orchestra.run.smithi114.stdout:/usr/bin/ceph: stderr
2024-09-19T05:57:59.820+0000 7f8d54c00640 1 -- 172.21.15.114:0/358833652 <== mon.0 v2:172.21.15.114:3300/0 3 ==== mon_map magic: 0 ==== 205+0+0 (secure 0 0 0) 0x7f8d4803a520 con 0x7f8d5807de10
2024-09-19T05:58:00.897 INFO:teuthology.orchestra.run.smithi114.stdout:/usr/bin/ceph: stderr
2024-09-19T05:57:59.820+0000 7f8d5d600640 1 -- 172.21.15.114:0/358833652 --> [v2:172.21.15.114:3300/0,v1:172.21.15.114:6789/0] -- mon_subscribe({mgrmap=0+}) -- 0x7f8d5819dff0 con 0x7f8d5807de10
2024-09-19T05:58:00.897 INFO:teuthology.orchestra.run.smithi114.stdout:/usr/bin/ceph: stderr
2024-09-19T05:57:59.821+0000 7f8d5d600640 1 -- 172.21.15.114:0/358833652 --> [v2:172.21.15.114:3300/0,v1:172.21.15.114:6789/0] -- mon_subscribe({osdmap=0}) -- 0x7f8d581a0ce0 con 0x7f8d5807de10
2024-09-19T05:58:00.897 INFO:teuthology.orchestra.run.smithi114.stdout:/usr/bin/ceph: stderr
2024-09-19T05:57:59.822+0000 7f8d54c00640 1 -- 172.21.15.114:0/358833652 <== mon.0 v2:172.21.15.114:3300/0 4 ==== mgrmap(e 12) ==== 46474+0+0 (secure 0 0 0) 0x7f8d4803b430 con 0x7f8d5807de10
2024-09-19T05:58:00.897 INFO:teuthology.orchestra.run.smithi114.stdout:/usr/bin/ceph: stderr
2024-09-19T05:57:59.822+0000 7f8d5d600640 1 -- 172.21.15.114:0/358833652 --> [v2:172.21.15.114:3300/0,v1:172.21.15.114:6789/0] -- mon_command({"prefix": "get_command_descriptions"} v 0) -- 0x7f8d5807c2f0 con 0x7f8d5807de10
2024-09-19T05:58:00.897 INFO:teuthology.orchestra.run.smithi114.stdout:/usr/bin/ceph: stderr
2024-09-19T05:57:59.822+0000 7f8d54c00640 1 --2- 172.21.15.114:0/358833652 >> [v2:172.21.15.114:6800/1074303797,v1:172.21.15.114:6801/1074303797] conn(0x7f8d3c0391b0 0x7f8d3c03b670 unknown :-1 s=NONE pgs=0 cs=0 l=1 rev1=0 crypto rx=0 tx=0 comp rx=0 tx=0).connect
2024-09-19T05:58:00.897 INFO:teuthology.orchestra.run.smithi114.stdout:/usr/bin/ceph: stderr
2024-09-19T05:57:59.822+0000 7f8d54c00640 1 -- 172.21.15.114:0/358833652 <== mon.0 v2:172.21.15.114:3300/0 5 ==== osd_map(3..3 src has 1..3) ==== 1155+0+0 (secure 0 0 0) 0x7f8d4806cbb0 con 0x7f8d5807de10
2024-09-19T05:58:00.897 INFO:teuthology.orchestra.run.smithi114.stdout:/usr/bin/ceph: stderr
2024-09-19T05:57:59.822+0000 7f8d57400640 1 --2- 172.21.15.114:0/358833652 >> [v2:172.21.15.114:6800/1074303797,v1:172.21.15.114:6801/1074303797] conn(0x7f8d3c0391b0 0x7f8d3c03b670 unknown :-1 s=BANNER_CONNECTING pgs=0 cs=0 l=1 rev1=0 crypto rx=0 tx=0 comp rx=0 tx=0)._handle_peer_banner_payload supported=3 required=0
2024-09-19T05:58:00.897 INFO:teuthology.orchestra.run.smithi114.stdout:/usr/bin/ceph: stderr
2024-09-19T05:57:59.823+0000 7f8d57400640 1 --2- 172.21.15.114:0/358833652 >> [v2:172.21.15.114:6800/1074303797,v1:172.21.15.114:6801/1074303797] conn(0x7f8d3c0391b0 0x7f8d3c03b670 secure :-1 s=READY pgs=7 cs=0 l=1 rev1=1 crypto rx=0x7f8d440098c0 tx=0x7f8d44006db0 comp rx=0 tx=0).ready entity=mgr.14150 client_cookie=0 server_cookie=0 in_seq=0 out_seq=0
2024-09-19T05:58:00.897 INFO:teuthology.orchestra.run.smithi114.stdout:/usr/bin/ceph: stderr
2024-09-19T05:57:59.828+0000 7f8d54c00640 1 -- 172.21.15.114:0/358833652 <== mon.0 v2:172.21.15.114:3300/0 6 ==== mon_command_ack([{"prefix": "get_command_descriptions"}]=0 v0) ==== 72+0+188913 (secure 0 0 0) 0x7f8d48044c60 con 0x7f8d5807de10
2024-09-19T05:58:00.897 INFO:teuthology.orchestra.run.smithi114.stdout:/usr/bin/ceph: stderr
2024-09-19T05:58:00.018+0000 7f8d5d600640 1 -- 172.21.15.114:0/358833652 --> [v2:172.21.15.114:6800/1074303797,v1:172.21.15.114:6801/1074303797] -- mgr_command(tid 0: {"prefix": "dashboard create-self-signed-cert", "target": ["mon-mgr", ""]}) -- 0x7f8d58104040 con 0x7f8d3c0391b0
2024-09-19T05:58:00.898 INFO:teuthology.orchestra.run.smithi114.stdout:/usr/bin/ceph: stderr
2024-09-19T05:58:00.153+0000 7f8d54c00640 1 -- 172.21.15.114:0/358833652 <== mgr.14150 v2:172.21.15.114:6800/1074303797 1 ==== mgr_command_reply(tid 0: 0 ) ==== 8+0+32 (secure 0 0 0) 0x7f8d58104040 con 0x7f8d3c0391b0
2024-09-19T05:58:00.898 INFO:teuthology.orchestra.run.smithi114.stdout:/usr/bin/ceph: stderr
2024-09-19T05:58:00.156+0000 7f8d5d600640 1 -- 172.21.15.114:0/358833652 >> [v2:172.21.15.114:6800/1074303797,v1:172.21.15.114:6801/1074303797] conn(0x7f8d3c0391b0 msgr2=0x7f8d3c03b670 secure :-1 s=STATE_CONNECTION_ESTABLISHED l=1).mark_down
2024-09-19T05:58:00.898 INFO:teuthology.orchestra.run.smithi114.stdout:/usr/bin/ceph: stderr
2024-09-19T05:58:00.156+0000 7f8d5d600640 1 --2- 172.21.15.114:0/358833652 >> [v2:172.21.15.114:6800/1074303797,v1:172.21.15.114:6801/1074303797] conn(0x7f8d3c0391b0 0x7f8d3c03b670 secure :-1 s=READY pgs=7 cs=0 l=1 rev1=1 crypto rx=0x7f8d440098c0 tx=0x7f8d44006db0 comp rx=0 tx=0).stop
2024-09-19T05:58:00.898 INFO:teuthology.orchestra.run.smithi114.stdout:/usr/bin/ceph: stderr
2024-09-19T05:58:00.156+0000 7f8d5d600640 1 -- 172.21.15.114:0/358833652 >> [v2:172.21.15.114:3300/0,v1:172.21.15.114:6789/0] conn(0x7f8d5807de10 msgr2=0x7f8d5819d820 secure :-1 s=STATE_CONNECTION_ESTABLISHED l=1).mark_down
2024-09-19T05:58:00.898 INFO:teuthology.orchestra.run.smithi114.stdout:/usr/bin/ceph: stderr
2024-09-19T05:58:00.156+0000 7f8d5d600640 1 --2- 172.21.15.114:0/358833652 >> [v2:172.21.15.114:3300/0,v1:172.21.15.114:6789/0] conn(0x7f8d5807de10 0x7f8d5819d820 secure :-1 s=READY pgs=69 cs=0 l=1 rev1=1 crypto rx=0x7f8d480097f0 tx=0x7f8d48032e60 comp rx=0 tx=0).stop
2024-09-19T05:58:00.898 INFO:teuthology.orchestra.run.smithi114.stdout:/usr/bin/ceph: stderr
2024-09-19T05:58:00.156+0000 7f8d5d600640 1 -- 172.21.15.114:0/358833652 shutdown_connections
2024-09-19T05:58:00.898 INFO:teuthology.orchestra.run.smithi114.stdout:/usr/bin/ceph: stderr
2024-09-19T05:58:00.156+0000 7f8d5d600640 1 --2- 172.21.15.114:0/358833652 >> [v2:172.21.15.114:6800/1074303797,v1:172.21.15.114:6801/1074303797] conn(0x7f8d3c0391b0 0x7f8d3c03b670 unknown :-1 s=CLOSED pgs=7 cs=0 l=1 rev1=1 crypto rx=0 tx=0 comp rx=0 tx=0).stop
2024-09-19T05:58:00.898 INFO:teuthology.orchestra.run.smithi114.stdout:/usr/bin/ceph: stderr
2024-09-19T05:58:00.156+0000 7f8d5d600640 1 --2- 172.21.15.114:0/358833652 >> [v2:172.21.15.114:3300/0,v1:172.21.15.114:6789/0] conn(0x7f8d5807de10 0x7f8d5819d820 unknown :-1 s=CLOSED pgs=69 cs=0 l=1 rev1=1 crypto rx=0 tx=0 comp rx=0 tx=0).stop
2024-09-19T05:58:00.898 INFO:teuthology.orchestra.run.smithi114.stdout:/usr/bin/ceph: stderr
2024-09-19T05:58:00.156+0000 7f8d5d600640 1 -- 172.21.15.114:0/358833652 >> 172.21.15.114:0/358833652 conn(0x7f8d58102d40 msgr2=0x7f8d58103930 unknown :-1 s=STATE_NONE l=0).mark_down
2024-09-19T05:58:00.898 INFO:teuthology.orchestra.run.smithi114.stdout:/usr/bin/ceph: stderr
2024-09-19T05:58:00.156+0000 7f8d5d600640 1 -- 172.21.15.114:0/358833652 shutdown_connections
2024-09-19T05:58:00.898 INFO:teuthology.orchestra.run.smithi114.stdout:/usr/bin/ceph: stderr
2024-09-19T05:58:00.156+0000 7f8d5d600640 1 -- 172.21.15.114:0/358833652 wait complete.
2024-09-19T05:58:00.898 INFO:teuthology.orchestra.run.smithi114.stdout:Creating initial admin user...
2024-09-19T05:58:01.493 INFO:journalctl@ceph.mon.a.smithi114.stdout:Sep 19 05:58:01 smithi114 ceph-mon[30530]: from='client.14162 -' entity='client.admin' cmd=[{"prefix": "dashboard create-self-signed-cert", "target": ["mon-mgr", ""]}]: dispatch
2024-09-19T05:58:01.494 INFO:journalctl@ceph.mon.a.smithi114.stdout:Sep 19 05:58:01 smithi114 ceph-mon[30530]: from='mgr.14150 172.21.15.114:0/880413562' entity='mgr.x'
2024-09-19T05:58:03.416 INFO:journalctl@ceph.mon.a.smithi114.stdout:Sep 19 05:58:03 smithi114 ceph-mon[30530]: from='client.14164 -' entity='client.admin' cmd=[{"prefix": "dashboard ac-user-create", "username": "admin", "rolename": "administrator", "force_password": true, "pwd_update_required": true, "target": ["mon-mgr", ""]}]: dispatch
2024-09-19T05:58:03.417 INFO:journalctl@ceph.mon.a.smithi114.stdout:Sep 19 05:58:03 smithi114 ceph-mon[30530]: from='mgr.14150 172.21.15.114:0/880413562' entity='mgr.x'
2024-09-19T05:58:03.548 INFO:teuthology.orchestra.run.smithi114.stdout:/usr/bin/ceph: stdout {"username": "admin", "password": "$2b$12$EXuyuaF8iSU6U8e3KlCo/uQTvwyovTiny2XhgnE3p95JdVJsUW.qi", "roles": ["administrator"], "name": null, "email": null, "lastUpdate": 1726725482, "enabled": true, "pwdExpirationDate": null, "pwdUpdateRequired": true}
2024-09-19T05:58:03.548 INFO:teuthology.orchestra.run.smithi114.stdout:/usr/bin/ceph: stderr
2024-09-19T05:58:01.602+0000 7f3984a00640 1 Processor -- start
2024-09-19T05:58:03.548 INFO:teuthology.orchestra.run.smithi114.stdout:/usr/bin/ceph: stderr
2024-09-19T05:58:01.603+0000 7f3984a00640 1 -- start start
2024-09-19T05:58:03.548 INFO:teuthology.orchestra.run.smithi114.stdout:/usr/bin/ceph: stderr
2024-09-19T05:58:01.603+0000 7f3984a00640 1 --2- >> [v2:172.21.15.114:3300/0,v1:172.21.15.114:6789/0] conn(0x7f3980107570 0x7f3980107970 unknown :-1 s=NONE pgs=0 cs=0 l=0 rev1=0 crypto rx=0 tx=0 comp rx=0 tx=0).connect
2024-09-19T05:58:03.548 INFO:teuthology.orchestra.run.smithi114.stdout:/usr/bin/ceph: stderr
2024-09-19T05:58:01.603+0000 7f3984a00640 1 -- --> [v2:172.21.15.114:3300/0,v1:172.21.15.114:6789/0] -- mon_getmap magic: 0 -- 0x7f3980107f40 con 0x7f3980107570
2024-09-19T05:58:03.549 INFO:teuthology.orchestra.run.smithi114.stdout:/usr/bin/ceph: stderr
2024-09-19T05:58:01.603+0000 7f397f400640 1 --2- >> [v2:172.21.15.114:3300/0,v1:172.21.15.114:6789/0] conn(0x7f3980107570 0x7f3980107970 unknown :-1 s=BANNER_CONNECTING pgs=0 cs=0 l=0 rev1=0 crypto rx=0 tx=0 comp rx=0 tx=0)._handle_peer_banner_payload supported=3 required=0
2024-09-19T05:58:03.549 INFO:teuthology.orchestra.run.smithi114.stdout:/usr/bin/ceph: stderr
2024-09-19T05:58:01.603+0000 7f397f400640 1 --2- >> [v2:172.21.15.114:3300/0,v1:172.21.15.114:6789/0] conn(0x7f3980107570 0x7f3980107970 unknown :-1 s=HELLO_CONNECTING pgs=0 cs=0 l=0 rev1=1 crypto rx=0 tx=0 comp rx=0 tx=0).handle_hello peer v2:172.21.15.114:3300/0 says I am v2:172.21.15.114:47312/0 (socket says 172.21.15.114:47312)
2024-09-19T05:58:03.549 INFO:teuthology.orchestra.run.smithi114.stdout:/usr/bin/ceph: stderr
2024-09-19T05:58:01.603+0000 7f397f400640 1 -- 172.21.15.114:0/3283784288 learned_addr learned my addr 172.21.15.114:0/3283784288 (peer_addr_for_me v2:172.21.15.114:0/0)
2024-09-19T05:58:03.549 INFO:teuthology.orchestra.run.smithi114.stdout:/usr/bin/ceph: stderr
2024-09-19T05:58:01.604+0000 7f397f400640 1 -- 172.21.15.114:0/3283784288 --> [v2:172.21.15.114:3300/0,v1:172.21.15.114:6789/0] -- mon_subscribe({config=0+,monmap=0+}) -- 0x7f3980108770 con 0x7f3980107570
2024-09-19T05:58:03.549 INFO:teuthology.orchestra.run.smithi114.stdout:/usr/bin/ceph: stderr
2024-09-19T05:58:01.605+0000 7f397f400640 1 --2- 172.21.15.114:0/3283784288 >> [v2:172.21.15.114:3300/0,v1:172.21.15.114:6789/0] conn(0x7f3980107570 0x7f3980107970 secure :-1 s=READY pgs=70 cs=0 l=1 rev1=1 crypto rx=0x7f3970009820 tx=0x7f397002a270 comp rx=0 tx=0).ready entity=mon.0 client_cookie=226dc2b71e5e9483 server_cookie=0 in_seq=0 out_seq=0
2024-09-19T05:58:03.549 INFO:teuthology.orchestra.run.smithi114.stdout:/usr/bin/ceph: stderr
2024-09-19T05:58:01.605+0000 7f397ea00640 1 -- 172.21.15.114:0/3283784288 <== mon.0 v2:172.21.15.114:3300/0 1 ==== mon_map magic: 0 ==== 205+0+0 (secure 0 0 0) 0x7f3970037070 con 0x7f3980107570
2024-09-19T05:58:03.549 INFO:teuthology.orchestra.run.smithi114.stdout:/usr/bin/ceph: stderr
2024-09-19T05:58:01.605+0000 7f397ea00640 1 -- 172.21.15.114:0/3283784288 <== mon.0 v2:172.21.15.114:3300/0 2 ==== config(28 keys) ==== 1174+0+0 (secure 0 0 0) 0x7f3970032940 con 0x7f3980107570
2024-09-19T05:58:03.549 INFO:teuthology.orchestra.run.smithi114.stdout:/usr/bin/ceph: stderr
2024-09-19T05:58:01.605+0000 7f397ea00640 1 -- 172.21.15.114:0/3283784288 <== mon.0 v2:172.21.15.114:3300/0 3 ==== mon_map magic: 0 ==== 205+0+0 (secure 0 0 0) 0x7f39700308b0 con 0x7f3980107570
2024-09-19T05:58:03.549 INFO:teuthology.orchestra.run.smithi114.stdout:/usr/bin/ceph: stderr
2024-09-19T05:58:01.606+0000 7f3984a00640 1 -- 172.21.15.114:0/3283784288 >> [v2:172.21.15.114:3300/0,v1:172.21.15.114:6789/0] conn(0x7f3980107570 msgr2=0x7f3980107970 secure :-1 s=STATE_CONNECTION_ESTABLISHED l=1).mark_down
2024-09-19T05:58:03.549 INFO:teuthology.orchestra.run.smithi114.stdout:/usr/bin/ceph: stderr
2024-09-19T05:58:01.606+0000 7f3984a00640 1 --2- 172.21.15.114:0/3283784288 >> [v2:172.21.15.114:3300/0,v1:172.21.15.114:6789/0] conn(0x7f3980107570 0x7f3980107970 secure :-1 s=READY pgs=70 cs=0 l=1 rev1=1 crypto rx=0x7f3970009820 tx=0x7f397002a270 comp rx=0 tx=0).stop
2024-09-19T05:58:03.549 INFO:teuthology.orchestra.run.smithi114.stdout:/usr/bin/ceph: stderr
2024-09-19T05:58:01.606+0000 7f3984a00640 1 -- 172.21.15.114:0/3283784288 shutdown_connections
2024-09-19T05:58:03.549 INFO:teuthology.orchestra.run.smithi114.stdout:/usr/bin/ceph: stderr
2024-09-19T05:58:01.606+0000 7f3984a00640 1 --2- 172.21.15.114:0/3283784288 >> [v2:172.21.15.114:3300/0,v1:172.21.15.114:6789/0] conn(0x7f3980107570 0x7f3980107970 unknown :-1 s=CLOSED pgs=70 cs=0 l=1 rev1=1 crypto rx=0 tx=0 comp rx=0 tx=0).stop
2024-09-19T05:58:03.549 INFO:teuthology.orchestra.run.smithi114.stdout:/usr/bin/ceph: stderr
2024-09-19T05:58:01.606+0000 7f3984a00640 1 -- 172.21.15.114:0/3283784288 >> 172.21.15.114:0/3283784288 conn(0x7f3980102d40 msgr2=0x7f3980105160 unknown :-1 s=STATE_NONE l=0).mark_down
2024-09-19T05:58:03.550 INFO:teuthology.orchestra.run.smithi114.stdout:/usr/bin/ceph: stderr
2024-09-19T05:58:01.606+0000 7f3984a00640 1 -- 172.21.15.114:0/3283784288 shutdown_connections
2024-09-19T05:58:03.550 INFO:teuthology.orchestra.run.smithi114.stdout:/usr/bin/ceph: stderr
2024-09-19T05:58:01.606+0000 7f3984a00640 1 -- 172.21.15.114:0/3283784288 wait complete.
2024-09-19T05:58:03.550 INFO:teuthology.orchestra.run.smithi114.stdout:/usr/bin/ceph: stderr
2024-09-19T05:58:01.607+0000 7f3984a00640 1 Processor -- start
2024-09-19T05:58:03.550 INFO:teuthology.orchestra.run.smithi114.stdout:/usr/bin/ceph: stderr
2024-09-19T05:58:01.607+0000 7f3984a00640 1 -- start start
2024-09-19T05:58:03.550 INFO:teuthology.orchestra.run.smithi114.stdout:/usr/bin/ceph: stderr
2024-09-19T05:58:01.607+0000 7f3984a00640 1 --2- >> [v2:172.21.15.114:3300/0,v1:172.21.15.114:6789/0] conn(0x7f3980107570 0x7f398019d8e0 unknown :-1 s=NONE pgs=0 cs=0 l=1 rev1=0 crypto rx=0 tx=0 comp rx=0 tx=0).connect
2024-09-19T05:58:03.550 INFO:teuthology.orchestra.run.smithi114.stdout:/usr/bin/ceph: stderr
2024-09-19T05:58:01.607+0000 7f3984a00640 1 -- --> [v2:172.21.15.114:3300/0,v1:172.21.15.114:6789/0] -- mon_getmap magic: 0 -- 0x7f398010bb20 con 0x7f3980107570
2024-09-19T05:58:03.550 INFO:teuthology.orchestra.run.smithi114.stdout:/usr/bin/ceph: stderr
2024-09-19T05:58:01.608+0000 7f397f400640 1 --2- >> [v2:172.21.15.114:3300/0,v1:172.21.15.114:6789/0] conn(0x7f3980107570 0x7f398019d8e0 unknown :-1 s=BANNER_CONNECTING pgs=0 cs=0 l=1 rev1=0 crypto rx=0 tx=0 comp rx=0 tx=0)._handle_peer_banner_payload supported=3 required=0
2024-09-19T05:58:03.550 INFO:teuthology.orchestra.run.smithi114.stdout:/usr/bin/ceph: stderr
2024-09-19T05:58:01.608+0000 7f397f400640 1 --2- >> [v2:172.21.15.114:3300/0,v1:172.21.15.114:6789/0] conn(0x7f3980107570 0x7f398019d8e0 unknown :-1 s=HELLO_CONNECTING pgs=0 cs=0 l=1 rev1=1 crypto rx=0 tx=0 comp rx=0 tx=0).handle_hello peer v2:172.21.15.114:3300/0 says I am v2:172.21.15.114:47322/0 (socket says 172.21.15.114:47322)
2024-09-19T05:58:03.550 INFO:teuthology.orchestra.run.smithi114.stdout:/usr/bin/ceph: stderr
2024-09-19T05:58:01.608+0000 7f397f400640 1 -- 172.21.15.114:0/2390383744 learned_addr learned my addr 172.21.15.114:0/2390383744 (peer_addr_for_me v2:172.21.15.114:0/0)
2024-09-19T05:58:03.551 INFO:teuthology.orchestra.run.smithi114.stdout:/usr/bin/ceph: stderr
2024-09-19T05:58:01.608+0000 7f397f400640 1 -- 172.21.15.114:0/2390383744 --> [v2:172.21.15.114:3300/0,v1:172.21.15.114:6789/0] -- mon_subscribe({config=0+,monmap=0+}) -- 0x7f398019de20 con 0x7f3980107570
2024-09-19T05:58:03.551 INFO:teuthology.orchestra.run.smithi114.stdout:/usr/bin/ceph: stderr
2024-09-19T05:58:01.608+0000 7f397f400640 1 --2- 172.21.15.114:0/2390383744 >> [v2:172.21.15.114:3300/0,v1:172.21.15.114:6789/0] conn(0x7f3980107570 0x7f398019d8e0 secure :-1 s=READY pgs=71 cs=0 l=1 rev1=1 crypto rx=0x7f39700097f0 tx=0x7f3970032e60 comp rx=0 tx=0).ready entity=mon.0 client_cookie=0 server_cookie=0 in_seq=0 out_seq=0
2024-09-19T05:58:03.551 INFO:teuthology.orchestra.run.smithi114.stdout:/usr/bin/ceph: stderr
2024-09-19T05:58:01.609+0000 7f397cc00640 1 -- 172.21.15.114:0/2390383744 <== mon.0 v2:172.21.15.114:3300/0 1 ==== mon_map magic: 0 ==== 205+0+0 (secure 0 0 0) 0x7f3970037040 con 0x7f3980107570
2024-09-19T05:58:03.551 INFO:teuthology.orchestra.run.smithi114.stdout:/usr/bin/ceph: stderr
2024-09-19T05:58:01.609+0000 7f3984a00640 1 -- 172.21.15.114:0/2390383744 --> [v2:172.21.15.114:3300/0,v1:172.21.15.114:6789/0] -- mon_subscribe({mgrmap=0+}) -- 0x7f398019e0b0 con 0x7f3980107570
2024-09-19T05:58:03.551 INFO:teuthology.orchestra.run.smithi114.stdout:/usr/bin/ceph: stderr
2024-09-19T05:58:01.609+0000 7f397cc00640 1 -- 172.21.15.114:0/2390383744 <== mon.0 v2:172.21.15.114:3300/0 2 ==== config(28 keys) ==== 1174+0+0 (secure 0 0 0) 0x7f3970040070 con 0x7f3980107570
