2024-09-19T05:57:35.318+0000 7f5aeae00640 1 -- 172.21.15.114:0/4171906687 >> [v2:172.21.15.114:3300/0,v1:172.21.15.114:6789/0] conn(0x7f5ae4109750 msgr2=0x7f5ae419d800 secure :-1 s=STATE_CONNECTION_ESTABLISHED l=1).mark_down
2024-09-19T05:57:36.031 INFO:teuthology.orchestra.run.smithi114.stdout:/usr/bin/ceph: stderr
2024-09-19T05:57:35.318+0000 7f5aeae00640 1 --2- 172.21.15.114:0/4171906687 >> [v2:172.21.15.114:3300/0,v1:172.21.15.114:6789/0] conn(0x7f5ae4109750 0x7f5ae419d800 secure :-1 s=READY pgs=40 cs=0 l=1 rev1=1 crypto rx=0x7f5ad8006f10 tx=0x7f5ad80327d0 comp rx=0 tx=0).stop
2024-09-19T05:57:36.031 INFO:teuthology.orchestra.run.smithi114.stdout:/usr/bin/ceph: stderr
2024-09-19T05:57:35.318+0000 7f5aeae00640 1 -- 172.21.15.114:0/4171906687 shutdown_connections
2024-09-19T05:57:36.031 INFO:teuthology.orchestra.run.smithi114.stdout:/usr/bin/ceph: stderr
2024-09-19T05:57:35.318+0000 7f5aeae00640 1 --2- 172.21.15.114:0/4171906687 >> [v2:172.21.15.114:6800/3495902111,v1:172.21.15.114:6801/3495902111] conn(0x7f5acc039200 0x7f5acc03b6c0 unknown :-1 s=CLOSED pgs=9 cs=0 l=1 rev1=1 crypto rx=0 tx=0 comp rx=0 tx=0).stop
2024-09-19T05:57:36.031 INFO:teuthology.orchestra.run.smithi114.stdout:/usr/bin/ceph: stderr
2024-09-19T05:57:35.318+0000 7f5aeae00640 1 --2- 172.21.15.114:0/4171906687 >> [v2:172.21.15.114:3300/0,v1:172.21.15.114:6789/0] conn(0x7f5ae4109750 0x7f5ae419d800 unknown :-1 s=CLOSED pgs=40 cs=0 l=1 rev1=1 crypto rx=0 tx=0 comp rx=0 tx=0).stop
2024-09-19T05:57:36.031 INFO:teuthology.orchestra.run.smithi114.stdout:/usr/bin/ceph: stderr
2024-09-19T05:57:35.318+0000 7f5aeae00640 1 -- 172.21.15.114:0/4171906687 >> 172.21.15.114:0/4171906687 conn(0x7f5ae407cd70 msgr2=0x7f5ae410bba0 unknown :-1 s=STATE_NONE l=0).mark_down
2024-09-19T05:57:36.031 INFO:teuthology.orchestra.run.smithi114.stdout:/usr/bin/ceph: stderr
2024-09-19T05:57:35.318+0000 7f5aeae00640 1 -- 172.21.15.114:0/4171906687 shutdown_connections
2024-09-19T05:57:36.031 INFO:teuthology.orchestra.run.smithi114.stdout:/usr/bin/ceph: stderr
2024-09-19T05:57:35.318+0000 7f5aeae00640 1 -- 172.21.15.114:0/4171906687 wait complete.
2024-09-19T05:57:36.540 INFO:journalctl@ceph.mon.a.smithi114.stdout:Sep 19 05:57:36 smithi114 ceph-mon[30530]: from='client.14134 -' entity='client.admin' cmd=[{"prefix": "cephadm generate-key", "target": ["mon-mgr", ""]}]: dispatch
2024-09-19T05:57:36.540 INFO:journalctl@ceph.mon.a.smithi114.stdout:Sep 19 05:57:36 smithi114 ceph-mon[30530]: Generating ssh key...
2024-09-19T05:57:36.540 INFO:journalctl@ceph.mon.a.smithi114.stdout:Sep 19 05:57:36 smithi114 ceph-mon[30530]: from='mgr.14118 172.21.15.114:0/1090603923' entity='mgr.x'
2024-09-19T05:57:36.540 INFO:journalctl@ceph.mon.a.smithi114.stdout:Sep 19 05:57:36 smithi114 ceph-mon[30530]: from='mgr.14118 172.21.15.114:0/1090603923' entity='mgr.x'
2024-09-19T05:57:37.395 INFO:journalctl@ceph.mon.a.smithi114.stdout:Sep 19 05:57:37 smithi114 ceph-mon[30530]: from='client.14136 -' entity='client.admin' cmd=[{"prefix": "cephadm get-pub-key", "target": ["mon-mgr", ""]}]: dispatch
2024-09-19T05:57:37.409 INFO:teuthology.orchestra.run.smithi114.stdout:/usr/bin/ceph: stdout ssh-rsa AAAAB3NzaC1yc2EAAAADAQABAAABgQDJ/4d3WbklfIpp4aVFL+kuHVloNz/X1k+j9oSOJ5XgmopHf7neWtMGFqnZONDTS2Q76yushS+974V41EuYZZmVu6eSHmZX26NXKPb2syBgHPXY81HDePHqKRq0ivKWkYLvQ5m17DVqQJS07Zv0rrU4v28+YjllAUbtDRMTutySnYjQDTrSRGoLVurN0jhfIsgTrlTO5pEK5auYJh0MkTVbpUk1iA4iFPCbFwFpKQnH1saVCG8G0w2WiweaN8kBPMSYpQ2VqkryyBxD3K90fhve409aybPHpFut1qB2Ll6/tXsg3ZYUcCXegAlzj6WDr2q3KwKrf5dGVf4P1hfhFmnnr+5Pg6bHUu0fArZTeM3/LeG0RuOLF2LHbFVnGJ7tGmbKeqsyZS3Ege9amMUsb6Urf7bYAO6Yb3EBcoX2gOpprkQbuHQW3gIKYvAs1X9v4Gjn1rzDj2mNn9Mgj0ykvZZ+90MtqCqU0xHEQcpb/TOEP6U8EmHoxBAMVXMf/sDbvdc= ceph-dcdcc578-764b-11ef-bceb-c7b262605968
2024-09-19T05:57:37.409 INFO:teuthology.orchestra.run.smithi114.stdout:/usr/bin/ceph: stderr
2024-09-19T05:57:36.537+0000 7fa2ffe00640 1 Processor -- start
2024-09-19T05:57:37.409 INFO:teuthology.orchestra.run.smithi114.stdout:/usr/bin/ceph: stderr
2024-09-19T05:57:36.537+0000 7fa2ffe00640 1 -- start start
2024-09-19T05:57:37.409 INFO:teuthology.orchestra.run.smithi114.stdout:/usr/bin/ceph: stderr
2024-09-19T05:57:36.537+0000 7fa2ffe00640 1 --2- >> [v2:172.21.15.114:3300/0,v1:172.21.15.114:6789/0] conn(0x7fa30007de70 0x7fa30007c2d0 unknown :-1 s=NONE pgs=0 cs=0 l=0 rev1=0 crypto rx=0 tx=0 comp rx=0 tx=0).connect
2024-09-19T05:57:37.409 INFO:teuthology.orchestra.run.smithi114.stdout:/usr/bin/ceph: stderr
2024-09-19T05:57:36.537+0000 7fa2ffe00640 1 -- --> [v2:172.21.15.114:3300/0,v1:172.21.15.114:6789/0] -- mon_getmap magic: 0 -- 0x7fa30007c8a0 con 0x7fa30007de70
2024-09-19T05:57:37.409 INFO:teuthology.orchestra.run.smithi114.stdout:/usr/bin/ceph: stderr
2024-09-19T05:57:36.538+0000 7fa2fea00640 1 --2- >> [v2:172.21.15.114:3300/0,v1:172.21.15.114:6789/0] conn(0x7fa30007de70 0x7fa30007c2d0 unknown :-1 s=BANNER_CONNECTING pgs=0 cs=0 l=0 rev1=0 crypto rx=0 tx=0 comp rx=0 tx=0)._handle_peer_banner_payload supported=3 required=0
2024-09-19T05:57:37.409 INFO:teuthology.orchestra.run.smithi114.stdout:/usr/bin/ceph: stderr
2024-09-19T05:57:36.538+0000 7fa2fea00640 1 --2- >> [v2:172.21.15.114:3300/0,v1:172.21.15.114:6789/0] conn(0x7fa30007de70 0x7fa30007c2d0 unknown :-1 s=HELLO_CONNECTING pgs=0 cs=0 l=0 rev1=1 crypto rx=0 tx=0 comp rx=0 tx=0).handle_hello peer v2:172.21.15.114:3300/0 says I am v2:172.21.15.114:34168/0 (socket says 172.21.15.114:34168)
2024-09-19T05:57:37.409 INFO:teuthology.orchestra.run.smithi114.stdout:/usr/bin/ceph: stderr
2024-09-19T05:57:36.538+0000 7fa2fea00640 1 -- 172.21.15.114:0/408999341 learned_addr learned my addr 172.21.15.114:0/408999341 (peer_addr_for_me v2:172.21.15.114:0/0)
2024-09-19T05:57:37.409 INFO:teuthology.orchestra.run.smithi114.stdout:/usr/bin/ceph: stderr
2024-09-19T05:57:36.538+0000 7fa2fea00640 1 -- 172.21.15.114:0/408999341 --> [v2:172.21.15.114:3300/0,v1:172.21.15.114:6789/0] -- mon_subscribe({config=0+,monmap=0+}) -- 0x7fa30007ca20 con 0x7fa30007de70
2024-09-19T05:57:37.409 INFO:teuthology.orchestra.run.smithi114.stdout:/usr/bin/ceph: stderr
2024-09-19T05:57:36.539+0000 7fa2fea00640 1 --2- 172.21.15.114:0/408999341 >> [v2:172.21.15.114:3300/0,v1:172.21.15.114:6789/0] conn(0x7fa30007de70 0x7fa30007c2d0 secure :-1 s=READY pgs=41 cs=0 l=1 rev1=1 crypto rx=0x7fa2f0009820 tx=0x7fa2f002a270 comp rx=0 tx=0).ready entity=mon.0 client_cookie=128731a4897bdbb5 server_cookie=0 in_seq=0 out_seq=0
2024-09-19T05:57:37.410 INFO:teuthology.orchestra.run.smithi114.stdout:/usr/bin/ceph: stderr
2024-09-19T05:57:36.539+0000 7fa2fe000640 1 -- 172.21.15.114:0/408999341 <== mon.0 v2:172.21.15.114:3300/0 1 ==== mon_map magic: 0 ==== 205+0+0 (secure 0 0 0) 0x7fa2f0037070 con 0x7fa30007de70
2024-09-19T05:57:37.410 INFO:teuthology.orchestra.run.smithi114.stdout:/usr/bin/ceph: stderr
2024-09-19T05:57:36.539+0000 7fa2fe000640 1 -- 172.21.15.114:0/408999341 <== mon.0 v2:172.21.15.114:3300/0 2 ==== config(28 keys) ==== 1143+0+0 (secure 0 0 0) 0x7fa2f0032920 con 0x7fa30007de70
2024-09-19T05:57:37.410 INFO:teuthology.orchestra.run.smithi114.stdout:/usr/bin/ceph: stderr
2024-09-19T05:57:36.539+0000 7fa2fe000640 1 -- 172.21.15.114:0/408999341 <== mon.0 v2:172.21.15.114:3300/0 3 ==== mon_map magic: 0 ==== 205+0+0 (secure 0 0 0) 0x7fa2f0030950 con 0x7fa30007de70
2024-09-19T05:57:37.410 INFO:teuthology.orchestra.run.smithi114.stdout:/usr/bin/ceph: stderr
2024-09-19T05:57:36.540+0000 7fa2ffe00640 1 -- 172.21.15.114:0/408999341 >> [v2:172.21.15.114:3300/0,v1:172.21.15.114:6789/0] conn(0x7fa30007de70 msgr2=0x7fa30007c2d0 secure :-1 s=STATE_CONNECTION_ESTABLISHED l=1).mark_down
2024-09-19T05:57:37.410 INFO:teuthology.orchestra.run.smithi114.stdout:/usr/bin/ceph: stderr
2024-09-19T05:57:36.540+0000 7fa2ffe00640 1 --2- 172.21.15.114:0/408999341 >> [v2:172.21.15.114:3300/0,v1:172.21.15.114:6789/0] conn(0x7fa30007de70 0x7fa30007c2d0 secure :-1 s=READY pgs=41 cs=0 l=1 rev1=1 crypto rx=0x7fa2f0009820 tx=0x7fa2f002a270 comp rx=0 tx=0).stop
2024-09-19T05:57:37.410 INFO:teuthology.orchestra.run.smithi114.stdout:/usr/bin/ceph: stderr
2024-09-19T05:57:36.540+0000 7fa2ffe00640 1 -- 172.21.15.114:0/408999341 shutdown_connections
2024-09-19T05:57:37.410 INFO:teuthology.orchestra.run.smithi114.stdout:/usr/bin/ceph: stderr
2024-09-19T05:57:36.540+0000 7fa2ffe00640 1 --2- 172.21.15.114:0/408999341 >> [v2:172.21.15.114:3300/0,v1:172.21.15.114:6789/0] conn(0x7fa30007de70 0x7fa30007c2d0 unknown :-1 s=CLOSED pgs=41 cs=0 l=1 rev1=1 crypto rx=0 tx=0 comp rx=0 tx=0).stop
2024-09-19T05:57:37.410 INFO:teuthology.orchestra.run.smithi114.stdout:/usr/bin/ceph: stderr
2024-09-19T05:57:36.540+0000 7fa2ffe00640 1 -- 172.21.15.114:0/408999341 >> 172.21.15.114:0/408999341 conn(0x7fa300102d40 msgr2=0x7fa300105160 unknown :-1 s=STATE_NONE l=0).mark_down
2024-09-19T05:57:37.410 INFO:teuthology.orchestra.run.smithi114.stdout:/usr/bin/ceph: stderr
2024-09-19T05:57:36.540+0000 7fa2ffe00640 1 -- 172.21.15.114:0/408999341 shutdown_connections
2024-09-19T05:57:37.410 INFO:teuthology.orchestra.run.smithi114.stdout:/usr/bin/ceph: stderr
2024-09-19T05:57:36.540+0000 7fa2ffe00640 1 -- 172.21.15.114:0/408999341 wait complete.
2024-09-19T05:57:37.410 INFO:teuthology.orchestra.run.smithi114.stdout:/usr/bin/ceph: stderr
2024-09-19T05:57:36.541+0000 7fa2ffe00640 1 Processor -- start
2024-09-19T05:57:37.410 INFO:teuthology.orchestra.run.smithi114.stdout:/usr/bin/ceph: stderr
2024-09-19T05:57:36.541+0000 7fa2ffe00640 1 -- start start
2024-09-19T05:57:37.410 INFO:teuthology.orchestra.run.smithi114.stdout:/usr/bin/ceph: stderr
2024-09-19T05:57:36.541+0000 7fa2ffe00640 1 --2- >> [v2:172.21.15.114:3300/0,v1:172.21.15.114:6789/0] conn(0x7fa30007de70 0x7fa30019d8b0 unknown :-1 s=NONE pgs=0 cs=0 l=1 rev1=0 crypto rx=0 tx=0 comp rx=0 tx=0).connect
2024-09-19T05:57:37.411 INFO:teuthology.orchestra.run.smithi114.stdout:/usr/bin/ceph: stderr
2024-09-19T05:57:36.541+0000 7fa2ffe00640 1 -- --> [v2:172.21.15.114:3300/0,v1:172.21.15.114:6789/0] -- mon_getmap magic: 0 -- 0x7fa30010dc00 con 0x7fa30007de70
2024-09-19T05:57:37.411 INFO:teuthology.orchestra.run.smithi114.stdout:/usr/bin/ceph: stderr
2024-09-19T05:57:36.542+0000 7fa2fea00640 1 --2- >> [v2:172.21.15.114:3300/0,v1:172.21.15.114:6789/0] conn(0x7fa30007de70 0x7fa30019d8b0 unknown :-1 s=BANNER_CONNECTING pgs=0 cs=0 l=1 rev1=0 crypto rx=0 tx=0 comp rx=0 tx=0)._handle_peer_banner_payload supported=3 required=0
2024-09-19T05:57:37.411 INFO:teuthology.orchestra.run.smithi114.stdout:/usr/bin/ceph: stderr
2024-09-19T05:57:36.542+0000 7fa2fea00640 1 --2- >> [v2:172.21.15.114:3300/0,v1:172.21.15.114:6789/0] conn(0x7fa30007de70 0x7fa30019d8b0 unknown :-1 s=HELLO_CONNECTING pgs=0 cs=0 l=1 rev1=1 crypto rx=0 tx=0 comp rx=0 tx=0).handle_hello peer v2:172.21.15.114:3300/0 says I am v2:172.21.15.114:34180/0 (socket says 172.21.15.114:34180)
2024-09-19T05:57:37.411 INFO:teuthology.orchestra.run.smithi114.stdout:/usr/bin/ceph: stderr
2024-09-19T05:57:36.542+0000 7fa2fea00640 1 -- 172.21.15.114:0/1169571154 learned_addr learned my addr 172.21.15.114:0/1169571154 (peer_addr_for_me v2:172.21.15.114:0/0)
2024-09-19T05:57:37.411 INFO:teuthology.orchestra.run.smithi114.stdout:/usr/bin/ceph: stderr
2024-09-19T05:57:36.542+0000 7fa2fea00640 1 -- 172.21.15.114:0/1169571154 --> [v2:172.21.15.114:3300/0,v1:172.21.15.114:6789/0] -- mon_subscribe({config=0+,monmap=0+}) -- 0x7fa30019ddf0 con 0x7fa30007de70
2024-09-19T05:57:37.411 INFO:teuthology.orchestra.run.smithi114.stdout:/usr/bin/ceph: stderr
2024-09-19T05:57:36.542+0000 7fa2fea00640 1 --2- 172.21.15.114:0/1169571154 >> [v2:172.21.15.114:3300/0,v1:172.21.15.114:6789/0] conn(0x7fa30007de70 0x7fa30019d8b0 secure :-1 s=READY pgs=42 cs=0 l=1 rev1=1 crypto rx=0x7fa2f0009940 tx=0x7fa2f0032e40 comp rx=0 tx=0).ready entity=mon.0 client_cookie=0 server_cookie=0 in_seq=0 out_seq=0
2024-09-19T05:57:37.411 INFO:teuthology.orchestra.run.smithi114.stdout:/usr/bin/ceph: stderr
2024-09-19T05:57:36.542+0000 7fa304a00640 1 -- 172.21.15.114:0/1169571154 <== mon.0 v2:172.21.15.114:3300/0 1 ==== mon_map magic: 0 ==== 205+0+0 (secure 0 0 0) 0x7fa2f0042070 con 0x7fa30007de70
2024-09-19T05:57:37.411 INFO:teuthology.orchestra.run.smithi114.stdout:/usr/bin/ceph: stderr
2024-09-19T05:57:36.542+0000 7fa304a00640 1 -- 172.21.15.114:0/1169571154 <== mon.0 v2:172.21.15.114:3300/0 2 ==== config(28 keys) ==== 1143+0+0 (secure 0 0 0) 0x7fa2f00325f0 con 0x7fa30007de70
2024-09-19T05:57:37.411 INFO:teuthology.orchestra.run.smithi114.stdout:/usr/bin/ceph: stderr
2024-09-19T05:57:36.542+0000 7fa2ffe00640 1 -- 172.21.15.114:0/1169571154 --> [v2:172.21.15.114:3300/0,v1:172.21.15.114:6789/0] -- mon_subscribe({mgrmap=0+}) -- 0x7fa30019e080 con 0x7fa30007de70
2024-09-19T05:57:37.411 INFO:teuthology.orchestra.run.smithi114.stdout:/usr/bin/ceph: stderr
2024-09-19T05:57:36.542+0000 7fa304a00640 1 -- 172.21.15.114:0/1169571154 <== mon.0 v2:172.21.15.114:3300/0 3 ==== mon_map magic: 0 ==== 205+0+0 (secure 0 0 0) 0x7fa2f0037040 con 0x7fa30007de70
2024-09-19T05:57:37.411 INFO:teuthology.orchestra.run.smithi114.stdout:/usr/bin/ceph: stderr
2024-09-19T05:57:36.543+0000 7fa2ffe00640 1 -- 172.21.15.114:0/1169571154 --> [v2:172.21.15.114:3300/0,v1:172.21.15.114:6789/0] -- mon_subscribe({osdmap=0}) -- 0x7fa3001a0d70 con 0x7fa30007de70
2024-09-19T05:57:37.411 INFO:teuthology.orchestra.run.smithi114.stdout:/usr/bin/ceph: stderr
2024-09-19T05:57:36.544+0000 7fa304a00640 1 -- 172.21.15.114:0/1169571154 <== mon.0 v2:172.21.15.114:3300/0 4 ==== mgrmap(e 8) ==== 46461+0+0 (secure 0 0 0) 0x7fa2f0045070 con 0x7fa30007de70
2024-09-19T05:57:37.412 INFO:teuthology.orchestra.run.smithi114.stdout:/usr/bin/ceph: stderr
2024-09-19T05:57:36.544+0000 7fa2ffe00640 1 -- 172.21.15.114:0/1169571154 --> [v2:172.21.15.114:3300/0,v1:172.21.15.114:6789/0] -- mon_command({"prefix": "get_command_descriptions"} v 0) -- 0x7fa30007c350 con 0x7fa30007de70
2024-09-19T05:57:37.412 INFO:teuthology.orchestra.run.smithi114.stdout:/usr/bin/ceph: stderr
2024-09-19T05:57:36.544+0000 7fa304a00640 1 --2- 172.21.15.114:0/1169571154 >> [v2:172.21.15.114:6800/3495902111,v1:172.21.15.114:6801/3495902111] conn(0x7fa2e4039200 0x7fa2e403b6c0 unknown :-1 s=NONE pgs=0 cs=0 l=1 rev1=0 crypto rx=0 tx=0 comp rx=0 tx=0).connect
2024-09-19T05:57:37.412 INFO:teuthology.orchestra.run.smithi114.stdout:/usr/bin/ceph: stderr
2024-09-19T05:57:36.544+0000 7fa304a00640 1 -- 172.21.15.114:0/1169571154 <== mon.0 v2:172.21.15.114:3300/0 5 ==== osd_map(2..2 src has 1..2) ==== 940+0+0 (secure 0 0 0) 0x7fa2f006c320 con 0x7fa30007de70
2024-09-19T05:57:37.412 INFO:teuthology.orchestra.run.smithi114.stdout:/usr/bin/ceph: stderr
2024-09-19T05:57:36.544+0000 7fa2f7e00640 1 --2- 172.21.15.114:0/1169571154 >> [v2:172.21.15.114:6800/3495902111,v1:172.21.15.114:6801/3495902111] conn(0x7fa2e4039200 0x7fa2e403b6c0 unknown :-1 s=BANNER_CONNECTING pgs=0 cs=0 l=1 rev1=0 crypto rx=0 tx=0 comp rx=0 tx=0)._handle_peer_banner_payload supported=3 required=0
2024-09-19T05:57:37.412 INFO:teuthology.orchestra.run.smithi114.stdout:/usr/bin/ceph: stderr
2024-09-19T05:57:36.545+0000 7fa2f7e00640 1 --2- 172.21.15.114:0/1169571154 >> [v2:172.21.15.114:6800/3495902111,v1:172.21.15.114:6801/3495902111] conn(0x7fa2e4039200 0x7fa2e403b6c0 secure :-1 s=READY pgs=10 cs=0 l=1 rev1=1 crypto rx=0x7fa2e80098c0 tx=0x7fa2e8006db0 comp rx=0 tx=0).ready entity=mgr.14118 client_cookie=0 server_cookie=0 in_seq=0 out_seq=0
2024-09-19T05:57:37.412 INFO:teuthology.orchestra.run.smithi114.stdout:/usr/bin/ceph: stderr
2024-09-19T05:57:36.549+0000 7fa304a00640 1 -- 172.21.15.114:0/1169571154 <== mon.0 v2:172.21.15.114:3300/0 6 ==== mon_command_ack([{"prefix": "get_command_descriptions"}]=0 v0) ==== 72+0+188913 (secure 0 0 0) 0x7fa2f006bc70 con 0x7fa30007de70
2024-09-19T05:57:37.412 INFO:teuthology.orchestra.run.smithi114.stdout:/usr/bin/ceph: stderr
2024-09-19T05:57:36.724+0000 7fa2ffe00640 1 -- 172.21.15.114:0/1169571154 --> [v2:172.21.15.114:6800/3495902111,v1:172.21.15.114:6801/3495902111] -- mgr_command(tid 0: {"prefix": "cephadm get-pub-key", "target": ["mon-mgr", ""]}) -- 0x7fa300104090 con 0x7fa2e4039200
2024-09-19T05:57:37.412 INFO:teuthology.orchestra.run.smithi114.stdout:/usr/bin/ceph: stderr
2024-09-19T05:57:36.725+0000 7fa304a00640 1 -- 172.21.15.114:0/1169571154 <== mgr.14118 v2:172.21.15.114:6800/3495902111 1 ==== mgr_command_reply(tid 0: 0 ) ==== 8+0+595 (secure 0 0 0) 0x7fa300104090 con 0x7fa2e4039200
2024-09-19T05:57:37.412 INFO:teuthology.orchestra.run.smithi114.stdout:/usr/bin/ceph: stderr
2024-09-19T05:57:36.727+0000 7fa2ffe00640 1 -- 172.21.15.114:0/1169571154 >> [v2:172.21.15.114:6800/3495902111,v1:172.21.15.114:6801/3495902111] conn(0x7fa2e4039200 msgr2=0x7fa2e403b6c0 secure :-1 s=STATE_CONNECTION_ESTABLISHED l=1).mark_down
2024-09-19T05:57:37.412 INFO:teuthology.orchestra.run.smithi114.stdout:/usr/bin/ceph: stderr
2024-09-19T05:57:36.727+0000 7fa2ffe00640 1 --2- 172.21.15.114:0/1169571154 >> [v2:172.21.15.114:6800/3495902111,v1:172.21.15.114:6801/3495902111] conn(0x7fa2e4039200 0x7fa2e403b6c0 secure :-1 s=READY pgs=10 cs=0 l=1 rev1=1 crypto rx=0x7fa2e80098c0 tx=0x7fa2e8006db0 comp rx=0 tx=0).stop
2024-09-19T05:57:37.412 INFO:teuthology.orchestra.run.smithi114.stdout:/usr/bin/ceph: stderr
2024-09-19T05:57:36.727+0000 7fa2ffe00640 1 -- 172.21.15.114:0/1169571154 >> [v2:172.21.15.114:3300/0,v1:172.21.15.114:6789/0] conn(0x7fa30007de70 msgr2=0x7fa30019d8b0 secure :-1 s=STATE_CONNECTION_ESTABLISHED l=1).mark_down
2024-09-19T05:57:37.412 INFO:teuthology.orchestra.run.smithi114.stdout:/usr/bin/ceph: stderr
2024-09-19T05:57:36.727+0000 7fa2ffe00640 1 --2- 172.21.15.114:0/1169571154 >> [v2:172.21.15.114:3300/0,v1:172.21.15.114:6789/0] conn(0x7fa30007de70 0x7fa30019d8b0 secure :-1 s=READY pgs=42 cs=0 l=1 rev1=1 crypto rx=0x7fa2f0009940 tx=0x7fa2f0032e40 comp rx=0 tx=0).stop
2024-09-19T05:57:37.412 INFO:teuthology.orchestra.run.smithi114.stdout:/usr/bin/ceph: stderr
2024-09-19T05:57:36.727+0000 7fa2ffe00640 1 -- 172.21.15.114:0/1169571154 shutdown_connections
2024-09-19T05:57:37.413 INFO:teuthology.orchestra.run.smithi114.stdout:/usr/bin/ceph: stderr
2024-09-19T05:57:36.727+0000 7fa2ffe00640 1 --2- 172.21.15.114:0/1169571154 >> [v2:172.21.15.114:6800/3495902111,v1:172.21.15.114:6801/3495902111] conn(0x7fa2e4039200 0x7fa2e403b6c0 unknown :-1 s=CLOSED pgs=10 cs=0 l=1 rev1=1 crypto rx=0 tx=0 comp rx=0 tx=0).stop
2024-09-19T05:57:37.413 INFO:teuthology.orchestra.run.smithi114.stdout:/usr/bin/ceph: stderr
2024-09-19T05:57:36.727+0000 7fa2ffe00640 1 --2- 172.21.15.114:0/1169571154 >> [v2:172.21.15.114:3300/0,v1:172.21.15.114:6789/0] conn(0x7fa30007de70 0x7fa30019d8b0 unknown :-1 s=CLOSED pgs=42 cs=0 l=1 rev1=1 crypto rx=0 tx=0 comp rx=0 tx=0).stop
2024-09-19T05:57:37.413 INFO:teuthology.orchestra.run.smithi114.stdout:/usr/bin/ceph: stderr
2024-09-19T05:57:36.727+0000 7fa2ffe00640 1 -- 172.21.15.114:0/1169571154 >> 172.21.15.114:0/1169571154 conn(0x7fa300102d40 msgr2=0x7fa300103980 unknown :-1 s=STATE_NONE l=0).mark_down
2024-09-19T05:57:37.413 INFO:teuthology.orchestra.run.smithi114.stdout:/usr/bin/ceph: stderr
2024-09-19T05:57:36.728+0000 7fa2ffe00640 1 -- 172.21.15.114:0/1169571154 shutdown_connections
2024-09-19T05:57:37.413 INFO:teuthology.orchestra.run.smithi114.stdout:/usr/bin/ceph: stderr
2024-09-19T05:57:36.728+0000 7fa2ffe00640 1 -- 172.21.15.114:0/1169571154 wait complete.
2024-09-19T05:57:37.413 INFO:teuthology.orchestra.run.smithi114.stdout:Wrote public SSH key to /home/ubuntu/cephtest/ceph.pub
2024-09-19T05:57:37.413 INFO:teuthology.orchestra.run.smithi114.stdout:Adding key to root@localhost authorized_keys...
2024-09-19T05:57:37.419 INFO:teuthology.orchestra.run.smithi114.stdout:Adding host smithi114...
2024-09-19T05:57:39.371 INFO:journalctl@ceph.mon.a.smithi114.stdout:Sep 19 05:57:39 smithi114 ceph-mon[30530]: from='client.14138 -' entity='client.admin' cmd=[{"prefix": "orch host add", "hostname": "smithi114", "addr": "172.21.15.114", "target": ["mon-mgr", ""]}]: dispatch
2024-09-19T05:57:40.251 INFO:journalctl@ceph.mon.a.smithi114.stdout:Sep 19 05:57:40 smithi114 ceph-mon[30530]: Deploying cephadm binary to smithi114
2024-09-19T05:57:42.700 INFO:teuthology.orchestra.run.smithi114.stdout:/usr/bin/ceph: stdout Added host 'smithi114' with addr '172.21.15.114'
2024-09-19T05:57:42.700 INFO:teuthology.orchestra.run.smithi114.stdout:/usr/bin/ceph: stderr
2024-09-19T05:57:37.919+0000 7f54b6200640 1 Processor -- start
2024-09-19T05:57:42.700 INFO:teuthology.orchestra.run.smithi114.stdout:/usr/bin/ceph: stderr
2024-09-19T05:57:37.919+0000 7f54b6200640 1 -- start start
2024-09-19T05:57:42.700 INFO:teuthology.orchestra.run.smithi114.stdout:/usr/bin/ceph: stderr
2024-09-19T05:57:37.919+0000 7f54b6200640 1 --2- >> [v2:172.21.15.114:3300/0,v1:172.21.15.114:6789/0] conn(0x7f54b0107720 0x7f54b0107b20 unknown :-1 s=NONE pgs=0 cs=0 l=0 rev1=0 crypto rx=0 tx=0 comp rx=0 tx=0).connect
2024-09-19T05:57:42.700 INFO:teuthology.orchestra.run.smithi114.stdout:/usr/bin/ceph: stderr
2024-09-19T05:57:37.919+0000 7f54b6200640 1 -- --> [v2:172.21.15.114:3300/0,v1:172.21.15.114:6789/0] -- mon_getmap magic: 0 -- 0x7f54b01080f0 con 0x7f54b0107720
2024-09-19T05:57:42.700 INFO:teuthology.orchestra.run.smithi114.stdout:/usr/bin/ceph: stderr
2024-09-19T05:57:37.920+0000 7f54af400640 1 --2- >> [v2:172.21.15.114:3300/0,v1:172.21.15.114:6789/0] conn(0x7f54b0107720 0x7f54b0107b20 unknown :-1 s=BANNER_CONNECTING pgs=0 cs=0 l=0 rev1=0 crypto rx=0 tx=0 comp rx=0 tx=0)._handle_peer_banner_payload supported=3 required=0
2024-09-19T05:57:42.701 INFO:teuthology.orchestra.run.smithi114.stdout:/usr/bin/ceph: stderr
2024-09-19T05:57:37.920+0000 7f54af400640 1 --2- >> [v2:172.21.15.114:3300/0,v1:172.21.15.114:6789/0] conn(0x7f54b0107720 0x7f54b0107b20 unknown :-1 s=HELLO_CONNECTING pgs=0 cs=0 l=0 rev1=1 crypto rx=0 tx=0 comp rx=0 tx=0).handle_hello peer v2:172.21.15.114:3300/0 says I am v2:172.21.15.114:34222/0 (socket says 172.21.15.114:34222)
2024-09-19T05:57:42.701 INFO:teuthology.orchestra.run.smithi114.stdout:/usr/bin/ceph: stderr
2024-09-19T05:57:37.920+0000 7f54af400640 1 -- 172.21.15.114:0/820919958 learned_addr learned my addr 172.21.15.114:0/820919958 (peer_addr_for_me v2:172.21.15.114:0/0)
2024-09-19T05:57:42.701 INFO:teuthology.orchestra.run.smithi114.stdout:/usr/bin/ceph: stderr
2024-09-19T05:57:37.920+0000 7f54af400640 1 -- 172.21.15.114:0/820919958 --> [v2:172.21.15.114:3300/0,v1:172.21.15.114:6789/0] -- mon_subscribe({config=0+,monmap=0+}) -- 0x7f54b0108920 con 0x7f54b0107720
2024-09-19T05:57:42.701 INFO:teuthology.orchestra.run.smithi114.stdout:/usr/bin/ceph: stderr
2024-09-19T05:57:37.921+0000 7f54af400640 1 --2- 172.21.15.114:0/820919958 >> [v2:172.21.15.114:3300/0,v1:172.21.15.114:6789/0] conn(0x7f54b0107720 0x7f54b0107b20 secure :-1 s=READY pgs=43 cs=0 l=1 rev1=1 crypto rx=0x7f54a0009820 tx=0x7f54a002a270 comp rx=0 tx=0).ready entity=mon.0 client_cookie=9e822d6a6ee10e6b server_cookie=0 in_seq=0 out_seq=0
2024-09-19T05:57:42.701 INFO:teuthology.orchestra.run.smithi114.stdout:/usr/bin/ceph: stderr
2024-09-19T05:57:37.921+0000 7f54ae000640 1 -- 172.21.15.114:0/820919958 <== mon.0 v2:172.21.15.114:3300/0 1 ==== mon_map magic: 0 ==== 205+0+0 (secure 0 0 0) 0x7f54a0037070 con 0x7f54b0107720
2024-09-19T05:57:42.701 INFO:teuthology.orchestra.run.smithi114.stdout:/usr/bin/ceph: stderr
2024-09-19T05:57:37.922+0000 7f54ae000640 1 -- 172.21.15.114:0/820919958 <== mon.0 v2:172.21.15.114:3300/0 2 ==== config(28 keys) ==== 1143+0+0 (secure 0 0 0) 0x7f54a0032920 con 0x7f54b0107720
2024-09-19T05:57:42.702 INFO:teuthology.orchestra.run.smithi114.stdout:/usr/bin/ceph: stderr
2024-09-19T05:57:37.922+0000 7f54ae000640 1 -- 172.21.15.114:0/820919958 <== mon.0 v2:172.21.15.114:3300/0 3 ==== mon_map magic: 0 ==== 205+0+0 (secure 0 0 0) 0x7f54a0030950 con 0x7f54b0107720
2024-09-19T05:57:42.702 INFO:teuthology.orchestra.run.smithi114.stdout:/usr/bin/ceph: stderr
2024-09-19T05:57:37.922+0000 7f54b6200640 1 -- 172.21.15.114:0/820919958 >> [v2:172.21.15.114:3300/0,v1:172.21.15.114:6789/0] conn(0x7f54b0107720 msgr2=0x7f54b0107b20 secure :-1 s=STATE_CONNECTION_ESTABLISHED l=1).mark_down
2024-09-19T05:57:42.702 INFO:teuthology.orchestra.run.smithi114.stdout:/usr/bin/ceph: stderr
2024-09-19T05:57:37.922+0000 7f54b6200640 1 --2- 172.21.15.114:0/820919958 >> [v2:172.21.15.114:3300/0,v1:172.21.15.114:6789/0] conn(0x7f54b0107720 0x7f54b0107b20 secure :-1 s=READY pgs=43 cs=0 l=1 rev1=1 crypto rx=0x7f54a0009820 tx=0x7f54a002a270 comp rx=0 tx=0).stop
2024-09-19T05:57:42.702 INFO:teuthology.orchestra.run.smithi114.stdout:/usr/bin/ceph: stderr
2024-09-19T05:57:37.922+0000 7f54b6200640 1 -- 172.21.15.114:0/820919958 shutdown_connections
2024-09-19T05:57:42.702 INFO:teuthology.orchestra.run.smithi114.stdout:/usr/bin/ceph: stderr
2024-09-19T05:57:37.922+0000 7f54b6200640 1 --2- 172.21.15.114:0/820919958 >> [v2:172.21.15.114:3300/0,v1:172.21.15.114:6789/0] conn(0x7f54b0107720 0x7f54b0107b20 unknown :-1 s=CLOSED pgs=43 cs=0 l=1 rev1=1 crypto rx=0 tx=0 comp rx=0 tx=0).stop
2024-09-19T05:57:42.702 INFO:teuthology.orchestra.run.smithi114.stdout:/usr/bin/ceph: stderr
2024-09-19T05:57:37.922+0000 7f54b6200640 1 -- 172.21.15.114:0/820919958 >> 172.21.15.114:0/820919958 conn(0x7f54b0102ed0 msgr2=0x7f54b01052f0 unknown :-1 s=STATE_NONE l=0).mark_down
2024-09-19T05:57:42.702 INFO:teuthology.orchestra.run.smithi114.stdout:/usr/bin/ceph: stderr
2024-09-19T05:57:37.922+0000 7f54b6200640 1 -- 172.21.15.114:0/820919958 shutdown_connections
2024-09-19T05:57:42.702 INFO:teuthology.orchestra.run.smithi114.stdout:/usr/bin/ceph: stderr
2024-09-19T05:57:37.922+0000 7f54b6200640 1 -- 172.21.15.114:0/820919958 wait complete.
2024-09-19T05:57:42.702 INFO:teuthology.orchestra.run.smithi114.stdout:/usr/bin/ceph: stderr
2024-09-19T05:57:37.923+0000 7f54b6200640 1 Processor -- start
2024-09-19T05:57:42.702 INFO:teuthology.orchestra.run.smithi114.stdout:/usr/bin/ceph: stderr
2024-09-19T05:57:37.923+0000 7f54b6200640 1 -- start start
2024-09-19T05:57:42.702 INFO:teuthology.orchestra.run.smithi114.stdout:/usr/bin/ceph: stderr
2024-09-19T05:57:37.924+0000 7f54b6200640 1 --2- >> [v2:172.21.15.114:3300/0,v1:172.21.15.114:6789/0] conn(0x7f54b0107720 0x7f54b007db00 unknown :-1 s=NONE pgs=0 cs=0 l=1 rev1=0 crypto rx=0 tx=0 comp rx=0 tx=0).connect
2024-09-19T05:57:42.702 INFO:teuthology.orchestra.run.smithi114.stdout:/usr/bin/ceph: stderr
2024-09-19T05:57:37.924+0000 7f54b6200640 1 -- --> [v2:172.21.15.114:3300/0,v1:172.21.15.114:6789/0] -- mon_getmap magic: 0 -- 0x7f54b010bcd0 con 0x7f54b0107720
2024-09-19T05:57:42.702 INFO:teuthology.orchestra.run.smithi114.stdout:/usr/bin/ceph: stderr
2024-09-19T05:57:37.924+0000 7f54af400640 1 --2- >> [v2:172.21.15.114:3300/0,v1:172.21.15.114:6789/0] conn(0x7f54b0107720 0x7f54b007db00 unknown :-1 s=BANNER_CONNECTING pgs=0 cs=0 l=1 rev1=0 crypto rx=0 tx=0 comp rx=0 tx=0)._handle_peer_banner_payload supported=3 required=0
2024-09-19T05:57:42.703 INFO:teuthology.orchestra.run.smithi114.stdout:/usr/bin/ceph: stderr
2024-09-19T05:57:37.924+0000 7f54af400640 1 --2- >> [v2:172.21.15.114:3300/0,v1:172.21.15.114:6789/0] conn(0x7f54b0107720 0x7f54b007db00 unknown :-1 s=HELLO_CONNECTING pgs=0 cs=0 l=1 rev1=1 crypto rx=0 tx=0 comp rx=0 tx=0).handle_hello peer v2:172.21.15.114:3300/0 says I am v2:172.21.15.114:34234/0 (socket says 172.21.15.114:34234)
2024-09-19T05:57:42.703 INFO:teuthology.orchestra.run.smithi114.stdout:/usr/bin/ceph: stderr
2024-09-19T05:57:37.924+0000 7f54af400640 1 -- 172.21.15.114:0/3827779305 learned_addr learned my addr 172.21.15.114:0/3827779305 (peer_addr_for_me v2:172.21.15.114:0/0)
2024-09-19T05:57:42.703 INFO:teuthology.orchestra.run.smithi114.stdout:/usr/bin/ceph: stderr
2024-09-19T05:57:37.924+0000 7f54af400640 1 -- 172.21.15.114:0/3827779305 --> [v2:172.21.15.114:3300/0,v1:172.21.15.114:6789/0] -- mon_subscribe({config=0+,monmap=0+}) -- 0x7f54b007e040 con 0x7f54b0107720
2024-09-19T05:57:42.703 INFO:teuthology.orchestra.run.smithi114.stdout:/usr/bin/ceph: stderr
2024-09-19T05:57:37.924+0000 7f54af400640 1 --2- 172.21.15.114:0/3827779305 >> [v2:172.21.15.114:3300/0,v1:172.21.15.114:6789/0] conn(0x7f54b0107720 0x7f54b007db00 secure :-1 s=READY pgs=44 cs=0 l=1 rev1=1 crypto rx=0x7f54a00097f0 tx=0x7f54a0032d00 comp rx=0 tx=0).ready entity=mon.0 client_cookie=0 server_cookie=0 in_seq=0 out_seq=0
2024-09-19T05:57:42.703 INFO:teuthology.orchestra.run.smithi114.stdout:/usr/bin/ceph: stderr
2024-09-19T05:57:37.925+0000 7f54a7e00640 1 -- 172.21.15.114:0/3827779305 <== mon.0 v2:172.21.15.114:3300/0 1 ==== mon_map magic: 0 ==== 205+0+0 (secure 0 0 0) 0x7f54a0037040 con 0x7f54b0107720
2024-09-19T05:57:42.703 INFO:teuthology.orchestra.run.smithi114.stdout:/usr/bin/ceph: stderr
2024-09-19T05:57:37.925+0000 7f54a7e00640 1 -- 172.21.15.114:0/3827779305 <== mon.0 v2:172.21.15.114:3300/0 2 ==== config(28 keys) ==== 1143+0+0 (secure 0 0 0) 0x7f54a0040070 con 0x7f54b0107720
2024-09-19T05:57:42.703 INFO:teuthology.orchestra.run.smithi114.stdout:/usr/bin/ceph: stderr
2024-09-19T05:57:37.925+0000 7f54b6200640 1 -- 172.21.15.114:0/3827779305 --> [v2:172.21.15.114:3300/0,v1:172.21.15.114:6789/0] -- mon_subscribe({mgrmap=0+}) -- 0x7f54b007c230 con 0x7f54b0107720
2024-09-19T05:57:42.703 INFO:teuthology.orchestra.run.smithi114.stdout:/usr/bin/ceph: stderr
2024-09-19T05:57:37.925+0000 7f54a7e00640 1 -- 172.21.15.114:0/3827779305 <== mon.0 v2:172.21.15.114:3300/0 3 ==== mon_map magic: 0 ==== 205+0+0 (secure 0 0 0) 0x7f54a003a610 con 0x7f54b0107720
2024-09-19T05:57:42.703 INFO:teuthology.orchestra.run.smithi114.stdout:/usr/bin/ceph: stderr
2024-09-19T05:57:37.925+0000 7f54b6200640 1 -- 172.21.15.114:0/3827779305 --> [v2:172.21.15.114:3300/0,v1:172.21.15.114:6789/0] -- mon_subscribe({osdmap=0}) -- 0x7f54b007c770 con 0x7f54b0107720
2024-09-19T05:57:42.703 INFO:teuthology.orchestra.run.smithi114.stdout:/usr/bin/ceph: stderr
2024-09-19T05:57:37.926+0000 7f54a7e00640 1 -- 172.21.15.114:0/3827779305 <== mon.0 v2:172.21.15.114:3300/0 4 ==== mgrmap(e 8) ==== 46461+0+0 (secure 0 0 0) 0x7f54a003ba90 con 0x7f54b0107720
2024-09-19T05:57:42.703 INFO:teuthology.orchestra.run.smithi114.stdout:/usr/bin/ceph: stderr
2024-09-19T05:57:37.926+0000 7f54b6200640 1 -- 172.21.15.114:0/3827779305 --> [v2:172.21.15.114:3300/0,v1:172.21.15.114:6789/0] -- mon_command({"prefix": "get_command_descriptions"} v 0) -- 0x7f54b0107ba0 con 0x7f54b0107720
2024-09-19T05:57:42.703 INFO:teuthology.orchestra.run.smithi114.stdout:/usr/bin/ceph: stderr
2024-09-19T05:57:37.926+0000 7f54a7e00640 1 --2- 172.21.15.114:0/3827779305 >> [v2:172.21.15.114:6800/3495902111,v1:172.21.15.114:6801/3495902111] conn(0x7f54940391b0 0x7f549403b670 unknown :-1 s=NONE pgs=0 cs=0 l=1 rev1=0 crypto rx=0 tx=0 comp rx=0 tx=0).connect
2024-09-19T05:57:42.703 INFO:teuthology.orchestra.run.smithi114.stdout:/usr/bin/ceph: stderr
2024-09-19T05:57:37.926+0000 7f54a7e00640 1 -- 172.21.15.114:0/3827779305 <== mon.0 v2:172.21.15.114:3300/0 5 ==== osd_map(2..2 src has 1..2) ==== 940+0+0 (secure 0 0 0) 0x7f54a006c6c0 con 0x7f54b0107720
2024-09-19T05:57:42.704 INFO:teuthology.orchestra.run.smithi114.stdout:/usr/bin/ceph: stderr
2024-09-19T05:57:37.927+0000 7f54aea00640 1 --2- 172.21.15.114:0/3827779305 >> [v2:172.21.15.114:6800/3495902111,v1:172.21.15.114:6801/3495902111] conn(0x7f54940391b0 0x7f549403b670 unknown :-1 s=BANNER_CONNECTING pgs=0 cs=0 l=1 rev1=0 crypto rx=0 tx=0 comp rx=0 tx=0)._handle_peer_banner_payload supported=3 required=0
2024-09-19T05:57:42.704 INFO:teuthology.orchestra.run.smithi114.stdout:/usr/bin/ceph: stderr
2024-09-19T05:57:37.927+0000 7f54aea00640 1 --2- 172.21.15.114:0/3827779305 >> [v2:172.21.15.114:6800/3495902111,v1:172.21.15.114:6801/3495902111] conn(0x7f54940391b0 0x7f549403b670 secure :-1 s=READY pgs=11 cs=0 l=1 rev1=1 crypto rx=0x7f549c0098c0 tx=0x7f549c006db0 comp rx=0 tx=0).ready entity=mgr.14118 client_cookie=0 server_cookie=0 in_seq=0 out_seq=0
2024-09-19T05:57:42.704 INFO:teuthology.orchestra.run.smithi114.stdout:/usr/bin/ceph: stderr
2024-09-19T05:57:37.931+0000 7f54a7e00640 1 -- 172.21.15.114:0/3827779305 <== mon.0 v2:172.21.15.114:3300/0 6 ==== mon_command_ack([{"prefix": "get_command_descriptions"}]=0 v0) ==== 72+0+188913 (secure 0 0 0) 0x7f54a0043360 con 0x7f54b0107720
2024-09-19T05:57:42.704 INFO:teuthology.orchestra.run.smithi114.stdout:/usr/bin/ceph: stderr
2024-09-19T05:57:38.111+0000 7f54b6200640 1 -- 172.21.15.114:0/3827779305 --> [v2:172.21.15.114:6800/3495902111,v1:172.21.15.114:6801/3495902111] -- mgr_command(tid 0: {"prefix": "orch host add", "hostname": "smithi114", "addr": "172.21.15.114", "target": ["mon-mgr", ""]}) -- 0x7f54b007d0c0 con 0x7f54940391b0
2024-09-19T05:57:42.704 INFO:teuthology.orchestra.run.smithi114.stdout:/usr/bin/ceph: stderr
2024-09-19T05:57:41.990+0000 7f54a7e00640 1 -- 172.21.15.114:0/3827779305 <== mgr.14118 v2:172.21.15.114:6800/3495902111 1 ==== mgr_command_reply(tid 0: 0 ) ==== 8+0+49 (secure 0 0 0) 0x7f54b007d0c0 con 0x7f54940391b0
2024-09-19T05:57:42.704 INFO:teuthology.orchestra.run.smithi114.stdout:/usr/bin/ceph: stderr
2024-09-19T05:57:41.993+0000 7f54b6200640 1 -- 172.21.15.114:0/3827779305 >> [v2:172.21.15.114:6800/3495902111,v1:172.21.15.114:6801/3495902111] conn(0x7f54940391b0 msgr2=0x7f549403b670 secure :-1 s=STATE_CONNECTION_ESTABLISHED l=1).mark_down
2024-09-19T05:57:42.704 INFO:teuthology.orchestra.run.smithi114.stdout:/usr/bin/ceph: stderr
2024-09-19T05:57:41.993+0000 7f54b6200640 1 --2- 172.21.15.114:0/3827779305 >> [v2:172.21.15.114:6800/3495902111,v1:172.21.15.114:6801/3495902111] conn(0x7f54940391b0 0x7f549403b670 secure :-1 s=READY pgs=11 cs=0 l=1 rev1=1 crypto rx=0x7f549c0098c0 tx=0x7f549c006db0 comp rx=0 tx=0).stop
2024-09-19T05:57:42.704 INFO:teuthology.orchestra.run.smithi114.stdout:/usr/bin/ceph: stderr
2024-09-19T05:57:41.993+0000 7f54b6200640 1 -- 172.21.15.114:0/3827779305 >> [v2:172.21.15.114:3300/0,v1:172.21.15.114:6789/0] conn(0x7f54b0107720 msgr2=0x7f54b007db00 secure :-1 s=STATE_CONNECTION_ESTABLISHED l=1).mark_down
2024-09-19T05:57:42.704 INFO:teuthology.orchestra.run.smithi114.stdout:/usr/bin/ceph: stderr
2024-09-19T05:57:41.993+0000 7f54b6200640 1 --2- 172.21.15.114:0/3827779305 >> [v2:172.21.15.114:3300/0,v1:172.21.15.114:6789/0] conn(0x7f54b0107720 0x7f54b007db00 secure :-1 s=READY pgs=44 cs=0 l=1 rev1=1 crypto rx=0x7f54a00097f0 tx=0x7f54a0032d00 comp rx=0 tx=0).stop
2024-09-19T05:57:42.704 INFO:teuthology.orchestra.run.smithi114.stdout:/usr/bin/ceph: stderr
2024-09-19T05:57:41.994+0000 7f54b6200640 1 -- 172.21.15.114:0/3827779305 shutdown_connections
2024-09-19T05:57:42.704 INFO:teuthology.orchestra.run.smithi114.stdout:/usr/bin/ceph: stderr
2024-09-19T05:57:41.994+0000 7f54b6200640 1 --2- 172.21.15.114:0/3827779305 >> [v2:172.21.15.114:6800/3495902111,v1:172.21.15.114:6801/3495902111] conn(0x7f54940391b0 0x7f549403b670 unknown :-1 s=CLOSED pgs=11 cs=0 l=1 rev1=1 crypto rx=0 tx=0 comp rx=0 tx=0).stop
2024-09-19T05:57:42.704 INFO:teuthology.orchestra.run.smithi114.stdout:/usr/bin/ceph: stderr
2024-09-19T05:57:41.994+0000 7f54b6200640 1 --2- 172.21.15.114:0/3827779305 >> [v2:172.21.15.114:3300/0,v1:172.21.15.114:6789/0] conn(0x7f54b0107720 0x7f54b007db00 unknown :-1 s=CLOSED pgs=44 cs=0 l=1 rev1=1 crypto rx=0 tx=0 comp rx=0 tx=0).stop
2024-09-19T05:57:42.704 INFO:teuthology.orchestra.run.smithi114.stdout:/usr/bin/ceph: stderr
2024-09-19T05:57:41.994+0000 7f54b6200640 1 -- 172.21.15.114:0/3827779305 >> 172.21.15.114:0/3827779305 conn(0x7f54b0102ed0 msgr2=0x7f54b0103a90 unknown :-1 s=STATE_NONE l=0).mark_down
2024-09-19T05:57:42.705 INFO:teuthology.orchestra.run.smithi114.stdout:/usr/bin/ceph: stderr
2024-09-19T05:57:41.994+0000 7f54b6200640 1 -- 172.21.15.114:0/3827779305 shutdown_connections
2024-09-19T05:57:42.705 INFO:teuthology.orchestra.run.smithi114.stdout:/usr/bin/ceph: stderr
2024-09-19T05:57:41.995+0000 7f54b6200640 1 -- 172.21.15.114:0/3827779305 wait complete.
2024-09-19T05:57:42.705 INFO:teuthology.orchestra.run.smithi114.stdout:Deploying unmanaged mon service...
2024-09-19T05:57:43.304 INFO:journalctl@ceph.mon.a.smithi114.stdout:Sep 19 05:57:42 smithi114 ceph-mon[30530]: from='mgr.14118 172.21.15.114:0/1090603923' entity='mgr.x'
2024-09-19T05:57:43.305 INFO:journalctl@ceph.mon.a.smithi114.stdout:Sep 19 05:57:42 smithi114 ceph-mon[30530]: Added host smithi114
2024-09-19T05:57:43.305 INFO:journalctl@ceph.mon.a.smithi114.stdout:Sep 19 05:57:42 smithi114 ceph-mon[30530]: from='mgr.14118 172.21.15.114:0/1090603923' entity='mgr.x' cmd=[{"prefix": "config dump", "format": "json"}]: dispatch
2024-09-19T05:57:44.534 INFO:teuthology.orchestra.run.smithi114.stdout:/usr/bin/ceph: stdout Scheduled mon update...
2024-09-19T05:57:44.534 INFO:teuthology.orchestra.run.smithi114.stdout:/usr/bin/ceph: stderr
2024-09-19T05:57:43.302+0000 7fccaee00640 1 Processor -- start
2024-09-19T05:57:44.534 INFO:teuthology.orchestra.run.smithi114.stdout:/usr/bin/ceph: stderr
2024-09-19T05:57:43.302+0000 7fccaee00640 1 -- start start
2024-09-19T05:57:44.535 INFO:teuthology.orchestra.run.smithi114.stdout:/usr/bin/ceph: stderr
2024-09-19T05:57:43.303+0000 7fccaee00640 1 --2- >> [v2:172.21.15.114:3300/0,v1:172.21.15.114:6789/0] conn(0x7fcca8109920 0x7fcca8109d20 unknown :-1 s=NONE pgs=0 cs=0 l=0 rev1=0 crypto rx=0 tx=0 comp rx=0 tx=0).connect
2024-09-19T05:57:44.535 INFO:teuthology.orchestra.run.smithi114.stdout:/usr/bin/ceph: stderr
2024-09-19T05:57:43.303+0000 7fccaee00640 1 -- --> [v2:172.21.15.114:3300/0,v1:172.21.15.114:6789/0] -- mon_getmap magic: 0 -- 0x7fcca810a2f0 con 0x7fcca8109920
2024-09-19T05:57:44.535 INFO:teuthology.orchestra.run.smithi114.stdout:/usr/bin/ceph: stderr
2024-09-19T05:57:43.303+0000 7fcca7e00640 1 --2- >> [v2:172.21.15.114:3300/0,v1:172.21.15.114:6789/0] conn(0x7fcca8109920 0x7fcca8109d20 unknown :-1 s=BANNER_CONNECTING pgs=0 cs=0 l=0 rev1=0 crypto rx=0 tx=0 comp rx=0 tx=0)._handle_peer_banner_payload supported=3 required=0
2024-09-19T05:57:44.535 INFO:teuthology.orchestra.run.smithi114.stdout:/usr/bin/ceph: stderr
2024-09-19T05:57:43.303+0000 7fcca7e00640 1 --2- >> [v2:172.21.15.114:3300/0,v1:172.21.15.114:6789/0] conn(0x7fcca8109920 0x7fcca8109d20 unknown :-1 s=HELLO_CONNECTING pgs=0 cs=0 l=0 rev1=1 crypto rx=0 tx=0 comp rx=0 tx=0).handle_hello peer v2:172.21.15.114:3300/0 says I am v2:172.21.15.114:34236/0 (socket says 172.21.15.114:34236)
2024-09-19T05:57:44.535 INFO:teuthology.orchestra.run.smithi114.stdout:/usr/bin/ceph: stderr
2024-09-19T05:57:43.303+0000 7fcca7e00640 1 -- 172.21.15.114:0/1185565176 learned_addr learned my addr 172.21.15.114:0/1185565176 (peer_addr_for_me v2:172.21.15.114:0/0)
2024-09-19T05:57:44.535 INFO:teuthology.orchestra.run.smithi114.stdout:/usr/bin/ceph: stderr
2024-09-19T05:57:43.303+0000 7fcca7e00640 1 -- 172.21.15.114:0/1185565176 --> [v2:172.21.15.114:3300/0,v1:172.21.15.114:6789/0] -- mon_subscribe({config=0+,monmap=0+}) -- 0x7fcca810aaf0 con 0x7fcca8109920
2024-09-19T05:57:44.535 INFO:teuthology.orchestra.run.smithi114.stdout:/usr/bin/ceph: stderr
2024-09-19T05:57:43.304+0000 7fcca7e00640 1 --2- 172.21.15.114:0/1185565176 >> [v2:172.21.15.114:3300/0,v1:172.21.15.114:6789/0] conn(0x7fcca8109920 0x7fcca8109d20 secure :-1 s=READY pgs=45 cs=0 l=1 rev1=1 crypto rx=0x7fcc98009820 tx=0x7fcc9802a270 comp rx=0 tx=0).ready entity=mon.0 client_cookie=2bbf3520fd75eeb6 server_cookie=0 in_seq=0 out_seq=0
2024-09-19T05:57:44.535 INFO:teuthology.orchestra.run.smithi114.stdout:/usr/bin/ceph: stderr
2024-09-19T05:57:43.305+0000 7fcca6a00640 1 -- 172.21.15.114:0/1185565176 <== mon.0 v2:172.21.15.114:3300/0 1 ==== mon_map magic: 0 ==== 205+0+0 (secure 0 0 0) 0x7fcc98037070 con 0x7fcca8109920
2024-09-19T05:57:44.535 INFO:teuthology.orchestra.run.smithi114.stdout:/usr/bin/ceph: stderr
2024-09-19T05:57:43.305+0000 7fcca6a00640 1 -- 172.21.15.114:0/1185565176 <== mon.0 v2:172.21.15.114:3300/0 2 ==== config(28 keys) ==== 1143+0+0 (secure 0 0 0) 0x7fcc98032920 con 0x7fcca8109920
2024-09-19T05:57:44.535 INFO:teuthology.orchestra.run.smithi114.stdout:/usr/bin/ceph: stderr
2024-09-19T05:57:43.305+0000 7fcca6a00640 1 -- 172.21.15.114:0/1185565176 <== mon.0 v2:172.21.15.114:3300/0 3 ==== mon_map magic: 0 ==== 205+0+0 (secure 0 0 0) 0x7fcc98030950 con 0x7fcca8109920
2024-09-19T05:57:44.535 INFO:teuthology.orchestra.run.smithi114.stdout:/usr/bin/ceph: stderr
2024-09-19T05:57:43.305+0000 7fccaee00640 1 -- 172.21.15.114:0/1185565176 >> [v2:172.21.15.114:3300/0,v1:172.21.15.114:6789/0] conn(0x7fcca8109920 msgr2=0x7fcca8109d20 secure :-1 s=STATE_CONNECTION_ESTABLISHED l=1).mark_down
2024-09-19T05:57:44.535 INFO:teuthology.orchestra.run.smithi114.stdout:/usr/bin/ceph: stderr
2024-09-19T05:57:43.305+0000 7fccaee00640 1 --2- 172.21.15.114:0/1185565176 >> [v2:172.21.15.114:3300/0,v1:172.21.15.114:6789/0] conn(0x7fcca8109920 0x7fcca8109d20 secure :-1 s=READY pgs=45 cs=0 l=1 rev1=1 crypto rx=0x7fcc98009820 tx=0x7fcc9802a270 comp rx=0 tx=0).stop
2024-09-19T05:57:44.535 INFO:teuthology.orchestra.run.smithi114.stdout:/usr/bin/ceph: stderr
2024-09-19T05:57:43.305+0000 7fccaee00640 1 -- 172.21.15.114:0/1185565176 shutdown_connections
2024-09-19T05:57:44.536 INFO:teuthology.orchestra.run.smithi114.stdout:/usr/bin/ceph: stderr
2024-09-19T05:57:43.305+0000 7fccaee00640 1 --2- 172.21.15.114:0/1185565176 >> [v2:172.21.15.114:3300/0,v1:172.21.15.114:6789/0] conn(0x7fcca8109920 0x7fcca8109d20 unknown :-1 s=CLOSED pgs=45 cs=0 l=1 rev1=1 crypto rx=0 tx=0 comp rx=0 tx=0).stop
2024-09-19T05:57:44.536 INFO:teuthology.orchestra.run.smithi114.stdout:/usr/bin/ceph: stderr
2024-09-19T05:57:43.305+0000 7fccaee00640 1 -- 172.21.15.114:0/1185565176 >> 172.21.15.114:0/1185565176 conn(0x7fcca807cef0 msgr2=0x7fcca807d300 unknown :-1 s=STATE_NONE l=0).mark_down
2024-09-19T05:57:44.536 INFO:teuthology.orchestra.run.smithi114.stdout:/usr/bin/ceph: stderr
2024-09-19T05:57:43.306+0000 7fccaee00640 1 -- 172.21.15.114:0/1185565176 shutdown_connections
2024-09-19T05:57:44.536 INFO:teuthology.orchestra.run.smithi114.stdout:/usr/bin/ceph: stderr
2024-09-19T05:57:43.306+0000 7fccaee00640 1 -- 172.21.15.114:0/1185565176 wait complete.
2024-09-19T05:57:44.536 INFO:teuthology.orchestra.run.smithi114.stdout:/usr/bin/ceph: stderr
2024-09-19T05:57:43.306+0000 7fccaee00640 1 Processor -- start
2024-09-19T05:57:44.536 INFO:teuthology.orchestra.run.smithi114.stdout:/usr/bin/ceph: stderr
2024-09-19T05:57:43.307+0000 7fccaee00640 1 -- start start
2024-09-19T05:57:44.536 INFO:teuthology.orchestra.run.smithi114.stdout:/usr/bin/ceph: stderr
2024-09-19T05:57:43.307+0000 7fccaee00640 1 --2- >> [v2:172.21.15.114:3300/0,v1:172.21.15.114:6789/0] conn(0x7fcca8109920 0x7fcca819d9a0 unknown :-1 s=NONE pgs=0 cs=0 l=1 rev1=0 crypto rx=0 tx=0 comp rx=0 tx=0).connect
2024-09-19T05:57:44.536 INFO:teuthology.orchestra.run.smithi114.stdout:/usr/bin/ceph: stderr
2024-09-19T05:57:43.307+0000 7fccaee00640 1 -- --> [v2:172.21.15.114:3300/0,v1:172.21.15.114:6789/0] -- mon_getmap magic: 0 -- 0x7fcca810dea0 con 0x7fcca8109920
2024-09-19T05:57:44.536 INFO:teuthology.orchestra.run.smithi114.stdout:/usr/bin/ceph: stderr
2024-09-19T05:57:43.307+0000 7fcca7e00640 1 --2- >> [v2:172.21.15.114:3300/0,v1:172.21.15.114:6789/0] conn(0x7fcca8109920 0x7fcca819d9a0 unknown :-1 s=BANNER_CONNECTING pgs=0 cs=0 l=1 rev1=0 crypto rx=0 tx=0 comp rx=0 tx=0)._handle_peer_banner_payload supported=3 required=0
2024-09-19T05:57:44.536 INFO:teuthology.orchestra.run.smithi114.stdout:/usr/bin/ceph: stderr
2024-09-19T05:57:43.307+0000 7fcca7e00640 1 --2- >> [v2:172.21.15.114:3300/0,v1:172.21.15.114:6789/0] conn(0x7fcca8109920 0x7fcca819d9a0 unknown :-1 s=HELLO_CONNECTING pgs=0 cs=0 l=1 rev1=1 crypto rx=0 tx=0 comp rx=0 tx=0).handle_hello peer v2:172.21.15.114:3300/0 says I am v2:172.21.15.114:34250/0 (socket says 172.21.15.114:34250)
2024-09-19T05:57:44.536 INFO:teuthology.orchestra.run.smithi114.stdout:/usr/bin/ceph: stderr
2024-09-19T05:57:43.307+0000 7fcca7e00640 1 -- 172.21.15.114:0/560620672 learned_addr learned my addr 172.21.15.114:0/560620672 (peer_addr_for_me v2:172.21.15.114:0/0)
2024-09-19T05:57:44.536 INFO:teuthology.orchestra.run.smithi114.stdout:/usr/bin/ceph: stderr
2024-09-19T05:57:43.307+0000 7fcca7e00640 1 -- 172.21.15.114:0/560620672 --> [v2:172.21.15.114:3300/0,v1:172.21.15.114:6789/0] -- mon_subscribe({config=0+,monmap=0+}) -- 0x7fcca819dee0 con 0x7fcca8109920
2024-09-19T05:57:44.537 INFO:teuthology.orchestra.run.smithi114.stdout:/usr/bin/ceph: stderr
2024-09-19T05:57:43.308+0000 7fcca7e00640 1 --2- 172.21.15.114:0/560620672 >> [v2:172.21.15.114:3300/0,v1:172.21.15.114:6789/0] conn(0x7fcca8109920 0x7fcca819d9a0 secure :-1 s=READY pgs=46 cs=0 l=1 rev1=1 crypto rx=0x7fcc98031000 tx=0x7fcc98032e40 comp rx=0 tx=0).ready entity=mon.0 client_cookie=0 server_cookie=0 in_seq=0 out_seq=0
2024-09-19T05:57:44.537 INFO:teuthology.orchestra.run.smithi114.stdout:/usr/bin/ceph: stderr
2024-09-19T05:57:43.308+0000 7fcca4c00640 1 -- 172.21.15.114:0/560620672 <== mon.0 v2:172.21.15.114:3300/0 1 ==== mon_map magic: 0 ==== 205+0+0 (secure 0 0 0) 0x7fcc98042070 con 0x7fcca8109920
2024-09-19T05:57:44.537 INFO:teuthology.orchestra.run.smithi114.stdout:/usr/bin/ceph: stderr
2024-09-19T05:57:43.308+0000 7fcca4c00640 1 -- 172.21.15.114:0/560620672 <== mon.0 v2:172.21.15.114:3300/0 2 ==== config(28 keys) ==== 1143+0+0 (secure 0 0 0) 0x7fcc980325f0 con 0x7fcca8109920
2024-09-19T05:57:44.537 INFO:teuthology.orchestra.run.smithi114.stdout:/usr/bin/ceph: stderr
2024-09-19T05:57:43.308+0000 7fccaee00640 1 -- 172.21.15.114:0/560620672 --> [v2:172.21.15.114:3300/0,v1:172.21.15.114:6789/0] -- mon_subscribe({mgrmap=0+}) -- 0x7fcca819e170 con 0x7fcca8109920
2024-09-19T05:57:44.537 INFO:teuthology.orchestra.run.smithi114.stdout:/usr/bin/ceph: stderr
2024-09-19T05:57:43.308+0000 7fcca4c00640 1 -- 172.21.15.114:0/560620672 <== mon.0 v2:172.21.15.114:3300/0 3 ==== mon_map magic: 0 ==== 205+0+0 (secure 0 0 0) 0x7fcc98037040 con 0x7fcca8109920
2024-09-19T05:57:44.537 INFO:teuthology.orchestra.run.smithi114.stdout:/usr/bin/ceph: stderr
2024-09-19T05:57:43.308+0000 7fccaee00640 1 -- 172.21.15.114:0/560620672 --> [v2:172.21.15.114:3300/0,v1:172.21.15.114:6789/0] -- mon_subscribe({osdmap=0}) -- 0x7fcca81a0e60 con 0x7fcca8109920
2024-09-19T05:57:44.537 INFO:teuthology.orchestra.run.smithi114.stdout:/usr/bin/ceph: stderr
2024-09-19T05:57:43.309+0000 7fcca4c00640 1 -- 172.21.15.114:0/560620672 <== mon.0 v2:172.21.15.114:3300/0 4 ==== mgrmap(e 8) ==== 46461+0+0 (secure 0 0 0) 0x7fcc98045070 con 0x7fcca8109920
2024-09-19T05:57:44.537 INFO:teuthology.orchestra.run.smithi114.stdout:/usr/bin/ceph: stderr
2024-09-19T05:57:43.309+0000 7fccaee00640 1 -- 172.21.15.114:0/560620672 --> [v2:172.21.15.114:3300/0,v1:172.21.15.114:6789/0] -- mon_command({"prefix": "get_command_descriptions"} v 0) -- 0x7fcca8109da0 con 0x7fcca8109920
2024-09-19T05:57:44.537 INFO:teuthology.orchestra.run.smithi114.stdout:/usr/bin/ceph: stderr
2024-09-19T05:57:43.309+0000 7fcca4c00640 1 --2- 172.21.15.114:0/560620672 >> [v2:172.21.15.114:6800/3495902111,v1:172.21.15.114:6801/3495902111] conn(0x7fcc8c0391b0 0x7fcc8c03b670 unknown :-1 s=NONE pgs=0 cs=0 l=1 rev1=0 crypto rx=0 tx=0 comp rx=0 tx=0).connect
2024-09-19T05:57:44.537 INFO:teuthology.orchestra.run.smithi114.stdout:/usr/bin/ceph: stderr
2024-09-19T05:57:43.309+0000 7fcca4c00640 1 -- 172.21.15.114:0/560620672 <== mon.0 v2:172.21.15.114:3300/0 5 ==== osd_map(2..2 src has 1..2) ==== 940+0+0 (secure 0 0 0) 0x7fcc9806c380 con 0x7fcca8109920
2024-09-19T05:57:44.537 INFO:teuthology.orchestra.run.smithi114.stdout:/usr/bin/ceph: stderr
2024-09-19T05:57:43.310+0000 7fcca7400640 1 --2- 172.21.15.114:0/560620672 >> [v2:172.21.15.114:6800/3495902111,v1:172.21.15.114:6801/3495902111] conn(0x7fcc8c0391b0 0x7fcc8c03b670 unknown :-1 s=BANNER_CONNECTING pgs=0 cs=0 l=1 rev1=0 crypto rx=0 tx=0 comp rx=0 tx=0)._handle_peer_banner_payload supported=3 required=0
2024-09-19T05:57:44.537 INFO:teuthology.orchestra.run.smithi114.stdout:/usr/bin/ceph: stderr
2024-09-19T05:57:43.310+0000 7fcca7400640 1 --2- 172.21.15.114:0/560620672 >> [v2:172.21.15.114:6800/3495902111,v1:172.21.15.114:6801/3495902111] conn(0x7fcc8c0391b0 0x7fcc8c03b670 secure :-1 s=READY pgs=12 cs=0 l=1 rev1=1 crypto rx=0x7fcc940098c0 tx=0x7fcc94006db0 comp rx=0 tx=0).ready entity=mgr.14118 client_cookie=0 server_cookie=0 in_seq=0 out_seq=0
2024-09-19T05:57:44.537 INFO:teuthology.orchestra.run.smithi114.stdout:/usr/bin/ceph: stderr
2024-09-19T05:57:43.315+0000 7fcca4c00640 1 -- 172.21.15.114:0/560620672 <== mon.0 v2:172.21.15.114:3300/0 6 ==== mon_command_ack([{"prefix": "get_command_descriptions"}]=0 v0) ==== 72+0+188913 (secure 0 0 0) 0x7fcc9803ce50 con 0x7fcca8109920
2024-09-19T05:57:44.538 INFO:teuthology.orchestra.run.smithi114.stdout:/usr/bin/ceph: stderr
2024-09-19T05:57:43.525+0000 7fccaee00640 1 -- 172.21.15.114:0/560620672 --> [v2:172.21.15.114:6800/3495902111,v1:172.21.15.114:6801/3495902111] -- mgr_command(tid 0: {"prefix": "orch apply", "service_type": "mon", "unmanaged": true, "target": ["mon-mgr", ""]}) -- 0x7fcca8107d00 con 0x7fcc8c0391b0
2024-09-19T05:57:44.538 INFO:teuthology.orchestra.run.smithi114.stdout:/usr/bin/ceph: stderr
2024-09-19T05:57:43.530+0000 7fcca4c00640 1 -- 172.21.15.114:0/560620672 <== mgr.14118 v2:172.21.15.114:6800/3495902111 1 ==== mgr_command_reply(tid 0: 0 ) ==== 8+0+24 (secure 0 0 0) 0x7fcca8107d00 con 0x7fcc8c0391b0
2024-09-19T05:57:44.538 INFO:teuthology.orchestra.run.smithi114.stdout:/usr/bin/ceph: stderr
2024-09-19T05:57:43.533+0000 7fccaee00640 1 -- 172.21.15.114:0/560620672 >> [v2:172.21.15.114:6800/3495902111,v1:172.21.15.114:6801/3495902111] conn(0x7fcc8c0391b0 msgr2=0x7fcc8c03b670 secure :-1 s=STATE_CONNECTION_ESTABLISHED l=1).mark_down
2024-09-19T05:57:44.538 INFO:teuthology.orchestra.run.smithi114.stdout:/usr/bin/ceph: stderr
2024-09-19T05:57:43.533+0000 7fccaee00640 1 --2- 172.21.15.114:0/560620672 >> [v2:172.21.15.114:6800/3495902111,v1:172.21.15.114:6801/3495902111] conn(0x7fcc8c0391b0 0x7fcc8c03b670 secure :-1 s=READY pgs=12 cs=0 l=1 rev1=1 crypto rx=0x7fcc940098c0 tx=0x7fcc94006db0 comp rx=0 tx=0).stop
2024-09-19T05:57:44.538 INFO:teuthology.orchestra.run.smithi114.stdout:/usr/bin/ceph: stderr
