2024-09-19T05:58:14.172+0000 7fd7ae1d7640 1 --2- >> [v2:172.21.15.103:3300/0,v1:172.21.15.103:6789/0] conn(0x7fd7a81080e0 0x7fd7a819b5f0 unknown :-1 s=NONE pgs=0 cs=0 l=1 rev1=0 crypto rx=0 tx=0 comp rx=0 tx=0).connect
2024-09-19T05:58:14.992 INFO:teuthology.orchestra.run.smithi103.stdout:/usr/bin/ceph: stderr
2024-09-19T05:58:14.172+0000 7fd7ae1d7640 1 -- --> [v2:172.21.15.103:3300/0,v1:172.21.15.103:6789/0] -- mon_getmap magic: 0 -- 0x7fd7a810b9f0 con 0x7fd7a81080e0
2024-09-19T05:58:14.992 INFO:teuthology.orchestra.run.smithi103.stdout:/usr/bin/ceph: stderr
2024-09-19T05:58:14.172+0000 7fd7a77fe640 1 --2- >> [v2:172.21.15.103:3300/0,v1:172.21.15.103:6789/0] conn(0x7fd7a81080e0 0x7fd7a819b5f0 unknown :-1 s=BANNER_CONNECTING pgs=0 cs=0 l=1 rev1=0 crypto rx=0 tx=0 comp rx=0 tx=0)._handle_peer_banner_payload supported=3 required=0
2024-09-19T05:58:14.993 INFO:teuthology.orchestra.run.smithi103.stdout:/usr/bin/ceph: stderr
2024-09-19T05:58:14.172+0000 7fd7a77fe640 1 --2- >> [v2:172.21.15.103:3300/0,v1:172.21.15.103:6789/0] conn(0x7fd7a81080e0 0x7fd7a819b5f0 unknown :-1 s=HELLO_CONNECTING pgs=0 cs=0 l=1 rev1=1 crypto rx=0 tx=0 comp rx=0 tx=0).handle_hello peer v2:172.21.15.103:3300/0 says I am v2:172.21.15.103:38488/0 (socket says 172.21.15.103:38488)
2024-09-19T05:58:14.993 INFO:teuthology.orchestra.run.smithi103.stdout:/usr/bin/ceph: stderr
2024-09-19T05:58:14.172+0000 7fd7a77fe640 1 -- 172.21.15.103:0/286693403 learned_addr learned my addr 172.21.15.103:0/286693403 (peer_addr_for_me v2:172.21.15.103:0/0)
2024-09-19T05:58:14.993 INFO:teuthology.orchestra.run.smithi103.stdout:/usr/bin/ceph: stderr
2024-09-19T05:58:14.172+0000 7fd7a77fe640 1 -- 172.21.15.103:0/286693403 --> [v2:172.21.15.103:3300/0,v1:172.21.15.103:6789/0] -- mon_subscribe({config=0+,monmap=0+}) -- 0x7fd7a819bb30 con 0x7fd7a81080e0
2024-09-19T05:58:14.993 INFO:teuthology.orchestra.run.smithi103.stdout:/usr/bin/ceph: stderr
2024-09-19T05:58:14.172+0000 7fd7a77fe640 1 --2- 172.21.15.103:0/286693403 >> [v2:172.21.15.103:3300/0,v1:172.21.15.103:6789/0] conn(0x7fd7a81080e0 0x7fd7a819b5f0 secure :-1 s=READY pgs=17 cs=0 l=1 rev1=1 crypto rx=0x7fd798030520 tx=0x7fd798032dd0 comp rx=0 tx=0).ready entity=mon.0 client_cookie=0 server_cookie=0 in_seq=0 out_seq=0
2024-09-19T05:58:14.993 INFO:teuthology.orchestra.run.smithi103.stdout:/usr/bin/ceph: stderr
2024-09-19T05:58:14.172+0000 7fd7a57fa640 1 -- 172.21.15.103:0/286693403 <== mon.0 v2:172.21.15.103:3300/0 1 ==== mon_map magic: 0 ==== 205+0+0 (secure 0 0 0) 0x7fd798042070 con 0x7fd7a81080e0
2024-09-19T05:58:14.993 INFO:teuthology.orchestra.run.smithi103.stdout:/usr/bin/ceph: stderr
2024-09-19T05:58:14.172+0000 7fd7a57fa640 1 -- 172.21.15.103:0/286693403 <== mon.0 v2:172.21.15.103:3300/0 2 ==== config(26 keys) ==== 1071+0+0 (secure 0 0 0) 0x7fd798030cc0 con 0x7fd7a81080e0
2024-09-19T05:58:14.993 INFO:teuthology.orchestra.run.smithi103.stdout:/usr/bin/ceph: stderr
2024-09-19T05:58:14.172+0000 7fd7ae1d7640 1 -- 172.21.15.103:0/286693403 --> [v2:172.21.15.103:3300/0,v1:172.21.15.103:6789/0] -- mon_subscribe({mgrmap=0+}) -- 0x7fd7a819bdc0 con 0x7fd7a81080e0
2024-09-19T05:58:14.993 INFO:teuthology.orchestra.run.smithi103.stdout:/usr/bin/ceph: stderr
2024-09-19T05:58:14.172+0000 7fd7a57fa640 1 -- 172.21.15.103:0/286693403 <== mon.0 v2:172.21.15.103:3300/0 3 ==== mon_map magic: 0 ==== 205+0+0 (secure 0 0 0) 0x7fd798037040 con 0x7fd7a81080e0
2024-09-19T05:58:14.993 INFO:teuthology.orchestra.run.smithi103.stdout:/usr/bin/ceph: stderr
2024-09-19T05:58:14.172+0000 7fd7ae1d7640 1 -- 172.21.15.103:0/286693403 --> [v2:172.21.15.103:3300/0,v1:172.21.15.103:6789/0] -- mon_subscribe({osdmap=0}) -- 0x7fd7a819eab0 con 0x7fd7a81080e0
2024-09-19T05:58:14.993 INFO:teuthology.orchestra.run.smithi103.stdout:/usr/bin/ceph: stderr
2024-09-19T05:58:14.173+0000 7fd7a57fa640 1 -- 172.21.15.103:0/286693403 <== mon.0 v2:172.21.15.103:3300/0 4 ==== mgrmap(e 4) ==== 46450+0+0 (secure 0 0 0) 0x7fd798045070 con 0x7fd7a81080e0
2024-09-19T05:58:14.993 INFO:teuthology.orchestra.run.smithi103.stdout:/usr/bin/ceph: stderr
2024-09-19T05:58:14.173+0000 7fd7ae1d7640 1 -- 172.21.15.103:0/286693403 --> [v2:172.21.15.103:3300/0,v1:172.21.15.103:6789/0] -- mon_command({"prefix": "get_command_descriptions"} v 0) -- 0x7fd7a8108540 con 0x7fd7a81080e0
2024-09-19T05:58:14.993 INFO:teuthology.orchestra.run.smithi103.stdout:/usr/bin/ceph: stderr
2024-09-19T05:58:14.173+0000 7fd7a57fa640 1 --2- 172.21.15.103:0/286693403 >> [v2:172.21.15.103:6800/3148507486,v1:172.21.15.103:6801/3148507486] conn(0x7fd7940391b0 0x7fd79403b670 unknown :-1 s=NONE pgs=0 cs=0 l=1 rev1=0 crypto rx=0 tx=0 comp rx=0 tx=0).connect
2024-09-19T05:58:14.993 INFO:teuthology.orchestra.run.smithi103.stdout:/usr/bin/ceph: stderr
2024-09-19T05:58:14.173+0000 7fd7a57fa640 1 -- 172.21.15.103:0/286693403 <== mon.0 v2:172.21.15.103:3300/0 5 ==== osd_map(1..1 src has 1..1) ==== 725+0+0 (secure 0 0 0) 0x7fd79806c3a0 con 0x7fd7a81080e0
2024-09-19T05:58:14.994 INFO:teuthology.orchestra.run.smithi103.stdout:/usr/bin/ceph: stderr
2024-09-19T05:58:14.174+0000 7fd79ffff640 1 --2- 172.21.15.103:0/286693403 >> [v2:172.21.15.103:6800/3148507486,v1:172.21.15.103:6801/3148507486] conn(0x7fd7940391b0 0x7fd79403b670 unknown :-1 s=BANNER_CONNECTING pgs=0 cs=0 l=1 rev1=0 crypto rx=0 tx=0 comp rx=0 tx=0)._handle_peer_banner_payload supported=3 required=0
2024-09-19T05:58:14.994 INFO:teuthology.orchestra.run.smithi103.stdout:/usr/bin/ceph: stderr
2024-09-19T05:58:14.174+0000 7fd79ffff640 1 --2- 172.21.15.103:0/286693403 >> [v2:172.21.15.103:6800/3148507486,v1:172.21.15.103:6801/3148507486] conn(0x7fd7940391b0 0x7fd79403b670 secure :-1 s=READY pgs=6 cs=0 l=1 rev1=1 crypto rx=0x7fd7900098c0 tx=0x7fd790006db0 comp rx=0 tx=0).ready entity=mgr.14100 client_cookie=0 server_cookie=0 in_seq=0 out_seq=0
2024-09-19T05:58:14.994 INFO:teuthology.orchestra.run.smithi103.stdout:/usr/bin/ceph: stderr
2024-09-19T05:58:14.178+0000 7fd7a57fa640 1 -- 172.21.15.103:0/286693403 <== mon.0 v2:172.21.15.103:3300/0 6 ==== mon_command_ack([{"prefix": "get_command_descriptions"}]=0 v0) ==== 72+0+188913 (secure 0 0 0) 0x7fd798045360 con 0x7fd7a81080e0
2024-09-19T05:58:14.994 INFO:teuthology.orchestra.run.smithi103.stdout:/usr/bin/ceph: stderr
2024-09-19T05:58:14.410+0000 7fd7ae1d7640 1 -- 172.21.15.103:0/286693403 --> [v2:172.21.15.103:3300/0,v1:172.21.15.103:6789/0] -- mon_command({"prefix": "status", "format": "json-pretty"} v 0) -- 0x7fd7a819f130 con 0x7fd7a81080e0
2024-09-19T05:58:14.994 INFO:teuthology.orchestra.run.smithi103.stdout:/usr/bin/ceph: stderr
2024-09-19T05:58:14.411+0000 7fd7a57fa640 1 -- 172.21.15.103:0/286693403 <== mon.0 v2:172.21.15.103:3300/0 7 ==== mon_command_ack([{"prefix": "status", "format": "json-pretty"}]=0 v0) ==== 79+0+1290 (secure 0 0 0) 0x7fd79806bdc0 con 0x7fd7a81080e0
2024-09-19T05:58:14.994 INFO:teuthology.orchestra.run.smithi103.stdout:/usr/bin/ceph: stderr
2024-09-19T05:58:14.413+0000 7fd7ae1d7640 1 -- 172.21.15.103:0/286693403 >> [v2:172.21.15.103:6800/3148507486,v1:172.21.15.103:6801/3148507486] conn(0x7fd7940391b0 msgr2=0x7fd79403b670 secure :-1 s=STATE_CONNECTION_ESTABLISHED l=1).mark_down
2024-09-19T05:58:14.994 INFO:teuthology.orchestra.run.smithi103.stdout:/usr/bin/ceph: stderr
2024-09-19T05:58:14.413+0000 7fd7ae1d7640 1 --2- 172.21.15.103:0/286693403 >> [v2:172.21.15.103:6800/3148507486,v1:172.21.15.103:6801/3148507486] conn(0x7fd7940391b0 0x7fd79403b670 secure :-1 s=READY pgs=6 cs=0 l=1 rev1=1 crypto rx=0x7fd7900098c0 tx=0x7fd790006db0 comp rx=0 tx=0).stop
2024-09-19T05:58:14.994 INFO:teuthology.orchestra.run.smithi103.stdout:/usr/bin/ceph: stderr
2024-09-19T05:58:14.413+0000 7fd7ae1d7640 1 -- 172.21.15.103:0/286693403 >> [v2:172.21.15.103:3300/0,v1:172.21.15.103:6789/0] conn(0x7fd7a81080e0 msgr2=0x7fd7a819b5f0 secure :-1 s=STATE_CONNECTION_ESTABLISHED l=1).mark_down
2024-09-19T05:58:14.994 INFO:teuthology.orchestra.run.smithi103.stdout:/usr/bin/ceph: stderr
2024-09-19T05:58:14.413+0000 7fd7ae1d7640 1 --2- 172.21.15.103:0/286693403 >> [v2:172.21.15.103:3300/0,v1:172.21.15.103:6789/0] conn(0x7fd7a81080e0 0x7fd7a819b5f0 secure :-1 s=READY pgs=17 cs=0 l=1 rev1=1 crypto rx=0x7fd798030520 tx=0x7fd798032dd0 comp rx=0 tx=0).stop
2024-09-19T05:58:14.994 INFO:teuthology.orchestra.run.smithi103.stdout:/usr/bin/ceph: stderr
2024-09-19T05:58:14.413+0000 7fd7ae1d7640 1 -- 172.21.15.103:0/286693403 shutdown_connections
2024-09-19T05:58:14.994 INFO:teuthology.orchestra.run.smithi103.stdout:/usr/bin/ceph: stderr
2024-09-19T05:58:14.413+0000 7fd7ae1d7640 1 --2- 172.21.15.103:0/286693403 >> [v2:172.21.15.103:6800/3148507486,v1:172.21.15.103:6801/3148507486] conn(0x7fd7940391b0 0x7fd79403b670 unknown :-1 s=CLOSED pgs=6 cs=0 l=1 rev1=1 crypto rx=0 tx=0 comp rx=0 tx=0).stop
2024-09-19T05:58:14.994 INFO:teuthology.orchestra.run.smithi103.stdout:/usr/bin/ceph: stderr
2024-09-19T05:58:14.413+0000 7fd7ae1d7640 1 --2- 172.21.15.103:0/286693403 >> [v2:172.21.15.103:3300/0,v1:172.21.15.103:6789/0] conn(0x7fd7a81080e0 0x7fd7a819b5f0 unknown :-1 s=CLOSED pgs=17 cs=0 l=1 rev1=1 crypto rx=0 tx=0 comp rx=0 tx=0).stop
2024-09-19T05:58:14.995 INFO:teuthology.orchestra.run.smithi103.stdout:/usr/bin/ceph: stderr
2024-09-19T05:58:14.413+0000 7fd7ae1d7640 1 -- 172.21.15.103:0/286693403 >> 172.21.15.103:0/286693403 conn(0x7fd7a8101d80 msgr2=0x7fd7a8102950 unknown :-1 s=STATE_NONE l=0).mark_down
2024-09-19T05:58:14.995 INFO:teuthology.orchestra.run.smithi103.stdout:/usr/bin/ceph: stderr
2024-09-19T05:58:14.413+0000 7fd7ae1d7640 1 -- 172.21.15.103:0/286693403 shutdown_connections
2024-09-19T05:58:14.995 INFO:teuthology.orchestra.run.smithi103.stdout:/usr/bin/ceph: stderr
2024-09-19T05:58:14.413+0000 7fd7ae1d7640 1 -- 172.21.15.103:0/286693403 wait complete.
2024-09-19T05:58:14.995 INFO:teuthology.orchestra.run.smithi103.stdout:mgr is available
2024-09-19T05:58:15.395 INFO:journalctl@ceph.mon.a.smithi103.stdout:Sep 19 05:58:15 smithi103 ceph-mon[30925]: mgrmap e4: x(active, since 2s)
2024-09-19T05:58:15.395 INFO:journalctl@ceph.mon.a.smithi103.stdout:Sep 19 05:58:15 smithi103 ceph-mon[30925]: from='client.? 172.21.15.103:0/286693403' entity='client.admin' cmd=[{"prefix": "status", "format": "json-pretty"}]: dispatch
2024-09-19T05:58:16.221 INFO:journalctl@ceph.mon.a.smithi103.stdout:Sep 19 05:58:16 smithi103 ceph-mon[30925]: from='client.? 172.21.15.103:0/2633382511' entity='client.admin' cmd=[{"prefix": "config assimilate-conf"}]: dispatch
2024-09-19T05:58:16.231 INFO:teuthology.orchestra.run.smithi103.stdout:/usr/bin/ceph: stdout
2024-09-19T05:58:16.231 INFO:teuthology.orchestra.run.smithi103.stdout:/usr/bin/ceph: stdout [global]
2024-09-19T05:58:16.232 INFO:teuthology.orchestra.run.smithi103.stdout:/usr/bin/ceph: stdout fsid = f3f6d2a8-764b-11ef-bceb-c7b262605968
2024-09-19T05:58:16.232 INFO:teuthology.orchestra.run.smithi103.stdout:/usr/bin/ceph: stdout mon_host = [v2:172.21.15.103:3300,v1:172.21.15.103:6789]
2024-09-19T05:58:16.232 INFO:teuthology.orchestra.run.smithi103.stdout:/usr/bin/ceph: stdout mon_osd_allow_pg_remap = true
2024-09-19T05:58:16.232 INFO:teuthology.orchestra.run.smithi103.stdout:/usr/bin/ceph: stdout mon_osd_allow_primary_affinity = true
2024-09-19T05:58:16.232 INFO:teuthology.orchestra.run.smithi103.stdout:/usr/bin/ceph: stdout mon_warn_on_no_sortbitwise = false
2024-09-19T05:58:16.232 INFO:teuthology.orchestra.run.smithi103.stdout:/usr/bin/ceph: stdout osd_crush_chooseleaf_type = 0
2024-09-19T05:58:16.232 INFO:teuthology.orchestra.run.smithi103.stdout:/usr/bin/ceph: stdout
2024-09-19T05:58:16.232 INFO:teuthology.orchestra.run.smithi103.stdout:/usr/bin/ceph: stdout [mgr]
2024-09-19T05:58:16.232 INFO:teuthology.orchestra.run.smithi103.stdout:/usr/bin/ceph: stdout mgr/telemetry/nag = false
2024-09-19T05:58:16.232 INFO:teuthology.orchestra.run.smithi103.stdout:/usr/bin/ceph: stdout
2024-09-19T05:58:16.232 INFO:teuthology.orchestra.run.smithi103.stdout:/usr/bin/ceph: stdout [osd]
2024-09-19T05:58:16.232 INFO:teuthology.orchestra.run.smithi103.stdout:/usr/bin/ceph: stdout mon_osd_backfillfull_ratio = 0.85
2024-09-19T05:58:16.232 INFO:teuthology.orchestra.run.smithi103.stdout:/usr/bin/ceph: stdout mon_osd_full_ratio = 0.9
2024-09-19T05:58:16.233 INFO:teuthology.orchestra.run.smithi103.stdout:/usr/bin/ceph: stdout mon_osd_nearfull_ratio = 0.8
2024-09-19T05:58:16.233 INFO:teuthology.orchestra.run.smithi103.stdout:/usr/bin/ceph: stdout osd_map_max_advance = 10
2024-09-19T05:58:16.233 INFO:teuthology.orchestra.run.smithi103.stdout:/usr/bin/ceph: stdout osd_sloppy_crc = true
2024-09-19T05:58:16.233 INFO:teuthology.orchestra.run.smithi103.stdout:/usr/bin/ceph: stderr
2024-09-19T05:58:15.392+0000 7faa85f15640 1 Processor -- start
2024-09-19T05:58:16.233 INFO:teuthology.orchestra.run.smithi103.stdout:/usr/bin/ceph: stderr
2024-09-19T05:58:15.392+0000 7faa85f15640 1 -- start start
2024-09-19T05:58:16.233 INFO:teuthology.orchestra.run.smithi103.stdout:/usr/bin/ceph: stderr
2024-09-19T05:58:15.392+0000 7faa85f15640 1 --2- >> [v2:172.21.15.103:3300/0,v1:172.21.15.103:6789/0] conn(0x7faa801076e0 0x7faa80107ae0 unknown :-1 s=NONE pgs=0 cs=0 l=0 rev1=0 crypto rx=0 tx=0 comp rx=0 tx=0).connect
2024-09-19T05:58:16.233 INFO:teuthology.orchestra.run.smithi103.stdout:/usr/bin/ceph: stderr
2024-09-19T05:58:15.392+0000 7faa85f15640 1 -- --> [v2:172.21.15.103:3300/0,v1:172.21.15.103:6789/0] -- mon_getmap magic: 0 -- 0x7faa801080b0 con 0x7faa801076e0
2024-09-19T05:58:16.233 INFO:teuthology.orchestra.run.smithi103.stdout:/usr/bin/ceph: stderr
2024-09-19T05:58:15.392+0000 7faa7f7fe640 1 --2- >> [v2:172.21.15.103:3300/0,v1:172.21.15.103:6789/0] conn(0x7faa801076e0 0x7faa80107ae0 unknown :-1 s=BANNER_CONNECTING pgs=0 cs=0 l=0 rev1=0 crypto rx=0 tx=0 comp rx=0 tx=0)._handle_peer_banner_payload supported=3 required=0
2024-09-19T05:58:16.233 INFO:teuthology.orchestra.run.smithi103.stdout:/usr/bin/ceph: stderr
2024-09-19T05:58:15.392+0000 7faa7f7fe640 1 --2- >> [v2:172.21.15.103:3300/0,v1:172.21.15.103:6789/0] conn(0x7faa801076e0 0x7faa80107ae0 unknown :-1 s=HELLO_CONNECTING pgs=0 cs=0 l=0 rev1=1 crypto rx=0 tx=0 comp rx=0 tx=0).handle_hello peer v2:172.21.15.103:3300/0 says I am v2:172.21.15.103:38496/0 (socket says 172.21.15.103:38496)
2024-09-19T05:58:16.233 INFO:teuthology.orchestra.run.smithi103.stdout:/usr/bin/ceph: stderr
2024-09-19T05:58:15.392+0000 7faa7f7fe640 1 -- 172.21.15.103:0/1258243690 learned_addr learned my addr 172.21.15.103:0/1258243690 (peer_addr_for_me v2:172.21.15.103:0/0)
2024-09-19T05:58:16.233 INFO:teuthology.orchestra.run.smithi103.stdout:/usr/bin/ceph: stderr
2024-09-19T05:58:15.393+0000 7faa7f7fe640 1 -- 172.21.15.103:0/1258243690 --> [v2:172.21.15.103:3300/0,v1:172.21.15.103:6789/0] -- mon_subscribe({config=0+,monmap=0+}) -- 0x7faa80108840 con 0x7faa801076e0
2024-09-19T05:58:16.233 INFO:teuthology.orchestra.run.smithi103.stdout:/usr/bin/ceph: stderr
2024-09-19T05:58:15.394+0000 7faa7f7fe640 1 --2- 172.21.15.103:0/1258243690 >> [v2:172.21.15.103:3300/0,v1:172.21.15.103:6789/0] conn(0x7faa801076e0 0x7faa80107ae0 secure :-1 s=READY pgs=18 cs=0 l=1 rev1=1 crypto rx=0x7faa70009820 tx=0x7faa7002a270 comp rx=0 tx=0).ready entity=mon.0 client_cookie=11127b70e482d4d4 server_cookie=0 in_seq=0 out_seq=0
2024-09-19T05:58:16.233 INFO:teuthology.orchestra.run.smithi103.stdout:/usr/bin/ceph: stderr
2024-09-19T05:58:15.394+0000 7faa7e7fc640 1 -- 172.21.15.103:0/1258243690 <== mon.0 v2:172.21.15.103:3300/0 1 ==== mon_map magic: 0 ==== 205+0+0 (secure 0 0 0) 0x7faa70037070 con 0x7faa801076e0
2024-09-19T05:58:16.234 INFO:teuthology.orchestra.run.smithi103.stdout:/usr/bin/ceph: stderr
2024-09-19T05:58:15.394+0000 7faa7e7fc640 1 -- 172.21.15.103:0/1258243690 <== mon.0 v2:172.21.15.103:3300/0 2 ==== config(26 keys) ==== 1071+0+0 (secure 0 0 0) 0x7faa700328d0 con 0x7faa801076e0
2024-09-19T05:58:16.234 INFO:teuthology.orchestra.run.smithi103.stdout:/usr/bin/ceph: stderr
2024-09-19T05:58:15.394+0000 7faa7e7fc640 1 -- 172.21.15.103:0/1258243690 <== mon.0 v2:172.21.15.103:3300/0 3 ==== mon_map magic: 0 ==== 205+0+0 (secure 0 0 0) 0x7faa700307d0 con 0x7faa801076e0
2024-09-19T05:58:16.234 INFO:teuthology.orchestra.run.smithi103.stdout:/usr/bin/ceph: stderr
2024-09-19T05:58:15.394+0000 7faa85f15640 1 -- 172.21.15.103:0/1258243690 >> [v2:172.21.15.103:3300/0,v1:172.21.15.103:6789/0] conn(0x7faa801076e0 msgr2=0x7faa80107ae0 secure :-1 s=STATE_CONNECTION_ESTABLISHED l=1).mark_down
2024-09-19T05:58:16.234 INFO:teuthology.orchestra.run.smithi103.stdout:/usr/bin/ceph: stderr
2024-09-19T05:58:15.394+0000 7faa85f15640 1 --2- 172.21.15.103:0/1258243690 >> [v2:172.21.15.103:3300/0,v1:172.21.15.103:6789/0] conn(0x7faa801076e0 0x7faa80107ae0 secure :-1 s=READY pgs=18 cs=0 l=1 rev1=1 crypto rx=0x7faa70009820 tx=0x7faa7002a270 comp rx=0 tx=0).stop
2024-09-19T05:58:16.234 INFO:teuthology.orchestra.run.smithi103.stdout:/usr/bin/ceph: stderr
2024-09-19T05:58:15.394+0000 7faa85f15640 1 -- 172.21.15.103:0/1258243690 shutdown_connections
2024-09-19T05:58:16.234 INFO:teuthology.orchestra.run.smithi103.stdout:/usr/bin/ceph: stderr
2024-09-19T05:58:15.394+0000 7faa85f15640 1 --2- 172.21.15.103:0/1258243690 >> [v2:172.21.15.103:3300/0,v1:172.21.15.103:6789/0] conn(0x7faa801076e0 0x7faa80107ae0 unknown :-1 s=CLOSED pgs=18 cs=0 l=1 rev1=1 crypto rx=0 tx=0 comp rx=0 tx=0).stop
2024-09-19T05:58:16.234 INFO:teuthology.orchestra.run.smithi103.stdout:/usr/bin/ceph: stderr
2024-09-19T05:58:15.394+0000 7faa85f15640 1 -- 172.21.15.103:0/1258243690 >> 172.21.15.103:0/1258243690 conn(0x7faa80102ed0 msgr2=0x7faa801052f0 unknown :-1 s=STATE_NONE l=0).mark_down
2024-09-19T05:58:16.234 INFO:teuthology.orchestra.run.smithi103.stdout:/usr/bin/ceph: stderr
2024-09-19T05:58:15.394+0000 7faa85f15640 1 -- 172.21.15.103:0/1258243690 shutdown_connections
2024-09-19T05:58:16.234 INFO:teuthology.orchestra.run.smithi103.stdout:/usr/bin/ceph: stderr
2024-09-19T05:58:15.394+0000 7faa85f15640 1 -- 172.21.15.103:0/1258243690 wait complete.
2024-09-19T05:58:16.234 INFO:teuthology.orchestra.run.smithi103.stdout:/usr/bin/ceph: stderr
2024-09-19T05:58:15.395+0000 7faa85f15640 1 Processor -- start
2024-09-19T05:58:16.234 INFO:teuthology.orchestra.run.smithi103.stdout:/usr/bin/ceph: stderr
2024-09-19T05:58:15.395+0000 7faa85f15640 1 -- start start
2024-09-19T05:58:16.234 INFO:teuthology.orchestra.run.smithi103.stdout:/usr/bin/ceph: stderr
2024-09-19T05:58:15.395+0000 7faa85f15640 1 --2- >> [v2:172.21.15.103:3300/0,v1:172.21.15.103:6789/0] conn(0x7faa801076e0 0x7faa8019b610 unknown :-1 s=NONE pgs=0 cs=0 l=1 rev1=0 crypto rx=0 tx=0 comp rx=0 tx=0).connect
2024-09-19T05:58:16.234 INFO:teuthology.orchestra.run.smithi103.stdout:/usr/bin/ceph: stderr
2024-09-19T05:58:15.395+0000 7faa85f15640 1 -- --> [v2:172.21.15.103:3300/0,v1:172.21.15.103:6789/0] -- mon_getmap magic: 0 -- 0x7faa8010bbf0 con 0x7faa801076e0
2024-09-19T05:58:16.235 INFO:teuthology.orchestra.run.smithi103.stdout:/usr/bin/ceph: stderr
2024-09-19T05:58:15.395+0000 7faa7f7fe640 1 --2- >> [v2:172.21.15.103:3300/0,v1:172.21.15.103:6789/0] conn(0x7faa801076e0 0x7faa8019b610 unknown :-1 s=BANNER_CONNECTING pgs=0 cs=0 l=1 rev1=0 crypto rx=0 tx=0 comp rx=0 tx=0)._handle_peer_banner_payload supported=3 required=0
2024-09-19T05:58:16.235 INFO:teuthology.orchestra.run.smithi103.stdout:/usr/bin/ceph: stderr
2024-09-19T05:58:15.395+0000 7faa7f7fe640 1 --2- >> [v2:172.21.15.103:3300/0,v1:172.21.15.103:6789/0] conn(0x7faa801076e0 0x7faa8019b610 unknown :-1 s=HELLO_CONNECTING pgs=0 cs=0 l=1 rev1=1 crypto rx=0 tx=0 comp rx=0 tx=0).handle_hello peer v2:172.21.15.103:3300/0 says I am v2:172.21.15.103:38504/0 (socket says 172.21.15.103:38504)
2024-09-19T05:58:16.235 INFO:teuthology.orchestra.run.smithi103.stdout:/usr/bin/ceph: stderr
2024-09-19T05:58:15.395+0000 7faa7f7fe640 1 -- 172.21.15.103:0/2633382511 learned_addr learned my addr 172.21.15.103:0/2633382511 (peer_addr_for_me v2:172.21.15.103:0/0)
2024-09-19T05:58:16.235 INFO:teuthology.orchestra.run.smithi103.stdout:/usr/bin/ceph: stderr
2024-09-19T05:58:15.396+0000 7faa7f7fe640 1 -- 172.21.15.103:0/2633382511 --> [v2:172.21.15.103:3300/0,v1:172.21.15.103:6789/0] -- mon_subscribe({config=0+,monmap=0+}) -- 0x7faa8019bb50 con 0x7faa801076e0
2024-09-19T05:58:16.235 INFO:teuthology.orchestra.run.smithi103.stdout:/usr/bin/ceph: stderr
2024-09-19T05:58:15.396+0000 7faa7f7fe640 1 --2- 172.21.15.103:0/2633382511 >> [v2:172.21.15.103:3300/0,v1:172.21.15.103:6789/0] conn(0x7faa801076e0 0x7faa8019b610 secure :-1 s=READY pgs=19 cs=0 l=1 rev1=1 crypto rx=0x7faa700097f0 tx=0x7faa70030d00 comp rx=0 tx=0).ready entity=mon.0 client_cookie=0 server_cookie=0 in_seq=0 out_seq=0
2024-09-19T05:58:16.235 INFO:teuthology.orchestra.run.smithi103.stdout:/usr/bin/ceph: stderr
2024-09-19T05:58:15.396+0000 7faa7cff9640 1 -- 172.21.15.103:0/2633382511 <== mon.0 v2:172.21.15.103:3300/0 1 ==== mon_map magic: 0 ==== 205+0+0 (secure 0 0 0) 0x7faa70037040 con 0x7faa801076e0
2024-09-19T05:58:16.235 INFO:teuthology.orchestra.run.smithi103.stdout:/usr/bin/ceph: stderr
2024-09-19T05:58:15.396+0000 7faa85f15640 1 -- 172.21.15.103:0/2633382511 --> [v2:172.21.15.103:3300/0,v1:172.21.15.103:6789/0] -- mon_subscribe({mgrmap=0+}) -- 0x7faa8019bde0 con 0x7faa801076e0
2024-09-19T05:58:16.235 INFO:teuthology.orchestra.run.smithi103.stdout:/usr/bin/ceph: stderr
2024-09-19T05:58:15.396+0000 7faa7cff9640 1 -- 172.21.15.103:0/2633382511 <== mon.0 v2:172.21.15.103:3300/0 2 ==== config(26 keys) ==== 1071+0+0 (secure 0 0 0) 0x7faa70032bb0 con 0x7faa801076e0
2024-09-19T05:58:16.235 INFO:teuthology.orchestra.run.smithi103.stdout:/usr/bin/ceph: stderr
2024-09-19T05:58:15.396+0000 7faa7cff9640 1 -- 172.21.15.103:0/2633382511 <== mon.0 v2:172.21.15.103:3300/0 3 ==== mon_map magic: 0 ==== 205+0+0 (secure 0 0 0) 0x7faa7003a390 con 0x7faa801076e0
2024-09-19T05:58:16.235 INFO:teuthology.orchestra.run.smithi103.stdout:/usr/bin/ceph: stderr
2024-09-19T05:58:15.396+0000 7faa85f15640 1 -- 172.21.15.103:0/2633382511 --> [v2:172.21.15.103:3300/0,v1:172.21.15.103:6789/0] -- mon_subscribe({osdmap=0}) -- 0x7faa8019ead0 con 0x7faa801076e0
2024-09-19T05:58:16.235 INFO:teuthology.orchestra.run.smithi103.stdout:/usr/bin/ceph: stderr
2024-09-19T05:58:15.397+0000 7faa7cff9640 1 -- 172.21.15.103:0/2633382511 <== mon.0 v2:172.21.15.103:3300/0 4 ==== mgrmap(e 4) ==== 46450+0+0 (secure 0 0 0) 0x7faa7003a5d0 con 0x7faa801076e0
2024-09-19T05:58:16.235 INFO:teuthology.orchestra.run.smithi103.stdout:/usr/bin/ceph: stderr
2024-09-19T05:58:15.397+0000 7faa7cff9640 1 --2- 172.21.15.103:0/2633382511 >> [v2:172.21.15.103:6800/3148507486,v1:172.21.15.103:6801/3148507486] conn(0x7faa68039160 0x7faa6803b620 unknown :-1 s=NONE pgs=0 cs=0 l=1 rev1=0 crypto rx=0 tx=0 comp rx=0 tx=0).connect
2024-09-19T05:58:16.235 INFO:teuthology.orchestra.run.smithi103.stdout:/usr/bin/ceph: stderr
2024-09-19T05:58:15.397+0000 7faa7cff9640 1 -- 172.21.15.103:0/2633382511 <== mon.0 v2:172.21.15.103:3300/0 5 ==== osd_map(1..1 src has 1..1) ==== 725+0+0 (secure 0 0 0) 0x7faa7006c490 con 0x7faa801076e0
2024-09-19T05:58:16.235 INFO:teuthology.orchestra.run.smithi103.stdout:/usr/bin/ceph: stderr
2024-09-19T05:58:15.397+0000 7faa7effd640 1 --2- 172.21.15.103:0/2633382511 >> [v2:172.21.15.103:6800/3148507486,v1:172.21.15.103:6801/3148507486] conn(0x7faa68039160 0x7faa6803b620 unknown :-1 s=BANNER_CONNECTING pgs=0 cs=0 l=1 rev1=0 crypto rx=0 tx=0 comp rx=0 tx=0)._handle_peer_banner_payload supported=3 required=0
2024-09-19T05:58:16.236 INFO:teuthology.orchestra.run.smithi103.stdout:/usr/bin/ceph: stderr
2024-09-19T05:58:15.397+0000 7faa85f15640 1 -- 172.21.15.103:0/2633382511 --> [v2:172.21.15.103:3300/0,v1:172.21.15.103:6789/0] -- mon_command({"prefix": "get_command_descriptions"} v 0) -- 0x7faa8010bd70 con 0x7faa801076e0
2024-09-19T05:58:16.236 INFO:teuthology.orchestra.run.smithi103.stdout:/usr/bin/ceph: stderr
2024-09-19T05:58:15.397+0000 7faa7effd640 1 --2- 172.21.15.103:0/2633382511 >> [v2:172.21.15.103:6800/3148507486,v1:172.21.15.103:6801/3148507486] conn(0x7faa68039160 0x7faa6803b620 secure :-1 s=READY pgs=7 cs=0 l=1 rev1=1 crypto rx=0x7faa740098c0 tx=0x7faa74006db0 comp rx=0 tx=0).ready entity=mgr.14100 client_cookie=0 server_cookie=0 in_seq=0 out_seq=0
2024-09-19T05:58:16.236 INFO:teuthology.orchestra.run.smithi103.stdout:/usr/bin/ceph: stderr
2024-09-19T05:58:15.402+0000 7faa7cff9640 1 -- 172.21.15.103:0/2633382511 <== mon.0 v2:172.21.15.103:3300/0 6 ==== mon_command_ack([{"prefix": "get_command_descriptions"}]=0 v0) ==== 72+0+188913 (secure 0 0 0) 0x7faa70040210 con 0x7faa801076e0
2024-09-19T05:58:16.236 INFO:teuthology.orchestra.run.smithi103.stdout:/usr/bin/ceph: stderr
2024-09-19T05:58:15.569+0000 7faa85f15640 1 -- 172.21.15.103:0/2633382511 --> [v2:172.21.15.103:3300/0,v1:172.21.15.103:6789/0] -- mon_command({"prefix": "config assimilate-conf"} v 0) -- 0x7faa801a00e0 con 0x7faa801076e0
2024-09-19T05:58:16.236 INFO:teuthology.orchestra.run.smithi103.stdout:/usr/bin/ceph: stderr
2024-09-19T05:58:15.570+0000 7faa7cff9640 1 -- 172.21.15.103:0/2633382511 <== mon.0 v2:172.21.15.103:3300/0 7 ==== mon_command_ack([{"prefix": "config assimilate-conf"}]=0 v3) ==== 70+0+431 (secure 0 0 0) 0x7faa70031560 con 0x7faa801076e0
2024-09-19T05:58:16.236 INFO:teuthology.orchestra.run.smithi103.stdout:/usr/bin/ceph: stderr
2024-09-19T05:58:15.572+0000 7faa85f15640 1 -- 172.21.15.103:0/2633382511 >> [v2:172.21.15.103:6800/3148507486,v1:172.21.15.103:6801/3148507486] conn(0x7faa68039160 msgr2=0x7faa6803b620 secure :-1 s=STATE_CONNECTION_ESTABLISHED l=1).mark_down
2024-09-19T05:58:16.236 INFO:teuthology.orchestra.run.smithi103.stdout:/usr/bin/ceph: stderr
2024-09-19T05:58:15.572+0000 7faa85f15640 1 --2- 172.21.15.103:0/2633382511 >> [v2:172.21.15.103:6800/3148507486,v1:172.21.15.103:6801/3148507486] conn(0x7faa68039160 0x7faa6803b620 secure :-1 s=READY pgs=7 cs=0 l=1 rev1=1 crypto rx=0x7faa740098c0 tx=0x7faa74006db0 comp rx=0 tx=0).stop
2024-09-19T05:58:16.236 INFO:teuthology.orchestra.run.smithi103.stdout:/usr/bin/ceph: stderr
2024-09-19T05:58:15.572+0000 7faa85f15640 1 -- 172.21.15.103:0/2633382511 >> [v2:172.21.15.103:3300/0,v1:172.21.15.103:6789/0] conn(0x7faa801076e0 msgr2=0x7faa8019b610 secure :-1 s=STATE_CONNECTION_ESTABLISHED l=1).mark_down
2024-09-19T05:58:16.236 INFO:teuthology.orchestra.run.smithi103.stdout:/usr/bin/ceph: stderr
2024-09-19T05:58:15.572+0000 7faa85f15640 1 --2- 172.21.15.103:0/2633382511 >> [v2:172.21.15.103:3300/0,v1:172.21.15.103:6789/0] conn(0x7faa801076e0 0x7faa8019b610 secure :-1 s=READY pgs=19 cs=0 l=1 rev1=1 crypto rx=0x7faa700097f0 tx=0x7faa70030d00 comp rx=0 tx=0).stop
2024-09-19T05:58:16.236 INFO:teuthology.orchestra.run.smithi103.stdout:/usr/bin/ceph: stderr
2024-09-19T05:58:15.572+0000 7faa85f15640 1 -- 172.21.15.103:0/2633382511 shutdown_connections
2024-09-19T05:58:16.236 INFO:teuthology.orchestra.run.smithi103.stdout:/usr/bin/ceph: stderr
2024-09-19T05:58:15.572+0000 7faa85f15640 1 --2- 172.21.15.103:0/2633382511 >> [v2:172.21.15.103:6800/3148507486,v1:172.21.15.103:6801/3148507486] conn(0x7faa68039160 0x7faa6803b620 unknown :-1 s=CLOSED pgs=7 cs=0 l=1 rev1=1 crypto rx=0 tx=0 comp rx=0 tx=0).stop
2024-09-19T05:58:16.236 INFO:teuthology.orchestra.run.smithi103.stdout:/usr/bin/ceph: stderr
2024-09-19T05:58:15.572+0000 7faa85f15640 1 --2- 172.21.15.103:0/2633382511 >> [v2:172.21.15.103:3300/0,v1:172.21.15.103:6789/0] conn(0x7faa801076e0 0x7faa8019b610 unknown :-1 s=CLOSED pgs=19 cs=0 l=1 rev1=1 crypto rx=0 tx=0 comp rx=0 tx=0).stop
2024-09-19T05:58:16.236 INFO:teuthology.orchestra.run.smithi103.stdout:/usr/bin/ceph: stderr
2024-09-19T05:58:15.572+0000 7faa85f15640 1 -- 172.21.15.103:0/2633382511 >> 172.21.15.103:0/2633382511 conn(0x7faa80102ed0 msgr2=0x7faa80103a20 unknown :-1 s=STATE_NONE l=0).mark_down
2024-09-19T05:58:16.237 INFO:teuthology.orchestra.run.smithi103.stdout:/usr/bin/ceph: stderr
2024-09-19T05:58:15.573+0000 7faa85f15640 1 -- 172.21.15.103:0/2633382511 shutdown_connections
2024-09-19T05:58:16.237 INFO:teuthology.orchestra.run.smithi103.stdout:/usr/bin/ceph: stderr
2024-09-19T05:58:15.573+0000 7faa85f15640 1 -- 172.21.15.103:0/2633382511 wait complete.
2024-09-19T05:58:16.237 INFO:teuthology.orchestra.run.smithi103.stdout:Enabling cephadm module...
2024-09-19T05:58:17.460 INFO:journalctl@ceph.mon.a.smithi103.stdout:Sep 19 05:58:17 smithi103 ceph-mon[30925]: from='client.? 172.21.15.103:0/449491641' entity='client.admin' cmd=[{"prefix": "mgr module enable", "module": "cephadm"}]: dispatch
2024-09-19T05:58:17.461 INFO:journalctl@ceph.mgr.x.smithi103.stdout:Sep 19 05:58:17 smithi103 ceph-f3f6d2a8-764b-11ef-bceb-c7b262605968-mgr-x[31151]: ignoring --setuser ceph since I am not root
2024-09-19T05:58:17.461 INFO:journalctl@ceph.mgr.x.smithi103.stdout:Sep 19 05:58:17 smithi103 ceph-f3f6d2a8-764b-11ef-bceb-c7b262605968-mgr-x[31151]: ignoring --setgroup ceph since I am not root
2024-09-19T05:58:17.461 INFO:journalctl@ceph.mgr.x.smithi103.stdout:Sep 19 05:58:17 smithi103 ceph-f3f6d2a8-764b-11ef-bceb-c7b262605968-mgr-x[31151]:
2024-09-19T05:58:17.252+0000 7f52f04a0040 -1 mgr[py] Module osd_perf_query has missing NOTIFY_TYPES member
2024-09-19T05:58:17.461 INFO:journalctl@ceph.mgr.x.smithi103.stdout:Sep 19 05:58:17 smithi103 ceph-f3f6d2a8-764b-11ef-bceb-c7b262605968-mgr-x[31151]:
2024-09-19T05:58:17.309+0000 7f52f04a0040 -1 mgr[py] Module osd_support has missing NOTIFY_TYPES member
2024-09-19T05:58:17.461 INFO:journalctl@ceph.mgr.x.smithi103.stdout:Sep 19 05:58:17 smithi103 ceph-f3f6d2a8-764b-11ef-bceb-c7b262605968-mgr-x[31151]:
2024-09-19T05:58:17.457+0000 7f52f04a0040 -1 mgr[py] Module diskprediction_local has missing NOTIFY_TYPES member
2024-09-19T05:58:17.744 INFO:journalctl@ceph.mgr.x.smithi103.stdout:Sep 19 05:58:17 smithi103 ceph-f3f6d2a8-764b-11ef-bceb-c7b262605968-mgr-x[31151]:
2024-09-19T05:58:17.525+0000 7f52f04a0040 -1 mgr[py] Module crash has missing NOTIFY_TYPES member
2024-09-19T05:58:17.744 INFO:journalctl@ceph.mgr.x.smithi103.stdout:Sep 19 05:58:17 smithi103 ceph-f3f6d2a8-764b-11ef-bceb-c7b262605968-mgr-x[31151]:
2024-09-19T05:58:17.675+0000 7f52f04a0040 -1 mgr[py] Module test_orchestrator has missing NOTIFY_TYPES member
2024-09-19T05:58:17.751 INFO:teuthology.orchestra.run.smithi103.stdout:/usr/bin/ceph: stderr
2024-09-19T05:58:16.620+0000 7feb63d9e640 1 Processor -- start
2024-09-19T05:58:17.751 INFO:teuthology.orchestra.run.smithi103.stdout:/usr/bin/ceph: stderr
2024-09-19T05:58:16.620+0000 7feb63d9e640 1 -- start start
2024-09-19T05:58:17.751 INFO:teuthology.orchestra.run.smithi103.stdout:/usr/bin/ceph: stderr
2024-09-19T05:58:16.620+0000 7feb63d9e640 1 --2- >> [v2:172.21.15.103:3300/0,v1:172.21.15.103:6789/0] conn(0x7feb5c106540 0x7feb5c106940 unknown :-1 s=NONE pgs=0 cs=0 l=0 rev1=0 crypto rx=0 tx=0 comp rx=0 tx=0).connect
2024-09-19T05:58:17.752 INFO:teuthology.orchestra.run.smithi103.stdout:/usr/bin/ceph: stderr
2024-09-19T05:58:16.620+0000 7feb63d9e640 1 -- --> [v2:172.21.15.103:3300/0,v1:172.21.15.103:6789/0] -- mon_getmap magic: 0 -- 0x7feb5c106f10 con 0x7feb5c106540
2024-09-19T05:58:17.752 INFO:teuthology.orchestra.run.smithi103.stdout:/usr/bin/ceph: stderr
2024-09-19T05:58:16.620+0000 7feb61b3a640 1 --2- >> [v2:172.21.15.103:3300/0,v1:172.21.15.103:6789/0] conn(0x7feb5c106540 0x7feb5c106940 unknown :-1 s=BANNER_CONNECTING pgs=0 cs=0 l=0 rev1=0 crypto rx=0 tx=0 comp rx=0 tx=0)._handle_peer_banner_payload supported=3 required=0
2024-09-19T05:58:17.752 INFO:teuthology.orchestra.run.smithi103.stdout:/usr/bin/ceph: stderr
2024-09-19T05:58:16.621+0000 7feb61b3a640 1 --2- >> [v2:172.21.15.103:3300/0,v1:172.21.15.103:6789/0] conn(0x7feb5c106540 0x7feb5c106940 unknown :-1 s=HELLO_CONNECTING pgs=0 cs=0 l=0 rev1=1 crypto rx=0 tx=0 comp rx=0 tx=0).handle_hello peer v2:172.21.15.103:3300/0 says I am v2:172.21.15.103:38512/0 (socket says 172.21.15.103:38512)
2024-09-19T05:58:17.752 INFO:teuthology.orchestra.run.smithi103.stdout:/usr/bin/ceph: stderr
2024-09-19T05:58:16.621+0000 7feb61b3a640 1 -- 172.21.15.103:0/4168038645 learned_addr learned my addr 172.21.15.103:0/4168038645 (peer_addr_for_me v2:172.21.15.103:0/0)
2024-09-19T05:58:17.752 INFO:teuthology.orchestra.run.smithi103.stdout:/usr/bin/ceph: stderr
2024-09-19T05:58:16.621+0000 7feb61b3a640 1 -- 172.21.15.103:0/4168038645 --> [v2:172.21.15.103:3300/0,v1:172.21.15.103:6789/0] -- mon_subscribe({config=0+,monmap=0+}) -- 0x7feb5c107740 con 0x7feb5c106540
2024-09-19T05:58:17.752 INFO:teuthology.orchestra.run.smithi103.stdout:/usr/bin/ceph: stderr
2024-09-19T05:58:16.621+0000 7feb61b3a640 1 --2- 172.21.15.103:0/4168038645 >> [v2:172.21.15.103:3300/0,v1:172.21.15.103:6789/0] conn(0x7feb5c106540 0x7feb5c106940 secure :-1 s=READY pgs=20 cs=0 l=1 rev1=1 crypto rx=0x7feb54009820 tx=0x7feb5402a270 comp rx=0 tx=0).ready entity=mon.0 client_cookie=5507ccc3920be12 server_cookie=0 in_seq=0 out_seq=0
2024-09-19T05:58:17.752 INFO:teuthology.orchestra.run.smithi103.stdout:/usr/bin/ceph: stderr
2024-09-19T05:58:16.622+0000 7feb60b38640 1 -- 172.21.15.103:0/4168038645 <== mon.0 v2:172.21.15.103:3300/0 1 ==== mon_map magic: 0 ==== 205+0+0 (secure 0 0 0) 0x7feb54037070 con 0x7feb5c106540
2024-09-19T05:58:17.752 INFO:teuthology.orchestra.run.smithi103.stdout:/usr/bin/ceph: stderr
2024-09-19T05:58:16.622+0000 7feb60b38640 1 -- 172.21.15.103:0/4168038645 <== mon.0 v2:172.21.15.103:3300/0 2 ==== config(26 keys) ==== 1071+0+0 (secure 0 0 0) 0x7feb540328d0 con 0x7feb5c106540
2024-09-19T05:58:17.752 INFO:teuthology.orchestra.run.smithi103.stdout:/usr/bin/ceph: stderr
2024-09-19T05:58:16.622+0000 7feb60b38640 1 -- 172.21.15.103:0/4168038645 <== mon.0 v2:172.21.15.103:3300/0 3 ==== mon_map magic: 0 ==== 205+0+0 (secure 0 0 0) 0x7feb540307d0 con 0x7feb5c106540
2024-09-19T05:58:17.752 INFO:teuthology.orchestra.run.smithi103.stdout:/usr/bin/ceph: stderr
2024-09-19T05:58:16.622+0000 7feb63d9e640 1 -- 172.21.15.103:0/4168038645 >> [v2:172.21.15.103:3300/0,v1:172.21.15.103:6789/0] conn(0x7feb5c106540 msgr2=0x7feb5c106940 secure :-1 s=STATE_CONNECTION_ESTABLISHED l=1).mark_down
2024-09-19T05:58:17.752 INFO:teuthology.orchestra.run.smithi103.stdout:/usr/bin/ceph: stderr
2024-09-19T05:58:16.622+0000 7feb63d9e640 1 --2- 172.21.15.103:0/4168038645 >> [v2:172.21.15.103:3300/0,v1:172.21.15.103:6789/0] conn(0x7feb5c106540 0x7feb5c106940 secure :-1 s=READY pgs=20 cs=0 l=1 rev1=1 crypto rx=0x7feb54009820 tx=0x7feb5402a270 comp rx=0 tx=0).stop
2024-09-19T05:58:17.753 INFO:teuthology.orchestra.run.smithi103.stdout:/usr/bin/ceph: stderr
2024-09-19T05:58:16.622+0000 7feb63d9e640 1 -- 172.21.15.103:0/4168038645 shutdown_connections
2024-09-19T05:58:17.753 INFO:teuthology.orchestra.run.smithi103.stdout:/usr/bin/ceph: stderr
2024-09-19T05:58:16.622+0000 7feb63d9e640 1 --2- 172.21.15.103:0/4168038645 >> [v2:172.21.15.103:3300/0,v1:172.21.15.103:6789/0] conn(0x7feb5c106540 0x7feb5c106940 unknown :-1 s=CLOSED pgs=20 cs=0 l=1 rev1=1 crypto rx=0 tx=0 comp rx=0 tx=0).stop
2024-09-19T05:58:17.753 INFO:teuthology.orchestra.run.smithi103.stdout:/usr/bin/ceph: stderr
2024-09-19T05:58:16.622+0000 7feb63d9e640 1 -- 172.21.15.103:0/4168038645 >> 172.21.15.103:0/4168038645 conn(0x7feb5c101d90 msgr2=0x7feb5c1041b0 unknown :-1 s=STATE_NONE l=0).mark_down
2024-09-19T05:58:17.753 INFO:teuthology.orchestra.run.smithi103.stdout:/usr/bin/ceph: stderr
2024-09-19T05:58:16.622+0000 7feb63d9e640 1 -- 172.21.15.103:0/4168038645 shutdown_connections
2024-09-19T05:58:17.753 INFO:teuthology.orchestra.run.smithi103.stdout:/usr/bin/ceph: stderr
2024-09-19T05:58:16.622+0000 7feb63d9e640 1 -- 172.21.15.103:0/4168038645 wait complete.
2024-09-19T05:58:17.753 INFO:teuthology.orchestra.run.smithi103.stdout:/usr/bin/ceph: stderr
2024-09-19T05:58:16.623+0000 7feb63d9e640 1 Processor -- start
2024-09-19T05:58:17.753 INFO:teuthology.orchestra.run.smithi103.stdout:/usr/bin/ceph: stderr
2024-09-19T05:58:16.623+0000 7feb63d9e640 1 -- start start
2024-09-19T05:58:17.753 INFO:teuthology.orchestra.run.smithi103.stdout:/usr/bin/ceph: stderr
2024-09-19T05:58:16.623+0000 7feb63d9e640 1 --2- >> [v2:172.21.15.103:3300/0,v1:172.21.15.103:6789/0] conn(0x7feb5c106540 0x7feb5c191770 unknown :-1 s=NONE pgs=0 cs=0 l=1 rev1=0 crypto rx=0 tx=0 comp rx=0 tx=0).connect
2024-09-19T05:58:17.753 INFO:teuthology.orchestra.run.smithi103.stdout:/usr/bin/ceph: stderr
2024-09-19T05:58:16.623+0000 7feb63d9e640 1 -- --> [v2:172.21.15.103:3300/0,v1:172.21.15.103:6789/0] -- mon_getmap magic: 0 -- 0x7feb5c10aaf0 con 0x7feb5c106540
2024-09-19T05:58:17.753 INFO:teuthology.orchestra.run.smithi103.stdout:/usr/bin/ceph: stderr
2024-09-19T05:58:16.623+0000 7feb61b3a640 1 --2- >> [v2:172.21.15.103:3300/0,v1:172.21.15.103:6789/0] conn(0x7feb5c106540 0x7feb5c191770 unknown :-1 s=BANNER_CONNECTING pgs=0 cs=0 l=1 rev1=0 crypto rx=0 tx=0 comp rx=0 tx=0)._handle_peer_banner_payload supported=3 required=0
2024-09-19T05:58:17.753 INFO:teuthology.orchestra.run.smithi103.stdout:/usr/bin/ceph: stderr
2024-09-19T05:58:16.623+0000 7feb61b3a640 1 --2- >> [v2:172.21.15.103:3300/0,v1:172.21.15.103:6789/0] conn(0x7feb5c106540 0x7feb5c191770 unknown :-1 s=HELLO_CONNECTING pgs=0 cs=0 l=1 rev1=1 crypto rx=0 tx=0 comp rx=0 tx=0).handle_hello peer v2:172.21.15.103:3300/0 says I am v2:172.21.15.103:38518/0 (socket says 172.21.15.103:38518)
2024-09-19T05:58:17.753 INFO:teuthology.orchestra.run.smithi103.stdout:/usr/bin/ceph: stderr
2024-09-19T05:58:16.623+0000 7feb61b3a640 1 -- 172.21.15.103:0/449491641 learned_addr learned my addr 172.21.15.103:0/449491641 (peer_addr_for_me v2:172.21.15.103:0/0)
2024-09-19T05:58:17.754 INFO:teuthology.orchestra.run.smithi103.stdout:/usr/bin/ceph: stderr
2024-09-19T05:58:16.624+0000 7feb61b3a640 1 -- 172.21.15.103:0/449491641 --> [v2:172.21.15.103:3300/0,v1:172.21.15.103:6789/0] -- mon_subscribe({config=0+,monmap=0+}) -- 0x7feb5c191cb0 con 0x7feb5c106540
2024-09-19T05:58:17.754 INFO:teuthology.orchestra.run.smithi103.stdout:/usr/bin/ceph: stderr
2024-09-19T05:58:16.624+0000 7feb61b3a640 1 --2- 172.21.15.103:0/449491641 >> [v2:172.21.15.103:3300/0,v1:172.21.15.103:6789/0] conn(0x7feb5c106540 0x7feb5c191770 secure :-1 s=READY pgs=21 cs=0 l=1 rev1=1 crypto rx=0x7feb54009940 tx=0x7feb54032e10 comp rx=0 tx=0).ready entity=mon.0 client_cookie=0 server_cookie=0 in_seq=0 out_seq=0
2024-09-19T05:58:17.754 INFO:teuthology.orchestra.run.smithi103.stdout:/usr/bin/ceph: stderr
2024-09-19T05:58:16.624+0000 7feb5affd640 1 -- 172.21.15.103:0/449491641 <== mon.0 v2:172.21.15.103:3300/0 1 ==== mon_map magic: 0 ==== 205+0+0 (secure 0 0 0) 0x7feb54042070 con 0x7feb5c106540
2024-09-19T05:58:17.754 INFO:teuthology.orchestra.run.smithi103.stdout:/usr/bin/ceph: stderr
2024-09-19T05:58:16.624+0000 7feb5affd640 1 -- 172.21.15.103:0/449491641 <== mon.0 v2:172.21.15.103:3300/0 2 ==== config(26 keys) ==== 1071+0+0 (secure 0 0 0) 0x7feb54030c80 con 0x7feb5c106540
2024-09-19T05:58:17.754 INFO:teuthology.orchestra.run.smithi103.stdout:/usr/bin/ceph: stderr
2024-09-19T05:58:16.624+0000 7feb63d9e640 1 -- 172.21.15.103:0/449491641 --> [v2:172.21.15.103:3300/0,v1:172.21.15.103:6789/0] -- mon_subscribe({mgrmap=0+}) -- 0x7feb5c18fea0 con 0x7feb5c106540
2024-09-19T05:58:17.754 INFO:teuthology.orchestra.run.smithi103.stdout:/usr/bin/ceph: stderr
2024-09-19T05:58:16.624+0000 7feb5affd640 1 -- 172.21.15.103:0/449491641 <== mon.0 v2:172.21.15.103:3300/0 3 ==== mon_map magic: 0 ==== 205+0+0 (secure 0 0 0) 0x7feb54037040 con 0x7feb5c106540
2024-09-19T05:58:17.754 INFO:teuthology.orchestra.run.smithi103.stdout:/usr/bin/ceph: stderr
2024-09-19T05:58:16.624+0000 7feb63d9e640 1 -- 172.21.15.103:0/449491641 --> [v2:172.21.15.103:3300/0,v1:172.21.15.103:6789/0] -- mon_subscribe({osdmap=0}) -- 0x7feb5c1903e0 con 0x7feb5c106540
2024-09-19T05:58:17.754 INFO:teuthology.orchestra.run.smithi103.stdout:/usr/bin/ceph: stderr
2024-09-19T05:58:16.625+0000 7feb5affd640 1 -- 172.21.15.103:0/449491641 <== mon.0 v2:172.21.15.103:3300/0 4 ==== mgrmap(e 4) ==== 46450+0+0 (secure 0 0 0) 0x7feb54045070 con 0x7feb5c106540
2024-09-19T05:58:17.754 INFO:teuthology.orchestra.run.smithi103.stdout:/usr/bin/ceph: stderr
2024-09-19T05:58:16.625+0000 7feb5affd640 1 --2- 172.21.15.103:0/449491641 >> [v2:172.21.15.103:6800/3148507486,v1:172.21.15.103:6801/3148507486] conn(0x7feb44039160 0x7feb4403b620 unknown :-1 s=NONE pgs=0 cs=0 l=1 rev1=0 crypto rx=0 tx=0 comp rx=0 tx=0).connect
2024-09-19T05:58:17.754 INFO:teuthology.orchestra.run.smithi103.stdout:/usr/bin/ceph: stderr
2024-09-19T05:58:16.625+0000 7feb63d9e640 1 -- 172.21.15.103:0/449491641 --> [v2:172.21.15.103:3300/0,v1:172.21.15.103:6789/0] -- mon_command({"prefix": "get_command_descriptions"} v 0) -- 0x7feb5c10ac70 con 0x7feb5c106540
2024-09-19T05:58:17.754 INFO:teuthology.orchestra.run.smithi103.stdout:/usr/bin/ceph: stderr
2024-09-19T05:58:16.625+0000 7feb5affd640 1 -- 172.21.15.103:0/449491641 <== mon.0 v2:172.21.15.103:3300/0 5 ==== osd_map(1..1 src has 1..1) ==== 725+0+0 (secure 0 0 0) 0x7feb5406c170 con 0x7feb5c106540
2024-09-19T05:58:17.754 INFO:teuthology.orchestra.run.smithi103.stdout:/usr/bin/ceph: stderr
2024-09-19T05:58:16.625+0000 7feb61339640 1 --2- 172.21.15.103:0/449491641 >> [v2:172.21.15.103:6800/3148507486,v1:172.21.15.103:6801/3148507486] conn(0x7feb44039160 0x7feb4403b620 unknown :-1 s=BANNER_CONNECTING pgs=0 cs=0 l=1 rev1=0 crypto rx=0 tx=0 comp rx=0 tx=0)._handle_peer_banner_payload supported=3 required=0
2024-09-19T05:58:17.754 INFO:teuthology.orchestra.run.smithi103.stdout:/usr/bin/ceph: stderr
2024-09-19T05:58:16.626+0000 7feb61339640 1 --2- 172.21.15.103:0/449491641 >> [v2:172.21.15.103:6800/3148507486,v1:172.21.15.103:6801/3148507486] conn(0x7feb44039160 0x7feb4403b620 secure :-1 s=READY pgs=8 cs=0 l=1 rev1=1 crypto rx=0x7feb500098c0 tx=0x7feb50006db0 comp rx=0 tx=0).ready entity=mgr.14100 client_cookie=0 server_cookie=0 in_seq=0 out_seq=0
2024-09-19T05:58:17.755 INFO:teuthology.orchestra.run.smithi103.stdout:/usr/bin/ceph: stderr
2024-09-19T05:58:16.630+0000 7feb5affd640 1 -- 172.21.15.103:0/449491641 <== mon.0 v2:172.21.15.103:3300/0 6 ==== mon_command_ack([{"prefix": "get_command_descriptions"}]=0 v0) ==== 72+0+188913 (secure 0 0 0) 0x7feb54045360 con 0x7feb5c106540
2024-09-19T05:58:17.755 INFO:teuthology.orchestra.run.smithi103.stdout:/usr/bin/ceph: stderr
2024-09-19T05:58:16.842+0000 7feb63d9e640 1 -- 172.21.15.103:0/449491641 --> [v2:172.21.15.103:3300/0,v1:172.21.15.103:6789/0] -- mon_command({"prefix": "mgr module enable", "module": "cephadm"} v 0) -- 0x7feb5c0008d0 con 0x7feb5c106540
2024-09-19T05:58:17.755 INFO:teuthology.orchestra.run.smithi103.stdout:/usr/bin/ceph: stderr
2024-09-19T05:58:17.116+0000 7feb5affd640 1 -- 172.21.15.103:0/449491641 <== mon.0 v2:172.21.15.103:3300/0 7 ==== mon_command_ack([{"prefix": "mgr module enable", "module": "cephadm"}]=0 v5) ==== 86+0+0 (secure 0 0 0) 0x7feb5403c670 con 0x7feb5c106540
2024-09-19T05:58:17.755 INFO:teuthology.orchestra.run.smithi103.stdout:/usr/bin/ceph: stderr
2024-09-19T05:58:17.118+0000 7feb5affd640 1 -- 172.21.15.103:0/449491641 <== mon.0 v2:172.21.15.103:3300/0 8 ==== mgrmap(e 5) ==== 46461+0+0 (secure 0 0 0) 0x7feb54043260 con 0x7feb5c106540
2024-09-19T05:58:17.755 INFO:teuthology.orchestra.run.smithi103.stdout:/usr/bin/ceph: stderr
2024-09-19T05:58:17.119+0000 7feb63d9e640 1 -- 172.21.15.103:0/449491641 >> [v2:172.21.15.103:6800/3148507486,v1:172.21.15.103:6801/3148507486] conn(0x7feb44039160 msgr2=0x7feb4403b620 secure :-1 s=STATE_CONNECTION_ESTABLISHED l=1).mark_down
2024-09-19T05:58:17.755 INFO:teuthology.orchestra.run.smithi103.stdout:/usr/bin/ceph: stderr
2024-09-19T05:58:17.119+0000 7feb63d9e640 1 --2- 172.21.15.103:0/449491641 >> [v2:172.21.15.103:6800/3148507486,v1:172.21.15.103:6801/3148507486] conn(0x7feb44039160 0x7feb4403b620 secure :-1 s=READY pgs=8 cs=0 l=1 rev1=1 crypto rx=0x7feb500098c0 tx=0x7feb50006db0 comp rx=0 tx=0).stop
2024-09-19T05:58:17.755 INFO:teuthology.orchestra.run.smithi103.stdout:/usr/bin/ceph: stderr
2024-09-19T05:58:17.119+0000 7feb63d9e640 1 -- 172.21.15.103:0/449491641 >> [v2:172.21.15.103:3300/0,v1:172.21.15.103:6789/0] conn(0x7feb5c106540 msgr2=0x7feb5c191770 secure :-1 s=STATE_CONNECTION_ESTABLISHED l=1).mark_down
2024-09-19T05:58:17.755 INFO:teuthology.orchestra.run.smithi103.stdout:/usr/bin/ceph: stderr
2024-09-19T05:58:17.119+0000 7feb63d9e640 1 --2- 172.21.15.103:0/449491641 >> [v2:172.21.15.103:3300/0,v1:172.21.15.103:6789/0] conn(0x7feb5c106540 0x7feb5c191770 secure :-1 s=READY pgs=21 cs=0 l=1 rev1=1 crypto rx=0x7feb54009940 tx=0x7feb54032e10 comp rx=0 tx=0).stop
2024-09-19T05:58:17.755 INFO:teuthology.orchestra.run.smithi103.stdout:/usr/bin/ceph: stderr
2024-09-19T05:58:17.119+0000 7feb63d9e640 1 -- 172.21.15.103:0/449491641 shutdown_connections
2024-09-19T05:58:17.755 INFO:teuthology.orchestra.run.smithi103.stdout:/usr/bin/ceph: stderr
2024-09-19T05:58:17.119+0000 7feb63d9e640 1 --2- 172.21.15.103:0/449491641 >> [v2:172.21.15.103:6800/3148507486,v1:172.21.15.103:6801/3148507486] conn(0x7feb44039160 0x7feb4403b620 unknown :-1 s=CLOSED pgs=8 cs=0 l=1 rev1=1 crypto rx=0 tx=0 comp rx=0 tx=0).stop
2024-09-19T05:58:17.755 INFO:teuthology.orchestra.run.smithi103.stdout:/usr/bin/ceph: stderr
2024-09-19T05:58:17.119+0000 7feb63d9e640 1 --2- 172.21.15.103:0/449491641 >> [v2:172.21.15.103:3300/0,v1:172.21.15.103:6789/0] conn(0x7feb5c106540 0x7feb5c191770 secure :-1 s=CLOSED pgs=21 cs=0 l=1 rev1=1 crypto rx=0x7feb54009940 tx=0x7feb54032e10 comp rx=0 tx=0).stop
2024-09-19T05:58:17.755 INFO:teuthology.orchestra.run.smithi103.stdout:/usr/bin/ceph: stderr
2024-09-19T05:58:17.119+0000 7feb63d9e640 1 -- 172.21.15.103:0/449491641 >> 172.21.15.103:0/449491641 conn(0x7feb5c101d90 msgr2=0x7feb5c102c10 unknown :-1 s=STATE_NONE l=0).mark_down
2024-09-19T05:58:17.755 INFO:teuthology.orchestra.run.smithi103.stdout:/usr/bin/ceph: stderr
2024-09-19T05:58:17.119+0000 7feb63d9e640 1 -- 172.21.15.103:0/449491641 shutdown_connections
2024-09-19T05:58:17.756 INFO:teuthology.orchestra.run.smithi103.stdout:/usr/bin/ceph: stderr
2024-09-19T05:58:17.119+0000 7feb63d9e640 1 -- 172.21.15.103:0/449491641 wait complete.
2024-09-19T05:58:18.073 INFO:journalctl@ceph.mgr.x.smithi103.stdout:Sep 19 05:58:17 smithi103 ceph-f3f6d2a8-764b-11ef-bceb-c7b262605968-mgr-x[31151]:
2024-09-19T05:58:17.820+0000 7f52f04a0040 -1 mgr[py] Module snap_schedule has missing NOTIFY_TYPES member
2024-09-19T05:58:18.355 INFO:journalctl@ceph.mon.a.smithi103.stdout:Sep 19 05:58:18 smithi103 ceph-mon[30925]: from='client.? 172.21.15.103:0/449491641' entity='client.admin' cmd='[{"prefix": "mgr module enable", "module": "cephadm"}]': finished
2024-09-19T05:58:18.356 INFO:journalctl@ceph.mon.a.smithi103.stdout:Sep 19 05:58:18 smithi103 ceph-mon[30925]: mgrmap e5: x(active, since 5s)
2024-09-19T05:58:18.356 INFO:journalctl@ceph.mgr.x.smithi103.stdout:Sep 19 05:58:18 smithi103 ceph-f3f6d2a8-764b-11ef-bceb-c7b262605968-mgr-x[31151]:
2024-09-19T05:58:18.147+0000 7f52f04a0040 -1 mgr[py] Module prometheus has missing NOTIFY_TYPES member
2024-09-19T05:58:18.356 INFO:journalctl@ceph.mgr.x.smithi103.stdout:Sep 19 05:58:18 smithi103 ceph-f3f6d2a8-764b-11ef-bceb-c7b262605968-mgr-x[31151]:
2024-09-19T05:58:18.211+0000 7f52f04a0040 -1 mgr[py] Module selftest has missing NOTIFY_TYPES member
2024-09-19T05:58:18.744 INFO:journalctl@ceph.mgr.x.smithi103.stdout:Sep 19 05:58:18 smithi103 ceph-f3f6d2a8-764b-11ef-bceb-c7b262605968-mgr-x[31151]:
2024-09-19T05:58:18.404+0000 7f52f04a0040 -1 mgr[py] Module volumes has missing NOTIFY_TYPES member
2024-09-19T05:58:18.956 INFO:teuthology.orchestra.run.smithi103.stdout:/usr/bin/ceph: stdout {
2024-09-19T05:58:18.962 INFO:teuthology.orchestra.run.smithi103.stdout:/usr/bin/ceph: stdout "epoch": 5,
2024-09-19T05:58:18.962 INFO:teuthology.orchestra.run.smithi103.stdout:/usr/bin/ceph: stdout "available": true,
2024-09-19T05:58:18.962 INFO:teuthology.orchestra.run.smithi103.stdout:/usr/bin/ceph: stdout "active_name": "x",
2024-09-19T05:58:18.962 INFO:teuthology.orchestra.run.smithi103.stdout:/usr/bin/ceph: stdout "num_standby": 0
2024-09-19T05:58:18.962 INFO:teuthology.orchestra.run.smithi103.stdout:/usr/bin/ceph: stdout }
2024-09-19T05:58:18.962 INFO:teuthology.orchestra.run.smithi103.stdout:/usr/bin/ceph: stderr
2024-09-19T05:58:18.147+0000 7f02d0cc6640 1 Processor -- start
2024-09-19T05:58:18.962 INFO:teuthology.orchestra.run.smithi103.stdout:/usr/bin/ceph: stderr
2024-09-19T05:58:18.147+0000 7f02d0cc6640 1 -- start start
2024-09-19T05:58:18.962 INFO:teuthology.orchestra.run.smithi103.stdout:/usr/bin/ceph: stderr
2024-09-19T05:58:18.147+0000 7f02d0cc6640 1 --2- >> [v2:172.21.15.103:3300/0,v1:172.21.15.103:6789/0] conn(0x7f02cc108120 0x7f02cc10a510 unknown :-1 s=NONE pgs=0 cs=0 l=0 rev1=0 crypto rx=0 tx=0 comp rx=0 tx=0).connect
2024-09-19T05:58:18.962 INFO:teuthology.orchestra.run.smithi103.stdout:/usr/bin/ceph: stderr
2024-09-19T05:58:18.147+0000 7f02d0cc6640 1 -- --> [v2:172.21.15.103:3300/0,v1:172.21.15.103:6789/0] -- mon_getmap magic: 0 -- 0x7f02cc07be00 con 0x7f02cc108120
2024-09-19T05:58:18.962 INFO:teuthology.orchestra.run.smithi103.stdout:/usr/bin/ceph: stderr
2024-09-19T05:58:18.147+0000 7f02ca59c640 1 --2- >> [v2:172.21.15.103:3300/0,v1:172.21.15.103:6789/0] conn(0x7f02cc108120 0x7f02cc10a510 unknown :-1 s=BANNER_CONNECTING pgs=0 cs=0 l=0 rev1=0 crypto rx=0 tx=0 comp rx=0 tx=0)._handle_peer_banner_payload supported=3 required=0
2024-09-19T05:58:18.962 INFO:teuthology.orchestra.run.smithi103.stdout:/usr/bin/ceph: stderr
2024-09-19T05:58:18.147+0000 7f02ca59c640 1 --2- >> [v2:172.21.15.103:3300/0,v1:172.21.15.103:6789/0] conn(0x7f02cc108120 0x7f02cc10a510 unknown :-1 s=HELLO_CONNECTING pgs=0 cs=0 l=0 rev1=1 crypto rx=0 tx=0 comp rx=0 tx=0).handle_hello peer v2:172.21.15.103:3300/0 says I am v2:172.21.15.103:38534/0 (socket says 172.21.15.103:38534)
2024-09-19T05:58:18.963 INFO:teuthology.orchestra.run.smithi103.stdout:/usr/bin/ceph: stderr
2024-09-19T05:58:18.147+0000 7f02ca59c640 1 -- 172.21.15.103:0/1416762875 learned_addr learned my addr 172.21.15.103:0/1416762875 (peer_addr_for_me v2:172.21.15.103:0/0)
2024-09-19T05:58:18.963 INFO:teuthology.orchestra.run.smithi103.stdout:/usr/bin/ceph: stderr
