2024-09-19T05:58:24.035+0000 7f036507b640 1 --2- >> [v2:172.21.15.103:3300/0,v1:172.21.15.103:6789/0] conn(0x7f0360106570 0x7f0360106970 unknown :-1 s=BANNER_CONNECTING pgs=0 cs=0 l=0 rev1=0 crypto rx=0 tx=0 comp rx=0 tx=0)._handle_peer_banner_payload supported=3 required=0
2024-09-19T05:58:24.749 INFO:teuthology.orchestra.run.smithi103.stdout:/usr/bin/ceph: stderr
2024-09-19T05:58:24.035+0000 7f036507b640 1 --2- >> [v2:172.21.15.103:3300/0,v1:172.21.15.103:6789/0] conn(0x7f0360106570 0x7f0360106970 unknown :-1 s=HELLO_CONNECTING pgs=0 cs=0 l=0 rev1=1 crypto rx=0 tx=0 comp rx=0 tx=0).handle_hello peer v2:172.21.15.103:3300/0 says I am v2:172.21.15.103:37648/0 (socket says 172.21.15.103:37648)
2024-09-19T05:58:24.749 INFO:teuthology.orchestra.run.smithi103.stdout:/usr/bin/ceph: stderr
2024-09-19T05:58:24.035+0000 7f036507b640 1 -- 172.21.15.103:0/2600881795 learned_addr learned my addr 172.21.15.103:0/2600881795 (peer_addr_for_me v2:172.21.15.103:0/0)
2024-09-19T05:58:24.749 INFO:teuthology.orchestra.run.smithi103.stdout:/usr/bin/ceph: stderr
2024-09-19T05:58:24.035+0000 7f036507b640 1 -- 172.21.15.103:0/2600881795 --> [v2:172.21.15.103:3300/0,v1:172.21.15.103:6789/0] -- mon_subscribe({config=0+,monmap=0+}) -- 0x7f0360107720 con 0x7f0360106570
2024-09-19T05:58:24.750 INFO:teuthology.orchestra.run.smithi103.stdout:/usr/bin/ceph: stderr
2024-09-19T05:58:24.036+0000 7f036507b640 1 --2- 172.21.15.103:0/2600881795 >> [v2:172.21.15.103:3300/0,v1:172.21.15.103:6789/0] conn(0x7f0360106570 0x7f0360106970 secure :-1 s=READY pgs=35 cs=0 l=1 rev1=1 crypto rx=0x7f035c009820 tx=0x7f035c02a270 comp rx=0 tx=0).ready entity=mon.0 client_cookie=491b77d53043f428 server_cookie=0 in_seq=0 out_seq=0
2024-09-19T05:58:24.750 INFO:teuthology.orchestra.run.smithi103.stdout:/usr/bin/ceph: stderr
2024-09-19T05:58:24.036+0000 7f0353fff640 1 -- 172.21.15.103:0/2600881795 <== mon.0 v2:172.21.15.103:3300/0 1 ==== mon_map magic: 0 ==== 205+0+0 (secure 0 0 0) 0x7f035c037070 con 0x7f0360106570
2024-09-19T05:58:24.750 INFO:teuthology.orchestra.run.smithi103.stdout:/usr/bin/ceph: stderr
2024-09-19T05:58:24.036+0000 7f0353fff640 1 -- 172.21.15.103:0/2600881795 <== mon.0 v2:172.21.15.103:3300/0 2 ==== config(26 keys) ==== 1071+0+0 (secure 0 0 0) 0x7f035c0328d0 con 0x7f0360106570
2024-09-19T05:58:24.750 INFO:teuthology.orchestra.run.smithi103.stdout:/usr/bin/ceph: stderr
2024-09-19T05:58:24.036+0000 7f0353fff640 1 -- 172.21.15.103:0/2600881795 <== mon.0 v2:172.21.15.103:3300/0 3 ==== mon_map magic: 0 ==== 205+0+0 (secure 0 0 0) 0x7f035c0307d0 con 0x7f0360106570
2024-09-19T05:58:24.750 INFO:teuthology.orchestra.run.smithi103.stdout:/usr/bin/ceph: stderr
2024-09-19T05:58:24.036+0000 7f03672df640 1 -- 172.21.15.103:0/2600881795 >> [v2:172.21.15.103:3300/0,v1:172.21.15.103:6789/0] conn(0x7f0360106570 msgr2=0x7f0360106970 secure :-1 s=STATE_CONNECTION_ESTABLISHED l=1).mark_down
2024-09-19T05:58:24.750 INFO:teuthology.orchestra.run.smithi103.stdout:/usr/bin/ceph: stderr
2024-09-19T05:58:24.036+0000 7f03672df640 1 --2- 172.21.15.103:0/2600881795 >> [v2:172.21.15.103:3300/0,v1:172.21.15.103:6789/0] conn(0x7f0360106570 0x7f0360106970 secure :-1 s=READY pgs=35 cs=0 l=1 rev1=1 crypto rx=0x7f035c009820 tx=0x7f035c02a270 comp rx=0 tx=0).stop
2024-09-19T05:58:24.750 INFO:teuthology.orchestra.run.smithi103.stdout:/usr/bin/ceph: stderr
2024-09-19T05:58:24.036+0000 7f03672df640 1 -- 172.21.15.103:0/2600881795 shutdown_connections
2024-09-19T05:58:24.750 INFO:teuthology.orchestra.run.smithi103.stdout:/usr/bin/ceph: stderr
2024-09-19T05:58:24.036+0000 7f03672df640 1 --2- 172.21.15.103:0/2600881795 >> [v2:172.21.15.103:3300/0,v1:172.21.15.103:6789/0] conn(0x7f0360106570 0x7f0360106970 unknown :-1 s=CLOSED pgs=35 cs=0 l=1 rev1=1 crypto rx=0 tx=0 comp rx=0 tx=0).stop
2024-09-19T05:58:24.750 INFO:teuthology.orchestra.run.smithi103.stdout:/usr/bin/ceph: stderr
2024-09-19T05:58:24.036+0000 7f03672df640 1 -- 172.21.15.103:0/2600881795 >> 172.21.15.103:0/2600881795 conn(0x7f0360101d80 msgr2=0x7f03601041a0 unknown :-1 s=STATE_NONE l=0).mark_down
2024-09-19T05:58:24.750 INFO:teuthology.orchestra.run.smithi103.stdout:/usr/bin/ceph: stderr
2024-09-19T05:58:24.036+0000 7f03672df640 1 -- 172.21.15.103:0/2600881795 shutdown_connections
2024-09-19T05:58:24.750 INFO:teuthology.orchestra.run.smithi103.stdout:/usr/bin/ceph: stderr
2024-09-19T05:58:24.036+0000 7f03672df640 1 -- 172.21.15.103:0/2600881795 wait complete.
2024-09-19T05:58:24.750 INFO:teuthology.orchestra.run.smithi103.stdout:/usr/bin/ceph: stderr
2024-09-19T05:58:24.037+0000 7f03672df640 1 Processor -- start
2024-09-19T05:58:24.751 INFO:teuthology.orchestra.run.smithi103.stdout:/usr/bin/ceph: stderr
2024-09-19T05:58:24.037+0000 7f03672df640 1 -- start start
2024-09-19T05:58:24.751 INFO:teuthology.orchestra.run.smithi103.stdout:/usr/bin/ceph: stderr
2024-09-19T05:58:24.037+0000 7f03672df640 1 --2- >> [v2:172.21.15.103:3300/0,v1:172.21.15.103:6789/0] conn(0x7f0360106570 0x7f036019b6b0 unknown :-1 s=NONE pgs=0 cs=0 l=1 rev1=0 crypto rx=0 tx=0 comp rx=0 tx=0).connect
2024-09-19T05:58:24.751 INFO:teuthology.orchestra.run.smithi103.stdout:/usr/bin/ceph: stderr
2024-09-19T05:58:24.037+0000 7f03672df640 1 -- --> [v2:172.21.15.103:3300/0,v1:172.21.15.103:6789/0] -- mon_getmap magic: 0 -- 0x7f036010aad0 con 0x7f0360106570
2024-09-19T05:58:24.751 INFO:teuthology.orchestra.run.smithi103.stdout:/usr/bin/ceph: stderr
2024-09-19T05:58:24.037+0000 7f036507b640 1 --2- >> [v2:172.21.15.103:3300/0,v1:172.21.15.103:6789/0] conn(0x7f0360106570 0x7f036019b6b0 unknown :-1 s=BANNER_CONNECTING pgs=0 cs=0 l=1 rev1=0 crypto rx=0 tx=0 comp rx=0 tx=0)._handle_peer_banner_payload supported=3 required=0
2024-09-19T05:58:24.751 INFO:teuthology.orchestra.run.smithi103.stdout:/usr/bin/ceph: stderr
2024-09-19T05:58:24.037+0000 7f036507b640 1 --2- >> [v2:172.21.15.103:3300/0,v1:172.21.15.103:6789/0] conn(0x7f0360106570 0x7f036019b6b0 unknown :-1 s=HELLO_CONNECTING pgs=0 cs=0 l=1 rev1=1 crypto rx=0 tx=0 comp rx=0 tx=0).handle_hello peer v2:172.21.15.103:3300/0 says I am v2:172.21.15.103:37656/0 (socket says 172.21.15.103:37656)
2024-09-19T05:58:24.751 INFO:teuthology.orchestra.run.smithi103.stdout:/usr/bin/ceph: stderr
2024-09-19T05:58:24.037+0000 7f036507b640 1 -- 172.21.15.103:0/2413120611 learned_addr learned my addr 172.21.15.103:0/2413120611 (peer_addr_for_me v2:172.21.15.103:0/0)
2024-09-19T05:58:24.751 INFO:teuthology.orchestra.run.smithi103.stdout:/usr/bin/ceph: stderr
2024-09-19T05:58:24.037+0000 7f036507b640 1 -- 172.21.15.103:0/2413120611 --> [v2:172.21.15.103:3300/0,v1:172.21.15.103:6789/0] -- mon_subscribe({config=0+,monmap=0+}) -- 0x7f036019bbf0 con 0x7f0360106570
2024-09-19T05:58:24.751 INFO:teuthology.orchestra.run.smithi103.stdout:/usr/bin/ceph: stderr
2024-09-19T05:58:24.038+0000 7f036507b640 1 --2- 172.21.15.103:0/2413120611 >> [v2:172.21.15.103:3300/0,v1:172.21.15.103:6789/0] conn(0x7f0360106570 0x7f036019b6b0 secure :-1 s=READY pgs=36 cs=0 l=1 rev1=1 crypto rx=0x7f035c030520 tx=0x7f035c032dd0 comp rx=0 tx=0).ready entity=mon.0 client_cookie=0 server_cookie=0 in_seq=0 out_seq=0
2024-09-19T05:58:24.751 INFO:teuthology.orchestra.run.smithi103.stdout:/usr/bin/ceph: stderr
2024-09-19T05:58:24.038+0000 7f03527fc640 1 -- 172.21.15.103:0/2413120611 <== mon.0 v2:172.21.15.103:3300/0 1 ==== mon_map magic: 0 ==== 205+0+0 (secure 0 0 0) 0x7f035c042070 con 0x7f0360106570
2024-09-19T05:58:24.751 INFO:teuthology.orchestra.run.smithi103.stdout:/usr/bin/ceph: stderr
2024-09-19T05:58:24.038+0000 7f03527fc640 1 -- 172.21.15.103:0/2413120611 <== mon.0 v2:172.21.15.103:3300/0 2 ==== config(26 keys) ==== 1071+0+0 (secure 0 0 0) 0x7f035c030cc0 con 0x7f0360106570
2024-09-19T05:58:24.751 INFO:teuthology.orchestra.run.smithi103.stdout:/usr/bin/ceph: stderr
2024-09-19T05:58:24.038+0000 7f03527fc640 1 -- 172.21.15.103:0/2413120611 <== mon.0 v2:172.21.15.103:3300/0 3 ==== mon_map magic: 0 ==== 205+0+0 (secure 0 0 0) 0x7f035c037040 con 0x7f0360106570
2024-09-19T05:58:24.752 INFO:teuthology.orchestra.run.smithi103.stdout:/usr/bin/ceph: stderr
2024-09-19T05:58:24.038+0000 7f03672df640 1 -- 172.21.15.103:0/2413120611 --> [v2:172.21.15.103:3300/0,v1:172.21.15.103:6789/0] -- mon_subscribe({mgrmap=0+}) -- 0x7f036019be80 con 0x7f0360106570
2024-09-19T05:58:24.752 INFO:teuthology.orchestra.run.smithi103.stdout:/usr/bin/ceph: stderr
2024-09-19T05:58:24.038+0000 7f03672df640 1 -- 172.21.15.103:0/2413120611 --> [v2:172.21.15.103:3300/0,v1:172.21.15.103:6789/0] -- mon_subscribe({osdmap=0}) -- 0x7f036019eb70 con 0x7f0360106570
2024-09-19T05:58:24.752 INFO:teuthology.orchestra.run.smithi103.stdout:/usr/bin/ceph: stderr
2024-09-19T05:58:24.039+0000 7f03527fc640 1 -- 172.21.15.103:0/2413120611 <== mon.0 v2:172.21.15.103:3300/0 4 ==== mgrmap(e 8) ==== 46461+0+0 (secure 0 0 0) 0x7f035c045070 con 0x7f0360106570
2024-09-19T05:58:24.752 INFO:teuthology.orchestra.run.smithi103.stdout:/usr/bin/ceph: stderr
2024-09-19T05:58:24.039+0000 7f03527fc640 1 --2- 172.21.15.103:0/2413120611 >> [v2:172.21.15.103:6800/1007431406,v1:172.21.15.103:6801/1007431406] conn(0x7f034c0391b0 0x7f034c03b670 unknown :-1 s=NONE pgs=0 cs=0 l=1 rev1=0 crypto rx=0 tx=0 comp rx=0 tx=0).connect
2024-09-19T05:58:24.752 INFO:teuthology.orchestra.run.smithi103.stdout:/usr/bin/ceph: stderr
2024-09-19T05:58:24.039+0000 7f03527fc640 1 -- 172.21.15.103:0/2413120611 <== mon.0 v2:172.21.15.103:3300/0 5 ==== osd_map(2..2 src has 1..2) ==== 940+0+0 (secure 0 0 0) 0x7f035c06c2d0 con 0x7f0360106570
2024-09-19T05:58:24.752 INFO:teuthology.orchestra.run.smithi103.stdout:/usr/bin/ceph: stderr
2024-09-19T05:58:24.039+0000 7f036487a640 1 --2- 172.21.15.103:0/2413120611 >> [v2:172.21.15.103:6800/1007431406,v1:172.21.15.103:6801/1007431406] conn(0x7f034c0391b0 0x7f034c03b670 unknown :-1 s=BANNER_CONNECTING pgs=0 cs=0 l=1 rev1=0 crypto rx=0 tx=0 comp rx=0 tx=0)._handle_peer_banner_payload supported=3 required=0
2024-09-19T05:58:24.752 INFO:teuthology.orchestra.run.smithi103.stdout:/usr/bin/ceph: stderr
2024-09-19T05:58:24.039+0000 7f03672df640 1 -- 172.21.15.103:0/2413120611 --> [v2:172.21.15.103:3300/0,v1:172.21.15.103:6789/0] -- mon_command({"prefix": "get_command_descriptions"} v 0) -- 0x7f036010ac50 con 0x7f0360106570
2024-09-19T05:58:24.752 INFO:teuthology.orchestra.run.smithi103.stdout:/usr/bin/ceph: stderr
2024-09-19T05:58:24.039+0000 7f036487a640 1 --2- 172.21.15.103:0/2413120611 >> [v2:172.21.15.103:6800/1007431406,v1:172.21.15.103:6801/1007431406] conn(0x7f034c0391b0 0x7f034c03b670 secure :-1 s=READY pgs=7 cs=0 l=1 rev1=1 crypto rx=0x7f03540098c0 tx=0x7f0354006db0 comp rx=0 tx=0).ready entity=mgr.14118 client_cookie=0 server_cookie=0 in_seq=0 out_seq=0
2024-09-19T05:58:24.752 INFO:teuthology.orchestra.run.smithi103.stdout:/usr/bin/ceph: stderr
2024-09-19T05:58:24.044+0000 7f03527fc640 1 -- 172.21.15.103:0/2413120611 <== mon.0 v2:172.21.15.103:3300/0 6 ==== mon_command_ack([{"prefix": "get_command_descriptions"}]=0 v0) ==== 72+0+188913 (secure 0 0 0) 0x7f035c046e00 con 0x7f0360106570
2024-09-19T05:58:24.752 INFO:teuthology.orchestra.run.smithi103.stdout:/usr/bin/ceph: stderr
2024-09-19T05:58:24.225+0000 7f03672df640 1 -- 172.21.15.103:0/2413120611 --> [v2:172.21.15.103:6800/1007431406,v1:172.21.15.103:6801/1007431406] -- mgr_command(tid 0: {"prefix": "orch set backend", "module_name": "cephadm", "target": ["mon-mgr", ""]}) -- 0x7f036002d980 con 0x7f034c0391b0
2024-09-19T05:58:24.752 INFO:teuthology.orchestra.run.smithi103.stdout:/usr/bin/ceph: stderr
2024-09-19T05:58:24.230+0000 7f03527fc640 1 -- 172.21.15.103:0/2413120611 <== mgr.14118 v2:172.21.15.103:6800/1007431406 1 ==== mgr_command_reply(tid 0: 0 ) ==== 8+0+0 (secure 0 0 0) 0x7f036002d980 con 0x7f034c0391b0
2024-09-19T05:58:24.753 INFO:teuthology.orchestra.run.smithi103.stdout:/usr/bin/ceph: stderr
2024-09-19T05:58:24.232+0000 7f03672df640 1 -- 172.21.15.103:0/2413120611 >> [v2:172.21.15.103:6800/1007431406,v1:172.21.15.103:6801/1007431406] conn(0x7f034c0391b0 msgr2=0x7f034c03b670 secure :-1 s=STATE_CONNECTION_ESTABLISHED l=1).mark_down
2024-09-19T05:58:24.753 INFO:teuthology.orchestra.run.smithi103.stdout:/usr/bin/ceph: stderr
2024-09-19T05:58:24.232+0000 7f03672df640 1 --2- 172.21.15.103:0/2413120611 >> [v2:172.21.15.103:6800/1007431406,v1:172.21.15.103:6801/1007431406] conn(0x7f034c0391b0 0x7f034c03b670 secure :-1 s=READY pgs=7 cs=0 l=1 rev1=1 crypto rx=0x7f03540098c0 tx=0x7f0354006db0 comp rx=0 tx=0).stop
2024-09-19T05:58:24.753 INFO:teuthology.orchestra.run.smithi103.stdout:/usr/bin/ceph: stderr
2024-09-19T05:58:24.232+0000 7f03672df640 1 -- 172.21.15.103:0/2413120611 >> [v2:172.21.15.103:3300/0,v1:172.21.15.103:6789/0] conn(0x7f0360106570 msgr2=0x7f036019b6b0 secure :-1 s=STATE_CONNECTION_ESTABLISHED l=1).mark_down
2024-09-19T05:58:24.753 INFO:teuthology.orchestra.run.smithi103.stdout:/usr/bin/ceph: stderr
2024-09-19T05:58:24.232+0000 7f03672df640 1 --2- 172.21.15.103:0/2413120611 >> [v2:172.21.15.103:3300/0,v1:172.21.15.103:6789/0] conn(0x7f0360106570 0x7f036019b6b0 secure :-1 s=READY pgs=36 cs=0 l=1 rev1=1 crypto rx=0x7f035c030520 tx=0x7f035c032dd0 comp rx=0 tx=0).stop
2024-09-19T05:58:24.753 INFO:teuthology.orchestra.run.smithi103.stdout:/usr/bin/ceph: stderr
2024-09-19T05:58:24.233+0000 7f03672df640 1 -- 172.21.15.103:0/2413120611 shutdown_connections
2024-09-19T05:58:24.753 INFO:teuthology.orchestra.run.smithi103.stdout:/usr/bin/ceph: stderr
2024-09-19T05:58:24.233+0000 7f03672df640 1 --2- 172.21.15.103:0/2413120611 >> [v2:172.21.15.103:6800/1007431406,v1:172.21.15.103:6801/1007431406] conn(0x7f034c0391b0 0x7f034c03b670 unknown :-1 s=CLOSED pgs=7 cs=0 l=1 rev1=1 crypto rx=0 tx=0 comp rx=0 tx=0).stop
2024-09-19T05:58:24.753 INFO:teuthology.orchestra.run.smithi103.stdout:/usr/bin/ceph: stderr
2024-09-19T05:58:24.233+0000 7f03672df640 1 --2- 172.21.15.103:0/2413120611 >> [v2:172.21.15.103:3300/0,v1:172.21.15.103:6789/0] conn(0x7f0360106570 0x7f036019b6b0 unknown :-1 s=CLOSED pgs=36 cs=0 l=1 rev1=1 crypto rx=0 tx=0 comp rx=0 tx=0).stop
2024-09-19T05:58:24.754 INFO:teuthology.orchestra.run.smithi103.stdout:/usr/bin/ceph: stderr
2024-09-19T05:58:24.233+0000 7f03672df640 1 -- 172.21.15.103:0/2413120611 >> 172.21.15.103:0/2413120611 conn(0x7f0360101d80 msgr2=0x7f0360102cc0 unknown :-1 s=STATE_NONE l=0).mark_down
2024-09-19T05:58:24.754 INFO:teuthology.orchestra.run.smithi103.stdout:/usr/bin/ceph: stderr
2024-09-19T05:58:24.233+0000 7f03672df640 1 -- 172.21.15.103:0/2413120611 shutdown_connections
2024-09-19T05:58:24.754 INFO:teuthology.orchestra.run.smithi103.stdout:/usr/bin/ceph: stderr
2024-09-19T05:58:24.233+0000 7f03672df640 1 -- 172.21.15.103:0/2413120611 wait complete.
2024-09-19T05:58:25.140 INFO:journalctl@ceph.mon.a.smithi103.stdout:Sep 19 05:58:25 smithi103 ceph-mon[30925]: [19/Sep/2024:05:58:23] ENGINE Serving on https://172.21.15.103:7150
2024-09-19T05:58:25.140 INFO:journalctl@ceph.mon.a.smithi103.stdout:Sep 19 05:58:25 smithi103 ceph-mon[30925]: [19/Sep/2024:05:58:23] ENGINE Bus STARTED
2024-09-19T05:58:25.140 INFO:journalctl@ceph.mon.a.smithi103.stdout:Sep 19 05:58:25 smithi103 ceph-mon[30925]: [19/Sep/2024:05:58:23] ENGINE Error in HTTPServer.serve
2024-09-19T05:58:25.140 INFO:journalctl@ceph.mon.a.smithi103.stdout: Traceback (most recent call last):
2024-09-19T05:58:25.140 INFO:journalctl@ceph.mon.a.smithi103.stdout: File "/lib/python3.9/site-packages/cheroot/server.py", line 1823, in serve
2024-09-19T05:58:25.140 INFO:journalctl@ceph.mon.a.smithi103.stdout: self._connections.run(self.expiration_interval)
2024-09-19T05:58:25.140 INFO:journalctl@ceph.mon.a.smithi103.stdout: File "/lib/python3.9/site-packages/cheroot/connections.py", line 203, in run
2024-09-19T05:58:25.140 INFO:journalctl@ceph.mon.a.smithi103.stdout: self._run(expiration_interval)
2024-09-19T05:58:25.140 INFO:journalctl@ceph.mon.a.smithi103.stdout: File "/lib/python3.9/site-packages/cheroot/connections.py", line 246, in _run
2024-09-19T05:58:25.140 INFO:journalctl@ceph.mon.a.smithi103.stdout: new_conn = self._from_server_socket(self.server.socket)
2024-09-19T05:58:25.141 INFO:journalctl@ceph.mon.a.smithi103.stdout: File "/lib/python3.9/site-packages/cheroot/connections.py", line 300, in _from_server_socket
2024-09-19T05:58:25.141 INFO:journalctl@ceph.mon.a.smithi103.stdout: s, ssl_env = self.server.ssl_adapter.wrap(s)
2024-09-19T05:58:25.141 INFO:journalctl@ceph.mon.a.smithi103.stdout: File "/lib/python3.9/site-packages/cheroot/ssl/builtin.py", line 277, in wrap
2024-09-19T05:58:25.141 INFO:journalctl@ceph.mon.a.smithi103.stdout: s = self.context.wrap_socket(
2024-09-19T05:58:25.141 INFO:journalctl@ceph.mon.a.smithi103.stdout: File "/lib64/python3.9/ssl.py", line 501, in wrap_socket
2024-09-19T05:58:25.141 INFO:journalctl@ceph.mon.a.smithi103.stdout: return self.sslsocket_class._create(
2024-09-19T05:58:25.141 INFO:journalctl@ceph.mon.a.smithi103.stdout: File "/lib64/python3.9/ssl.py", line 1074, in _create
2024-09-19T05:58:25.141 INFO:journalctl@ceph.mon.a.smithi103.stdout: self.do_handshake()
2024-09-19T05:58:25.141 INFO:journalctl@ceph.mon.a.smithi103.stdout: File "/lib64/python3.9/ssl.py", line 1343, in do_handshake
2024-09-19T05:58:25.141 INFO:journalctl@ceph.mon.a.smithi103.stdout: self._sslobj.do_handshake()
2024-09-19T05:58:25.141 INFO:journalctl@ceph.mon.a.smithi103.stdout: ssl.SSLZeroReturnError: TLS/SSL connection has been closed (EOF) (_ssl.c:1133)
2024-09-19T05:58:25.141 INFO:journalctl@ceph.mon.a.smithi103.stdout:Sep 19 05:58:25 smithi103 ceph-mon[30925]: mgrmap e8: x(active, since 2s)
2024-09-19T05:58:25.141 INFO:journalctl@ceph.mon.a.smithi103.stdout:Sep 19 05:58:25 smithi103 ceph-mon[30925]: from='mgr.14118 172.21.15.103:0/2948400791' entity='mgr.x'
2024-09-19T05:58:25.141 INFO:journalctl@ceph.mon.a.smithi103.stdout:Sep 19 05:58:25 smithi103 ceph-mon[30925]: from='mgr.14118 172.21.15.103:0/2948400791' entity='mgr.x' cmd=[{"prefix": "config dump", "format": "json"}]: dispatch
2024-09-19T05:58:25.939 INFO:teuthology.orchestra.run.smithi103.stdout:/usr/bin/ceph: stdout value unchanged
2024-09-19T05:58:25.939 INFO:teuthology.orchestra.run.smithi103.stdout:/usr/bin/ceph: stderr
2024-09-19T05:58:25.138+0000 7f5259635640 1 Processor -- start
2024-09-19T05:58:25.939 INFO:teuthology.orchestra.run.smithi103.stdout:/usr/bin/ceph: stderr
2024-09-19T05:58:25.138+0000 7f5259635640 1 -- start start
2024-09-19T05:58:25.939 INFO:teuthology.orchestra.run.smithi103.stdout:/usr/bin/ceph: stderr
2024-09-19T05:58:25.138+0000 7f5259635640 1 --2- >> [v2:172.21.15.103:3300/0,v1:172.21.15.103:6789/0] conn(0x7f5254106540 0x7f5254106940 unknown :-1 s=NONE pgs=0 cs=0 l=0 rev1=0 crypto rx=0 tx=0 comp rx=0 tx=0).connect
2024-09-19T05:58:25.939 INFO:teuthology.orchestra.run.smithi103.stdout:/usr/bin/ceph: stderr
2024-09-19T05:58:25.138+0000 7f5259635640 1 -- --> [v2:172.21.15.103:3300/0,v1:172.21.15.103:6789/0] -- mon_getmap magic: 0 -- 0x7f5254106f10 con 0x7f5254106540
2024-09-19T05:58:25.939 INFO:teuthology.orchestra.run.smithi103.stdout:/usr/bin/ceph: stderr
2024-09-19T05:58:25.138+0000 7f5252ffd640 1 --2- >> [v2:172.21.15.103:3300/0,v1:172.21.15.103:6789/0] conn(0x7f5254106540 0x7f5254106940 unknown :-1 s=BANNER_CONNECTING pgs=0 cs=0 l=0 rev1=0 crypto rx=0 tx=0 comp rx=0 tx=0)._handle_peer_banner_payload supported=3 required=0
2024-09-19T05:58:25.939 INFO:teuthology.orchestra.run.smithi103.stdout:/usr/bin/ceph: stderr
2024-09-19T05:58:25.138+0000 7f5252ffd640 1 --2- >> [v2:172.21.15.103:3300/0,v1:172.21.15.103:6789/0] conn(0x7f5254106540 0x7f5254106940 unknown :-1 s=HELLO_CONNECTING pgs=0 cs=0 l=0 rev1=1 crypto rx=0 tx=0 comp rx=0 tx=0).handle_hello peer v2:172.21.15.103:3300/0 says I am v2:172.21.15.103:37668/0 (socket says 172.21.15.103:37668)
2024-09-19T05:58:25.940 INFO:teuthology.orchestra.run.smithi103.stdout:/usr/bin/ceph: stderr
2024-09-19T05:58:25.138+0000 7f5252ffd640 1 -- 172.21.15.103:0/584573232 learned_addr learned my addr 172.21.15.103:0/584573232 (peer_addr_for_me v2:172.21.15.103:0/0)
2024-09-19T05:58:25.940 INFO:teuthology.orchestra.run.smithi103.stdout:/usr/bin/ceph: stderr
2024-09-19T05:58:25.139+0000 7f5252ffd640 1 -- 172.21.15.103:0/584573232 --> [v2:172.21.15.103:3300/0,v1:172.21.15.103:6789/0] -- mon_subscribe({config=0+,monmap=0+}) -- 0x7f5254107740 con 0x7f5254106540
2024-09-19T05:58:25.940 INFO:teuthology.orchestra.run.smithi103.stdout:/usr/bin/ceph: stderr
2024-09-19T05:58:25.139+0000 7f5252ffd640 1 --2- 172.21.15.103:0/584573232 >> [v2:172.21.15.103:3300/0,v1:172.21.15.103:6789/0] conn(0x7f5254106540 0x7f5254106940 secure :-1 s=READY pgs=37 cs=0 l=1 rev1=1 crypto rx=0x7f5244009820 tx=0x7f524402a270 comp rx=0 tx=0).ready entity=mon.0 client_cookie=3b6ca1ccc4336c83 server_cookie=0 in_seq=0 out_seq=0
2024-09-19T05:58:25.940 INFO:teuthology.orchestra.run.smithi103.stdout:/usr/bin/ceph: stderr
2024-09-19T05:58:25.139+0000 7f52527fc640 1 -- 172.21.15.103:0/584573232 <== mon.0 v2:172.21.15.103:3300/0 1 ==== mon_map magic: 0 ==== 205+0+0 (secure 0 0 0) 0x7f5244037070 con 0x7f5254106540
2024-09-19T05:58:25.940 INFO:teuthology.orchestra.run.smithi103.stdout:/usr/bin/ceph: stderr
2024-09-19T05:58:25.139+0000 7f52527fc640 1 -- 172.21.15.103:0/584573232 <== mon.0 v2:172.21.15.103:3300/0 2 ==== config(26 keys) ==== 1071+0+0 (secure 0 0 0) 0x7f52440328d0 con 0x7f5254106540
2024-09-19T05:58:25.940 INFO:teuthology.orchestra.run.smithi103.stdout:/usr/bin/ceph: stderr
2024-09-19T05:58:25.139+0000 7f52527fc640 1 -- 172.21.15.103:0/584573232 <== mon.0 v2:172.21.15.103:3300/0 3 ==== mon_map magic: 0 ==== 205+0+0 (secure 0 0 0) 0x7f52440307d0 con 0x7f5254106540
2024-09-19T05:58:25.940 INFO:teuthology.orchestra.run.smithi103.stdout:/usr/bin/ceph: stderr
2024-09-19T05:58:25.140+0000 7f5259635640 1 -- 172.21.15.103:0/584573232 >> [v2:172.21.15.103:3300/0,v1:172.21.15.103:6789/0] conn(0x7f5254106540 msgr2=0x7f5254106940 secure :-1 s=STATE_CONNECTION_ESTABLISHED l=1).mark_down
2024-09-19T05:58:25.940 INFO:teuthology.orchestra.run.smithi103.stdout:/usr/bin/ceph: stderr
2024-09-19T05:58:25.140+0000 7f5259635640 1 --2- 172.21.15.103:0/584573232 >> [v2:172.21.15.103:3300/0,v1:172.21.15.103:6789/0] conn(0x7f5254106540 0x7f5254106940 secure :-1 s=READY pgs=37 cs=0 l=1 rev1=1 crypto rx=0x7f5244009820 tx=0x7f524402a270 comp rx=0 tx=0).stop
2024-09-19T05:58:25.940 INFO:teuthology.orchestra.run.smithi103.stdout:/usr/bin/ceph: stderr
2024-09-19T05:58:25.140+0000 7f5259635640 1 -- 172.21.15.103:0/584573232 shutdown_connections
2024-09-19T05:58:25.940 INFO:teuthology.orchestra.run.smithi103.stdout:/usr/bin/ceph: stderr
2024-09-19T05:58:25.140+0000 7f5259635640 1 --2- 172.21.15.103:0/584573232 >> [v2:172.21.15.103:3300/0,v1:172.21.15.103:6789/0] conn(0x7f5254106540 0x7f5254106940 unknown :-1 s=CLOSED pgs=37 cs=0 l=1 rev1=1 crypto rx=0 tx=0 comp rx=0 tx=0).stop
2024-09-19T05:58:25.940 INFO:teuthology.orchestra.run.smithi103.stdout:/usr/bin/ceph: stderr
2024-09-19T05:58:25.140+0000 7f5259635640 1 -- 172.21.15.103:0/584573232 >> 172.21.15.103:0/584573232 conn(0x7f5254101d90 msgr2=0x7f52541041b0 unknown :-1 s=STATE_NONE l=0).mark_down
2024-09-19T05:58:25.940 INFO:teuthology.orchestra.run.smithi103.stdout:/usr/bin/ceph: stderr
2024-09-19T05:58:25.140+0000 7f5259635640 1 -- 172.21.15.103:0/584573232 shutdown_connections
2024-09-19T05:58:25.940 INFO:teuthology.orchestra.run.smithi103.stdout:/usr/bin/ceph: stderr
2024-09-19T05:58:25.140+0000 7f5259635640 1 -- 172.21.15.103:0/584573232 wait complete.
2024-09-19T05:58:25.941 INFO:teuthology.orchestra.run.smithi103.stdout:/usr/bin/ceph: stderr
2024-09-19T05:58:25.141+0000 7f5259635640 1 Processor -- start
2024-09-19T05:58:25.941 INFO:teuthology.orchestra.run.smithi103.stdout:/usr/bin/ceph: stderr
2024-09-19T05:58:25.141+0000 7f5259635640 1 -- start start
2024-09-19T05:58:25.941 INFO:teuthology.orchestra.run.smithi103.stdout:/usr/bin/ceph: stderr
2024-09-19T05:58:25.141+0000 7f5259635640 1 --2- >> [v2:172.21.15.103:3300/0,v1:172.21.15.103:6789/0] conn(0x7f5254106540 0x7f525407ba30 unknown :-1 s=NONE pgs=0 cs=0 l=1 rev1=0 crypto rx=0 tx=0 comp rx=0 tx=0).connect
2024-09-19T05:58:25.941 INFO:teuthology.orchestra.run.smithi103.stdout:/usr/bin/ceph: stderr
2024-09-19T05:58:25.141+0000 7f5259635640 1 -- --> [v2:172.21.15.103:3300/0,v1:172.21.15.103:6789/0] -- mon_getmap magic: 0 -- 0x7f525410aaf0 con 0x7f5254106540
2024-09-19T05:58:25.941 INFO:teuthology.orchestra.run.smithi103.stdout:/usr/bin/ceph: stderr
2024-09-19T05:58:25.141+0000 7f5252ffd640 1 --2- >> [v2:172.21.15.103:3300/0,v1:172.21.15.103:6789/0] conn(0x7f5254106540 0x7f525407ba30 unknown :-1 s=BANNER_CONNECTING pgs=0 cs=0 l=1 rev1=0 crypto rx=0 tx=0 comp rx=0 tx=0)._handle_peer_banner_payload supported=3 required=0
2024-09-19T05:58:25.941 INFO:teuthology.orchestra.run.smithi103.stdout:/usr/bin/ceph: stderr
2024-09-19T05:58:25.141+0000 7f5252ffd640 1 --2- >> [v2:172.21.15.103:3300/0,v1:172.21.15.103:6789/0] conn(0x7f5254106540 0x7f525407ba30 unknown :-1 s=HELLO_CONNECTING pgs=0 cs=0 l=1 rev1=1 crypto rx=0 tx=0 comp rx=0 tx=0).handle_hello peer v2:172.21.15.103:3300/0 says I am v2:172.21.15.103:37678/0 (socket says 172.21.15.103:37678)
2024-09-19T05:58:25.941 INFO:teuthology.orchestra.run.smithi103.stdout:/usr/bin/ceph: stderr
2024-09-19T05:58:25.141+0000 7f5252ffd640 1 -- 172.21.15.103:0/3294079506 learned_addr learned my addr 172.21.15.103:0/3294079506 (peer_addr_for_me v2:172.21.15.103:0/0)
2024-09-19T05:58:25.941 INFO:teuthology.orchestra.run.smithi103.stdout:/usr/bin/ceph: stderr
2024-09-19T05:58:25.141+0000 7f5252ffd640 1 -- 172.21.15.103:0/3294079506 --> [v2:172.21.15.103:3300/0,v1:172.21.15.103:6789/0] -- mon_subscribe({config=0+,monmap=0+}) -- 0x7f525419e350 con 0x7f5254106540
2024-09-19T05:58:25.941 INFO:teuthology.orchestra.run.smithi103.stdout:/usr/bin/ceph: stderr
2024-09-19T05:58:25.142+0000 7f5252ffd640 1 --2- 172.21.15.103:0/3294079506 >> [v2:172.21.15.103:3300/0,v1:172.21.15.103:6789/0] conn(0x7f5254106540 0x7f525407ba30 secure :-1 s=READY pgs=38 cs=0 l=1 rev1=1 crypto rx=0x7f52440097f0 tx=0x7f5244030d00 comp rx=0 tx=0).ready entity=mon.0 client_cookie=0 server_cookie=0 in_seq=0 out_seq=0
2024-09-19T05:58:25.941 INFO:teuthology.orchestra.run.smithi103.stdout:/usr/bin/ceph: stderr
2024-09-19T05:58:25.142+0000 7f5250ff9640 1 -- 172.21.15.103:0/3294079506 <== mon.0 v2:172.21.15.103:3300/0 1 ==== mon_map magic: 0 ==== 205+0+0 (secure 0 0 0) 0x7f5244037040 con 0x7f5254106540
2024-09-19T05:58:25.941 INFO:teuthology.orchestra.run.smithi103.stdout:/usr/bin/ceph: stderr
2024-09-19T05:58:25.142+0000 7f5250ff9640 1 -- 172.21.15.103:0/3294079506 <== mon.0 v2:172.21.15.103:3300/0 2 ==== config(26 keys) ==== 1071+0+0 (secure 0 0 0) 0x7f5244032bb0 con 0x7f5254106540
2024-09-19T05:58:25.941 INFO:teuthology.orchestra.run.smithi103.stdout:/usr/bin/ceph: stderr
2024-09-19T05:58:25.142+0000 7f5259635640 1 -- 172.21.15.103:0/3294079506 --> [v2:172.21.15.103:3300/0,v1:172.21.15.103:6789/0] -- mon_subscribe({mgrmap=0+}) -- 0x7f525419e520 con 0x7f5254106540
2024-09-19T05:58:25.942 INFO:teuthology.orchestra.run.smithi103.stdout:/usr/bin/ceph: stderr
2024-09-19T05:58:25.142+0000 7f5250ff9640 1 -- 172.21.15.103:0/3294079506 <== mon.0 v2:172.21.15.103:3300/0 3 ==== mon_map magic: 0 ==== 205+0+0 (secure 0 0 0) 0x7f524403a390 con 0x7f5254106540
2024-09-19T05:58:25.942 INFO:teuthology.orchestra.run.smithi103.stdout:/usr/bin/ceph: stderr
2024-09-19T05:58:25.142+0000 7f5259635640 1 -- 172.21.15.103:0/3294079506 --> [v2:172.21.15.103:3300/0,v1:172.21.15.103:6789/0] -- mon_subscribe({osdmap=0}) -- 0x7f525419e8c0 con 0x7f5254106540
2024-09-19T05:58:25.942 INFO:teuthology.orchestra.run.smithi103.stdout:/usr/bin/ceph: stderr
2024-09-19T05:58:25.142+0000 7f5250ff9640 1 -- 172.21.15.103:0/3294079506 <== mon.0 v2:172.21.15.103:3300/0 4 ==== mgrmap(e 8) ==== 46461+0+0 (secure 0 0 0) 0x7f524403a580 con 0x7f5254106540
2024-09-19T05:58:25.942 INFO:teuthology.orchestra.run.smithi103.stdout:/usr/bin/ceph: stderr
2024-09-19T05:58:25.143+0000 7f5250ff9640 1 --2- 172.21.15.103:0/3294079506 >> [v2:172.21.15.103:6800/1007431406,v1:172.21.15.103:6801/1007431406] conn(0x7f5240039200 0x7f524003b6c0 unknown :-1 s=NONE pgs=0 cs=0 l=1 rev1=0 crypto rx=0 tx=0 comp rx=0 tx=0).connect
2024-09-19T05:58:25.942 INFO:teuthology.orchestra.run.smithi103.stdout:/usr/bin/ceph: stderr
2024-09-19T05:58:25.143+0000 7f5250ff9640 1 -- 172.21.15.103:0/3294079506 <== mon.0 v2:172.21.15.103:3300/0 5 ==== osd_map(2..2 src has 1..2) ==== 940+0+0 (secure 0 0 0) 0x7f524406c4a0 con 0x7f5254106540
2024-09-19T05:58:25.942 INFO:teuthology.orchestra.run.smithi103.stdout:/usr/bin/ceph: stderr
2024-09-19T05:58:25.143+0000 7f524a7fc640 1 --2- 172.21.15.103:0/3294079506 >> [v2:172.21.15.103:6800/1007431406,v1:172.21.15.103:6801/1007431406] conn(0x7f5240039200 0x7f524003b6c0 unknown :-1 s=BANNER_CONNECTING pgs=0 cs=0 l=1 rev1=0 crypto rx=0 tx=0 comp rx=0 tx=0)._handle_peer_banner_payload supported=3 required=0
2024-09-19T05:58:25.942 INFO:teuthology.orchestra.run.smithi103.stdout:/usr/bin/ceph: stderr
2024-09-19T05:58:25.143+0000 7f5259635640 1 -- 172.21.15.103:0/3294079506 --> [v2:172.21.15.103:3300/0,v1:172.21.15.103:6789/0] -- mon_command({"prefix": "get_command_descriptions"} v 0) -- 0x7f525410ac70 con 0x7f5254106540
2024-09-19T05:58:25.942 INFO:teuthology.orchestra.run.smithi103.stdout:/usr/bin/ceph: stderr
2024-09-19T05:58:25.143+0000 7f524a7fc640 1 --2- 172.21.15.103:0/3294079506 >> [v2:172.21.15.103:6800/1007431406,v1:172.21.15.103:6801/1007431406] conn(0x7f5240039200 0x7f524003b6c0 secure :-1 s=READY pgs=8 cs=0 l=1 rev1=1 crypto rx=0x7f523c0098c0 tx=0x7f523c006db0 comp rx=0 tx=0).ready entity=mgr.14118 client_cookie=0 server_cookie=0 in_seq=0 out_seq=0
2024-09-19T05:58:25.942 INFO:teuthology.orchestra.run.smithi103.stdout:/usr/bin/ceph: stderr
2024-09-19T05:58:25.148+0000 7f5250ff9640 1 -- 172.21.15.103:0/3294079506 <== mon.0 v2:172.21.15.103:3300/0 6 ==== mon_command_ack([{"prefix": "get_command_descriptions"}]=0 v0) ==== 72+0+188913 (secure 0 0 0) 0x7f5244040210 con 0x7f5254106540
2024-09-19T05:58:25.942 INFO:teuthology.orchestra.run.smithi103.stdout:/usr/bin/ceph: stderr
2024-09-19T05:58:25.318+0000 7f5259635640 1 -- 172.21.15.103:0/3294079506 --> [v2:172.21.15.103:6800/1007431406,v1:172.21.15.103:6801/1007431406] -- mgr_command(tid 0: {"prefix": "cephadm set-user", "user": "root", "target": ["mon-mgr", ""]}) -- 0x7f5254103010 con 0x7f5240039200
2024-09-19T05:58:25.942 INFO:teuthology.orchestra.run.smithi103.stdout:/usr/bin/ceph: stderr
2024-09-19T05:58:25.319+0000 7f5250ff9640 1 -- 172.21.15.103:0/3294079506 <== mgr.14118 v2:172.21.15.103:6800/1007431406 1 ==== mgr_command_reply(tid 0: 0 ) ==== 8+0+16 (secure 0 0 0) 0x7f5254103010 con 0x7f5240039200
2024-09-19T05:58:25.942 INFO:teuthology.orchestra.run.smithi103.stdout:/usr/bin/ceph: stderr
2024-09-19T05:58:25.321+0000 7f5259635640 1 -- 172.21.15.103:0/3294079506 >> [v2:172.21.15.103:6800/1007431406,v1:172.21.15.103:6801/1007431406] conn(0x7f5240039200 msgr2=0x7f524003b6c0 secure :-1 s=STATE_CONNECTION_ESTABLISHED l=1).mark_down
2024-09-19T05:58:25.943 INFO:teuthology.orchestra.run.smithi103.stdout:/usr/bin/ceph: stderr
2024-09-19T05:58:25.321+0000 7f5259635640 1 --2- 172.21.15.103:0/3294079506 >> [v2:172.21.15.103:6800/1007431406,v1:172.21.15.103:6801/1007431406] conn(0x7f5240039200 0x7f524003b6c0 secure :-1 s=READY pgs=8 cs=0 l=1 rev1=1 crypto rx=0x7f523c0098c0 tx=0x7f523c006db0 comp rx=0 tx=0).stop
2024-09-19T05:58:25.943 INFO:teuthology.orchestra.run.smithi103.stdout:/usr/bin/ceph: stderr
2024-09-19T05:58:25.321+0000 7f5259635640 1 -- 172.21.15.103:0/3294079506 >> [v2:172.21.15.103:3300/0,v1:172.21.15.103:6789/0] conn(0x7f5254106540 msgr2=0x7f525407ba30 secure :-1 s=STATE_CONNECTION_ESTABLISHED l=1).mark_down
2024-09-19T05:58:25.943 INFO:teuthology.orchestra.run.smithi103.stdout:/usr/bin/ceph: stderr
2024-09-19T05:58:25.321+0000 7f5259635640 1 --2- 172.21.15.103:0/3294079506 >> [v2:172.21.15.103:3300/0,v1:172.21.15.103:6789/0] conn(0x7f5254106540 0x7f525407ba30 secure :-1 s=READY pgs=38 cs=0 l=1 rev1=1 crypto rx=0x7f52440097f0 tx=0x7f5244030d00 comp rx=0 tx=0).stop
2024-09-19T05:58:25.943 INFO:teuthology.orchestra.run.smithi103.stdout:/usr/bin/ceph: stderr
2024-09-19T05:58:25.321+0000 7f5259635640 1 -- 172.21.15.103:0/3294079506 shutdown_connections
2024-09-19T05:58:25.943 INFO:teuthology.orchestra.run.smithi103.stdout:/usr/bin/ceph: stderr
2024-09-19T05:58:25.321+0000 7f5259635640 1 --2- 172.21.15.103:0/3294079506 >> [v2:172.21.15.103:6800/1007431406,v1:172.21.15.103:6801/1007431406] conn(0x7f5240039200 0x7f524003b6c0 unknown :-1 s=CLOSED pgs=8 cs=0 l=1 rev1=1 crypto rx=0 tx=0 comp rx=0 tx=0).stop
2024-09-19T05:58:25.943 INFO:teuthology.orchestra.run.smithi103.stdout:/usr/bin/ceph: stderr
2024-09-19T05:58:25.321+0000 7f5259635640 1 --2- 172.21.15.103:0/3294079506 >> [v2:172.21.15.103:3300/0,v1:172.21.15.103:6789/0] conn(0x7f5254106540 0x7f525407ba30 unknown :-1 s=CLOSED pgs=38 cs=0 l=1 rev1=1 crypto rx=0 tx=0 comp rx=0 tx=0).stop
2024-09-19T05:58:25.943 INFO:teuthology.orchestra.run.smithi103.stdout:/usr/bin/ceph: stderr
2024-09-19T05:58:25.321+0000 7f5259635640 1 -- 172.21.15.103:0/3294079506 >> 172.21.15.103:0/3294079506 conn(0x7f5254101d90 msgr2=0x7f5254102900 unknown :-1 s=STATE_NONE l=0).mark_down
2024-09-19T05:58:25.943 INFO:teuthology.orchestra.run.smithi103.stdout:/usr/bin/ceph: stderr
2024-09-19T05:58:25.321+0000 7f5259635640 1 -- 172.21.15.103:0/3294079506 shutdown_connections
2024-09-19T05:58:25.943 INFO:teuthology.orchestra.run.smithi103.stdout:/usr/bin/ceph: stderr
2024-09-19T05:58:25.321+0000 7f5259635640 1 -- 172.21.15.103:0/3294079506 wait complete.
2024-09-19T05:58:25.943 INFO:teuthology.orchestra.run.smithi103.stdout:Generating ssh key...
2024-09-19T05:58:26.197 INFO:journalctl@ceph.mon.a.smithi103.stdout:Sep 19 05:58:26 smithi103 ceph-mon[30925]: from='client.14130 -' entity='client.admin' cmd=[{"prefix": "orch set backend", "module_name": "cephadm", "target": ["mon-mgr", ""]}]: dispatch
2024-09-19T05:58:26.912 INFO:journalctl@ceph.mgr.x.smithi103.stdout:Sep 19 05:58:26 smithi103 ceph-f3f6d2a8-764b-11ef-bceb-c7b262605968-mgr-x[31151]: Generating public/private rsa key pair.
2024-09-19T05:58:26.913 INFO:journalctl@ceph.mgr.x.smithi103.stdout:Sep 19 05:58:26 smithi103 ceph-f3f6d2a8-764b-11ef-bceb-c7b262605968-mgr-x[31151]: Your identification has been saved in /tmp/tmp1vukxkvr/key
2024-09-19T05:58:26.913 INFO:journalctl@ceph.mgr.x.smithi103.stdout:Sep 19 05:58:26 smithi103 ceph-f3f6d2a8-764b-11ef-bceb-c7b262605968-mgr-x[31151]: Your public key has been saved in /tmp/tmp1vukxkvr/key.pub
2024-09-19T05:58:26.913 INFO:journalctl@ceph.mgr.x.smithi103.stdout:Sep 19 05:58:26 smithi103 ceph-f3f6d2a8-764b-11ef-bceb-c7b262605968-mgr-x[31151]: The key fingerprint is:
2024-09-19T05:58:26.913 INFO:journalctl@ceph.mgr.x.smithi103.stdout:Sep 19 05:58:26 smithi103 ceph-f3f6d2a8-764b-11ef-bceb-c7b262605968-mgr-x[31151]: SHA256:iia2reFPnfvfVXSz26Hc/T2cYgRAmnwlDv8dqQsCHUk ceph-f3f6d2a8-764b-11ef-bceb-c7b262605968
2024-09-19T05:58:26.913 INFO:journalctl@ceph.mgr.x.smithi103.stdout:Sep 19 05:58:26 smithi103 ceph-f3f6d2a8-764b-11ef-bceb-c7b262605968-mgr-x[31151]: The key's randomart image is:
2024-09-19T05:58:26.913 INFO:journalctl@ceph.mgr.x.smithi103.stdout:Sep 19 05:58:26 smithi103 ceph-f3f6d2a8-764b-11ef-bceb-c7b262605968-mgr-x[31151]: +---[RSA 3072]----+
2024-09-19T05:58:26.913 INFO:journalctl@ceph.mgr.x.smithi103.stdout:Sep 19 05:58:26 smithi103 ceph-f3f6d2a8-764b-11ef-bceb-c7b262605968-mgr-x[31151]: | .Eoo . |
2024-09-19T05:58:26.913 INFO:journalctl@ceph.mgr.x.smithi103.stdout:Sep 19 05:58:26 smithi103 ceph-f3f6d2a8-764b-11ef-bceb-c7b262605968-mgr-x[31151]: | o.B.o . |
2024-09-19T05:58:26.913 INFO:journalctl@ceph.mgr.x.smithi103.stdout:Sep 19 05:58:26 smithi103 ceph-f3f6d2a8-764b-11ef-bceb-c7b262605968-mgr-x[31151]: | . = +. o .o|
2024-09-19T05:58:26.913 INFO:journalctl@ceph.mgr.x.smithi103.stdout:Sep 19 05:58:26 smithi103 ceph-f3f6d2a8-764b-11ef-bceb-c7b262605968-mgr-x[31151]: | . . ..o ..+|
2024-09-19T05:58:26.913 INFO:journalctl@ceph.mgr.x.smithi103.stdout:Sep 19 05:58:26 smithi103 ceph-f3f6d2a8-764b-11ef-bceb-c7b262605968-mgr-x[31151]: | .S. o.. o.|
2024-09-19T05:58:26.914 INFO:journalctl@ceph.mgr.x.smithi103.stdout:Sep 19 05:58:26 smithi103 ceph-f3f6d2a8-764b-11ef-bceb-c7b262605968-mgr-x[31151]: | o o. . o.o.=|
2024-09-19T05:58:26.914 INFO:journalctl@ceph.mgr.x.smithi103.stdout:Sep 19 05:58:26 smithi103 ceph-f3f6d2a8-764b-11ef-bceb-c7b262605968-mgr-x[31151]: | + + + ..ooo+|
2024-09-19T05:58:26.914 INFO:journalctl@ceph.mgr.x.smithi103.stdout:Sep 19 05:58:26 smithi103 ceph-f3f6d2a8-764b-11ef-bceb-c7b262605968-mgr-x[31151]: | o B . . + +o|
2024-09-19T05:58:26.914 INFO:journalctl@ceph.mgr.x.smithi103.stdout:Sep 19 05:58:26 smithi103 ceph-f3f6d2a8-764b-11ef-bceb-c7b262605968-mgr-x[31151]: | +oo ..... o . +|
2024-09-19T05:58:26.914 INFO:journalctl@ceph.mgr.x.smithi103.stdout:Sep 19 05:58:26 smithi103 ceph-f3f6d2a8-764b-11ef-bceb-c7b262605968-mgr-x[31151]: +----[SHA256]-----+
2024-09-19T05:58:27.197 INFO:journalctl@ceph.mon.a.smithi103.stdout:Sep 19 05:58:27 smithi103 ceph-mon[30925]: from='client.14132 -' entity='client.admin' cmd=[{"prefix": "cephadm set-user", "user": "root", "target": ["mon-mgr", ""]}]: dispatch
2024-09-19T05:58:27.197 INFO:journalctl@ceph.mon.a.smithi103.stdout:Sep 19 05:58:27 smithi103 ceph-mon[30925]: from='mgr.14118 172.21.15.103:0/2948400791' entity='mgr.x'
2024-09-19T05:58:27.197 INFO:journalctl@ceph.mon.a.smithi103.stdout:Sep 19 05:58:27 smithi103 ceph-mon[30925]: from='mgr.14118 172.21.15.103:0/2948400791' entity='mgr.x'
2024-09-19T05:58:27.204 INFO:teuthology.orchestra.run.smithi103.stdout:/usr/bin/ceph: stderr
2024-09-19T05:58:26.388+0000 7f7840bbb640 1 Processor -- start
2024-09-19T05:58:27.204 INFO:teuthology.orchestra.run.smithi103.stdout:/usr/bin/ceph: stderr
2024-09-19T05:58:26.388+0000 7f7840bbb640 1 -- start start
2024-09-19T05:58:27.204 INFO:teuthology.orchestra.run.smithi103.stdout:/usr/bin/ceph: stderr
2024-09-19T05:58:26.388+0000 7f7840bbb640 1 --2- >> [v2:172.21.15.103:3300/0,v1:172.21.15.103:6789/0] conn(0x7f783c1076e0 0x7f783c107ae0 unknown :-1 s=NONE pgs=0 cs=0 l=0 rev1=0 crypto rx=0 tx=0 comp rx=0 tx=0).connect
2024-09-19T05:58:27.204 INFO:teuthology.orchestra.run.smithi103.stdout:/usr/bin/ceph: stderr
2024-09-19T05:58:26.388+0000 7f7840bbb640 1 -- --> [v2:172.21.15.103:3300/0,v1:172.21.15.103:6789/0] -- mon_getmap magic: 0 -- 0x7f783c1080b0 con 0x7f783c1076e0
2024-09-19T05:58:27.205 INFO:teuthology.orchestra.run.smithi103.stdout:/usr/bin/ceph: stderr
2024-09-19T05:58:26.388+0000 7f783a59c640 1 --2- >> [v2:172.21.15.103:3300/0,v1:172.21.15.103:6789/0] conn(0x7f783c1076e0 0x7f783c107ae0 unknown :-1 s=BANNER_CONNECTING pgs=0 cs=0 l=0 rev1=0 crypto rx=0 tx=0 comp rx=0 tx=0)._handle_peer_banner_payload supported=3 required=0
2024-09-19T05:58:27.205 INFO:teuthology.orchestra.run.smithi103.stdout:/usr/bin/ceph: stderr
2024-09-19T05:58:26.388+0000 7f783a59c640 1 --2- >> [v2:172.21.15.103:3300/0,v1:172.21.15.103:6789/0] conn(0x7f783c1076e0 0x7f783c107ae0 unknown :-1 s=HELLO_CONNECTING pgs=0 cs=0 l=0 rev1=1 crypto rx=0 tx=0 comp rx=0 tx=0).handle_hello peer v2:172.21.15.103:3300/0 says I am v2:172.21.15.103:37686/0 (socket says 172.21.15.103:37686)
2024-09-19T05:58:27.205 INFO:teuthology.orchestra.run.smithi103.stdout:/usr/bin/ceph: stderr
2024-09-19T05:58:26.388+0000 7f783a59c640 1 -- 172.21.15.103:0/2800149962 learned_addr learned my addr 172.21.15.103:0/2800149962 (peer_addr_for_me v2:172.21.15.103:0/0)
2024-09-19T05:58:27.205 INFO:teuthology.orchestra.run.smithi103.stdout:/usr/bin/ceph: stderr
2024-09-19T05:58:26.388+0000 7f783a59c640 1 -- 172.21.15.103:0/2800149962 --> [v2:172.21.15.103:3300/0,v1:172.21.15.103:6789/0] -- mon_subscribe({config=0+,monmap=0+}) -- 0x7f783c108840 con 0x7f783c1076e0
2024-09-19T05:58:27.205 INFO:teuthology.orchestra.run.smithi103.stdout:/usr/bin/ceph: stderr
2024-09-19T05:58:26.389+0000 7f783a59c640 1 --2- 172.21.15.103:0/2800149962 >> [v2:172.21.15.103:3300/0,v1:172.21.15.103:6789/0] conn(0x7f783c1076e0 0x7f783c107ae0 secure :-1 s=READY pgs=39 cs=0 l=1 rev1=1 crypto rx=0x7f782c009820 tx=0x7f782c02a270 comp rx=0 tx=0).ready entity=mon.0 client_cookie=5c209d3ad1e40927 server_cookie=0 in_seq=0 out_seq=0
2024-09-19T05:58:27.205 INFO:teuthology.orchestra.run.smithi103.stdout:/usr/bin/ceph: stderr
2024-09-19T05:58:26.389+0000 7f7839d9b640 1 -- 172.21.15.103:0/2800149962 <== mon.0 v2:172.21.15.103:3300/0 1 ==== mon_map magic: 0 ==== 205+0+0 (secure 0 0 0) 0x7f782c037070 con 0x7f783c1076e0
2024-09-19T05:58:27.205 INFO:teuthology.orchestra.run.smithi103.stdout:/usr/bin/ceph: stderr
2024-09-19T05:58:26.389+0000 7f7839d9b640 1 -- 172.21.15.103:0/2800149962 <== mon.0 v2:172.21.15.103:3300/0 2 ==== config(26 keys) ==== 1071+0+0 (secure 0 0 0) 0x7f782c0328d0 con 0x7f783c1076e0
2024-09-19T05:58:27.205 INFO:teuthology.orchestra.run.smithi103.stdout:/usr/bin/ceph: stderr
2024-09-19T05:58:26.389+0000 7f7839d9b640 1 -- 172.21.15.103:0/2800149962 <== mon.0 v2:172.21.15.103:3300/0 3 ==== mon_map magic: 0 ==== 205+0+0 (secure 0 0 0) 0x7f782c0307d0 con 0x7f783c1076e0
2024-09-19T05:58:27.205 INFO:teuthology.orchestra.run.smithi103.stdout:/usr/bin/ceph: stderr
2024-09-19T05:58:26.390+0000 7f7840bbb640 1 -- 172.21.15.103:0/2800149962 >> [v2:172.21.15.103:3300/0,v1:172.21.15.103:6789/0] conn(0x7f783c1076e0 msgr2=0x7f783c107ae0 secure :-1 s=STATE_CONNECTION_ESTABLISHED l=1).mark_down
2024-09-19T05:58:27.205 INFO:teuthology.orchestra.run.smithi103.stdout:/usr/bin/ceph: stderr
2024-09-19T05:58:26.390+0000 7f7840bbb640 1 --2- 172.21.15.103:0/2800149962 >> [v2:172.21.15.103:3300/0,v1:172.21.15.103:6789/0] conn(0x7f783c1076e0 0x7f783c107ae0 secure :-1 s=READY pgs=39 cs=0 l=1 rev1=1 crypto rx=0x7f782c009820 tx=0x7f782c02a270 comp rx=0 tx=0).stop
2024-09-19T05:58:27.205 INFO:teuthology.orchestra.run.smithi103.stdout:/usr/bin/ceph: stderr
2024-09-19T05:58:26.390+0000 7f7840bbb640 1 -- 172.21.15.103:0/2800149962 shutdown_connections
2024-09-19T05:58:27.205 INFO:teuthology.orchestra.run.smithi103.stdout:/usr/bin/ceph: stderr
2024-09-19T05:58:26.390+0000 7f7840bbb640 1 --2- 172.21.15.103:0/2800149962 >> [v2:172.21.15.103:3300/0,v1:172.21.15.103:6789/0] conn(0x7f783c1076e0 0x7f783c107ae0 unknown :-1 s=CLOSED pgs=39 cs=0 l=1 rev1=1 crypto rx=0 tx=0 comp rx=0 tx=0).stop
2024-09-19T05:58:27.206 INFO:teuthology.orchestra.run.smithi103.stdout:/usr/bin/ceph: stderr
2024-09-19T05:58:26.390+0000 7f7840bbb640 1 -- 172.21.15.103:0/2800149962 >> 172.21.15.103:0/2800149962 conn(0x7f783c102ed0 msgr2=0x7f783c1052f0 unknown :-1 s=STATE_NONE l=0).mark_down
2024-09-19T05:58:27.206 INFO:teuthology.orchestra.run.smithi103.stdout:/usr/bin/ceph: stderr
2024-09-19T05:58:26.390+0000 7f7840bbb640 1 -- 172.21.15.103:0/2800149962 shutdown_connections
2024-09-19T05:58:27.206 INFO:teuthology.orchestra.run.smithi103.stdout:/usr/bin/ceph: stderr
2024-09-19T05:58:26.390+0000 7f7840bbb640 1 -- 172.21.15.103:0/2800149962 wait complete.
2024-09-19T05:58:27.206 INFO:teuthology.orchestra.run.smithi103.stdout:/usr/bin/ceph: stderr
2024-09-19T05:58:26.391+0000 7f7840bbb640 1 Processor -- start
2024-09-19T05:58:27.206 INFO:teuthology.orchestra.run.smithi103.stdout:/usr/bin/ceph: stderr
2024-09-19T05:58:26.391+0000 7f7840bbb640 1 -- start start
2024-09-19T05:58:27.206 INFO:teuthology.orchestra.run.smithi103.stdout:/usr/bin/ceph: stderr
2024-09-19T05:58:26.391+0000 7f7840bbb640 1 --2- >> [v2:172.21.15.103:3300/0,v1:172.21.15.103:6789/0] conn(0x7f783c1076e0 0x7f783c19b610 unknown :-1 s=NONE pgs=0 cs=0 l=1 rev1=0 crypto rx=0 tx=0 comp rx=0 tx=0).connect
2024-09-19T05:58:27.206 INFO:teuthology.orchestra.run.smithi103.stdout:/usr/bin/ceph: stderr
2024-09-19T05:58:26.391+0000 7f7840bbb640 1 -- --> [v2:172.21.15.103:3300/0,v1:172.21.15.103:6789/0] -- mon_getmap magic: 0 -- 0x7f783c10bbf0 con 0x7f783c1076e0
2024-09-19T05:58:27.206 INFO:teuthology.orchestra.run.smithi103.stdout:/usr/bin/ceph: stderr
2024-09-19T05:58:26.391+0000 7f783a59c640 1 --2- >> [v2:172.21.15.103:3300/0,v1:172.21.15.103:6789/0] conn(0x7f783c1076e0 0x7f783c19b610 unknown :-1 s=BANNER_CONNECTING pgs=0 cs=0 l=1 rev1=0 crypto rx=0 tx=0 comp rx=0 tx=0)._handle_peer_banner_payload supported=3 required=0
2024-09-19T05:58:27.207 INFO:teuthology.orchestra.run.smithi103.stdout:/usr/bin/ceph: stderr
2024-09-19T05:58:26.391+0000 7f783a59c640 1 --2- >> [v2:172.21.15.103:3300/0,v1:172.21.15.103:6789/0] conn(0x7f783c1076e0 0x7f783c19b610 unknown :-1 s=HELLO_CONNECTING pgs=0 cs=0 l=1 rev1=1 crypto rx=0 tx=0 comp rx=0 tx=0).handle_hello peer v2:172.21.15.103:3300/0 says I am v2:172.21.15.103:37702/0 (socket says 172.21.15.103:37702)
2024-09-19T05:58:27.207 INFO:teuthology.orchestra.run.smithi103.stdout:/usr/bin/ceph: stderr
2024-09-19T05:58:26.391+0000 7f783a59c640 1 -- 172.21.15.103:0/1927023450 learned_addr learned my addr 172.21.15.103:0/1927023450 (peer_addr_for_me v2:172.21.15.103:0/0)
2024-09-19T05:58:27.207 INFO:teuthology.orchestra.run.smithi103.stdout:/usr/bin/ceph: stderr
2024-09-19T05:58:26.391+0000 7f783a59c640 1 -- 172.21.15.103:0/1927023450 --> [v2:172.21.15.103:3300/0,v1:172.21.15.103:6789/0] -- mon_subscribe({config=0+,monmap=0+}) -- 0x7f783c19bb50 con 0x7f783c1076e0
2024-09-19T05:58:27.207 INFO:teuthology.orchestra.run.smithi103.stdout:/usr/bin/ceph: stderr
2024-09-19T05:58:26.392+0000 7f783a59c640 1 --2- 172.21.15.103:0/1927023450 >> [v2:172.21.15.103:3300/0,v1:172.21.15.103:6789/0] conn(0x7f783c1076e0 0x7f783c19b610 secure :-1 s=READY pgs=40 cs=0 l=1 rev1=1 crypto rx=0x7f782c0097f0 tx=0x7f782c030d00 comp rx=0 tx=0).ready entity=mon.0 client_cookie=0 server_cookie=0 in_seq=0 out_seq=0
2024-09-19T05:58:27.207 INFO:teuthology.orchestra.run.smithi103.stdout:/usr/bin/ceph: stderr
2024-09-19T05:58:26.392+0000 7f78337fe640 1 -- 172.21.15.103:0/1927023450 <== mon.0 v2:172.21.15.103:3300/0 1 ==== mon_map magic: 0 ==== 205+0+0 (secure 0 0 0) 0x7f782c037040 con 0x7f783c1076e0
2024-09-19T05:58:27.207 INFO:teuthology.orchestra.run.smithi103.stdout:/usr/bin/ceph: stderr
2024-09-19T05:58:26.392+0000 7f78337fe640 1 -- 172.21.15.103:0/1927023450 <== mon.0 v2:172.21.15.103:3300/0 2 ==== config(26 keys) ==== 1071+0+0 (secure 0 0 0) 0x7f782c032bb0 con 0x7f783c1076e0
2024-09-19T05:58:27.207 INFO:teuthology.orchestra.run.smithi103.stdout:/usr/bin/ceph: stderr
2024-09-19T05:58:26.392+0000 7f7840bbb640 1 -- 172.21.15.103:0/1927023450 --> [v2:172.21.15.103:3300/0,v1:172.21.15.103:6789/0] -- mon_subscribe({mgrmap=0+}) -- 0x7f783c19bde0 con 0x7f783c1076e0
2024-09-19T05:58:27.207 INFO:teuthology.orchestra.run.smithi103.stdout:/usr/bin/ceph: stderr
2024-09-19T05:58:26.392+0000 7f78337fe640 1 -- 172.21.15.103:0/1927023450 <== mon.0 v2:172.21.15.103:3300/0 3 ==== mon_map magic: 0 ==== 205+0+0 (secure 0 0 0) 0x7f782c03a390 con 0x7f783c1076e0
2024-09-19T05:58:27.207 INFO:teuthology.orchestra.run.smithi103.stdout:/usr/bin/ceph: stderr
2024-09-19T05:58:26.392+0000 7f7840bbb640 1 -- 172.21.15.103:0/1927023450 --> [v2:172.21.15.103:3300/0,v1:172.21.15.103:6789/0] -- mon_subscribe({osdmap=0}) -- 0x7f783c19ead0 con 0x7f783c1076e0
2024-09-19T05:58:27.207 INFO:teuthology.orchestra.run.smithi103.stdout:/usr/bin/ceph: stderr
2024-09-19T05:58:26.393+0000 7f78337fe640 1 -- 172.21.15.103:0/1927023450 <== mon.0 v2:172.21.15.103:3300/0 4 ==== mgrmap(e 8) ==== 46461+0+0 (secure 0 0 0) 0x7f782c03a5d0 con 0x7f783c1076e0
2024-09-19T05:58:27.207 INFO:teuthology.orchestra.run.smithi103.stdout:/usr/bin/ceph: stderr
2024-09-19T05:58:26.393+0000 7f78337fe640 1 --2- 172.21.15.103:0/1927023450 >> [v2:172.21.15.103:6800/1007431406,v1:172.21.15.103:6801/1007431406] conn(0x7f78280391b0 0x7f782803b670 unknown :-1 s=NONE pgs=0 cs=0 l=1 rev1=0 crypto rx=0 tx=0 comp rx=0 tx=0).connect
2024-09-19T05:58:27.207 INFO:teuthology.orchestra.run.smithi103.stdout:/usr/bin/ceph: stderr
2024-09-19T05:58:26.393+0000 7f78337fe640 1 -- 172.21.15.103:0/1927023450 <== mon.0 v2:172.21.15.103:3300/0 5 ==== osd_map(2..2 src has 1..2) ==== 940+0+0 (secure 0 0 0) 0x7f782c06c800 con 0x7f783c1076e0
2024-09-19T05:58:27.208 INFO:teuthology.orchestra.run.smithi103.stdout:/usr/bin/ceph: stderr
2024-09-19T05:58:26.393+0000 7f7840bbb640 1 -- 172.21.15.103:0/1927023450 --> [v2:172.21.15.103:3300/0,v1:172.21.15.103:6789/0] -- mon_command({"prefix": "get_command_descriptions"} v 0) -- 0x7f783c10bd70 con 0x7f783c1076e0
2024-09-19T05:58:27.208 INFO:teuthology.orchestra.run.smithi103.stdout:/usr/bin/ceph: stderr
2024-09-19T05:58:26.393+0000 7f7833fff640 1 --2- 172.21.15.103:0/1927023450 >> [v2:172.21.15.103:6800/1007431406,v1:172.21.15.103:6801/1007431406] conn(0x7f78280391b0 0x7f782803b670 unknown :-1 s=BANNER_CONNECTING pgs=0 cs=0 l=1 rev1=0 crypto rx=0 tx=0 comp rx=0 tx=0)._handle_peer_banner_payload supported=3 required=0
2024-09-19T05:58:27.208 INFO:teuthology.orchestra.run.smithi103.stdout:/usr/bin/ceph: stderr
2024-09-19T05:58:26.393+0000 7f7833fff640 1 --2- 172.21.15.103:0/1927023450 >> [v2:172.21.15.103:6800/1007431406,v1:172.21.15.103:6801/1007431406] conn(0x7f78280391b0 0x7f782803b670 secure :-1 s=READY pgs=9 cs=0 l=1 rev1=1 crypto rx=0x7f78240098c0 tx=0x7f7824006db0 comp rx=0 tx=0).ready entity=mgr.14118 client_cookie=0 server_cookie=0 in_seq=0 out_seq=0
2024-09-19T05:58:27.208 INFO:teuthology.orchestra.run.smithi103.stdout:/usr/bin/ceph: stderr
2024-09-19T05:58:26.398+0000 7f78337fe640 1 -- 172.21.15.103:0/1927023450 <== mon.0 v2:172.21.15.103:3300/0 6 ==== mon_command_ack([{"prefix": "get_command_descriptions"}]=0 v0) ==== 72+0+188913 (secure 0 0 0) 0x7f782c032d60 con 0x7f783c1076e0
2024-09-19T05:58:27.208 INFO:teuthology.orchestra.run.smithi103.stdout:/usr/bin/ceph: stderr
2024-09-19T05:58:26.569+0000 7f7840bbb640 1 -- 172.21.15.103:0/1927023450 --> [v2:172.21.15.103:6800/1007431406,v1:172.21.15.103:6801/1007431406] -- mgr_command(tid 0: {"prefix": "cephadm generate-key", "target": ["mon-mgr", ""]}) -- 0x7f783c104130 con 0x7f78280391b0
2024-09-19T05:58:27.208 INFO:teuthology.orchestra.run.smithi103.stdout:/usr/bin/ceph: stderr
