2024-09-19T05:58:26.635+0000 7f78337fe640 1 -- 172.21.15.103:0/1927023450 <== mgr.14118 v2:172.21.15.103:6800/1007431406 1 ==== mgr_command_reply(tid 0: 0 ) ==== 8+0+0 (secure 0 0 0) 0x7f783c104130 con 0x7f78280391b0
2024-09-19T05:58:27.208 INFO:teuthology.orchestra.run.smithi103.stdout:/usr/bin/ceph: stderr
2024-09-19T05:58:26.638+0000 7f7840bbb640 1 -- 172.21.15.103:0/1927023450 >> [v2:172.21.15.103:6800/1007431406,v1:172.21.15.103:6801/1007431406] conn(0x7f78280391b0 msgr2=0x7f782803b670 secure :-1 s=STATE_CONNECTION_ESTABLISHED l=1).mark_down
2024-09-19T05:58:27.208 INFO:teuthology.orchestra.run.smithi103.stdout:/usr/bin/ceph: stderr
2024-09-19T05:58:26.638+0000 7f7840bbb640 1 --2- 172.21.15.103:0/1927023450 >> [v2:172.21.15.103:6800/1007431406,v1:172.21.15.103:6801/1007431406] conn(0x7f78280391b0 0x7f782803b670 secure :-1 s=READY pgs=9 cs=0 l=1 rev1=1 crypto rx=0x7f78240098c0 tx=0x7f7824006db0 comp rx=0 tx=0).stop
2024-09-19T05:58:27.208 INFO:teuthology.orchestra.run.smithi103.stdout:/usr/bin/ceph: stderr
2024-09-19T05:58:26.638+0000 7f7840bbb640 1 -- 172.21.15.103:0/1927023450 >> [v2:172.21.15.103:3300/0,v1:172.21.15.103:6789/0] conn(0x7f783c1076e0 msgr2=0x7f783c19b610 secure :-1 s=STATE_CONNECTION_ESTABLISHED l=1).mark_down
2024-09-19T05:58:27.208 INFO:teuthology.orchestra.run.smithi103.stdout:/usr/bin/ceph: stderr
2024-09-19T05:58:26.638+0000 7f7840bbb640 1 --2- 172.21.15.103:0/1927023450 >> [v2:172.21.15.103:3300/0,v1:172.21.15.103:6789/0] conn(0x7f783c1076e0 0x7f783c19b610 secure :-1 s=READY pgs=40 cs=0 l=1 rev1=1 crypto rx=0x7f782c0097f0 tx=0x7f782c030d00 comp rx=0 tx=0).stop
2024-09-19T05:58:27.208 INFO:teuthology.orchestra.run.smithi103.stdout:/usr/bin/ceph: stderr
2024-09-19T05:58:26.638+0000 7f7840bbb640 1 -- 172.21.15.103:0/1927023450 shutdown_connections
2024-09-19T05:58:27.208 INFO:teuthology.orchestra.run.smithi103.stdout:/usr/bin/ceph: stderr
2024-09-19T05:58:26.638+0000 7f7840bbb640 1 --2- 172.21.15.103:0/1927023450 >> [v2:172.21.15.103:6800/1007431406,v1:172.21.15.103:6801/1007431406] conn(0x7f78280391b0 0x7f782803b670 unknown :-1 s=CLOSED pgs=9 cs=0 l=1 rev1=1 crypto rx=0 tx=0 comp rx=0 tx=0).stop
2024-09-19T05:58:27.208 INFO:teuthology.orchestra.run.smithi103.stdout:/usr/bin/ceph: stderr
2024-09-19T05:58:26.638+0000 7f7840bbb640 1 --2- 172.21.15.103:0/1927023450 >> [v2:172.21.15.103:3300/0,v1:172.21.15.103:6789/0] conn(0x7f783c1076e0 0x7f783c19b610 unknown :-1 s=CLOSED pgs=40 cs=0 l=1 rev1=1 crypto rx=0 tx=0 comp rx=0 tx=0).stop
2024-09-19T05:58:27.209 INFO:teuthology.orchestra.run.smithi103.stdout:/usr/bin/ceph: stderr
2024-09-19T05:58:26.638+0000 7f7840bbb640 1 -- 172.21.15.103:0/1927023450 >> 172.21.15.103:0/1927023450 conn(0x7f783c102ed0 msgr2=0x7f783c103a20 unknown :-1 s=STATE_NONE l=0).mark_down
2024-09-19T05:58:27.209 INFO:teuthology.orchestra.run.smithi103.stdout:/usr/bin/ceph: stderr
2024-09-19T05:58:26.638+0000 7f7840bbb640 1 -- 172.21.15.103:0/1927023450 shutdown_connections
2024-09-19T05:58:27.209 INFO:teuthology.orchestra.run.smithi103.stdout:/usr/bin/ceph: stderr
2024-09-19T05:58:26.638+0000 7f7840bbb640 1 -- 172.21.15.103:0/1927023450 wait complete.
2024-09-19T05:58:28.244 INFO:journalctl@ceph.mon.a.smithi103.stdout:Sep 19 05:58:28 smithi103 ceph-mon[30925]: from='client.14134 -' entity='client.admin' cmd=[{"prefix": "cephadm generate-key", "target": ["mon-mgr", ""]}]: dispatch
2024-09-19T05:58:28.244 INFO:journalctl@ceph.mon.a.smithi103.stdout:Sep 19 05:58:28 smithi103 ceph-mon[30925]: Generating ssh key...
2024-09-19T05:58:28.370 INFO:teuthology.orchestra.run.smithi103.stdout:/usr/bin/ceph: stdout ssh-rsa AAAAB3NzaC1yc2EAAAADAQABAAABgQC71t1nvdfWwswDYSGNEqBSbrIZ9gLvBhfKzjtrWayEG2zVHR6UOEGcNvs3uparSvei3olDIR+dIdsZG2/jrOWQpdFjM9/zr6zhkXiXqFofpjmuU+L98f/YayFuynB5ZzQmG3ADtMmoqZVSp8YZ2FpoTA86rYCW2DwNWT2EQSuLNozhnIPcWAnT+wUBsUEre7mrmcmL12aPdW2dyMwNphU+dJLxqkj5y+2ZCDKqWl+OxXcv+FP09JSNguIn8xLF/j3JMCrlaSKtCyxHr/DqSyf2RXM5MEgTIk7GfgvDKN4QJAoF1KH0c/+Oif5rKapK6wAwOds2/APNdG7+CM3QZG+LeGRH9bHghv/8DRET+YU34omfygzOxoHmzE1sdM67jOxwNIPI766VOCiuUL2/ceh8upt4bOs67kvvt8bZvCdGyRYBnJeD2RM2zxPtqfM343OLUeTXEK9vZJR0Tu8YiAiW7KaDCeieqgfgaWRKXzNfVWbgaGeP9hOhWVbVuudzkh8= ceph-f3f6d2a8-764b-11ef-bceb-c7b262605968
2024-09-19T05:58:28.370 INFO:teuthology.orchestra.run.smithi103.stdout:/usr/bin/ceph: stderr
2024-09-19T05:58:27.607+0000 7f6db4aba640 1 Processor -- start
2024-09-19T05:58:28.370 INFO:teuthology.orchestra.run.smithi103.stdout:/usr/bin/ceph: stderr
2024-09-19T05:58:27.607+0000 7f6db4aba640 1 -- start start
2024-09-19T05:58:28.370 INFO:teuthology.orchestra.run.smithi103.stdout:/usr/bin/ceph: stderr
2024-09-19T05:58:27.607+0000 7f6db4aba640 1 --2- >> [v2:172.21.15.103:3300/0,v1:172.21.15.103:6789/0] conn(0x7f6db01076e0 0x7f6db0107ae0 unknown :-1 s=NONE pgs=0 cs=0 l=0 rev1=0 crypto rx=0 tx=0 comp rx=0 tx=0).connect
2024-09-19T05:58:28.370 INFO:teuthology.orchestra.run.smithi103.stdout:/usr/bin/ceph: stderr
2024-09-19T05:58:27.607+0000 7f6db4aba640 1 -- --> [v2:172.21.15.103:3300/0,v1:172.21.15.103:6789/0] -- mon_getmap magic: 0 -- 0x7f6db01080b0 con 0x7f6db01076e0
2024-09-19T05:58:28.370 INFO:teuthology.orchestra.run.smithi103.stdout:/usr/bin/ceph: stderr
2024-09-19T05:58:27.608+0000 7f6dae59c640 1 --2- >> [v2:172.21.15.103:3300/0,v1:172.21.15.103:6789/0] conn(0x7f6db01076e0 0x7f6db0107ae0 unknown :-1 s=BANNER_CONNECTING pgs=0 cs=0 l=0 rev1=0 crypto rx=0 tx=0 comp rx=0 tx=0)._handle_peer_banner_payload supported=3 required=0
2024-09-19T05:58:28.370 INFO:teuthology.orchestra.run.smithi103.stdout:/usr/bin/ceph: stderr
2024-09-19T05:58:27.608+0000 7f6dae59c640 1 --2- >> [v2:172.21.15.103:3300/0,v1:172.21.15.103:6789/0] conn(0x7f6db01076e0 0x7f6db0107ae0 unknown :-1 s=HELLO_CONNECTING pgs=0 cs=0 l=0 rev1=1 crypto rx=0 tx=0 comp rx=0 tx=0).handle_hello peer v2:172.21.15.103:3300/0 says I am v2:172.21.15.103:37706/0 (socket says 172.21.15.103:37706)
2024-09-19T05:58:28.370 INFO:teuthology.orchestra.run.smithi103.stdout:/usr/bin/ceph: stderr
2024-09-19T05:58:27.608+0000 7f6dae59c640 1 -- 172.21.15.103:0/1116418896 learned_addr learned my addr 172.21.15.103:0/1116418896 (peer_addr_for_me v2:172.21.15.103:0/0)
2024-09-19T05:58:28.370 INFO:teuthology.orchestra.run.smithi103.stdout:/usr/bin/ceph: stderr
2024-09-19T05:58:27.608+0000 7f6dae59c640 1 -- 172.21.15.103:0/1116418896 --> [v2:172.21.15.103:3300/0,v1:172.21.15.103:6789/0] -- mon_subscribe({config=0+,monmap=0+}) -- 0x7f6db0108840 con 0x7f6db01076e0
2024-09-19T05:58:28.370 INFO:teuthology.orchestra.run.smithi103.stdout:/usr/bin/ceph: stderr
2024-09-19T05:58:27.609+0000 7f6dae59c640 1 --2- 172.21.15.103:0/1116418896 >> [v2:172.21.15.103:3300/0,v1:172.21.15.103:6789/0] conn(0x7f6db01076e0 0x7f6db0107ae0 secure :-1 s=READY pgs=41 cs=0 l=1 rev1=1 crypto rx=0x7f6da0009820 tx=0x7f6da002a270 comp rx=0 tx=0).ready entity=mon.0 client_cookie=81ae23f998c1632f server_cookie=0 in_seq=0 out_seq=0
2024-09-19T05:58:28.371 INFO:teuthology.orchestra.run.smithi103.stdout:/usr/bin/ceph: stderr
2024-09-19T05:58:27.609+0000 7f6dadd9b640 1 -- 172.21.15.103:0/1116418896 <== mon.0 v2:172.21.15.103:3300/0 1 ==== mon_map magic: 0 ==== 205+0+0 (secure 0 0 0) 0x7f6da0037070 con 0x7f6db01076e0
2024-09-19T05:58:28.371 INFO:teuthology.orchestra.run.smithi103.stdout:/usr/bin/ceph: stderr
2024-09-19T05:58:27.609+0000 7f6dadd9b640 1 -- 172.21.15.103:0/1116418896 <== mon.0 v2:172.21.15.103:3300/0 2 ==== config(26 keys) ==== 1071+0+0 (secure 0 0 0) 0x7f6da00328d0 con 0x7f6db01076e0
2024-09-19T05:58:28.371 INFO:teuthology.orchestra.run.smithi103.stdout:/usr/bin/ceph: stderr
2024-09-19T05:58:27.609+0000 7f6dadd9b640 1 -- 172.21.15.103:0/1116418896 <== mon.0 v2:172.21.15.103:3300/0 3 ==== mon_map magic: 0 ==== 205+0+0 (secure 0 0 0) 0x7f6da00307d0 con 0x7f6db01076e0
2024-09-19T05:58:28.371 INFO:teuthology.orchestra.run.smithi103.stdout:/usr/bin/ceph: stderr
2024-09-19T05:58:27.609+0000 7f6db4aba640 1 -- 172.21.15.103:0/1116418896 >> [v2:172.21.15.103:3300/0,v1:172.21.15.103:6789/0] conn(0x7f6db01076e0 msgr2=0x7f6db0107ae0 secure :-1 s=STATE_CONNECTION_ESTABLISHED l=1).mark_down
2024-09-19T05:58:28.371 INFO:teuthology.orchestra.run.smithi103.stdout:/usr/bin/ceph: stderr
2024-09-19T05:58:27.609+0000 7f6db4aba640 1 --2- 172.21.15.103:0/1116418896 >> [v2:172.21.15.103:3300/0,v1:172.21.15.103:6789/0] conn(0x7f6db01076e0 0x7f6db0107ae0 secure :-1 s=READY pgs=41 cs=0 l=1 rev1=1 crypto rx=0x7f6da0009820 tx=0x7f6da002a270 comp rx=0 tx=0).stop
2024-09-19T05:58:28.371 INFO:teuthology.orchestra.run.smithi103.stdout:/usr/bin/ceph: stderr
2024-09-19T05:58:27.609+0000 7f6db4aba640 1 -- 172.21.15.103:0/1116418896 shutdown_connections
2024-09-19T05:58:28.371 INFO:teuthology.orchestra.run.smithi103.stdout:/usr/bin/ceph: stderr
2024-09-19T05:58:27.609+0000 7f6db4aba640 1 --2- 172.21.15.103:0/1116418896 >> [v2:172.21.15.103:3300/0,v1:172.21.15.103:6789/0] conn(0x7f6db01076e0 0x7f6db0107ae0 unknown :-1 s=CLOSED pgs=41 cs=0 l=1 rev1=1 crypto rx=0 tx=0 comp rx=0 tx=0).stop
2024-09-19T05:58:28.371 INFO:teuthology.orchestra.run.smithi103.stdout:/usr/bin/ceph: stderr
2024-09-19T05:58:27.609+0000 7f6db4aba640 1 -- 172.21.15.103:0/1116418896 >> 172.21.15.103:0/1116418896 conn(0x7f6db0102ed0 msgr2=0x7f6db01052f0 unknown :-1 s=STATE_NONE l=0).mark_down
2024-09-19T05:58:28.371 INFO:teuthology.orchestra.run.smithi103.stdout:/usr/bin/ceph: stderr
2024-09-19T05:58:27.609+0000 7f6db4aba640 1 -- 172.21.15.103:0/1116418896 shutdown_connections
2024-09-19T05:58:28.371 INFO:teuthology.orchestra.run.smithi103.stdout:/usr/bin/ceph: stderr
2024-09-19T05:58:27.609+0000 7f6db4aba640 1 -- 172.21.15.103:0/1116418896 wait complete.
2024-09-19T05:58:28.371 INFO:teuthology.orchestra.run.smithi103.stdout:/usr/bin/ceph: stderr
2024-09-19T05:58:27.610+0000 7f6db4aba640 1 Processor -- start
2024-09-19T05:58:28.371 INFO:teuthology.orchestra.run.smithi103.stdout:/usr/bin/ceph: stderr
2024-09-19T05:58:27.610+0000 7f6db4aba640 1 -- start start
2024-09-19T05:58:28.371 INFO:teuthology.orchestra.run.smithi103.stdout:/usr/bin/ceph: stderr
2024-09-19T05:58:27.610+0000 7f6db4aba640 1 --2- >> [v2:172.21.15.103:3300/0,v1:172.21.15.103:6789/0] conn(0x7f6db01076e0 0x7f6db007db50 unknown :-1 s=NONE pgs=0 cs=0 l=1 rev1=0 crypto rx=0 tx=0 comp rx=0 tx=0).connect
2024-09-19T05:58:28.372 INFO:teuthology.orchestra.run.smithi103.stdout:/usr/bin/ceph: stderr
2024-09-19T05:58:27.610+0000 7f6db4aba640 1 -- --> [v2:172.21.15.103:3300/0,v1:172.21.15.103:6789/0] -- mon_getmap magic: 0 -- 0x7f6db010bbf0 con 0x7f6db01076e0
2024-09-19T05:58:28.372 INFO:teuthology.orchestra.run.smithi103.stdout:/usr/bin/ceph: stderr
2024-09-19T05:58:27.610+0000 7f6dae59c640 1 --2- >> [v2:172.21.15.103:3300/0,v1:172.21.15.103:6789/0] conn(0x7f6db01076e0 0x7f6db007db50 unknown :-1 s=BANNER_CONNECTING pgs=0 cs=0 l=1 rev1=0 crypto rx=0 tx=0 comp rx=0 tx=0)._handle_peer_banner_payload supported=3 required=0
2024-09-19T05:58:28.372 INFO:teuthology.orchestra.run.smithi103.stdout:/usr/bin/ceph: stderr
2024-09-19T05:58:27.610+0000 7f6dae59c640 1 --2- >> [v2:172.21.15.103:3300/0,v1:172.21.15.103:6789/0] conn(0x7f6db01076e0 0x7f6db007db50 unknown :-1 s=HELLO_CONNECTING pgs=0 cs=0 l=1 rev1=1 crypto rx=0 tx=0 comp rx=0 tx=0).handle_hello peer v2:172.21.15.103:3300/0 says I am v2:172.21.15.103:37708/0 (socket says 172.21.15.103:37708)
2024-09-19T05:58:28.372 INFO:teuthology.orchestra.run.smithi103.stdout:/usr/bin/ceph: stderr
2024-09-19T05:58:27.610+0000 7f6dae59c640 1 -- 172.21.15.103:0/82095685 learned_addr learned my addr 172.21.15.103:0/82095685 (peer_addr_for_me v2:172.21.15.103:0/0)
2024-09-19T05:58:28.372 INFO:teuthology.orchestra.run.smithi103.stdout:/usr/bin/ceph: stderr
2024-09-19T05:58:27.611+0000 7f6dae59c640 1 -- 172.21.15.103:0/82095685 --> [v2:172.21.15.103:3300/0,v1:172.21.15.103:6789/0] -- mon_subscribe({config=0+,monmap=0+}) -- 0x7f6db007e090 con 0x7f6db01076e0
2024-09-19T05:58:28.372 INFO:teuthology.orchestra.run.smithi103.stdout:/usr/bin/ceph: stderr
2024-09-19T05:58:27.611+0000 7f6dae59c640 1 --2- 172.21.15.103:0/82095685 >> [v2:172.21.15.103:3300/0,v1:172.21.15.103:6789/0] conn(0x7f6db01076e0 0x7f6db007db50 secure :-1 s=READY pgs=42 cs=0 l=1 rev1=1 crypto rx=0x7f6da00097f0 tx=0x7f6da0030d00 comp rx=0 tx=0).ready entity=mon.0 client_cookie=0 server_cookie=0 in_seq=0 out_seq=0
2024-09-19T05:58:28.372 INFO:teuthology.orchestra.run.smithi103.stdout:/usr/bin/ceph: stderr
2024-09-19T05:58:27.611+0000 7f6da77fe640 1 -- 172.21.15.103:0/82095685 <== mon.0 v2:172.21.15.103:3300/0 1 ==== mon_map magic: 0 ==== 205+0+0 (secure 0 0 0) 0x7f6da0037040 con 0x7f6db01076e0
2024-09-19T05:58:28.372 INFO:teuthology.orchestra.run.smithi103.stdout:/usr/bin/ceph: stderr
2024-09-19T05:58:27.611+0000 7f6da77fe640 1 -- 172.21.15.103:0/82095685 <== mon.0 v2:172.21.15.103:3300/0 2 ==== config(26 keys) ==== 1071+0+0 (secure 0 0 0) 0x7f6da0032bb0 con 0x7f6db01076e0
2024-09-19T05:58:28.372 INFO:teuthology.orchestra.run.smithi103.stdout:/usr/bin/ceph: stderr
2024-09-19T05:58:27.611+0000 7f6db4aba640 1 -- 172.21.15.103:0/82095685 --> [v2:172.21.15.103:3300/0,v1:172.21.15.103:6789/0] -- mon_subscribe({mgrmap=0+}) -- 0x7f6db007c280 con 0x7f6db01076e0
2024-09-19T05:58:28.372 INFO:teuthology.orchestra.run.smithi103.stdout:/usr/bin/ceph: stderr
2024-09-19T05:58:27.611+0000 7f6da77fe640 1 -- 172.21.15.103:0/82095685 <== mon.0 v2:172.21.15.103:3300/0 3 ==== mon_map magic: 0 ==== 205+0+0 (secure 0 0 0) 0x7f6da003a390 con 0x7f6db01076e0
2024-09-19T05:58:28.372 INFO:teuthology.orchestra.run.smithi103.stdout:/usr/bin/ceph: stderr
2024-09-19T05:58:27.611+0000 7f6db4aba640 1 -- 172.21.15.103:0/82095685 --> [v2:172.21.15.103:3300/0,v1:172.21.15.103:6789/0] -- mon_subscribe({osdmap=0}) -- 0x7f6db007c7c0 con 0x7f6db01076e0
2024-09-19T05:58:28.372 INFO:teuthology.orchestra.run.smithi103.stdout:/usr/bin/ceph: stderr
2024-09-19T05:58:27.612+0000 7f6da77fe640 1 -- 172.21.15.103:0/82095685 <== mon.0 v2:172.21.15.103:3300/0 4 ==== mgrmap(e 8) ==== 46461+0+0 (secure 0 0 0) 0x7f6da003a580 con 0x7f6db01076e0
2024-09-19T05:58:28.372 INFO:teuthology.orchestra.run.smithi103.stdout:/usr/bin/ceph: stderr
2024-09-19T05:58:27.612+0000 7f6da77fe640 1 --2- 172.21.15.103:0/82095685 >> [v2:172.21.15.103:6800/1007431406,v1:172.21.15.103:6801/1007431406] conn(0x7f6d9c039200 0x7f6d9c03b6c0 unknown :-1 s=NONE pgs=0 cs=0 l=1 rev1=0 crypto rx=0 tx=0 comp rx=0 tx=0).connect
2024-09-19T05:58:28.373 INFO:teuthology.orchestra.run.smithi103.stdout:/usr/bin/ceph: stderr
2024-09-19T05:58:27.612+0000 7f6da77fe640 1 -- 172.21.15.103:0/82095685 <== mon.0 v2:172.21.15.103:3300/0 5 ==== osd_map(2..2 src has 1..2) ==== 940+0+0 (secure 0 0 0) 0x7f6da006c4a0 con 0x7f6db01076e0
2024-09-19T05:58:28.373 INFO:teuthology.orchestra.run.smithi103.stdout:/usr/bin/ceph: stderr
2024-09-19T05:58:27.612+0000 7f6da7fff640 1 --2- 172.21.15.103:0/82095685 >> [v2:172.21.15.103:6800/1007431406,v1:172.21.15.103:6801/1007431406] conn(0x7f6d9c039200 0x7f6d9c03b6c0 unknown :-1 s=BANNER_CONNECTING pgs=0 cs=0 l=1 rev1=0 crypto rx=0 tx=0 comp rx=0 tx=0)._handle_peer_banner_payload supported=3 required=0
2024-09-19T05:58:28.373 INFO:teuthology.orchestra.run.smithi103.stdout:/usr/bin/ceph: stderr
2024-09-19T05:58:27.612+0000 7f6db4aba640 1 -- 172.21.15.103:0/82095685 --> [v2:172.21.15.103:3300/0,v1:172.21.15.103:6789/0] -- mon_command({"prefix": "get_command_descriptions"} v 0) -- 0x7f6db010bd70 con 0x7f6db01076e0
2024-09-19T05:58:28.373 INFO:teuthology.orchestra.run.smithi103.stdout:/usr/bin/ceph: stderr
2024-09-19T05:58:27.613+0000 7f6da7fff640 1 --2- 172.21.15.103:0/82095685 >> [v2:172.21.15.103:6800/1007431406,v1:172.21.15.103:6801/1007431406] conn(0x7f6d9c039200 0x7f6d9c03b6c0 secure :-1 s=READY pgs=10 cs=0 l=1 rev1=1 crypto rx=0x7f6d980098c0 tx=0x7f6d98006db0 comp rx=0 tx=0).ready entity=mgr.14118 client_cookie=0 server_cookie=0 in_seq=0 out_seq=0
2024-09-19T05:58:28.373 INFO:teuthology.orchestra.run.smithi103.stdout:/usr/bin/ceph: stderr
2024-09-19T05:58:27.617+0000 7f6da77fe640 1 -- 172.21.15.103:0/82095685 <== mon.0 v2:172.21.15.103:3300/0 6 ==== mon_command_ack([{"prefix": "get_command_descriptions"}]=0 v0) ==== 72+0+188913 (secure 0 0 0) 0x7f6da0040210 con 0x7f6db01076e0
2024-09-19T05:58:28.373 INFO:teuthology.orchestra.run.smithi103.stdout:/usr/bin/ceph: stderr
2024-09-19T05:58:27.784+0000 7f6db4aba640 1 -- 172.21.15.103:0/82095685 --> [v2:172.21.15.103:6800/1007431406,v1:172.21.15.103:6801/1007431406] -- mgr_command(tid 0: {"prefix": "cephadm get-pub-key", "target": ["mon-mgr", ""]}) -- 0x7f6db007cf40 con 0x7f6d9c039200
2024-09-19T05:58:28.373 INFO:teuthology.orchestra.run.smithi103.stdout:/usr/bin/ceph: stderr
2024-09-19T05:58:27.785+0000 7f6da77fe640 1 -- 172.21.15.103:0/82095685 <== mgr.14118 v2:172.21.15.103:6800/1007431406 1 ==== mgr_command_reply(tid 0: 0 ) ==== 8+0+595 (secure 0 0 0) 0x7f6db007cf40 con 0x7f6d9c039200
2024-09-19T05:58:28.373 INFO:teuthology.orchestra.run.smithi103.stdout:/usr/bin/ceph: stderr
2024-09-19T05:58:27.787+0000 7f6db4aba640 1 -- 172.21.15.103:0/82095685 >> [v2:172.21.15.103:6800/1007431406,v1:172.21.15.103:6801/1007431406] conn(0x7f6d9c039200 msgr2=0x7f6d9c03b6c0 secure :-1 s=STATE_CONNECTION_ESTABLISHED l=1).mark_down
2024-09-19T05:58:28.373 INFO:teuthology.orchestra.run.smithi103.stdout:/usr/bin/ceph: stderr
2024-09-19T05:58:27.787+0000 7f6db4aba640 1 --2- 172.21.15.103:0/82095685 >> [v2:172.21.15.103:6800/1007431406,v1:172.21.15.103:6801/1007431406] conn(0x7f6d9c039200 0x7f6d9c03b6c0 secure :-1 s=READY pgs=10 cs=0 l=1 rev1=1 crypto rx=0x7f6d980098c0 tx=0x7f6d98006db0 comp rx=0 tx=0).stop
2024-09-19T05:58:28.373 INFO:teuthology.orchestra.run.smithi103.stdout:/usr/bin/ceph: stderr
2024-09-19T05:58:27.787+0000 7f6db4aba640 1 -- 172.21.15.103:0/82095685 >> [v2:172.21.15.103:3300/0,v1:172.21.15.103:6789/0] conn(0x7f6db01076e0 msgr2=0x7f6db007db50 secure :-1 s=STATE_CONNECTION_ESTABLISHED l=1).mark_down
2024-09-19T05:58:28.373 INFO:teuthology.orchestra.run.smithi103.stdout:/usr/bin/ceph: stderr
2024-09-19T05:58:27.787+0000 7f6db4aba640 1 --2- 172.21.15.103:0/82095685 >> [v2:172.21.15.103:3300/0,v1:172.21.15.103:6789/0] conn(0x7f6db01076e0 0x7f6db007db50 secure :-1 s=READY pgs=42 cs=0 l=1 rev1=1 crypto rx=0x7f6da00097f0 tx=0x7f6da0030d00 comp rx=0 tx=0).stop
2024-09-19T05:58:28.373 INFO:teuthology.orchestra.run.smithi103.stdout:/usr/bin/ceph: stderr
2024-09-19T05:58:27.787+0000 7f6db4aba640 1 -- 172.21.15.103:0/82095685 shutdown_connections
2024-09-19T05:58:28.373 INFO:teuthology.orchestra.run.smithi103.stdout:/usr/bin/ceph: stderr
2024-09-19T05:58:27.787+0000 7f6db4aba640 1 --2- 172.21.15.103:0/82095685 >> [v2:172.21.15.103:6800/1007431406,v1:172.21.15.103:6801/1007431406] conn(0x7f6d9c039200 0x7f6d9c03b6c0 unknown :-1 s=CLOSED pgs=10 cs=0 l=1 rev1=1 crypto rx=0 tx=0 comp rx=0 tx=0).stop
2024-09-19T05:58:28.373 INFO:teuthology.orchestra.run.smithi103.stdout:/usr/bin/ceph: stderr
2024-09-19T05:58:27.787+0000 7f6db4aba640 1 --2- 172.21.15.103:0/82095685 >> [v2:172.21.15.103:3300/0,v1:172.21.15.103:6789/0] conn(0x7f6db01076e0 0x7f6db007db50 unknown :-1 s=CLOSED pgs=42 cs=0 l=1 rev1=1 crypto rx=0 tx=0 comp rx=0 tx=0).stop
2024-09-19T05:58:28.374 INFO:teuthology.orchestra.run.smithi103.stdout:/usr/bin/ceph: stderr
2024-09-19T05:58:27.787+0000 7f6db4aba640 1 -- 172.21.15.103:0/82095685 >> 172.21.15.103:0/82095685 conn(0x7f6db0102ed0 msgr2=0x7f6db0103a20 unknown :-1 s=STATE_NONE l=0).mark_down
2024-09-19T05:58:28.374 INFO:teuthology.orchestra.run.smithi103.stdout:/usr/bin/ceph: stderr
2024-09-19T05:58:27.787+0000 7f6db4aba640 1 -- 172.21.15.103:0/82095685 shutdown_connections
2024-09-19T05:58:28.374 INFO:teuthology.orchestra.run.smithi103.stdout:/usr/bin/ceph: stderr
2024-09-19T05:58:27.787+0000 7f6db4aba640 1 -- 172.21.15.103:0/82095685 wait complete.
2024-09-19T05:58:28.374 INFO:teuthology.orchestra.run.smithi103.stdout:Wrote public SSH key to /home/ubuntu/cephtest/ceph.pub
2024-09-19T05:58:28.374 INFO:teuthology.orchestra.run.smithi103.stdout:Adding key to root@localhost authorized_keys...
2024-09-19T05:58:28.374 INFO:teuthology.orchestra.run.smithi103.stdout:Adding host smithi103...
2024-09-19T05:58:29.244 INFO:journalctl@ceph.mon.a.smithi103.stdout:Sep 19 05:58:29 smithi103 ceph-mon[30925]: from='client.14136 -' entity='client.admin' cmd=[{"prefix": "cephadm get-pub-key", "target": ["mon-mgr", ""]}]: dispatch
2024-09-19T05:58:30.040 INFO:journalctl@ceph.mon.a.smithi103.stdout:Sep 19 05:58:30 smithi103 ceph-mon[30925]: from='client.14138 -' entity='client.admin' cmd=[{"prefix": "orch host add", "hostname": "smithi103", "addr": "172.21.15.103", "target": ["mon-mgr", ""]}]: dispatch
2024-09-19T05:58:31.493 INFO:journalctl@ceph.mon.a.smithi103.stdout:Sep 19 05:58:31 smithi103 ceph-mon[30925]: Deploying cephadm binary to smithi103
2024-09-19T05:58:32.787 INFO:teuthology.orchestra.run.smithi103.stdout:/usr/bin/ceph: stdout Added host 'smithi103' with addr '172.21.15.103'
2024-09-19T05:58:32.787 INFO:teuthology.orchestra.run.smithi103.stdout:/usr/bin/ceph: stderr
2024-09-19T05:58:28.804+0000 7fb91c859640 1 Processor -- start
2024-09-19T05:58:32.787 INFO:teuthology.orchestra.run.smithi103.stdout:/usr/bin/ceph: stderr
2024-09-19T05:58:28.804+0000 7fb91c859640 1 -- start start
2024-09-19T05:58:32.787 INFO:teuthology.orchestra.run.smithi103.stdout:/usr/bin/ceph: stderr
2024-09-19T05:58:28.804+0000 7fb91c859640 1 --2- >> [v2:172.21.15.103:3300/0,v1:172.21.15.103:6789/0] conn(0x7fb9181076e0 0x7fb918107ae0 unknown :-1 s=NONE pgs=0 cs=0 l=0 rev1=0 crypto rx=0 tx=0 comp rx=0 tx=0).connect
2024-09-19T05:58:32.787 INFO:teuthology.orchestra.run.smithi103.stdout:/usr/bin/ceph: stderr
2024-09-19T05:58:28.804+0000 7fb91c859640 1 -- --> [v2:172.21.15.103:3300/0,v1:172.21.15.103:6789/0] -- mon_getmap magic: 0 -- 0x7fb9181080b0 con 0x7fb9181076e0
2024-09-19T05:58:32.787 INFO:teuthology.orchestra.run.smithi103.stdout:/usr/bin/ceph: stderr
2024-09-19T05:58:28.804+0000 7fb91659c640 1 --2- >> [v2:172.21.15.103:3300/0,v1:172.21.15.103:6789/0] conn(0x7fb9181076e0 0x7fb918107ae0 unknown :-1 s=BANNER_CONNECTING pgs=0 cs=0 l=0 rev1=0 crypto rx=0 tx=0 comp rx=0 tx=0)._handle_peer_banner_payload supported=3 required=0
2024-09-19T05:58:32.788 INFO:teuthology.orchestra.run.smithi103.stdout:/usr/bin/ceph: stderr
2024-09-19T05:58:28.804+0000 7fb91659c640 1 --2- >> [v2:172.21.15.103:3300/0,v1:172.21.15.103:6789/0] conn(0x7fb9181076e0 0x7fb918107ae0 unknown :-1 s=HELLO_CONNECTING pgs=0 cs=0 l=0 rev1=1 crypto rx=0 tx=0 comp rx=0 tx=0).handle_hello peer v2:172.21.15.103:3300/0 says I am v2:172.21.15.103:37714/0 (socket says 172.21.15.103:37714)
2024-09-19T05:58:32.788 INFO:teuthology.orchestra.run.smithi103.stdout:/usr/bin/ceph: stderr
2024-09-19T05:58:28.804+0000 7fb91659c640 1 -- 172.21.15.103:0/2330388746 learned_addr learned my addr 172.21.15.103:0/2330388746 (peer_addr_for_me v2:172.21.15.103:0/0)
2024-09-19T05:58:32.788 INFO:teuthology.orchestra.run.smithi103.stdout:/usr/bin/ceph: stderr
2024-09-19T05:58:28.804+0000 7fb91659c640 1 -- 172.21.15.103:0/2330388746 --> [v2:172.21.15.103:3300/0,v1:172.21.15.103:6789/0] -- mon_subscribe({config=0+,monmap=0+}) -- 0x7fb918108840 con 0x7fb9181076e0
2024-09-19T05:58:32.788 INFO:teuthology.orchestra.run.smithi103.stdout:/usr/bin/ceph: stderr
2024-09-19T05:58:28.805+0000 7fb91659c640 1 --2- 172.21.15.103:0/2330388746 >> [v2:172.21.15.103:3300/0,v1:172.21.15.103:6789/0] conn(0x7fb9181076e0 0x7fb918107ae0 secure :-1 s=READY pgs=43 cs=0 l=1 rev1=1 crypto rx=0x7fb908009820 tx=0x7fb90802a270 comp rx=0 tx=0).ready entity=mon.0 client_cookie=2f6af6c5f1335b2c server_cookie=0 in_seq=0 out_seq=0
2024-09-19T05:58:32.788 INFO:teuthology.orchestra.run.smithi103.stdout:/usr/bin/ceph: stderr
2024-09-19T05:58:28.805+0000 7fb91559a640 1 -- 172.21.15.103:0/2330388746 <== mon.0 v2:172.21.15.103:3300/0 1 ==== mon_map magic: 0 ==== 205+0+0 (secure 0 0 0) 0x7fb908037070 con 0x7fb9181076e0
2024-09-19T05:58:32.788 INFO:teuthology.orchestra.run.smithi103.stdout:/usr/bin/ceph: stderr
2024-09-19T05:58:28.805+0000 7fb91559a640 1 -- 172.21.15.103:0/2330388746 <== mon.0 v2:172.21.15.103:3300/0 2 ==== config(26 keys) ==== 1071+0+0 (secure 0 0 0) 0x7fb9080328d0 con 0x7fb9181076e0
2024-09-19T05:58:32.788 INFO:teuthology.orchestra.run.smithi103.stdout:/usr/bin/ceph: stderr
2024-09-19T05:58:28.805+0000 7fb91559a640 1 -- 172.21.15.103:0/2330388746 <== mon.0 v2:172.21.15.103:3300/0 3 ==== mon_map magic: 0 ==== 205+0+0 (secure 0 0 0) 0x7fb9080307d0 con 0x7fb9181076e0
2024-09-19T05:58:32.788 INFO:teuthology.orchestra.run.smithi103.stdout:/usr/bin/ceph: stderr
2024-09-19T05:58:28.806+0000 7fb91c859640 1 -- 172.21.15.103:0/2330388746 >> [v2:172.21.15.103:3300/0,v1:172.21.15.103:6789/0] conn(0x7fb9181076e0 msgr2=0x7fb918107ae0 secure :-1 s=STATE_CONNECTION_ESTABLISHED l=1).mark_down
2024-09-19T05:58:32.788 INFO:teuthology.orchestra.run.smithi103.stdout:/usr/bin/ceph: stderr
2024-09-19T05:58:28.806+0000 7fb91c859640 1 --2- 172.21.15.103:0/2330388746 >> [v2:172.21.15.103:3300/0,v1:172.21.15.103:6789/0] conn(0x7fb9181076e0 0x7fb918107ae0 secure :-1 s=READY pgs=43 cs=0 l=1 rev1=1 crypto rx=0x7fb908009820 tx=0x7fb90802a270 comp rx=0 tx=0).stop
2024-09-19T05:58:32.788 INFO:teuthology.orchestra.run.smithi103.stdout:/usr/bin/ceph: stderr
2024-09-19T05:58:28.806+0000 7fb91c859640 1 -- 172.21.15.103:0/2330388746 shutdown_connections
2024-09-19T05:58:32.788 INFO:teuthology.orchestra.run.smithi103.stdout:/usr/bin/ceph: stderr
2024-09-19T05:58:28.806+0000 7fb91c859640 1 --2- 172.21.15.103:0/2330388746 >> [v2:172.21.15.103:3300/0,v1:172.21.15.103:6789/0] conn(0x7fb9181076e0 0x7fb918107ae0 unknown :-1 s=CLOSED pgs=43 cs=0 l=1 rev1=1 crypto rx=0 tx=0 comp rx=0 tx=0).stop
2024-09-19T05:58:32.788 INFO:teuthology.orchestra.run.smithi103.stdout:/usr/bin/ceph: stderr
2024-09-19T05:58:28.806+0000 7fb91c859640 1 -- 172.21.15.103:0/2330388746 >> 172.21.15.103:0/2330388746 conn(0x7fb918102ed0 msgr2=0x7fb9181052f0 unknown :-1 s=STATE_NONE l=0).mark_down
2024-09-19T05:58:32.788 INFO:teuthology.orchestra.run.smithi103.stdout:/usr/bin/ceph: stderr
2024-09-19T05:58:28.806+0000 7fb91c859640 1 -- 172.21.15.103:0/2330388746 shutdown_connections
2024-09-19T05:58:32.789 INFO:teuthology.orchestra.run.smithi103.stdout:/usr/bin/ceph: stderr
2024-09-19T05:58:28.806+0000 7fb91c859640 1 -- 172.21.15.103:0/2330388746 wait complete.
2024-09-19T05:58:32.789 INFO:teuthology.orchestra.run.smithi103.stdout:/usr/bin/ceph: stderr
2024-09-19T05:58:28.807+0000 7fb91c859640 1 Processor -- start
2024-09-19T05:58:32.789 INFO:teuthology.orchestra.run.smithi103.stdout:/usr/bin/ceph: stderr
2024-09-19T05:58:28.807+0000 7fb91c859640 1 -- start start
2024-09-19T05:58:32.789 INFO:teuthology.orchestra.run.smithi103.stdout:/usr/bin/ceph: stderr
2024-09-19T05:58:28.807+0000 7fb91c859640 1 --2- >> [v2:172.21.15.103:3300/0,v1:172.21.15.103:6789/0] conn(0x7fb9181076e0 0x7fb91807db50 unknown :-1 s=NONE pgs=0 cs=0 l=1 rev1=0 crypto rx=0 tx=0 comp rx=0 tx=0).connect
2024-09-19T05:58:32.789 INFO:teuthology.orchestra.run.smithi103.stdout:/usr/bin/ceph: stderr
2024-09-19T05:58:28.807+0000 7fb91c859640 1 -- --> [v2:172.21.15.103:3300/0,v1:172.21.15.103:6789/0] -- mon_getmap magic: 0 -- 0x7fb91810bbf0 con 0x7fb9181076e0
2024-09-19T05:58:32.789 INFO:teuthology.orchestra.run.smithi103.stdout:/usr/bin/ceph: stderr
2024-09-19T05:58:28.807+0000 7fb91659c640 1 --2- >> [v2:172.21.15.103:3300/0,v1:172.21.15.103:6789/0] conn(0x7fb9181076e0 0x7fb91807db50 unknown :-1 s=BANNER_CONNECTING pgs=0 cs=0 l=1 rev1=0 crypto rx=0 tx=0 comp rx=0 tx=0)._handle_peer_banner_payload supported=3 required=0
2024-09-19T05:58:32.789 INFO:teuthology.orchestra.run.smithi103.stdout:/usr/bin/ceph: stderr
2024-09-19T05:58:28.807+0000 7fb91659c640 1 --2- >> [v2:172.21.15.103:3300/0,v1:172.21.15.103:6789/0] conn(0x7fb9181076e0 0x7fb91807db50 unknown :-1 s=HELLO_CONNECTING pgs=0 cs=0 l=1 rev1=1 crypto rx=0 tx=0 comp rx=0 tx=0).handle_hello peer v2:172.21.15.103:3300/0 says I am v2:172.21.15.103:37730/0 (socket says 172.21.15.103:37730)
2024-09-19T05:58:32.789 INFO:teuthology.orchestra.run.smithi103.stdout:/usr/bin/ceph: stderr
2024-09-19T05:58:28.807+0000 7fb91659c640 1 -- 172.21.15.103:0/1513881973 learned_addr learned my addr 172.21.15.103:0/1513881973 (peer_addr_for_me v2:172.21.15.103:0/0)
2024-09-19T05:58:32.789 INFO:teuthology.orchestra.run.smithi103.stdout:/usr/bin/ceph: stderr
2024-09-19T05:58:28.807+0000 7fb91659c640 1 -- 172.21.15.103:0/1513881973 --> [v2:172.21.15.103:3300/0,v1:172.21.15.103:6789/0] -- mon_subscribe({config=0+,monmap=0+}) -- 0x7fb91807e090 con 0x7fb9181076e0
2024-09-19T05:58:32.789 INFO:teuthology.orchestra.run.smithi103.stdout:/usr/bin/ceph: stderr
2024-09-19T05:58:28.808+0000 7fb91659c640 1 --2- 172.21.15.103:0/1513881973 >> [v2:172.21.15.103:3300/0,v1:172.21.15.103:6789/0] conn(0x7fb9181076e0 0x7fb91807db50 secure :-1 s=READY pgs=44 cs=0 l=1 rev1=1 crypto rx=0x7fb9080097f0 tx=0x7fb908030d00 comp rx=0 tx=0).ready entity=mon.0 client_cookie=0 server_cookie=0 in_seq=0 out_seq=0
2024-09-19T05:58:32.789 INFO:teuthology.orchestra.run.smithi103.stdout:/usr/bin/ceph: stderr
2024-09-19T05:58:28.808+0000 7fb9077fe640 1 -- 172.21.15.103:0/1513881973 <== mon.0 v2:172.21.15.103:3300/0 1 ==== mon_map magic: 0 ==== 205+0+0 (secure 0 0 0) 0x7fb908037040 con 0x7fb9181076e0
2024-09-19T05:58:32.789 INFO:teuthology.orchestra.run.smithi103.stdout:/usr/bin/ceph: stderr
2024-09-19T05:58:28.808+0000 7fb91c859640 1 -- 172.21.15.103:0/1513881973 --> [v2:172.21.15.103:3300/0,v1:172.21.15.103:6789/0] -- mon_subscribe({mgrmap=0+}) -- 0x7fb91807c280 con 0x7fb9181076e0
2024-09-19T05:58:32.789 INFO:teuthology.orchestra.run.smithi103.stdout:/usr/bin/ceph: stderr
2024-09-19T05:58:28.808+0000 7fb9077fe640 1 -- 172.21.15.103:0/1513881973 <== mon.0 v2:172.21.15.103:3300/0 2 ==== config(26 keys) ==== 1071+0+0 (secure 0 0 0) 0x7fb908032bb0 con 0x7fb9181076e0
2024-09-19T05:58:32.790 INFO:teuthology.orchestra.run.smithi103.stdout:/usr/bin/ceph: stderr
2024-09-19T05:58:28.808+0000 7fb9077fe640 1 -- 172.21.15.103:0/1513881973 <== mon.0 v2:172.21.15.103:3300/0 3 ==== mon_map magic: 0 ==== 205+0+0 (secure 0 0 0) 0x7fb90803a390 con 0x7fb9181076e0
2024-09-19T05:58:32.790 INFO:teuthology.orchestra.run.smithi103.stdout:/usr/bin/ceph: stderr
2024-09-19T05:58:28.808+0000 7fb91c859640 1 -- 172.21.15.103:0/1513881973 --> [v2:172.21.15.103:3300/0,v1:172.21.15.103:6789/0] -- mon_subscribe({osdmap=0}) -- 0x7fb91807c7c0 con 0x7fb9181076e0
2024-09-19T05:58:32.790 INFO:teuthology.orchestra.run.smithi103.stdout:/usr/bin/ceph: stderr
2024-09-19T05:58:28.809+0000 7fb9077fe640 1 -- 172.21.15.103:0/1513881973 <== mon.0 v2:172.21.15.103:3300/0 4 ==== mgrmap(e 8) ==== 46461+0+0 (secure 0 0 0) 0x7fb90803a580 con 0x7fb9181076e0
2024-09-19T05:58:32.790 INFO:teuthology.orchestra.run.smithi103.stdout:/usr/bin/ceph: stderr
2024-09-19T05:58:28.809+0000 7fb9077fe640 1 --2- 172.21.15.103:0/1513881973 >> [v2:172.21.15.103:6800/1007431406,v1:172.21.15.103:6801/1007431406] conn(0x7fb900039200 0x7fb90003b6c0 unknown :-1 s=NONE pgs=0 cs=0 l=1 rev1=0 crypto rx=0 tx=0 comp rx=0 tx=0).connect
2024-09-19T05:58:32.790 INFO:teuthology.orchestra.run.smithi103.stdout:/usr/bin/ceph: stderr
2024-09-19T05:58:28.809+0000 7fb9077fe640 1 -- 172.21.15.103:0/1513881973 <== mon.0 v2:172.21.15.103:3300/0 5 ==== osd_map(2..2 src has 1..2) ==== 940+0+0 (secure 0 0 0) 0x7fb90806c5a0 con 0x7fb9181076e0
2024-09-19T05:58:32.790 INFO:teuthology.orchestra.run.smithi103.stdout:/usr/bin/ceph: stderr
2024-09-19T05:58:28.809+0000 7fb915d9b640 1 --2- 172.21.15.103:0/1513881973 >> [v2:172.21.15.103:6800/1007431406,v1:172.21.15.103:6801/1007431406] conn(0x7fb900039200 0x7fb90003b6c0 unknown :-1 s=BANNER_CONNECTING pgs=0 cs=0 l=1 rev1=0 crypto rx=0 tx=0 comp rx=0 tx=0)._handle_peer_banner_payload supported=3 required=0
2024-09-19T05:58:32.790 INFO:teuthology.orchestra.run.smithi103.stdout:/usr/bin/ceph: stderr
2024-09-19T05:58:28.809+0000 7fb91c859640 1 -- 172.21.15.103:0/1513881973 --> [v2:172.21.15.103:3300/0,v1:172.21.15.103:6789/0] -- mon_command({"prefix": "get_command_descriptions"} v 0) -- 0x7fb91810bd70 con 0x7fb9181076e0
2024-09-19T05:58:32.790 INFO:teuthology.orchestra.run.smithi103.stdout:/usr/bin/ceph: stderr
2024-09-19T05:58:28.809+0000 7fb915d9b640 1 --2- 172.21.15.103:0/1513881973 >> [v2:172.21.15.103:6800/1007431406,v1:172.21.15.103:6801/1007431406] conn(0x7fb900039200 0x7fb90003b6c0 secure :-1 s=READY pgs=11 cs=0 l=1 rev1=1 crypto rx=0x7fb90c0098c0 tx=0x7fb90c006db0 comp rx=0 tx=0).ready entity=mgr.14118 client_cookie=0 server_cookie=0 in_seq=0 out_seq=0
2024-09-19T05:58:32.790 INFO:teuthology.orchestra.run.smithi103.stdout:/usr/bin/ceph: stderr
2024-09-19T05:58:28.814+0000 7fb9077fe640 1 -- 172.21.15.103:0/1513881973 <== mon.0 v2:172.21.15.103:3300/0 6 ==== mon_command_ack([{"prefix": "get_command_descriptions"}]=0 v0) ==== 72+0+188913 (secure 0 0 0) 0x7fb908040210 con 0x7fb9181076e0
2024-09-19T05:58:32.790 INFO:teuthology.orchestra.run.smithi103.stdout:/usr/bin/ceph: stderr
2024-09-19T05:58:28.983+0000 7fb91c859640 1 -- 172.21.15.103:0/1513881973 --> [v2:172.21.15.103:6800/1007431406,v1:172.21.15.103:6801/1007431406] -- mgr_command(tid 0: {"prefix": "orch host add", "hostname": "smithi103", "addr": "172.21.15.103", "target": ["mon-mgr", ""]}) -- 0x7fb91807cf40 con 0x7fb900039200
2024-09-19T05:58:32.790 INFO:teuthology.orchestra.run.smithi103.stdout:/usr/bin/ceph: stderr
2024-09-19T05:58:32.172+0000 7fb9077fe640 1 -- 172.21.15.103:0/1513881973 <== mgr.14118 v2:172.21.15.103:6800/1007431406 1 ==== mgr_command_reply(tid 0: 0 ) ==== 8+0+49 (secure 0 0 0) 0x7fb91807cf40 con 0x7fb900039200
2024-09-19T05:58:32.790 INFO:teuthology.orchestra.run.smithi103.stdout:/usr/bin/ceph: stderr
2024-09-19T05:58:32.175+0000 7fb91c859640 1 -- 172.21.15.103:0/1513881973 >> [v2:172.21.15.103:6800/1007431406,v1:172.21.15.103:6801/1007431406] conn(0x7fb900039200 msgr2=0x7fb90003b6c0 secure :-1 s=STATE_CONNECTION_ESTABLISHED l=1).mark_down
2024-09-19T05:58:32.790 INFO:teuthology.orchestra.run.smithi103.stdout:/usr/bin/ceph: stderr
2024-09-19T05:58:32.175+0000 7fb91c859640 1 --2- 172.21.15.103:0/1513881973 >> [v2:172.21.15.103:6800/1007431406,v1:172.21.15.103:6801/1007431406] conn(0x7fb900039200 0x7fb90003b6c0 secure :-1 s=READY pgs=11 cs=0 l=1 rev1=1 crypto rx=0x7fb90c0098c0 tx=0x7fb90c006db0 comp rx=0 tx=0).stop
2024-09-19T05:58:32.790 INFO:teuthology.orchestra.run.smithi103.stdout:/usr/bin/ceph: stderr
2024-09-19T05:58:32.175+0000 7fb91c859640 1 -- 172.21.15.103:0/1513881973 >> [v2:172.21.15.103:3300/0,v1:172.21.15.103:6789/0] conn(0x7fb9181076e0 msgr2=0x7fb91807db50 secure :-1 s=STATE_CONNECTION_ESTABLISHED l=1).mark_down
2024-09-19T05:58:32.791 INFO:teuthology.orchestra.run.smithi103.stdout:/usr/bin/ceph: stderr
2024-09-19T05:58:32.175+0000 7fb91c859640 1 --2- 172.21.15.103:0/1513881973 >> [v2:172.21.15.103:3300/0,v1:172.21.15.103:6789/0] conn(0x7fb9181076e0 0x7fb91807db50 secure :-1 s=READY pgs=44 cs=0 l=1 rev1=1 crypto rx=0x7fb9080097f0 tx=0x7fb908030d00 comp rx=0 tx=0).stop
2024-09-19T05:58:32.791 INFO:teuthology.orchestra.run.smithi103.stdout:/usr/bin/ceph: stderr
2024-09-19T05:58:32.175+0000 7fb91c859640 1 -- 172.21.15.103:0/1513881973 shutdown_connections
2024-09-19T05:58:32.791 INFO:teuthology.orchestra.run.smithi103.stdout:/usr/bin/ceph: stderr
2024-09-19T05:58:32.175+0000 7fb91c859640 1 --2- 172.21.15.103:0/1513881973 >> [v2:172.21.15.103:6800/1007431406,v1:172.21.15.103:6801/1007431406] conn(0x7fb900039200 0x7fb90003b6c0 unknown :-1 s=CLOSED pgs=11 cs=0 l=1 rev1=1 crypto rx=0 tx=0 comp rx=0 tx=0).stop
2024-09-19T05:58:32.791 INFO:teuthology.orchestra.run.smithi103.stdout:/usr/bin/ceph: stderr
2024-09-19T05:58:32.175+0000 7fb91c859640 1 --2- 172.21.15.103:0/1513881973 >> [v2:172.21.15.103:3300/0,v1:172.21.15.103:6789/0] conn(0x7fb9181076e0 0x7fb91807db50 unknown :-1 s=CLOSED pgs=44 cs=0 l=1 rev1=1 crypto rx=0 tx=0 comp rx=0 tx=0).stop
2024-09-19T05:58:32.791 INFO:teuthology.orchestra.run.smithi103.stdout:/usr/bin/ceph: stderr
2024-09-19T05:58:32.175+0000 7fb91c859640 1 -- 172.21.15.103:0/1513881973 >> 172.21.15.103:0/1513881973 conn(0x7fb918102ed0 msgr2=0x7fb918103a20 unknown :-1 s=STATE_NONE l=0).mark_down
2024-09-19T05:58:32.791 INFO:teuthology.orchestra.run.smithi103.stdout:/usr/bin/ceph: stderr
2024-09-19T05:58:32.175+0000 7fb91c859640 1 -- 172.21.15.103:0/1513881973 shutdown_connections
2024-09-19T05:58:32.791 INFO:teuthology.orchestra.run.smithi103.stdout:/usr/bin/ceph: stderr
2024-09-19T05:58:32.175+0000 7fb91c859640 1 -- 172.21.15.103:0/1513881973 wait complete.
2024-09-19T05:58:32.791 INFO:teuthology.orchestra.run.smithi103.stdout:Deploying unmanaged mon service...
2024-09-19T05:58:33.351 INFO:journalctl@ceph.mon.a.smithi103.stdout:Sep 19 05:58:33 smithi103 ceph-mon[30925]: from='mgr.14118 172.21.15.103:0/2948400791' entity='mgr.x'
2024-09-19T05:58:33.351 INFO:journalctl@ceph.mon.a.smithi103.stdout:Sep 19 05:58:33 smithi103 ceph-mon[30925]: Added host smithi103
2024-09-19T05:58:33.351 INFO:journalctl@ceph.mon.a.smithi103.stdout:Sep 19 05:58:33 smithi103 ceph-mon[30925]: from='mgr.14118 172.21.15.103:0/2948400791' entity='mgr.x' cmd=[{"prefix": "config dump", "format": "json"}]: dispatch
2024-09-19T05:58:34.685 INFO:journalctl@ceph.mon.a.smithi103.stdout:Sep 19 05:58:34 smithi103 ceph-mon[30925]: from='client.14140 -' entity='client.admin' cmd=[{"prefix": "orch apply", "service_type": "mon", "unmanaged": true, "target": ["mon-mgr", ""]}]: dispatch
2024-09-19T05:58:34.686 INFO:journalctl@ceph.mon.a.smithi103.stdout:Sep 19 05:58:34 smithi103 ceph-mon[30925]: Saving service mon spec with placement count:5
2024-09-19T05:58:34.686 INFO:journalctl@ceph.mon.a.smithi103.stdout:Sep 19 05:58:34 smithi103 ceph-mon[30925]: from='mgr.14118 172.21.15.103:0/2948400791' entity='mgr.x'
2024-09-19T05:58:34.687 INFO:teuthology.orchestra.run.smithi103.stdout:/usr/bin/ceph: stdout Scheduled mon update...
2024-09-19T05:58:34.693 INFO:teuthology.orchestra.run.smithi103.stdout:/usr/bin/ceph: stderr
2024-09-19T05:58:33.153+0000 7f867ded4640 1 Processor -- start
2024-09-19T05:58:34.693 INFO:teuthology.orchestra.run.smithi103.stdout:/usr/bin/ceph: stderr
2024-09-19T05:58:33.153+0000 7f867ded4640 1 -- start start
2024-09-19T05:58:34.693 INFO:teuthology.orchestra.run.smithi103.stdout:/usr/bin/ceph: stderr
2024-09-19T05:58:33.153+0000 7f867ded4640 1 --2- >> [v2:172.21.15.103:3300/0,v1:172.21.15.103:6789/0] conn(0x7f8678106570 0x7f8678106970 unknown :-1 s=NONE pgs=0 cs=0 l=0 rev1=0 crypto rx=0 tx=0 comp rx=0 tx=0).connect
2024-09-19T05:58:34.693 INFO:teuthology.orchestra.run.smithi103.stdout:/usr/bin/ceph: stderr
2024-09-19T05:58:33.153+0000 7f867ded4640 1 -- --> [v2:172.21.15.103:3300/0,v1:172.21.15.103:6789/0] -- mon_getmap magic: 0 -- 0x7f8678106f40 con 0x7f8678106570
2024-09-19T05:58:34.693 INFO:teuthology.orchestra.run.smithi103.stdout:/usr/bin/ceph: stderr
2024-09-19T05:58:33.154+0000 7f86777fe640 1 --2- >> [v2:172.21.15.103:3300/0,v1:172.21.15.103:6789/0] conn(0x7f8678106570 0x7f8678106970 unknown :-1 s=BANNER_CONNECTING pgs=0 cs=0 l=0 rev1=0 crypto rx=0 tx=0 comp rx=0 tx=0)._handle_peer_banner_payload supported=3 required=0
2024-09-19T05:58:34.693 INFO:teuthology.orchestra.run.smithi103.stdout:/usr/bin/ceph: stderr
2024-09-19T05:58:33.154+0000 7f86777fe640 1 --2- >> [v2:172.21.15.103:3300/0,v1:172.21.15.103:6789/0] conn(0x7f8678106570 0x7f8678106970 unknown :-1 s=HELLO_CONNECTING pgs=0 cs=0 l=0 rev1=1 crypto rx=0 tx=0 comp rx=0 tx=0).handle_hello peer v2:172.21.15.103:3300/0 says I am v2:172.21.15.103:44580/0 (socket says 172.21.15.103:44580)
2024-09-19T05:58:34.693 INFO:teuthology.orchestra.run.smithi103.stdout:/usr/bin/ceph: stderr
2024-09-19T05:58:33.154+0000 7f86777fe640 1 -- 172.21.15.103:0/1529198928 learned_addr learned my addr 172.21.15.103:0/1529198928 (peer_addr_for_me v2:172.21.15.103:0/0)
2024-09-19T05:58:34.693 INFO:teuthology.orchestra.run.smithi103.stdout:/usr/bin/ceph: stderr
2024-09-19T05:58:33.154+0000 7f86777fe640 1 -- 172.21.15.103:0/1529198928 --> [v2:172.21.15.103:3300/0,v1:172.21.15.103:6789/0] -- mon_subscribe({config=0+,monmap=0+}) -- 0x7f8678107720 con 0x7f8678106570
2024-09-19T05:58:34.694 INFO:teuthology.orchestra.run.smithi103.stdout:/usr/bin/ceph: stderr
2024-09-19T05:58:33.155+0000 7f86777fe640 1 --2- 172.21.15.103:0/1529198928 >> [v2:172.21.15.103:3300/0,v1:172.21.15.103:6789/0] conn(0x7f8678106570 0x7f8678106970 secure :-1 s=READY pgs=45 cs=0 l=1 rev1=1 crypto rx=0x7f866c009820 tx=0x7f866c02a270 comp rx=0 tx=0).ready entity=mon.0 client_cookie=e28f4a0d5053c949 server_cookie=0 in_seq=0 out_seq=0
2024-09-19T05:58:34.694 INFO:teuthology.orchestra.run.smithi103.stdout:/usr/bin/ceph: stderr
2024-09-19T05:58:33.155+0000 7f86767fc640 1 -- 172.21.15.103:0/1529198928 <== mon.0 v2:172.21.15.103:3300/0 1 ==== mon_map magic: 0 ==== 205+0+0 (secure 0 0 0) 0x7f866c037070 con 0x7f8678106570
2024-09-19T05:58:34.694 INFO:teuthology.orchestra.run.smithi103.stdout:/usr/bin/ceph: stderr
2024-09-19T05:58:33.155+0000 7f86767fc640 1 -- 172.21.15.103:0/1529198928 <== mon.0 v2:172.21.15.103:3300/0 2 ==== config(26 keys) ==== 1071+0+0 (secure 0 0 0) 0x7f866c0328d0 con 0x7f8678106570
2024-09-19T05:58:34.694 INFO:teuthology.orchestra.run.smithi103.stdout:/usr/bin/ceph: stderr
2024-09-19T05:58:33.155+0000 7f86767fc640 1 -- 172.21.15.103:0/1529198928 <== mon.0 v2:172.21.15.103:3300/0 3 ==== mon_map magic: 0 ==== 205+0+0 (secure 0 0 0) 0x7f866c0307d0 con 0x7f8678106570
2024-09-19T05:58:34.694 INFO:teuthology.orchestra.run.smithi103.stdout:/usr/bin/ceph: stderr
2024-09-19T05:58:33.155+0000 7f867ded4640 1 -- 172.21.15.103:0/1529198928 >> [v2:172.21.15.103:3300/0,v1:172.21.15.103:6789/0] conn(0x7f8678106570 msgr2=0x7f8678106970 secure :-1 s=STATE_CONNECTION_ESTABLISHED l=1).mark_down
2024-09-19T05:58:34.694 INFO:teuthology.orchestra.run.smithi103.stdout:/usr/bin/ceph: stderr
2024-09-19T05:58:33.155+0000 7f867ded4640 1 --2- 172.21.15.103:0/1529198928 >> [v2:172.21.15.103:3300/0,v1:172.21.15.103:6789/0] conn(0x7f8678106570 0x7f8678106970 secure :-1 s=READY pgs=45 cs=0 l=1 rev1=1 crypto rx=0x7f866c009820 tx=0x7f866c02a270 comp rx=0 tx=0).stop
2024-09-19T05:58:34.694 INFO:teuthology.orchestra.run.smithi103.stdout:/usr/bin/ceph: stderr
2024-09-19T05:58:33.155+0000 7f867ded4640 1 -- 172.21.15.103:0/1529198928 shutdown_connections
2024-09-19T05:58:34.694 INFO:teuthology.orchestra.run.smithi103.stdout:/usr/bin/ceph: stderr
2024-09-19T05:58:33.155+0000 7f867ded4640 1 --2- 172.21.15.103:0/1529198928 >> [v2:172.21.15.103:3300/0,v1:172.21.15.103:6789/0] conn(0x7f8678106570 0x7f8678106970 unknown :-1 s=CLOSED pgs=45 cs=0 l=1 rev1=1 crypto rx=0 tx=0 comp rx=0 tx=0).stop
2024-09-19T05:58:34.694 INFO:teuthology.orchestra.run.smithi103.stdout:/usr/bin/ceph: stderr
2024-09-19T05:58:33.155+0000 7f867ded4640 1 -- 172.21.15.103:0/1529198928 >> 172.21.15.103:0/1529198928 conn(0x7f8678101d80 msgr2=0x7f86781041a0 unknown :-1 s=STATE_NONE l=0).mark_down
2024-09-19T05:58:34.694 INFO:teuthology.orchestra.run.smithi103.stdout:/usr/bin/ceph: stderr
2024-09-19T05:58:33.155+0000 7f867ded4640 1 -- 172.21.15.103:0/1529198928 shutdown_connections
2024-09-19T05:58:34.694 INFO:teuthology.orchestra.run.smithi103.stdout:/usr/bin/ceph: stderr
2024-09-19T05:58:33.156+0000 7f867ded4640 1 -- 172.21.15.103:0/1529198928 wait complete.
2024-09-19T05:58:34.694 INFO:teuthology.orchestra.run.smithi103.stdout:/usr/bin/ceph: stderr
2024-09-19T05:58:33.156+0000 7f867ded4640 1 Processor -- start
2024-09-19T05:58:34.694 INFO:teuthology.orchestra.run.smithi103.stdout:/usr/bin/ceph: stderr
2024-09-19T05:58:33.156+0000 7f867ded4640 1 -- start start
2024-09-19T05:58:34.695 INFO:teuthology.orchestra.run.smithi103.stdout:/usr/bin/ceph: stderr
2024-09-19T05:58:33.156+0000 7f867ded4640 1 --2- >> [v2:172.21.15.103:3300/0,v1:172.21.15.103:6789/0] conn(0x7f8678106570 0x7f867819b680 unknown :-1 s=NONE pgs=0 cs=0 l=1 rev1=0 crypto rx=0 tx=0 comp rx=0 tx=0).connect
2024-09-19T05:58:34.695 INFO:teuthology.orchestra.run.smithi103.stdout:/usr/bin/ceph: stderr
2024-09-19T05:58:33.156+0000 7f867ded4640 1 -- --> [v2:172.21.15.103:3300/0,v1:172.21.15.103:6789/0] -- mon_getmap magic: 0 -- 0x7f867810aad0 con 0x7f8678106570
2024-09-19T05:58:34.695 INFO:teuthology.orchestra.run.smithi103.stdout:/usr/bin/ceph: stderr
2024-09-19T05:58:33.156+0000 7f86777fe640 1 --2- >> [v2:172.21.15.103:3300/0,v1:172.21.15.103:6789/0] conn(0x7f8678106570 0x7f867819b680 unknown :-1 s=BANNER_CONNECTING pgs=0 cs=0 l=1 rev1=0 crypto rx=0 tx=0 comp rx=0 tx=0)._handle_peer_banner_payload supported=3 required=0
2024-09-19T05:58:34.695 INFO:teuthology.orchestra.run.smithi103.stdout:/usr/bin/ceph: stderr
2024-09-19T05:58:33.157+0000 7f86777fe640 1 --2- >> [v2:172.21.15.103:3300/0,v1:172.21.15.103:6789/0] conn(0x7f8678106570 0x7f867819b680 unknown :-1 s=HELLO_CONNECTING pgs=0 cs=0 l=1 rev1=1 crypto rx=0 tx=0 comp rx=0 tx=0).handle_hello peer v2:172.21.15.103:3300/0 says I am v2:172.21.15.103:44592/0 (socket says 172.21.15.103:44592)
2024-09-19T05:58:34.695 INFO:teuthology.orchestra.run.smithi103.stdout:/usr/bin/ceph: stderr
2024-09-19T05:58:33.157+0000 7f86777fe640 1 -- 172.21.15.103:0/2010332675 learned_addr learned my addr 172.21.15.103:0/2010332675 (peer_addr_for_me v2:172.21.15.103:0/0)
2024-09-19T05:58:34.695 INFO:teuthology.orchestra.run.smithi103.stdout:/usr/bin/ceph: stderr
2024-09-19T05:58:33.157+0000 7f86777fe640 1 -- 172.21.15.103:0/2010332675 --> [v2:172.21.15.103:3300/0,v1:172.21.15.103:6789/0] -- mon_subscribe({config=0+,monmap=0+}) -- 0x7f867819bbc0 con 0x7f8678106570
2024-09-19T05:58:34.695 INFO:teuthology.orchestra.run.smithi103.stdout:/usr/bin/ceph: stderr
2024-09-19T05:58:33.157+0000 7f86777fe640 1 --2- 172.21.15.103:0/2010332675 >> [v2:172.21.15.103:3300/0,v1:172.21.15.103:6789/0] conn(0x7f8678106570 0x7f867819b680 secure :-1 s=READY pgs=46 cs=0 l=1 rev1=1 crypto rx=0x7f866c030520 tx=0x7f866c032dd0 comp rx=0 tx=0).ready entity=mon.0 client_cookie=0 server_cookie=0 in_seq=0 out_seq=0
2024-09-19T05:58:34.695 INFO:teuthology.orchestra.run.smithi103.stdout:/usr/bin/ceph: stderr
2024-09-19T05:58:33.157+0000 7f8674ff9640 1 -- 172.21.15.103:0/2010332675 <== mon.0 v2:172.21.15.103:3300/0 1 ==== mon_map magic: 0 ==== 205+0+0 (secure 0 0 0) 0x7f866c042070 con 0x7f8678106570
2024-09-19T05:58:34.695 INFO:teuthology.orchestra.run.smithi103.stdout:/usr/bin/ceph: stderr
2024-09-19T05:58:33.157+0000 7f8674ff9640 1 -- 172.21.15.103:0/2010332675 <== mon.0 v2:172.21.15.103:3300/0 2 ==== config(26 keys) ==== 1071+0+0 (secure 0 0 0) 0x7f866c030cc0 con 0x7f8678106570
2024-09-19T05:58:34.695 INFO:teuthology.orchestra.run.smithi103.stdout:/usr/bin/ceph: stderr
2024-09-19T05:58:33.157+0000 7f867ded4640 1 -- 172.21.15.103:0/2010332675 --> [v2:172.21.15.103:3300/0,v1:172.21.15.103:6789/0] -- mon_subscribe({mgrmap=0+}) -- 0x7f867819be50 con 0x7f8678106570
2024-09-19T05:58:34.695 INFO:teuthology.orchestra.run.smithi103.stdout:/usr/bin/ceph: stderr
2024-09-19T05:58:33.157+0000 7f8674ff9640 1 -- 172.21.15.103:0/2010332675 <== mon.0 v2:172.21.15.103:3300/0 3 ==== mon_map magic: 0 ==== 205+0+0 (secure 0 0 0) 0x7f866c037040 con 0x7f8678106570
2024-09-19T05:58:34.695 INFO:teuthology.orchestra.run.smithi103.stdout:/usr/bin/ceph: stderr
2024-09-19T05:58:33.157+0000 7f867ded4640 1 -- 172.21.15.103:0/2010332675 --> [v2:172.21.15.103:3300/0,v1:172.21.15.103:6789/0] -- mon_subscribe({osdmap=0}) -- 0x7f867819eb40 con 0x7f8678106570
2024-09-19T05:58:34.695 INFO:teuthology.orchestra.run.smithi103.stdout:/usr/bin/ceph: stderr
2024-09-19T05:58:33.158+0000 7f8674ff9640 1 -- 172.21.15.103:0/2010332675 <== mon.0 v2:172.21.15.103:3300/0 4 ==== mgrmap(e 8) ==== 46461+0+0 (secure 0 0 0) 0x7f866c045070 con 0x7f8678106570
2024-09-19T05:58:34.696 INFO:teuthology.orchestra.run.smithi103.stdout:/usr/bin/ceph: stderr
2024-09-19T05:58:33.158+0000 7f8674ff9640 1 --2- 172.21.15.103:0/2010332675 >> [v2:172.21.15.103:6800/1007431406,v1:172.21.15.103:6801/1007431406] conn(0x7f8660039200 0x7f866003b6c0 unknown :-1 s=NONE pgs=0 cs=0 l=1 rev1=0 crypto rx=0 tx=0 comp rx=0 tx=0).connect
2024-09-19T05:58:34.696 INFO:teuthology.orchestra.run.smithi103.stdout:/usr/bin/ceph: stderr
2024-09-19T05:58:33.158+0000 7f8674ff9640 1 -- 172.21.15.103:0/2010332675 <== mon.0 v2:172.21.15.103:3300/0 5 ==== osd_map(2..2 src has 1..2) ==== 940+0+0 (secure 0 0 0) 0x7f866c06c230 con 0x7f8678106570
2024-09-19T05:58:34.696 INFO:teuthology.orchestra.run.smithi103.stdout:/usr/bin/ceph: stderr
2024-09-19T05:58:33.158+0000 7f8676ffd640 1 --2- 172.21.15.103:0/2010332675 >> [v2:172.21.15.103:6800/1007431406,v1:172.21.15.103:6801/1007431406] conn(0x7f8660039200 0x7f866003b6c0 unknown :-1 s=BANNER_CONNECTING pgs=0 cs=0 l=1 rev1=0 crypto rx=0 tx=0 comp rx=0 tx=0)._handle_peer_banner_payload supported=3 required=0
2024-09-19T05:58:34.696 INFO:teuthology.orchestra.run.smithi103.stdout:/usr/bin/ceph: stderr
2024-09-19T05:58:33.158+0000 7f867ded4640 1 -- 172.21.15.103:0/2010332675 --> [v2:172.21.15.103:3300/0,v1:172.21.15.103:6789/0] -- mon_command({"prefix": "get_command_descriptions"} v 0) -- 0x7f867810ac50 con 0x7f8678106570
2024-09-19T05:58:34.696 INFO:teuthology.orchestra.run.smithi103.stdout:/usr/bin/ceph: stderr
2024-09-19T05:58:33.159+0000 7f8676ffd640 1 --2- 172.21.15.103:0/2010332675 >> [v2:172.21.15.103:6800/1007431406,v1:172.21.15.103:6801/1007431406] conn(0x7f8660039200 0x7f866003b6c0 secure :-1 s=READY pgs=12 cs=0 l=1 rev1=1 crypto rx=0x7f86680098c0 tx=0x7f8668006db0 comp rx=0 tx=0).ready entity=mgr.14118 client_cookie=0 server_cookie=0 in_seq=0 out_seq=0
2024-09-19T05:58:34.696 INFO:teuthology.orchestra.run.smithi103.stdout:/usr/bin/ceph: stderr
2024-09-19T05:58:33.163+0000 7f8674ff9640 1 -- 172.21.15.103:0/2010332675 <== mon.0 v2:172.21.15.103:3300/0 6 ==== mon_command_ack([{"prefix": "get_command_descriptions"}]=0 v0) ==== 72+0+188913 (secure 0 0 0) 0x7f866c04b170 con 0x7f8678106570
2024-09-19T05:58:34.696 INFO:teuthology.orchestra.run.smithi103.stdout:/usr/bin/ceph: stderr
