2024-09-19T05:58:43.175+0000 7f749285c640 1 --2- 172.21.15.103:0/2597948097 >> [v2:172.21.15.103:3300/0,v1:172.21.15.103:6789/0] conn(0x7f748c1076e0 0x7f748c107ae0 unknown :-1 s=CLOSED pgs=59 cs=0 l=1 rev1=1 crypto rx=0 tx=0 comp rx=0 tx=0).stop
2024-09-19T05:58:47.163 INFO:teuthology.orchestra.run.smithi103.stdout:/usr/bin/ceph: stderr
2024-09-19T05:58:43.175+0000 7f749285c640 1 -- 172.21.15.103:0/2597948097 >> 172.21.15.103:0/2597948097 conn(0x7f748c102e90 msgr2=0x7f748c1052b0 unknown :-1 s=STATE_NONE l=0).mark_down
2024-09-19T05:58:47.164 INFO:teuthology.orchestra.run.smithi103.stdout:/usr/bin/ceph: stderr
2024-09-19T05:58:43.175+0000 7f749285c640 1 -- 172.21.15.103:0/2597948097 shutdown_connections
2024-09-19T05:58:47.164 INFO:teuthology.orchestra.run.smithi103.stdout:/usr/bin/ceph: stderr
2024-09-19T05:58:43.175+0000 7f749285c640 1 -- 172.21.15.103:0/2597948097 wait complete.
2024-09-19T05:58:47.164 INFO:teuthology.orchestra.run.smithi103.stdout:/usr/bin/ceph: stderr
2024-09-19T05:58:43.176+0000 7f749285c640 1 Processor -- start
2024-09-19T05:58:47.164 INFO:teuthology.orchestra.run.smithi103.stdout:/usr/bin/ceph: stderr
2024-09-19T05:58:43.176+0000 7f749285c640 1 -- start start
2024-09-19T05:58:47.164 INFO:teuthology.orchestra.run.smithi103.stdout:/usr/bin/ceph: stderr
2024-09-19T05:58:43.176+0000 7f749285c640 1 --2- >> [v2:172.21.15.103:3300/0,v1:172.21.15.103:6789/0] conn(0x7f748c1076e0 0x7f748c19d8c0 unknown :-1 s=NONE pgs=0 cs=0 l=1 rev1=0 crypto rx=0 tx=0 comp rx=0 tx=0).connect
2024-09-19T05:58:47.164 INFO:teuthology.orchestra.run.smithi103.stdout:/usr/bin/ceph: stderr
2024-09-19T05:58:43.176+0000 7f749285c640 1 -- --> [v2:172.21.15.103:3300/0,v1:172.21.15.103:6789/0] -- mon_getmap magic: 0 -- 0x7f748c10bbf0 con 0x7f748c1076e0
2024-09-19T05:58:47.164 INFO:teuthology.orchestra.run.smithi103.stdout:/usr/bin/ceph: stderr
2024-09-19T05:58:43.176+0000 7f748bfff640 1 --2- >> [v2:172.21.15.103:3300/0,v1:172.21.15.103:6789/0] conn(0x7f748c1076e0 0x7f748c19d8c0 unknown :-1 s=BANNER_CONNECTING pgs=0 cs=0 l=1 rev1=0 crypto rx=0 tx=0 comp rx=0 tx=0)._handle_peer_banner_payload supported=3 required=0
2024-09-19T05:58:47.164 INFO:teuthology.orchestra.run.smithi103.stdout:/usr/bin/ceph: stderr
2024-09-19T05:58:43.176+0000 7f748bfff640 1 --2- >> [v2:172.21.15.103:3300/0,v1:172.21.15.103:6789/0] conn(0x7f748c1076e0 0x7f748c19d8c0 unknown :-1 s=HELLO_CONNECTING pgs=0 cs=0 l=1 rev1=1 crypto rx=0 tx=0 comp rx=0 tx=0).handle_hello peer v2:172.21.15.103:3300/0 says I am v2:172.21.15.103:56812/0 (socket says 172.21.15.103:56812)
2024-09-19T05:58:47.164 INFO:teuthology.orchestra.run.smithi103.stdout:/usr/bin/ceph: stderr
2024-09-19T05:58:43.176+0000 7f748bfff640 1 -- 172.21.15.103:0/1840902768 learned_addr learned my addr 172.21.15.103:0/1840902768 (peer_addr_for_me v2:172.21.15.103:0/0)
2024-09-19T05:58:47.164 INFO:teuthology.orchestra.run.smithi103.stdout:/usr/bin/ceph: stderr
2024-09-19T05:58:43.176+0000 7f748bfff640 1 -- 172.21.15.103:0/1840902768 --> [v2:172.21.15.103:3300/0,v1:172.21.15.103:6789/0] -- mon_subscribe({config=0+,monmap=0+}) -- 0x7f748c19de00 con 0x7f748c1076e0
2024-09-19T05:58:47.164 INFO:teuthology.orchestra.run.smithi103.stdout:/usr/bin/ceph: stderr
2024-09-19T05:58:43.177+0000 7f748bfff640 1 --2- 172.21.15.103:0/1840902768 >> [v2:172.21.15.103:3300/0,v1:172.21.15.103:6789/0] conn(0x7f748c1076e0 0x7f748c19d8c0 secure :-1 s=READY pgs=60 cs=0 l=1 rev1=1 crypto rx=0x7f747c009940 tx=0x7f747c0327b0 comp rx=0 tx=0).ready entity=mon.0 client_cookie=0 server_cookie=0 in_seq=0 out_seq=0
2024-09-19T05:58:47.164 INFO:teuthology.orchestra.run.smithi103.stdout:/usr/bin/ceph: stderr
2024-09-19T05:58:43.177+0000 7f74897fa640 1 -- 172.21.15.103:0/1840902768 <== mon.0 v2:172.21.15.103:3300/0 1 ==== mon_map magic: 0 ==== 205+0+0 (secure 0 0 0) 0x7f747c042070 con 0x7f748c1076e0
2024-09-19T05:58:47.165 INFO:teuthology.orchestra.run.smithi103.stdout:/usr/bin/ceph: stderr
2024-09-19T05:58:43.177+0000 7f749285c640 1 -- 172.21.15.103:0/1840902768 --> [v2:172.21.15.103:3300/0,v1:172.21.15.103:6789/0] -- mon_subscribe({mgrmap=0+}) -- 0x7f748c19e090 con 0x7f748c1076e0
2024-09-19T05:58:47.165 INFO:teuthology.orchestra.run.smithi103.stdout:/usr/bin/ceph: stderr
2024-09-19T05:58:43.177+0000 7f74897fa640 1 -- 172.21.15.103:0/1840902768 <== mon.0 v2:172.21.15.103:3300/0 2 ==== config(26 keys) ==== 1102+0+0 (secure 0 0 0) 0x7f747c030d00 con 0x7f748c1076e0
2024-09-19T05:58:47.165 INFO:teuthology.orchestra.run.smithi103.stdout:/usr/bin/ceph: stderr
2024-09-19T05:58:43.177+0000 7f74897fa640 1 -- 172.21.15.103:0/1840902768 <== mon.0 v2:172.21.15.103:3300/0 3 ==== mon_map magic: 0 ==== 205+0+0 (secure 0 0 0) 0x7f747c037040 con 0x7f748c1076e0
2024-09-19T05:58:47.165 INFO:teuthology.orchestra.run.smithi103.stdout:/usr/bin/ceph: stderr
2024-09-19T05:58:43.177+0000 7f749285c640 1 -- 172.21.15.103:0/1840902768 --> [v2:172.21.15.103:3300/0,v1:172.21.15.103:6789/0] -- mon_subscribe({osdmap=0}) -- 0x7f748c1a0d80 con 0x7f748c1076e0
2024-09-19T05:58:47.165 INFO:teuthology.orchestra.run.smithi103.stdout:/usr/bin/ceph: stderr
2024-09-19T05:58:43.178+0000 7f74897fa640 1 -- 172.21.15.103:0/1840902768 <== mon.0 v2:172.21.15.103:3300/0 4 ==== mgrmap(e 9) ==== 46474+0+0 (secure 0 0 0) 0x7f747c045070 con 0x7f748c1076e0
2024-09-19T05:58:47.165 INFO:teuthology.orchestra.run.smithi103.stdout:/usr/bin/ceph: stderr
2024-09-19T05:58:43.178+0000 7f74897fa640 1 --2- 172.21.15.103:0/1840902768 >> [v2:172.21.15.103:6800/1007431406,v1:172.21.15.103:6801/1007431406] conn(0x7f7478039200 0x7f747803b6c0 unknown :-1 s=NONE pgs=0 cs=0 l=1 rev1=0 crypto rx=0 tx=0 comp rx=0 tx=0).connect
2024-09-19T05:58:47.165 INFO:teuthology.orchestra.run.smithi103.stdout:/usr/bin/ceph: stderr
2024-09-19T05:58:43.178+0000 7f74897fa640 1 -- 172.21.15.103:0/1840902768 --> [v2:172.21.15.103:6800/1007431406,v1:172.21.15.103:6801/1007431406] -- command(tid 0: {"prefix": "get_command_descriptions"}) -- 0x7f747803bdd0 con 0x7f7478039200
2024-09-19T05:58:47.165 INFO:teuthology.orchestra.run.smithi103.stdout:/usr/bin/ceph: stderr
2024-09-19T05:58:43.178+0000 7f74897fa640 1 -- 172.21.15.103:0/1840902768 <== mon.0 v2:172.21.15.103:3300/0 5 ==== osd_map(2..2 src has 1..2) ==== 940+0+0 (secure 0 0 0) 0x7f747c06c360 con 0x7f748c1076e0
2024-09-19T05:58:47.165 INFO:teuthology.orchestra.run.smithi103.stdout:/usr/bin/ceph: stderr
2024-09-19T05:58:43.178+0000 7f748b7fe640 1 -- 172.21.15.103:0/1840902768 >> [v2:172.21.15.103:6800/1007431406,v1:172.21.15.103:6801/1007431406] conn(0x7f7478039200 msgr2=0x7f747803b6c0 unknown :-1 s=STATE_CONNECTING_RE l=1).process reconnect failed to v2:172.21.15.103:6800/1007431406
2024-09-19T05:58:47.165 INFO:teuthology.orchestra.run.smithi103.stdout:/usr/bin/ceph: stderr
2024-09-19T05:58:43.178+0000 7f748b7fe640 1 --2- 172.21.15.103:0/1840902768 >> [v2:172.21.15.103:6800/1007431406,v1:172.21.15.103:6801/1007431406] conn(0x7f7478039200 0x7f747803b6c0 unknown :-1 s=START_CONNECT pgs=0 cs=0 l=1 rev1=0 crypto rx=0 tx=0 comp rx=0 tx=0)._fault waiting 0.200000
2024-09-19T05:58:47.165 INFO:teuthology.orchestra.run.smithi103.stdout:/usr/bin/ceph: stderr
2024-09-19T05:58:43.379+0000 7f748b7fe640 1 -- 172.21.15.103:0/1840902768 >> [v2:172.21.15.103:6800/1007431406,v1:172.21.15.103:6801/1007431406] conn(0x7f7478039200 msgr2=0x7f747803b6c0 unknown :-1 s=STATE_CONNECTING_RE l=1).process reconnect failed to v2:172.21.15.103:6800/1007431406
2024-09-19T05:58:47.165 INFO:teuthology.orchestra.run.smithi103.stdout:/usr/bin/ceph: stderr
2024-09-19T05:58:43.379+0000 7f748b7fe640 1 --2- 172.21.15.103:0/1840902768 >> [v2:172.21.15.103:6800/1007431406,v1:172.21.15.103:6801/1007431406] conn(0x7f7478039200 0x7f747803b6c0 unknown :-1 s=START_CONNECT pgs=0 cs=0 l=1 rev1=0 crypto rx=0 tx=0 comp rx=0 tx=0)._fault waiting 0.400000
2024-09-19T05:58:47.166 INFO:teuthology.orchestra.run.smithi103.stdout:/usr/bin/ceph: stderr
2024-09-19T05:58:43.780+0000 7f748b7fe640 1 -- 172.21.15.103:0/1840902768 >> [v2:172.21.15.103:6800/1007431406,v1:172.21.15.103:6801/1007431406] conn(0x7f7478039200 msgr2=0x7f747803b6c0 unknown :-1 s=STATE_CONNECTING_RE l=1).process reconnect failed to v2:172.21.15.103:6800/1007431406
2024-09-19T05:58:47.166 INFO:teuthology.orchestra.run.smithi103.stdout:/usr/bin/ceph: stderr
2024-09-19T05:58:43.780+0000 7f748b7fe640 1 --2- 172.21.15.103:0/1840902768 >> [v2:172.21.15.103:6800/1007431406,v1:172.21.15.103:6801/1007431406] conn(0x7f7478039200 0x7f747803b6c0 unknown :-1 s=START_CONNECT pgs=0 cs=0 l=1 rev1=0 crypto rx=0 tx=0 comp rx=0 tx=0)._fault waiting 0.800000
2024-09-19T05:58:47.166 INFO:teuthology.orchestra.run.smithi103.stdout:/usr/bin/ceph: stderr
2024-09-19T05:58:44.581+0000 7f748b7fe640 1 -- 172.21.15.103:0/1840902768 >> [v2:172.21.15.103:6800/1007431406,v1:172.21.15.103:6801/1007431406] conn(0x7f7478039200 msgr2=0x7f747803b6c0 unknown :-1 s=STATE_CONNECTING_RE l=1).process reconnect failed to v2:172.21.15.103:6800/1007431406
2024-09-19T05:58:47.166 INFO:teuthology.orchestra.run.smithi103.stdout:/usr/bin/ceph: stderr
2024-09-19T05:58:44.581+0000 7f748b7fe640 1 --2- 172.21.15.103:0/1840902768 >> [v2:172.21.15.103:6800/1007431406,v1:172.21.15.103:6801/1007431406] conn(0x7f7478039200 0x7f747803b6c0 unknown :-1 s=START_CONNECT pgs=0 cs=0 l=1 rev1=0 crypto rx=0 tx=0 comp rx=0 tx=0)._fault waiting 1.600000
2024-09-19T05:58:47.166 INFO:teuthology.orchestra.run.smithi103.stdout:/usr/bin/ceph: stderr
2024-09-19T05:58:45.373+0000 7f74897fa640 1 -- 172.21.15.103:0/1840902768 <== mon.0 v2:172.21.15.103:3300/0 6 ==== mgrmap(e 10) ==== 46241+0+0 (secure 0 0 0) 0x7f747c06ae10 con 0x7f748c1076e0
2024-09-19T05:58:47.166 INFO:teuthology.orchestra.run.smithi103.stdout:/usr/bin/ceph: stderr
2024-09-19T05:58:45.373+0000 7f74897fa640 1 -- 172.21.15.103:0/1840902768 >> [v2:172.21.15.103:6800/1007431406,v1:172.21.15.103:6801/1007431406] conn(0x7f7478039200 msgr2=0x7f747803b6c0 unknown :-1 s=STATE_CONNECTING l=1).mark_down
2024-09-19T05:58:47.166 INFO:teuthology.orchestra.run.smithi103.stdout:/usr/bin/ceph: stderr
2024-09-19T05:58:45.373+0000 7f74897fa640 1 --2- 172.21.15.103:0/1840902768 >> [v2:172.21.15.103:6800/1007431406,v1:172.21.15.103:6801/1007431406] conn(0x7f7478039200 0x7f747803b6c0 unknown :-1 s=START_CONNECT pgs=0 cs=0 l=1 rev1=0 crypto rx=0 tx=0 comp rx=0 tx=0).stop
2024-09-19T05:58:47.166 INFO:teuthology.orchestra.run.smithi103.stdout:/usr/bin/ceph: stderr
2024-09-19T05:58:46.374+0000 7f74897fa640 1 -- 172.21.15.103:0/1840902768 <== mon.0 v2:172.21.15.103:3300/0 7 ==== mgrmap(e 11) ==== 46368+0+0 (secure 0 0 0) 0x7f747c03b330 con 0x7f748c1076e0
2024-09-19T05:58:47.166 INFO:teuthology.orchestra.run.smithi103.stdout:/usr/bin/ceph: stderr
2024-09-19T05:58:46.375+0000 7f74897fa640 1 --2- 172.21.15.103:0/1840902768 >> [v2:172.21.15.103:6800/253046125,v1:172.21.15.103:6801/253046125] conn(0x7f747803ccc0 0x7f747803f0b0 unknown :-1 s=NONE pgs=0 cs=0 l=1 rev1=0 crypto rx=0 tx=0 comp rx=0 tx=0).connect
2024-09-19T05:58:47.166 INFO:teuthology.orchestra.run.smithi103.stdout:/usr/bin/ceph: stderr
2024-09-19T05:58:46.375+0000 7f74897fa640 1 -- 172.21.15.103:0/1840902768 --> [v2:172.21.15.103:6800/253046125,v1:172.21.15.103:6801/253046125] -- command(tid 0: {"prefix": "get_command_descriptions"}) -- 0x7f747803bdd0 con 0x7f747803ccc0
2024-09-19T05:58:47.166 INFO:teuthology.orchestra.run.smithi103.stdout:/usr/bin/ceph: stderr
2024-09-19T05:58:46.375+0000 7f748b7fe640 1 --2- 172.21.15.103:0/1840902768 >> [v2:172.21.15.103:6800/253046125,v1:172.21.15.103:6801/253046125] conn(0x7f747803ccc0 0x7f747803f0b0 unknown :-1 s=BANNER_CONNECTING pgs=0 cs=0 l=1 rev1=0 crypto rx=0 tx=0 comp rx=0 tx=0)._handle_peer_banner_payload supported=3 required=0
2024-09-19T05:58:47.166 INFO:teuthology.orchestra.run.smithi103.stdout:/usr/bin/ceph: stderr
2024-09-19T05:58:46.376+0000 7f748b7fe640 1 --2- 172.21.15.103:0/1840902768 >> [v2:172.21.15.103:6800/253046125,v1:172.21.15.103:6801/253046125] conn(0x7f747803ccc0 0x7f747803f0b0 secure :-1 s=READY pgs=3 cs=0 l=1 rev1=1 crypto rx=0x7f7474003980 tx=0x7f7474006e10 comp rx=0 tx=0).ready entity=mgr.14150 client_cookie=0 server_cookie=0 in_seq=0 out_seq=0
2024-09-19T05:58:47.166 INFO:teuthology.orchestra.run.smithi103.stdout:/usr/bin/ceph: stderr
2024-09-19T05:58:46.376+0000 7f74897fa640 1 -- 172.21.15.103:0/1840902768 <== mgr.14150 v2:172.21.15.103:6800/253046125 1 ==== command_reply(tid 0: 0 ) ==== 8+0+9564 (secure 0 0 0) 0x7f747803bdd0 con 0x7f747803ccc0
2024-09-19T05:58:47.166 INFO:teuthology.orchestra.run.smithi103.stdout:/usr/bin/ceph: stderr
2024-09-19T05:58:46.384+0000 7f749285c640 1 -- 172.21.15.103:0/1840902768 --> [v2:172.21.15.103:6800/253046125,v1:172.21.15.103:6801/253046125] -- command(tid 1: {"prefix": "mgr_status"}) -- 0x7f748c10bd70 con 0x7f747803ccc0
2024-09-19T05:58:47.167 INFO:teuthology.orchestra.run.smithi103.stdout:/usr/bin/ceph: stderr
2024-09-19T05:58:46.384+0000 7f74897fa640 1 -- 172.21.15.103:0/1840902768 <== mgr.14150 v2:172.21.15.103:6800/253046125 2 ==== command_reply(tid 1: 0 ) ==== 8+0+52 (secure 0 0 0) 0x7f748c10bd70 con 0x7f747803ccc0
2024-09-19T05:58:47.167 INFO:teuthology.orchestra.run.smithi103.stdout:/usr/bin/ceph: stderr
2024-09-19T05:58:46.385+0000 7f749285c640 1 -- 172.21.15.103:0/1840902768 >> [v2:172.21.15.103:6800/253046125,v1:172.21.15.103:6801/253046125] conn(0x7f747803ccc0 msgr2=0x7f747803f0b0 secure :-1 s=STATE_CONNECTION_ESTABLISHED l=1).mark_down
2024-09-19T05:58:47.167 INFO:teuthology.orchestra.run.smithi103.stdout:/usr/bin/ceph: stderr
2024-09-19T05:58:46.385+0000 7f749285c640 1 --2- 172.21.15.103:0/1840902768 >> [v2:172.21.15.103:6800/253046125,v1:172.21.15.103:6801/253046125] conn(0x7f747803ccc0 0x7f747803f0b0 secure :-1 s=READY pgs=3 cs=0 l=1 rev1=1 crypto rx=0x7f7474003980 tx=0x7f7474006e10 comp rx=0 tx=0).stop
2024-09-19T05:58:47.167 INFO:teuthology.orchestra.run.smithi103.stdout:/usr/bin/ceph: stderr
2024-09-19T05:58:46.385+0000 7f749285c640 1 -- 172.21.15.103:0/1840902768 >> [v2:172.21.15.103:3300/0,v1:172.21.15.103:6789/0] conn(0x7f748c1076e0 msgr2=0x7f748c19d8c0 secure :-1 s=STATE_CONNECTION_ESTABLISHED l=1).mark_down
2024-09-19T05:58:47.167 INFO:teuthology.orchestra.run.smithi103.stdout:/usr/bin/ceph: stderr
2024-09-19T05:58:46.385+0000 7f749285c640 1 --2- 172.21.15.103:0/1840902768 >> [v2:172.21.15.103:3300/0,v1:172.21.15.103:6789/0] conn(0x7f748c1076e0 0x7f748c19d8c0 secure :-1 s=READY pgs=60 cs=0 l=1 rev1=1 crypto rx=0x7f747c009940 tx=0x7f747c0327b0 comp rx=0 tx=0).stop
2024-09-19T05:58:47.167 INFO:teuthology.orchestra.run.smithi103.stdout:/usr/bin/ceph: stderr
2024-09-19T05:58:46.385+0000 7f749285c640 1 -- 172.21.15.103:0/1840902768 shutdown_connections
2024-09-19T05:58:47.167 INFO:teuthology.orchestra.run.smithi103.stdout:/usr/bin/ceph: stderr
2024-09-19T05:58:46.385+0000 7f749285c640 1 --2- 172.21.15.103:0/1840902768 >> [v2:172.21.15.103:6800/253046125,v1:172.21.15.103:6801/253046125] conn(0x7f747803ccc0 0x7f747803f0b0 unknown :-1 s=CLOSED pgs=3 cs=0 l=1 rev1=1 crypto rx=0 tx=0 comp rx=0 tx=0).stop
2024-09-19T05:58:47.167 INFO:teuthology.orchestra.run.smithi103.stdout:/usr/bin/ceph: stderr
2024-09-19T05:58:46.385+0000 7f749285c640 1 --2- 172.21.15.103:0/1840902768 >> [v2:172.21.15.103:6800/1007431406,v1:172.21.15.103:6801/1007431406] conn(0x7f7478039200 0x7f747803b6c0 unknown :-1 s=CLOSED pgs=0 cs=0 l=1 rev1=0 crypto rx=0 tx=0 comp rx=0 tx=0).stop
2024-09-19T05:58:47.167 INFO:teuthology.orchestra.run.smithi103.stdout:/usr/bin/ceph: stderr
2024-09-19T05:58:46.385+0000 7f749285c640 1 --2- 172.21.15.103:0/1840902768 >> [v2:172.21.15.103:3300/0,v1:172.21.15.103:6789/0] conn(0x7f748c1076e0 0x7f748c19d8c0 unknown :-1 s=CLOSED pgs=60 cs=0 l=1 rev1=1 crypto rx=0 tx=0 comp rx=0 tx=0).stop
2024-09-19T05:58:47.167 INFO:teuthology.orchestra.run.smithi103.stdout:/usr/bin/ceph: stderr
2024-09-19T05:58:46.385+0000 7f749285c640 1 -- 172.21.15.103:0/1840902768 >> 172.21.15.103:0/1840902768 conn(0x7f748c102e90 msgr2=0x7f748c1039e0 unknown :-1 s=STATE_NONE l=0).mark_down
2024-09-19T05:58:47.167 INFO:teuthology.orchestra.run.smithi103.stdout:/usr/bin/ceph: stderr
2024-09-19T05:58:46.385+0000 7f749285c640 1 -- 172.21.15.103:0/1840902768 shutdown_connections
2024-09-19T05:58:47.167 INFO:teuthology.orchestra.run.smithi103.stdout:/usr/bin/ceph: stderr
2024-09-19T05:58:46.385+0000 7f749285c640 1 -- 172.21.15.103:0/1840902768 wait complete.
2024-09-19T05:58:47.167 INFO:teuthology.orchestra.run.smithi103.stdout:mgr epoch 9 is available
2024-09-19T05:58:47.168 INFO:teuthology.orchestra.run.smithi103.stdout:Generating a dashboard self-signed certificate...
2024-09-19T05:58:47.410 INFO:journalctl@ceph.mon.a.smithi103.stdout:Sep 19 05:58:47 smithi103 ceph-mon[30925]: from='client.14154 -' entity='client.admin' cmd=[{"prefix": "get_command_descriptions"}]: dispatch
2024-09-19T05:58:47.410 INFO:journalctl@ceph.mon.a.smithi103.stdout:Sep 19 05:58:47 smithi103 ceph-mon[30925]: mgrmap e11: x(active, since 1.00554s)
2024-09-19T05:58:47.410 INFO:journalctl@ceph.mon.a.smithi103.stdout:Sep 19 05:58:47 smithi103 ceph-mon[30925]: from='client.14154 -' entity='client.admin' cmd=[{"prefix": "mgr_status"}]: dispatch
2024-09-19T05:58:47.410 INFO:journalctl@ceph.mon.a.smithi103.stdout:Sep 19 05:58:47 smithi103 ceph-mon[30925]: from='mgr.14150 172.21.15.103:0/2632696025' entity='mgr.x'
2024-09-19T05:58:47.744 INFO:journalctl@ceph.mgr.x.smithi103.stdout:Sep 19 05:58:47 smithi103 ceph-f3f6d2a8-764b-11ef-bceb-c7b262605968-mgr-x[31151]:
2024-09-19T05:58:47.408+0000 7fe303334640 -1 log_channel(cephadm) log [ERR] : [19/Sep/2024:05:58:47] ENGINE Error in HTTPServer.serve
2024-09-19T05:58:47.745 INFO:journalctl@ceph.mgr.x.smithi103.stdout:Sep 19 05:58:47 smithi103 ceph-f3f6d2a8-764b-11ef-bceb-c7b262605968-mgr-x[31151]: Traceback (most recent call last):
2024-09-19T05:58:47.745 INFO:journalctl@ceph.mgr.x.smithi103.stdout:Sep 19 05:58:47 smithi103 ceph-f3f6d2a8-764b-11ef-bceb-c7b262605968-mgr-x[31151]: File "/lib/python3.9/site-packages/cheroot/server.py", line 1823, in serve
2024-09-19T05:58:47.745 INFO:journalctl@ceph.mgr.x.smithi103.stdout:Sep 19 05:58:47 smithi103 ceph-f3f6d2a8-764b-11ef-bceb-c7b262605968-mgr-x[31151]: self._connections.run(self.expiration_interval)
2024-09-19T05:58:47.745 INFO:journalctl@ceph.mgr.x.smithi103.stdout:Sep 19 05:58:47 smithi103 ceph-f3f6d2a8-764b-11ef-bceb-c7b262605968-mgr-x[31151]: File "/lib/python3.9/site-packages/cheroot/connections.py", line 203, in run
2024-09-19T05:58:47.745 INFO:journalctl@ceph.mgr.x.smithi103.stdout:Sep 19 05:58:47 smithi103 ceph-f3f6d2a8-764b-11ef-bceb-c7b262605968-mgr-x[31151]: self._run(expiration_interval)
2024-09-19T05:58:47.745 INFO:journalctl@ceph.mgr.x.smithi103.stdout:Sep 19 05:58:47 smithi103 ceph-f3f6d2a8-764b-11ef-bceb-c7b262605968-mgr-x[31151]: File "/lib/python3.9/site-packages/cheroot/connections.py", line 246, in _run
2024-09-19T05:58:47.745 INFO:journalctl@ceph.mgr.x.smithi103.stdout:Sep 19 05:58:47 smithi103 ceph-f3f6d2a8-764b-11ef-bceb-c7b262605968-mgr-x[31151]: new_conn = self._from_server_socket(self.server.socket)
2024-09-19T05:58:47.745 INFO:journalctl@ceph.mgr.x.smithi103.stdout:Sep 19 05:58:47 smithi103 ceph-f3f6d2a8-764b-11ef-bceb-c7b262605968-mgr-x[31151]: File "/lib/python3.9/site-packages/cheroot/connections.py", line 300, in _from_server_socket
2024-09-19T05:58:47.745 INFO:journalctl@ceph.mgr.x.smithi103.stdout:Sep 19 05:58:47 smithi103 ceph-f3f6d2a8-764b-11ef-bceb-c7b262605968-mgr-x[31151]: s, ssl_env = self.server.ssl_adapter.wrap(s)
2024-09-19T05:58:47.745 INFO:journalctl@ceph.mgr.x.smithi103.stdout:Sep 19 05:58:47 smithi103 ceph-f3f6d2a8-764b-11ef-bceb-c7b262605968-mgr-x[31151]: File "/lib/python3.9/site-packages/cheroot/ssl/builtin.py", line 277, in wrap
2024-09-19T05:58:47.745 INFO:journalctl@ceph.mgr.x.smithi103.stdout:Sep 19 05:58:47 smithi103 ceph-f3f6d2a8-764b-11ef-bceb-c7b262605968-mgr-x[31151]: s = self.context.wrap_socket(
2024-09-19T05:58:47.746 INFO:journalctl@ceph.mgr.x.smithi103.stdout:Sep 19 05:58:47 smithi103 ceph-f3f6d2a8-764b-11ef-bceb-c7b262605968-mgr-x[31151]: File "/lib64/python3.9/ssl.py", line 501, in wrap_socket
2024-09-19T05:58:47.746 INFO:journalctl@ceph.mgr.x.smithi103.stdout:Sep 19 05:58:47 smithi103 ceph-f3f6d2a8-764b-11ef-bceb-c7b262605968-mgr-x[31151]: return self.sslsocket_class._create(
2024-09-19T05:58:47.746 INFO:journalctl@ceph.mgr.x.smithi103.stdout:Sep 19 05:58:47 smithi103 ceph-f3f6d2a8-764b-11ef-bceb-c7b262605968-mgr-x[31151]: File "/lib64/python3.9/ssl.py", line 1074, in _create
2024-09-19T05:58:47.746 INFO:journalctl@ceph.mgr.x.smithi103.stdout:Sep 19 05:58:47 smithi103 ceph-f3f6d2a8-764b-11ef-bceb-c7b262605968-mgr-x[31151]: self.do_handshake()
2024-09-19T05:58:47.746 INFO:journalctl@ceph.mgr.x.smithi103.stdout:Sep 19 05:58:47 smithi103 ceph-f3f6d2a8-764b-11ef-bceb-c7b262605968-mgr-x[31151]: File "/lib64/python3.9/ssl.py", line 1343, in do_handshake
2024-09-19T05:58:47.746 INFO:journalctl@ceph.mgr.x.smithi103.stdout:Sep 19 05:58:47 smithi103 ceph-f3f6d2a8-764b-11ef-bceb-c7b262605968-mgr-x[31151]: self._sslobj.do_handshake()
2024-09-19T05:58:47.746 INFO:journalctl@ceph.mgr.x.smithi103.stdout:Sep 19 05:58:47 smithi103 ceph-f3f6d2a8-764b-11ef-bceb-c7b262605968-mgr-x[31151]: ssl.SSLZeroReturnError: TLS/SSL connection has been closed (EOF) (_ssl.c:1133)
2024-09-19T05:58:47.746 INFO:journalctl@ceph.mgr.x.smithi103.stdout:Sep 19 05:58:47 smithi103 ceph-f3f6d2a8-764b-11ef-bceb-c7b262605968-mgr-x[31151]:
2024-09-19T05:58:48.492 INFO:teuthology.orchestra.run.smithi103.stdout:/usr/bin/ceph: stdout Self-signed certificate created
2024-09-19T05:58:48.493 INFO:teuthology.orchestra.run.smithi103.stdout:/usr/bin/ceph: stderr
2024-09-19T05:58:47.632+0000 7f3a8921d640 1 Processor -- start
2024-09-19T05:58:48.493 INFO:teuthology.orchestra.run.smithi103.stdout:/usr/bin/ceph: stderr
2024-09-19T05:58:47.632+0000 7f3a8921d640 1 -- start start
2024-09-19T05:58:48.493 INFO:teuthology.orchestra.run.smithi103.stdout:/usr/bin/ceph: stderr
2024-09-19T05:58:47.632+0000 7f3a8921d640 1 --2- >> [v2:172.21.15.103:3300/0,v1:172.21.15.103:6789/0] conn(0x7f3a8407bcd0 0x7f3a8410a1d0 unknown :-1 s=NONE pgs=0 cs=0 l=0 rev1=0 crypto rx=0 tx=0 comp rx=0 tx=0).connect
2024-09-19T05:58:48.493 INFO:teuthology.orchestra.run.smithi103.stdout:/usr/bin/ceph: stderr
2024-09-19T05:58:47.632+0000 7f3a8921d640 1 -- --> [v2:172.21.15.103:3300/0,v1:172.21.15.103:6789/0] -- mon_getmap magic: 0 -- 0x7f3a8410a7a0 con 0x7f3a8407bcd0
2024-09-19T05:58:48.493 INFO:teuthology.orchestra.run.smithi103.stdout:/usr/bin/ceph: stderr
2024-09-19T05:58:47.633+0000 7f3a82d9d640 1 --2- >> [v2:172.21.15.103:3300/0,v1:172.21.15.103:6789/0] conn(0x7f3a8407bcd0 0x7f3a8410a1d0 unknown :-1 s=BANNER_CONNECTING pgs=0 cs=0 l=0 rev1=0 crypto rx=0 tx=0 comp rx=0 tx=0)._handle_peer_banner_payload supported=3 required=0
2024-09-19T05:58:48.493 INFO:teuthology.orchestra.run.smithi103.stdout:/usr/bin/ceph: stderr
2024-09-19T05:58:47.633+0000 7f3a82d9d640 1 --2- >> [v2:172.21.15.103:3300/0,v1:172.21.15.103:6789/0] conn(0x7f3a8407bcd0 0x7f3a8410a1d0 unknown :-1 s=HELLO_CONNECTING pgs=0 cs=0 l=0 rev1=1 crypto rx=0 tx=0 comp rx=0 tx=0).handle_hello peer v2:172.21.15.103:3300/0 says I am v2:172.21.15.103:56894/0 (socket says 172.21.15.103:56894)
2024-09-19T05:58:48.493 INFO:teuthology.orchestra.run.smithi103.stdout:/usr/bin/ceph: stderr
2024-09-19T05:58:47.633+0000 7f3a82d9d640 1 -- 172.21.15.103:0/1851078120 learned_addr learned my addr 172.21.15.103:0/1851078120 (peer_addr_for_me v2:172.21.15.103:0/0)
2024-09-19T05:58:48.493 INFO:teuthology.orchestra.run.smithi103.stdout:/usr/bin/ceph: stderr
2024-09-19T05:58:47.633+0000 7f3a82d9d640 1 -- 172.21.15.103:0/1851078120 --> [v2:172.21.15.103:3300/0,v1:172.21.15.103:6789/0] -- mon_subscribe({config=0+,monmap=0+}) -- 0x7f3a8410a920 con 0x7f3a8407bcd0
2024-09-19T05:58:48.493 INFO:teuthology.orchestra.run.smithi103.stdout:/usr/bin/ceph: stderr
2024-09-19T05:58:47.634+0000 7f3a82d9d640 1 --2- 172.21.15.103:0/1851078120 >> [v2:172.21.15.103:3300/0,v1:172.21.15.103:6789/0] conn(0x7f3a8407bcd0 0x7f3a8410a1d0 secure :-1 s=READY pgs=68 cs=0 l=1 rev1=1 crypto rx=0x7f3a74009e80 tx=0x7f3a7402a7a0 comp rx=0 tx=0).ready entity=mon.0 client_cookie=345542b041c65180 server_cookie=0 in_seq=0 out_seq=0
2024-09-19T05:58:48.493 INFO:teuthology.orchestra.run.smithi103.stdout:/usr/bin/ceph: stderr
2024-09-19T05:58:47.634+0000 7f3a81d9b640 1 -- 172.21.15.103:0/1851078120 <== mon.0 v2:172.21.15.103:3300/0 1 ==== mon_map magic: 0 ==== 205+0+0 (secure 0 0 0) 0x7f3a74036070 con 0x7f3a8407bcd0
2024-09-19T05:58:48.493 INFO:teuthology.orchestra.run.smithi103.stdout:/usr/bin/ceph: stderr
2024-09-19T05:58:47.634+0000 7f3a81d9b640 1 -- 172.21.15.103:0/1851078120 <== mon.0 v2:172.21.15.103:3300/0 2 ==== config(26 keys) ==== 1102+0+0 (secure 0 0 0) 0x7f3a740318b0 con 0x7f3a8407bcd0
2024-09-19T05:58:48.494 INFO:teuthology.orchestra.run.smithi103.stdout:/usr/bin/ceph: stderr
2024-09-19T05:58:47.634+0000 7f3a81d9b640 1 -- 172.21.15.103:0/1851078120 <== mon.0 v2:172.21.15.103:3300/0 3 ==== mon_map magic: 0 ==== 205+0+0 (secure 0 0 0) 0x7f3a74007930 con 0x7f3a8407bcd0
2024-09-19T05:58:48.494 INFO:teuthology.orchestra.run.smithi103.stdout:/usr/bin/ceph: stderr
2024-09-19T05:58:47.634+0000 7f3a8921d640 1 -- 172.21.15.103:0/1851078120 >> [v2:172.21.15.103:3300/0,v1:172.21.15.103:6789/0] conn(0x7f3a8407bcd0 msgr2=0x7f3a8410a1d0 secure :-1 s=STATE_CONNECTION_ESTABLISHED l=1).mark_down
2024-09-19T05:58:48.494 INFO:teuthology.orchestra.run.smithi103.stdout:/usr/bin/ceph: stderr
2024-09-19T05:58:47.634+0000 7f3a8921d640 1 --2- 172.21.15.103:0/1851078120 >> [v2:172.21.15.103:3300/0,v1:172.21.15.103:6789/0] conn(0x7f3a8407bcd0 0x7f3a8410a1d0 secure :-1 s=READY pgs=68 cs=0 l=1 rev1=1 crypto rx=0x7f3a74009e80 tx=0x7f3a7402a7a0 comp rx=0 tx=0).stop
2024-09-19T05:58:48.494 INFO:teuthology.orchestra.run.smithi103.stdout:/usr/bin/ceph: stderr
2024-09-19T05:58:47.634+0000 7f3a8921d640 1 -- 172.21.15.103:0/1851078120 shutdown_connections
2024-09-19T05:58:48.494 INFO:teuthology.orchestra.run.smithi103.stdout:/usr/bin/ceph: stderr
2024-09-19T05:58:47.634+0000 7f3a8921d640 1 --2- 172.21.15.103:0/1851078120 >> [v2:172.21.15.103:3300/0,v1:172.21.15.103:6789/0] conn(0x7f3a8407bcd0 0x7f3a8410a1d0 unknown :-1 s=CLOSED pgs=68 cs=0 l=1 rev1=1 crypto rx=0 tx=0 comp rx=0 tx=0).stop
2024-09-19T05:58:48.494 INFO:teuthology.orchestra.run.smithi103.stdout:/usr/bin/ceph: stderr
2024-09-19T05:58:47.634+0000 7f3a8921d640 1 -- 172.21.15.103:0/1851078120 >> 172.21.15.103:0/1851078120 conn(0x7f3a84101d80 msgr2=0x7f3a841041a0 unknown :-1 s=STATE_NONE l=0).mark_down
2024-09-19T05:58:48.494 INFO:teuthology.orchestra.run.smithi103.stdout:/usr/bin/ceph: stderr
2024-09-19T05:58:47.634+0000 7f3a8921d640 1 -- 172.21.15.103:0/1851078120 shutdown_connections
2024-09-19T05:58:48.494 INFO:teuthology.orchestra.run.smithi103.stdout:/usr/bin/ceph: stderr
2024-09-19T05:58:47.634+0000 7f3a8921d640 1 -- 172.21.15.103:0/1851078120 wait complete.
2024-09-19T05:58:48.494 INFO:teuthology.orchestra.run.smithi103.stdout:/usr/bin/ceph: stderr
2024-09-19T05:58:47.635+0000 7f3a8921d640 1 Processor -- start
2024-09-19T05:58:48.494 INFO:teuthology.orchestra.run.smithi103.stdout:/usr/bin/ceph: stderr
2024-09-19T05:58:47.635+0000 7f3a8921d640 1 -- start start
2024-09-19T05:58:48.494 INFO:teuthology.orchestra.run.smithi103.stdout:/usr/bin/ceph: stderr
2024-09-19T05:58:47.635+0000 7f3a8921d640 1 --2- >> [v2:172.21.15.103:3300/0,v1:172.21.15.103:6789/0] conn(0x7f3a8419d800 0x7f3a8419dc20 unknown :-1 s=NONE pgs=0 cs=0 l=1 rev1=0 crypto rx=0 tx=0 comp rx=0 tx=0).connect
2024-09-19T05:58:48.494 INFO:teuthology.orchestra.run.smithi103.stdout:/usr/bin/ceph: stderr
2024-09-19T05:58:47.635+0000 7f3a8921d640 1 -- --> [v2:172.21.15.103:3300/0,v1:172.21.15.103:6789/0] -- mon_getmap magic: 0 -- 0x7f3a8410ba00 con 0x7f3a8419d800
2024-09-19T05:58:48.494 INFO:teuthology.orchestra.run.smithi103.stdout:/usr/bin/ceph: stderr
2024-09-19T05:58:47.636+0000 7f3a82d9d640 1 --2- >> [v2:172.21.15.103:3300/0,v1:172.21.15.103:6789/0] conn(0x7f3a8419d800 0x7f3a8419dc20 unknown :-1 s=BANNER_CONNECTING pgs=0 cs=0 l=1 rev1=0 crypto rx=0 tx=0 comp rx=0 tx=0)._handle_peer_banner_payload supported=3 required=0
2024-09-19T05:58:48.494 INFO:teuthology.orchestra.run.smithi103.stdout:/usr/bin/ceph: stderr
2024-09-19T05:58:47.636+0000 7f3a82d9d640 1 --2- >> [v2:172.21.15.103:3300/0,v1:172.21.15.103:6789/0] conn(0x7f3a8419d800 0x7f3a8419dc20 unknown :-1 s=HELLO_CONNECTING pgs=0 cs=0 l=1 rev1=1 crypto rx=0 tx=0 comp rx=0 tx=0).handle_hello peer v2:172.21.15.103:3300/0 says I am v2:172.21.15.103:56910/0 (socket says 172.21.15.103:56910)
2024-09-19T05:58:48.495 INFO:teuthology.orchestra.run.smithi103.stdout:/usr/bin/ceph: stderr
2024-09-19T05:58:47.636+0000 7f3a82d9d640 1 -- 172.21.15.103:0/2792883616 learned_addr learned my addr 172.21.15.103:0/2792883616 (peer_addr_for_me v2:172.21.15.103:0/0)
2024-09-19T05:58:48.495 INFO:teuthology.orchestra.run.smithi103.stdout:/usr/bin/ceph: stderr
2024-09-19T05:58:47.636+0000 7f3a82d9d640 1 -- 172.21.15.103:0/2792883616 --> [v2:172.21.15.103:3300/0,v1:172.21.15.103:6789/0] -- mon_subscribe({config=0+,monmap=0+}) -- 0x7f3a8419e160 con 0x7f3a8419d800
2024-09-19T05:58:48.495 INFO:teuthology.orchestra.run.smithi103.stdout:/usr/bin/ceph: stderr
2024-09-19T05:58:47.636+0000 7f3a82d9d640 1 --2- 172.21.15.103:0/2792883616 >> [v2:172.21.15.103:3300/0,v1:172.21.15.103:6789/0] conn(0x7f3a8419d800 0x7f3a8419dc20 secure :-1 s=READY pgs=69 cs=0 l=1 rev1=1 crypto rx=0x7f3a74031cc0 tx=0x7f3a74031cf0 comp rx=0 tx=0).ready entity=mon.0 client_cookie=0 server_cookie=0 in_seq=0 out_seq=0
2024-09-19T05:58:48.495 INFO:teuthology.orchestra.run.smithi103.stdout:/usr/bin/ceph: stderr
2024-09-19T05:58:47.636+0000 7f3a7bfff640 1 -- 172.21.15.103:0/2792883616 <== mon.0 v2:172.21.15.103:3300/0 1 ==== mon_map magic: 0 ==== 205+0+0 (secure 0 0 0) 0x7f3a74036050 con 0x7f3a8419d800
2024-09-19T05:58:48.495 INFO:teuthology.orchestra.run.smithi103.stdout:/usr/bin/ceph: stderr
2024-09-19T05:58:47.636+0000 7f3a7bfff640 1 -- 172.21.15.103:0/2792883616 <== mon.0 v2:172.21.15.103:3300/0 2 ==== config(26 keys) ==== 1102+0+0 (secure 0 0 0) 0x7f3a74042070 con 0x7f3a8419d800
2024-09-19T05:58:48.495 INFO:teuthology.orchestra.run.smithi103.stdout:/usr/bin/ceph: stderr
2024-09-19T05:58:47.636+0000 7f3a7bfff640 1 -- 172.21.15.103:0/2792883616 <== mon.0 v2:172.21.15.103:3300/0 3 ==== mon_map magic: 0 ==== 205+0+0 (secure 0 0 0) 0x7f3a7403db10 con 0x7f3a8419d800
2024-09-19T05:58:48.495 INFO:teuthology.orchestra.run.smithi103.stdout:/usr/bin/ceph: stderr
2024-09-19T05:58:47.636+0000 7f3a8921d640 1 -- 172.21.15.103:0/2792883616 --> [v2:172.21.15.103:3300/0,v1:172.21.15.103:6789/0] -- mon_subscribe({mgrmap=0+}) -- 0x7f3a8419e3f0 con 0x7f3a8419d800
2024-09-19T05:58:48.495 INFO:teuthology.orchestra.run.smithi103.stdout:/usr/bin/ceph: stderr
2024-09-19T05:58:47.636+0000 7f3a8921d640 1 -- 172.21.15.103:0/2792883616 --> [v2:172.21.15.103:3300/0,v1:172.21.15.103:6789/0] -- mon_subscribe({osdmap=0}) -- 0x7f3a841a0ed0 con 0x7f3a8419d800
2024-09-19T05:58:48.495 INFO:teuthology.orchestra.run.smithi103.stdout:/usr/bin/ceph: stderr
2024-09-19T05:58:47.637+0000 7f3a8921d640 1 -- 172.21.15.103:0/2792883616 --> [v2:172.21.15.103:3300/0,v1:172.21.15.103:6789/0] -- mon_command({"prefix": "get_command_descriptions"} v 0) -- 0x7f3a84108240 con 0x7f3a8419d800
2024-09-19T05:58:48.495 INFO:teuthology.orchestra.run.smithi103.stdout:/usr/bin/ceph: stderr
2024-09-19T05:58:47.637+0000 7f3a7bfff640 1 -- 172.21.15.103:0/2792883616 <== mon.0 v2:172.21.15.103:3300/0 4 ==== mgrmap(e 11) ==== 46368+0+0 (secure 0 0 0) 0x7f3a7403b740 con 0x7f3a8419d800
2024-09-19T05:58:48.495 INFO:teuthology.orchestra.run.smithi103.stdout:/usr/bin/ceph: stderr
2024-09-19T05:58:47.637+0000 7f3a7bfff640 1 --2- 172.21.15.103:0/2792883616 >> [v2:172.21.15.103:6800/253046125,v1:172.21.15.103:6801/253046125] conn(0x7f3a70039140 0x7f3a7003b600 unknown :-1 s=NONE pgs=0 cs=0 l=1 rev1=0 crypto rx=0 tx=0 comp rx=0 tx=0).connect
2024-09-19T05:58:48.495 INFO:teuthology.orchestra.run.smithi103.stdout:/usr/bin/ceph: stderr
2024-09-19T05:58:47.638+0000 7f3a7bfff640 1 -- 172.21.15.103:0/2792883616 <== mon.0 v2:172.21.15.103:3300/0 5 ==== osd_map(3..3 src has 1..3) ==== 1155+0+0 (secure 0 0 0) 0x7f3a7406d820 con 0x7f3a8419d800
2024-09-19T05:58:48.495 INFO:teuthology.orchestra.run.smithi103.stdout:/usr/bin/ceph: stderr
2024-09-19T05:58:47.638+0000 7f3a8259c640 1 --2- 172.21.15.103:0/2792883616 >> [v2:172.21.15.103:6800/253046125,v1:172.21.15.103:6801/253046125] conn(0x7f3a70039140 0x7f3a7003b600 unknown :-1 s=BANNER_CONNECTING pgs=0 cs=0 l=1 rev1=0 crypto rx=0 tx=0 comp rx=0 tx=0)._handle_peer_banner_payload supported=3 required=0
2024-09-19T05:58:48.496 INFO:teuthology.orchestra.run.smithi103.stdout:/usr/bin/ceph: stderr
2024-09-19T05:58:47.638+0000 7f3a8259c640 1 --2- 172.21.15.103:0/2792883616 >> [v2:172.21.15.103:6800/253046125,v1:172.21.15.103:6801/253046125] conn(0x7f3a70039140 0x7f3a7003b600 secure :-1 s=READY pgs=7 cs=0 l=1 rev1=1 crypto rx=0x7f3a6c0098c0 tx=0x7f3a6c006db0 comp rx=0 tx=0).ready entity=mgr.14150 client_cookie=0 server_cookie=0 in_seq=0 out_seq=0
2024-09-19T05:58:48.496 INFO:teuthology.orchestra.run.smithi103.stdout:/usr/bin/ceph: stderr
2024-09-19T05:58:47.642+0000 7f3a7bfff640 1 -- 172.21.15.103:0/2792883616 <== mon.0 v2:172.21.15.103:3300/0 6 ==== mon_command_ack([{"prefix": "get_command_descriptions"}]=0 v0) ==== 72+0+188913 (secure 0 0 0) 0x7f3a740477e0 con 0x7f3a8419d800
2024-09-19T05:58:48.496 INFO:teuthology.orchestra.run.smithi103.stdout:/usr/bin/ceph: stderr
2024-09-19T05:58:47.756+0000 7f3a7bfff640 1 -- 172.21.15.103:0/2792883616 <== mon.0 v2:172.21.15.103:3300/0 7 ==== mgrmap(e 12) ==== 46474+0+0 (secure 0 0 0) 0x7f3a74038260 con 0x7f3a8419d800
2024-09-19T05:58:48.496 INFO:teuthology.orchestra.run.smithi103.stdout:/usr/bin/ceph: stderr
2024-09-19T05:58:47.820+0000 7f3a8921d640 1 -- 172.21.15.103:0/2792883616 --> [v2:172.21.15.103:6800/253046125,v1:172.21.15.103:6801/253046125] -- mgr_command(tid 0: {"prefix": "dashboard create-self-signed-cert", "target": ["mon-mgr", ""]}) -- 0x7f3a84103040 con 0x7f3a70039140
2024-09-19T05:58:48.496 INFO:teuthology.orchestra.run.smithi103.stdout:/usr/bin/ceph: stderr
2024-09-19T05:58:47.892+0000 7f3a7bfff640 1 -- 172.21.15.103:0/2792883616 <== mgr.14150 v2:172.21.15.103:6800/253046125 1 ==== mgr_command_reply(tid 0: 0 ) ==== 8+0+32 (secure 0 0 0) 0x7f3a84103040 con 0x7f3a70039140
2024-09-19T05:58:48.496 INFO:teuthology.orchestra.run.smithi103.stdout:/usr/bin/ceph: stderr
2024-09-19T05:58:47.895+0000 7f3a8921d640 1 -- 172.21.15.103:0/2792883616 >> [v2:172.21.15.103:6800/253046125,v1:172.21.15.103:6801/253046125] conn(0x7f3a70039140 msgr2=0x7f3a7003b600 secure :-1 s=STATE_CONNECTION_ESTABLISHED l=1).mark_down
2024-09-19T05:58:48.496 INFO:teuthology.orchestra.run.smithi103.stdout:/usr/bin/ceph: stderr
2024-09-19T05:58:47.895+0000 7f3a8921d640 1 --2- 172.21.15.103:0/2792883616 >> [v2:172.21.15.103:6800/253046125,v1:172.21.15.103:6801/253046125] conn(0x7f3a70039140 0x7f3a7003b600 secure :-1 s=READY pgs=7 cs=0 l=1 rev1=1 crypto rx=0x7f3a6c0098c0 tx=0x7f3a6c006db0 comp rx=0 tx=0).stop
2024-09-19T05:58:48.496 INFO:teuthology.orchestra.run.smithi103.stdout:/usr/bin/ceph: stderr
2024-09-19T05:58:47.895+0000 7f3a8921d640 1 -- 172.21.15.103:0/2792883616 >> [v2:172.21.15.103:3300/0,v1:172.21.15.103:6789/0] conn(0x7f3a8419d800 msgr2=0x7f3a8419dc20 secure :-1 s=STATE_CONNECTION_ESTABLISHED l=1).mark_down
2024-09-19T05:58:48.496 INFO:teuthology.orchestra.run.smithi103.stdout:/usr/bin/ceph: stderr
2024-09-19T05:58:47.895+0000 7f3a8921d640 1 --2- 172.21.15.103:0/2792883616 >> [v2:172.21.15.103:3300/0,v1:172.21.15.103:6789/0] conn(0x7f3a8419d800 0x7f3a8419dc20 secure :-1 s=READY pgs=69 cs=0 l=1 rev1=1 crypto rx=0x7f3a74031cc0 tx=0x7f3a74031cf0 comp rx=0 tx=0).stop
2024-09-19T05:58:48.496 INFO:teuthology.orchestra.run.smithi103.stdout:/usr/bin/ceph: stderr
2024-09-19T05:58:47.895+0000 7f3a8921d640 1 -- 172.21.15.103:0/2792883616 shutdown_connections
2024-09-19T05:58:48.496 INFO:teuthology.orchestra.run.smithi103.stdout:/usr/bin/ceph: stderr
2024-09-19T05:58:47.895+0000 7f3a8921d640 1 --2- 172.21.15.103:0/2792883616 >> [v2:172.21.15.103:6800/253046125,v1:172.21.15.103:6801/253046125] conn(0x7f3a70039140 0x7f3a7003b600 unknown :-1 s=CLOSED pgs=7 cs=0 l=1 rev1=1 crypto rx=0 tx=0 comp rx=0 tx=0).stop
2024-09-19T05:58:48.496 INFO:teuthology.orchestra.run.smithi103.stdout:/usr/bin/ceph: stderr
2024-09-19T05:58:47.895+0000 7f3a8921d640 1 --2- 172.21.15.103:0/2792883616 >> [v2:172.21.15.103:3300/0,v1:172.21.15.103:6789/0] conn(0x7f3a8419d800 0x7f3a8419dc20 unknown :-1 s=CLOSED pgs=69 cs=0 l=1 rev1=1 crypto rx=0 tx=0 comp rx=0 tx=0).stop
2024-09-19T05:58:48.497 INFO:teuthology.orchestra.run.smithi103.stdout:/usr/bin/ceph: stderr
2024-09-19T05:58:47.895+0000 7f3a8921d640 1 -- 172.21.15.103:0/2792883616 >> 172.21.15.103:0/2792883616 conn(0x7f3a84101d80 msgr2=0x7f3a84102930 unknown :-1 s=STATE_NONE l=0).mark_down
2024-09-19T05:58:48.497 INFO:teuthology.orchestra.run.smithi103.stdout:/usr/bin/ceph: stderr
2024-09-19T05:58:47.895+0000 7f3a8921d640 1 -- 172.21.15.103:0/2792883616 shutdown_connections
2024-09-19T05:58:48.497 INFO:teuthology.orchestra.run.smithi103.stdout:/usr/bin/ceph: stderr
2024-09-19T05:58:47.895+0000 7f3a8921d640 1 -- 172.21.15.103:0/2792883616 wait complete.
2024-09-19T05:58:48.497 INFO:teuthology.orchestra.run.smithi103.stdout:Creating initial admin user...
2024-09-19T05:58:48.611 INFO:journalctl@ceph.mon.a.smithi103.stdout:Sep 19 05:58:48 smithi103 ceph-mon[30925]: [19/Sep/2024:05:58:47] ENGINE Bus STARTING
2024-09-19T05:58:48.611 INFO:journalctl@ceph.mon.a.smithi103.stdout:Sep 19 05:58:48 smithi103 ceph-mon[30925]: [19/Sep/2024:05:58:47] ENGINE Serving on https://172.21.15.103:7150
2024-09-19T05:58:48.611 INFO:journalctl@ceph.mon.a.smithi103.stdout:Sep 19 05:58:48 smithi103 ceph-mon[30925]: [19/Sep/2024:05:58:47] ENGINE Error in HTTPServer.serve
2024-09-19T05:58:48.611 INFO:journalctl@ceph.mon.a.smithi103.stdout: Traceback (most recent call last):
2024-09-19T05:58:48.611 INFO:journalctl@ceph.mon.a.smithi103.stdout: File "/lib/python3.9/site-packages/cheroot/server.py", line 1823, in serve
2024-09-19T05:58:48.611 INFO:journalctl@ceph.mon.a.smithi103.stdout: self._connections.run(self.expiration_interval)
2024-09-19T05:58:48.611 INFO:journalctl@ceph.mon.a.smithi103.stdout: File "/lib/python3.9/site-packages/cheroot/connections.py", line 203, in run
2024-09-19T05:58:48.611 INFO:journalctl@ceph.mon.a.smithi103.stdout: self._run(expiration_interval)
2024-09-19T05:58:48.611 INFO:journalctl@ceph.mon.a.smithi103.stdout: File "/lib/python3.9/site-packages/cheroot/connections.py", line 246, in _run
2024-09-19T05:58:48.611 INFO:journalctl@ceph.mon.a.smithi103.stdout: new_conn = self._from_server_socket(self.server.socket)
2024-09-19T05:58:48.611 INFO:journalctl@ceph.mon.a.smithi103.stdout: File "/lib/python3.9/site-packages/cheroot/connections.py", line 300, in _from_server_socket
2024-09-19T05:58:48.612 INFO:journalctl@ceph.mon.a.smithi103.stdout: s, ssl_env = self.server.ssl_adapter.wrap(s)
2024-09-19T05:58:48.612 INFO:journalctl@ceph.mon.a.smithi103.stdout: File "/lib/python3.9/site-packages/cheroot/ssl/builtin.py", line 277, in wrap
2024-09-19T05:58:48.612 INFO:journalctl@ceph.mon.a.smithi103.stdout: s = self.context.wrap_socket(
2024-09-19T05:58:48.612 INFO:journalctl@ceph.mon.a.smithi103.stdout: File "/lib64/python3.9/ssl.py", line 501, in wrap_socket
2024-09-19T05:58:48.612 INFO:journalctl@ceph.mon.a.smithi103.stdout: return self.sslsocket_class._create(
2024-09-19T05:58:48.612 INFO:journalctl@ceph.mon.a.smithi103.stdout: File "/lib64/python3.9/ssl.py", line 1074, in _create
2024-09-19T05:58:48.612 INFO:journalctl@ceph.mon.a.smithi103.stdout: self.do_handshake()
2024-09-19T05:58:48.612 INFO:journalctl@ceph.mon.a.smithi103.stdout: File "/lib64/python3.9/ssl.py", line 1343, in do_handshake
2024-09-19T05:58:48.612 INFO:journalctl@ceph.mon.a.smithi103.stdout: self._sslobj.do_handshake()
2024-09-19T05:58:48.612 INFO:journalctl@ceph.mon.a.smithi103.stdout: ssl.SSLZeroReturnError: TLS/SSL connection has been closed (EOF) (_ssl.c:1133)
2024-09-19T05:58:48.612 INFO:journalctl@ceph.mon.a.smithi103.stdout:Sep 19 05:58:48 smithi103 ceph-mon[30925]: [19/Sep/2024:05:58:47] ENGINE Serving on http://172.21.15.103:8765
2024-09-19T05:58:48.612 INFO:journalctl@ceph.mon.a.smithi103.stdout:Sep 19 05:58:48 smithi103 ceph-mon[30925]: [19/Sep/2024:05:58:47] ENGINE Bus STARTED
2024-09-19T05:58:48.612 INFO:journalctl@ceph.mon.a.smithi103.stdout:Sep 19 05:58:48 smithi103 ceph-mon[30925]: from='mgr.14150 172.21.15.103:0/2632696025' entity='mgr.x'
2024-09-19T05:58:48.612 INFO:journalctl@ceph.mon.a.smithi103.stdout:Sep 19 05:58:48 smithi103 ceph-mon[30925]: mgrmap e12: x(active, since 2s)
2024-09-19T05:58:48.613 INFO:journalctl@ceph.mon.a.smithi103.stdout:Sep 19 05:58:48 smithi103 ceph-mon[30925]: from='mgr.14150 172.21.15.103:0/2632696025' entity='mgr.x'
2024-09-19T05:58:48.613 INFO:journalctl@ceph.mon.a.smithi103.stdout:Sep 19 05:58:48 smithi103 ceph-mon[30925]: from='mgr.14150 172.21.15.103:0/2632696025' entity='mgr.x'
2024-09-19T05:58:49.494 INFO:journalctl@ceph.mon.a.smithi103.stdout:Sep 19 05:58:49 smithi103 ceph-mon[30925]: from='client.14162 -' entity='client.admin' cmd=[{"prefix": "dashboard create-self-signed-cert", "target": ["mon-mgr", ""]}]: dispatch
2024-09-19T05:58:49.494 INFO:journalctl@ceph.mon.a.smithi103.stdout:Sep 19 05:58:49 smithi103 ceph-mon[30925]: from='mgr.14150 172.21.15.103:0/2632696025' entity='mgr.x'
2024-09-19T05:58:50.494 INFO:journalctl@ceph.mon.a.smithi103.stdout:Sep 19 05:58:50 smithi103 ceph-mon[30925]: from='client.14164 -' entity='client.admin' cmd=[{"prefix": "dashboard ac-user-create", "username": "admin", "rolename": "administrator", "force_password": true, "pwd_update_required": true, "target": ["mon-mgr", ""]}]: dispatch
2024-09-19T05:58:50.723 INFO:teuthology.orchestra.run.smithi103.stdout:/usr/bin/ceph: stdout {"username": "admin", "password": "$2b$12$gswtx/NRKrcQrSM.AoMbTe2Ns2mmes5kNoZTcGNkIBauWFihhZsJK", "roles": ["administrator"], "name": null, "email": null, "lastUpdate": 1726725529, "enabled": true, "pwdExpirationDate": null, "pwdUpdateRequired": true}
2024-09-19T05:58:50.723 INFO:teuthology.orchestra.run.smithi103.stdout:/usr/bin/ceph: stderr
2024-09-19T05:58:48.892+0000 7f78cc25e640 1 Processor -- start
2024-09-19T05:58:50.723 INFO:teuthology.orchestra.run.smithi103.stdout:/usr/bin/ceph: stderr
2024-09-19T05:58:48.892+0000 7f78cc25e640 1 -- start start
2024-09-19T05:58:50.723 INFO:teuthology.orchestra.run.smithi103.stdout:/usr/bin/ceph: stderr
2024-09-19T05:58:48.893+0000 7f78cc25e640 1 --2- >> [v2:172.21.15.103:3300/0,v1:172.21.15.103:6789/0] conn(0x7f78c4106570 0x7f78c4106970 unknown :-1 s=NONE pgs=0 cs=0 l=0 rev1=0 crypto rx=0 tx=0 comp rx=0 tx=0).connect
2024-09-19T05:58:50.723 INFO:teuthology.orchestra.run.smithi103.stdout:/usr/bin/ceph: stderr
2024-09-19T05:58:48.893+0000 7f78cc25e640 1 -- --> [v2:172.21.15.103:3300/0,v1:172.21.15.103:6789/0] -- mon_getmap magic: 0 -- 0x7f78c4106f40 con 0x7f78c4106570
2024-09-19T05:58:50.723 INFO:teuthology.orchestra.run.smithi103.stdout:/usr/bin/ceph: stderr
2024-09-19T05:58:48.893+0000 7f78c9ffa640 1 --2- >> [v2:172.21.15.103:3300/0,v1:172.21.15.103:6789/0] conn(0x7f78c4106570 0x7f78c4106970 unknown :-1 s=BANNER_CONNECTING pgs=0 cs=0 l=0 rev1=0 crypto rx=0 tx=0 comp rx=0 tx=0)._handle_peer_banner_payload supported=3 required=0
2024-09-19T05:58:50.723 INFO:teuthology.orchestra.run.smithi103.stdout:/usr/bin/ceph: stderr
2024-09-19T05:58:48.893+0000 7f78c9ffa640 1 --2- >> [v2:172.21.15.103:3300/0,v1:172.21.15.103:6789/0] conn(0x7f78c4106570 0x7f78c4106970 unknown :-1 s=HELLO_CONNECTING pgs=0 cs=0 l=0 rev1=1 crypto rx=0 tx=0 comp rx=0 tx=0).handle_hello peer v2:172.21.15.103:3300/0 says I am v2:172.21.15.103:56926/0 (socket says 172.21.15.103:56926)
2024-09-19T05:58:50.723 INFO:teuthology.orchestra.run.smithi103.stdout:/usr/bin/ceph: stderr
2024-09-19T05:58:48.893+0000 7f78c9ffa640 1 -- 172.21.15.103:0/4270788682 learned_addr learned my addr 172.21.15.103:0/4270788682 (peer_addr_for_me v2:172.21.15.103:0/0)
2024-09-19T05:58:50.723 INFO:teuthology.orchestra.run.smithi103.stdout:/usr/bin/ceph: stderr
2024-09-19T05:58:48.893+0000 7f78c9ffa640 1 -- 172.21.15.103:0/4270788682 --> [v2:172.21.15.103:3300/0,v1:172.21.15.103:6789/0] -- mon_subscribe({config=0+,monmap=0+}) -- 0x7f78c4107720 con 0x7f78c4106570
2024-09-19T05:58:50.723 INFO:teuthology.orchestra.run.smithi103.stdout:/usr/bin/ceph: stderr
2024-09-19T05:58:48.894+0000 7f78c9ffa640 1 --2- 172.21.15.103:0/4270788682 >> [v2:172.21.15.103:3300/0,v1:172.21.15.103:6789/0] conn(0x7f78c4106570 0x7f78c4106970 secure :-1 s=READY pgs=70 cs=0 l=1 rev1=1 crypto rx=0x7f78b4009e80 tx=0x7f78b402a7a0 comp rx=0 tx=0).ready entity=mon.0 client_cookie=44e267ac448048f9 server_cookie=0 in_seq=0 out_seq=0
2024-09-19T05:58:50.724 INFO:teuthology.orchestra.run.smithi103.stdout:/usr/bin/ceph: stderr
2024-09-19T05:58:48.894+0000 7f78c8ff8640 1 -- 172.21.15.103:0/4270788682 <== mon.0 v2:172.21.15.103:3300/0 1 ==== mon_map magic: 0 ==== 205+0+0 (secure 0 0 0) 0x7f78b4036070 con 0x7f78c4106570
2024-09-19T05:58:50.724 INFO:teuthology.orchestra.run.smithi103.stdout:/usr/bin/ceph: stderr
2024-09-19T05:58:48.894+0000 7f78c8ff8640 1 -- 172.21.15.103:0/4270788682 <== mon.0 v2:172.21.15.103:3300/0 2 ==== config(26 keys) ==== 1102+0+0 (secure 0 0 0) 0x7f78b40318b0 con 0x7f78c4106570
2024-09-19T05:58:50.724 INFO:teuthology.orchestra.run.smithi103.stdout:/usr/bin/ceph: stderr
2024-09-19T05:58:48.894+0000 7f78c8ff8640 1 -- 172.21.15.103:0/4270788682 <== mon.0 v2:172.21.15.103:3300/0 3 ==== mon_map magic: 0 ==== 205+0+0 (secure 0 0 0) 0x7f78b4007930 con 0x7f78c4106570
2024-09-19T05:58:50.724 INFO:teuthology.orchestra.run.smithi103.stdout:/usr/bin/ceph: stderr
2024-09-19T05:58:48.895+0000 7f78cc25e640 1 -- 172.21.15.103:0/4270788682 >> [v2:172.21.15.103:3300/0,v1:172.21.15.103:6789/0] conn(0x7f78c4106570 msgr2=0x7f78c4106970 secure :-1 s=STATE_CONNECTION_ESTABLISHED l=1).mark_down
2024-09-19T05:58:50.724 INFO:teuthology.orchestra.run.smithi103.stdout:/usr/bin/ceph: stderr
2024-09-19T05:58:48.895+0000 7f78cc25e640 1 --2- 172.21.15.103:0/4270788682 >> [v2:172.21.15.103:3300/0,v1:172.21.15.103:6789/0] conn(0x7f78c4106570 0x7f78c4106970 secure :-1 s=READY pgs=70 cs=0 l=1 rev1=1 crypto rx=0x7f78b4009e80 tx=0x7f78b402a7a0 comp rx=0 tx=0).stop
2024-09-19T05:58:50.724 INFO:teuthology.orchestra.run.smithi103.stdout:/usr/bin/ceph: stderr
2024-09-19T05:58:48.895+0000 7f78cc25e640 1 -- 172.21.15.103:0/4270788682 shutdown_connections
2024-09-19T05:58:50.724 INFO:teuthology.orchestra.run.smithi103.stdout:/usr/bin/ceph: stderr
2024-09-19T05:58:48.895+0000 7f78cc25e640 1 --2- 172.21.15.103:0/4270788682 >> [v2:172.21.15.103:3300/0,v1:172.21.15.103:6789/0] conn(0x7f78c4106570 0x7f78c4106970 unknown :-1 s=CLOSED pgs=70 cs=0 l=1 rev1=1 crypto rx=0 tx=0 comp rx=0 tx=0).stop
2024-09-19T05:58:50.724 INFO:teuthology.orchestra.run.smithi103.stdout:/usr/bin/ceph: stderr
2024-09-19T05:58:48.895+0000 7f78cc25e640 1 -- 172.21.15.103:0/4270788682 >> 172.21.15.103:0/4270788682 conn(0x7f78c4101d80 msgr2=0x7f78c41041a0 unknown :-1 s=STATE_NONE l=0).mark_down
2024-09-19T05:58:50.724 INFO:teuthology.orchestra.run.smithi103.stdout:/usr/bin/ceph: stderr
2024-09-19T05:58:48.895+0000 7f78cc25e640 1 -- 172.21.15.103:0/4270788682 shutdown_connections
2024-09-19T05:58:50.724 INFO:teuthology.orchestra.run.smithi103.stdout:/usr/bin/ceph: stderr
2024-09-19T05:58:48.895+0000 7f78cc25e640 1 -- 172.21.15.103:0/4270788682 wait complete.
2024-09-19T05:58:50.724 INFO:teuthology.orchestra.run.smithi103.stdout:/usr/bin/ceph: stderr
2024-09-19T05:58:48.895+0000 7f78cc25e640 1 Processor -- start
2024-09-19T05:58:50.724 INFO:teuthology.orchestra.run.smithi103.stdout:/usr/bin/ceph: stderr
2024-09-19T05:58:48.895+0000 7f78cc25e640 1 -- start start
2024-09-19T05:58:50.724 INFO:teuthology.orchestra.run.smithi103.stdout:/usr/bin/ceph: stderr
2024-09-19T05:58:48.896+0000 7f78cc25e640 1 --2- >> [v2:172.21.15.103:3300/0,v1:172.21.15.103:6789/0] conn(0x7f78c4106570 0x7f78c4191750 unknown :-1 s=NONE pgs=0 cs=0 l=1 rev1=0 crypto rx=0 tx=0 comp rx=0 tx=0).connect
2024-09-19T05:58:50.725 INFO:teuthology.orchestra.run.smithi103.stdout:/usr/bin/ceph: stderr
2024-09-19T05:58:48.896+0000 7f78cc25e640 1 -- --> [v2:172.21.15.103:3300/0,v1:172.21.15.103:6789/0] -- mon_getmap magic: 0 -- 0x7f78c410aad0 con 0x7f78c4106570
2024-09-19T05:58:50.725 INFO:teuthology.orchestra.run.smithi103.stdout:/usr/bin/ceph: stderr
2024-09-19T05:58:48.896+0000 7f78c9ffa640 1 --2- >> [v2:172.21.15.103:3300/0,v1:172.21.15.103:6789/0] conn(0x7f78c4106570 0x7f78c4191750 unknown :-1 s=BANNER_CONNECTING pgs=0 cs=0 l=1 rev1=0 crypto rx=0 tx=0 comp rx=0 tx=0)._handle_peer_banner_payload supported=3 required=0
2024-09-19T05:58:50.725 INFO:teuthology.orchestra.run.smithi103.stdout:/usr/bin/ceph: stderr
2024-09-19T05:58:48.896+0000 7f78c9ffa640 1 --2- >> [v2:172.21.15.103:3300/0,v1:172.21.15.103:6789/0] conn(0x7f78c4106570 0x7f78c4191750 unknown :-1 s=HELLO_CONNECTING pgs=0 cs=0 l=1 rev1=1 crypto rx=0 tx=0 comp rx=0 tx=0).handle_hello peer v2:172.21.15.103:3300/0 says I am v2:172.21.15.103:56936/0 (socket says 172.21.15.103:56936)
2024-09-19T05:58:50.725 INFO:teuthology.orchestra.run.smithi103.stdout:/usr/bin/ceph: stderr
2024-09-19T05:58:48.896+0000 7f78c9ffa640 1 -- 172.21.15.103:0/1766724792 learned_addr learned my addr 172.21.15.103:0/1766724792 (peer_addr_for_me v2:172.21.15.103:0/0)
2024-09-19T05:58:50.726 INFO:teuthology.orchestra.run.smithi103.stdout:/usr/bin/ceph: stderr
2024-09-19T05:58:48.896+0000 7f78c9ffa640 1 -- 172.21.15.103:0/1766724792 --> [v2:172.21.15.103:3300/0,v1:172.21.15.103:6789/0] -- mon_subscribe({config=0+,monmap=0+}) -- 0x7f78c4191c90 con 0x7f78c4106570
2024-09-19T05:58:50.726 INFO:teuthology.orchestra.run.smithi103.stdout:/usr/bin/ceph: stderr
