2024-09-19T06:02:03.330+0000 7fe705e00640 1 -- 172.21.15.3:0/1402293694 learned_addr learned my addr 172.21.15.3:0/1402293694 (peer_addr_for_me v2:172.21.15.3:0/0)
2024-09-19T06:02:04.190 INFO:teuthology.orchestra.run.smithi003.stdout:/usr/bin/ceph: stderr
2024-09-19T06:02:03.330+0000 7fe705e00640 1 -- 172.21.15.3:0/1402293694 --> [v2:172.21.15.3:3300/0,v1:172.21.15.3:6789/0] -- mon_subscribe({config=0+,monmap=0+}) -- 0x7fe70819de00 con 0x7fe70807de80
2024-09-19T06:02:04.190 INFO:teuthology.orchestra.run.smithi003.stdout:/usr/bin/ceph: stderr
2024-09-19T06:02:03.331+0000 7fe705e00640 1 --2- 172.21.15.3:0/1402293694 >> [v2:172.21.15.3:3300/0,v1:172.21.15.3:6789/0] conn(0x7fe70807de80 0x7fe70819d8c0 secure :-1 s=READY pgs=36 cs=0 l=1 rev1=1 crypto rx=0x7fe6f80097f0 tx=0x7fe6f8030d80 comp rx=0 tx=0).ready entity=mon.0 client_cookie=0 server_cookie=0 in_seq=0 out_seq=0
2024-09-19T06:02:04.190 INFO:teuthology.orchestra.run.smithi003.stdout:/usr/bin/ceph: stderr
2024-09-19T06:02:03.331+0000 7fe6fea00640 1 -- 172.21.15.3:0/1402293694 <== mon.0 v2:172.21.15.3:3300/0 1 ==== mon_map magic: 0 ==== 205+0+0 (secure 0 0 0) 0x7fe6f8037040 con 0x7fe70807de80
2024-09-19T06:02:04.191 INFO:teuthology.orchestra.run.smithi003.stdout:/usr/bin/ceph: stderr
2024-09-19T06:02:03.331+0000 7fe6fea00640 1 -- 172.21.15.3:0/1402293694 <== mon.0 v2:172.21.15.3:3300/0 2 ==== config(27 keys) ==== 1109+0+0 (secure 0 0 0) 0x7fe6f8040070 con 0x7fe70807de80
2024-09-19T06:02:04.191 INFO:teuthology.orchestra.run.smithi003.stdout:/usr/bin/ceph: stderr
2024-09-19T06:02:03.331+0000 7fe6fea00640 1 -- 172.21.15.3:0/1402293694 <== mon.0 v2:172.21.15.3:3300/0 3 ==== mon_map magic: 0 ==== 205+0+0 (secure 0 0 0) 0x7fe6f803a390 con 0x7fe70807de80
2024-09-19T06:02:04.191 INFO:teuthology.orchestra.run.smithi003.stdout:/usr/bin/ceph: stderr
2024-09-19T06:02:03.331+0000 7fe70d200640 1 -- 172.21.15.3:0/1402293694 --> [v2:172.21.15.3:3300/0,v1:172.21.15.3:6789/0] -- mon_subscribe({mgrmap=0+}) -- 0x7fe70819e090 con 0x7fe70807de80
2024-09-19T06:02:04.191 INFO:teuthology.orchestra.run.smithi003.stdout:/usr/bin/ceph: stderr
2024-09-19T06:02:03.331+0000 7fe70d200640 1 -- 172.21.15.3:0/1402293694 --> [v2:172.21.15.3:3300/0,v1:172.21.15.3:6789/0] -- mon_subscribe({osdmap=0}) -- 0x7fe7081a0d80 con 0x7fe70807de80
2024-09-19T06:02:04.191 INFO:teuthology.orchestra.run.smithi003.stdout:/usr/bin/ceph: stderr
2024-09-19T06:02:03.332+0000 7fe6fea00640 1 -- 172.21.15.3:0/1402293694 <== mon.0 v2:172.21.15.3:3300/0 4 ==== mgrmap(e 7) ==== 46355+0+0 (secure 0 0 0) 0x7fe6f803b430 con 0x7fe70807de80
2024-09-19T06:02:04.191 INFO:teuthology.orchestra.run.smithi003.stdout:/usr/bin/ceph: stderr
2024-09-19T06:02:03.332+0000 7fe70d200640 1 -- 172.21.15.3:0/1402293694 --> [v2:172.21.15.3:3300/0,v1:172.21.15.3:6789/0] -- mon_command({"prefix": "get_command_descriptions"} v 0) -- 0x7fe70807c360 con 0x7fe70807de80
2024-09-19T06:02:04.191 INFO:teuthology.orchestra.run.smithi003.stdout:/usr/bin/ceph: stderr
2024-09-19T06:02:03.333+0000 7fe6fea00640 1 --2- 172.21.15.3:0/1402293694 >> [v2:172.21.15.3:6800/518259590,v1:172.21.15.3:6801/518259590] conn(0x7fe6ec0390a0 0x7fe6ec03b560 unknown :-1 s=NONE pgs=0 cs=0 l=1 rev1=0 crypto rx=0 tx=0 comp rx=0 tx=0).connect
2024-09-19T06:02:04.191 INFO:teuthology.orchestra.run.smithi003.stdout:/usr/bin/ceph: stderr
2024-09-19T06:02:03.333+0000 7fe6fea00640 1 -- 172.21.15.3:0/1402293694 <== mon.0 v2:172.21.15.3:3300/0 5 ==== osd_map(2..2 src has 1..2) ==== 940+0+0 (secure 0 0 0) 0x7fe6f806c650 con 0x7fe70807de80
2024-09-19T06:02:04.191 INFO:teuthology.orchestra.run.smithi003.stdout:/usr/bin/ceph: stderr
2024-09-19T06:02:03.333+0000 7fe705400640 1 --2- 172.21.15.3:0/1402293694 >> [v2:172.21.15.3:6800/518259590,v1:172.21.15.3:6801/518259590] conn(0x7fe6ec0390a0 0x7fe6ec03b560 unknown :-1 s=BANNER_CONNECTING pgs=0 cs=0 l=1 rev1=0 crypto rx=0 tx=0 comp rx=0 tx=0)._handle_peer_banner_payload supported=3 required=0
2024-09-19T06:02:04.191 INFO:teuthology.orchestra.run.smithi003.stdout:/usr/bin/ceph: stderr
2024-09-19T06:02:03.334+0000 7fe705400640 1 --2- 172.21.15.3:0/1402293694 >> [v2:172.21.15.3:6800/518259590,v1:172.21.15.3:6801/518259590] conn(0x7fe6ec0390a0 0x7fe6ec03b560 secure :-1 s=READY pgs=7 cs=0 l=1 rev1=1 crypto rx=0x7fe6f40098c0 tx=0x7fe6f4006db0 comp rx=0 tx=0).ready entity=mgr.14118 client_cookie=0 server_cookie=0 in_seq=0 out_seq=0
2024-09-19T06:02:04.191 INFO:teuthology.orchestra.run.smithi003.stdout:/usr/bin/ceph: stderr
2024-09-19T06:02:03.338+0000 7fe6fea00640 1 -- 172.21.15.3:0/1402293694 <== mon.0 v2:172.21.15.3:3300/0 6 ==== mon_command_ack([{"prefix": "get_command_descriptions"}]=0 v0) ==== 72+0+188913 (secure 0 0 0) 0x7fe6f8032900 con 0x7fe70807de80
2024-09-19T06:02:04.191 INFO:teuthology.orchestra.run.smithi003.stdout:/usr/bin/ceph: stderr
2024-09-19T06:02:03.538+0000 7fe70d200640 1 -- 172.21.15.3:0/1402293694 --> [v2:172.21.15.3:6800/518259590,v1:172.21.15.3:6801/518259590] -- mgr_command(tid 0: {"prefix": "orch set backend", "module_name": "cephadm", "target": ["mon-mgr", ""]}) -- 0x7fe708104130 con 0x7fe6ec0390a0
2024-09-19T06:02:04.191 INFO:teuthology.orchestra.run.smithi003.stdout:/usr/bin/ceph: stderr
2024-09-19T06:02:03.544+0000 7fe6fea00640 1 -- 172.21.15.3:0/1402293694 <== mgr.14118 v2:172.21.15.3:6800/518259590 1 ==== mgr_command_reply(tid 0: 0 ) ==== 8+0+0 (secure 0 0 0) 0x7fe708104130 con 0x7fe6ec0390a0
2024-09-19T06:02:04.191 INFO:teuthology.orchestra.run.smithi003.stdout:/usr/bin/ceph: stderr
2024-09-19T06:02:03.546+0000 7fe70d200640 1 -- 172.21.15.3:0/1402293694 >> [v2:172.21.15.3:6800/518259590,v1:172.21.15.3:6801/518259590] conn(0x7fe6ec0390a0 msgr2=0x7fe6ec03b560 secure :-1 s=STATE_CONNECTION_ESTABLISHED l=1).mark_down
2024-09-19T06:02:04.192 INFO:teuthology.orchestra.run.smithi003.stdout:/usr/bin/ceph: stderr
2024-09-19T06:02:03.546+0000 7fe70d200640 1 --2- 172.21.15.3:0/1402293694 >> [v2:172.21.15.3:6800/518259590,v1:172.21.15.3:6801/518259590] conn(0x7fe6ec0390a0 0x7fe6ec03b560 secure :-1 s=READY pgs=7 cs=0 l=1 rev1=1 crypto rx=0x7fe6f40098c0 tx=0x7fe6f4006db0 comp rx=0 tx=0).stop
2024-09-19T06:02:04.192 INFO:teuthology.orchestra.run.smithi003.stdout:/usr/bin/ceph: stderr
2024-09-19T06:02:03.546+0000 7fe70d200640 1 -- 172.21.15.3:0/1402293694 >> [v2:172.21.15.3:3300/0,v1:172.21.15.3:6789/0] conn(0x7fe70807de80 msgr2=0x7fe70819d8c0 secure :-1 s=STATE_CONNECTION_ESTABLISHED l=1).mark_down
2024-09-19T06:02:04.192 INFO:teuthology.orchestra.run.smithi003.stdout:/usr/bin/ceph: stderr
2024-09-19T06:02:03.546+0000 7fe70d200640 1 --2- 172.21.15.3:0/1402293694 >> [v2:172.21.15.3:3300/0,v1:172.21.15.3:6789/0] conn(0x7fe70807de80 0x7fe70819d8c0 secure :-1 s=READY pgs=36 cs=0 l=1 rev1=1 crypto rx=0x7fe6f80097f0 tx=0x7fe6f8030d80 comp rx=0 tx=0).stop
2024-09-19T06:02:04.192 INFO:teuthology.orchestra.run.smithi003.stdout:/usr/bin/ceph: stderr
2024-09-19T06:02:03.547+0000 7fe70d200640 1 -- 172.21.15.3:0/1402293694 shutdown_connections
2024-09-19T06:02:04.192 INFO:teuthology.orchestra.run.smithi003.stdout:/usr/bin/ceph: stderr
2024-09-19T06:02:03.547+0000 7fe70d200640 1 --2- 172.21.15.3:0/1402293694 >> [v2:172.21.15.3:6800/518259590,v1:172.21.15.3:6801/518259590] conn(0x7fe6ec0390a0 0x7fe6ec03b560 unknown :-1 s=CLOSED pgs=7 cs=0 l=1 rev1=1 crypto rx=0 tx=0 comp rx=0 tx=0).stop
2024-09-19T06:02:04.192 INFO:teuthology.orchestra.run.smithi003.stdout:/usr/bin/ceph: stderr
2024-09-19T06:02:03.547+0000 7fe70d200640 1 --2- 172.21.15.3:0/1402293694 >> [v2:172.21.15.3:3300/0,v1:172.21.15.3:6789/0] conn(0x7fe70807de80 0x7fe70819d8c0 unknown :-1 s=CLOSED pgs=36 cs=0 l=1 rev1=1 crypto rx=0 tx=0 comp rx=0 tx=0).stop
2024-09-19T06:02:04.192 INFO:teuthology.orchestra.run.smithi003.stdout:/usr/bin/ceph: stderr
2024-09-19T06:02:03.547+0000 7fe70d200640 1 -- 172.21.15.3:0/1402293694 >> 172.21.15.3:0/1402293694 conn(0x7fe708102ec0 msgr2=0x7fe708103a20 unknown :-1 s=STATE_NONE l=0).mark_down
2024-09-19T06:02:04.192 INFO:teuthology.orchestra.run.smithi003.stdout:/usr/bin/ceph: stderr
2024-09-19T06:02:03.547+0000 7fe70d200640 1 -- 172.21.15.3:0/1402293694 shutdown_connections
2024-09-19T06:02:04.192 INFO:teuthology.orchestra.run.smithi003.stdout:/usr/bin/ceph: stderr
2024-09-19T06:02:03.547+0000 7fe70d200640 1 -- 172.21.15.3:0/1402293694 wait complete.
2024-09-19T06:02:04.416 INFO:journalctl@ceph.mgr.x.smithi003.stdout:Sep 19 06:02:04 smithi003 ceph-782a5144-764c-11ef-bceb-c7b262605968-mgr-x[31119]:
2024-09-19T06:02:04.156+0000 7fec6b600640 -1 log_channel(cephadm) log [ERR] : [19/Sep/2024:06:02:04] ENGINE Error in HTTPServer.serve
2024-09-19T06:02:04.416 INFO:journalctl@ceph.mgr.x.smithi003.stdout:Sep 19 06:02:04 smithi003 ceph-782a5144-764c-11ef-bceb-c7b262605968-mgr-x[31119]: Traceback (most recent call last):
2024-09-19T06:02:04.416 INFO:journalctl@ceph.mgr.x.smithi003.stdout:Sep 19 06:02:04 smithi003 ceph-782a5144-764c-11ef-bceb-c7b262605968-mgr-x[31119]: File "/lib/python3.9/site-packages/cheroot/server.py", line 1823, in serve
2024-09-19T06:02:04.416 INFO:journalctl@ceph.mgr.x.smithi003.stdout:Sep 19 06:02:04 smithi003 ceph-782a5144-764c-11ef-bceb-c7b262605968-mgr-x[31119]: self._connections.run(self.expiration_interval)
2024-09-19T06:02:04.416 INFO:journalctl@ceph.mgr.x.smithi003.stdout:Sep 19 06:02:04 smithi003 ceph-782a5144-764c-11ef-bceb-c7b262605968-mgr-x[31119]: File "/lib/python3.9/site-packages/cheroot/connections.py", line 203, in run
2024-09-19T06:02:04.416 INFO:journalctl@ceph.mgr.x.smithi003.stdout:Sep 19 06:02:04 smithi003 ceph-782a5144-764c-11ef-bceb-c7b262605968-mgr-x[31119]: self._run(expiration_interval)
2024-09-19T06:02:04.417 INFO:journalctl@ceph.mgr.x.smithi003.stdout:Sep 19 06:02:04 smithi003 ceph-782a5144-764c-11ef-bceb-c7b262605968-mgr-x[31119]: File "/lib/python3.9/site-packages/cheroot/connections.py", line 246, in _run
2024-09-19T06:02:04.417 INFO:journalctl@ceph.mgr.x.smithi003.stdout:Sep 19 06:02:04 smithi003 ceph-782a5144-764c-11ef-bceb-c7b262605968-mgr-x[31119]: new_conn = self._from_server_socket(self.server.socket)
2024-09-19T06:02:04.417 INFO:journalctl@ceph.mgr.x.smithi003.stdout:Sep 19 06:02:04 smithi003 ceph-782a5144-764c-11ef-bceb-c7b262605968-mgr-x[31119]: File "/lib/python3.9/site-packages/cheroot/connections.py", line 300, in _from_server_socket
2024-09-19T06:02:04.417 INFO:journalctl@ceph.mgr.x.smithi003.stdout:Sep 19 06:02:04 smithi003 ceph-782a5144-764c-11ef-bceb-c7b262605968-mgr-x[31119]: s, ssl_env = self.server.ssl_adapter.wrap(s)
2024-09-19T06:02:04.417 INFO:journalctl@ceph.mgr.x.smithi003.stdout:Sep 19 06:02:04 smithi003 ceph-782a5144-764c-11ef-bceb-c7b262605968-mgr-x[31119]: File "/lib/python3.9/site-packages/cheroot/ssl/builtin.py", line 277, in wrap
2024-09-19T06:02:04.417 INFO:journalctl@ceph.mgr.x.smithi003.stdout:Sep 19 06:02:04 smithi003 ceph-782a5144-764c-11ef-bceb-c7b262605968-mgr-x[31119]: s = self.context.wrap_socket(
2024-09-19T06:02:04.417 INFO:journalctl@ceph.mgr.x.smithi003.stdout:Sep 19 06:02:04 smithi003 ceph-782a5144-764c-11ef-bceb-c7b262605968-mgr-x[31119]: File "/lib64/python3.9/ssl.py", line 501, in wrap_socket
2024-09-19T06:02:04.417 INFO:journalctl@ceph.mgr.x.smithi003.stdout:Sep 19 06:02:04 smithi003 ceph-782a5144-764c-11ef-bceb-c7b262605968-mgr-x[31119]: return self.sslsocket_class._create(
2024-09-19T06:02:04.417 INFO:journalctl@ceph.mgr.x.smithi003.stdout:Sep 19 06:02:04 smithi003 ceph-782a5144-764c-11ef-bceb-c7b262605968-mgr-x[31119]: File "/lib64/python3.9/ssl.py", line 1074, in _create
2024-09-19T06:02:04.417 INFO:journalctl@ceph.mgr.x.smithi003.stdout:Sep 19 06:02:04 smithi003 ceph-782a5144-764c-11ef-bceb-c7b262605968-mgr-x[31119]: self.do_handshake()
2024-09-19T06:02:04.417 INFO:journalctl@ceph.mgr.x.smithi003.stdout:Sep 19 06:02:04 smithi003 ceph-782a5144-764c-11ef-bceb-c7b262605968-mgr-x[31119]: File "/lib64/python3.9/ssl.py", line 1343, in do_handshake
2024-09-19T06:02:04.417 INFO:journalctl@ceph.mgr.x.smithi003.stdout:Sep 19 06:02:04 smithi003 ceph-782a5144-764c-11ef-bceb-c7b262605968-mgr-x[31119]: self._sslobj.do_handshake()
2024-09-19T06:02:04.417 INFO:journalctl@ceph.mgr.x.smithi003.stdout:Sep 19 06:02:04 smithi003 ceph-782a5144-764c-11ef-bceb-c7b262605968-mgr-x[31119]: ssl.SSLZeroReturnError: TLS/SSL connection has been closed (EOF) (_ssl.c:1133)
2024-09-19T06:02:04.418 INFO:journalctl@ceph.mgr.x.smithi003.stdout:Sep 19 06:02:04 smithi003 ceph-782a5144-764c-11ef-bceb-c7b262605968-mgr-x[31119]:
2024-09-19T06:02:05.084 INFO:journalctl@ceph.mon.a.smithi003.stdout:Sep 19 06:02:04 smithi003 ceph-mon[30893]: from='client.14130 -' entity='client.admin' cmd=[{"prefix": "orch set backend", "module_name": "cephadm", "target": ["mon-mgr", ""]}]: dispatch
2024-09-19T06:02:05.085 INFO:journalctl@ceph.mon.a.smithi003.stdout:Sep 19 06:02:04 smithi003 ceph-mon[30893]: mgrmap e8: x(active, since 2s)
2024-09-19T06:02:05.085 INFO:journalctl@ceph.mon.a.smithi003.stdout:Sep 19 06:02:04 smithi003 ceph-mon[30893]: [19/Sep/2024:06:02:03] ENGINE Bus STARTING
2024-09-19T06:02:05.085 INFO:journalctl@ceph.mon.a.smithi003.stdout:Sep 19 06:02:04 smithi003 ceph-mon[30893]: [19/Sep/2024:06:02:04] ENGINE Serving on http://172.21.15.3:8765
2024-09-19T06:02:05.085 INFO:journalctl@ceph.mon.a.smithi003.stdout:Sep 19 06:02:04 smithi003 ceph-mon[30893]: from='mgr.14118 172.21.15.3:0/244483016' entity='mgr.x' cmd=[{"prefix": "config dump", "format": "json"}]: dispatch
2024-09-19T06:02:05.537 INFO:teuthology.orchestra.run.smithi003.stdout:/usr/bin/ceph: stdout value unchanged
2024-09-19T06:02:05.537 INFO:teuthology.orchestra.run.smithi003.stdout:/usr/bin/ceph: stderr
2024-09-19T06:02:04.636+0000 7f83ed000640 1 Processor -- start
2024-09-19T06:02:05.537 INFO:teuthology.orchestra.run.smithi003.stdout:/usr/bin/ceph: stderr
2024-09-19T06:02:04.637+0000 7f83ed000640 1 -- start start
2024-09-19T06:02:05.537 INFO:teuthology.orchestra.run.smithi003.stdout:/usr/bin/ceph: stderr
2024-09-19T06:02:04.637+0000 7f83ed000640 1 --2- >> [v2:172.21.15.3:3300/0,v1:172.21.15.3:6789/0] conn(0x7f83e810ab40 0x7f83e810af40 unknown :-1 s=NONE pgs=0 cs=0 l=0 rev1=0 crypto rx=0 tx=0 comp rx=0 tx=0).connect
2024-09-19T06:02:05.537 INFO:teuthology.orchestra.run.smithi003.stdout:/usr/bin/ceph: stderr
2024-09-19T06:02:04.637+0000 7f83ed000640 1 -- --> [v2:172.21.15.3:3300/0,v1:172.21.15.3:6789/0] -- mon_getmap magic: 0 -- 0x7f83e810b510 con 0x7f83e810ab40
2024-09-19T06:02:05.537 INFO:teuthology.orchestra.run.smithi003.stdout:/usr/bin/ceph: stderr
2024-09-19T06:02:04.637+0000 7f83e7400640 1 --2- >> [v2:172.21.15.3:3300/0,v1:172.21.15.3:6789/0] conn(0x7f83e810ab40 0x7f83e810af40 unknown :-1 s=BANNER_CONNECTING pgs=0 cs=0 l=0 rev1=0 crypto rx=0 tx=0 comp rx=0 tx=0)._handle_peer_banner_payload supported=3 required=0
2024-09-19T06:02:05.537 INFO:teuthology.orchestra.run.smithi003.stdout:/usr/bin/ceph: stderr
2024-09-19T06:02:04.637+0000 7f83e7400640 1 --2- >> [v2:172.21.15.3:3300/0,v1:172.21.15.3:6789/0] conn(0x7f83e810ab40 0x7f83e810af40 unknown :-1 s=HELLO_CONNECTING pgs=0 cs=0 l=0 rev1=1 crypto rx=0 tx=0 comp rx=0 tx=0).handle_hello peer v2:172.21.15.3:3300/0 says I am v2:172.21.15.3:54094/0 (socket says 172.21.15.3:54094)
2024-09-19T06:02:05.537 INFO:teuthology.orchestra.run.smithi003.stdout:/usr/bin/ceph: stderr
2024-09-19T06:02:04.637+0000 7f83e7400640 1 -- 172.21.15.3:0/412306838 learned_addr learned my addr 172.21.15.3:0/412306838 (peer_addr_for_me v2:172.21.15.3:0/0)
2024-09-19T06:02:05.537 INFO:teuthology.orchestra.run.smithi003.stdout:/usr/bin/ceph: stderr
2024-09-19T06:02:04.638+0000 7f83e7400640 1 -- 172.21.15.3:0/412306838 --> [v2:172.21.15.3:3300/0,v1:172.21.15.3:6789/0] -- mon_subscribe({config=0+,monmap=0+}) -- 0x7f83e810b690 con 0x7f83e810ab40
2024-09-19T06:02:05.537 INFO:teuthology.orchestra.run.smithi003.stdout:/usr/bin/ceph: stderr
2024-09-19T06:02:04.639+0000 7f83e7400640 1 --2- 172.21.15.3:0/412306838 >> [v2:172.21.15.3:3300/0,v1:172.21.15.3:6789/0] conn(0x7f83e810ab40 0x7f83e810af40 secure :-1 s=READY pgs=37 cs=0 l=1 rev1=1 crypto rx=0x7f83d8009820 tx=0x7f83d802a270 comp rx=0 tx=0).ready entity=mon.0 client_cookie=609096b266ea50bf server_cookie=0 in_seq=0 out_seq=0
2024-09-19T06:02:05.537 INFO:teuthology.orchestra.run.smithi003.stdout:/usr/bin/ceph: stderr
2024-09-19T06:02:04.639+0000 7f83e6a00640 1 -- 172.21.15.3:0/412306838 <== mon.0 v2:172.21.15.3:3300/0 1 ==== mon_map magic: 0 ==== 205+0+0 (secure 0 0 0) 0x7f83d8037070 con 0x7f83e810ab40
2024-09-19T06:02:05.538 INFO:teuthology.orchestra.run.smithi003.stdout:/usr/bin/ceph: stderr
2024-09-19T06:02:04.639+0000 7f83e6a00640 1 -- 172.21.15.3:0/412306838 <== mon.0 v2:172.21.15.3:3300/0 2 ==== config(27 keys) ==== 1109+0+0 (secure 0 0 0) 0x7f83d8032900 con 0x7f83e810ab40
2024-09-19T06:02:05.538 INFO:teuthology.orchestra.run.smithi003.stdout:/usr/bin/ceph: stderr
2024-09-19T06:02:04.639+0000 7f83e6a00640 1 -- 172.21.15.3:0/412306838 <== mon.0 v2:172.21.15.3:3300/0 3 ==== mon_map magic: 0 ==== 205+0+0 (secure 0 0 0) 0x7f83d8030850 con 0x7f83e810ab40
2024-09-19T06:02:05.538 INFO:teuthology.orchestra.run.smithi003.stdout:/usr/bin/ceph: stderr
2024-09-19T06:02:04.640+0000 7f83ed000640 1 -- 172.21.15.3:0/412306838 >> [v2:172.21.15.3:3300/0,v1:172.21.15.3:6789/0] conn(0x7f83e810ab40 msgr2=0x7f83e810af40 secure :-1 s=STATE_CONNECTION_ESTABLISHED l=1).mark_down
2024-09-19T06:02:05.538 INFO:teuthology.orchestra.run.smithi003.stdout:/usr/bin/ceph: stderr
2024-09-19T06:02:04.640+0000 7f83ed000640 1 --2- 172.21.15.3:0/412306838 >> [v2:172.21.15.3:3300/0,v1:172.21.15.3:6789/0] conn(0x7f83e810ab40 0x7f83e810af40 secure :-1 s=READY pgs=37 cs=0 l=1 rev1=1 crypto rx=0x7f83d8009820 tx=0x7f83d802a270 comp rx=0 tx=0).stop
2024-09-19T06:02:05.538 INFO:teuthology.orchestra.run.smithi003.stdout:/usr/bin/ceph: stderr
2024-09-19T06:02:04.640+0000 7f83ed000640 1 -- 172.21.15.3:0/412306838 shutdown_connections
2024-09-19T06:02:05.538 INFO:teuthology.orchestra.run.smithi003.stdout:/usr/bin/ceph: stderr
2024-09-19T06:02:04.640+0000 7f83ed000640 1 --2- 172.21.15.3:0/412306838 >> [v2:172.21.15.3:3300/0,v1:172.21.15.3:6789/0] conn(0x7f83e810ab40 0x7f83e810af40 unknown :-1 s=CLOSED pgs=37 cs=0 l=1 rev1=1 crypto rx=0 tx=0 comp rx=0 tx=0).stop
2024-09-19T06:02:05.538 INFO:teuthology.orchestra.run.smithi003.stdout:/usr/bin/ceph: stderr
2024-09-19T06:02:04.640+0000 7f83ed000640 1 -- 172.21.15.3:0/412306838 >> 172.21.15.3:0/412306838 conn(0x7f83e807cd70 msgr2=0x7f83e807d180 unknown :-1 s=STATE_NONE l=0).mark_down
2024-09-19T06:02:05.538 INFO:teuthology.orchestra.run.smithi003.stdout:/usr/bin/ceph: stderr
2024-09-19T06:02:04.640+0000 7f83ed000640 1 -- 172.21.15.3:0/412306838 shutdown_connections
2024-09-19T06:02:05.538 INFO:teuthology.orchestra.run.smithi003.stdout:/usr/bin/ceph: stderr
2024-09-19T06:02:04.640+0000 7f83ed000640 1 -- 172.21.15.3:0/412306838 wait complete.
2024-09-19T06:02:05.538 INFO:teuthology.orchestra.run.smithi003.stdout:/usr/bin/ceph: stderr
2024-09-19T06:02:04.641+0000 7f83ed000640 1 Processor -- start
2024-09-19T06:02:05.538 INFO:teuthology.orchestra.run.smithi003.stdout:/usr/bin/ceph: stderr
2024-09-19T06:02:04.641+0000 7f83ed000640 1 -- start start
2024-09-19T06:02:05.538 INFO:teuthology.orchestra.run.smithi003.stdout:/usr/bin/ceph: stderr
2024-09-19T06:02:04.641+0000 7f83ed000640 1 --2- >> [v2:172.21.15.3:3300/0,v1:172.21.15.3:6789/0] conn(0x7f83e810ab40 0x7f83e819d6e0 unknown :-1 s=NONE pgs=0 cs=0 l=1 rev1=0 crypto rx=0 tx=0 comp rx=0 tx=0).connect
2024-09-19T06:02:05.538 INFO:teuthology.orchestra.run.smithi003.stdout:/usr/bin/ceph: stderr
2024-09-19T06:02:04.641+0000 7f83ed000640 1 -- --> [v2:172.21.15.3:3300/0,v1:172.21.15.3:6789/0] -- mon_getmap magic: 0 -- 0x7f83e810dba0 con 0x7f83e810ab40
2024-09-19T06:02:05.539 INFO:teuthology.orchestra.run.smithi003.stdout:/usr/bin/ceph: stderr
2024-09-19T06:02:04.641+0000 7f83e7400640 1 --2- >> [v2:172.21.15.3:3300/0,v1:172.21.15.3:6789/0] conn(0x7f83e810ab40 0x7f83e819d6e0 unknown :-1 s=BANNER_CONNECTING pgs=0 cs=0 l=1 rev1=0 crypto rx=0 tx=0 comp rx=0 tx=0)._handle_peer_banner_payload supported=3 required=0
2024-09-19T06:02:05.539 INFO:teuthology.orchestra.run.smithi003.stdout:/usr/bin/ceph: stderr
2024-09-19T06:02:04.641+0000 7f83e7400640 1 --2- >> [v2:172.21.15.3:3300/0,v1:172.21.15.3:6789/0] conn(0x7f83e810ab40 0x7f83e819d6e0 unknown :-1 s=HELLO_CONNECTING pgs=0 cs=0 l=1 rev1=1 crypto rx=0 tx=0 comp rx=0 tx=0).handle_hello peer v2:172.21.15.3:3300/0 says I am v2:172.21.15.3:54110/0 (socket says 172.21.15.3:54110)
2024-09-19T06:02:05.539 INFO:teuthology.orchestra.run.smithi003.stdout:/usr/bin/ceph: stderr
2024-09-19T06:02:04.641+0000 7f83e7400640 1 -- 172.21.15.3:0/1270732345 learned_addr learned my addr 172.21.15.3:0/1270732345 (peer_addr_for_me v2:172.21.15.3:0/0)
2024-09-19T06:02:05.539 INFO:teuthology.orchestra.run.smithi003.stdout:/usr/bin/ceph: stderr
2024-09-19T06:02:04.642+0000 7f83e7400640 1 -- 172.21.15.3:0/1270732345 --> [v2:172.21.15.3:3300/0,v1:172.21.15.3:6789/0] -- mon_subscribe({config=0+,monmap=0+}) -- 0x7f83e819dc20 con 0x7f83e810ab40
2024-09-19T06:02:05.539 INFO:teuthology.orchestra.run.smithi003.stdout:/usr/bin/ceph: stderr
2024-09-19T06:02:04.642+0000 7f83e7400640 1 --2- 172.21.15.3:0/1270732345 >> [v2:172.21.15.3:3300/0,v1:172.21.15.3:6789/0] conn(0x7f83e810ab40 0x7f83e819d6e0 secure :-1 s=READY pgs=38 cs=0 l=1 rev1=1 crypto rx=0x7f83d8032ce0 tx=0x7f83d8032d10 comp rx=0 tx=0).ready entity=mon.0 client_cookie=0 server_cookie=0 in_seq=0 out_seq=0
2024-09-19T06:02:05.539 INFO:teuthology.orchestra.run.smithi003.stdout:/usr/bin/ceph: stderr
2024-09-19T06:02:04.642+0000 7f83e4c00640 1 -- 172.21.15.3:0/1270732345 <== mon.0 v2:172.21.15.3:3300/0 1 ==== mon_map magic: 0 ==== 205+0+0 (secure 0 0 0) 0x7f83d8042070 con 0x7f83e810ab40
2024-09-19T06:02:05.539 INFO:teuthology.orchestra.run.smithi003.stdout:/usr/bin/ceph: stderr
2024-09-19T06:02:04.642+0000 7f83e4c00640 1 -- 172.21.15.3:0/1270732345 <== mon.0 v2:172.21.15.3:3300/0 2 ==== config(27 keys) ==== 1109+0+0 (secure 0 0 0) 0x7f83d80308c0 con 0x7f83e810ab40
2024-09-19T06:02:05.539 INFO:teuthology.orchestra.run.smithi003.stdout:/usr/bin/ceph: stderr
2024-09-19T06:02:04.642+0000 7f83ed000640 1 -- 172.21.15.3:0/1270732345 --> [v2:172.21.15.3:3300/0,v1:172.21.15.3:6789/0] -- mon_subscribe({mgrmap=0+}) -- 0x7f83e819deb0 con 0x7f83e810ab40
2024-09-19T06:02:05.539 INFO:teuthology.orchestra.run.smithi003.stdout:/usr/bin/ceph: stderr
2024-09-19T06:02:04.642+0000 7f83e4c00640 1 -- 172.21.15.3:0/1270732345 <== mon.0 v2:172.21.15.3:3300/0 3 ==== mon_map magic: 0 ==== 205+0+0 (secure 0 0 0) 0x7f83d8037040 con 0x7f83e810ab40
2024-09-19T06:02:05.539 INFO:teuthology.orchestra.run.smithi003.stdout:/usr/bin/ceph: stderr
2024-09-19T06:02:04.642+0000 7f83ed000640 1 -- 172.21.15.3:0/1270732345 --> [v2:172.21.15.3:3300/0,v1:172.21.15.3:6789/0] -- mon_subscribe({osdmap=0}) -- 0x7f83e81a0ba0 con 0x7f83e810ab40
2024-09-19T06:02:05.539 INFO:teuthology.orchestra.run.smithi003.stdout:/usr/bin/ceph: stderr
2024-09-19T06:02:04.643+0000 7f83e4c00640 1 -- 172.21.15.3:0/1270732345 <== mon.0 v2:172.21.15.3:3300/0 4 ==== mgrmap(e 8) ==== 46461+0+0 (secure 0 0 0) 0x7f83d8045070 con 0x7f83e810ab40
2024-09-19T06:02:05.539 INFO:teuthology.orchestra.run.smithi003.stdout:/usr/bin/ceph: stderr
2024-09-19T06:02:04.643+0000 7f83ed000640 1 -- 172.21.15.3:0/1270732345 --> [v2:172.21.15.3:3300/0,v1:172.21.15.3:6789/0] -- mon_command({"prefix": "get_command_descriptions"} v 0) -- 0x7f83e810dd20 con 0x7f83e810ab40
2024-09-19T06:02:05.539 INFO:teuthology.orchestra.run.smithi003.stdout:/usr/bin/ceph: stderr
2024-09-19T06:02:04.644+0000 7f83e4c00640 1 --2- 172.21.15.3:0/1270732345 >> [v2:172.21.15.3:6800/518259590,v1:172.21.15.3:6801/518259590] conn(0x7f83cc0391b0 0x7f83cc03b670 unknown :-1 s=NONE pgs=0 cs=0 l=1 rev1=0 crypto rx=0 tx=0 comp rx=0 tx=0).connect
2024-09-19T06:02:05.540 INFO:teuthology.orchestra.run.smithi003.stdout:/usr/bin/ceph: stderr
2024-09-19T06:02:04.644+0000 7f83e4c00640 1 -- 172.21.15.3:0/1270732345 <== mon.0 v2:172.21.15.3:3300/0 5 ==== osd_map(2..2 src has 1..2) ==== 940+0+0 (secure 0 0 0) 0x7f83d806c550 con 0x7f83e810ab40
2024-09-19T06:02:05.540 INFO:teuthology.orchestra.run.smithi003.stdout:/usr/bin/ceph: stderr
2024-09-19T06:02:04.644+0000 7f83dfe00640 1 --2- 172.21.15.3:0/1270732345 >> [v2:172.21.15.3:6800/518259590,v1:172.21.15.3:6801/518259590] conn(0x7f83cc0391b0 0x7f83cc03b670 unknown :-1 s=BANNER_CONNECTING pgs=0 cs=0 l=1 rev1=0 crypto rx=0 tx=0 comp rx=0 tx=0)._handle_peer_banner_payload supported=3 required=0
2024-09-19T06:02:05.540 INFO:teuthology.orchestra.run.smithi003.stdout:/usr/bin/ceph: stderr
2024-09-19T06:02:04.645+0000 7f83dfe00640 1 --2- 172.21.15.3:0/1270732345 >> [v2:172.21.15.3:6800/518259590,v1:172.21.15.3:6801/518259590] conn(0x7f83cc0391b0 0x7f83cc03b670 secure :-1 s=READY pgs=8 cs=0 l=1 rev1=1 crypto rx=0x7f83d00098c0 tx=0x7f83d0006db0 comp rx=0 tx=0).ready entity=mgr.14118 client_cookie=0 server_cookie=0 in_seq=0 out_seq=0
2024-09-19T06:02:05.540 INFO:teuthology.orchestra.run.smithi003.stdout:/usr/bin/ceph: stderr
2024-09-19T06:02:04.649+0000 7f83e4c00640 1 -- 172.21.15.3:0/1270732345 <== mon.0 v2:172.21.15.3:3300/0 6 ==== mon_command_ack([{"prefix": "get_command_descriptions"}]=0 v0) ==== 72+0+188913 (secure 0 0 0) 0x7f83d8045360 con 0x7f83e810ab40
2024-09-19T06:02:05.540 INFO:teuthology.orchestra.run.smithi003.stdout:/usr/bin/ceph: stderr
2024-09-19T06:02:04.837+0000 7f83ed000640 1 -- 172.21.15.3:0/1270732345 --> [v2:172.21.15.3:6800/518259590,v1:172.21.15.3:6801/518259590] -- mgr_command(tid 0: {"prefix": "cephadm set-user", "user": "root", "target": ["mon-mgr", ""]}) -- 0x7f83e8107c90 con 0x7f83cc0391b0
2024-09-19T06:02:05.540 INFO:teuthology.orchestra.run.smithi003.stdout:/usr/bin/ceph: stderr
2024-09-19T06:02:04.838+0000 7f83e4c00640 1 -- 172.21.15.3:0/1270732345 <== mgr.14118 v2:172.21.15.3:6800/518259590 1 ==== mgr_command_reply(tid 0: 0 ) ==== 8+0+16 (secure 0 0 0) 0x7f83e8107c90 con 0x7f83cc0391b0
2024-09-19T06:02:05.540 INFO:teuthology.orchestra.run.smithi003.stdout:/usr/bin/ceph: stderr
2024-09-19T06:02:04.840+0000 7f83ed000640 1 -- 172.21.15.3:0/1270732345 >> [v2:172.21.15.3:6800/518259590,v1:172.21.15.3:6801/518259590] conn(0x7f83cc0391b0 msgr2=0x7f83cc03b670 secure :-1 s=STATE_CONNECTION_ESTABLISHED l=1).mark_down
2024-09-19T06:02:05.540 INFO:teuthology.orchestra.run.smithi003.stdout:/usr/bin/ceph: stderr
2024-09-19T06:02:04.840+0000 7f83ed000640 1 --2- 172.21.15.3:0/1270732345 >> [v2:172.21.15.3:6800/518259590,v1:172.21.15.3:6801/518259590] conn(0x7f83cc0391b0 0x7f83cc03b670 secure :-1 s=READY pgs=8 cs=0 l=1 rev1=1 crypto rx=0x7f83d00098c0 tx=0x7f83d0006db0 comp rx=0 tx=0).stop
2024-09-19T06:02:05.540 INFO:teuthology.orchestra.run.smithi003.stdout:/usr/bin/ceph: stderr
2024-09-19T06:02:04.840+0000 7f83ed000640 1 -- 172.21.15.3:0/1270732345 >> [v2:172.21.15.3:3300/0,v1:172.21.15.3:6789/0] conn(0x7f83e810ab40 msgr2=0x7f83e819d6e0 secure :-1 s=STATE_CONNECTION_ESTABLISHED l=1).mark_down
2024-09-19T06:02:05.540 INFO:teuthology.orchestra.run.smithi003.stdout:/usr/bin/ceph: stderr
2024-09-19T06:02:04.840+0000 7f83ed000640 1 --2- 172.21.15.3:0/1270732345 >> [v2:172.21.15.3:3300/0,v1:172.21.15.3:6789/0] conn(0x7f83e810ab40 0x7f83e819d6e0 secure :-1 s=READY pgs=38 cs=0 l=1 rev1=1 crypto rx=0x7f83d8032ce0 tx=0x7f83d8032d10 comp rx=0 tx=0).stop
2024-09-19T06:02:05.541 INFO:teuthology.orchestra.run.smithi003.stdout:/usr/bin/ceph: stderr
2024-09-19T06:02:04.840+0000 7f83ed000640 1 -- 172.21.15.3:0/1270732345 shutdown_connections
2024-09-19T06:02:05.541 INFO:teuthology.orchestra.run.smithi003.stdout:/usr/bin/ceph: stderr
2024-09-19T06:02:04.840+0000 7f83ed000640 1 --2- 172.21.15.3:0/1270732345 >> [v2:172.21.15.3:6800/518259590,v1:172.21.15.3:6801/518259590] conn(0x7f83cc0391b0 0x7f83cc03b670 unknown :-1 s=CLOSED pgs=8 cs=0 l=1 rev1=1 crypto rx=0 tx=0 comp rx=0 tx=0).stop
2024-09-19T06:02:05.541 INFO:teuthology.orchestra.run.smithi003.stdout:/usr/bin/ceph: stderr
2024-09-19T06:02:04.840+0000 7f83ed000640 1 --2- 172.21.15.3:0/1270732345 >> [v2:172.21.15.3:3300/0,v1:172.21.15.3:6789/0] conn(0x7f83e810ab40 0x7f83e819d6e0 unknown :-1 s=CLOSED pgs=38 cs=0 l=1 rev1=1 crypto rx=0 tx=0 comp rx=0 tx=0).stop
2024-09-19T06:02:05.541 INFO:teuthology.orchestra.run.smithi003.stdout:/usr/bin/ceph: stderr
2024-09-19T06:02:04.840+0000 7f83ed000640 1 -- 172.21.15.3:0/1270732345 >> 172.21.15.3:0/1270732345 conn(0x7f83e807cd70 msgr2=0x7f83e8107580 unknown :-1 s=STATE_NONE l=0).mark_down
2024-09-19T06:02:05.541 INFO:teuthology.orchestra.run.smithi003.stdout:/usr/bin/ceph: stderr
2024-09-19T06:02:04.840+0000 7f83ed000640 1 -- 172.21.15.3:0/1270732345 shutdown_connections
2024-09-19T06:02:05.541 INFO:teuthology.orchestra.run.smithi003.stdout:/usr/bin/ceph: stderr
2024-09-19T06:02:04.840+0000 7f83ed000640 1 -- 172.21.15.3:0/1270732345 wait complete.
2024-09-19T06:02:05.541 INFO:teuthology.orchestra.run.smithi003.stdout:Generating ssh key...
2024-09-19T06:02:05.818 INFO:journalctl@ceph.mon.a.smithi003.stdout:Sep 19 06:02:05 smithi003 ceph-mon[30893]: [19/Sep/2024:06:02:04] ENGINE Serving on https://172.21.15.3:7150
2024-09-19T06:02:05.818 INFO:journalctl@ceph.mon.a.smithi003.stdout:Sep 19 06:02:05 smithi003 ceph-mon[30893]: [19/Sep/2024:06:02:04] ENGINE Bus STARTED
2024-09-19T06:02:05.818 INFO:journalctl@ceph.mon.a.smithi003.stdout:Sep 19 06:02:05 smithi003 ceph-mon[30893]: [19/Sep/2024:06:02:04] ENGINE Error in HTTPServer.serve
2024-09-19T06:02:05.818 INFO:journalctl@ceph.mon.a.smithi003.stdout: Traceback (most recent call last):
2024-09-19T06:02:05.819 INFO:journalctl@ceph.mon.a.smithi003.stdout: File "/lib/python3.9/site-packages/cheroot/server.py", line 1823, in serve
2024-09-19T06:02:05.819 INFO:journalctl@ceph.mon.a.smithi003.stdout: self._connections.run(self.expiration_interval)
2024-09-19T06:02:05.819 INFO:journalctl@ceph.mon.a.smithi003.stdout: File "/lib/python3.9/site-packages/cheroot/connections.py", line 203, in run
2024-09-19T06:02:05.819 INFO:journalctl@ceph.mon.a.smithi003.stdout: self._run(expiration_interval)
2024-09-19T06:02:05.819 INFO:journalctl@ceph.mon.a.smithi003.stdout: File "/lib/python3.9/site-packages/cheroot/connections.py", line 246, in _run
2024-09-19T06:02:05.819 INFO:journalctl@ceph.mon.a.smithi003.stdout: new_conn = self._from_server_socket(self.server.socket)
2024-09-19T06:02:05.819 INFO:journalctl@ceph.mon.a.smithi003.stdout: File "/lib/python3.9/site-packages/cheroot/connections.py", line 300, in _from_server_socket
2024-09-19T06:02:05.819 INFO:journalctl@ceph.mon.a.smithi003.stdout: s, ssl_env = self.server.ssl_adapter.wrap(s)
2024-09-19T06:02:05.819 INFO:journalctl@ceph.mon.a.smithi003.stdout: File "/lib/python3.9/site-packages/cheroot/ssl/builtin.py", line 277, in wrap
2024-09-19T06:02:05.819 INFO:journalctl@ceph.mon.a.smithi003.stdout: s = self.context.wrap_socket(
2024-09-19T06:02:05.819 INFO:journalctl@ceph.mon.a.smithi003.stdout: File "/lib64/python3.9/ssl.py", line 501, in wrap_socket
2024-09-19T06:02:05.819 INFO:journalctl@ceph.mon.a.smithi003.stdout: return self.sslsocket_class._create(
2024-09-19T06:02:05.819 INFO:journalctl@ceph.mon.a.smithi003.stdout: File "/lib64/python3.9/ssl.py", line 1074, in _create
2024-09-19T06:02:05.820 INFO:journalctl@ceph.mon.a.smithi003.stdout: self.do_handshake()
2024-09-19T06:02:05.820 INFO:journalctl@ceph.mon.a.smithi003.stdout: File "/lib64/python3.9/ssl.py", line 1343, in do_handshake
2024-09-19T06:02:05.820 INFO:journalctl@ceph.mon.a.smithi003.stdout: self._sslobj.do_handshake()
2024-09-19T06:02:05.820 INFO:journalctl@ceph.mon.a.smithi003.stdout: ssl.SSLZeroReturnError: TLS/SSL connection has been closed (EOF) (_ssl.c:1133)
2024-09-19T06:02:05.820 INFO:journalctl@ceph.mon.a.smithi003.stdout:Sep 19 06:02:05 smithi003 ceph-mon[30893]: from='client.14132 -' entity='client.admin' cmd=[{"prefix": "cephadm set-user", "user": "root", "target": ["mon-mgr", ""]}]: dispatch
2024-09-19T06:02:06.958 INFO:journalctl@ceph.mgr.x.smithi003.stdout:Sep 19 06:02:06 smithi003 ceph-782a5144-764c-11ef-bceb-c7b262605968-mgr-x[31119]: Generating public/private rsa key pair.
2024-09-19T06:02:06.958 INFO:journalctl@ceph.mgr.x.smithi003.stdout:Sep 19 06:02:06 smithi003 ceph-782a5144-764c-11ef-bceb-c7b262605968-mgr-x[31119]: Your identification has been saved in /tmp/tmp169zgk0r/key
2024-09-19T06:02:06.958 INFO:journalctl@ceph.mgr.x.smithi003.stdout:Sep 19 06:02:06 smithi003 ceph-782a5144-764c-11ef-bceb-c7b262605968-mgr-x[31119]: Your public key has been saved in /tmp/tmp169zgk0r/key.pub
2024-09-19T06:02:06.958 INFO:journalctl@ceph.mgr.x.smithi003.stdout:Sep 19 06:02:06 smithi003 ceph-782a5144-764c-11ef-bceb-c7b262605968-mgr-x[31119]: The key fingerprint is:
2024-09-19T06:02:06.958 INFO:journalctl@ceph.mgr.x.smithi003.stdout:Sep 19 06:02:06 smithi003 ceph-782a5144-764c-11ef-bceb-c7b262605968-mgr-x[31119]: SHA256:xfr6psxgZqtUXheSRq9Gw7OO09isUdjkA952lIxk3zM ceph-782a5144-764c-11ef-bceb-c7b262605968
2024-09-19T06:02:06.959 INFO:journalctl@ceph.mgr.x.smithi003.stdout:Sep 19 06:02:06 smithi003 ceph-782a5144-764c-11ef-bceb-c7b262605968-mgr-x[31119]: The key's randomart image is:
2024-09-19T06:02:06.959 INFO:journalctl@ceph.mgr.x.smithi003.stdout:Sep 19 06:02:06 smithi003 ceph-782a5144-764c-11ef-bceb-c7b262605968-mgr-x[31119]: +---[RSA 3072]----+
2024-09-19T06:02:06.959 INFO:journalctl@ceph.mgr.x.smithi003.stdout:Sep 19 06:02:06 smithi003 ceph-782a5144-764c-11ef-bceb-c7b262605968-mgr-x[31119]: | + |
2024-09-19T06:02:06.959 INFO:journalctl@ceph.mgr.x.smithi003.stdout:Sep 19 06:02:06 smithi003 ceph-782a5144-764c-11ef-bceb-c7b262605968-mgr-x[31119]: | = B o |
2024-09-19T06:02:06.959 INFO:journalctl@ceph.mgr.x.smithi003.stdout:Sep 19 06:02:06 smithi003 ceph-782a5144-764c-11ef-bceb-c7b262605968-mgr-x[31119]: | . @ X E |
2024-09-19T06:02:06.959 INFO:journalctl@ceph.mgr.x.smithi003.stdout:Sep 19 06:02:06 smithi003 ceph-782a5144-764c-11ef-bceb-c7b262605968-mgr-x[31119]: | . X X . o |
2024-09-19T06:02:06.959 INFO:journalctl@ceph.mgr.x.smithi003.stdout:Sep 19 06:02:06 smithi003 ceph-782a5144-764c-11ef-bceb-c7b262605968-mgr-x[31119]: | + S o |
2024-09-19T06:02:06.959 INFO:journalctl@ceph.mgr.x.smithi003.stdout:Sep 19 06:02:06 smithi003 ceph-782a5144-764c-11ef-bceb-c7b262605968-mgr-x[31119]: | o % = |
2024-09-19T06:02:06.959 INFO:journalctl@ceph.mgr.x.smithi003.stdout:Sep 19 06:02:06 smithi003 ceph-782a5144-764c-11ef-bceb-c7b262605968-mgr-x[31119]: | . @ = . |
2024-09-19T06:02:06.959 INFO:journalctl@ceph.mgr.x.smithi003.stdout:Sep 19 06:02:06 smithi003 ceph-782a5144-764c-11ef-bceb-c7b262605968-mgr-x[31119]: | . + O .. |
2024-09-19T06:02:06.959 INFO:journalctl@ceph.mgr.x.smithi003.stdout:Sep 19 06:02:06 smithi003 ceph-782a5144-764c-11ef-bceb-c7b262605968-mgr-x[31119]: | ..o =+. |
2024-09-19T06:02:06.959 INFO:journalctl@ceph.mgr.x.smithi003.stdout:Sep 19 06:02:06 smithi003 ceph-782a5144-764c-11ef-bceb-c7b262605968-mgr-x[31119]: +----[SHA256]-----+
2024-09-19T06:02:07.269 INFO:teuthology.orchestra.run.smithi003.stdout:/usr/bin/ceph: stderr
2024-09-19T06:02:06.060+0000 7fae2c000640 1 Processor -- start
2024-09-19T06:02:07.269 INFO:teuthology.orchestra.run.smithi003.stdout:/usr/bin/ceph: stderr
2024-09-19T06:02:06.060+0000 7fae2c000640 1 -- start start
2024-09-19T06:02:07.269 INFO:teuthology.orchestra.run.smithi003.stdout:/usr/bin/ceph: stderr
2024-09-19T06:02:06.060+0000 7fae2c000640 1 --2- >> [v2:172.21.15.3:3300/0,v1:172.21.15.3:6789/0] conn(0x7fae2407de70 0x7fae2407c320 unknown :-1 s=NONE pgs=0 cs=0 l=0 rev1=0 crypto rx=0 tx=0 comp rx=0 tx=0).connect
2024-09-19T06:02:07.270 INFO:teuthology.orchestra.run.smithi003.stdout:/usr/bin/ceph: stderr
2024-09-19T06:02:06.060+0000 7fae2c000640 1 -- --> [v2:172.21.15.3:3300/0,v1:172.21.15.3:6789/0] -- mon_getmap magic: 0 -- 0x7fae2407c8f0 con 0x7fae2407de70
2024-09-19T06:02:07.270 INFO:teuthology.orchestra.run.smithi003.stdout:/usr/bin/ceph: stderr
2024-09-19T06:02:06.061+0000 7fae29600640 1 --2- >> [v2:172.21.15.3:3300/0,v1:172.21.15.3:6789/0] conn(0x7fae2407de70 0x7fae2407c320 unknown :-1 s=BANNER_CONNECTING pgs=0 cs=0 l=0 rev1=0 crypto rx=0 tx=0 comp rx=0 tx=0)._handle_peer_banner_payload supported=3 required=0
2024-09-19T06:02:07.270 INFO:teuthology.orchestra.run.smithi003.stdout:/usr/bin/ceph: stderr
2024-09-19T06:02:06.061+0000 7fae29600640 1 --2- >> [v2:172.21.15.3:3300/0,v1:172.21.15.3:6789/0] conn(0x7fae2407de70 0x7fae2407c320 unknown :-1 s=HELLO_CONNECTING pgs=0 cs=0 l=0 rev1=1 crypto rx=0 tx=0 comp rx=0 tx=0).handle_hello peer v2:172.21.15.3:3300/0 says I am v2:172.21.15.3:54118/0 (socket says 172.21.15.3:54118)
2024-09-19T06:02:07.270 INFO:teuthology.orchestra.run.smithi003.stdout:/usr/bin/ceph: stderr
2024-09-19T06:02:06.061+0000 7fae29600640 1 -- 172.21.15.3:0/2777312816 learned_addr learned my addr 172.21.15.3:0/2777312816 (peer_addr_for_me v2:172.21.15.3:0/0)
2024-09-19T06:02:07.270 INFO:teuthology.orchestra.run.smithi003.stdout:/usr/bin/ceph: stderr
2024-09-19T06:02:06.061+0000 7fae29600640 1 -- 172.21.15.3:0/2777312816 --> [v2:172.21.15.3:3300/0,v1:172.21.15.3:6789/0] -- mon_subscribe({config=0+,monmap=0+}) -- 0x7fae2407ca70 con 0x7fae2407de70
2024-09-19T06:02:07.270 INFO:teuthology.orchestra.run.smithi003.stdout:/usr/bin/ceph: stderr
2024-09-19T06:02:06.062+0000 7fae29600640 1 --2- 172.21.15.3:0/2777312816 >> [v2:172.21.15.3:3300/0,v1:172.21.15.3:6789/0] conn(0x7fae2407de70 0x7fae2407c320 secure :-1 s=READY pgs=39 cs=0 l=1 rev1=1 crypto rx=0x7fae18009820 tx=0x7fae1802a270 comp rx=0 tx=0).ready entity=mon.0 client_cookie=d810d35b1108176c server_cookie=0 in_seq=0 out_seq=0
2024-09-19T06:02:07.270 INFO:teuthology.orchestra.run.smithi003.stdout:/usr/bin/ceph: stderr
2024-09-19T06:02:06.062+0000 7fae23e00640 1 -- 172.21.15.3:0/2777312816 <== mon.0 v2:172.21.15.3:3300/0 1 ==== mon_map magic: 0 ==== 205+0+0 (secure 0 0 0) 0x7fae18037070 con 0x7fae2407de70
2024-09-19T06:02:07.270 INFO:teuthology.orchestra.run.smithi003.stdout:/usr/bin/ceph: stderr
2024-09-19T06:02:06.062+0000 7fae23e00640 1 -- 172.21.15.3:0/2777312816 <== mon.0 v2:172.21.15.3:3300/0 2 ==== config(27 keys) ==== 1109+0+0 (secure 0 0 0) 0x7fae18032900 con 0x7fae2407de70
2024-09-19T06:02:07.271 INFO:teuthology.orchestra.run.smithi003.stdout:/usr/bin/ceph: stderr
2024-09-19T06:02:06.062+0000 7fae23e00640 1 -- 172.21.15.3:0/2777312816 <== mon.0 v2:172.21.15.3:3300/0 3 ==== mon_map magic: 0 ==== 205+0+0 (secure 0 0 0) 0x7fae18030850 con 0x7fae2407de70
2024-09-19T06:02:07.271 INFO:teuthology.orchestra.run.smithi003.stdout:/usr/bin/ceph: stderr
2024-09-19T06:02:06.063+0000 7fae2c000640 1 -- 172.21.15.3:0/2777312816 >> [v2:172.21.15.3:3300/0,v1:172.21.15.3:6789/0] conn(0x7fae2407de70 msgr2=0x7fae2407c320 secure :-1 s=STATE_CONNECTION_ESTABLISHED l=1).mark_down
2024-09-19T06:02:07.271 INFO:teuthology.orchestra.run.smithi003.stdout:/usr/bin/ceph: stderr
2024-09-19T06:02:06.063+0000 7fae2c000640 1 --2- 172.21.15.3:0/2777312816 >> [v2:172.21.15.3:3300/0,v1:172.21.15.3:6789/0] conn(0x7fae2407de70 0x7fae2407c320 secure :-1 s=READY pgs=39 cs=0 l=1 rev1=1 crypto rx=0x7fae18009820 tx=0x7fae1802a270 comp rx=0 tx=0).stop
2024-09-19T06:02:07.271 INFO:teuthology.orchestra.run.smithi003.stdout:/usr/bin/ceph: stderr
2024-09-19T06:02:06.063+0000 7fae2c000640 1 -- 172.21.15.3:0/2777312816 shutdown_connections
2024-09-19T06:02:07.271 INFO:teuthology.orchestra.run.smithi003.stdout:/usr/bin/ceph: stderr
2024-09-19T06:02:06.063+0000 7fae2c000640 1 --2- 172.21.15.3:0/2777312816 >> [v2:172.21.15.3:3300/0,v1:172.21.15.3:6789/0] conn(0x7fae2407de70 0x7fae2407c320 unknown :-1 s=CLOSED pgs=39 cs=0 l=1 rev1=1 crypto rx=0 tx=0 comp rx=0 tx=0).stop
2024-09-19T06:02:07.271 INFO:teuthology.orchestra.run.smithi003.stdout:/usr/bin/ceph: stderr
2024-09-19T06:02:06.063+0000 7fae2c000640 1 -- 172.21.15.3:0/2777312816 >> 172.21.15.3:0/2777312816 conn(0x7fae24102ef0 msgr2=0x7fae24105310 unknown :-1 s=STATE_NONE l=0).mark_down
2024-09-19T06:02:07.271 INFO:teuthology.orchestra.run.smithi003.stdout:/usr/bin/ceph: stderr
2024-09-19T06:02:06.063+0000 7fae2c000640 1 -- 172.21.15.3:0/2777312816 shutdown_connections
2024-09-19T06:02:07.272 INFO:teuthology.orchestra.run.smithi003.stdout:/usr/bin/ceph: stderr
2024-09-19T06:02:06.063+0000 7fae2c000640 1 -- 172.21.15.3:0/2777312816 wait complete.
2024-09-19T06:02:07.272 INFO:teuthology.orchestra.run.smithi003.stdout:/usr/bin/ceph: stderr
2024-09-19T06:02:06.064+0000 7fae2c000640 1 Processor -- start
2024-09-19T06:02:07.272 INFO:teuthology.orchestra.run.smithi003.stdout:/usr/bin/ceph: stderr
2024-09-19T06:02:06.064+0000 7fae2c000640 1 -- start start
2024-09-19T06:02:07.272 INFO:teuthology.orchestra.run.smithi003.stdout:/usr/bin/ceph: stderr
2024-09-19T06:02:06.065+0000 7fae2c000640 1 --2- >> [v2:172.21.15.3:3300/0,v1:172.21.15.3:6789/0] conn(0x7fae2407de70 0x7fae2419d900 unknown :-1 s=NONE pgs=0 cs=0 l=1 rev1=0 crypto rx=0 tx=0 comp rx=0 tx=0).connect
2024-09-19T06:02:07.272 INFO:teuthology.orchestra.run.smithi003.stdout:/usr/bin/ceph: stderr
2024-09-19T06:02:06.065+0000 7fae2c000640 1 -- --> [v2:172.21.15.3:3300/0,v1:172.21.15.3:6789/0] -- mon_getmap magic: 0 -- 0x7fae2410dd30 con 0x7fae2407de70
2024-09-19T06:02:07.272 INFO:teuthology.orchestra.run.smithi003.stdout:/usr/bin/ceph: stderr
2024-09-19T06:02:06.065+0000 7fae29600640 1 --2- >> [v2:172.21.15.3:3300/0,v1:172.21.15.3:6789/0] conn(0x7fae2407de70 0x7fae2419d900 unknown :-1 s=BANNER_CONNECTING pgs=0 cs=0 l=1 rev1=0 crypto rx=0 tx=0 comp rx=0 tx=0)._handle_peer_banner_payload supported=3 required=0
2024-09-19T06:02:07.272 INFO:teuthology.orchestra.run.smithi003.stdout:/usr/bin/ceph: stderr
2024-09-19T06:02:06.065+0000 7fae29600640 1 --2- >> [v2:172.21.15.3:3300/0,v1:172.21.15.3:6789/0] conn(0x7fae2407de70 0x7fae2419d900 unknown :-1 s=HELLO_CONNECTING pgs=0 cs=0 l=1 rev1=1 crypto rx=0 tx=0 comp rx=0 tx=0).handle_hello peer v2:172.21.15.3:3300/0 says I am v2:172.21.15.3:54120/0 (socket says 172.21.15.3:54120)
2024-09-19T06:02:07.273 INFO:teuthology.orchestra.run.smithi003.stdout:/usr/bin/ceph: stderr
2024-09-19T06:02:06.065+0000 7fae29600640 1 -- 172.21.15.3:0/2464567664 learned_addr learned my addr 172.21.15.3:0/2464567664 (peer_addr_for_me v2:172.21.15.3:0/0)
2024-09-19T06:02:07.273 INFO:teuthology.orchestra.run.smithi003.stdout:/usr/bin/ceph: stderr
2024-09-19T06:02:06.065+0000 7fae29600640 1 -- 172.21.15.3:0/2464567664 --> [v2:172.21.15.3:3300/0,v1:172.21.15.3:6789/0] -- mon_subscribe({config=0+,monmap=0+}) -- 0x7fae2419de40 con 0x7fae2407de70
2024-09-19T06:02:07.273 INFO:teuthology.orchestra.run.smithi003.stdout:/usr/bin/ceph: stderr
2024-09-19T06:02:06.066+0000 7fae29600640 1 --2- 172.21.15.3:0/2464567664 >> [v2:172.21.15.3:3300/0,v1:172.21.15.3:6789/0] conn(0x7fae2407de70 0x7fae2419d900 secure :-1 s=READY pgs=40 cs=0 l=1 rev1=1 crypto rx=0x7fae180097f0 tx=0x7fae18030ec0 comp rx=0 tx=0).ready entity=mon.0 client_cookie=0 server_cookie=0 in_seq=0 out_seq=0
2024-09-19T06:02:07.273 INFO:teuthology.orchestra.run.smithi003.stdout:/usr/bin/ceph: stderr
2024-09-19T06:02:06.066+0000 7fae22000640 1 -- 172.21.15.3:0/2464567664 <== mon.0 v2:172.21.15.3:3300/0 1 ==== mon_map magic: 0 ==== 205+0+0 (secure 0 0 0) 0x7fae18042070 con 0x7fae2407de70
2024-09-19T06:02:07.273 INFO:teuthology.orchestra.run.smithi003.stdout:/usr/bin/ceph: stderr
2024-09-19T06:02:06.066+0000 7fae22000640 1 -- 172.21.15.3:0/2464567664 <== mon.0 v2:172.21.15.3:3300/0 2 ==== config(27 keys) ==== 1109+0+0 (secure 0 0 0) 0x7fae18032ca0 con 0x7fae2407de70
2024-09-19T06:02:07.273 INFO:teuthology.orchestra.run.smithi003.stdout:/usr/bin/ceph: stderr
2024-09-19T06:02:06.066+0000 7fae22000640 1 -- 172.21.15.3:0/2464567664 <== mon.0 v2:172.21.15.3:3300/0 3 ==== mon_map magic: 0 ==== 205+0+0 (secure 0 0 0) 0x7fae18037040 con 0x7fae2407de70
2024-09-19T06:02:07.273 INFO:teuthology.orchestra.run.smithi003.stdout:/usr/bin/ceph: stderr
2024-09-19T06:02:06.066+0000 7fae2c000640 1 -- 172.21.15.3:0/2464567664 --> [v2:172.21.15.3:3300/0,v1:172.21.15.3:6789/0] -- mon_subscribe({mgrmap=0+}) -- 0x7fae2419e0d0 con 0x7fae2407de70
2024-09-19T06:02:07.273 INFO:teuthology.orchestra.run.smithi003.stdout:/usr/bin/ceph: stderr
2024-09-19T06:02:06.066+0000 7fae2c000640 1 -- 172.21.15.3:0/2464567664 --> [v2:172.21.15.3:3300/0,v1:172.21.15.3:6789/0] -- mon_subscribe({osdmap=0}) -- 0x7fae241a0dc0 con 0x7fae2407de70
2024-09-19T06:02:07.273 INFO:teuthology.orchestra.run.smithi003.stdout:/usr/bin/ceph: stderr
2024-09-19T06:02:06.067+0000 7fae22000640 1 -- 172.21.15.3:0/2464567664 <== mon.0 v2:172.21.15.3:3300/0 4 ==== mgrmap(e 8) ==== 46461+0+0 (secure 0 0 0) 0x7fae18045070 con 0x7fae2407de70
2024-09-19T06:02:07.273 INFO:teuthology.orchestra.run.smithi003.stdout:/usr/bin/ceph: stderr
2024-09-19T06:02:06.067+0000 7fae2c000640 1 -- 172.21.15.3:0/2464567664 --> [v2:172.21.15.3:3300/0,v1:172.21.15.3:6789/0] -- mon_command({"prefix": "get_command_descriptions"} v 0) -- 0x7fae2407c3a0 con 0x7fae2407de70
2024-09-19T06:02:07.273 INFO:teuthology.orchestra.run.smithi003.stdout:/usr/bin/ceph: stderr
2024-09-19T06:02:06.068+0000 7fae22000640 1 --2- 172.21.15.3:0/2464567664 >> [v2:172.21.15.3:6800/518259590,v1:172.21.15.3:6801/518259590] conn(0x7fae0c039200 0x7fae0c03b6c0 unknown :-1 s=NONE pgs=0 cs=0 l=1 rev1=0 crypto rx=0 tx=0 comp rx=0 tx=0).connect
2024-09-19T06:02:07.273 INFO:teuthology.orchestra.run.smithi003.stdout:/usr/bin/ceph: stderr
2024-09-19T06:02:06.068+0000 7fae22000640 1 -- 172.21.15.3:0/2464567664 <== mon.0 v2:172.21.15.3:3300/0 5 ==== osd_map(2..2 src has 1..2) ==== 940+0+0 (secure 0 0 0) 0x7fae1806c2b0 con 0x7fae2407de70
2024-09-19T06:02:07.273 INFO:teuthology.orchestra.run.smithi003.stdout:/usr/bin/ceph: stderr
2024-09-19T06:02:06.068+0000 7fae28c00640 1 --2- 172.21.15.3:0/2464567664 >> [v2:172.21.15.3:6800/518259590,v1:172.21.15.3:6801/518259590] conn(0x7fae0c039200 0x7fae0c03b6c0 unknown :-1 s=BANNER_CONNECTING pgs=0 cs=0 l=1 rev1=0 crypto rx=0 tx=0 comp rx=0 tx=0)._handle_peer_banner_payload supported=3 required=0
2024-09-19T06:02:07.274 INFO:teuthology.orchestra.run.smithi003.stdout:/usr/bin/ceph: stderr
2024-09-19T06:02:06.069+0000 7fae28c00640 1 --2- 172.21.15.3:0/2464567664 >> [v2:172.21.15.3:6800/518259590,v1:172.21.15.3:6801/518259590] conn(0x7fae0c039200 0x7fae0c03b6c0 secure :-1 s=READY pgs=9 cs=0 l=1 rev1=1 crypto rx=0x7fae100098c0 tx=0x7fae10006db0 comp rx=0 tx=0).ready entity=mgr.14118 client_cookie=0 server_cookie=0 in_seq=0 out_seq=0
2024-09-19T06:02:07.274 INFO:teuthology.orchestra.run.smithi003.stdout:/usr/bin/ceph: stderr
2024-09-19T06:02:06.073+0000 7fae22000640 1 -- 172.21.15.3:0/2464567664 <== mon.0 v2:172.21.15.3:3300/0 6 ==== mon_command_ack([{"prefix": "get_command_descriptions"}]=0 v0) ==== 72+0+188913 (secure 0 0 0) 0x7fae18045360 con 0x7fae2407de70
2024-09-19T06:02:07.274 INFO:teuthology.orchestra.run.smithi003.stdout:/usr/bin/ceph: stderr
2024-09-19T06:02:06.261+0000 7fae2c000640 1 -- 172.21.15.3:0/2464567664 --> [v2:172.21.15.3:6800/518259590,v1:172.21.15.3:6801/518259590] -- mgr_command(tid 0: {"prefix": "cephadm generate-key", "target": ["mon-mgr", ""]}) -- 0x7fae24104190 con 0x7fae0c039200
2024-09-19T06:02:07.274 INFO:teuthology.orchestra.run.smithi003.stdout:/usr/bin/ceph: stderr
2024-09-19T06:02:06.607+0000 7fae22000640 1 -- 172.21.15.3:0/2464567664 <== mgr.14118 v2:172.21.15.3:6800/518259590 1 ==== mgr_command_reply(tid 0: 0 ) ==== 8+0+0 (secure 0 0 0) 0x7fae24104190 con 0x7fae0c039200
2024-09-19T06:02:07.274 INFO:teuthology.orchestra.run.smithi003.stdout:/usr/bin/ceph: stderr
2024-09-19T06:02:06.609+0000 7fae2c000640 1 -- 172.21.15.3:0/2464567664 >> [v2:172.21.15.3:6800/518259590,v1:172.21.15.3:6801/518259590] conn(0x7fae0c039200 msgr2=0x7fae0c03b6c0 secure :-1 s=STATE_CONNECTION_ESTABLISHED l=1).mark_down
2024-09-19T06:02:07.274 INFO:teuthology.orchestra.run.smithi003.stdout:/usr/bin/ceph: stderr
2024-09-19T06:02:06.609+0000 7fae2c000640 1 --2- 172.21.15.3:0/2464567664 >> [v2:172.21.15.3:6800/518259590,v1:172.21.15.3:6801/518259590] conn(0x7fae0c039200 0x7fae0c03b6c0 secure :-1 s=READY pgs=9 cs=0 l=1 rev1=1 crypto rx=0x7fae100098c0 tx=0x7fae10006db0 comp rx=0 tx=0).stop
2024-09-19T06:02:07.274 INFO:teuthology.orchestra.run.smithi003.stdout:/usr/bin/ceph: stderr
2024-09-19T06:02:06.609+0000 7fae2c000640 1 -- 172.21.15.3:0/2464567664 >> [v2:172.21.15.3:3300/0,v1:172.21.15.3:6789/0] conn(0x7fae2407de70 msgr2=0x7fae2419d900 secure :-1 s=STATE_CONNECTION_ESTABLISHED l=1).mark_down
2024-09-19T06:02:07.274 INFO:teuthology.orchestra.run.smithi003.stdout:/usr/bin/ceph: stderr
2024-09-19T06:02:06.609+0000 7fae2c000640 1 --2- 172.21.15.3:0/2464567664 >> [v2:172.21.15.3:3300/0,v1:172.21.15.3:6789/0] conn(0x7fae2407de70 0x7fae2419d900 secure :-1 s=READY pgs=40 cs=0 l=1 rev1=1 crypto rx=0x7fae180097f0 tx=0x7fae18030ec0 comp rx=0 tx=0).stop
2024-09-19T06:02:07.274 INFO:teuthology.orchestra.run.smithi003.stdout:/usr/bin/ceph: stderr
2024-09-19T06:02:06.609+0000 7fae2c000640 1 -- 172.21.15.3:0/2464567664 shutdown_connections
2024-09-19T06:02:07.274 INFO:teuthology.orchestra.run.smithi003.stdout:/usr/bin/ceph: stderr
2024-09-19T06:02:06.609+0000 7fae2c000640 1 --2- 172.21.15.3:0/2464567664 >> [v2:172.21.15.3:6800/518259590,v1:172.21.15.3:6801/518259590] conn(0x7fae0c039200 0x7fae0c03b6c0 unknown :-1 s=CLOSED pgs=9 cs=0 l=1 rev1=1 crypto rx=0 tx=0 comp rx=0 tx=0).stop
2024-09-19T06:02:07.274 INFO:teuthology.orchestra.run.smithi003.stdout:/usr/bin/ceph: stderr
2024-09-19T06:02:06.609+0000 7fae2c000640 1 --2- 172.21.15.3:0/2464567664 >> [v2:172.21.15.3:3300/0,v1:172.21.15.3:6789/0] conn(0x7fae2407de70 0x7fae2419d900 unknown :-1 s=CLOSED pgs=40 cs=0 l=1 rev1=1 crypto rx=0 tx=0 comp rx=0 tx=0).stop
2024-09-19T06:02:07.274 INFO:teuthology.orchestra.run.smithi003.stdout:/usr/bin/ceph: stderr
2024-09-19T06:02:06.609+0000 7fae2c000640 1 -- 172.21.15.3:0/2464567664 >> 172.21.15.3:0/2464567664 conn(0x7fae24102ef0 msgr2=0x7fae24103a80 unknown :-1 s=STATE_NONE l=0).mark_down
2024-09-19T06:02:07.274 INFO:teuthology.orchestra.run.smithi003.stdout:/usr/bin/ceph: stderr
2024-09-19T06:02:06.610+0000 7fae2c000640 1 -- 172.21.15.3:0/2464567664 shutdown_connections
2024-09-19T06:02:07.275 INFO:teuthology.orchestra.run.smithi003.stdout:/usr/bin/ceph: stderr
