2024-09-19T06:05:52.395+0000 7f33df44a640 1 -- 172.21.15.2:0/1199488468 >> 172.21.15.2:0/1199488468 conn(0x7f33d807cf50 msgr2=0x7f33d8107550 unknown :-1 s=STATE_NONE l=0).mark_down
2024-09-19T06:05:52.956 INFO:teuthology.orchestra.run.smithi002.stdout:/usr/bin/ceph: stderr
2024-09-19T06:05:52.395+0000 7f33df44a640 1 -- 172.21.15.2:0/1199488468 shutdown_connections
2024-09-19T06:05:52.956 INFO:teuthology.orchestra.run.smithi002.stdout:/usr/bin/ceph: stderr
2024-09-19T06:05:52.395+0000 7f33df44a640 1 -- 172.21.15.2:0/1199488468 wait complete.
2024-09-19T06:05:53.498 INFO:journalctl@ceph.mon.a.smithi002.stdout:Sep 19 06:05:53 smithi002 ceph-mon[30982]: from='client.14134 -' entity='client.admin' cmd=[{"prefix": "cephadm generate-key", "target": ["mon-mgr", ""]}]: dispatch
2024-09-19T06:05:53.498 INFO:journalctl@ceph.mon.a.smithi002.stdout:Sep 19 06:05:53 smithi002 ceph-mon[30982]: Generating ssh key...
2024-09-19T06:05:53.498 INFO:journalctl@ceph.mon.a.smithi002.stdout:Sep 19 06:05:53 smithi002 ceph-mon[30982]: from='mgr.14118 172.21.15.2:0/1043732806' entity='mgr.x'
2024-09-19T06:05:53.499 INFO:journalctl@ceph.mon.a.smithi002.stdout:Sep 19 06:05:53 smithi002 ceph-mon[30982]: from='mgr.14118 172.21.15.2:0/1043732806' entity='mgr.x'
2024-09-19T06:05:54.057 INFO:teuthology.orchestra.run.smithi002.stdout:/usr/bin/ceph: stdout ssh-rsa AAAAB3NzaC1yc2EAAAADAQABAAABgQCph5uC3rHal7LKe77k2CA94394jWQMAJQPlGzrKajzL2bYacVqwGPBw2gbFs+rbesqkySC8RLHOYiYQv3AE2qlkAYpSaPDWWGhUCgLX+4KZ+0khV8fOiWp4s9tQNuXpelrEhObHaa2Ak3Q2xeoASCftRo+AJeEbk/Un8AFaeF5AgumZAU3NpLsko/eGCYxhw4GSkB3406YDfC0vPVFs4N7pyJ+9Y4gjMeRBrMQWt3udbp74A/r0ECr/3VMl6tzJJ5r78ztQ1FrXRKFYvp+gVwuy21i6hbNCofoRoUJL+TIMQblrzRLF12t1A0xqMIo6Xy0Cv4dD3Kr6trNwV0OxeitdYQwnLP3QYfLjoSibYUunPe0FMWBNHXIiOOTdWKkm1+92ZptRlna5mm/Uo1f0orDWpqezGpJiBzV1cLpiP5hhBLAeiabSXtaujrh1/Ozx+HChizpZSfmIyt6I1eQqBZxYNtRGaP6LDdN3gSXlG5f0P5+KFKWmvBvuxY4JdkTkNU= ceph-078f6612-764d-11ef-bceb-c7b262605968
2024-09-19T06:05:54.057 INFO:teuthology.orchestra.run.smithi002.stdout:/usr/bin/ceph: stderr
2024-09-19T06:05:53.308+0000 7fb8b02da640 1 Processor -- start
2024-09-19T06:05:54.057 INFO:teuthology.orchestra.run.smithi002.stdout:/usr/bin/ceph: stderr
2024-09-19T06:05:53.308+0000 7fb8b02da640 1 -- start start
2024-09-19T06:05:54.057 INFO:teuthology.orchestra.run.smithi002.stdout:/usr/bin/ceph: stderr
2024-09-19T06:05:53.309+0000 7fb8b02da640 1 --2- >> [v2:172.21.15.2:3300/0,v1:172.21.15.2:6789/0] conn(0x7fb8a81077b0 0x7fb8a8107bb0 unknown :-1 s=NONE pgs=0 cs=0 l=0 rev1=0 crypto rx=0 tx=0 comp rx=0 tx=0).connect
2024-09-19T06:05:54.057 INFO:teuthology.orchestra.run.smithi002.stdout:/usr/bin/ceph: stderr
2024-09-19T06:05:53.309+0000 7fb8b02da640 1 -- --> [v2:172.21.15.2:3300/0,v1:172.21.15.2:6789/0] -- mon_getmap magic: 0 -- 0x7fb8a8108180 con 0x7fb8a81077b0
2024-09-19T06:05:54.057 INFO:teuthology.orchestra.run.smithi002.stdout:/usr/bin/ceph: stderr
2024-09-19T06:05:53.309+0000 7fb8ae076640 1 --2- >> [v2:172.21.15.2:3300/0,v1:172.21.15.2:6789/0] conn(0x7fb8a81077b0 0x7fb8a8107bb0 unknown :-1 s=BANNER_CONNECTING pgs=0 cs=0 l=0 rev1=0 crypto rx=0 tx=0 comp rx=0 tx=0)._handle_peer_banner_payload supported=3 required=0
2024-09-19T06:05:54.057 INFO:teuthology.orchestra.run.smithi002.stdout:/usr/bin/ceph: stderr
2024-09-19T06:05:53.309+0000 7fb8ae076640 1 --2- >> [v2:172.21.15.2:3300/0,v1:172.21.15.2:6789/0] conn(0x7fb8a81077b0 0x7fb8a8107bb0 unknown :-1 s=HELLO_CONNECTING pgs=0 cs=0 l=0 rev1=1 crypto rx=0 tx=0 comp rx=0 tx=0).handle_hello peer v2:172.21.15.2:3300/0 says I am v2:172.21.15.2:56334/0 (socket says 172.21.15.2:56334)
2024-09-19T06:05:54.057 INFO:teuthology.orchestra.run.smithi002.stdout:/usr/bin/ceph: stderr
2024-09-19T06:05:53.309+0000 7fb8ae076640 1 -- 172.21.15.2:0/3383125637 learned_addr learned my addr 172.21.15.2:0/3383125637 (peer_addr_for_me v2:172.21.15.2:0/0)
2024-09-19T06:05:54.058 INFO:teuthology.orchestra.run.smithi002.stdout:/usr/bin/ceph: stderr
2024-09-19T06:05:53.309+0000 7fb8ae076640 1 -- 172.21.15.2:0/3383125637 --> [v2:172.21.15.2:3300/0,v1:172.21.15.2:6789/0] -- mon_subscribe({config=0+,monmap=0+}) -- 0x7fb8a8108910 con 0x7fb8a81077b0
2024-09-19T06:05:54.058 INFO:teuthology.orchestra.run.smithi002.stdout:/usr/bin/ceph: stderr
2024-09-19T06:05:53.310+0000 7fb8ae076640 1 --2- 172.21.15.2:0/3383125637 >> [v2:172.21.15.2:3300/0,v1:172.21.15.2:6789/0] conn(0x7fb8a81077b0 0x7fb8a8107bb0 secure :-1 s=READY pgs=41 cs=0 l=1 rev1=1 crypto rx=0x7fb8a4009820 tx=0x7fb8a402a270 comp rx=0 tx=0).ready entity=mon.0 client_cookie=f52ea6fdbef40d0e server_cookie=0 in_seq=0 out_seq=0
2024-09-19T06:05:54.058 INFO:teuthology.orchestra.run.smithi002.stdout:/usr/bin/ceph: stderr
2024-09-19T06:05:53.310+0000 7fb8ad074640 1 -- 172.21.15.2:0/3383125637 <== mon.0 v2:172.21.15.2:3300/0 1 ==== mon_map magic: 0 ==== 205+0+0 (secure 0 0 0) 0x7fb8a4037070 con 0x7fb8a81077b0
2024-09-19T06:05:54.058 INFO:teuthology.orchestra.run.smithi002.stdout:/usr/bin/ceph: stderr
2024-09-19T06:05:53.310+0000 7fb8ad074640 1 -- 172.21.15.2:0/3383125637 <== mon.0 v2:172.21.15.2:3300/0 2 ==== config(26 keys) ==== 1071+0+0 (secure 0 0 0) 0x7fb8a40328d0 con 0x7fb8a81077b0
2024-09-19T06:05:54.058 INFO:teuthology.orchestra.run.smithi002.stdout:/usr/bin/ceph: stderr
2024-09-19T06:05:53.310+0000 7fb8ad074640 1 -- 172.21.15.2:0/3383125637 <== mon.0 v2:172.21.15.2:3300/0 3 ==== mon_map magic: 0 ==== 205+0+0 (secure 0 0 0) 0x7fb8a40307d0 con 0x7fb8a81077b0
2024-09-19T06:05:54.058 INFO:teuthology.orchestra.run.smithi002.stdout:/usr/bin/ceph: stderr
2024-09-19T06:05:53.311+0000 7fb8b02da640 1 -- 172.21.15.2:0/3383125637 >> [v2:172.21.15.2:3300/0,v1:172.21.15.2:6789/0] conn(0x7fb8a81077b0 msgr2=0x7fb8a8107bb0 secure :-1 s=STATE_CONNECTION_ESTABLISHED l=1).mark_down
2024-09-19T06:05:54.058 INFO:teuthology.orchestra.run.smithi002.stdout:/usr/bin/ceph: stderr
2024-09-19T06:05:53.311+0000 7fb8b02da640 1 --2- 172.21.15.2:0/3383125637 >> [v2:172.21.15.2:3300/0,v1:172.21.15.2:6789/0] conn(0x7fb8a81077b0 0x7fb8a8107bb0 secure :-1 s=READY pgs=41 cs=0 l=1 rev1=1 crypto rx=0x7fb8a4009820 tx=0x7fb8a402a270 comp rx=0 tx=0).stop
2024-09-19T06:05:54.058 INFO:teuthology.orchestra.run.smithi002.stdout:/usr/bin/ceph: stderr
2024-09-19T06:05:53.311+0000 7fb8b02da640 1 -- 172.21.15.2:0/3383125637 shutdown_connections
2024-09-19T06:05:54.058 INFO:teuthology.orchestra.run.smithi002.stdout:/usr/bin/ceph: stderr
2024-09-19T06:05:53.311+0000 7fb8b02da640 1 --2- 172.21.15.2:0/3383125637 >> [v2:172.21.15.2:3300/0,v1:172.21.15.2:6789/0] conn(0x7fb8a81077b0 0x7fb8a8107bb0 unknown :-1 s=CLOSED pgs=41 cs=0 l=1 rev1=1 crypto rx=0 tx=0 comp rx=0 tx=0).stop
2024-09-19T06:05:54.058 INFO:teuthology.orchestra.run.smithi002.stdout:/usr/bin/ceph: stderr
2024-09-19T06:05:53.311+0000 7fb8b02da640 1 -- 172.21.15.2:0/3383125637 >> 172.21.15.2:0/3383125637 conn(0x7fb8a8102f60 msgr2=0x7fb8a8105380 unknown :-1 s=STATE_NONE l=0).mark_down
2024-09-19T06:05:54.059 INFO:teuthology.orchestra.run.smithi002.stdout:/usr/bin/ceph: stderr
2024-09-19T06:05:53.311+0000 7fb8b02da640 1 -- 172.21.15.2:0/3383125637 shutdown_connections
2024-09-19T06:05:54.059 INFO:teuthology.orchestra.run.smithi002.stdout:/usr/bin/ceph: stderr
2024-09-19T06:05:53.311+0000 7fb8b02da640 1 -- 172.21.15.2:0/3383125637 wait complete.
2024-09-19T06:05:54.059 INFO:teuthology.orchestra.run.smithi002.stdout:/usr/bin/ceph: stderr
2024-09-19T06:05:53.312+0000 7fb8b02da640 1 Processor -- start
2024-09-19T06:05:54.059 INFO:teuthology.orchestra.run.smithi002.stdout:/usr/bin/ceph: stderr
2024-09-19T06:05:53.312+0000 7fb8b02da640 1 -- start start
2024-09-19T06:05:54.059 INFO:teuthology.orchestra.run.smithi002.stdout:/usr/bin/ceph: stderr
2024-09-19T06:05:53.312+0000 7fb8b02da640 1 --2- >> [v2:172.21.15.2:3300/0,v1:172.21.15.2:6789/0] conn(0x7fb8a81077b0 0x7fb8a807db00 unknown :-1 s=NONE pgs=0 cs=0 l=1 rev1=0 crypto rx=0 tx=0 comp rx=0 tx=0).connect
2024-09-19T06:05:54.059 INFO:teuthology.orchestra.run.smithi002.stdout:/usr/bin/ceph: stderr
2024-09-19T06:05:53.312+0000 7fb8b02da640 1 -- --> [v2:172.21.15.2:3300/0,v1:172.21.15.2:6789/0] -- mon_getmap magic: 0 -- 0x7fb8a810bcc0 con 0x7fb8a81077b0
2024-09-19T06:05:54.059 INFO:teuthology.orchestra.run.smithi002.stdout:/usr/bin/ceph: stderr
2024-09-19T06:05:53.312+0000 7fb8ae076640 1 --2- >> [v2:172.21.15.2:3300/0,v1:172.21.15.2:6789/0] conn(0x7fb8a81077b0 0x7fb8a807db00 unknown :-1 s=BANNER_CONNECTING pgs=0 cs=0 l=1 rev1=0 crypto rx=0 tx=0 comp rx=0 tx=0)._handle_peer_banner_payload supported=3 required=0
2024-09-19T06:05:54.059 INFO:teuthology.orchestra.run.smithi002.stdout:/usr/bin/ceph: stderr
2024-09-19T06:05:53.312+0000 7fb8ae076640 1 --2- >> [v2:172.21.15.2:3300/0,v1:172.21.15.2:6789/0] conn(0x7fb8a81077b0 0x7fb8a807db00 unknown :-1 s=HELLO_CONNECTING pgs=0 cs=0 l=1 rev1=1 crypto rx=0 tx=0 comp rx=0 tx=0).handle_hello peer v2:172.21.15.2:3300/0 says I am v2:172.21.15.2:56342/0 (socket says 172.21.15.2:56342)
2024-09-19T06:05:54.059 INFO:teuthology.orchestra.run.smithi002.stdout:/usr/bin/ceph: stderr
2024-09-19T06:05:53.312+0000 7fb8ae076640 1 -- 172.21.15.2:0/1417346688 learned_addr learned my addr 172.21.15.2:0/1417346688 (peer_addr_for_me v2:172.21.15.2:0/0)
2024-09-19T06:05:54.059 INFO:teuthology.orchestra.run.smithi002.stdout:/usr/bin/ceph: stderr
2024-09-19T06:05:53.312+0000 7fb8ae076640 1 -- 172.21.15.2:0/1417346688 --> [v2:172.21.15.2:3300/0,v1:172.21.15.2:6789/0] -- mon_subscribe({config=0+,monmap=0+}) -- 0x7fb8a807e040 con 0x7fb8a81077b0
2024-09-19T06:05:54.059 INFO:teuthology.orchestra.run.smithi002.stdout:/usr/bin/ceph: stderr
2024-09-19T06:05:53.313+0000 7fb8ae076640 1 --2- 172.21.15.2:0/1417346688 >> [v2:172.21.15.2:3300/0,v1:172.21.15.2:6789/0] conn(0x7fb8a81077b0 0x7fb8a807db00 secure :-1 s=READY pgs=42 cs=0 l=1 rev1=1 crypto rx=0x7fb8a40097f0 tx=0x7fb8a4030d00 comp rx=0 tx=0).ready entity=mon.0 client_cookie=0 server_cookie=0 in_seq=0 out_seq=0
2024-09-19T06:05:54.060 INFO:teuthology.orchestra.run.smithi002.stdout:/usr/bin/ceph: stderr
2024-09-19T06:05:53.313+0000 7fb89f7fe640 1 -- 172.21.15.2:0/1417346688 <== mon.0 v2:172.21.15.2:3300/0 1 ==== mon_map magic: 0 ==== 205+0+0 (secure 0 0 0) 0x7fb8a4037040 con 0x7fb8a81077b0
2024-09-19T06:05:54.060 INFO:teuthology.orchestra.run.smithi002.stdout:/usr/bin/ceph: stderr
2024-09-19T06:05:53.313+0000 7fb89f7fe640 1 -- 172.21.15.2:0/1417346688 <== mon.0 v2:172.21.15.2:3300/0 2 ==== config(26 keys) ==== 1071+0+0 (secure 0 0 0) 0x7fb8a4032bb0 con 0x7fb8a81077b0
2024-09-19T06:05:54.060 INFO:teuthology.orchestra.run.smithi002.stdout:/usr/bin/ceph: stderr
2024-09-19T06:05:53.313+0000 7fb8b02da640 1 -- 172.21.15.2:0/1417346688 --> [v2:172.21.15.2:3300/0,v1:172.21.15.2:6789/0] -- mon_subscribe({mgrmap=0+}) -- 0x7fb8a807c230 con 0x7fb8a81077b0
2024-09-19T06:05:54.060 INFO:teuthology.orchestra.run.smithi002.stdout:/usr/bin/ceph: stderr
2024-09-19T06:05:53.313+0000 7fb89f7fe640 1 -- 172.21.15.2:0/1417346688 <== mon.0 v2:172.21.15.2:3300/0 3 ==== mon_map magic: 0 ==== 205+0+0 (secure 0 0 0) 0x7fb8a403a390 con 0x7fb8a81077b0
2024-09-19T06:05:54.060 INFO:teuthology.orchestra.run.smithi002.stdout:/usr/bin/ceph: stderr
2024-09-19T06:05:53.313+0000 7fb8b02da640 1 -- 172.21.15.2:0/1417346688 --> [v2:172.21.15.2:3300/0,v1:172.21.15.2:6789/0] -- mon_subscribe({osdmap=0}) -- 0x7fb8a807c770 con 0x7fb8a81077b0
2024-09-19T06:05:54.060 INFO:teuthology.orchestra.run.smithi002.stdout:/usr/bin/ceph: stderr
2024-09-19T06:05:53.314+0000 7fb89f7fe640 1 -- 172.21.15.2:0/1417346688 <== mon.0 v2:172.21.15.2:3300/0 4 ==== mgrmap(e 8) ==== 46461+0+0 (secure 0 0 0) 0x7fb8a403a580 con 0x7fb8a81077b0
2024-09-19T06:05:54.060 INFO:teuthology.orchestra.run.smithi002.stdout:/usr/bin/ceph: stderr
2024-09-19T06:05:53.314+0000 7fb89f7fe640 1 --2- 172.21.15.2:0/1417346688 >> [v2:172.21.15.2:6800/1200011821,v1:172.21.15.2:6801/1200011821] conn(0x7fb894039200 0x7fb89403b6c0 unknown :-1 s=NONE pgs=0 cs=0 l=1 rev1=0 crypto rx=0 tx=0 comp rx=0 tx=0).connect
2024-09-19T06:05:54.060 INFO:teuthology.orchestra.run.smithi002.stdout:/usr/bin/ceph: stderr
2024-09-19T06:05:53.314+0000 7fb89f7fe640 1 -- 172.21.15.2:0/1417346688 <== mon.0 v2:172.21.15.2:3300/0 5 ==== osd_map(2..2 src has 1..2) ==== 940+0+0 (secure 0 0 0) 0x7fb8a406c490 con 0x7fb8a81077b0
2024-09-19T06:05:54.060 INFO:teuthology.orchestra.run.smithi002.stdout:/usr/bin/ceph: stderr
2024-09-19T06:05:53.314+0000 7fb8b02da640 1 -- 172.21.15.2:0/1417346688 --> [v2:172.21.15.2:3300/0,v1:172.21.15.2:6789/0] -- mon_command({"prefix": "get_command_descriptions"} v 0) -- 0x7fb8a810be40 con 0x7fb8a81077b0
2024-09-19T06:05:54.061 INFO:teuthology.orchestra.run.smithi002.stdout:/usr/bin/ceph: stderr
2024-09-19T06:05:53.314+0000 7fb8ad875640 1 --2- 172.21.15.2:0/1417346688 >> [v2:172.21.15.2:6800/1200011821,v1:172.21.15.2:6801/1200011821] conn(0x7fb894039200 0x7fb89403b6c0 unknown :-1 s=BANNER_CONNECTING pgs=0 cs=0 l=1 rev1=0 crypto rx=0 tx=0 comp rx=0 tx=0)._handle_peer_banner_payload supported=3 required=0
2024-09-19T06:05:54.061 INFO:teuthology.orchestra.run.smithi002.stdout:/usr/bin/ceph: stderr
2024-09-19T06:05:53.315+0000 7fb8ad875640 1 --2- 172.21.15.2:0/1417346688 >> [v2:172.21.15.2:6800/1200011821,v1:172.21.15.2:6801/1200011821] conn(0x7fb894039200 0x7fb89403b6c0 secure :-1 s=READY pgs=10 cs=0 l=1 rev1=1 crypto rx=0x7fb8980098c0 tx=0x7fb898006db0 comp rx=0 tx=0).ready entity=mgr.14118 client_cookie=0 server_cookie=0 in_seq=0 out_seq=0
2024-09-19T06:05:54.061 INFO:teuthology.orchestra.run.smithi002.stdout:/usr/bin/ceph: stderr
2024-09-19T06:05:53.319+0000 7fb89f7fe640 1 -- 172.21.15.2:0/1417346688 <== mon.0 v2:172.21.15.2:3300/0 6 ==== mon_command_ack([{"prefix": "get_command_descriptions"}]=0 v0) ==== 72+0+188913 (secure 0 0 0) 0x7fb8a4040210 con 0x7fb8a81077b0
2024-09-19T06:05:54.061 INFO:teuthology.orchestra.run.smithi002.stdout:/usr/bin/ceph: stderr
2024-09-19T06:05:53.496+0000 7fb8b02da640 1 -- 172.21.15.2:0/1417346688 --> [v2:172.21.15.2:6800/1200011821,v1:172.21.15.2:6801/1200011821] -- mgr_command(tid 0: {"prefix": "cephadm get-pub-key", "target": ["mon-mgr", ""]}) -- 0x7fb8a807cf40 con 0x7fb894039200
2024-09-19T06:05:54.061 INFO:teuthology.orchestra.run.smithi002.stdout:/usr/bin/ceph: stderr
2024-09-19T06:05:53.497+0000 7fb89f7fe640 1 -- 172.21.15.2:0/1417346688 <== mgr.14118 v2:172.21.15.2:6800/1200011821 1 ==== mgr_command_reply(tid 0: 0 ) ==== 8+0+595 (secure 0 0 0) 0x7fb8a807cf40 con 0x7fb894039200
2024-09-19T06:05:54.061 INFO:teuthology.orchestra.run.smithi002.stdout:/usr/bin/ceph: stderr
2024-09-19T06:05:53.499+0000 7fb8b02da640 1 -- 172.21.15.2:0/1417346688 >> [v2:172.21.15.2:6800/1200011821,v1:172.21.15.2:6801/1200011821] conn(0x7fb894039200 msgr2=0x7fb89403b6c0 secure :-1 s=STATE_CONNECTION_ESTABLISHED l=1).mark_down
2024-09-19T06:05:54.061 INFO:teuthology.orchestra.run.smithi002.stdout:/usr/bin/ceph: stderr
2024-09-19T06:05:53.499+0000 7fb8b02da640 1 --2- 172.21.15.2:0/1417346688 >> [v2:172.21.15.2:6800/1200011821,v1:172.21.15.2:6801/1200011821] conn(0x7fb894039200 0x7fb89403b6c0 secure :-1 s=READY pgs=10 cs=0 l=1 rev1=1 crypto rx=0x7fb8980098c0 tx=0x7fb898006db0 comp rx=0 tx=0).stop
2024-09-19T06:05:54.061 INFO:teuthology.orchestra.run.smithi002.stdout:/usr/bin/ceph: stderr
2024-09-19T06:05:53.499+0000 7fb8b02da640 1 -- 172.21.15.2:0/1417346688 >> [v2:172.21.15.2:3300/0,v1:172.21.15.2:6789/0] conn(0x7fb8a81077b0 msgr2=0x7fb8a807db00 secure :-1 s=STATE_CONNECTION_ESTABLISHED l=1).mark_down
2024-09-19T06:05:54.061 INFO:teuthology.orchestra.run.smithi002.stdout:/usr/bin/ceph: stderr
2024-09-19T06:05:53.499+0000 7fb8b02da640 1 --2- 172.21.15.2:0/1417346688 >> [v2:172.21.15.2:3300/0,v1:172.21.15.2:6789/0] conn(0x7fb8a81077b0 0x7fb8a807db00 secure :-1 s=READY pgs=42 cs=0 l=1 rev1=1 crypto rx=0x7fb8a40097f0 tx=0x7fb8a4030d00 comp rx=0 tx=0).stop
2024-09-19T06:05:54.061 INFO:teuthology.orchestra.run.smithi002.stdout:/usr/bin/ceph: stderr
2024-09-19T06:05:53.499+0000 7fb8b02da640 1 -- 172.21.15.2:0/1417346688 shutdown_connections
2024-09-19T06:05:54.062 INFO:teuthology.orchestra.run.smithi002.stdout:/usr/bin/ceph: stderr
2024-09-19T06:05:53.499+0000 7fb8b02da640 1 --2- 172.21.15.2:0/1417346688 >> [v2:172.21.15.2:6800/1200011821,v1:172.21.15.2:6801/1200011821] conn(0x7fb894039200 0x7fb89403b6c0 unknown :-1 s=CLOSED pgs=10 cs=0 l=1 rev1=1 crypto rx=0 tx=0 comp rx=0 tx=0).stop
2024-09-19T06:05:54.062 INFO:teuthology.orchestra.run.smithi002.stdout:/usr/bin/ceph: stderr
2024-09-19T06:05:53.499+0000 7fb8b02da640 1 --2- 172.21.15.2:0/1417346688 >> [v2:172.21.15.2:3300/0,v1:172.21.15.2:6789/0] conn(0x7fb8a81077b0 0x7fb8a807db00 unknown :-1 s=CLOSED pgs=42 cs=0 l=1 rev1=1 crypto rx=0 tx=0 comp rx=0 tx=0).stop
2024-09-19T06:05:54.062 INFO:teuthology.orchestra.run.smithi002.stdout:/usr/bin/ceph: stderr
2024-09-19T06:05:53.499+0000 7fb8b02da640 1 -- 172.21.15.2:0/1417346688 >> 172.21.15.2:0/1417346688 conn(0x7fb8a8102f60 msgr2=0x7fb8a8103a60 unknown :-1 s=STATE_NONE l=0).mark_down
2024-09-19T06:05:54.062 INFO:teuthology.orchestra.run.smithi002.stdout:/usr/bin/ceph: stderr
2024-09-19T06:05:53.499+0000 7fb8b02da640 1 -- 172.21.15.2:0/1417346688 shutdown_connections
2024-09-19T06:05:54.062 INFO:teuthology.orchestra.run.smithi002.stdout:/usr/bin/ceph: stderr
2024-09-19T06:05:53.499+0000 7fb8b02da640 1 -- 172.21.15.2:0/1417346688 wait complete.
2024-09-19T06:05:54.062 INFO:teuthology.orchestra.run.smithi002.stdout:Wrote public SSH key to /home/ubuntu/cephtest/ceph.pub
2024-09-19T06:05:54.062 INFO:teuthology.orchestra.run.smithi002.stdout:Adding key to root@localhost authorized_keys...
2024-09-19T06:05:54.064 INFO:teuthology.orchestra.run.smithi002.stdout:Adding host smithi002...
2024-09-19T06:05:54.675 INFO:journalctl@ceph.mon.a.smithi002.stdout:Sep 19 06:05:54 smithi002 ceph-mon[30982]: from='client.14136 -' entity='client.admin' cmd=[{"prefix": "cephadm get-pub-key", "target": ["mon-mgr", ""]}]: dispatch
2024-09-19T06:05:55.707 INFO:journalctl@ceph.mon.a.smithi002.stdout:Sep 19 06:05:55 smithi002 ceph-mon[30982]: from='client.14138 -' entity='client.admin' cmd=[{"prefix": "orch host add", "hostname": "smithi002", "addr": "172.21.15.2", "target": ["mon-mgr", ""]}]: dispatch
2024-09-19T06:05:56.621 INFO:journalctl@ceph.mon.a.smithi002.stdout:Sep 19 06:05:56 smithi002 ceph-mon[30982]: Deploying cephadm binary to smithi002
2024-09-19T06:05:59.172 INFO:teuthology.orchestra.run.smithi002.stdout:/usr/bin/ceph: stdout Added host 'smithi002' with addr '172.21.15.2'
2024-09-19T06:05:59.172 INFO:teuthology.orchestra.run.smithi002.stdout:/usr/bin/ceph: stderr
2024-09-19T06:05:54.483+0000 7fe6b61f1640 1 Processor -- start
2024-09-19T06:05:59.172 INFO:teuthology.orchestra.run.smithi002.stdout:/usr/bin/ceph: stderr
2024-09-19T06:05:54.483+0000 7fe6b61f1640 1 -- start start
2024-09-19T06:05:59.172 INFO:teuthology.orchestra.run.smithi002.stdout:/usr/bin/ceph: stderr
2024-09-19T06:05:54.483+0000 7fe6b61f1640 1 --2- >> [v2:172.21.15.2:3300/0,v1:172.21.15.2:6789/0] conn(0x7fe6b01077b0 0x7fe6b0107bb0 unknown :-1 s=NONE pgs=0 cs=0 l=0 rev1=0 crypto rx=0 tx=0 comp rx=0 tx=0).connect
2024-09-19T06:05:59.172 INFO:teuthology.orchestra.run.smithi002.stdout:/usr/bin/ceph: stderr
2024-09-19T06:05:54.483+0000 7fe6b61f1640 1 -- --> [v2:172.21.15.2:3300/0,v1:172.21.15.2:6789/0] -- mon_getmap magic: 0 -- 0x7fe6b0108180 con 0x7fe6b01077b0
2024-09-19T06:05:59.172 INFO:teuthology.orchestra.run.smithi002.stdout:/usr/bin/ceph: stderr
2024-09-19T06:05:54.483+0000 7fe6af7fe640 1 --2- >> [v2:172.21.15.2:3300/0,v1:172.21.15.2:6789/0] conn(0x7fe6b01077b0 0x7fe6b0107bb0 unknown :-1 s=BANNER_CONNECTING pgs=0 cs=0 l=0 rev1=0 crypto rx=0 tx=0 comp rx=0 tx=0)._handle_peer_banner_payload supported=3 required=0
2024-09-19T06:05:59.172 INFO:teuthology.orchestra.run.smithi002.stdout:/usr/bin/ceph: stderr
2024-09-19T06:05:54.483+0000 7fe6af7fe640 1 --2- >> [v2:172.21.15.2:3300/0,v1:172.21.15.2:6789/0] conn(0x7fe6b01077b0 0x7fe6b0107bb0 unknown :-1 s=HELLO_CONNECTING pgs=0 cs=0 l=0 rev1=1 crypto rx=0 tx=0 comp rx=0 tx=0).handle_hello peer v2:172.21.15.2:3300/0 says I am v2:172.21.15.2:56352/0 (socket says 172.21.15.2:56352)
2024-09-19T06:05:59.172 INFO:teuthology.orchestra.run.smithi002.stdout:/usr/bin/ceph: stderr
2024-09-19T06:05:54.483+0000 7fe6af7fe640 1 -- 172.21.15.2:0/481176483 learned_addr learned my addr 172.21.15.2:0/481176483 (peer_addr_for_me v2:172.21.15.2:0/0)
2024-09-19T06:05:59.172 INFO:teuthology.orchestra.run.smithi002.stdout:/usr/bin/ceph: stderr
2024-09-19T06:05:54.484+0000 7fe6af7fe640 1 -- 172.21.15.2:0/481176483 --> [v2:172.21.15.2:3300/0,v1:172.21.15.2:6789/0] -- mon_subscribe({config=0+,monmap=0+}) -- 0x7fe6b0108910 con 0x7fe6b01077b0
2024-09-19T06:05:59.172 INFO:teuthology.orchestra.run.smithi002.stdout:/usr/bin/ceph: stderr
2024-09-19T06:05:54.484+0000 7fe6af7fe640 1 --2- 172.21.15.2:0/481176483 >> [v2:172.21.15.2:3300/0,v1:172.21.15.2:6789/0] conn(0x7fe6b01077b0 0x7fe6b0107bb0 secure :-1 s=READY pgs=43 cs=0 l=1 rev1=1 crypto rx=0x7fe6a0009820 tx=0x7fe6a002a270 comp rx=0 tx=0).ready entity=mon.0 client_cookie=ec7773b7fac25fe1 server_cookie=0 in_seq=0 out_seq=0
2024-09-19T06:05:59.173 INFO:teuthology.orchestra.run.smithi002.stdout:/usr/bin/ceph: stderr
2024-09-19T06:05:54.484+0000 7fe6ae7fc640 1 -- 172.21.15.2:0/481176483 <== mon.0 v2:172.21.15.2:3300/0 1 ==== mon_map magic: 0 ==== 205+0+0 (secure 0 0 0) 0x7fe6a0037070 con 0x7fe6b01077b0
2024-09-19T06:05:59.173 INFO:teuthology.orchestra.run.smithi002.stdout:/usr/bin/ceph: stderr
2024-09-19T06:05:54.485+0000 7fe6ae7fc640 1 -- 172.21.15.2:0/481176483 <== mon.0 v2:172.21.15.2:3300/0 2 ==== config(26 keys) ==== 1071+0+0 (secure 0 0 0) 0x7fe6a00328d0 con 0x7fe6b01077b0
2024-09-19T06:05:59.173 INFO:teuthology.orchestra.run.smithi002.stdout:/usr/bin/ceph: stderr
2024-09-19T06:05:54.485+0000 7fe6ae7fc640 1 -- 172.21.15.2:0/481176483 <== mon.0 v2:172.21.15.2:3300/0 3 ==== mon_map magic: 0 ==== 205+0+0 (secure 0 0 0) 0x7fe6a00307d0 con 0x7fe6b01077b0
2024-09-19T06:05:59.173 INFO:teuthology.orchestra.run.smithi002.stdout:/usr/bin/ceph: stderr
2024-09-19T06:05:54.485+0000 7fe6b61f1640 1 -- 172.21.15.2:0/481176483 >> [v2:172.21.15.2:3300/0,v1:172.21.15.2:6789/0] conn(0x7fe6b01077b0 msgr2=0x7fe6b0107bb0 secure :-1 s=STATE_CONNECTION_ESTABLISHED l=1).mark_down
2024-09-19T06:05:59.173 INFO:teuthology.orchestra.run.smithi002.stdout:/usr/bin/ceph: stderr
2024-09-19T06:05:54.485+0000 7fe6b61f1640 1 --2- 172.21.15.2:0/481176483 >> [v2:172.21.15.2:3300/0,v1:172.21.15.2:6789/0] conn(0x7fe6b01077b0 0x7fe6b0107bb0 secure :-1 s=READY pgs=43 cs=0 l=1 rev1=1 crypto rx=0x7fe6a0009820 tx=0x7fe6a002a270 comp rx=0 tx=0).stop
2024-09-19T06:05:59.173 INFO:teuthology.orchestra.run.smithi002.stdout:/usr/bin/ceph: stderr
2024-09-19T06:05:54.485+0000 7fe6b61f1640 1 -- 172.21.15.2:0/481176483 shutdown_connections
2024-09-19T06:05:59.173 INFO:teuthology.orchestra.run.smithi002.stdout:/usr/bin/ceph: stderr
2024-09-19T06:05:54.485+0000 7fe6b61f1640 1 --2- 172.21.15.2:0/481176483 >> [v2:172.21.15.2:3300/0,v1:172.21.15.2:6789/0] conn(0x7fe6b01077b0 0x7fe6b0107bb0 unknown :-1 s=CLOSED pgs=43 cs=0 l=1 rev1=1 crypto rx=0 tx=0 comp rx=0 tx=0).stop
2024-09-19T06:05:59.173 INFO:teuthology.orchestra.run.smithi002.stdout:/usr/bin/ceph: stderr
2024-09-19T06:05:54.485+0000 7fe6b61f1640 1 -- 172.21.15.2:0/481176483 >> 172.21.15.2:0/481176483 conn(0x7fe6b0102f60 msgr2=0x7fe6b0105380 unknown :-1 s=STATE_NONE l=0).mark_down
2024-09-19T06:05:59.173 INFO:teuthology.orchestra.run.smithi002.stdout:/usr/bin/ceph: stderr
2024-09-19T06:05:54.485+0000 7fe6b61f1640 1 -- 172.21.15.2:0/481176483 shutdown_connections
2024-09-19T06:05:59.173 INFO:teuthology.orchestra.run.smithi002.stdout:/usr/bin/ceph: stderr
2024-09-19T06:05:54.485+0000 7fe6b61f1640 1 -- 172.21.15.2:0/481176483 wait complete.
2024-09-19T06:05:59.173 INFO:teuthology.orchestra.run.smithi002.stdout:/usr/bin/ceph: stderr
2024-09-19T06:05:54.486+0000 7fe6b61f1640 1 Processor -- start
2024-09-19T06:05:59.173 INFO:teuthology.orchestra.run.smithi002.stdout:/usr/bin/ceph: stderr
2024-09-19T06:05:54.486+0000 7fe6b61f1640 1 -- start start
2024-09-19T06:05:59.173 INFO:teuthology.orchestra.run.smithi002.stdout:/usr/bin/ceph: stderr
2024-09-19T06:05:54.486+0000 7fe6b61f1640 1 --2- >> [v2:172.21.15.2:3300/0,v1:172.21.15.2:6789/0] conn(0x7fe6b01077b0 0x7fe6b019b6b0 unknown :-1 s=NONE pgs=0 cs=0 l=1 rev1=0 crypto rx=0 tx=0 comp rx=0 tx=0).connect
2024-09-19T06:05:59.174 INFO:teuthology.orchestra.run.smithi002.stdout:/usr/bin/ceph: stderr
2024-09-19T06:05:54.486+0000 7fe6b61f1640 1 -- --> [v2:172.21.15.2:3300/0,v1:172.21.15.2:6789/0] -- mon_getmap magic: 0 -- 0x7fe6b010bcc0 con 0x7fe6b01077b0
2024-09-19T06:05:59.174 INFO:teuthology.orchestra.run.smithi002.stdout:/usr/bin/ceph: stderr
2024-09-19T06:05:54.486+0000 7fe6af7fe640 1 --2- >> [v2:172.21.15.2:3300/0,v1:172.21.15.2:6789/0] conn(0x7fe6b01077b0 0x7fe6b019b6b0 unknown :-1 s=BANNER_CONNECTING pgs=0 cs=0 l=1 rev1=0 crypto rx=0 tx=0 comp rx=0 tx=0)._handle_peer_banner_payload supported=3 required=0
2024-09-19T06:05:59.174 INFO:teuthology.orchestra.run.smithi002.stdout:/usr/bin/ceph: stderr
2024-09-19T06:05:54.486+0000 7fe6af7fe640 1 --2- >> [v2:172.21.15.2:3300/0,v1:172.21.15.2:6789/0] conn(0x7fe6b01077b0 0x7fe6b019b6b0 unknown :-1 s=HELLO_CONNECTING pgs=0 cs=0 l=1 rev1=1 crypto rx=0 tx=0 comp rx=0 tx=0).handle_hello peer v2:172.21.15.2:3300/0 says I am v2:172.21.15.2:56354/0 (socket says 172.21.15.2:56354)
2024-09-19T06:05:59.174 INFO:teuthology.orchestra.run.smithi002.stdout:/usr/bin/ceph: stderr
2024-09-19T06:05:54.486+0000 7fe6af7fe640 1 -- 172.21.15.2:0/3633244518 learned_addr learned my addr 172.21.15.2:0/3633244518 (peer_addr_for_me v2:172.21.15.2:0/0)
2024-09-19T06:05:59.174 INFO:teuthology.orchestra.run.smithi002.stdout:/usr/bin/ceph: stderr
2024-09-19T06:05:54.487+0000 7fe6af7fe640 1 -- 172.21.15.2:0/3633244518 --> [v2:172.21.15.2:3300/0,v1:172.21.15.2:6789/0] -- mon_subscribe({config=0+,monmap=0+}) -- 0x7fe6b019bbf0 con 0x7fe6b01077b0
2024-09-19T06:05:59.174 INFO:teuthology.orchestra.run.smithi002.stdout:/usr/bin/ceph: stderr
2024-09-19T06:05:54.487+0000 7fe6af7fe640 1 --2- 172.21.15.2:0/3633244518 >> [v2:172.21.15.2:3300/0,v1:172.21.15.2:6789/0] conn(0x7fe6b01077b0 0x7fe6b019b6b0 secure :-1 s=READY pgs=44 cs=0 l=1 rev1=1 crypto rx=0x7fe6a00097f0 tx=0x7fe6a0030d00 comp rx=0 tx=0).ready entity=mon.0 client_cookie=0 server_cookie=0 in_seq=0 out_seq=0
2024-09-19T06:05:59.174 INFO:teuthology.orchestra.run.smithi002.stdout:/usr/bin/ceph: stderr
2024-09-19T06:05:54.487+0000 7fe6acff9640 1 -- 172.21.15.2:0/3633244518 <== mon.0 v2:172.21.15.2:3300/0 1 ==== mon_map magic: 0 ==== 205+0+0 (secure 0 0 0) 0x7fe6a0037040 con 0x7fe6b01077b0
2024-09-19T06:05:59.174 INFO:teuthology.orchestra.run.smithi002.stdout:/usr/bin/ceph: stderr
2024-09-19T06:05:54.487+0000 7fe6acff9640 1 -- 172.21.15.2:0/3633244518 <== mon.0 v2:172.21.15.2:3300/0 2 ==== config(26 keys) ==== 1071+0+0 (secure 0 0 0) 0x7fe6a0032bb0 con 0x7fe6b01077b0
2024-09-19T06:05:59.174 INFO:teuthology.orchestra.run.smithi002.stdout:/usr/bin/ceph: stderr
2024-09-19T06:05:54.487+0000 7fe6b61f1640 1 -- 172.21.15.2:0/3633244518 --> [v2:172.21.15.2:3300/0,v1:172.21.15.2:6789/0] -- mon_subscribe({mgrmap=0+}) -- 0x7fe6b019be80 con 0x7fe6b01077b0
2024-09-19T06:05:59.174 INFO:teuthology.orchestra.run.smithi002.stdout:/usr/bin/ceph: stderr
2024-09-19T06:05:54.487+0000 7fe6acff9640 1 -- 172.21.15.2:0/3633244518 <== mon.0 v2:172.21.15.2:3300/0 3 ==== mon_map magic: 0 ==== 205+0+0 (secure 0 0 0) 0x7fe6a003a390 con 0x7fe6b01077b0
2024-09-19T06:05:59.174 INFO:teuthology.orchestra.run.smithi002.stdout:/usr/bin/ceph: stderr
2024-09-19T06:05:54.487+0000 7fe6b61f1640 1 -- 172.21.15.2:0/3633244518 --> [v2:172.21.15.2:3300/0,v1:172.21.15.2:6789/0] -- mon_subscribe({osdmap=0}) -- 0x7fe6b019eb70 con 0x7fe6b01077b0
2024-09-19T06:05:59.174 INFO:teuthology.orchestra.run.smithi002.stdout:/usr/bin/ceph: stderr
2024-09-19T06:05:54.488+0000 7fe6acff9640 1 -- 172.21.15.2:0/3633244518 <== mon.0 v2:172.21.15.2:3300/0 4 ==== mgrmap(e 8) ==== 46461+0+0 (secure 0 0 0) 0x7fe6a003a580 con 0x7fe6b01077b0
2024-09-19T06:05:59.174 INFO:teuthology.orchestra.run.smithi002.stdout:/usr/bin/ceph: stderr
2024-09-19T06:05:54.488+0000 7fe6b61f1640 1 -- 172.21.15.2:0/3633244518 --> [v2:172.21.15.2:3300/0,v1:172.21.15.2:6789/0] -- mon_command({"prefix": "get_command_descriptions"} v 0) -- 0x7fe6b010be40 con 0x7fe6b01077b0
2024-09-19T06:05:59.175 INFO:teuthology.orchestra.run.smithi002.stdout:/usr/bin/ceph: stderr
2024-09-19T06:05:54.488+0000 7fe6acff9640 1 --2- 172.21.15.2:0/3633244518 >> [v2:172.21.15.2:6800/1200011821,v1:172.21.15.2:6801/1200011821] conn(0x7fe698039200 0x7fe69803b6c0 unknown :-1 s=NONE pgs=0 cs=0 l=1 rev1=0 crypto rx=0 tx=0 comp rx=0 tx=0).connect
2024-09-19T06:05:59.175 INFO:teuthology.orchestra.run.smithi002.stdout:/usr/bin/ceph: stderr
2024-09-19T06:05:54.488+0000 7fe6acff9640 1 -- 172.21.15.2:0/3633244518 <== mon.0 v2:172.21.15.2:3300/0 5 ==== osd_map(2..2 src has 1..2) ==== 940+0+0 (secure 0 0 0) 0x7fe6a006c5e0 con 0x7fe6b01077b0
2024-09-19T06:05:59.175 INFO:teuthology.orchestra.run.smithi002.stdout:/usr/bin/ceph: stderr
2024-09-19T06:05:54.488+0000 7fe6aeffd640 1 --2- 172.21.15.2:0/3633244518 >> [v2:172.21.15.2:6800/1200011821,v1:172.21.15.2:6801/1200011821] conn(0x7fe698039200 0x7fe69803b6c0 unknown :-1 s=BANNER_CONNECTING pgs=0 cs=0 l=1 rev1=0 crypto rx=0 tx=0 comp rx=0 tx=0)._handle_peer_banner_payload supported=3 required=0
2024-09-19T06:05:59.175 INFO:teuthology.orchestra.run.smithi002.stdout:/usr/bin/ceph: stderr
2024-09-19T06:05:54.489+0000 7fe6aeffd640 1 --2- 172.21.15.2:0/3633244518 >> [v2:172.21.15.2:6800/1200011821,v1:172.21.15.2:6801/1200011821] conn(0x7fe698039200 0x7fe69803b6c0 secure :-1 s=READY pgs=11 cs=0 l=1 rev1=1 crypto rx=0x7fe6a40098c0 tx=0x7fe6a4006db0 comp rx=0 tx=0).ready entity=mgr.14118 client_cookie=0 server_cookie=0 in_seq=0 out_seq=0
2024-09-19T06:05:59.175 INFO:teuthology.orchestra.run.smithi002.stdout:/usr/bin/ceph: stderr
2024-09-19T06:05:54.493+0000 7fe6acff9640 1 -- 172.21.15.2:0/3633244518 <== mon.0 v2:172.21.15.2:3300/0 6 ==== mon_command_ack([{"prefix": "get_command_descriptions"}]=0 v0) ==== 72+0+188913 (secure 0 0 0) 0x7fe6a0032dd0 con 0x7fe6b01077b0
2024-09-19T06:05:59.175 INFO:teuthology.orchestra.run.smithi002.stdout:/usr/bin/ceph: stderr
2024-09-19T06:05:54.673+0000 7fe6b61f1640 1 -- 172.21.15.2:0/3633244518 --> [v2:172.21.15.2:6800/1200011821,v1:172.21.15.2:6801/1200011821] -- mgr_command(tid 0: {"prefix": "orch host add", "hostname": "smithi002", "addr": "172.21.15.2", "target": ["mon-mgr", ""]}) -- 0x7fe6b0104170 con 0x7fe698039200
2024-09-19T06:05:59.175 INFO:teuthology.orchestra.run.smithi002.stdout:/usr/bin/ceph: stderr
2024-09-19T06:05:58.569+0000 7fe6acff9640 1 -- 172.21.15.2:0/3633244518 <== mgr.14118 v2:172.21.15.2:6800/1200011821 1 ==== mgr_command_reply(tid 0: 0 ) ==== 8+0+47 (secure 0 0 0) 0x7fe6b0104170 con 0x7fe698039200
2024-09-19T06:05:59.175 INFO:teuthology.orchestra.run.smithi002.stdout:/usr/bin/ceph: stderr
2024-09-19T06:05:58.572+0000 7fe6b61f1640 1 -- 172.21.15.2:0/3633244518 >> [v2:172.21.15.2:6800/1200011821,v1:172.21.15.2:6801/1200011821] conn(0x7fe698039200 msgr2=0x7fe69803b6c0 secure :-1 s=STATE_CONNECTION_ESTABLISHED l=1).mark_down
2024-09-19T06:05:59.175 INFO:teuthology.orchestra.run.smithi002.stdout:/usr/bin/ceph: stderr
2024-09-19T06:05:58.572+0000 7fe6b61f1640 1 --2- 172.21.15.2:0/3633244518 >> [v2:172.21.15.2:6800/1200011821,v1:172.21.15.2:6801/1200011821] conn(0x7fe698039200 0x7fe69803b6c0 secure :-1 s=READY pgs=11 cs=0 l=1 rev1=1 crypto rx=0x7fe6a40098c0 tx=0x7fe6a4006db0 comp rx=0 tx=0).stop
2024-09-19T06:05:59.175 INFO:teuthology.orchestra.run.smithi002.stdout:/usr/bin/ceph: stderr
2024-09-19T06:05:58.572+0000 7fe6b61f1640 1 -- 172.21.15.2:0/3633244518 >> [v2:172.21.15.2:3300/0,v1:172.21.15.2:6789/0] conn(0x7fe6b01077b0 msgr2=0x7fe6b019b6b0 secure :-1 s=STATE_CONNECTION_ESTABLISHED l=1).mark_down
2024-09-19T06:05:59.175 INFO:teuthology.orchestra.run.smithi002.stdout:/usr/bin/ceph: stderr
2024-09-19T06:05:58.572+0000 7fe6b61f1640 1 --2- 172.21.15.2:0/3633244518 >> [v2:172.21.15.2:3300/0,v1:172.21.15.2:6789/0] conn(0x7fe6b01077b0 0x7fe6b019b6b0 secure :-1 s=READY pgs=44 cs=0 l=1 rev1=1 crypto rx=0x7fe6a00097f0 tx=0x7fe6a0030d00 comp rx=0 tx=0).stop
2024-09-19T06:05:59.175 INFO:teuthology.orchestra.run.smithi002.stdout:/usr/bin/ceph: stderr
2024-09-19T06:05:58.572+0000 7fe6b61f1640 1 -- 172.21.15.2:0/3633244518 shutdown_connections
2024-09-19T06:05:59.176 INFO:teuthology.orchestra.run.smithi002.stdout:/usr/bin/ceph: stderr
2024-09-19T06:05:58.572+0000 7fe6b61f1640 1 --2- 172.21.15.2:0/3633244518 >> [v2:172.21.15.2:6800/1200011821,v1:172.21.15.2:6801/1200011821] conn(0x7fe698039200 0x7fe69803b6c0 unknown :-1 s=CLOSED pgs=11 cs=0 l=1 rev1=1 crypto rx=0 tx=0 comp rx=0 tx=0).stop
2024-09-19T06:05:59.176 INFO:teuthology.orchestra.run.smithi002.stdout:/usr/bin/ceph: stderr
2024-09-19T06:05:58.572+0000 7fe6b61f1640 1 --2- 172.21.15.2:0/3633244518 >> [v2:172.21.15.2:3300/0,v1:172.21.15.2:6789/0] conn(0x7fe6b01077b0 0x7fe6b019b6b0 unknown :-1 s=CLOSED pgs=44 cs=0 l=1 rev1=1 crypto rx=0 tx=0 comp rx=0 tx=0).stop
2024-09-19T06:05:59.176 INFO:teuthology.orchestra.run.smithi002.stdout:/usr/bin/ceph: stderr
2024-09-19T06:05:58.572+0000 7fe6b61f1640 1 -- 172.21.15.2:0/3633244518 >> 172.21.15.2:0/3633244518 conn(0x7fe6b0102f60 msgr2=0x7fe6b0103a60 unknown :-1 s=STATE_NONE l=0).mark_down
2024-09-19T06:05:59.176 INFO:teuthology.orchestra.run.smithi002.stdout:/usr/bin/ceph: stderr
2024-09-19T06:05:58.572+0000 7fe6b61f1640 1 -- 172.21.15.2:0/3633244518 shutdown_connections
2024-09-19T06:05:59.176 INFO:teuthology.orchestra.run.smithi002.stdout:/usr/bin/ceph: stderr
2024-09-19T06:05:58.572+0000 7fe6b61f1640 1 -- 172.21.15.2:0/3633244518 wait complete.
2024-09-19T06:05:59.176 INFO:teuthology.orchestra.run.smithi002.stdout:Deploying unmanaged mon service...
2024-09-19T06:05:59.809 INFO:journalctl@ceph.mon.a.smithi002.stdout:Sep 19 06:05:59 smithi002 ceph-mon[30982]: from='mgr.14118 172.21.15.2:0/1043732806' entity='mgr.x'
2024-09-19T06:05:59.809 INFO:journalctl@ceph.mon.a.smithi002.stdout:Sep 19 06:05:59 smithi002 ceph-mon[30982]: Added host smithi002
2024-09-19T06:05:59.809 INFO:journalctl@ceph.mon.a.smithi002.stdout:Sep 19 06:05:59 smithi002 ceph-mon[30982]: from='mgr.14118 172.21.15.2:0/1043732806' entity='mgr.x' cmd=[{"prefix": "config dump", "format": "json"}]: dispatch
2024-09-19T06:06:00.564 INFO:teuthology.orchestra.run.smithi002.stdout:/usr/bin/ceph: stdout Scheduled mon update...
2024-09-19T06:06:00.564 INFO:teuthology.orchestra.run.smithi002.stdout:/usr/bin/ceph: stderr
2024-09-19T06:05:59.596+0000 7f67a6e1d640 1 Processor -- start
2024-09-19T06:06:00.564 INFO:teuthology.orchestra.run.smithi002.stdout:/usr/bin/ceph: stderr
2024-09-19T06:05:59.596+0000 7f67a6e1d640 1 -- start start
2024-09-19T06:06:00.565 INFO:teuthology.orchestra.run.smithi002.stdout:/usr/bin/ceph: stderr
2024-09-19T06:05:59.596+0000 7f67a6e1d640 1 --2- >> [v2:172.21.15.2:3300/0,v1:172.21.15.2:6789/0] conn(0x7f67a007de00 0x7f67a007c2b0 unknown :-1 s=NONE pgs=0 cs=0 l=0 rev1=0 crypto rx=0 tx=0 comp rx=0 tx=0).connect
2024-09-19T06:06:00.565 INFO:teuthology.orchestra.run.smithi002.stdout:/usr/bin/ceph: stderr
2024-09-19T06:05:59.596+0000 7f67a6e1d640 1 -- --> [v2:172.21.15.2:3300/0,v1:172.21.15.2:6789/0] -- mon_getmap magic: 0 -- 0x7f67a007c880 con 0x7f67a007de00
2024-09-19T06:06:00.565 INFO:teuthology.orchestra.run.smithi002.stdout:/usr/bin/ceph: stderr
2024-09-19T06:05:59.596+0000 7f67a4bb9640 1 --2- >> [v2:172.21.15.2:3300/0,v1:172.21.15.2:6789/0] conn(0x7f67a007de00 0x7f67a007c2b0 unknown :-1 s=BANNER_CONNECTING pgs=0 cs=0 l=0 rev1=0 crypto rx=0 tx=0 comp rx=0 tx=0)._handle_peer_banner_payload supported=3 required=0
2024-09-19T06:06:00.565 INFO:teuthology.orchestra.run.smithi002.stdout:/usr/bin/ceph: stderr
2024-09-19T06:05:59.596+0000 7f67a4bb9640 1 --2- >> [v2:172.21.15.2:3300/0,v1:172.21.15.2:6789/0] conn(0x7f67a007de00 0x7f67a007c2b0 unknown :-1 s=HELLO_CONNECTING pgs=0 cs=0 l=0 rev1=1 crypto rx=0 tx=0 comp rx=0 tx=0).handle_hello peer v2:172.21.15.2:3300/0 says I am v2:172.21.15.2:42032/0 (socket says 172.21.15.2:42032)
2024-09-19T06:06:00.565 INFO:teuthology.orchestra.run.smithi002.stdout:/usr/bin/ceph: stderr
2024-09-19T06:05:59.597+0000 7f67a4bb9640 1 -- 172.21.15.2:0/4069715436 learned_addr learned my addr 172.21.15.2:0/4069715436 (peer_addr_for_me v2:172.21.15.2:0/0)
2024-09-19T06:06:00.565 INFO:teuthology.orchestra.run.smithi002.stdout:/usr/bin/ceph: stderr
2024-09-19T06:05:59.597+0000 7f67a4bb9640 1 -- 172.21.15.2:0/4069715436 --> [v2:172.21.15.2:3300/0,v1:172.21.15.2:6789/0] -- mon_subscribe({config=0+,monmap=0+}) -- 0x7f67a007ca00 con 0x7f67a007de00
2024-09-19T06:06:00.565 INFO:teuthology.orchestra.run.smithi002.stdout:/usr/bin/ceph: stderr
2024-09-19T06:05:59.597+0000 7f67a4bb9640 1 --2- 172.21.15.2:0/4069715436 >> [v2:172.21.15.2:3300/0,v1:172.21.15.2:6789/0] conn(0x7f67a007de00 0x7f67a007c2b0 secure :-1 s=READY pgs=45 cs=0 l=1 rev1=1 crypto rx=0x7f6790009820 tx=0x7f679002a270 comp rx=0 tx=0).ready entity=mon.0 client_cookie=987d4048ac1c5810 server_cookie=0 in_seq=0 out_seq=0
2024-09-19T06:06:00.565 INFO:teuthology.orchestra.run.smithi002.stdout:/usr/bin/ceph: stderr
2024-09-19T06:05:59.598+0000 7f679f7fe640 1 -- 172.21.15.2:0/4069715436 <== mon.0 v2:172.21.15.2:3300/0 1 ==== mon_map magic: 0 ==== 205+0+0 (secure 0 0 0) 0x7f6790037070 con 0x7f67a007de00
2024-09-19T06:06:00.565 INFO:teuthology.orchestra.run.smithi002.stdout:/usr/bin/ceph: stderr
2024-09-19T06:05:59.598+0000 7f679f7fe640 1 -- 172.21.15.2:0/4069715436 <== mon.0 v2:172.21.15.2:3300/0 2 ==== config(26 keys) ==== 1071+0+0 (secure 0 0 0) 0x7f67900328d0 con 0x7f67a007de00
2024-09-19T06:06:00.565 INFO:teuthology.orchestra.run.smithi002.stdout:/usr/bin/ceph: stderr
2024-09-19T06:05:59.598+0000 7f679f7fe640 1 -- 172.21.15.2:0/4069715436 <== mon.0 v2:172.21.15.2:3300/0 3 ==== mon_map magic: 0 ==== 205+0+0 (secure 0 0 0) 0x7f67900307d0 con 0x7f67a007de00
2024-09-19T06:06:00.565 INFO:teuthology.orchestra.run.smithi002.stdout:/usr/bin/ceph: stderr
2024-09-19T06:05:59.598+0000 7f67a6e1d640 1 -- 172.21.15.2:0/4069715436 >> [v2:172.21.15.2:3300/0,v1:172.21.15.2:6789/0] conn(0x7f67a007de00 msgr2=0x7f67a007c2b0 secure :-1 s=STATE_CONNECTION_ESTABLISHED l=1).mark_down
2024-09-19T06:06:00.566 INFO:teuthology.orchestra.run.smithi002.stdout:/usr/bin/ceph: stderr
2024-09-19T06:05:59.598+0000 7f67a6e1d640 1 --2- 172.21.15.2:0/4069715436 >> [v2:172.21.15.2:3300/0,v1:172.21.15.2:6789/0] conn(0x7f67a007de00 0x7f67a007c2b0 secure :-1 s=READY pgs=45 cs=0 l=1 rev1=1 crypto rx=0x7f6790009820 tx=0x7f679002a270 comp rx=0 tx=0).stop
2024-09-19T06:06:00.566 INFO:teuthology.orchestra.run.smithi002.stdout:/usr/bin/ceph: stderr
2024-09-19T06:05:59.598+0000 7f67a6e1d640 1 -- 172.21.15.2:0/4069715436 shutdown_connections
2024-09-19T06:06:00.566 INFO:teuthology.orchestra.run.smithi002.stdout:/usr/bin/ceph: stderr
2024-09-19T06:05:59.598+0000 7f67a6e1d640 1 --2- 172.21.15.2:0/4069715436 >> [v2:172.21.15.2:3300/0,v1:172.21.15.2:6789/0] conn(0x7f67a007de00 0x7f67a007c2b0 unknown :-1 s=CLOSED pgs=45 cs=0 l=1 rev1=1 crypto rx=0 tx=0 comp rx=0 tx=0).stop
2024-09-19T06:06:00.566 INFO:teuthology.orchestra.run.smithi002.stdout:/usr/bin/ceph: stderr
2024-09-19T06:05:59.598+0000 7f67a6e1d640 1 -- 172.21.15.2:0/4069715436 >> 172.21.15.2:0/4069715436 conn(0x7f67a0102ea0 msgr2=0x7f67a0105300 unknown :-1 s=STATE_NONE l=0).mark_down
2024-09-19T06:06:00.566 INFO:teuthology.orchestra.run.smithi002.stdout:/usr/bin/ceph: stderr
2024-09-19T06:05:59.598+0000 7f67a6e1d640 1 -- 172.21.15.2:0/4069715436 shutdown_connections
2024-09-19T06:06:00.566 INFO:teuthology.orchestra.run.smithi002.stdout:/usr/bin/ceph: stderr
2024-09-19T06:05:59.598+0000 7f67a6e1d640 1 -- 172.21.15.2:0/4069715436 wait complete.
2024-09-19T06:06:00.566 INFO:teuthology.orchestra.run.smithi002.stdout:/usr/bin/ceph: stderr
2024-09-19T06:05:59.599+0000 7f67a6e1d640 1 Processor -- start
2024-09-19T06:06:00.566 INFO:teuthology.orchestra.run.smithi002.stdout:/usr/bin/ceph: stderr
2024-09-19T06:05:59.599+0000 7f67a6e1d640 1 -- start start
2024-09-19T06:06:00.566 INFO:teuthology.orchestra.run.smithi002.stdout:/usr/bin/ceph: stderr
2024-09-19T06:05:59.599+0000 7f67a6e1d640 1 --2- >> [v2:172.21.15.2:3300/0,v1:172.21.15.2:6789/0] conn(0x7f67a007de00 0x7f67a019d890 unknown :-1 s=NONE pgs=0 cs=0 l=1 rev1=0 crypto rx=0 tx=0 comp rx=0 tx=0).connect
2024-09-19T06:06:00.566 INFO:teuthology.orchestra.run.smithi002.stdout:/usr/bin/ceph: stderr
2024-09-19T06:05:59.599+0000 7f67a6e1d640 1 -- --> [v2:172.21.15.2:3300/0,v1:172.21.15.2:6789/0] -- mon_getmap magic: 0 -- 0x7f67a010dcc0 con 0x7f67a007de00
2024-09-19T06:06:00.566 INFO:teuthology.orchestra.run.smithi002.stdout:/usr/bin/ceph: stderr
2024-09-19T06:05:59.599+0000 7f67a4bb9640 1 --2- >> [v2:172.21.15.2:3300/0,v1:172.21.15.2:6789/0] conn(0x7f67a007de00 0x7f67a019d890 unknown :-1 s=BANNER_CONNECTING pgs=0 cs=0 l=1 rev1=0 crypto rx=0 tx=0 comp rx=0 tx=0)._handle_peer_banner_payload supported=3 required=0
2024-09-19T06:06:00.566 INFO:teuthology.orchestra.run.smithi002.stdout:/usr/bin/ceph: stderr
2024-09-19T06:05:59.599+0000 7f67a4bb9640 1 --2- >> [v2:172.21.15.2:3300/0,v1:172.21.15.2:6789/0] conn(0x7f67a007de00 0x7f67a019d890 unknown :-1 s=HELLO_CONNECTING pgs=0 cs=0 l=1 rev1=1 crypto rx=0 tx=0 comp rx=0 tx=0).handle_hello peer v2:172.21.15.2:3300/0 says I am v2:172.21.15.2:42044/0 (socket says 172.21.15.2:42044)
2024-09-19T06:06:00.566 INFO:teuthology.orchestra.run.smithi002.stdout:/usr/bin/ceph: stderr
2024-09-19T06:05:59.599+0000 7f67a4bb9640 1 -- 172.21.15.2:0/4234070828 learned_addr learned my addr 172.21.15.2:0/4234070828 (peer_addr_for_me v2:172.21.15.2:0/0)
2024-09-19T06:06:00.567 INFO:teuthology.orchestra.run.smithi002.stdout:/usr/bin/ceph: stderr
2024-09-19T06:05:59.600+0000 7f67a4bb9640 1 -- 172.21.15.2:0/4234070828 --> [v2:172.21.15.2:3300/0,v1:172.21.15.2:6789/0] -- mon_subscribe({config=0+,monmap=0+}) -- 0x7f67a019ddd0 con 0x7f67a007de00
2024-09-19T06:06:00.567 INFO:teuthology.orchestra.run.smithi002.stdout:/usr/bin/ceph: stderr
2024-09-19T06:05:59.600+0000 7f67a4bb9640 1 --2- 172.21.15.2:0/4234070828 >> [v2:172.21.15.2:3300/0,v1:172.21.15.2:6789/0] conn(0x7f67a007de00 0x7f67a019d890 secure :-1 s=READY pgs=46 cs=0 l=1 rev1=1 crypto rx=0x7f67900097f0 tx=0x7f6790030d00 comp rx=0 tx=0).ready entity=mon.0 client_cookie=0 server_cookie=0 in_seq=0 out_seq=0
2024-09-19T06:06:00.567 INFO:teuthology.orchestra.run.smithi002.stdout:/usr/bin/ceph: stderr
2024-09-19T06:05:59.600+0000 7f679dffb640 1 -- 172.21.15.2:0/4234070828 <== mon.0 v2:172.21.15.2:3300/0 1 ==== mon_map magic: 0 ==== 205+0+0 (secure 0 0 0) 0x7f6790037040 con 0x7f67a007de00
2024-09-19T06:06:00.567 INFO:teuthology.orchestra.run.smithi002.stdout:/usr/bin/ceph: stderr
2024-09-19T06:05:59.600+0000 7f679dffb640 1 -- 172.21.15.2:0/4234070828 <== mon.0 v2:172.21.15.2:3300/0 2 ==== config(26 keys) ==== 1071+0+0 (secure 0 0 0) 0x7f6790032bb0 con 0x7f67a007de00
2024-09-19T06:06:00.567 INFO:teuthology.orchestra.run.smithi002.stdout:/usr/bin/ceph: stderr
2024-09-19T06:05:59.600+0000 7f67a6e1d640 1 -- 172.21.15.2:0/4234070828 --> [v2:172.21.15.2:3300/0,v1:172.21.15.2:6789/0] -- mon_subscribe({mgrmap=0+}) -- 0x7f67a019e060 con 0x7f67a007de00
2024-09-19T06:06:00.567 INFO:teuthology.orchestra.run.smithi002.stdout:/usr/bin/ceph: stderr
2024-09-19T06:05:59.600+0000 7f679dffb640 1 -- 172.21.15.2:0/4234070828 <== mon.0 v2:172.21.15.2:3300/0 3 ==== mon_map magic: 0 ==== 205+0+0 (secure 0 0 0) 0x7f679003a390 con 0x7f67a007de00
2024-09-19T06:06:00.567 INFO:teuthology.orchestra.run.smithi002.stdout:/usr/bin/ceph: stderr
2024-09-19T06:05:59.600+0000 7f67a6e1d640 1 -- 172.21.15.2:0/4234070828 --> [v2:172.21.15.2:3300/0,v1:172.21.15.2:6789/0] -- mon_subscribe({osdmap=0}) -- 0x7f67a01a0d50 con 0x7f67a007de00
2024-09-19T06:06:00.567 INFO:teuthology.orchestra.run.smithi002.stdout:/usr/bin/ceph: stderr
2024-09-19T06:05:59.601+0000 7f679dffb640 1 -- 172.21.15.2:0/4234070828 <== mon.0 v2:172.21.15.2:3300/0 4 ==== mgrmap(e 8) ==== 46461+0+0 (secure 0 0 0) 0x7f679003a580 con 0x7f67a007de00
2024-09-19T06:06:00.567 INFO:teuthology.orchestra.run.smithi002.stdout:/usr/bin/ceph: stderr
2024-09-19T06:05:59.601+0000 7f67a6e1d640 1 -- 172.21.15.2:0/4234070828 --> [v2:172.21.15.2:3300/0,v1:172.21.15.2:6789/0] -- mon_command({"prefix": "get_command_descriptions"} v 0) -- 0x7f67a007c330 con 0x7f67a007de00
2024-09-19T06:06:00.567 INFO:teuthology.orchestra.run.smithi002.stdout:/usr/bin/ceph: stderr
2024-09-19T06:05:59.601+0000 7f679dffb640 1 --2- 172.21.15.2:0/4234070828 >> [v2:172.21.15.2:6800/1200011821,v1:172.21.15.2:6801/1200011821] conn(0x7f6788039200 0x7f678803b6c0 unknown :-1 s=NONE pgs=0 cs=0 l=1 rev1=0 crypto rx=0 tx=0 comp rx=0 tx=0).connect
2024-09-19T06:06:00.567 INFO:teuthology.orchestra.run.smithi002.stdout:/usr/bin/ceph: stderr
2024-09-19T06:05:59.601+0000 7f679dffb640 1 -- 172.21.15.2:0/4234070828 <== mon.0 v2:172.21.15.2:3300/0 5 ==== osd_map(2..2 src has 1..2) ==== 940+0+0 (secure 0 0 0) 0x7f679006c5f0 con 0x7f67a007de00
2024-09-19T06:06:00.568 INFO:teuthology.orchestra.run.smithi002.stdout:/usr/bin/ceph: stderr
2024-09-19T06:05:59.601+0000 7f679ffff640 1 --2- 172.21.15.2:0/4234070828 >> [v2:172.21.15.2:6800/1200011821,v1:172.21.15.2:6801/1200011821] conn(0x7f6788039200 0x7f678803b6c0 unknown :-1 s=BANNER_CONNECTING pgs=0 cs=0 l=1 rev1=0 crypto rx=0 tx=0 comp rx=0 tx=0)._handle_peer_banner_payload supported=3 required=0
2024-09-19T06:06:00.568 INFO:teuthology.orchestra.run.smithi002.stdout:/usr/bin/ceph: stderr
2024-09-19T06:05:59.602+0000 7f679ffff640 1 --2- 172.21.15.2:0/4234070828 >> [v2:172.21.15.2:6800/1200011821,v1:172.21.15.2:6801/1200011821] conn(0x7f6788039200 0x7f678803b6c0 secure :-1 s=READY pgs=12 cs=0 l=1 rev1=1 crypto rx=0x7f67940098c0 tx=0x7f6794006db0 comp rx=0 tx=0).ready entity=mgr.14118 client_cookie=0 server_cookie=0 in_seq=0 out_seq=0
2024-09-19T06:06:00.568 INFO:teuthology.orchestra.run.smithi002.stdout:/usr/bin/ceph: stderr
2024-09-19T06:05:59.606+0000 7f679dffb640 1 -- 172.21.15.2:0/4234070828 <== mon.0 v2:172.21.15.2:3300/0 6 ==== mon_command_ack([{"prefix": "get_command_descriptions"}]=0 v0) ==== 72+0+188913 (secure 0 0 0) 0x7f6790032dd0 con 0x7f67a007de00
2024-09-19T06:06:00.568 INFO:teuthology.orchestra.run.smithi002.stdout:/usr/bin/ceph: stderr
2024-09-19T06:05:59.807+0000 7f67a6e1d640 1 -- 172.21.15.2:0/4234070828 --> [v2:172.21.15.2:6800/1200011821,v1:172.21.15.2:6801/1200011821] -- mgr_command(tid 0: {"prefix": "orch apply", "service_type": "mon", "unmanaged": true, "target": ["mon-mgr", ""]}) -- 0x7f67a0104150 con 0x7f6788039200
2024-09-19T06:06:00.568 INFO:teuthology.orchestra.run.smithi002.stdout:/usr/bin/ceph: stderr
2024-09-19T06:05:59.811+0000 7f679dffb640 1 -- 172.21.15.2:0/4234070828 <== mgr.14118 v2:172.21.15.2:6800/1200011821 1 ==== mgr_command_reply(tid 0: 0 ) ==== 8+0+24 (secure 0 0 0) 0x7f67a0104150 con 0x7f6788039200
2024-09-19T06:06:00.568 INFO:teuthology.orchestra.run.smithi002.stdout:/usr/bin/ceph: stderr
2024-09-19T06:05:59.813+0000 7f67a6e1d640 1 -- 172.21.15.2:0/4234070828 >> [v2:172.21.15.2:6800/1200011821,v1:172.21.15.2:6801/1200011821] conn(0x7f6788039200 msgr2=0x7f678803b6c0 secure :-1 s=STATE_CONNECTION_ESTABLISHED l=1).mark_down
2024-09-19T06:06:00.568 INFO:teuthology.orchestra.run.smithi002.stdout:/usr/bin/ceph: stderr
2024-09-19T06:05:59.813+0000 7f67a6e1d640 1 --2- 172.21.15.2:0/4234070828 >> [v2:172.21.15.2:6800/1200011821,v1:172.21.15.2:6801/1200011821] conn(0x7f6788039200 0x7f678803b6c0 secure :-1 s=READY pgs=12 cs=0 l=1 rev1=1 crypto rx=0x7f67940098c0 tx=0x7f6794006db0 comp rx=0 tx=0).stop
2024-09-19T06:06:00.568 INFO:teuthology.orchestra.run.smithi002.stdout:/usr/bin/ceph: stderr
2024-09-19T06:05:59.813+0000 7f67a6e1d640 1 -- 172.21.15.2:0/4234070828 >> [v2:172.21.15.2:3300/0,v1:172.21.15.2:6789/0] conn(0x7f67a007de00 msgr2=0x7f67a019d890 secure :-1 s=STATE_CONNECTION_ESTABLISHED l=1).mark_down
2024-09-19T06:06:00.568 INFO:teuthology.orchestra.run.smithi002.stdout:/usr/bin/ceph: stderr
2024-09-19T06:05:59.813+0000 7f67a6e1d640 1 --2- 172.21.15.2:0/4234070828 >> [v2:172.21.15.2:3300/0,v1:172.21.15.2:6789/0] conn(0x7f67a007de00 0x7f67a019d890 secure :-1 s=READY pgs=46 cs=0 l=1 rev1=1 crypto rx=0x7f67900097f0 tx=0x7f6790030d00 comp rx=0 tx=0).stop
2024-09-19T06:06:00.569 INFO:teuthology.orchestra.run.smithi002.stdout:/usr/bin/ceph: stderr
2024-09-19T06:05:59.814+0000 7f67a6e1d640 1 -- 172.21.15.2:0/4234070828 shutdown_connections
2024-09-19T06:06:00.569 INFO:teuthology.orchestra.run.smithi002.stdout:/usr/bin/ceph: stderr
2024-09-19T06:05:59.814+0000 7f67a6e1d640 1 --2- 172.21.15.2:0/4234070828 >> [v2:172.21.15.2:6800/1200011821,v1:172.21.15.2:6801/1200011821] conn(0x7f6788039200 0x7f678803b6c0 unknown :-1 s=CLOSED pgs=12 cs=0 l=1 rev1=1 crypto rx=0 tx=0 comp rx=0 tx=0).stop
2024-09-19T06:06:00.569 INFO:teuthology.orchestra.run.smithi002.stdout:/usr/bin/ceph: stderr
2024-09-19T06:05:59.814+0000 7f67a6e1d640 1 --2- 172.21.15.2:0/4234070828 >> [v2:172.21.15.2:3300/0,v1:172.21.15.2:6789/0] conn(0x7f67a007de00 0x7f67a019d890 unknown :-1 s=CLOSED pgs=46 cs=0 l=1 rev1=1 crypto rx=0 tx=0 comp rx=0 tx=0).stop
2024-09-19T06:06:00.569 INFO:teuthology.orchestra.run.smithi002.stdout:/usr/bin/ceph: stderr
2024-09-19T06:05:59.814+0000 7f67a6e1d640 1 -- 172.21.15.2:0/4234070828 >> 172.21.15.2:0/4234070828 conn(0x7f67a0102ea0 msgr2=0x7f67a0103a40 unknown :-1 s=STATE_NONE l=0).mark_down
2024-09-19T06:06:00.569 INFO:teuthology.orchestra.run.smithi002.stdout:/usr/bin/ceph: stderr
2024-09-19T06:05:59.814+0000 7f67a6e1d640 1 -- 172.21.15.2:0/4234070828 shutdown_connections
2024-09-19T06:06:00.569 INFO:teuthology.orchestra.run.smithi002.stdout:/usr/bin/ceph: stderr
2024-09-19T06:05:59.814+0000 7f67a6e1d640 1 -- 172.21.15.2:0/4234070828 wait complete.
2024-09-19T06:06:00.569 INFO:teuthology.orchestra.run.smithi002.stdout:Deploying unmanaged mgr service...
