2024-09-19T06:10:02.664+0000 7efdebfff640 1 -- 172.21.15.53:0/2879271289 <== mon.0 v2:172.21.15.53:3300/0 1 ==== mon_map magic: 0 ==== 229+0+0 (secure 0 0 0) 0x7efdf4043070 con 0x7efe041053b0
2024-09-19T06:10:03.625 INFO:teuthology.orchestra.run.smithi053.stdout:/usr/bin/ceph: stderr
2024-09-19T06:10:02.664+0000 7efdebfff640 1 -- 172.21.15.53:0/2879271289 <== mon.0 v2:172.21.15.53:3300/0 2 ==== config(26 keys) ==== 1071+0+0 (secure 0 0 0) 0x7efdf403e480 con 0x7efe041053b0
2024-09-19T06:10:03.625 INFO:teuthology.orchestra.run.smithi053.stdout:/usr/bin/ceph: stderr
2024-09-19T06:10:02.664+0000 7efe09065640 1 -- 172.21.15.53:0/2879271289 --> [v2:172.21.15.53:3300/0,v1:172.21.15.53:6789/0] -- mon_subscribe({mgrmap=0+}) -- 0x7efe0419d3f0 con 0x7efe041053b0
2024-09-19T06:10:03.625 INFO:teuthology.orchestra.run.smithi053.stdout:/usr/bin/ceph: stderr
2024-09-19T06:10:02.664+0000 7efdebfff640 1 -- 172.21.15.53:0/2879271289 <== mon.0 v2:172.21.15.53:3300/0 3 ==== mon_map magic: 0 ==== 229+0+0 (secure 0 0 0) 0x7efdf403c530 con 0x7efe041053b0
2024-09-19T06:10:03.625 INFO:teuthology.orchestra.run.smithi053.stdout:/usr/bin/ceph: stderr
2024-09-19T06:10:02.664+0000 7efe09065640 1 -- 172.21.15.53:0/2879271289 --> [v2:172.21.15.53:3300/0,v1:172.21.15.53:6789/0] -- mon_subscribe({osdmap=0}) -- 0x7efe041a00e0 con 0x7efe041053b0
2024-09-19T06:10:03.626 INFO:teuthology.orchestra.run.smithi053.stdout:/usr/bin/ceph: stderr
2024-09-19T06:10:02.665+0000 7efdebfff640 1 -- 172.21.15.53:0/2879271289 <== mon.0 v2:172.21.15.53:3300/0 4 ==== mgrmap(e 8) ==== 46476+0+0 (secure 0 0 0) 0x7efdf4046070 con 0x7efe041053b0
2024-09-19T06:10:03.626 INFO:teuthology.orchestra.run.smithi053.stdout:/usr/bin/ceph: stderr
2024-09-19T06:10:02.665+0000 7efe09065640 1 -- 172.21.15.53:0/2879271289 --> [v2:172.21.15.53:3300/0,v1:172.21.15.53:6789/0] -- mon_command({"prefix": "get_command_descriptions"} v 0) -- 0x7efe041057b0 con 0x7efe041053b0
2024-09-19T06:10:03.626 INFO:teuthology.orchestra.run.smithi053.stdout:/usr/bin/ceph: stderr
2024-09-19T06:10:02.665+0000 7efdebfff640 1 --2- 172.21.15.53:0/2879271289 >> [v2:172.21.15.53:6800/681468213,v1:172.21.15.53:6801/681468213] conn(0x7efdec0391e0 0x7efdec03b6a0 unknown :-1 s=NONE pgs=0 cs=0 l=1 rev1=0 crypto rx=0 tx=0 comp rx=0 tx=0).connect
2024-09-19T06:10:03.626 INFO:teuthology.orchestra.run.smithi053.stdout:/usr/bin/ceph: stderr
2024-09-19T06:10:02.665+0000 7efdebfff640 1 -- 172.21.15.53:0/2879271289 <== mon.0 v2:172.21.15.53:3300/0 5 ==== osd_map(2..2 src has 1..2) ==== 940+0+0 (secure 0 0 0) 0x7efdf406bd10 con 0x7efe041053b0
2024-09-19T06:10:03.626 INFO:teuthology.orchestra.run.smithi053.stdout:/usr/bin/ceph: stderr
2024-09-19T06:10:02.665+0000 7efe0259c640 1 --2- 172.21.15.53:0/2879271289 >> [v2:172.21.15.53:6800/681468213,v1:172.21.15.53:6801/681468213] conn(0x7efdec0391e0 0x7efdec03b6a0 unknown :-1 s=BANNER_CONNECTING pgs=0 cs=0 l=1 rev1=0 crypto rx=0 tx=0 comp rx=0 tx=0)._handle_peer_banner_payload supported=3 required=0
2024-09-19T06:10:03.626 INFO:teuthology.orchestra.run.smithi053.stdout:/usr/bin/ceph: stderr
2024-09-19T06:10:02.665+0000 7efe0259c640 1 --2- 172.21.15.53:0/2879271289 >> [v2:172.21.15.53:6800/681468213,v1:172.21.15.53:6801/681468213] conn(0x7efdec0391e0 0x7efdec03b6a0 secure :-1 s=READY pgs=9 cs=0 l=1 rev1=1 crypto rx=0x7efdf80098c0 tx=0x7efdf8006db0 comp rx=0 tx=0).ready entity=mgr.14118 client_cookie=0 server_cookie=0 in_seq=0 out_seq=0
2024-09-19T06:10:03.626 INFO:teuthology.orchestra.run.smithi053.stdout:/usr/bin/ceph: stderr
2024-09-19T06:10:02.670+0000 7efdebfff640 1 -- 172.21.15.53:0/2879271289 <== mon.0 v2:172.21.15.53:3300/0 6 ==== mon_command_ack([{"prefix": "get_command_descriptions"}]=0 v0) ==== 72+0+188913 (secure 0 0 0) 0x7efdf406ba70 con 0x7efe041053b0
2024-09-19T06:10:03.626 INFO:teuthology.orchestra.run.smithi053.stdout:/usr/bin/ceph: stderr
2024-09-19T06:10:02.844+0000 7efe09065640 1 -- 172.21.15.53:0/2879271289 --> [v2:172.21.15.53:6800/681468213,v1:172.21.15.53:6801/681468213] -- mgr_command(tid 0: {"prefix": "cephadm generate-key", "target": ["mon-mgr", ""]}) -- 0x7efe0402dab0 con 0x7efdec0391e0
2024-09-19T06:10:03.626 INFO:teuthology.orchestra.run.smithi053.stdout:/usr/bin/ceph: stderr
2024-09-19T06:10:02.992+0000 7efdebfff640 1 -- 172.21.15.53:0/2879271289 <== mgr.14118 v2:172.21.15.53:6800/681468213 1 ==== mgr_command_reply(tid 0: 0 ) ==== 8+0+0 (secure 0 0 0) 0x7efe0402dab0 con 0x7efdec0391e0
2024-09-19T06:10:03.626 INFO:teuthology.orchestra.run.smithi053.stdout:/usr/bin/ceph: stderr
2024-09-19T06:10:02.994+0000 7efe09065640 1 -- 172.21.15.53:0/2879271289 >> [v2:172.21.15.53:6800/681468213,v1:172.21.15.53:6801/681468213] conn(0x7efdec0391e0 msgr2=0x7efdec03b6a0 secure :-1 s=STATE_CONNECTION_ESTABLISHED l=1).mark_down
2024-09-19T06:10:03.626 INFO:teuthology.orchestra.run.smithi053.stdout:/usr/bin/ceph: stderr
2024-09-19T06:10:02.994+0000 7efe09065640 1 --2- 172.21.15.53:0/2879271289 >> [v2:172.21.15.53:6800/681468213,v1:172.21.15.53:6801/681468213] conn(0x7efdec0391e0 0x7efdec03b6a0 secure :-1 s=READY pgs=9 cs=0 l=1 rev1=1 crypto rx=0x7efdf80098c0 tx=0x7efdf8006db0 comp rx=0 tx=0).stop
2024-09-19T06:10:03.626 INFO:teuthology.orchestra.run.smithi053.stdout:/usr/bin/ceph: stderr
2024-09-19T06:10:02.994+0000 7efe09065640 1 -- 172.21.15.53:0/2879271289 >> [v2:172.21.15.53:3300/0,v1:172.21.15.53:6789/0] conn(0x7efe041053b0 msgr2=0x7efe0419cc20 secure :-1 s=STATE_CONNECTION_ESTABLISHED l=1).mark_down
2024-09-19T06:10:03.626 INFO:teuthology.orchestra.run.smithi053.stdout:/usr/bin/ceph: stderr
2024-09-19T06:10:02.994+0000 7efe09065640 1 --2- 172.21.15.53:0/2879271289 >> [v2:172.21.15.53:3300/0,v1:172.21.15.53:6789/0] conn(0x7efe041053b0 0x7efe0419cc20 secure :-1 s=READY pgs=40 cs=0 l=1 rev1=1 crypto rx=0x7efdf4000c00 tx=0x7efdf4032670 comp rx=0 tx=0).stop
2024-09-19T06:10:03.627 INFO:teuthology.orchestra.run.smithi053.stdout:/usr/bin/ceph: stderr
2024-09-19T06:10:02.994+0000 7efe09065640 1 -- 172.21.15.53:0/2879271289 shutdown_connections
2024-09-19T06:10:03.627 INFO:teuthology.orchestra.run.smithi053.stdout:/usr/bin/ceph: stderr
2024-09-19T06:10:02.994+0000 7efe09065640 1 --2- 172.21.15.53:0/2879271289 >> [v2:172.21.15.53:6800/681468213,v1:172.21.15.53:6801/681468213] conn(0x7efdec0391e0 0x7efdec03b6a0 unknown :-1 s=CLOSED pgs=9 cs=0 l=1 rev1=1 crypto rx=0 tx=0 comp rx=0 tx=0).stop
2024-09-19T06:10:03.627 INFO:teuthology.orchestra.run.smithi053.stdout:/usr/bin/ceph: stderr
2024-09-19T06:10:02.994+0000 7efe09065640 1 --2- 172.21.15.53:0/2879271289 >> [v2:172.21.15.53:3300/0,v1:172.21.15.53:6789/0] conn(0x7efe041053b0 0x7efe0419cc20 unknown :-1 s=CLOSED pgs=40 cs=0 l=1 rev1=1 crypto rx=0 tx=0 comp rx=0 tx=0).stop
2024-09-19T06:10:03.627 INFO:teuthology.orchestra.run.smithi053.stdout:/usr/bin/ceph: stderr
2024-09-19T06:10:02.994+0000 7efe09065640 1 -- 172.21.15.53:0/2879271289 >> 172.21.15.53:0/2879271289 conn(0x7efe041011a0 msgr2=0x7efe041938c0 unknown :-1 s=STATE_NONE l=0).mark_down
2024-09-19T06:10:03.627 INFO:teuthology.orchestra.run.smithi053.stdout:/usr/bin/ceph: stderr
2024-09-19T06:10:02.994+0000 7efe09065640 1 -- 172.21.15.53:0/2879271289 shutdown_connections
2024-09-19T06:10:03.627 INFO:teuthology.orchestra.run.smithi053.stdout:/usr/bin/ceph: stderr
2024-09-19T06:10:02.994+0000 7efe09065640 1 -- 172.21.15.53:0/2879271289 wait complete.
2024-09-19T06:10:04.184 INFO:journalctl@ceph.mon.smithi053.smithi053.stdout:Sep 19 06:10:04 smithi053 ceph-mon[27968]: from='client.14134 -' entity='client.admin' cmd=[{"prefix": "cephadm generate-key", "target": ["mon-mgr", ""]}]: dispatch
2024-09-19T06:10:04.184 INFO:journalctl@ceph.mon.smithi053.smithi053.stdout:Sep 19 06:10:04 smithi053 ceph-mon[27968]: Generating ssh key...
2024-09-19T06:10:04.721 INFO:teuthology.orchestra.run.smithi053.stdout:/usr/bin/ceph: stdout ssh-rsa AAAAB3NzaC1yc2EAAAADAQABAAABgQDBb9VgqIg+Ix/qTJ2Gp8aKvxKYTwfZu1J68PwIDlf1t856NHsgy5gxsF+JDUdg6NG4oLn+1aH/HMb/RGHTToTwoliFX7nKpclWmXUByg3eBlQc4vk9Pj54eHOTe3bt27E50vWmxYuWCgpb/AW43dHg1n12MdzaDN0xvXNq4EP7pSxQX+Wb6nXhXHbsBjRTi/ti/O4JGdDf4azQ8xjjTkREOchIFh97RgsJEiR/6bvXWpoATQS4YRn4WyNMPCqC11ibwagnHmVDiZ9yNaZg1lcGmon+K0BuLbtq59SrgQ/uHsO9JzhyRpPV8Hlsdj2/l/IrOMIC5HXNvV5K9209JVQ6JCK59t0otmefAcyxNaH8T6ifCzj7O/GitUZDi6JmBuPsTuGd5kdMKrOYWHGKvCYEvB1OR8L5rDYVZtmrDvGqLk3Nr5uu+4LRZekzflPdr9MoVX90qMaaqZLZxL0u91P1bGOOmrKDdX58TB1zNcQjxjUOBfKI5ZqhfS+xEVNoB5E= ceph-9f2876d0-764d-11ef-bceb-c7b262605968
2024-09-19T06:10:04.721 INFO:teuthology.orchestra.run.smithi053.stdout:/usr/bin/ceph: stderr
2024-09-19T06:10:03.994+0000 7fe9144bc640 1 Processor -- start
2024-09-19T06:10:04.721 INFO:teuthology.orchestra.run.smithi053.stdout:/usr/bin/ceph: stderr
2024-09-19T06:10:03.994+0000 7fe9144bc640 1 -- start start
2024-09-19T06:10:04.721 INFO:teuthology.orchestra.run.smithi053.stdout:/usr/bin/ceph: stderr
2024-09-19T06:10:03.994+0000 7fe9144bc640 1 --2- >> [v2:172.21.15.53:3300/0,v1:172.21.15.53:6789/0] conn(0x7fe90c106ac0 0x7fe90c106ec0 unknown :-1 s=NONE pgs=0 cs=0 l=0 rev1=0 crypto rx=0 tx=0 comp rx=0 tx=0).connect
2024-09-19T06:10:04.721 INFO:teuthology.orchestra.run.smithi053.stdout:/usr/bin/ceph: stderr
2024-09-19T06:10:03.994+0000 7fe9144bc640 1 -- --> [v2:172.21.15.53:3300/0,v1:172.21.15.53:6789/0] -- mon_getmap magic: 0 -- 0x7fe90c107400 con 0x7fe90c106ac0
2024-09-19T06:10:04.722 INFO:teuthology.orchestra.run.smithi053.stdout:/usr/bin/ceph: stderr
2024-09-19T06:10:03.995+0000 7fe912258640 1 --2- >> [v2:172.21.15.53:3300/0,v1:172.21.15.53:6789/0] conn(0x7fe90c106ac0 0x7fe90c106ec0 unknown :-1 s=BANNER_CONNECTING pgs=0 cs=0 l=0 rev1=0 crypto rx=0 tx=0 comp rx=0 tx=0)._handle_peer_banner_payload supported=3 required=0
2024-09-19T06:10:04.722 INFO:teuthology.orchestra.run.smithi053.stdout:/usr/bin/ceph: stderr
2024-09-19T06:10:03.995+0000 7fe912258640 1 --2- >> [v2:172.21.15.53:3300/0,v1:172.21.15.53:6789/0] conn(0x7fe90c106ac0 0x7fe90c106ec0 unknown :-1 s=HELLO_CONNECTING pgs=0 cs=0 l=0 rev1=1 crypto rx=0 tx=0 comp rx=0 tx=0).handle_hello peer v2:172.21.15.53:3300/0 says I am v2:172.21.15.53:50300/0 (socket says 172.21.15.53:50300)
2024-09-19T06:10:04.722 INFO:teuthology.orchestra.run.smithi053.stdout:/usr/bin/ceph: stderr
2024-09-19T06:10:03.995+0000 7fe912258640 1 -- 172.21.15.53:0/1548900780 learned_addr learned my addr 172.21.15.53:0/1548900780 (peer_addr_for_me v2:172.21.15.53:0/0)
2024-09-19T06:10:04.722 INFO:teuthology.orchestra.run.smithi053.stdout:/usr/bin/ceph: stderr
2024-09-19T06:10:03.995+0000 7fe912258640 1 -- 172.21.15.53:0/1548900780 --> [v2:172.21.15.53:3300/0,v1:172.21.15.53:6789/0] -- mon_subscribe({config=0+,monmap=0+}) -- 0x7fe90c107580 con 0x7fe90c106ac0
2024-09-19T06:10:04.722 INFO:teuthology.orchestra.run.smithi053.stdout:/usr/bin/ceph: stderr
2024-09-19T06:10:03.996+0000 7fe912258640 1 --2- 172.21.15.53:0/1548900780 >> [v2:172.21.15.53:3300/0,v1:172.21.15.53:6789/0] conn(0x7fe90c106ac0 0x7fe90c106ec0 secure :-1 s=READY pgs=41 cs=0 l=1 rev1=1 crypto rx=0x7fe908009820 tx=0x7fe90802a270 comp rx=0 tx=0).ready entity=mon.0 client_cookie=49e17e3b3ec8006f server_cookie=0 in_seq=0 out_seq=0
2024-09-19T06:10:04.722 INFO:teuthology.orchestra.run.smithi053.stdout:/usr/bin/ceph: stderr
2024-09-19T06:10:03.996+0000 7fe911256640 1 -- 172.21.15.53:0/1548900780 <== mon.0 v2:172.21.15.53:3300/0 1 ==== mon_map magic: 0 ==== 229+0+0 (secure 0 0 0) 0x7fe908037070 con 0x7fe90c106ac0
2024-09-19T06:10:04.722 INFO:teuthology.orchestra.run.smithi053.stdout:/usr/bin/ceph: stderr
2024-09-19T06:10:03.996+0000 7fe911256640 1 -- 172.21.15.53:0/1548900780 <== mon.0 v2:172.21.15.53:3300/0 2 ==== config(26 keys) ==== 1071+0+0 (secure 0 0 0) 0x7fe90802ad40 con 0x7fe90c106ac0
2024-09-19T06:10:04.722 INFO:teuthology.orchestra.run.smithi053.stdout:/usr/bin/ceph: stderr
2024-09-19T06:10:03.996+0000 7fe911256640 1 -- 172.21.15.53:0/1548900780 <== mon.0 v2:172.21.15.53:3300/0 3 ==== mon_map magic: 0 ==== 229+0+0 (secure 0 0 0) 0x7fe908030670 con 0x7fe90c106ac0
2024-09-19T06:10:04.722 INFO:teuthology.orchestra.run.smithi053.stdout:/usr/bin/ceph: stderr
2024-09-19T06:10:03.997+0000 7fe9144bc640 1 -- 172.21.15.53:0/1548900780 >> [v2:172.21.15.53:3300/0,v1:172.21.15.53:6789/0] conn(0x7fe90c106ac0 msgr2=0x7fe90c106ec0 secure :-1 s=STATE_CONNECTION_ESTABLISHED l=1).mark_down
2024-09-19T06:10:04.722 INFO:teuthology.orchestra.run.smithi053.stdout:/usr/bin/ceph: stderr
2024-09-19T06:10:03.997+0000 7fe9144bc640 1 --2- 172.21.15.53:0/1548900780 >> [v2:172.21.15.53:3300/0,v1:172.21.15.53:6789/0] conn(0x7fe90c106ac0 0x7fe90c106ec0 secure :-1 s=READY pgs=41 cs=0 l=1 rev1=1 crypto rx=0x7fe908009820 tx=0x7fe90802a270 comp rx=0 tx=0).stop
2024-09-19T06:10:04.722 INFO:teuthology.orchestra.run.smithi053.stdout:/usr/bin/ceph: stderr
2024-09-19T06:10:03.997+0000 7fe9144bc640 1 -- 172.21.15.53:0/1548900780 shutdown_connections
2024-09-19T06:10:04.722 INFO:teuthology.orchestra.run.smithi053.stdout:/usr/bin/ceph: stderr
2024-09-19T06:10:03.997+0000 7fe9144bc640 1 --2- 172.21.15.53:0/1548900780 >> [v2:172.21.15.53:3300/0,v1:172.21.15.53:6789/0] conn(0x7fe90c106ac0 0x7fe90c106ec0 unknown :-1 s=CLOSED pgs=41 cs=0 l=1 rev1=1 crypto rx=0 tx=0 comp rx=0 tx=0).stop
2024-09-19T06:10:04.722 INFO:teuthology.orchestra.run.smithi053.stdout:/usr/bin/ceph: stderr
2024-09-19T06:10:03.997+0000 7fe9144bc640 1 -- 172.21.15.53:0/1548900780 >> 172.21.15.53:0/1548900780 conn(0x7fe90c102330 msgr2=0x7fe90c104750 unknown :-1 s=STATE_NONE l=0).mark_down
2024-09-19T06:10:04.723 INFO:teuthology.orchestra.run.smithi053.stdout:/usr/bin/ceph: stderr
2024-09-19T06:10:03.997+0000 7fe9144bc640 1 -- 172.21.15.53:0/1548900780 shutdown_connections
2024-09-19T06:10:04.723 INFO:teuthology.orchestra.run.smithi053.stdout:/usr/bin/ceph: stderr
2024-09-19T06:10:03.997+0000 7fe9144bc640 1 -- 172.21.15.53:0/1548900780 wait complete.
2024-09-19T06:10:04.723 INFO:teuthology.orchestra.run.smithi053.stdout:/usr/bin/ceph: stderr
2024-09-19T06:10:03.997+0000 7fe9144bc640 1 Processor -- start
2024-09-19T06:10:04.723 INFO:teuthology.orchestra.run.smithi053.stdout:/usr/bin/ceph: stderr
2024-09-19T06:10:03.997+0000 7fe9144bc640 1 -- start start
2024-09-19T06:10:04.723 INFO:teuthology.orchestra.run.smithi053.stdout:/usr/bin/ceph: stderr
2024-09-19T06:10:03.998+0000 7fe9144bc640 1 --2- >> [v2:172.21.15.53:3300/0,v1:172.21.15.53:6789/0] conn(0x7fe90c106ac0 0x7fe90c19a9f0 unknown :-1 s=NONE pgs=0 cs=0 l=1 rev1=0 crypto rx=0 tx=0 comp rx=0 tx=0).connect
2024-09-19T06:10:04.723 INFO:teuthology.orchestra.run.smithi053.stdout:/usr/bin/ceph: stderr
2024-09-19T06:10:03.998+0000 7fe9144bc640 1 -- --> [v2:172.21.15.53:3300/0,v1:172.21.15.53:6789/0] -- mon_getmap magic: 0 -- 0x7fe90c10af30 con 0x7fe90c106ac0
2024-09-19T06:10:04.723 INFO:teuthology.orchestra.run.smithi053.stdout:/usr/bin/ceph: stderr
2024-09-19T06:10:03.998+0000 7fe912258640 1 --2- >> [v2:172.21.15.53:3300/0,v1:172.21.15.53:6789/0] conn(0x7fe90c106ac0 0x7fe90c19a9f0 unknown :-1 s=BANNER_CONNECTING pgs=0 cs=0 l=1 rev1=0 crypto rx=0 tx=0 comp rx=0 tx=0)._handle_peer_banner_payload supported=3 required=0
2024-09-19T06:10:04.723 INFO:teuthology.orchestra.run.smithi053.stdout:/usr/bin/ceph: stderr
2024-09-19T06:10:03.998+0000 7fe912258640 1 --2- >> [v2:172.21.15.53:3300/0,v1:172.21.15.53:6789/0] conn(0x7fe90c106ac0 0x7fe90c19a9f0 unknown :-1 s=HELLO_CONNECTING pgs=0 cs=0 l=1 rev1=1 crypto rx=0 tx=0 comp rx=0 tx=0).handle_hello peer v2:172.21.15.53:3300/0 says I am v2:172.21.15.53:50312/0 (socket says 172.21.15.53:50312)
2024-09-19T06:10:04.723 INFO:teuthology.orchestra.run.smithi053.stdout:/usr/bin/ceph: stderr
2024-09-19T06:10:03.998+0000 7fe912258640 1 -- 172.21.15.53:0/3025434315 learned_addr learned my addr 172.21.15.53:0/3025434315 (peer_addr_for_me v2:172.21.15.53:0/0)
2024-09-19T06:10:04.723 INFO:teuthology.orchestra.run.smithi053.stdout:/usr/bin/ceph: stderr
2024-09-19T06:10:03.998+0000 7fe912258640 1 -- 172.21.15.53:0/3025434315 --> [v2:172.21.15.53:3300/0,v1:172.21.15.53:6789/0] -- mon_subscribe({config=0+,monmap=0+}) -- 0x7fe90c19af30 con 0x7fe90c106ac0
2024-09-19T06:10:04.723 INFO:teuthology.orchestra.run.smithi053.stdout:/usr/bin/ceph: stderr
2024-09-19T06:10:03.998+0000 7fe912258640 1 --2- 172.21.15.53:0/3025434315 >> [v2:172.21.15.53:3300/0,v1:172.21.15.53:6789/0] conn(0x7fe90c106ac0 0x7fe90c19a9f0 secure :-1 s=READY pgs=42 cs=0 l=1 rev1=1 crypto rx=0x7fe908000c00 tx=0x7fe908032670 comp rx=0 tx=0).ready entity=mon.0 client_cookie=0 server_cookie=0 in_seq=0 out_seq=0
2024-09-19T06:10:04.723 INFO:teuthology.orchestra.run.smithi053.stdout:/usr/bin/ceph: stderr
2024-09-19T06:10:03.998+0000 7fe9037fe640 1 -- 172.21.15.53:0/3025434315 <== mon.0 v2:172.21.15.53:3300/0 1 ==== mon_map magic: 0 ==== 229+0+0 (secure 0 0 0) 0x7fe908043070 con 0x7fe90c106ac0
2024-09-19T06:10:04.723 INFO:teuthology.orchestra.run.smithi053.stdout:/usr/bin/ceph: stderr
2024-09-19T06:10:03.998+0000 7fe9037fe640 1 -- 172.21.15.53:0/3025434315 <== mon.0 v2:172.21.15.53:3300/0 2 ==== config(26 keys) ==== 1071+0+0 (secure 0 0 0) 0x7fe90803e480 con 0x7fe90c106ac0
2024-09-19T06:10:04.723 INFO:teuthology.orchestra.run.smithi053.stdout:/usr/bin/ceph: stderr
2024-09-19T06:10:03.998+0000 7fe9144bc640 1 -- 172.21.15.53:0/3025434315 --> [v2:172.21.15.53:3300/0,v1:172.21.15.53:6789/0] -- mon_subscribe({mgrmap=0+}) -- 0x7fe90c19b1c0 con 0x7fe90c106ac0
2024-09-19T06:10:04.724 INFO:teuthology.orchestra.run.smithi053.stdout:/usr/bin/ceph: stderr
2024-09-19T06:10:03.999+0000 7fe9037fe640 1 -- 172.21.15.53:0/3025434315 <== mon.0 v2:172.21.15.53:3300/0 3 ==== mon_map magic: 0 ==== 229+0+0 (secure 0 0 0) 0x7fe90803c530 con 0x7fe90c106ac0
2024-09-19T06:10:04.724 INFO:teuthology.orchestra.run.smithi053.stdout:/usr/bin/ceph: stderr
2024-09-19T06:10:03.999+0000 7fe9144bc640 1 -- 172.21.15.53:0/3025434315 --> [v2:172.21.15.53:3300/0,v1:172.21.15.53:6789/0] -- mon_subscribe({osdmap=0}) -- 0x7fe90c19deb0 con 0x7fe90c106ac0
2024-09-19T06:10:04.724 INFO:teuthology.orchestra.run.smithi053.stdout:/usr/bin/ceph: stderr
2024-09-19T06:10:04.000+0000 7fe9037fe640 1 -- 172.21.15.53:0/3025434315 <== mon.0 v2:172.21.15.53:3300/0 4 ==== mgrmap(e 8) ==== 46476+0+0 (secure 0 0 0) 0x7fe908046070 con 0x7fe90c106ac0
2024-09-19T06:10:04.724 INFO:teuthology.orchestra.run.smithi053.stdout:/usr/bin/ceph: stderr
2024-09-19T06:10:04.000+0000 7fe9144bc640 1 -- 172.21.15.53:0/3025434315 --> [v2:172.21.15.53:3300/0,v1:172.21.15.53:6789/0] -- mon_command({"prefix": "get_command_descriptions"} v 0) -- 0x7fe90c10b0b0 con 0x7fe90c106ac0
2024-09-19T06:10:04.724 INFO:teuthology.orchestra.run.smithi053.stdout:/usr/bin/ceph: stderr
2024-09-19T06:10:04.000+0000 7fe9037fe640 1 --2- 172.21.15.53:0/3025434315 >> [v2:172.21.15.53:6800/681468213,v1:172.21.15.53:6801/681468213] conn(0x7fe8f80391e0 0x7fe8f803b6a0 unknown :-1 s=NONE pgs=0 cs=0 l=1 rev1=0 crypto rx=0 tx=0 comp rx=0 tx=0).connect
2024-09-19T06:10:04.724 INFO:teuthology.orchestra.run.smithi053.stdout:/usr/bin/ceph: stderr
2024-09-19T06:10:04.000+0000 7fe9037fe640 1 -- 172.21.15.53:0/3025434315 <== mon.0 v2:172.21.15.53:3300/0 5 ==== osd_map(2..2 src has 1..2) ==== 940+0+0 (secure 0 0 0) 0x7fe90806bbd0 con 0x7fe90c106ac0
2024-09-19T06:10:04.724 INFO:teuthology.orchestra.run.smithi053.stdout:/usr/bin/ceph: stderr
2024-09-19T06:10:04.000+0000 7fe911a57640 1 --2- 172.21.15.53:0/3025434315 >> [v2:172.21.15.53:6800/681468213,v1:172.21.15.53:6801/681468213] conn(0x7fe8f80391e0 0x7fe8f803b6a0 unknown :-1 s=BANNER_CONNECTING pgs=0 cs=0 l=1 rev1=0 crypto rx=0 tx=0 comp rx=0 tx=0)._handle_peer_banner_payload supported=3 required=0
2024-09-19T06:10:04.724 INFO:teuthology.orchestra.run.smithi053.stdout:/usr/bin/ceph: stderr
2024-09-19T06:10:04.001+0000 7fe911a57640 1 --2- 172.21.15.53:0/3025434315 >> [v2:172.21.15.53:6800/681468213,v1:172.21.15.53:6801/681468213] conn(0x7fe8f80391e0 0x7fe8f803b6a0 secure :-1 s=READY pgs=10 cs=0 l=1 rev1=1 crypto rx=0x7fe8fc0098c0 tx=0x7fe8fc006db0 comp rx=0 tx=0).ready entity=mgr.14118 client_cookie=0 server_cookie=0 in_seq=0 out_seq=0
2024-09-19T06:10:04.724 INFO:teuthology.orchestra.run.smithi053.stdout:/usr/bin/ceph: stderr
2024-09-19T06:10:04.005+0000 7fe9037fe640 1 -- 172.21.15.53:0/3025434315 <== mon.0 v2:172.21.15.53:3300/0 6 ==== mon_command_ack([{"prefix": "get_command_descriptions"}]=0 v0) ==== 72+0+188913 (secure 0 0 0) 0x7fe90806b930 con 0x7fe90c106ac0
2024-09-19T06:10:04.724 INFO:teuthology.orchestra.run.smithi053.stdout:/usr/bin/ceph: stderr
2024-09-19T06:10:04.183+0000 7fe9144bc640 1 -- 172.21.15.53:0/3025434315 --> [v2:172.21.15.53:6800/681468213,v1:172.21.15.53:6801/681468213] -- mgr_command(tid 0: {"prefix": "cephadm get-pub-key", "target": ["mon-mgr", ""]}) -- 0x7fe90c1035d0 con 0x7fe8f80391e0
2024-09-19T06:10:04.724 INFO:teuthology.orchestra.run.smithi053.stdout:/usr/bin/ceph: stderr
2024-09-19T06:10:04.184+0000 7fe9037fe640 1 -- 172.21.15.53:0/3025434315 <== mgr.14118 v2:172.21.15.53:6800/681468213 1 ==== mgr_command_reply(tid 0: 0 ) ==== 8+0+595 (secure 0 0 0) 0x7fe90c1035d0 con 0x7fe8f80391e0
2024-09-19T06:10:04.724 INFO:teuthology.orchestra.run.smithi053.stdout:/usr/bin/ceph: stderr
2024-09-19T06:10:04.186+0000 7fe9144bc640 1 -- 172.21.15.53:0/3025434315 >> [v2:172.21.15.53:6800/681468213,v1:172.21.15.53:6801/681468213] conn(0x7fe8f80391e0 msgr2=0x7fe8f803b6a0 secure :-1 s=STATE_CONNECTION_ESTABLISHED l=1).mark_down
2024-09-19T06:10:04.724 INFO:teuthology.orchestra.run.smithi053.stdout:/usr/bin/ceph: stderr
2024-09-19T06:10:04.186+0000 7fe9144bc640 1 --2- 172.21.15.53:0/3025434315 >> [v2:172.21.15.53:6800/681468213,v1:172.21.15.53:6801/681468213] conn(0x7fe8f80391e0 0x7fe8f803b6a0 secure :-1 s=READY pgs=10 cs=0 l=1 rev1=1 crypto rx=0x7fe8fc0098c0 tx=0x7fe8fc006db0 comp rx=0 tx=0).stop
2024-09-19T06:10:04.724 INFO:teuthology.orchestra.run.smithi053.stdout:/usr/bin/ceph: stderr
2024-09-19T06:10:04.186+0000 7fe9144bc640 1 -- 172.21.15.53:0/3025434315 >> [v2:172.21.15.53:3300/0,v1:172.21.15.53:6789/0] conn(0x7fe90c106ac0 msgr2=0x7fe90c19a9f0 secure :-1 s=STATE_CONNECTION_ESTABLISHED l=1).mark_down
2024-09-19T06:10:04.725 INFO:teuthology.orchestra.run.smithi053.stdout:/usr/bin/ceph: stderr
2024-09-19T06:10:04.186+0000 7fe9144bc640 1 --2- 172.21.15.53:0/3025434315 >> [v2:172.21.15.53:3300/0,v1:172.21.15.53:6789/0] conn(0x7fe90c106ac0 0x7fe90c19a9f0 secure :-1 s=READY pgs=42 cs=0 l=1 rev1=1 crypto rx=0x7fe908000c00 tx=0x7fe908032670 comp rx=0 tx=0).stop
2024-09-19T06:10:04.725 INFO:teuthology.orchestra.run.smithi053.stdout:/usr/bin/ceph: stderr
2024-09-19T06:10:04.187+0000 7fe9144bc640 1 -- 172.21.15.53:0/3025434315 shutdown_connections
2024-09-19T06:10:04.725 INFO:teuthology.orchestra.run.smithi053.stdout:/usr/bin/ceph: stderr
2024-09-19T06:10:04.187+0000 7fe9144bc640 1 --2- 172.21.15.53:0/3025434315 >> [v2:172.21.15.53:6800/681468213,v1:172.21.15.53:6801/681468213] conn(0x7fe8f80391e0 0x7fe8f803b6a0 unknown :-1 s=CLOSED pgs=10 cs=0 l=1 rev1=1 crypto rx=0 tx=0 comp rx=0 tx=0).stop
2024-09-19T06:10:04.725 INFO:teuthology.orchestra.run.smithi053.stdout:/usr/bin/ceph: stderr
2024-09-19T06:10:04.187+0000 7fe9144bc640 1 --2- 172.21.15.53:0/3025434315 >> [v2:172.21.15.53:3300/0,v1:172.21.15.53:6789/0] conn(0x7fe90c106ac0 0x7fe90c19a9f0 unknown :-1 s=CLOSED pgs=42 cs=0 l=1 rev1=1 crypto rx=0 tx=0 comp rx=0 tx=0).stop
2024-09-19T06:10:04.725 INFO:teuthology.orchestra.run.smithi053.stdout:/usr/bin/ceph: stderr
2024-09-19T06:10:04.187+0000 7fe9144bc640 1 -- 172.21.15.53:0/3025434315 >> 172.21.15.53:0/3025434315 conn(0x7fe90c102330 msgr2=0x7fe90c102ec0 unknown :-1 s=STATE_NONE l=0).mark_down
2024-09-19T06:10:04.725 INFO:teuthology.orchestra.run.smithi053.stdout:/usr/bin/ceph: stderr
2024-09-19T06:10:04.187+0000 7fe9144bc640 1 -- 172.21.15.53:0/3025434315 shutdown_connections
2024-09-19T06:10:04.725 INFO:teuthology.orchestra.run.smithi053.stdout:/usr/bin/ceph: stderr
2024-09-19T06:10:04.187+0000 7fe9144bc640 1 -- 172.21.15.53:0/3025434315 wait complete.
2024-09-19T06:10:04.725 INFO:teuthology.orchestra.run.smithi053.stdout:Wrote public SSH key to /home/ubuntu/cephtest/ceph.pub
2024-09-19T06:10:04.725 INFO:teuthology.orchestra.run.smithi053.stdout:Adding key to root@localhost authorized_keys...
2024-09-19T06:10:04.726 INFO:teuthology.orchestra.run.smithi053.stdout:Adding host smithi053...
2024-09-19T06:10:05.263 INFO:journalctl@ceph.mon.smithi053.smithi053.stdout:Sep 19 06:10:05 smithi053 ceph-mon[27968]: from='client.14136 -' entity='client.admin' cmd=[{"prefix": "cephadm get-pub-key", "target": ["mon-mgr", ""]}]: dispatch
2024-09-19T06:10:06.605 INFO:journalctl@ceph.mon.smithi053.smithi053.stdout:Sep 19 06:10:06 smithi053 ceph-mon[27968]: from='client.14138 -' entity='client.admin' cmd=[{"prefix": "orch host add", "hostname": "smithi053", "addr": "172.21.15.53", "target": ["mon-mgr", ""]}]: dispatch
2024-09-19T06:10:07.535 INFO:journalctl@ceph.mon.smithi053.smithi053.stdout:Sep 19 06:10:07 smithi053 ceph-mon[27968]: Deploying cephadm binary to smithi053
2024-09-19T06:10:09.836 INFO:teuthology.orchestra.run.smithi053.stdout:/usr/bin/ceph: stdout Added host 'smithi053' with addr '172.21.15.53'
2024-09-19T06:10:09.837 INFO:teuthology.orchestra.run.smithi053.stdout:/usr/bin/ceph: stderr
2024-09-19T06:10:05.074+0000 7f4868489640 1 Processor -- start
2024-09-19T06:10:09.837 INFO:teuthology.orchestra.run.smithi053.stdout:/usr/bin/ceph: stderr
2024-09-19T06:10:05.074+0000 7f4868489640 1 -- start start
2024-09-19T06:10:09.837 INFO:teuthology.orchestra.run.smithi053.stdout:/usr/bin/ceph: stderr
2024-09-19T06:10:05.075+0000 7f4868489640 1 --2- >> [v2:172.21.15.53:3300/0,v1:172.21.15.53:6789/0] conn(0x7f4860106ac0 0x7f4860106ec0 unknown :-1 s=NONE pgs=0 cs=0 l=0 rev1=0 crypto rx=0 tx=0 comp rx=0 tx=0).connect
2024-09-19T06:10:09.837 INFO:teuthology.orchestra.run.smithi053.stdout:/usr/bin/ceph: stderr
2024-09-19T06:10:05.075+0000 7f4868489640 1 -- --> [v2:172.21.15.53:3300/0,v1:172.21.15.53:6789/0] -- mon_getmap magic: 0 -- 0x7f4860107400 con 0x7f4860106ac0
2024-09-19T06:10:09.837 INFO:teuthology.orchestra.run.smithi053.stdout:/usr/bin/ceph: stderr
2024-09-19T06:10:05.075+0000 7f4866225640 1 --2- >> [v2:172.21.15.53:3300/0,v1:172.21.15.53:6789/0] conn(0x7f4860106ac0 0x7f4860106ec0 unknown :-1 s=BANNER_CONNECTING pgs=0 cs=0 l=0 rev1=0 crypto rx=0 tx=0 comp rx=0 tx=0)._handle_peer_banner_payload supported=3 required=0
2024-09-19T06:10:09.837 INFO:teuthology.orchestra.run.smithi053.stdout:/usr/bin/ceph: stderr
2024-09-19T06:10:05.075+0000 7f4866225640 1 --2- >> [v2:172.21.15.53:3300/0,v1:172.21.15.53:6789/0] conn(0x7f4860106ac0 0x7f4860106ec0 unknown :-1 s=HELLO_CONNECTING pgs=0 cs=0 l=0 rev1=1 crypto rx=0 tx=0 comp rx=0 tx=0).handle_hello peer v2:172.21.15.53:3300/0 says I am v2:172.21.15.53:50318/0 (socket says 172.21.15.53:50318)
2024-09-19T06:10:09.837 INFO:teuthology.orchestra.run.smithi053.stdout:/usr/bin/ceph: stderr
2024-09-19T06:10:05.075+0000 7f4866225640 1 -- 172.21.15.53:0/2331326375 learned_addr learned my addr 172.21.15.53:0/2331326375 (peer_addr_for_me v2:172.21.15.53:0/0)
2024-09-19T06:10:09.837 INFO:teuthology.orchestra.run.smithi053.stdout:/usr/bin/ceph: stderr
2024-09-19T06:10:05.075+0000 7f4866225640 1 -- 172.21.15.53:0/2331326375 --> [v2:172.21.15.53:3300/0,v1:172.21.15.53:6789/0] -- mon_subscribe({config=0+,monmap=0+}) -- 0x7f4860107580 con 0x7f4860106ac0
2024-09-19T06:10:09.837 INFO:teuthology.orchestra.run.smithi053.stdout:/usr/bin/ceph: stderr
2024-09-19T06:10:05.076+0000 7f4866225640 1 --2- 172.21.15.53:0/2331326375 >> [v2:172.21.15.53:3300/0,v1:172.21.15.53:6789/0] conn(0x7f4860106ac0 0x7f4860106ec0 secure :-1 s=READY pgs=43 cs=0 l=1 rev1=1 crypto rx=0x7f485c009820 tx=0x7f485c02a270 comp rx=0 tx=0).ready entity=mon.0 client_cookie=8e55c19586dbd342 server_cookie=0 in_seq=0 out_seq=0
2024-09-19T06:10:09.838 INFO:teuthology.orchestra.run.smithi053.stdout:/usr/bin/ceph: stderr
2024-09-19T06:10:05.076+0000 7f4865223640 1 -- 172.21.15.53:0/2331326375 <== mon.0 v2:172.21.15.53:3300/0 1 ==== mon_map magic: 0 ==== 229+0+0 (secure 0 0 0) 0x7f485c037070 con 0x7f4860106ac0
2024-09-19T06:10:09.838 INFO:teuthology.orchestra.run.smithi053.stdout:/usr/bin/ceph: stderr
2024-09-19T06:10:05.076+0000 7f4865223640 1 -- 172.21.15.53:0/2331326375 <== mon.0 v2:172.21.15.53:3300/0 2 ==== config(26 keys) ==== 1071+0+0 (secure 0 0 0) 0x7f485c02ad40 con 0x7f4860106ac0
2024-09-19T06:10:09.838 INFO:teuthology.orchestra.run.smithi053.stdout:/usr/bin/ceph: stderr
2024-09-19T06:10:05.076+0000 7f4865223640 1 -- 172.21.15.53:0/2331326375 <== mon.0 v2:172.21.15.53:3300/0 3 ==== mon_map magic: 0 ==== 229+0+0 (secure 0 0 0) 0x7f485c030670 con 0x7f4860106ac0
2024-09-19T06:10:09.838 INFO:teuthology.orchestra.run.smithi053.stdout:/usr/bin/ceph: stderr
2024-09-19T06:10:05.077+0000 7f4868489640 1 -- 172.21.15.53:0/2331326375 >> [v2:172.21.15.53:3300/0,v1:172.21.15.53:6789/0] conn(0x7f4860106ac0 msgr2=0x7f4860106ec0 secure :-1 s=STATE_CONNECTION_ESTABLISHED l=1).mark_down
2024-09-19T06:10:09.838 INFO:teuthology.orchestra.run.smithi053.stdout:/usr/bin/ceph: stderr
2024-09-19T06:10:05.077+0000 7f4868489640 1 --2- 172.21.15.53:0/2331326375 >> [v2:172.21.15.53:3300/0,v1:172.21.15.53:6789/0] conn(0x7f4860106ac0 0x7f4860106ec0 secure :-1 s=READY pgs=43 cs=0 l=1 rev1=1 crypto rx=0x7f485c009820 tx=0x7f485c02a270 comp rx=0 tx=0).stop
2024-09-19T06:10:09.838 INFO:teuthology.orchestra.run.smithi053.stdout:/usr/bin/ceph: stderr
2024-09-19T06:10:05.077+0000 7f4868489640 1 -- 172.21.15.53:0/2331326375 shutdown_connections
2024-09-19T06:10:09.838 INFO:teuthology.orchestra.run.smithi053.stdout:/usr/bin/ceph: stderr
2024-09-19T06:10:05.077+0000 7f4868489640 1 --2- 172.21.15.53:0/2331326375 >> [v2:172.21.15.53:3300/0,v1:172.21.15.53:6789/0] conn(0x7f4860106ac0 0x7f4860106ec0 unknown :-1 s=CLOSED pgs=43 cs=0 l=1 rev1=1 crypto rx=0 tx=0 comp rx=0 tx=0).stop
2024-09-19T06:10:09.838 INFO:teuthology.orchestra.run.smithi053.stdout:/usr/bin/ceph: stderr
2024-09-19T06:10:05.077+0000 7f4868489640 1 -- 172.21.15.53:0/2331326375 >> 172.21.15.53:0/2331326375 conn(0x7f4860102330 msgr2=0x7f4860104750 unknown :-1 s=STATE_NONE l=0).mark_down
2024-09-19T06:10:09.838 INFO:teuthology.orchestra.run.smithi053.stdout:/usr/bin/ceph: stderr
2024-09-19T06:10:05.077+0000 7f4868489640 1 -- 172.21.15.53:0/2331326375 shutdown_connections
2024-09-19T06:10:09.838 INFO:teuthology.orchestra.run.smithi053.stdout:/usr/bin/ceph: stderr
2024-09-19T06:10:05.077+0000 7f4868489640 1 -- 172.21.15.53:0/2331326375 wait complete.
2024-09-19T06:10:09.838 INFO:teuthology.orchestra.run.smithi053.stdout:/usr/bin/ceph: stderr
2024-09-19T06:10:05.077+0000 7f4868489640 1 Processor -- start
2024-09-19T06:10:09.838 INFO:teuthology.orchestra.run.smithi053.stdout:/usr/bin/ceph: stderr
2024-09-19T06:10:05.077+0000 7f4868489640 1 -- start start
2024-09-19T06:10:09.838 INFO:teuthology.orchestra.run.smithi053.stdout:/usr/bin/ceph: stderr
2024-09-19T06:10:05.078+0000 7f4868489640 1 --2- >> [v2:172.21.15.53:3300/0,v1:172.21.15.53:6789/0] conn(0x7f4860106ac0 0x7f486007c3f0 unknown :-1 s=NONE pgs=0 cs=0 l=1 rev1=0 crypto rx=0 tx=0 comp rx=0 tx=0).connect
2024-09-19T06:10:09.839 INFO:teuthology.orchestra.run.smithi053.stdout:/usr/bin/ceph: stderr
2024-09-19T06:10:05.078+0000 7f4868489640 1 -- --> [v2:172.21.15.53:3300/0,v1:172.21.15.53:6789/0] -- mon_getmap magic: 0 -- 0x7f486010af30 con 0x7f4860106ac0
2024-09-19T06:10:09.839 INFO:teuthology.orchestra.run.smithi053.stdout:/usr/bin/ceph: stderr
2024-09-19T06:10:05.078+0000 7f4866225640 1 --2- >> [v2:172.21.15.53:3300/0,v1:172.21.15.53:6789/0] conn(0x7f4860106ac0 0x7f486007c3f0 unknown :-1 s=BANNER_CONNECTING pgs=0 cs=0 l=1 rev1=0 crypto rx=0 tx=0 comp rx=0 tx=0)._handle_peer_banner_payload supported=3 required=0
2024-09-19T06:10:09.839 INFO:teuthology.orchestra.run.smithi053.stdout:/usr/bin/ceph: stderr
2024-09-19T06:10:05.078+0000 7f4866225640 1 --2- >> [v2:172.21.15.53:3300/0,v1:172.21.15.53:6789/0] conn(0x7f4860106ac0 0x7f486007c3f0 unknown :-1 s=HELLO_CONNECTING pgs=0 cs=0 l=1 rev1=1 crypto rx=0 tx=0 comp rx=0 tx=0).handle_hello peer v2:172.21.15.53:3300/0 says I am v2:172.21.15.53:50326/0 (socket says 172.21.15.53:50326)
2024-09-19T06:10:09.839 INFO:teuthology.orchestra.run.smithi053.stdout:/usr/bin/ceph: stderr
2024-09-19T06:10:05.078+0000 7f4866225640 1 -- 172.21.15.53:0/884753210 learned_addr learned my addr 172.21.15.53:0/884753210 (peer_addr_for_me v2:172.21.15.53:0/0)
2024-09-19T06:10:09.839 INFO:teuthology.orchestra.run.smithi053.stdout:/usr/bin/ceph: stderr
2024-09-19T06:10:05.078+0000 7f4866225640 1 -- 172.21.15.53:0/884753210 --> [v2:172.21.15.53:3300/0,v1:172.21.15.53:6789/0] -- mon_subscribe({config=0+,monmap=0+}) -- 0x7f486007c930 con 0x7f4860106ac0
2024-09-19T06:10:09.839 INFO:teuthology.orchestra.run.smithi053.stdout:/usr/bin/ceph: stderr
2024-09-19T06:10:05.078+0000 7f4866225640 1 --2- 172.21.15.53:0/884753210 >> [v2:172.21.15.53:3300/0,v1:172.21.15.53:6789/0] conn(0x7f4860106ac0 0x7f486007c3f0 secure :-1 s=READY pgs=44 cs=0 l=1 rev1=1 crypto rx=0x7f485c030380 tx=0x7f485c032670 comp rx=0 tx=0).ready entity=mon.0 client_cookie=0 server_cookie=0 in_seq=0 out_seq=0
2024-09-19T06:10:09.839 INFO:teuthology.orchestra.run.smithi053.stdout:/usr/bin/ceph: stderr
2024-09-19T06:10:05.078+0000 7f48577fe640 1 -- 172.21.15.53:0/884753210 <== mon.0 v2:172.21.15.53:3300/0 1 ==== mon_map magic: 0 ==== 229+0+0 (secure 0 0 0) 0x7f485c043070 con 0x7f4860106ac0
2024-09-19T06:10:09.839 INFO:teuthology.orchestra.run.smithi053.stdout:/usr/bin/ceph: stderr
2024-09-19T06:10:05.078+0000 7f48577fe640 1 -- 172.21.15.53:0/884753210 <== mon.0 v2:172.21.15.53:3300/0 2 ==== config(26 keys) ==== 1071+0+0 (secure 0 0 0) 0x7f485c03e480 con 0x7f4860106ac0
2024-09-19T06:10:09.839 INFO:teuthology.orchestra.run.smithi053.stdout:/usr/bin/ceph: stderr
2024-09-19T06:10:05.078+0000 7f4868489640 1 -- 172.21.15.53:0/884753210 --> [v2:172.21.15.53:3300/0,v1:172.21.15.53:6789/0] -- mon_subscribe({mgrmap=0+}) -- 0x7f486007ab20 con 0x7f4860106ac0
2024-09-19T06:10:09.839 INFO:teuthology.orchestra.run.smithi053.stdout:/usr/bin/ceph: stderr
2024-09-19T06:10:05.078+0000 7f48577fe640 1 -- 172.21.15.53:0/884753210 <== mon.0 v2:172.21.15.53:3300/0 3 ==== mon_map magic: 0 ==== 229+0+0 (secure 0 0 0) 0x7f485c03c510 con 0x7f4860106ac0
2024-09-19T06:10:09.839 INFO:teuthology.orchestra.run.smithi053.stdout:/usr/bin/ceph: stderr
2024-09-19T06:10:05.078+0000 7f4868489640 1 -- 172.21.15.53:0/884753210 --> [v2:172.21.15.53:3300/0,v1:172.21.15.53:6789/0] -- mon_subscribe({osdmap=0}) -- 0x7f486007b060 con 0x7f4860106ac0
2024-09-19T06:10:09.839 INFO:teuthology.orchestra.run.smithi053.stdout:/usr/bin/ceph: stderr
2024-09-19T06:10:05.079+0000 7f48577fe640 1 -- 172.21.15.53:0/884753210 <== mon.0 v2:172.21.15.53:3300/0 4 ==== mgrmap(e 8) ==== 46476+0+0 (secure 0 0 0) 0x7f485c046070 con 0x7f4860106ac0
2024-09-19T06:10:09.839 INFO:teuthology.orchestra.run.smithi053.stdout:/usr/bin/ceph: stderr
2024-09-19T06:10:05.079+0000 7f4868489640 1 -- 172.21.15.53:0/884753210 --> [v2:172.21.15.53:3300/0,v1:172.21.15.53:6789/0] -- mon_command({"prefix": "get_command_descriptions"} v 0) -- 0x7f4860106f40 con 0x7f4860106ac0
2024-09-19T06:10:09.839 INFO:teuthology.orchestra.run.smithi053.stdout:/usr/bin/ceph: stderr
2024-09-19T06:10:05.079+0000 7f48577fe640 1 --2- 172.21.15.53:0/884753210 >> [v2:172.21.15.53:6800/681468213,v1:172.21.15.53:6801/681468213] conn(0x7f484c039230 0x7f484c03b6f0 unknown :-1 s=NONE pgs=0 cs=0 l=1 rev1=0 crypto rx=0 tx=0 comp rx=0 tx=0).connect
2024-09-19T06:10:09.840 INFO:teuthology.orchestra.run.smithi053.stdout:/usr/bin/ceph: stderr
2024-09-19T06:10:05.079+0000 7f48577fe640 1 -- 172.21.15.53:0/884753210 <== mon.0 v2:172.21.15.53:3300/0 5 ==== osd_map(2..2 src has 1..2) ==== 940+0+0 (secure 0 0 0) 0x7f485c06bc80 con 0x7f4860106ac0
2024-09-19T06:10:09.840 INFO:teuthology.orchestra.run.smithi053.stdout:/usr/bin/ceph: stderr
2024-09-19T06:10:05.080+0000 7f4865a24640 1 --2- 172.21.15.53:0/884753210 >> [v2:172.21.15.53:6800/681468213,v1:172.21.15.53:6801/681468213] conn(0x7f484c039230 0x7f484c03b6f0 unknown :-1 s=BANNER_CONNECTING pgs=0 cs=0 l=1 rev1=0 crypto rx=0 tx=0 comp rx=0 tx=0)._handle_peer_banner_payload supported=3 required=0
2024-09-19T06:10:09.840 INFO:teuthology.orchestra.run.smithi053.stdout:/usr/bin/ceph: stderr
2024-09-19T06:10:05.080+0000 7f4865a24640 1 --2- 172.21.15.53:0/884753210 >> [v2:172.21.15.53:6800/681468213,v1:172.21.15.53:6801/681468213] conn(0x7f484c039230 0x7f484c03b6f0 secure :-1 s=READY pgs=11 cs=0 l=1 rev1=1 crypto rx=0x7f48500098c0 tx=0x7f4850006db0 comp rx=0 tx=0).ready entity=mgr.14118 client_cookie=0 server_cookie=0 in_seq=0 out_seq=0
2024-09-19T06:10:09.840 INFO:teuthology.orchestra.run.smithi053.stdout:/usr/bin/ceph: stderr
2024-09-19T06:10:05.084+0000 7f48577fe640 1 -- 172.21.15.53:0/884753210 <== mon.0 v2:172.21.15.53:3300/0 6 ==== mon_command_ack([{"prefix": "get_command_descriptions"}]=0 v0) ==== 72+0+188913 (secure 0 0 0) 0x7f485c046360 con 0x7f4860106ac0
2024-09-19T06:10:09.840 INFO:teuthology.orchestra.run.smithi053.stdout:/usr/bin/ceph: stderr
2024-09-19T06:10:05.262+0000 7f4868489640 1 -- 172.21.15.53:0/884753210 --> [v2:172.21.15.53:6800/681468213,v1:172.21.15.53:6801/681468213] -- mgr_command(tid 0: {"prefix": "orch host add", "hostname": "smithi053", "addr": "172.21.15.53", "target": ["mon-mgr", ""]}) -- 0x7f48601035d0 con 0x7f484c039230
2024-09-19T06:10:09.840 INFO:teuthology.orchestra.run.smithi053.stdout:/usr/bin/ceph: stderr
2024-09-19T06:10:09.188+0000 7f48577fe640 1 -- 172.21.15.53:0/884753210 <== mgr.14118 v2:172.21.15.53:6800/681468213 1 ==== mgr_command_reply(tid 0: 0 ) ==== 8+0+48 (secure 0 0 0) 0x7f48601035d0 con 0x7f484c039230
2024-09-19T06:10:09.840 INFO:teuthology.orchestra.run.smithi053.stdout:/usr/bin/ceph: stderr
2024-09-19T06:10:09.190+0000 7f4868489640 1 -- 172.21.15.53:0/884753210 >> [v2:172.21.15.53:6800/681468213,v1:172.21.15.53:6801/681468213] conn(0x7f484c039230 msgr2=0x7f484c03b6f0 secure :-1 s=STATE_CONNECTION_ESTABLISHED l=1).mark_down
2024-09-19T06:10:09.840 INFO:teuthology.orchestra.run.smithi053.stdout:/usr/bin/ceph: stderr
2024-09-19T06:10:09.191+0000 7f4868489640 1 --2- 172.21.15.53:0/884753210 >> [v2:172.21.15.53:6800/681468213,v1:172.21.15.53:6801/681468213] conn(0x7f484c039230 0x7f484c03b6f0 secure :-1 s=READY pgs=11 cs=0 l=1 rev1=1 crypto rx=0x7f48500098c0 tx=0x7f4850006db0 comp rx=0 tx=0).stop
2024-09-19T06:10:09.840 INFO:teuthology.orchestra.run.smithi053.stdout:/usr/bin/ceph: stderr
2024-09-19T06:10:09.191+0000 7f4868489640 1 -- 172.21.15.53:0/884753210 >> [v2:172.21.15.53:3300/0,v1:172.21.15.53:6789/0] conn(0x7f4860106ac0 msgr2=0x7f486007c3f0 secure :-1 s=STATE_CONNECTION_ESTABLISHED l=1).mark_down
2024-09-19T06:10:09.840 INFO:teuthology.orchestra.run.smithi053.stdout:/usr/bin/ceph: stderr
2024-09-19T06:10:09.191+0000 7f4868489640 1 --2- 172.21.15.53:0/884753210 >> [v2:172.21.15.53:3300/0,v1:172.21.15.53:6789/0] conn(0x7f4860106ac0 0x7f486007c3f0 secure :-1 s=READY pgs=44 cs=0 l=1 rev1=1 crypto rx=0x7f485c030380 tx=0x7f485c032670 comp rx=0 tx=0).stop
2024-09-19T06:10:09.840 INFO:teuthology.orchestra.run.smithi053.stdout:/usr/bin/ceph: stderr
2024-09-19T06:10:09.191+0000 7f4868489640 1 -- 172.21.15.53:0/884753210 shutdown_connections
2024-09-19T06:10:09.841 INFO:teuthology.orchestra.run.smithi053.stdout:/usr/bin/ceph: stderr
2024-09-19T06:10:09.191+0000 7f4868489640 1 --2- 172.21.15.53:0/884753210 >> [v2:172.21.15.53:6800/681468213,v1:172.21.15.53:6801/681468213] conn(0x7f484c039230 0x7f484c03b6f0 unknown :-1 s=CLOSED pgs=11 cs=0 l=1 rev1=1 crypto rx=0 tx=0 comp rx=0 tx=0).stop
2024-09-19T06:10:09.841 INFO:teuthology.orchestra.run.smithi053.stdout:/usr/bin/ceph: stderr
2024-09-19T06:10:09.191+0000 7f4868489640 1 --2- 172.21.15.53:0/884753210 >> [v2:172.21.15.53:3300/0,v1:172.21.15.53:6789/0] conn(0x7f4860106ac0 0x7f486007c3f0 unknown :-1 s=CLOSED pgs=44 cs=0 l=1 rev1=1 crypto rx=0 tx=0 comp rx=0 tx=0).stop
2024-09-19T06:10:09.841 INFO:teuthology.orchestra.run.smithi053.stdout:/usr/bin/ceph: stderr
2024-09-19T06:10:09.191+0000 7f4868489640 1 -- 172.21.15.53:0/884753210 >> 172.21.15.53:0/884753210 conn(0x7f4860102330 msgr2=0x7f4860102ec0 unknown :-1 s=STATE_NONE l=0).mark_down
2024-09-19T06:10:09.841 INFO:teuthology.orchestra.run.smithi053.stdout:/usr/bin/ceph: stderr
2024-09-19T06:10:09.191+0000 7f4868489640 1 -- 172.21.15.53:0/884753210 shutdown_connections
2024-09-19T06:10:09.841 INFO:teuthology.orchestra.run.smithi053.stdout:/usr/bin/ceph: stderr
2024-09-19T06:10:09.191+0000 7f4868489640 1 -- 172.21.15.53:0/884753210 wait complete.
2024-09-19T06:10:09.841 INFO:teuthology.orchestra.run.smithi053.stdout:Deploying mon service with default placement...
2024-09-19T06:10:10.398 INFO:journalctl@ceph.mon.smithi053.smithi053.stdout:Sep 19 06:10:10 smithi053 ceph-mon[27968]: from='mgr.14118 172.21.15.53:0/2304583254' entity='mgr.smithi053.trakvg'
2024-09-19T06:10:10.398 INFO:journalctl@ceph.mon.smithi053.smithi053.stdout:Sep 19 06:10:10 smithi053 ceph-mon[27968]: Added host smithi053
2024-09-19T06:10:10.398 INFO:journalctl@ceph.mon.smithi053.smithi053.stdout:Sep 19 06:10:10 smithi053 ceph-mon[27968]: from='mgr.14118 172.21.15.53:0/2304583254' entity='mgr.smithi053.trakvg' cmd=[{"prefix": "config dump", "format": "json"}]: dispatch
2024-09-19T06:10:11.189 INFO:teuthology.orchestra.run.smithi053.stdout:/usr/bin/ceph: stdout Scheduled mon update...
2024-09-19T06:10:11.189 INFO:teuthology.orchestra.run.smithi053.stdout:/usr/bin/ceph: stderr
2024-09-19T06:10:10.393+0000 7f743c017640 1 Processor -- start
2024-09-19T06:10:11.189 INFO:teuthology.orchestra.run.smithi053.stdout:/usr/bin/ceph: stderr
2024-09-19T06:10:10.393+0000 7f743c017640 1 -- start start
2024-09-19T06:10:11.189 INFO:teuthology.orchestra.run.smithi053.stdout:/usr/bin/ceph: stderr
2024-09-19T06:10:10.393+0000 7f743c017640 1 --2- >> [v2:172.21.15.53:3300/0,v1:172.21.15.53:6789/0] conn(0x7f74341059e0 0x7f7434105de0 unknown :-1 s=NONE pgs=0 cs=0 l=0 rev1=0 crypto rx=0 tx=0 comp rx=0 tx=0).connect
2024-09-19T06:10:11.189 INFO:teuthology.orchestra.run.smithi053.stdout:/usr/bin/ceph: stderr
2024-09-19T06:10:10.393+0000 7f743c017640 1 -- --> [v2:172.21.15.53:3300/0,v1:172.21.15.53:6789/0] -- mon_getmap magic: 0 -- 0x7f74341063b0 con 0x7f74341059e0
2024-09-19T06:10:11.190 INFO:teuthology.orchestra.run.smithi053.stdout:/usr/bin/ceph: stderr
2024-09-19T06:10:10.394+0000 7f7439db3640 1 --2- >> [v2:172.21.15.53:3300/0,v1:172.21.15.53:6789/0] conn(0x7f74341059e0 0x7f7434105de0 unknown :-1 s=BANNER_CONNECTING pgs=0 cs=0 l=0 rev1=0 crypto rx=0 tx=0 comp rx=0 tx=0)._handle_peer_banner_payload supported=3 required=0
2024-09-19T06:10:11.190 INFO:teuthology.orchestra.run.smithi053.stdout:/usr/bin/ceph: stderr
2024-09-19T06:10:10.394+0000 7f7439db3640 1 --2- >> [v2:172.21.15.53:3300/0,v1:172.21.15.53:6789/0] conn(0x7f74341059e0 0x7f7434105de0 unknown :-1 s=HELLO_CONNECTING pgs=0 cs=0 l=0 rev1=1 crypto rx=0 tx=0 comp rx=0 tx=0).handle_hello peer v2:172.21.15.53:3300/0 says I am v2:172.21.15.53:50334/0 (socket says 172.21.15.53:50334)
2024-09-19T06:10:11.190 INFO:teuthology.orchestra.run.smithi053.stdout:/usr/bin/ceph: stderr
2024-09-19T06:10:10.394+0000 7f7439db3640 1 -- 172.21.15.53:0/1102622391 learned_addr learned my addr 172.21.15.53:0/1102622391 (peer_addr_for_me v2:172.21.15.53:0/0)
2024-09-19T06:10:11.190 INFO:teuthology.orchestra.run.smithi053.stdout:/usr/bin/ceph: stderr
2024-09-19T06:10:10.394+0000 7f7439db3640 1 -- 172.21.15.53:0/1102622391 --> [v2:172.21.15.53:3300/0,v1:172.21.15.53:6789/0] -- mon_subscribe({config=0+,monmap=0+}) -- 0x7f7434106be0 con 0x7f74341059e0
2024-09-19T06:10:11.190 INFO:teuthology.orchestra.run.smithi053.stdout:/usr/bin/ceph: stderr
2024-09-19T06:10:10.395+0000 7f7439db3640 1 --2- 172.21.15.53:0/1102622391 >> [v2:172.21.15.53:3300/0,v1:172.21.15.53:6789/0] conn(0x7f74341059e0 0x7f7434105de0 secure :-1 s=READY pgs=45 cs=0 l=1 rev1=1 crypto rx=0x7f7430009e80 tx=0x7f743002a7a0 comp rx=0 tx=0).ready entity=mon.0 client_cookie=ecfed454e854a4ce server_cookie=0 in_seq=0 out_seq=0
2024-09-19T06:10:11.190 INFO:teuthology.orchestra.run.smithi053.stdout:/usr/bin/ceph: stderr
2024-09-19T06:10:10.395+0000 7f7438db1640 1 -- 172.21.15.53:0/1102622391 <== mon.0 v2:172.21.15.53:3300/0 1 ==== mon_map magic: 0 ==== 229+0+0 (secure 0 0 0) 0x7f7430036070 con 0x7f74341059e0
2024-09-19T06:10:11.190 INFO:teuthology.orchestra.run.smithi053.stdout:/usr/bin/ceph: stderr
2024-09-19T06:10:10.395+0000 7f7438db1640 1 -- 172.21.15.53:0/1102622391 <== mon.0 v2:172.21.15.53:3300/0 2 ==== config(26 keys) ==== 1071+0+0 (secure 0 0 0) 0x7f7430031890 con 0x7f74341059e0
2024-09-19T06:10:11.190 INFO:teuthology.orchestra.run.smithi053.stdout:/usr/bin/ceph: stderr
2024-09-19T06:10:10.395+0000 7f7438db1640 1 -- 172.21.15.53:0/1102622391 <== mon.0 v2:172.21.15.53:3300/0 3 ==== mon_map magic: 0 ==== 229+0+0 (secure 0 0 0) 0x7f74300078c0 con 0x7f74341059e0
2024-09-19T06:10:11.190 INFO:teuthology.orchestra.run.smithi053.stdout:/usr/bin/ceph: stderr
2024-09-19T06:10:10.395+0000 7f743c017640 1 -- 172.21.15.53:0/1102622391 >> [v2:172.21.15.53:3300/0,v1:172.21.15.53:6789/0] conn(0x7f74341059e0 msgr2=0x7f7434105de0 secure :-1 s=STATE_CONNECTION_ESTABLISHED l=1).mark_down
2024-09-19T06:10:11.190 INFO:teuthology.orchestra.run.smithi053.stdout:/usr/bin/ceph: stderr
2024-09-19T06:10:10.395+0000 7f743c017640 1 --2- 172.21.15.53:0/1102622391 >> [v2:172.21.15.53:3300/0,v1:172.21.15.53:6789/0] conn(0x7f74341059e0 0x7f7434105de0 secure :-1 s=READY pgs=45 cs=0 l=1 rev1=1 crypto rx=0x7f7430009e80 tx=0x7f743002a7a0 comp rx=0 tx=0).stop
2024-09-19T06:10:11.190 INFO:teuthology.orchestra.run.smithi053.stdout:/usr/bin/ceph: stderr
2024-09-19T06:10:10.395+0000 7f743c017640 1 -- 172.21.15.53:0/1102622391 shutdown_connections
2024-09-19T06:10:11.190 INFO:teuthology.orchestra.run.smithi053.stdout:/usr/bin/ceph: stderr
2024-09-19T06:10:10.395+0000 7f743c017640 1 --2- 172.21.15.53:0/1102622391 >> [v2:172.21.15.53:3300/0,v1:172.21.15.53:6789/0] conn(0x7f74341059e0 0x7f7434105de0 unknown :-1 s=CLOSED pgs=45 cs=0 l=1 rev1=1 crypto rx=0 tx=0 comp rx=0 tx=0).stop
2024-09-19T06:10:11.191 INFO:teuthology.orchestra.run.smithi053.stdout:/usr/bin/ceph: stderr
2024-09-19T06:10:10.395+0000 7f743c017640 1 -- 172.21.15.53:0/1102622391 >> 172.21.15.53:0/1102622391 conn(0x7f7434101150 msgr2=0x7f74341035b0 unknown :-1 s=STATE_NONE l=0).mark_down
2024-09-19T06:10:11.191 INFO:teuthology.orchestra.run.smithi053.stdout:/usr/bin/ceph: stderr
2024-09-19T06:10:10.396+0000 7f743c017640 1 -- 172.21.15.53:0/1102622391 shutdown_connections
2024-09-19T06:10:11.191 INFO:teuthology.orchestra.run.smithi053.stdout:/usr/bin/ceph: stderr
2024-09-19T06:10:10.396+0000 7f743c017640 1 -- 172.21.15.53:0/1102622391 wait complete.
2024-09-19T06:10:11.191 INFO:teuthology.orchestra.run.smithi053.stdout:/usr/bin/ceph: stderr
2024-09-19T06:10:10.396+0000 7f743c017640 1 Processor -- start
2024-09-19T06:10:11.191 INFO:teuthology.orchestra.run.smithi053.stdout:/usr/bin/ceph: stderr
2024-09-19T06:10:10.396+0000 7f743c017640 1 -- start start
2024-09-19T06:10:11.191 INFO:teuthology.orchestra.run.smithi053.stdout:/usr/bin/ceph: stderr
2024-09-19T06:10:10.396+0000 7f743c017640 1 --2- >> [v2:172.21.15.53:3300/0,v1:172.21.15.53:6789/0] conn(0x7f74341059e0 0x7f743407a310 unknown :-1 s=NONE pgs=0 cs=0 l=1 rev1=0 crypto rx=0 tx=0 comp rx=0 tx=0).connect
2024-09-19T06:10:11.191 INFO:teuthology.orchestra.run.smithi053.stdout:/usr/bin/ceph: stderr
2024-09-19T06:10:10.396+0000 7f743c017640 1 -- --> [v2:172.21.15.53:3300/0,v1:172.21.15.53:6789/0] -- mon_getmap magic: 0 -- 0x7f7434109f90 con 0x7f74341059e0
2024-09-19T06:10:11.191 INFO:teuthology.orchestra.run.smithi053.stdout:/usr/bin/ceph: stderr
2024-09-19T06:10:10.396+0000 7f7439db3640 1 --2- >> [v2:172.21.15.53:3300/0,v1:172.21.15.53:6789/0] conn(0x7f74341059e0 0x7f743407a310 unknown :-1 s=BANNER_CONNECTING pgs=0 cs=0 l=1 rev1=0 crypto rx=0 tx=0 comp rx=0 tx=0)._handle_peer_banner_payload supported=3 required=0
2024-09-19T06:10:11.191 INFO:teuthology.orchestra.run.smithi053.stdout:/usr/bin/ceph: stderr
2024-09-19T06:10:10.396+0000 7f7439db3640 1 --2- >> [v2:172.21.15.53:3300/0,v1:172.21.15.53:6789/0] conn(0x7f74341059e0 0x7f743407a310 unknown :-1 s=HELLO_CONNECTING pgs=0 cs=0 l=1 rev1=1 crypto rx=0 tx=0 comp rx=0 tx=0).handle_hello peer v2:172.21.15.53:3300/0 says I am v2:172.21.15.53:50342/0 (socket says 172.21.15.53:50342)
2024-09-19T06:10:11.191 INFO:teuthology.orchestra.run.smithi053.stdout:/usr/bin/ceph: stderr
2024-09-19T06:10:10.396+0000 7f7439db3640 1 -- 172.21.15.53:0/1073317192 learned_addr learned my addr 172.21.15.53:0/1073317192 (peer_addr_for_me v2:172.21.15.53:0/0)
2024-09-19T06:10:11.191 INFO:teuthology.orchestra.run.smithi053.stdout:/usr/bin/ceph: stderr
2024-09-19T06:10:10.397+0000 7f7439db3640 1 -- 172.21.15.53:0/1073317192 --> [v2:172.21.15.53:3300/0,v1:172.21.15.53:6789/0] -- mon_subscribe({config=0+,monmap=0+}) -- 0x7f743419d7b0 con 0x7f74341059e0
2024-09-19T06:10:11.191 INFO:teuthology.orchestra.run.smithi053.stdout:/usr/bin/ceph: stderr
2024-09-19T06:10:10.397+0000 7f7439db3640 1 --2- 172.21.15.53:0/1073317192 >> [v2:172.21.15.53:3300/0,v1:172.21.15.53:6789/0] conn(0x7f74341059e0 0x7f743407a310 secure :-1 s=READY pgs=46 cs=0 l=1 rev1=1 crypto rx=0x7f7430009680 tx=0x7f7430031630 comp rx=0 tx=0).ready entity=mon.0 client_cookie=0 server_cookie=0 in_seq=0 out_seq=0
2024-09-19T06:10:11.191 INFO:teuthology.orchestra.run.smithi053.stdout:/usr/bin/ceph: stderr
2024-09-19T06:10:10.397+0000 7f742affd640 1 -- 172.21.15.53:0/1073317192 <== mon.0 v2:172.21.15.53:3300/0 1 ==== mon_map magic: 0 ==== 229+0+0 (secure 0 0 0) 0x7f7430045070 con 0x7f74341059e0
2024-09-19T06:10:11.192 INFO:teuthology.orchestra.run.smithi053.stdout:/usr/bin/ceph: stderr
2024-09-19T06:10:10.397+0000 7f742affd640 1 -- 172.21.15.53:0/1073317192 <== mon.0 v2:172.21.15.53:3300/0 2 ==== config(26 keys) ==== 1071+0+0 (secure 0 0 0) 0x7f743003a070 con 0x7f74341059e0
2024-09-19T06:10:11.192 INFO:teuthology.orchestra.run.smithi053.stdout:/usr/bin/ceph: stderr
