2024-09-19T06:10:19.526+0000 7fbb6c70e640 1 -- 172.21.15.53:0/2131708057 --> [v2:172.21.15.53:3300/0,v1:172.21.15.53:6789/0] -- mon_command({"prefix": "get_command_descriptions"} v 0) -- 0x7fbb64106ef0 con 0x7fbb64106af0
2024-09-19T06:10:20.343 INFO:teuthology.orchestra.run.smithi053.stdout:/usr/bin/ceph: stderr
2024-09-19T06:10:19.526+0000 7fbb5b7fe640 1 --2- 172.21.15.53:0/2131708057 >> [v2:172.21.15.53:6800/681468213,v1:172.21.15.53:6801/681468213] conn(0x7fbb50039230 0x7fbb5003b6f0 unknown :-1 s=NONE pgs=0 cs=0 l=1 rev1=0 crypto rx=0 tx=0 comp rx=0 tx=0).connect
2024-09-19T06:10:20.343 INFO:teuthology.orchestra.run.smithi053.stdout:/usr/bin/ceph: stderr
2024-09-19T06:10:19.526+0000 7fbb5b7fe640 1 -- 172.21.15.53:0/2131708057 <== mon.0 v2:172.21.15.53:3300/0 5 ==== osd_map(2..2 src has 1..2) ==== 940+0+0 (secure 0 0 0) 0x7fbb6006bd10 con 0x7fbb64106af0
2024-09-19T06:10:20.343 INFO:teuthology.orchestra.run.smithi053.stdout:/usr/bin/ceph: stderr
2024-09-19T06:10:19.526+0000 7fbb69ca9640 1 --2- 172.21.15.53:0/2131708057 >> [v2:172.21.15.53:6800/681468213,v1:172.21.15.53:6801/681468213] conn(0x7fbb50039230 0x7fbb5003b6f0 unknown :-1 s=BANNER_CONNECTING pgs=0 cs=0 l=1 rev1=0 crypto rx=0 tx=0 comp rx=0 tx=0)._handle_peer_banner_payload supported=3 required=0
2024-09-19T06:10:20.343 INFO:teuthology.orchestra.run.smithi053.stdout:/usr/bin/ceph: stderr
2024-09-19T06:10:19.527+0000 7fbb69ca9640 1 --2- 172.21.15.53:0/2131708057 >> [v2:172.21.15.53:6800/681468213,v1:172.21.15.53:6801/681468213] conn(0x7fbb50039230 0x7fbb5003b6f0 secure :-1 s=READY pgs=18 cs=0 l=1 rev1=1 crypto rx=0x7fbb540098c0 tx=0x7fbb54006db0 comp rx=0 tx=0).ready entity=mgr.14118 client_cookie=0 server_cookie=0 in_seq=0 out_seq=0
2024-09-19T06:10:20.343 INFO:teuthology.orchestra.run.smithi053.stdout:/usr/bin/ceph: stderr
2024-09-19T06:10:19.531+0000 7fbb5b7fe640 1 -- 172.21.15.53:0/2131708057 <== mon.0 v2:172.21.15.53:3300/0 6 ==== mon_command_ack([{"prefix": "get_command_descriptions"}]=0 v0) ==== 72+0+188913 (secure 0 0 0) 0x7fbb6002e200 con 0x7fbb64106af0
2024-09-19T06:10:20.343 INFO:teuthology.orchestra.run.smithi053.stdout:/usr/bin/ceph: stderr
2024-09-19T06:10:19.725+0000 7fbb6c70e640 1 -- 172.21.15.53:0/2131708057 --> [v2:172.21.15.53:6800/681468213,v1:172.21.15.53:6801/681468213] -- mgr_command(tid 0: {"prefix": "orch apply", "service_type": "node-exporter", "target": ["mon-mgr", ""]}) -- 0x7fbb641035a0 con 0x7fbb50039230
2024-09-19T06:10:20.343 INFO:teuthology.orchestra.run.smithi053.stdout:/usr/bin/ceph: stderr
2024-09-19T06:10:19.729+0000 7fbb5b7fe640 1 -- 172.21.15.53:0/2131708057 <== mgr.14118 v2:172.21.15.53:6800/681468213 1 ==== mgr_command_reply(tid 0: 0 ) ==== 8+0+34 (secure 0 0 0) 0x7fbb641035a0 con 0x7fbb50039230
2024-09-19T06:10:20.343 INFO:teuthology.orchestra.run.smithi053.stdout:/usr/bin/ceph: stderr
2024-09-19T06:10:19.732+0000 7fbb6c70e640 1 -- 172.21.15.53:0/2131708057 >> [v2:172.21.15.53:6800/681468213,v1:172.21.15.53:6801/681468213] conn(0x7fbb50039230 msgr2=0x7fbb5003b6f0 secure :-1 s=STATE_CONNECTION_ESTABLISHED l=1).mark_down
2024-09-19T06:10:20.343 INFO:teuthology.orchestra.run.smithi053.stdout:/usr/bin/ceph: stderr
2024-09-19T06:10:19.732+0000 7fbb6c70e640 1 --2- 172.21.15.53:0/2131708057 >> [v2:172.21.15.53:6800/681468213,v1:172.21.15.53:6801/681468213] conn(0x7fbb50039230 0x7fbb5003b6f0 secure :-1 s=READY pgs=18 cs=0 l=1 rev1=1 crypto rx=0x7fbb540098c0 tx=0x7fbb54006db0 comp rx=0 tx=0).stop
2024-09-19T06:10:20.344 INFO:teuthology.orchestra.run.smithi053.stdout:/usr/bin/ceph: stderr
2024-09-19T06:10:19.732+0000 7fbb6c70e640 1 -- 172.21.15.53:0/2131708057 >> [v2:172.21.15.53:3300/0,v1:172.21.15.53:6789/0] conn(0x7fbb64106af0 msgr2=0x7fbb6419aa10 secure :-1 s=STATE_CONNECTION_ESTABLISHED l=1).mark_down
2024-09-19T06:10:20.344 INFO:teuthology.orchestra.run.smithi053.stdout:/usr/bin/ceph: stderr
2024-09-19T06:10:19.732+0000 7fbb6c70e640 1 --2- 172.21.15.53:0/2131708057 >> [v2:172.21.15.53:3300/0,v1:172.21.15.53:6789/0] conn(0x7fbb64106af0 0x7fbb6419aa10 secure :-1 s=READY pgs=58 cs=0 l=1 rev1=1 crypto rx=0x7fbb60006f10 tx=0x7fbb60032670 comp rx=0 tx=0).stop
2024-09-19T06:10:20.344 INFO:teuthology.orchestra.run.smithi053.stdout:/usr/bin/ceph: stderr
2024-09-19T06:10:19.732+0000 7fbb6c70e640 1 -- 172.21.15.53:0/2131708057 shutdown_connections
2024-09-19T06:10:20.344 INFO:teuthology.orchestra.run.smithi053.stdout:/usr/bin/ceph: stderr
2024-09-19T06:10:19.732+0000 7fbb6c70e640 1 --2- 172.21.15.53:0/2131708057 >> [v2:172.21.15.53:6800/681468213,v1:172.21.15.53:6801/681468213] conn(0x7fbb50039230 0x7fbb5003b6f0 unknown :-1 s=CLOSED pgs=18 cs=0 l=1 rev1=1 crypto rx=0 tx=0 comp rx=0 tx=0).stop
2024-09-19T06:10:20.344 INFO:teuthology.orchestra.run.smithi053.stdout:/usr/bin/ceph: stderr
2024-09-19T06:10:19.732+0000 7fbb6c70e640 1 --2- 172.21.15.53:0/2131708057 >> [v2:172.21.15.53:3300/0,v1:172.21.15.53:6789/0] conn(0x7fbb64106af0 0x7fbb6419aa10 unknown :-1 s=CLOSED pgs=58 cs=0 l=1 rev1=1 crypto rx=0 tx=0 comp rx=0 tx=0).stop
2024-09-19T06:10:20.344 INFO:teuthology.orchestra.run.smithi053.stdout:/usr/bin/ceph: stderr
2024-09-19T06:10:19.732+0000 7fbb6c70e640 1 -- 172.21.15.53:0/2131708057 >> 172.21.15.53:0/2131708057 conn(0x7fbb641023c0 msgr2=0x7fbb64102e90 unknown :-1 s=STATE_NONE l=0).mark_down
2024-09-19T06:10:20.344 INFO:teuthology.orchestra.run.smithi053.stdout:/usr/bin/ceph: stderr
2024-09-19T06:10:19.732+0000 7fbb6c70e640 1 -- 172.21.15.53:0/2131708057 shutdown_connections
2024-09-19T06:10:20.344 INFO:teuthology.orchestra.run.smithi053.stdout:/usr/bin/ceph: stderr
2024-09-19T06:10:19.732+0000 7fbb6c70e640 1 -- 172.21.15.53:0/2131708057 wait complete.
2024-09-19T06:10:20.344 INFO:teuthology.orchestra.run.smithi053.stdout:Deploying alertmanager service with default placement...
2024-09-19T06:10:20.939 INFO:journalctl@ceph.mon.smithi053.smithi053.stdout:Sep 19 06:10:20 smithi053 ceph-mon[27968]: from='client.14152 -' entity='client.admin' cmd=[{"prefix": "orch apply", "service_type": "node-exporter", "target": ["mon-mgr", ""]}]: dispatch
2024-09-19T06:10:20.939 INFO:journalctl@ceph.mon.smithi053.smithi053.stdout:Sep 19 06:10:20 smithi053 ceph-mon[27968]: Saving service node-exporter spec with placement *
2024-09-19T06:10:20.939 INFO:journalctl@ceph.mon.smithi053.smithi053.stdout:Sep 19 06:10:20 smithi053 ceph-mon[27968]: from='mgr.14118 172.21.15.53:0/2304583254' entity='mgr.smithi053.trakvg'
2024-09-19T06:10:21.496 INFO:teuthology.orchestra.run.smithi053.stdout:/usr/bin/ceph: stdout Scheduled alertmanager update...
2024-09-19T06:10:21.496 INFO:teuthology.orchestra.run.smithi053.stdout:/usr/bin/ceph: stderr
2024-09-19T06:10:20.737+0000 7fcae666d640 1 Processor -- start
2024-09-19T06:10:21.496 INFO:teuthology.orchestra.run.smithi053.stdout:/usr/bin/ceph: stderr
2024-09-19T06:10:20.737+0000 7fcae666d640 1 -- start start
2024-09-19T06:10:21.496 INFO:teuthology.orchestra.run.smithi053.stdout:/usr/bin/ceph: stderr
2024-09-19T06:10:20.737+0000 7fcae666d640 1 --2- >> [v2:172.21.15.53:3300/0,v1:172.21.15.53:6789/0] conn(0x7fcae0107550 0x7fcae0109940 unknown :-1 s=NONE pgs=0 cs=0 l=0 rev1=0 crypto rx=0 tx=0 comp rx=0 tx=0).connect
2024-09-19T06:10:21.497 INFO:teuthology.orchestra.run.smithi053.stdout:/usr/bin/ceph: stderr
2024-09-19T06:10:20.737+0000 7fcae666d640 1 -- --> [v2:172.21.15.53:3300/0,v1:172.21.15.53:6789/0] -- mon_getmap magic: 0 -- 0x7fcae007a730 con 0x7fcae0107550
2024-09-19T06:10:21.497 INFO:teuthology.orchestra.run.smithi053.stdout:/usr/bin/ceph: stderr
2024-09-19T06:10:20.737+0000 7fcadffff640 1 --2- >> [v2:172.21.15.53:3300/0,v1:172.21.15.53:6789/0] conn(0x7fcae0107550 0x7fcae0109940 unknown :-1 s=BANNER_CONNECTING pgs=0 cs=0 l=0 rev1=0 crypto rx=0 tx=0 comp rx=0 tx=0)._handle_peer_banner_payload supported=3 required=0
2024-09-19T06:10:21.497 INFO:teuthology.orchestra.run.smithi053.stdout:/usr/bin/ceph: stderr
2024-09-19T06:10:20.737+0000 7fcadffff640 1 --2- >> [v2:172.21.15.53:3300/0,v1:172.21.15.53:6789/0] conn(0x7fcae0107550 0x7fcae0109940 unknown :-1 s=HELLO_CONNECTING pgs=0 cs=0 l=0 rev1=1 crypto rx=0 tx=0 comp rx=0 tx=0).handle_hello peer v2:172.21.15.53:3300/0 says I am v2:172.21.15.53:47938/0 (socket says 172.21.15.53:47938)
2024-09-19T06:10:21.497 INFO:teuthology.orchestra.run.smithi053.stdout:/usr/bin/ceph: stderr
2024-09-19T06:10:20.737+0000 7fcadffff640 1 -- 172.21.15.53:0/2798655323 learned_addr learned my addr 172.21.15.53:0/2798655323 (peer_addr_for_me v2:172.21.15.53:0/0)
2024-09-19T06:10:21.497 INFO:teuthology.orchestra.run.smithi053.stdout:/usr/bin/ceph: stderr
2024-09-19T06:10:20.737+0000 7fcadffff640 1 -- 172.21.15.53:0/2798655323 --> [v2:172.21.15.53:3300/0,v1:172.21.15.53:6789/0] -- mon_subscribe({config=0+,monmap=0+}) -- 0x7fcae0109e80 con 0x7fcae0107550
2024-09-19T06:10:21.497 INFO:teuthology.orchestra.run.smithi053.stdout:/usr/bin/ceph: stderr
2024-09-19T06:10:20.738+0000 7fcadffff640 1 --2- 172.21.15.53:0/2798655323 >> [v2:172.21.15.53:3300/0,v1:172.21.15.53:6789/0] conn(0x7fcae0107550 0x7fcae0109940 secure :-1 s=READY pgs=59 cs=0 l=1 rev1=1 crypto rx=0x7fcad0009820 tx=0x7fcad002a270 comp rx=0 tx=0).ready entity=mon.0 client_cookie=3481bfeb92b7b5bb server_cookie=0 in_seq=0 out_seq=0
2024-09-19T06:10:21.497 INFO:teuthology.orchestra.run.smithi053.stdout:/usr/bin/ceph: stderr
2024-09-19T06:10:20.738+0000 7fcadeffd640 1 -- 172.21.15.53:0/2798655323 <== mon.0 v2:172.21.15.53:3300/0 1 ==== mon_map magic: 0 ==== 229+0+0 (secure 0 0 0) 0x7fcad0037070 con 0x7fcae0107550
2024-09-19T06:10:21.497 INFO:teuthology.orchestra.run.smithi053.stdout:/usr/bin/ceph: stderr
2024-09-19T06:10:20.738+0000 7fcadeffd640 1 -- 172.21.15.53:0/2798655323 <== mon.0 v2:172.21.15.53:3300/0 2 ==== config(26 keys) ==== 1102+0+0 (secure 0 0 0) 0x7fcad002ad40 con 0x7fcae0107550
2024-09-19T06:10:21.497 INFO:teuthology.orchestra.run.smithi053.stdout:/usr/bin/ceph: stderr
2024-09-19T06:10:20.738+0000 7fcadeffd640 1 -- 172.21.15.53:0/2798655323 <== mon.0 v2:172.21.15.53:3300/0 3 ==== mon_map magic: 0 ==== 229+0+0 (secure 0 0 0) 0x7fcad0030620 con 0x7fcae0107550
2024-09-19T06:10:21.497 INFO:teuthology.orchestra.run.smithi053.stdout:/usr/bin/ceph: stderr
2024-09-19T06:10:20.739+0000 7fcae666d640 1 -- 172.21.15.53:0/2798655323 >> [v2:172.21.15.53:3300/0,v1:172.21.15.53:6789/0] conn(0x7fcae0107550 msgr2=0x7fcae0109940 secure :-1 s=STATE_CONNECTION_ESTABLISHED l=1).mark_down
2024-09-19T06:10:21.497 INFO:teuthology.orchestra.run.smithi053.stdout:/usr/bin/ceph: stderr
2024-09-19T06:10:20.739+0000 7fcae666d640 1 --2- 172.21.15.53:0/2798655323 >> [v2:172.21.15.53:3300/0,v1:172.21.15.53:6789/0] conn(0x7fcae0107550 0x7fcae0109940 secure :-1 s=READY pgs=59 cs=0 l=1 rev1=1 crypto rx=0x7fcad0009820 tx=0x7fcad002a270 comp rx=0 tx=0).stop
2024-09-19T06:10:21.497 INFO:teuthology.orchestra.run.smithi053.stdout:/usr/bin/ceph: stderr
2024-09-19T06:10:20.739+0000 7fcae666d640 1 -- 172.21.15.53:0/2798655323 shutdown_connections
2024-09-19T06:10:21.497 INFO:teuthology.orchestra.run.smithi053.stdout:/usr/bin/ceph: stderr
2024-09-19T06:10:20.739+0000 7fcae666d640 1 --2- 172.21.15.53:0/2798655323 >> [v2:172.21.15.53:3300/0,v1:172.21.15.53:6789/0] conn(0x7fcae0107550 0x7fcae0109940 unknown :-1 s=CLOSED pgs=59 cs=0 l=1 rev1=1 crypto rx=0 tx=0 comp rx=0 tx=0).stop
2024-09-19T06:10:21.498 INFO:teuthology.orchestra.run.smithi053.stdout:/usr/bin/ceph: stderr
2024-09-19T06:10:20.739+0000 7fcae666d640 1 -- 172.21.15.53:0/2798655323 >> 172.21.15.53:0/2798655323 conn(0x7fcae0101150 msgr2=0x7fcae01035b0 unknown :-1 s=STATE_NONE l=0).mark_down
2024-09-19T06:10:21.498 INFO:teuthology.orchestra.run.smithi053.stdout:/usr/bin/ceph: stderr
2024-09-19T06:10:20.739+0000 7fcae666d640 1 -- 172.21.15.53:0/2798655323 shutdown_connections
2024-09-19T06:10:21.498 INFO:teuthology.orchestra.run.smithi053.stdout:/usr/bin/ceph: stderr
2024-09-19T06:10:20.739+0000 7fcae666d640 1 -- 172.21.15.53:0/2798655323 wait complete.
2024-09-19T06:10:21.498 INFO:teuthology.orchestra.run.smithi053.stdout:/usr/bin/ceph: stderr
2024-09-19T06:10:20.740+0000 7fcae666d640 1 Processor -- start
2024-09-19T06:10:21.498 INFO:teuthology.orchestra.run.smithi053.stdout:/usr/bin/ceph: stderr
2024-09-19T06:10:20.740+0000 7fcae666d640 1 -- start start
2024-09-19T06:10:21.498 INFO:teuthology.orchestra.run.smithi053.stdout:/usr/bin/ceph: stderr
2024-09-19T06:10:20.740+0000 7fcae666d640 1 --2- >> [v2:172.21.15.53:3300/0,v1:172.21.15.53:6789/0] conn(0x7fcae0107550 0x7fcae019aa60 unknown :-1 s=NONE pgs=0 cs=0 l=1 rev1=0 crypto rx=0 tx=0 comp rx=0 tx=0).connect
2024-09-19T06:10:21.498 INFO:teuthology.orchestra.run.smithi053.stdout:/usr/bin/ceph: stderr
2024-09-19T06:10:20.740+0000 7fcae666d640 1 -- --> [v2:172.21.15.53:3300/0,v1:172.21.15.53:6789/0] -- mon_getmap magic: 0 -- 0x7fcae010af00 con 0x7fcae0107550
2024-09-19T06:10:21.498 INFO:teuthology.orchestra.run.smithi053.stdout:/usr/bin/ceph: stderr
2024-09-19T06:10:20.740+0000 7fcadffff640 1 --2- >> [v2:172.21.15.53:3300/0,v1:172.21.15.53:6789/0] conn(0x7fcae0107550 0x7fcae019aa60 unknown :-1 s=BANNER_CONNECTING pgs=0 cs=0 l=1 rev1=0 crypto rx=0 tx=0 comp rx=0 tx=0)._handle_peer_banner_payload supported=3 required=0
2024-09-19T06:10:21.498 INFO:teuthology.orchestra.run.smithi053.stdout:/usr/bin/ceph: stderr
2024-09-19T06:10:20.740+0000 7fcadffff640 1 --2- >> [v2:172.21.15.53:3300/0,v1:172.21.15.53:6789/0] conn(0x7fcae0107550 0x7fcae019aa60 unknown :-1 s=HELLO_CONNECTING pgs=0 cs=0 l=1 rev1=1 crypto rx=0 tx=0 comp rx=0 tx=0).handle_hello peer v2:172.21.15.53:3300/0 says I am v2:172.21.15.53:47948/0 (socket says 172.21.15.53:47948)
2024-09-19T06:10:21.498 INFO:teuthology.orchestra.run.smithi053.stdout:/usr/bin/ceph: stderr
2024-09-19T06:10:20.740+0000 7fcadffff640 1 -- 172.21.15.53:0/3825621476 learned_addr learned my addr 172.21.15.53:0/3825621476 (peer_addr_for_me v2:172.21.15.53:0/0)
2024-09-19T06:10:21.498 INFO:teuthology.orchestra.run.smithi053.stdout:/usr/bin/ceph: stderr
2024-09-19T06:10:20.740+0000 7fcadffff640 1 -- 172.21.15.53:0/3825621476 --> [v2:172.21.15.53:3300/0,v1:172.21.15.53:6789/0] -- mon_subscribe({config=0+,monmap=0+}) -- 0x7fcae019afa0 con 0x7fcae0107550
2024-09-19T06:10:21.498 INFO:teuthology.orchestra.run.smithi053.stdout:/usr/bin/ceph: stderr
2024-09-19T06:10:20.741+0000 7fcadffff640 1 --2- 172.21.15.53:0/3825621476 >> [v2:172.21.15.53:3300/0,v1:172.21.15.53:6789/0] conn(0x7fcae0107550 0x7fcae019aa60 secure :-1 s=READY pgs=60 cs=0 l=1 rev1=1 crypto rx=0x7fcad0000c00 tx=0x7fcad0030fc0 comp rx=0 tx=0).ready entity=mon.0 client_cookie=0 server_cookie=0 in_seq=0 out_seq=0
2024-09-19T06:10:21.498 INFO:teuthology.orchestra.run.smithi053.stdout:/usr/bin/ceph: stderr
2024-09-19T06:10:20.741+0000 7fcadd7fa640 1 -- 172.21.15.53:0/3825621476 <== mon.0 v2:172.21.15.53:3300/0 1 ==== mon_map magic: 0 ==== 229+0+0 (secure 0 0 0) 0x7fcad0032a00 con 0x7fcae0107550
2024-09-19T06:10:21.499 INFO:teuthology.orchestra.run.smithi053.stdout:/usr/bin/ceph: stderr
2024-09-19T06:10:20.741+0000 7fcadd7fa640 1 -- 172.21.15.53:0/3825621476 <== mon.0 v2:172.21.15.53:3300/0 2 ==== config(26 keys) ==== 1102+0+0 (secure 0 0 0) 0x7fcad0032ba0 con 0x7fcae0107550
2024-09-19T06:10:21.499 INFO:teuthology.orchestra.run.smithi053.stdout:/usr/bin/ceph: stderr
2024-09-19T06:10:20.741+0000 7fcae666d640 1 -- 172.21.15.53:0/3825621476 --> [v2:172.21.15.53:3300/0,v1:172.21.15.53:6789/0] -- mon_subscribe({mgrmap=0+}) -- 0x7fcae019b230 con 0x7fcae0107550
2024-09-19T06:10:21.499 INFO:teuthology.orchestra.run.smithi053.stdout:/usr/bin/ceph: stderr
2024-09-19T06:10:20.741+0000 7fcadd7fa640 1 -- 172.21.15.53:0/3825621476 <== mon.0 v2:172.21.15.53:3300/0 3 ==== mon_map magic: 0 ==== 229+0+0 (secure 0 0 0) 0x7fcad003d5d0 con 0x7fcae0107550
2024-09-19T06:10:21.499 INFO:teuthology.orchestra.run.smithi053.stdout:/usr/bin/ceph: stderr
2024-09-19T06:10:20.741+0000 7fcae666d640 1 -- 172.21.15.53:0/3825621476 --> [v2:172.21.15.53:3300/0,v1:172.21.15.53:6789/0] -- mon_subscribe({osdmap=0}) -- 0x7fcae019df20 con 0x7fcae0107550
2024-09-19T06:10:21.499 INFO:teuthology.orchestra.run.smithi053.stdout:/usr/bin/ceph: stderr
2024-09-19T06:10:20.742+0000 7fcadd7fa640 1 -- 172.21.15.53:0/3825621476 <== mon.0 v2:172.21.15.53:3300/0 4 ==== mgrmap(e 8) ==== 46476+0+0 (secure 0 0 0) 0x7fcad003e430 con 0x7fcae0107550
2024-09-19T06:10:21.499 INFO:teuthology.orchestra.run.smithi053.stdout:/usr/bin/ceph: stderr
2024-09-19T06:10:20.742+0000 7fcae666d640 1 -- 172.21.15.53:0/3825621476 --> [v2:172.21.15.53:3300/0,v1:172.21.15.53:6789/0] -- mon_command({"prefix": "get_command_descriptions"} v 0) -- 0x7fcae01079b0 con 0x7fcae0107550
2024-09-19T06:10:21.499 INFO:teuthology.orchestra.run.smithi053.stdout:/usr/bin/ceph: stderr
2024-09-19T06:10:20.742+0000 7fcadd7fa640 1 --2- 172.21.15.53:0/3825621476 >> [v2:172.21.15.53:6800/681468213,v1:172.21.15.53:6801/681468213] conn(0x7fcac8039230 0x7fcac803b6f0 unknown :-1 s=NONE pgs=0 cs=0 l=1 rev1=0 crypto rx=0 tx=0 comp rx=0 tx=0).connect
2024-09-19T06:10:21.499 INFO:teuthology.orchestra.run.smithi053.stdout:/usr/bin/ceph: stderr
2024-09-19T06:10:20.742+0000 7fcadd7fa640 1 -- 172.21.15.53:0/3825621476 <== mon.0 v2:172.21.15.53:3300/0 5 ==== osd_map(2..2 src has 1..2) ==== 940+0+0 (secure 0 0 0) 0x7fcad006be00 con 0x7fcae0107550
2024-09-19T06:10:21.499 INFO:teuthology.orchestra.run.smithi053.stdout:/usr/bin/ceph: stderr
2024-09-19T06:10:20.742+0000 7fcadf7fe640 1 --2- 172.21.15.53:0/3825621476 >> [v2:172.21.15.53:6800/681468213,v1:172.21.15.53:6801/681468213] conn(0x7fcac8039230 0x7fcac803b6f0 unknown :-1 s=BANNER_CONNECTING pgs=0 cs=0 l=1 rev1=0 crypto rx=0 tx=0 comp rx=0 tx=0)._handle_peer_banner_payload supported=3 required=0
2024-09-19T06:10:21.499 INFO:teuthology.orchestra.run.smithi053.stdout:/usr/bin/ceph: stderr
2024-09-19T06:10:20.743+0000 7fcadf7fe640 1 --2- 172.21.15.53:0/3825621476 >> [v2:172.21.15.53:6800/681468213,v1:172.21.15.53:6801/681468213] conn(0x7fcac8039230 0x7fcac803b6f0 secure :-1 s=READY pgs=19 cs=0 l=1 rev1=1 crypto rx=0x7fcad40098c0 tx=0x7fcad4006db0 comp rx=0 tx=0).ready entity=mgr.14118 client_cookie=0 server_cookie=0 in_seq=0 out_seq=0
2024-09-19T06:10:21.499 INFO:teuthology.orchestra.run.smithi053.stdout:/usr/bin/ceph: stderr
2024-09-19T06:10:20.748+0000 7fcadd7fa640 1 -- 172.21.15.53:0/3825621476 <== mon.0 v2:172.21.15.53:3300/0 6 ==== mon_command_ack([{"prefix": "get_command_descriptions"}]=0 v0) ==== 72+0+188913 (secure 0 0 0) 0x7fcad003e720 con 0x7fcae0107550
2024-09-19T06:10:21.499 INFO:teuthology.orchestra.run.smithi053.stdout:/usr/bin/ceph: stderr
2024-09-19T06:10:20.936+0000 7fcae666d640 1 -- 172.21.15.53:0/3825621476 --> [v2:172.21.15.53:6800/681468213,v1:172.21.15.53:6801/681468213] -- mgr_command(tid 0: {"prefix": "orch apply", "service_type": "alertmanager", "target": ["mon-mgr", ""]}) -- 0x7fcae0102430 con 0x7fcac8039230
2024-09-19T06:10:21.499 INFO:teuthology.orchestra.run.smithi053.stdout:/usr/bin/ceph: stderr
2024-09-19T06:10:20.941+0000 7fcadd7fa640 1 -- 172.21.15.53:0/3825621476 <== mgr.14118 v2:172.21.15.53:6800/681468213 1 ==== mgr_command_reply(tid 0: 0 ) ==== 8+0+33 (secure 0 0 0) 0x7fcae0102430 con 0x7fcac8039230
2024-09-19T06:10:21.500 INFO:teuthology.orchestra.run.smithi053.stdout:/usr/bin/ceph: stderr
2024-09-19T06:10:20.943+0000 7fcae666d640 1 -- 172.21.15.53:0/3825621476 >> [v2:172.21.15.53:6800/681468213,v1:172.21.15.53:6801/681468213] conn(0x7fcac8039230 msgr2=0x7fcac803b6f0 secure :-1 s=STATE_CONNECTION_ESTABLISHED l=1).mark_down
2024-09-19T06:10:21.500 INFO:teuthology.orchestra.run.smithi053.stdout:/usr/bin/ceph: stderr
2024-09-19T06:10:20.943+0000 7fcae666d640 1 --2- 172.21.15.53:0/3825621476 >> [v2:172.21.15.53:6800/681468213,v1:172.21.15.53:6801/681468213] conn(0x7fcac8039230 0x7fcac803b6f0 secure :-1 s=READY pgs=19 cs=0 l=1 rev1=1 crypto rx=0x7fcad40098c0 tx=0x7fcad4006db0 comp rx=0 tx=0).stop
2024-09-19T06:10:21.500 INFO:teuthology.orchestra.run.smithi053.stdout:/usr/bin/ceph: stderr
2024-09-19T06:10:20.943+0000 7fcae666d640 1 -- 172.21.15.53:0/3825621476 >> [v2:172.21.15.53:3300/0,v1:172.21.15.53:6789/0] conn(0x7fcae0107550 msgr2=0x7fcae019aa60 secure :-1 s=STATE_CONNECTION_ESTABLISHED l=1).mark_down
2024-09-19T06:10:21.500 INFO:teuthology.orchestra.run.smithi053.stdout:/usr/bin/ceph: stderr
2024-09-19T06:10:20.943+0000 7fcae666d640 1 --2- 172.21.15.53:0/3825621476 >> [v2:172.21.15.53:3300/0,v1:172.21.15.53:6789/0] conn(0x7fcae0107550 0x7fcae019aa60 secure :-1 s=READY pgs=60 cs=0 l=1 rev1=1 crypto rx=0x7fcad0000c00 tx=0x7fcad0030fc0 comp rx=0 tx=0).stop
2024-09-19T06:10:21.500 INFO:teuthology.orchestra.run.smithi053.stdout:/usr/bin/ceph: stderr
2024-09-19T06:10:20.943+0000 7fcae666d640 1 -- 172.21.15.53:0/3825621476 shutdown_connections
2024-09-19T06:10:21.500 INFO:teuthology.orchestra.run.smithi053.stdout:/usr/bin/ceph: stderr
2024-09-19T06:10:20.943+0000 7fcae666d640 1 --2- 172.21.15.53:0/3825621476 >> [v2:172.21.15.53:6800/681468213,v1:172.21.15.53:6801/681468213] conn(0x7fcac8039230 0x7fcac803b6f0 unknown :-1 s=CLOSED pgs=19 cs=0 l=1 rev1=1 crypto rx=0 tx=0 comp rx=0 tx=0).stop
2024-09-19T06:10:21.500 INFO:teuthology.orchestra.run.smithi053.stdout:/usr/bin/ceph: stderr
2024-09-19T06:10:20.943+0000 7fcae666d640 1 --2- 172.21.15.53:0/3825621476 >> [v2:172.21.15.53:3300/0,v1:172.21.15.53:6789/0] conn(0x7fcae0107550 0x7fcae019aa60 unknown :-1 s=CLOSED pgs=60 cs=0 l=1 rev1=1 crypto rx=0 tx=0 comp rx=0 tx=0).stop
2024-09-19T06:10:21.500 INFO:teuthology.orchestra.run.smithi053.stdout:/usr/bin/ceph: stderr
2024-09-19T06:10:20.943+0000 7fcae666d640 1 -- 172.21.15.53:0/3825621476 >> 172.21.15.53:0/3825621476 conn(0x7fcae0101150 msgr2=0x7fcae0101d20 unknown :-1 s=STATE_NONE l=0).mark_down
2024-09-19T06:10:21.500 INFO:teuthology.orchestra.run.smithi053.stdout:/usr/bin/ceph: stderr
2024-09-19T06:10:20.943+0000 7fcae666d640 1 -- 172.21.15.53:0/3825621476 shutdown_connections
2024-09-19T06:10:21.500 INFO:teuthology.orchestra.run.smithi053.stdout:/usr/bin/ceph: stderr
2024-09-19T06:10:20.943+0000 7fcae666d640 1 -- 172.21.15.53:0/3825621476 wait complete.
2024-09-19T06:10:22.098 INFO:journalctl@ceph.mon.smithi053.smithi053.stdout:Sep 19 06:10:21 smithi053 ceph-mon[27968]: pgmap v4: 0 pgs: ; 0 B data, 0 B used, 0 B / 0 B avail
2024-09-19T06:10:22.098 INFO:journalctl@ceph.mon.smithi053.smithi053.stdout:Sep 19 06:10:21 smithi053 ceph-mon[27968]: from='client.14154 -' entity='client.admin' cmd=[{"prefix": "orch apply", "service_type": "alertmanager", "target": ["mon-mgr", ""]}]: dispatch
2024-09-19T06:10:22.099 INFO:journalctl@ceph.mon.smithi053.smithi053.stdout:Sep 19 06:10:21 smithi053 ceph-mon[27968]: Saving service alertmanager spec with placement count:1
2024-09-19T06:10:22.099 INFO:journalctl@ceph.mon.smithi053.smithi053.stdout:Sep 19 06:10:21 smithi053 ceph-mon[27968]: from='mgr.14118 172.21.15.53:0/2304583254' entity='mgr.smithi053.trakvg'
2024-09-19T06:10:22.719 INFO:teuthology.orchestra.run.smithi053.stdout:/usr/bin/ceph: stderr
2024-09-19T06:10:21.910+0000 7f295d5d4640 1 Processor -- start
2024-09-19T06:10:22.719 INFO:teuthology.orchestra.run.smithi053.stdout:/usr/bin/ceph: stderr
2024-09-19T06:10:21.910+0000 7f295d5d4640 1 -- start start
2024-09-19T06:10:22.719 INFO:teuthology.orchestra.run.smithi053.stdout:/usr/bin/ceph: stderr
2024-09-19T06:10:21.910+0000 7f295d5d4640 1 --2- >> [v2:172.21.15.53:3300/0,v1:172.21.15.53:6789/0] conn(0x7f2958105390 0x7f2958105790 unknown :-1 s=NONE pgs=0 cs=0 l=0 rev1=0 crypto rx=0 tx=0 comp rx=0 tx=0).connect
2024-09-19T06:10:22.719 INFO:teuthology.orchestra.run.smithi053.stdout:/usr/bin/ceph: stderr
2024-09-19T06:10:21.910+0000 7f295d5d4640 1 -- --> [v2:172.21.15.53:3300/0,v1:172.21.15.53:6789/0] -- mon_getmap magic: 0 -- 0x7f295807a6d0 con 0x7f2958105390
2024-09-19T06:10:22.719 INFO:teuthology.orchestra.run.smithi053.stdout:/usr/bin/ceph: stderr
2024-09-19T06:10:21.911+0000 7f2956ffd640 1 --2- >> [v2:172.21.15.53:3300/0,v1:172.21.15.53:6789/0] conn(0x7f2958105390 0x7f2958105790 unknown :-1 s=BANNER_CONNECTING pgs=0 cs=0 l=0 rev1=0 crypto rx=0 tx=0 comp rx=0 tx=0)._handle_peer_banner_payload supported=3 required=0
2024-09-19T06:10:22.719 INFO:teuthology.orchestra.run.smithi053.stdout:/usr/bin/ceph: stderr
2024-09-19T06:10:21.911+0000 7f2956ffd640 1 --2- >> [v2:172.21.15.53:3300/0,v1:172.21.15.53:6789/0] conn(0x7f2958105390 0x7f2958105790 unknown :-1 s=HELLO_CONNECTING pgs=0 cs=0 l=0 rev1=1 crypto rx=0 tx=0 comp rx=0 tx=0).handle_hello peer v2:172.21.15.53:3300/0 says I am v2:172.21.15.53:44444/0 (socket says 172.21.15.53:44444)
2024-09-19T06:10:22.719 INFO:teuthology.orchestra.run.smithi053.stdout:/usr/bin/ceph: stderr
2024-09-19T06:10:21.911+0000 7f2956ffd640 1 -- 172.21.15.53:0/722622566 learned_addr learned my addr 172.21.15.53:0/722622566 (peer_addr_for_me v2:172.21.15.53:0/0)
2024-09-19T06:10:22.719 INFO:teuthology.orchestra.run.smithi053.stdout:/usr/bin/ceph: stderr
2024-09-19T06:10:21.911+0000 7f2956ffd640 1 -- 172.21.15.53:0/722622566 --> [v2:172.21.15.53:3300/0,v1:172.21.15.53:6789/0] -- mon_subscribe({config=0+,monmap=0+}) -- 0x7f2958105cd0 con 0x7f2958105390
2024-09-19T06:10:22.720 INFO:teuthology.orchestra.run.smithi053.stdout:/usr/bin/ceph: stderr
2024-09-19T06:10:21.912+0000 7f2956ffd640 1 --2- 172.21.15.53:0/722622566 >> [v2:172.21.15.53:3300/0,v1:172.21.15.53:6789/0] conn(0x7f2958105390 0x7f2958105790 secure :-1 s=READY pgs=61 cs=0 l=1 rev1=1 crypto rx=0x7f2948009820 tx=0x7f294802a270 comp rx=0 tx=0).ready entity=mon.0 client_cookie=bc222bde5e5657fc server_cookie=0 in_seq=0 out_seq=0
2024-09-19T06:10:22.720 INFO:teuthology.orchestra.run.smithi053.stdout:/usr/bin/ceph: stderr
2024-09-19T06:10:21.912+0000 7f29567fc640 1 -- 172.21.15.53:0/722622566 <== mon.0 v2:172.21.15.53:3300/0 1 ==== mon_map magic: 0 ==== 229+0+0 (secure 0 0 0) 0x7f2948037070 con 0x7f2958105390
2024-09-19T06:10:22.720 INFO:teuthology.orchestra.run.smithi053.stdout:/usr/bin/ceph: stderr
2024-09-19T06:10:21.912+0000 7f29567fc640 1 -- 172.21.15.53:0/722622566 <== mon.0 v2:172.21.15.53:3300/0 2 ==== config(26 keys) ==== 1102+0+0 (secure 0 0 0) 0x7f294802ad40 con 0x7f2958105390
2024-09-19T06:10:22.720 INFO:teuthology.orchestra.run.smithi053.stdout:/usr/bin/ceph: stderr
2024-09-19T06:10:21.912+0000 7f29567fc640 1 -- 172.21.15.53:0/722622566 <== mon.0 v2:172.21.15.53:3300/0 3 ==== mon_map magic: 0 ==== 229+0+0 (secure 0 0 0) 0x7f2948030620 con 0x7f2958105390
2024-09-19T06:10:22.720 INFO:teuthology.orchestra.run.smithi053.stdout:/usr/bin/ceph: stderr
2024-09-19T06:10:21.913+0000 7f295d5d4640 1 -- 172.21.15.53:0/722622566 >> [v2:172.21.15.53:3300/0,v1:172.21.15.53:6789/0] conn(0x7f2958105390 msgr2=0x7f2958105790 secure :-1 s=STATE_CONNECTION_ESTABLISHED l=1).mark_down
2024-09-19T06:10:22.720 INFO:teuthology.orchestra.run.smithi053.stdout:/usr/bin/ceph: stderr
2024-09-19T06:10:21.913+0000 7f295d5d4640 1 --2- 172.21.15.53:0/722622566 >> [v2:172.21.15.53:3300/0,v1:172.21.15.53:6789/0] conn(0x7f2958105390 0x7f2958105790 secure :-1 s=READY pgs=61 cs=0 l=1 rev1=1 crypto rx=0x7f2948009820 tx=0x7f294802a270 comp rx=0 tx=0).stop
2024-09-19T06:10:22.720 INFO:teuthology.orchestra.run.smithi053.stdout:/usr/bin/ceph: stderr
2024-09-19T06:10:21.913+0000 7f295d5d4640 1 -- 172.21.15.53:0/722622566 shutdown_connections
2024-09-19T06:10:22.720 INFO:teuthology.orchestra.run.smithi053.stdout:/usr/bin/ceph: stderr
2024-09-19T06:10:21.913+0000 7f295d5d4640 1 --2- 172.21.15.53:0/722622566 >> [v2:172.21.15.53:3300/0,v1:172.21.15.53:6789/0] conn(0x7f2958105390 0x7f2958105790 unknown :-1 s=CLOSED pgs=61 cs=0 l=1 rev1=1 crypto rx=0 tx=0 comp rx=0 tx=0).stop
2024-09-19T06:10:22.720 INFO:teuthology.orchestra.run.smithi053.stdout:/usr/bin/ceph: stderr
2024-09-19T06:10:21.913+0000 7f295d5d4640 1 -- 172.21.15.53:0/722622566 >> 172.21.15.53:0/722622566 conn(0x7f29581011a0 msgr2=0x7f29581035c0 unknown :-1 s=STATE_NONE l=0).mark_down
2024-09-19T06:10:22.720 INFO:teuthology.orchestra.run.smithi053.stdout:/usr/bin/ceph: stderr
2024-09-19T06:10:21.913+0000 7f295d5d4640 1 -- 172.21.15.53:0/722622566 shutdown_connections
2024-09-19T06:10:22.720 INFO:teuthology.orchestra.run.smithi053.stdout:/usr/bin/ceph: stderr
2024-09-19T06:10:21.913+0000 7f295d5d4640 1 -- 172.21.15.53:0/722622566 wait complete.
2024-09-19T06:10:22.720 INFO:teuthology.orchestra.run.smithi053.stdout:/usr/bin/ceph: stderr
2024-09-19T06:10:21.913+0000 7f295d5d4640 1 Processor -- start
2024-09-19T06:10:22.721 INFO:teuthology.orchestra.run.smithi053.stdout:/usr/bin/ceph: stderr
2024-09-19T06:10:21.913+0000 7f295d5d4640 1 -- start start
2024-09-19T06:10:22.721 INFO:teuthology.orchestra.run.smithi053.stdout:/usr/bin/ceph: stderr
2024-09-19T06:10:21.914+0000 7f295d5d4640 1 --2- >> [v2:172.21.15.53:3300/0,v1:172.21.15.53:6789/0] conn(0x7f2958105390 0x7f295819cc60 unknown :-1 s=NONE pgs=0 cs=0 l=1 rev1=0 crypto rx=0 tx=0 comp rx=0 tx=0).connect
2024-09-19T06:10:22.721 INFO:teuthology.orchestra.run.smithi053.stdout:/usr/bin/ceph: stderr
2024-09-19T06:10:21.914+0000 7f295d5d4640 1 -- --> [v2:172.21.15.53:3300/0,v1:172.21.15.53:6789/0] -- mon_getmap magic: 0 -- 0x7f2958106db0 con 0x7f2958105390
2024-09-19T06:10:22.721 INFO:teuthology.orchestra.run.smithi053.stdout:/usr/bin/ceph: stderr
2024-09-19T06:10:21.914+0000 7f2956ffd640 1 --2- >> [v2:172.21.15.53:3300/0,v1:172.21.15.53:6789/0] conn(0x7f2958105390 0x7f295819cc60 unknown :-1 s=BANNER_CONNECTING pgs=0 cs=0 l=1 rev1=0 crypto rx=0 tx=0 comp rx=0 tx=0)._handle_peer_banner_payload supported=3 required=0
2024-09-19T06:10:22.721 INFO:teuthology.orchestra.run.smithi053.stdout:/usr/bin/ceph: stderr
2024-09-19T06:10:21.914+0000 7f2956ffd640 1 --2- >> [v2:172.21.15.53:3300/0,v1:172.21.15.53:6789/0] conn(0x7f2958105390 0x7f295819cc60 unknown :-1 s=HELLO_CONNECTING pgs=0 cs=0 l=1 rev1=1 crypto rx=0 tx=0 comp rx=0 tx=0).handle_hello peer v2:172.21.15.53:3300/0 says I am v2:172.21.15.53:44458/0 (socket says 172.21.15.53:44458)
2024-09-19T06:10:22.721 INFO:teuthology.orchestra.run.smithi053.stdout:/usr/bin/ceph: stderr
2024-09-19T06:10:21.914+0000 7f2956ffd640 1 -- 172.21.15.53:0/3164857965 learned_addr learned my addr 172.21.15.53:0/3164857965 (peer_addr_for_me v2:172.21.15.53:0/0)
2024-09-19T06:10:22.721 INFO:teuthology.orchestra.run.smithi053.stdout:/usr/bin/ceph: stderr
2024-09-19T06:10:21.914+0000 7f2956ffd640 1 -- 172.21.15.53:0/3164857965 --> [v2:172.21.15.53:3300/0,v1:172.21.15.53:6789/0] -- mon_subscribe({config=0+,monmap=0+}) -- 0x7f295819d1a0 con 0x7f2958105390
2024-09-19T06:10:22.721 INFO:teuthology.orchestra.run.smithi053.stdout:/usr/bin/ceph: stderr
2024-09-19T06:10:21.914+0000 7f2956ffd640 1 --2- 172.21.15.53:0/3164857965 >> [v2:172.21.15.53:3300/0,v1:172.21.15.53:6789/0] conn(0x7f2958105390 0x7f295819cc60 secure :-1 s=READY pgs=62 cs=0 l=1 rev1=1 crypto rx=0x7f2948000c00 tx=0x7f2948030fc0 comp rx=0 tx=0).ready entity=mon.0 client_cookie=0 server_cookie=0 in_seq=0 out_seq=0
2024-09-19T06:10:22.722 INFO:teuthology.orchestra.run.smithi053.stdout:/usr/bin/ceph: stderr
2024-09-19T06:10:21.914+0000 7f2954ff9640 1 -- 172.21.15.53:0/3164857965 <== mon.0 v2:172.21.15.53:3300/0 1 ==== mon_map magic: 0 ==== 229+0+0 (secure 0 0 0) 0x7f2948032a00 con 0x7f2958105390
2024-09-19T06:10:22.722 INFO:teuthology.orchestra.run.smithi053.stdout:/usr/bin/ceph: stderr
2024-09-19T06:10:21.914+0000 7f2954ff9640 1 -- 172.21.15.53:0/3164857965 <== mon.0 v2:172.21.15.53:3300/0 2 ==== config(26 keys) ==== 1102+0+0 (secure 0 0 0) 0x7f2948032ba0 con 0x7f2958105390
2024-09-19T06:10:22.722 INFO:teuthology.orchestra.run.smithi053.stdout:/usr/bin/ceph: stderr
2024-09-19T06:10:21.914+0000 7f295d5d4640 1 -- 172.21.15.53:0/3164857965 --> [v2:172.21.15.53:3300/0,v1:172.21.15.53:6789/0] -- mon_subscribe({mgrmap=0+}) -- 0x7f295819d430 con 0x7f2958105390
2024-09-19T06:10:22.722 INFO:teuthology.orchestra.run.smithi053.stdout:/usr/bin/ceph: stderr
2024-09-19T06:10:21.914+0000 7f2954ff9640 1 -- 172.21.15.53:0/3164857965 <== mon.0 v2:172.21.15.53:3300/0 3 ==== mon_map magic: 0 ==== 229+0+0 (secure 0 0 0) 0x7f294803d5d0 con 0x7f2958105390
2024-09-19T06:10:22.722 INFO:teuthology.orchestra.run.smithi053.stdout:/usr/bin/ceph: stderr
2024-09-19T06:10:21.914+0000 7f295d5d4640 1 -- 172.21.15.53:0/3164857965 --> [v2:172.21.15.53:3300/0,v1:172.21.15.53:6789/0] -- mon_subscribe({osdmap=0}) -- 0x7f29581a0120 con 0x7f2958105390
2024-09-19T06:10:22.722 INFO:teuthology.orchestra.run.smithi053.stdout:/usr/bin/ceph: stderr
2024-09-19T06:10:21.915+0000 7f2954ff9640 1 -- 172.21.15.53:0/3164857965 <== mon.0 v2:172.21.15.53:3300/0 4 ==== mgrmap(e 8) ==== 46476+0+0 (secure 0 0 0) 0x7f294803e430 con 0x7f2958105390
2024-09-19T06:10:22.722 INFO:teuthology.orchestra.run.smithi053.stdout:/usr/bin/ceph: stderr
2024-09-19T06:10:21.915+0000 7f295d5d4640 1 -- 172.21.15.53:0/3164857965 --> [v2:172.21.15.53:3300/0,v1:172.21.15.53:6789/0] -- mon_command({"prefix": "get_command_descriptions"} v 0) -- 0x7f2958105790 con 0x7f2958105390
2024-09-19T06:10:22.722 INFO:teuthology.orchestra.run.smithi053.stdout:/usr/bin/ceph: stderr
2024-09-19T06:10:21.916+0000 7f2954ff9640 1 --2- 172.21.15.53:0/3164857965 >> [v2:172.21.15.53:6800/681468213,v1:172.21.15.53:6801/681468213] conn(0x7f2944039230 0x7f294403b6f0 unknown :-1 s=NONE pgs=0 cs=0 l=1 rev1=0 crypto rx=0 tx=0 comp rx=0 tx=0).connect
2024-09-19T06:10:22.722 INFO:teuthology.orchestra.run.smithi053.stdout:/usr/bin/ceph: stderr
2024-09-19T06:10:21.916+0000 7f2954ff9640 1 -- 172.21.15.53:0/3164857965 <== mon.0 v2:172.21.15.53:3300/0 5 ==== osd_map(2..2 src has 1..2) ==== 940+0+0 (secure 0 0 0) 0x7f294806be00 con 0x7f2958105390
2024-09-19T06:10:22.722 INFO:teuthology.orchestra.run.smithi053.stdout:/usr/bin/ceph: stderr
2024-09-19T06:10:21.916+0000 7f294ffff640 1 --2- 172.21.15.53:0/3164857965 >> [v2:172.21.15.53:6800/681468213,v1:172.21.15.53:6801/681468213] conn(0x7f2944039230 0x7f294403b6f0 unknown :-1 s=BANNER_CONNECTING pgs=0 cs=0 l=1 rev1=0 crypto rx=0 tx=0 comp rx=0 tx=0)._handle_peer_banner_payload supported=3 required=0
2024-09-19T06:10:22.722 INFO:teuthology.orchestra.run.smithi053.stdout:/usr/bin/ceph: stderr
2024-09-19T06:10:21.916+0000 7f294ffff640 1 --2- 172.21.15.53:0/3164857965 >> [v2:172.21.15.53:6800/681468213,v1:172.21.15.53:6801/681468213] conn(0x7f2944039230 0x7f294403b6f0 secure :-1 s=READY pgs=20 cs=0 l=1 rev1=1 crypto rx=0x7f29400098c0 tx=0x7f2940006db0 comp rx=0 tx=0).ready entity=mgr.14118 client_cookie=0 server_cookie=0 in_seq=0 out_seq=0
2024-09-19T06:10:22.722 INFO:teuthology.orchestra.run.smithi053.stdout:/usr/bin/ceph: stderr
2024-09-19T06:10:21.921+0000 7f2954ff9640 1 -- 172.21.15.53:0/3164857965 <== mon.0 v2:172.21.15.53:3300/0 6 ==== mon_command_ack([{"prefix": "get_command_descriptions"}]=0 v0) ==== 72+0+188913 (secure 0 0 0) 0x7f294803e720 con 0x7f2958105390
2024-09-19T06:10:22.722 INFO:teuthology.orchestra.run.smithi053.stdout:/usr/bin/ceph: stderr
2024-09-19T06:10:22.096+0000 7f295d5d4640 1 -- 172.21.15.53:0/3164857965 --> [v2:172.21.15.53:3300/0,v1:172.21.15.53:6789/0] -- mon_command([{prefix=config set, name=mgr/cephadm/container_init}] v 0) -- 0x7f29581960d0 con 0x7f2958105390
2024-09-19T06:10:22.723 INFO:teuthology.orchestra.run.smithi053.stdout:/usr/bin/ceph: stderr
2024-09-19T06:10:22.099+0000 7f2954ff9640 1 -- 172.21.15.53:0/3164857965 <== mon.0 v2:172.21.15.53:3300/0 7 ==== mon_command_ack([{prefix=config set, name=mgr/cephadm/container_init}]=0 v7)=0 v7) ==== 142+0+0 (secure 0 0 0) 0x7f2948031e80 con 0x7f2958105390
2024-09-19T06:10:22.723 INFO:teuthology.orchestra.run.smithi053.stdout:/usr/bin/ceph: stderr
2024-09-19T06:10:22.101+0000 7f295d5d4640 1 -- 172.21.15.53:0/3164857965 >> [v2:172.21.15.53:6800/681468213,v1:172.21.15.53:6801/681468213] conn(0x7f2944039230 msgr2=0x7f294403b6f0 secure :-1 s=STATE_CONNECTION_ESTABLISHED l=1).mark_down
2024-09-19T06:10:22.723 INFO:teuthology.orchestra.run.smithi053.stdout:/usr/bin/ceph: stderr
2024-09-19T06:10:22.101+0000 7f295d5d4640 1 --2- 172.21.15.53:0/3164857965 >> [v2:172.21.15.53:6800/681468213,v1:172.21.15.53:6801/681468213] conn(0x7f2944039230 0x7f294403b6f0 secure :-1 s=READY pgs=20 cs=0 l=1 rev1=1 crypto rx=0x7f29400098c0 tx=0x7f2940006db0 comp rx=0 tx=0).stop
2024-09-19T06:10:22.723 INFO:teuthology.orchestra.run.smithi053.stdout:/usr/bin/ceph: stderr
2024-09-19T06:10:22.101+0000 7f295d5d4640 1 -- 172.21.15.53:0/3164857965 >> [v2:172.21.15.53:3300/0,v1:172.21.15.53:6789/0] conn(0x7f2958105390 msgr2=0x7f295819cc60 secure :-1 s=STATE_CONNECTION_ESTABLISHED l=1).mark_down
2024-09-19T06:10:22.723 INFO:teuthology.orchestra.run.smithi053.stdout:/usr/bin/ceph: stderr
2024-09-19T06:10:22.101+0000 7f295d5d4640 1 --2- 172.21.15.53:0/3164857965 >> [v2:172.21.15.53:3300/0,v1:172.21.15.53:6789/0] conn(0x7f2958105390 0x7f295819cc60 secure :-1 s=READY pgs=62 cs=0 l=1 rev1=1 crypto rx=0x7f2948000c00 tx=0x7f2948030fc0 comp rx=0 tx=0).stop
2024-09-19T06:10:22.723 INFO:teuthology.orchestra.run.smithi053.stdout:/usr/bin/ceph: stderr
2024-09-19T06:10:22.101+0000 7f295d5d4640 1 -- 172.21.15.53:0/3164857965 shutdown_connections
2024-09-19T06:10:22.723 INFO:teuthology.orchestra.run.smithi053.stdout:/usr/bin/ceph: stderr
2024-09-19T06:10:22.101+0000 7f295d5d4640 1 --2- 172.21.15.53:0/3164857965 >> [v2:172.21.15.53:6800/681468213,v1:172.21.15.53:6801/681468213] conn(0x7f2944039230 0x7f294403b6f0 unknown :-1 s=CLOSED pgs=20 cs=0 l=1 rev1=1 crypto rx=0 tx=0 comp rx=0 tx=0).stop
2024-09-19T06:10:22.723 INFO:teuthology.orchestra.run.smithi053.stdout:/usr/bin/ceph: stderr
2024-09-19T06:10:22.101+0000 7f295d5d4640 1 --2- 172.21.15.53:0/3164857965 >> [v2:172.21.15.53:3300/0,v1:172.21.15.53:6789/0] conn(0x7f2958105390 0x7f295819cc60 unknown :-1 s=CLOSED pgs=62 cs=0 l=1 rev1=1 crypto rx=0 tx=0 comp rx=0 tx=0).stop
2024-09-19T06:10:22.724 INFO:teuthology.orchestra.run.smithi053.stdout:/usr/bin/ceph: stderr
2024-09-19T06:10:22.101+0000 7f295d5d4640 1 -- 172.21.15.53:0/3164857965 >> 172.21.15.53:0/3164857965 conn(0x7f29581011a0 msgr2=0x7f2958190f80 unknown :-1 s=STATE_NONE l=0).mark_down
2024-09-19T06:10:22.724 INFO:teuthology.orchestra.run.smithi053.stdout:/usr/bin/ceph: stderr
2024-09-19T06:10:22.101+0000 7f295d5d4640 1 -- 172.21.15.53:0/3164857965 shutdown_connections
2024-09-19T06:10:22.724 INFO:teuthology.orchestra.run.smithi053.stdout:/usr/bin/ceph: stderr
2024-09-19T06:10:22.101+0000 7f295d5d4640 1 -- 172.21.15.53:0/3164857965 wait complete.
2024-09-19T06:10:23.250 INFO:journalctl@ceph.mon.smithi053.smithi053.stdout:Sep 19 06:10:23 smithi053 ceph-mon[27968]: from='client.? 172.21.15.53:0/3164857965' entity='client.admin'
2024-09-19T06:10:23.808 INFO:teuthology.orchestra.run.smithi053.stdout:/usr/bin/ceph: stderr
2024-09-19T06:10:23.062+0000 7fed0c83f640 1 Processor -- start
2024-09-19T06:10:23.808 INFO:teuthology.orchestra.run.smithi053.stdout:/usr/bin/ceph: stderr
2024-09-19T06:10:23.062+0000 7fed0c83f640 1 -- start start
2024-09-19T06:10:23.809 INFO:teuthology.orchestra.run.smithi053.stdout:/usr/bin/ceph: stderr
2024-09-19T06:10:23.063+0000 7fed0c83f640 1 --2- >> [v2:172.21.15.53:3300/0,v1:172.21.15.53:6789/0] conn(0x7fed08106ac0 0x7fed08106ec0 unknown :-1 s=NONE pgs=0 cs=0 l=0 rev1=0 crypto rx=0 tx=0 comp rx=0 tx=0).connect
2024-09-19T06:10:23.809 INFO:teuthology.orchestra.run.smithi053.stdout:/usr/bin/ceph: stderr
2024-09-19T06:10:23.063+0000 7fed0c83f640 1 -- --> [v2:172.21.15.53:3300/0,v1:172.21.15.53:6789/0] -- mon_getmap magic: 0 -- 0x7fed08107400 con 0x7fed08106ac0
2024-09-19T06:10:23.809 INFO:teuthology.orchestra.run.smithi053.stdout:/usr/bin/ceph: stderr
2024-09-19T06:10:23.063+0000 7fed0659c640 1 --2- >> [v2:172.21.15.53:3300/0,v1:172.21.15.53:6789/0] conn(0x7fed08106ac0 0x7fed08106ec0 unknown :-1 s=BANNER_CONNECTING pgs=0 cs=0 l=0 rev1=0 crypto rx=0 tx=0 comp rx=0 tx=0)._handle_peer_banner_payload supported=3 required=0
2024-09-19T06:10:23.809 INFO:teuthology.orchestra.run.smithi053.stdout:/usr/bin/ceph: stderr
2024-09-19T06:10:23.063+0000 7fed0659c640 1 --2- >> [v2:172.21.15.53:3300/0,v1:172.21.15.53:6789/0] conn(0x7fed08106ac0 0x7fed08106ec0 unknown :-1 s=HELLO_CONNECTING pgs=0 cs=0 l=0 rev1=1 crypto rx=0 tx=0 comp rx=0 tx=0).handle_hello peer v2:172.21.15.53:3300/0 says I am v2:172.21.15.53:44468/0 (socket says 172.21.15.53:44468)
2024-09-19T06:10:23.809 INFO:teuthology.orchestra.run.smithi053.stdout:/usr/bin/ceph: stderr
2024-09-19T06:10:23.063+0000 7fed0659c640 1 -- 172.21.15.53:0/1490408906 learned_addr learned my addr 172.21.15.53:0/1490408906 (peer_addr_for_me v2:172.21.15.53:0/0)
2024-09-19T06:10:23.809 INFO:teuthology.orchestra.run.smithi053.stdout:/usr/bin/ceph: stderr
2024-09-19T06:10:23.063+0000 7fed0659c640 1 -- 172.21.15.53:0/1490408906 --> [v2:172.21.15.53:3300/0,v1:172.21.15.53:6789/0] -- mon_subscribe({config=0+,monmap=0+}) -- 0x7fed08107580 con 0x7fed08106ac0
2024-09-19T06:10:23.809 INFO:teuthology.orchestra.run.smithi053.stdout:/usr/bin/ceph: stderr
2024-09-19T06:10:23.064+0000 7fed0659c640 1 --2- 172.21.15.53:0/1490408906 >> [v2:172.21.15.53:3300/0,v1:172.21.15.53:6789/0] conn(0x7fed08106ac0 0x7fed08106ec0 secure :-1 s=READY pgs=63 cs=0 l=1 rev1=1 crypto rx=0x7fecf8009820 tx=0x7fecf802a270 comp rx=0 tx=0).ready entity=mon.0 client_cookie=f84f05d9b6da0fdb server_cookie=0 in_seq=0 out_seq=0
2024-09-19T06:10:23.809 INFO:teuthology.orchestra.run.smithi053.stdout:/usr/bin/ceph: stderr
2024-09-19T06:10:23.064+0000 7fed0559a640 1 -- 172.21.15.53:0/1490408906 <== mon.0 v2:172.21.15.53:3300/0 1 ==== mon_map magic: 0 ==== 229+0+0 (secure 0 0 0) 0x7fecf8037070 con 0x7fed08106ac0
2024-09-19T06:10:23.809 INFO:teuthology.orchestra.run.smithi053.stdout:/usr/bin/ceph: stderr
2024-09-19T06:10:23.064+0000 7fed0559a640 1 -- 172.21.15.53:0/1490408906 <== mon.0 v2:172.21.15.53:3300/0 2 ==== config(26 keys) ==== 1102+0+0 (secure 0 0 0) 0x7fecf802ad40 con 0x7fed08106ac0
2024-09-19T06:10:23.809 INFO:teuthology.orchestra.run.smithi053.stdout:/usr/bin/ceph: stderr
2024-09-19T06:10:23.064+0000 7fed0559a640 1 -- 172.21.15.53:0/1490408906 <== mon.0 v2:172.21.15.53:3300/0 3 ==== mon_map magic: 0 ==== 229+0+0 (secure 0 0 0) 0x7fecf8030620 con 0x7fed08106ac0
2024-09-19T06:10:23.809 INFO:teuthology.orchestra.run.smithi053.stdout:/usr/bin/ceph: stderr
2024-09-19T06:10:23.065+0000 7fed0c83f640 1 -- 172.21.15.53:0/1490408906 >> [v2:172.21.15.53:3300/0,v1:172.21.15.53:6789/0] conn(0x7fed08106ac0 msgr2=0x7fed08106ec0 secure :-1 s=STATE_CONNECTION_ESTABLISHED l=1).mark_down
2024-09-19T06:10:23.809 INFO:teuthology.orchestra.run.smithi053.stdout:/usr/bin/ceph: stderr
2024-09-19T06:10:23.065+0000 7fed0c83f640 1 --2- 172.21.15.53:0/1490408906 >> [v2:172.21.15.53:3300/0,v1:172.21.15.53:6789/0] conn(0x7fed08106ac0 0x7fed08106ec0 secure :-1 s=READY pgs=63 cs=0 l=1 rev1=1 crypto rx=0x7fecf8009820 tx=0x7fecf802a270 comp rx=0 tx=0).stop
2024-09-19T06:10:23.809 INFO:teuthology.orchestra.run.smithi053.stdout:/usr/bin/ceph: stderr
2024-09-19T06:10:23.065+0000 7fed0c83f640 1 -- 172.21.15.53:0/1490408906 shutdown_connections
2024-09-19T06:10:23.810 INFO:teuthology.orchestra.run.smithi053.stdout:/usr/bin/ceph: stderr
2024-09-19T06:10:23.065+0000 7fed0c83f640 1 --2- 172.21.15.53:0/1490408906 >> [v2:172.21.15.53:3300/0,v1:172.21.15.53:6789/0] conn(0x7fed08106ac0 0x7fed08106ec0 unknown :-1 s=CLOSED pgs=63 cs=0 l=1 rev1=1 crypto rx=0 tx=0 comp rx=0 tx=0).stop
2024-09-19T06:10:23.810 INFO:teuthology.orchestra.run.smithi053.stdout:/usr/bin/ceph: stderr
2024-09-19T06:10:23.065+0000 7fed0c83f640 1 -- 172.21.15.53:0/1490408906 >> 172.21.15.53:0/1490408906 conn(0x7fed08102330 msgr2=0x7fed08104750 unknown :-1 s=STATE_NONE l=0).mark_down
2024-09-19T06:10:23.810 INFO:teuthology.orchestra.run.smithi053.stdout:/usr/bin/ceph: stderr
2024-09-19T06:10:23.065+0000 7fed0c83f640 1 -- 172.21.15.53:0/1490408906 shutdown_connections
2024-09-19T06:10:23.810 INFO:teuthology.orchestra.run.smithi053.stdout:/usr/bin/ceph: stderr
2024-09-19T06:10:23.065+0000 7fed0c83f640 1 -- 172.21.15.53:0/1490408906 wait complete.
2024-09-19T06:10:23.810 INFO:teuthology.orchestra.run.smithi053.stdout:/usr/bin/ceph: stderr
2024-09-19T06:10:23.066+0000 7fed0c83f640 1 Processor -- start
2024-09-19T06:10:23.810 INFO:teuthology.orchestra.run.smithi053.stdout:/usr/bin/ceph: stderr
2024-09-19T06:10:23.066+0000 7fed0c83f640 1 -- start start
2024-09-19T06:10:23.810 INFO:teuthology.orchestra.run.smithi053.stdout:/usr/bin/ceph: stderr
2024-09-19T06:10:23.066+0000 7fed0c83f640 1 --2- >> [v2:172.21.15.53:3300/0,v1:172.21.15.53:6789/0] conn(0x7fed08106ac0 0x7fed0819aa00 unknown :-1 s=NONE pgs=0 cs=0 l=1 rev1=0 crypto rx=0 tx=0 comp rx=0 tx=0).connect
2024-09-19T06:10:23.810 INFO:teuthology.orchestra.run.smithi053.stdout:/usr/bin/ceph: stderr
2024-09-19T06:10:23.066+0000 7fed0c83f640 1 -- --> [v2:172.21.15.53:3300/0,v1:172.21.15.53:6789/0] -- mon_getmap magic: 0 -- 0x7fed0810af30 con 0x7fed08106ac0
2024-09-19T06:10:23.810 INFO:teuthology.orchestra.run.smithi053.stdout:/usr/bin/ceph: stderr
2024-09-19T06:10:23.066+0000 7fed0659c640 1 --2- >> [v2:172.21.15.53:3300/0,v1:172.21.15.53:6789/0] conn(0x7fed08106ac0 0x7fed0819aa00 unknown :-1 s=BANNER_CONNECTING pgs=0 cs=0 l=1 rev1=0 crypto rx=0 tx=0 comp rx=0 tx=0)._handle_peer_banner_payload supported=3 required=0
2024-09-19T06:10:23.810 INFO:teuthology.orchestra.run.smithi053.stdout:/usr/bin/ceph: stderr
2024-09-19T06:10:23.066+0000 7fed0659c640 1 --2- >> [v2:172.21.15.53:3300/0,v1:172.21.15.53:6789/0] conn(0x7fed08106ac0 0x7fed0819aa00 unknown :-1 s=HELLO_CONNECTING pgs=0 cs=0 l=1 rev1=1 crypto rx=0 tx=0 comp rx=0 tx=0).handle_hello peer v2:172.21.15.53:3300/0 says I am v2:172.21.15.53:44484/0 (socket says 172.21.15.53:44484)
2024-09-19T06:10:23.811 INFO:teuthology.orchestra.run.smithi053.stdout:/usr/bin/ceph: stderr
2024-09-19T06:10:23.066+0000 7fed0659c640 1 -- 172.21.15.53:0/2858815569 learned_addr learned my addr 172.21.15.53:0/2858815569 (peer_addr_for_me v2:172.21.15.53:0/0)
2024-09-19T06:10:23.811 INFO:teuthology.orchestra.run.smithi053.stdout:/usr/bin/ceph: stderr
2024-09-19T06:10:23.066+0000 7fed0659c640 1 -- 172.21.15.53:0/2858815569 --> [v2:172.21.15.53:3300/0,v1:172.21.15.53:6789/0] -- mon_subscribe({config=0+,monmap=0+}) -- 0x7fed0819af40 con 0x7fed08106ac0
2024-09-19T06:10:23.811 INFO:teuthology.orchestra.run.smithi053.stdout:/usr/bin/ceph: stderr
2024-09-19T06:10:23.067+0000 7fed0659c640 1 --2- 172.21.15.53:0/2858815569 >> [v2:172.21.15.53:3300/0,v1:172.21.15.53:6789/0] conn(0x7fed08106ac0 0x7fed0819aa00 secure :-1 s=READY pgs=64 cs=0 l=1 rev1=1 crypto rx=0x7fecf8006f10 tx=0x7fecf8032670 comp rx=0 tx=0).ready entity=mon.0 client_cookie=0 server_cookie=0 in_seq=0 out_seq=0
2024-09-19T06:10:23.811 INFO:teuthology.orchestra.run.smithi053.stdout:/usr/bin/ceph: stderr
2024-09-19T06:10:23.067+0000 7fecf77fe640 1 -- 172.21.15.53:0/2858815569 <== mon.0 v2:172.21.15.53:3300/0 1 ==== mon_map magic: 0 ==== 229+0+0 (secure 0 0 0) 0x7fecf8032a70 con 0x7fed08106ac0
2024-09-19T06:10:23.811 INFO:teuthology.orchestra.run.smithi053.stdout:/usr/bin/ceph: stderr
2024-09-19T06:10:23.067+0000 7fed0c83f640 1 -- 172.21.15.53:0/2858815569 --> [v2:172.21.15.53:3300/0,v1:172.21.15.53:6789/0] -- mon_subscribe({mgrmap=0+}) -- 0x7fed0819b1d0 con 0x7fed08106ac0
2024-09-19T06:10:23.811 INFO:teuthology.orchestra.run.smithi053.stdout:/usr/bin/ceph: stderr
2024-09-19T06:10:23.067+0000 7fecf77fe640 1 -- 172.21.15.53:0/2858815569 <== mon.0 v2:172.21.15.53:3300/0 2 ==== config(26 keys) ==== 1102+0+0 (secure 0 0 0) 0x7fecf8032c10 con 0x7fed08106ac0
2024-09-19T06:10:23.811 INFO:teuthology.orchestra.run.smithi053.stdout:/usr/bin/ceph: stderr
2024-09-19T06:10:23.067+0000 7fecf77fe640 1 -- 172.21.15.53:0/2858815569 <== mon.0 v2:172.21.15.53:3300/0 3 ==== mon_map magic: 0 ==== 229+0+0 (secure 0 0 0) 0x7fecf803d620 con 0x7fed08106ac0
2024-09-19T06:10:23.811 INFO:teuthology.orchestra.run.smithi053.stdout:/usr/bin/ceph: stderr
2024-09-19T06:10:23.067+0000 7fed0c83f640 1 -- 172.21.15.53:0/2858815569 --> [v2:172.21.15.53:3300/0,v1:172.21.15.53:6789/0] -- mon_subscribe({osdmap=0}) -- 0x7fed0819dec0 con 0x7fed08106ac0
2024-09-19T06:10:23.811 INFO:teuthology.orchestra.run.smithi053.stdout:/usr/bin/ceph: stderr
2024-09-19T06:10:23.068+0000 7fecf77fe640 1 -- 172.21.15.53:0/2858815569 <== mon.0 v2:172.21.15.53:3300/0 4 ==== mgrmap(e 8) ==== 46476+0+0 (secure 0 0 0) 0x7fecf803d920 con 0x7fed08106ac0
2024-09-19T06:10:23.812 INFO:teuthology.orchestra.run.smithi053.stdout:/usr/bin/ceph: stderr
2024-09-19T06:10:23.068+0000 7fecf77fe640 1 --2- 172.21.15.53:0/2858815569 >> [v2:172.21.15.53:6800/681468213,v1:172.21.15.53:6801/681468213] conn(0x7fecf00391e0 0x7fecf003b6a0 unknown :-1 s=NONE pgs=0 cs=0 l=1 rev1=0 crypto rx=0 tx=0 comp rx=0 tx=0).connect
2024-09-19T06:10:23.812 INFO:teuthology.orchestra.run.smithi053.stdout:/usr/bin/ceph: stderr
2024-09-19T06:10:23.068+0000 7fecf77fe640 1 -- 172.21.15.53:0/2858815569 <== mon.0 v2:172.21.15.53:3300/0 5 ==== osd_map(2..2 src has 1..2) ==== 940+0+0 (secure 0 0 0) 0x7fecf806bdd0 con 0x7fed08106ac0
2024-09-19T06:10:23.812 INFO:teuthology.orchestra.run.smithi053.stdout:/usr/bin/ceph: stderr
2024-09-19T06:10:23.068+0000 7fed05d9b640 1 --2- 172.21.15.53:0/2858815569 >> [v2:172.21.15.53:6800/681468213,v1:172.21.15.53:6801/681468213] conn(0x7fecf00391e0 0x7fecf003b6a0 unknown :-1 s=BANNER_CONNECTING pgs=0 cs=0 l=1 rev1=0 crypto rx=0 tx=0 comp rx=0 tx=0)._handle_peer_banner_payload supported=3 required=0
2024-09-19T06:10:23.812 INFO:teuthology.orchestra.run.smithi053.stdout:/usr/bin/ceph: stderr
2024-09-19T06:10:23.068+0000 7fed0c83f640 1 -- 172.21.15.53:0/2858815569 --> [v2:172.21.15.53:3300/0,v1:172.21.15.53:6789/0] -- mon_command({"prefix": "get_command_descriptions"} v 0) -- 0x7fed08106ec0 con 0x7fed08106ac0
2024-09-19T06:10:23.812 INFO:teuthology.orchestra.run.smithi053.stdout:/usr/bin/ceph: stderr
2024-09-19T06:10:23.068+0000 7fed05d9b640 1 --2- 172.21.15.53:0/2858815569 >> [v2:172.21.15.53:6800/681468213,v1:172.21.15.53:6801/681468213] conn(0x7fecf00391e0 0x7fecf003b6a0 secure :-1 s=READY pgs=21 cs=0 l=1 rev1=1 crypto rx=0x7fecfc0098c0 tx=0x7fecfc006db0 comp rx=0 tx=0).ready entity=mgr.14118 client_cookie=0 server_cookie=0 in_seq=0 out_seq=0
2024-09-19T06:10:23.812 INFO:teuthology.orchestra.run.smithi053.stdout:/usr/bin/ceph: stderr
