2024-09-19T06:09:37.954 INFO:teuthology.orchestra.run.smithi053.stdout:/usr/bin/ceph: stderr
2024-09-19T06:09:37.297+0000 7f52be2e9640 1 -- 172.21.15.53:0/3299558862 --> [v2:172.21.15.53:3300/0,v1:172.21.15.53:6789/0] -- mon_command({"prefix": "get_command_descriptions"} v 0) -- 0x7f52b8105e50 con 0x7f52b81059d0
2024-09-19T06:09:37.954 INFO:teuthology.orchestra.run.smithi053.stdout:/usr/bin/ceph: stderr
2024-09-19T06:09:37.300+0000 7f52b57fa640 1 -- 172.21.15.53:0/3299558862 <== mon.0 v2:172.21.15.53:3300/0 6 ==== mon_command_ack([{"prefix": "get_command_descriptions"}]=0 v0) ==== 72+0+74432 (secure 0 0 0) 0x7f52a803c410 con 0x7f52b81059d0
2024-09-19T06:09:37.954 INFO:teuthology.orchestra.run.smithi053.stdout:/usr/bin/ceph: stderr
2024-09-19T06:09:37.362+0000 7f52be2e9640 1 -- 172.21.15.53:0/3299558862 --> [v2:172.21.15.53:3300/0,v1:172.21.15.53:6789/0] -- mon_command({"prefix": "status", "format": "json-pretty"} v 0) -- 0x7f52b8191d60 con 0x7f52b81059d0
2024-09-19T06:09:37.954 INFO:teuthology.orchestra.run.smithi053.stdout:/usr/bin/ceph: stderr
2024-09-19T06:09:37.363+0000 7f52b57fa640 1 -- 172.21.15.53:0/3299558862 <== mon.0 v2:172.21.15.53:3300/0 7 ==== mon_command_ack([{"prefix": "status", "format": "json-pretty"}]=0 v0) ==== 79+0+1299 (secure 0 0 0) 0x7f52a803ebd0 con 0x7f52b81059d0
2024-09-19T06:09:37.954 INFO:teuthology.orchestra.run.smithi053.stdout:/usr/bin/ceph: stderr
2024-09-19T06:09:37.364+0000 7f52be2e9640 1 -- 172.21.15.53:0/3299558862 >> [v2:172.21.15.53:3300/0,v1:172.21.15.53:6789/0] conn(0x7f52b81059d0 msgr2=0x7f52b819ccb0 secure :-1 s=STATE_CONNECTION_ESTABLISHED l=1).mark_down
2024-09-19T06:09:37.954 INFO:teuthology.orchestra.run.smithi053.stdout:/usr/bin/ceph: stderr
2024-09-19T06:09:37.364+0000 7f52be2e9640 1 --2- 172.21.15.53:0/3299558862 >> [v2:172.21.15.53:3300/0,v1:172.21.15.53:6789/0] conn(0x7f52b81059d0 0x7f52b819ccb0 secure :-1 s=READY pgs=8 cs=0 l=1 rev1=1 crypto rx=0x7f52a800b2c0 tx=0x7f52a8032ad0 comp rx=0 tx=0).stop
2024-09-19T06:09:37.954 INFO:teuthology.orchestra.run.smithi053.stdout:/usr/bin/ceph: stderr
2024-09-19T06:09:37.364+0000 7f52be2e9640 1 -- 172.21.15.53:0/3299558862 shutdown_connections
2024-09-19T06:09:37.954 INFO:teuthology.orchestra.run.smithi053.stdout:/usr/bin/ceph: stderr
2024-09-19T06:09:37.364+0000 7f52be2e9640 1 --2- 172.21.15.53:0/3299558862 >> [v2:172.21.15.53:3300/0,v1:172.21.15.53:6789/0] conn(0x7f52b81059d0 0x7f52b819ccb0 unknown :-1 s=CLOSED pgs=8 cs=0 l=1 rev1=1 crypto rx=0 tx=0 comp rx=0 tx=0).stop
2024-09-19T06:09:37.954 INFO:teuthology.orchestra.run.smithi053.stdout:/usr/bin/ceph: stderr
2024-09-19T06:09:37.364+0000 7f52be2e9640 1 -- 172.21.15.53:0/3299558862 >> 172.21.15.53:0/3299558862 conn(0x7f52b81011a0 msgr2=0x7f52b818eeb0 unknown :-1 s=STATE_NONE l=0).mark_down
2024-09-19T06:09:37.954 INFO:teuthology.orchestra.run.smithi053.stdout:/usr/bin/ceph: stderr
2024-09-19T06:09:37.364+0000 7f52be2e9640 1 -- 172.21.15.53:0/3299558862 shutdown_connections
2024-09-19T06:09:37.954 INFO:teuthology.orchestra.run.smithi053.stdout:/usr/bin/ceph: stderr
2024-09-19T06:09:37.364+0000 7f52be2e9640 1 -- 172.21.15.53:0/3299558862 wait complete.
2024-09-19T06:09:37.954 INFO:teuthology.orchestra.run.smithi053.stdout:mgr not available, waiting (2/15)...
2024-09-19T06:09:39.105 INFO:journalctl@ceph.mon.smithi053.smithi053.stdout:Sep 19 06:09:38 smithi053 ceph-mon[27968]: Activating manager daemon smithi053.trakvg
2024-09-19T06:09:39.106 INFO:journalctl@ceph.mon.smithi053.smithi053.stdout:Sep 19 06:09:38 smithi053 ceph-mon[27968]: mgrmap e2: smithi053.trakvg(active, starting, since 0.00320861s)
2024-09-19T06:09:39.106 INFO:journalctl@ceph.mon.smithi053.smithi053.stdout:Sep 19 06:09:38 smithi053 ceph-mon[27968]: from='mgr.14100 172.21.15.53:0/3640368587' entity='mgr.smithi053.trakvg' cmd=[{"prefix": "mds metadata"}]: dispatch
2024-09-19T06:09:39.106 INFO:journalctl@ceph.mon.smithi053.smithi053.stdout:Sep 19 06:09:38 smithi053 ceph-mon[27968]: from='mgr.14100 172.21.15.53:0/3640368587' entity='mgr.smithi053.trakvg' cmd=[{"prefix": "osd metadata"}]: dispatch
2024-09-19T06:09:39.106 INFO:journalctl@ceph.mon.smithi053.smithi053.stdout:Sep 19 06:09:38 smithi053 ceph-mon[27968]: from='mgr.14100 172.21.15.53:0/3640368587' entity='mgr.smithi053.trakvg' cmd=[{"prefix": "mon metadata"}]: dispatch
2024-09-19T06:09:39.106 INFO:journalctl@ceph.mon.smithi053.smithi053.stdout:Sep 19 06:09:38 smithi053 ceph-mon[27968]: from='mgr.14100 172.21.15.53:0/3640368587' entity='mgr.smithi053.trakvg' cmd=[{"prefix": "mon metadata", "id": "smithi053"}]: dispatch
2024-09-19T06:09:39.106 INFO:journalctl@ceph.mon.smithi053.smithi053.stdout:Sep 19 06:09:38 smithi053 ceph-mon[27968]: from='mgr.14100 172.21.15.53:0/3640368587' entity='mgr.smithi053.trakvg' cmd=[{"prefix": "mgr metadata", "who": "smithi053.trakvg", "id": "smithi053.trakvg"}]: dispatch
2024-09-19T06:09:39.106 INFO:journalctl@ceph.mon.smithi053.smithi053.stdout:Sep 19 06:09:38 smithi053 ceph-mon[27968]: Manager daemon smithi053.trakvg is now available
2024-09-19T06:09:39.106 INFO:journalctl@ceph.mon.smithi053.smithi053.stdout:Sep 19 06:09:38 smithi053 ceph-mon[27968]: from='mgr.14100 172.21.15.53:0/3640368587' entity='mgr.smithi053.trakvg' cmd=[{"prefix":"config rm","who":"mgr","name":"mgr/rbd_support/smithi053.trakvg/mirror_snapshot_schedule"}]: dispatch
2024-09-19T06:09:39.106 INFO:journalctl@ceph.mon.smithi053.smithi053.stdout:Sep 19 06:09:38 smithi053 ceph-mon[27968]: from='mgr.14100 172.21.15.53:0/3640368587' entity='mgr.smithi053.trakvg' cmd=[{"prefix":"config rm","who":"mgr","name":"mgr/rbd_support/smithi053.trakvg/trash_purge_schedule"}]: dispatch
2024-09-19T06:09:39.106 INFO:journalctl@ceph.mon.smithi053.smithi053.stdout:Sep 19 06:09:38 smithi053 ceph-mon[27968]: from='mgr.14100 172.21.15.53:0/3640368587' entity='mgr.smithi053.trakvg'
2024-09-19T06:09:39.106 INFO:journalctl@ceph.mon.smithi053.smithi053.stdout:Sep 19 06:09:38 smithi053 ceph-mon[27968]: from='mgr.14100 172.21.15.53:0/3640368587' entity='mgr.smithi053.trakvg'
2024-09-19T06:09:39.106 INFO:journalctl@ceph.mon.smithi053.smithi053.stdout:Sep 19 06:09:38 smithi053 ceph-mon[27968]: from='mgr.14100 172.21.15.53:0/3640368587' entity='mgr.smithi053.trakvg'
2024-09-19T06:09:41.056 INFO:journalctl@ceph.mon.smithi053.smithi053.stdout:Sep 19 06:09:40 smithi053 ceph-mon[27968]: mgrmap e3: smithi053.trakvg(active, since 1.00689s)
2024-09-19T06:09:42.105 INFO:journalctl@ceph.mon.smithi053.smithi053.stdout:Sep 19 06:09:41 smithi053 ceph-mon[27968]: mgrmap e4: smithi053.trakvg(active, since 2s)
2024-09-19T06:09:42.105 INFO:journalctl@ceph.mon.smithi053.smithi053.stdout:Sep 19 06:09:41 smithi053 ceph-mon[27968]: from='client.? 172.21.15.53:0/942958363' entity='client.admin' cmd=[{"prefix": "status", "format": "json-pretty"}]: dispatch
2024-09-19T06:09:47.995 INFO:teuthology.orchestra.run.smithi053.stdout:/usr/bin/ceph: stdout
2024-09-19T06:09:47.995 INFO:teuthology.orchestra.run.smithi053.stdout:/usr/bin/ceph: stdout {
2024-09-19T06:09:47.995 INFO:teuthology.orchestra.run.smithi053.stdout:/usr/bin/ceph: stdout "fsid": "9f2876d0-764d-11ef-bceb-c7b262605968",
2024-09-19T06:09:47.995 INFO:teuthology.orchestra.run.smithi053.stdout:/usr/bin/ceph: stdout "health": {
2024-09-19T06:09:47.995 INFO:teuthology.orchestra.run.smithi053.stdout:/usr/bin/ceph: stdout "status": "HEALTH_OK",
2024-09-19T06:09:47.995 INFO:teuthology.orchestra.run.smithi053.stdout:/usr/bin/ceph: stdout "checks": {},
2024-09-19T06:09:47.995 INFO:teuthology.orchestra.run.smithi053.stdout:/usr/bin/ceph: stdout "mutes": []
2024-09-19T06:09:47.996 INFO:teuthology.orchestra.run.smithi053.stdout:/usr/bin/ceph: stdout },
2024-09-19T06:09:47.996 INFO:teuthology.orchestra.run.smithi053.stdout:/usr/bin/ceph: stdout "election_epoch": 5,
2024-09-19T06:09:47.996 INFO:teuthology.orchestra.run.smithi053.stdout:/usr/bin/ceph: stdout "quorum": [
2024-09-19T06:09:47.996 INFO:teuthology.orchestra.run.smithi053.stdout:/usr/bin/ceph: stdout 0
2024-09-19T06:09:47.996 INFO:teuthology.orchestra.run.smithi053.stdout:/usr/bin/ceph: stdout ],
2024-09-19T06:09:47.996 INFO:teuthology.orchestra.run.smithi053.stdout:/usr/bin/ceph: stdout "quorum_names": [
2024-09-19T06:09:47.996 INFO:teuthology.orchestra.run.smithi053.stdout:/usr/bin/ceph: stdout "smithi053"
2024-09-19T06:09:47.996 INFO:teuthology.orchestra.run.smithi053.stdout:/usr/bin/ceph: stdout ],
2024-09-19T06:09:47.996 INFO:teuthology.orchestra.run.smithi053.stdout:/usr/bin/ceph: stdout "quorum_age": 9,
2024-09-19T06:09:47.996 INFO:teuthology.orchestra.run.smithi053.stdout:/usr/bin/ceph: stdout "monmap": {
2024-09-19T06:09:47.996 INFO:teuthology.orchestra.run.smithi053.stdout:/usr/bin/ceph: stdout "epoch": 1,
2024-09-19T06:09:47.996 INFO:teuthology.orchestra.run.smithi053.stdout:/usr/bin/ceph: stdout "min_mon_release_name": "squid",
2024-09-19T06:09:47.996 INFO:teuthology.orchestra.run.smithi053.stdout:/usr/bin/ceph: stdout "num_mons": 1
2024-09-19T06:09:47.997 INFO:teuthology.orchestra.run.smithi053.stdout:/usr/bin/ceph: stdout },
2024-09-19T06:09:47.997 INFO:teuthology.orchestra.run.smithi053.stdout:/usr/bin/ceph: stdout "osdmap": {
2024-09-19T06:09:47.997 INFO:teuthology.orchestra.run.smithi053.stdout:/usr/bin/ceph: stdout "epoch": 1,
2024-09-19T06:09:47.997 INFO:teuthology.orchestra.run.smithi053.stdout:/usr/bin/ceph: stdout "num_osds": 0,
2024-09-19T06:09:47.997 INFO:teuthology.orchestra.run.smithi053.stdout:/usr/bin/ceph: stdout "num_up_osds": 0,
2024-09-19T06:09:47.997 INFO:teuthology.orchestra.run.smithi053.stdout:/usr/bin/ceph: stdout "osd_up_since": 0,
2024-09-19T06:09:48.006 INFO:teuthology.orchestra.run.smithi053.stdout:/usr/bin/ceph: stdout "num_in_osds": 0,
2024-09-19T06:09:48.007 INFO:teuthology.orchestra.run.smithi053.stdout:/usr/bin/ceph: stdout "osd_in_since": 0,
2024-09-19T06:09:48.007 INFO:teuthology.orchestra.run.smithi053.stdout:/usr/bin/ceph: stdout "num_remapped_pgs": 0
2024-09-19T06:09:48.007 INFO:teuthology.orchestra.run.smithi053.stdout:/usr/bin/ceph: stdout },
2024-09-19T06:09:48.007 INFO:teuthology.orchestra.run.smithi053.stdout:/usr/bin/ceph: stdout "pgmap": {
2024-09-19T06:09:48.007 INFO:teuthology.orchestra.run.smithi053.stdout:/usr/bin/ceph: stdout "pgs_by_state": [],
2024-09-19T06:09:48.007 INFO:teuthology.orchestra.run.smithi053.stdout:/usr/bin/ceph: stdout "num_pgs": 0,
2024-09-19T06:09:48.007 INFO:teuthology.orchestra.run.smithi053.stdout:/usr/bin/ceph: stdout "num_pools": 0,
2024-09-19T06:09:48.007 INFO:teuthology.orchestra.run.smithi053.stdout:/usr/bin/ceph: stdout "num_objects": 0,
2024-09-19T06:09:48.007 INFO:teuthology.orchestra.run.smithi053.stdout:/usr/bin/ceph: stdout "data_bytes": 0,
2024-09-19T06:09:48.007 INFO:teuthology.orchestra.run.smithi053.stdout:/usr/bin/ceph: stdout "bytes_used": 0,
2024-09-19T06:09:48.007 INFO:teuthology.orchestra.run.smithi053.stdout:/usr/bin/ceph: stdout "bytes_avail": 0,
2024-09-19T06:09:48.007 INFO:teuthology.orchestra.run.smithi053.stdout:/usr/bin/ceph: stdout "bytes_total": 0
2024-09-19T06:09:48.007 INFO:teuthology.orchestra.run.smithi053.stdout:/usr/bin/ceph: stdout },
2024-09-19T06:09:48.007 INFO:teuthology.orchestra.run.smithi053.stdout:/usr/bin/ceph: stdout "fsmap": {
2024-09-19T06:09:48.008 INFO:teuthology.orchestra.run.smithi053.stdout:/usr/bin/ceph: stdout "epoch": 1,
2024-09-19T06:09:48.008 INFO:teuthology.orchestra.run.smithi053.stdout:/usr/bin/ceph: stdout "btime": "2024-09-19T06:09:26:797704+0000",
2024-09-19T06:09:48.008 INFO:teuthology.orchestra.run.smithi053.stdout:/usr/bin/ceph: stdout "by_rank": [],
2024-09-19T06:09:48.008 INFO:teuthology.orchestra.run.smithi053.stdout:/usr/bin/ceph: stdout "up:standby": 0
2024-09-19T06:09:48.008 INFO:teuthology.orchestra.run.smithi053.stdout:/usr/bin/ceph: stdout },
2024-09-19T06:09:48.008 INFO:teuthology.orchestra.run.smithi053.stdout:/usr/bin/ceph: stdout "mgrmap": {
2024-09-19T06:09:48.008 INFO:teuthology.orchestra.run.smithi053.stdout:/usr/bin/ceph: stdout "available": true,
2024-09-19T06:09:48.008 INFO:teuthology.orchestra.run.smithi053.stdout:/usr/bin/ceph: stdout "num_standbys": 0,
2024-09-19T06:09:48.008 INFO:teuthology.orchestra.run.smithi053.stdout:/usr/bin/ceph: stdout "modules": [
2024-09-19T06:09:48.008 INFO:teuthology.orchestra.run.smithi053.stdout:/usr/bin/ceph: stdout "iostat",
2024-09-19T06:09:48.008 INFO:teuthology.orchestra.run.smithi053.stdout:/usr/bin/ceph: stdout "nfs",
2024-09-19T06:09:48.008 INFO:teuthology.orchestra.run.smithi053.stdout:/usr/bin/ceph: stdout "restful"
2024-09-19T06:09:48.008 INFO:teuthology.orchestra.run.smithi053.stdout:/usr/bin/ceph: stdout ],
2024-09-19T06:09:48.009 INFO:teuthology.orchestra.run.smithi053.stdout:/usr/bin/ceph: stdout "services": {}
2024-09-19T06:09:48.009 INFO:teuthology.orchestra.run.smithi053.stdout:/usr/bin/ceph: stdout },
2024-09-19T06:09:48.009 INFO:teuthology.orchestra.run.smithi053.stdout:/usr/bin/ceph: stdout "servicemap": {
2024-09-19T06:09:48.009 INFO:teuthology.orchestra.run.smithi053.stdout:/usr/bin/ceph: stdout "epoch": 1,
2024-09-19T06:09:48.009 INFO:teuthology.orchestra.run.smithi053.stdout:/usr/bin/ceph: stdout "modified": "2024-09-19T06:09:26.798327+0000",
2024-09-19T06:09:48.009 INFO:teuthology.orchestra.run.smithi053.stdout:/usr/bin/ceph: stdout "services": {}
2024-09-19T06:09:48.009 INFO:teuthology.orchestra.run.smithi053.stdout:/usr/bin/ceph: stdout },
2024-09-19T06:09:48.009 INFO:teuthology.orchestra.run.smithi053.stdout:/usr/bin/ceph: stdout "progress_events": {}
2024-09-19T06:09:48.009 INFO:teuthology.orchestra.run.smithi053.stdout:/usr/bin/ceph: stdout }
2024-09-19T06:09:48.009 INFO:teuthology.orchestra.run.smithi053.stdout:/usr/bin/ceph: stderr
2024-09-19T06:09:41.143+0000 7fa050a27640 1 Processor -- start
2024-09-19T06:09:48.009 INFO:teuthology.orchestra.run.smithi053.stdout:/usr/bin/ceph: stderr
2024-09-19T06:09:41.143+0000 7fa050a27640 1 -- start start
2024-09-19T06:09:48.009 INFO:teuthology.orchestra.run.smithi053.stdout:/usr/bin/ceph: stderr
2024-09-19T06:09:41.144+0000 7fa050a27640 1 --2- >> [v2:172.21.15.53:3300/0,v1:172.21.15.53:6789/0] conn(0x7fa04c108cc0 0x7fa04c1090c0 unknown :-1 s=NONE pgs=0 cs=0 l=0 rev1=0 crypto rx=0 tx=0 comp rx=0 tx=0).connect
2024-09-19T06:09:48.009 INFO:teuthology.orchestra.run.smithi053.stdout:/usr/bin/ceph: stderr
2024-09-19T06:09:41.144+0000 7fa050a27640 1 -- --> [v2:172.21.15.53:3300/0,v1:172.21.15.53:6789/0] -- mon_getmap magic: 0 -- 0x7fa04c109690 con 0x7fa04c108cc0
2024-09-19T06:09:48.010 INFO:teuthology.orchestra.run.smithi053.stdout:/usr/bin/ceph: stderr
2024-09-19T06:09:41.144+0000 7fa04a59c640 1 --2- >> [v2:172.21.15.53:3300/0,v1:172.21.15.53:6789/0] conn(0x7fa04c108cc0 0x7fa04c1090c0 unknown :-1 s=BANNER_CONNECTING pgs=0 cs=0 l=0 rev1=0 crypto rx=0 tx=0 comp rx=0 tx=0)._handle_peer_banner_payload supported=3 required=0
2024-09-19T06:09:48.010 INFO:teuthology.orchestra.run.smithi053.stdout:/usr/bin/ceph: stderr
2024-09-19T06:09:41.144+0000 7fa04a59c640 1 --2- >> [v2:172.21.15.53:3300/0,v1:172.21.15.53:6789/0] conn(0x7fa04c108cc0 0x7fa04c1090c0 unknown :-1 s=HELLO_CONNECTING pgs=0 cs=0 l=0 rev1=1 crypto rx=0 tx=0 comp rx=0 tx=0).handle_hello peer v2:172.21.15.53:3300/0 says I am v2:172.21.15.53:39918/0 (socket says 172.21.15.53:39918)
2024-09-19T06:09:48.010 INFO:teuthology.orchestra.run.smithi053.stdout:/usr/bin/ceph: stderr
2024-09-19T06:09:41.144+0000 7fa04a59c640 1 -- 172.21.15.53:0/4252541629 learned_addr learned my addr 172.21.15.53:0/4252541629 (peer_addr_for_me v2:172.21.15.53:0/0)
2024-09-19T06:09:48.010 INFO:teuthology.orchestra.run.smithi053.stdout:/usr/bin/ceph: stderr
2024-09-19T06:09:41.144+0000 7fa04a59c640 1 -- 172.21.15.53:0/4252541629 --> [v2:172.21.15.53:3300/0,v1:172.21.15.53:6789/0] -- mon_subscribe({config=0+,monmap=0+}) -- 0x7fa04c109e70 con 0x7fa04c108cc0
2024-09-19T06:09:48.010 INFO:teuthology.orchestra.run.smithi053.stdout:/usr/bin/ceph: stderr
2024-09-19T06:09:41.145+0000 7fa04a59c640 1 --2- 172.21.15.53:0/4252541629 >> [v2:172.21.15.53:3300/0,v1:172.21.15.53:6789/0] conn(0x7fa04c108cc0 0x7fa04c1090c0 secure :-1 s=READY pgs=16 cs=0 l=1 rev1=1 crypto rx=0x7fa03c009820 tx=0x7fa03c02a270 comp rx=0 tx=0).ready entity=mon.0 client_cookie=ad86181ac71b4657 server_cookie=0 in_seq=0 out_seq=0
2024-09-19T06:09:48.010 INFO:teuthology.orchestra.run.smithi053.stdout:/usr/bin/ceph: stderr
2024-09-19T06:09:41.145+0000 7fa04959a640 1 -- 172.21.15.53:0/4252541629 <== mon.0 v2:172.21.15.53:3300/0 1 ==== mon_map magic: 0 ==== 229+0+0 (secure 0 0 0) 0x7fa03c037070 con 0x7fa04c108cc0
2024-09-19T06:09:48.010 INFO:teuthology.orchestra.run.smithi053.stdout:/usr/bin/ceph: stderr
2024-09-19T06:09:41.145+0000 7fa04959a640 1 -- 172.21.15.53:0/4252541629 <== mon.0 v2:172.21.15.53:3300/0 2 ==== config(26 keys) ==== 1071+0+0 (secure 0 0 0) 0x7fa03c02ad40 con 0x7fa04c108cc0
2024-09-19T06:09:48.010 INFO:teuthology.orchestra.run.smithi053.stdout:/usr/bin/ceph: stderr
2024-09-19T06:09:41.145+0000 7fa04959a640 1 -- 172.21.15.53:0/4252541629 <== mon.0 v2:172.21.15.53:3300/0 3 ==== mon_map magic: 0 ==== 229+0+0 (secure 0 0 0) 0x7fa03c030670 con 0x7fa04c108cc0
2024-09-19T06:09:48.010 INFO:teuthology.orchestra.run.smithi053.stdout:/usr/bin/ceph: stderr
2024-09-19T06:09:41.146+0000 7fa050a27640 1 -- 172.21.15.53:0/4252541629 >> [v2:172.21.15.53:3300/0,v1:172.21.15.53:6789/0] conn(0x7fa04c108cc0 msgr2=0x7fa04c1090c0 secure :-1 s=STATE_CONNECTION_ESTABLISHED l=1).mark_down
2024-09-19T06:09:48.010 INFO:teuthology.orchestra.run.smithi053.stdout:/usr/bin/ceph: stderr
2024-09-19T06:09:41.146+0000 7fa050a27640 1 --2- 172.21.15.53:0/4252541629 >> [v2:172.21.15.53:3300/0,v1:172.21.15.53:6789/0] conn(0x7fa04c108cc0 0x7fa04c1090c0 secure :-1 s=READY pgs=16 cs=0 l=1 rev1=1 crypto rx=0x7fa03c009820 tx=0x7fa03c02a270 comp rx=0 tx=0).stop
2024-09-19T06:09:48.010 INFO:teuthology.orchestra.run.smithi053.stdout:/usr/bin/ceph: stderr
2024-09-19T06:09:41.146+0000 7fa050a27640 1 -- 172.21.15.53:0/4252541629 shutdown_connections
2024-09-19T06:09:48.011 INFO:teuthology.orchestra.run.smithi053.stdout:/usr/bin/ceph: stderr
2024-09-19T06:09:41.146+0000 7fa050a27640 1 --2- 172.21.15.53:0/4252541629 >> [v2:172.21.15.53:3300/0,v1:172.21.15.53:6789/0] conn(0x7fa04c108cc0 0x7fa04c1090c0 unknown :-1 s=CLOSED pgs=16 cs=0 l=1 rev1=1 crypto rx=0 tx=0 comp rx=0 tx=0).stop
2024-09-19T06:09:48.011 INFO:teuthology.orchestra.run.smithi053.stdout:/usr/bin/ceph: stderr
2024-09-19T06:09:41.146+0000 7fa050a27640 1 -- 172.21.15.53:0/4252541629 >> 172.21.15.53:0/4252541629 conn(0x7fa04c07c410 msgr2=0x7fa04c106d50 unknown :-1 s=STATE_NONE l=0).mark_down
2024-09-19T06:09:48.011 INFO:teuthology.orchestra.run.smithi053.stdout:/usr/bin/ceph: stderr
2024-09-19T06:09:41.146+0000 7fa050a27640 1 -- 172.21.15.53:0/4252541629 shutdown_connections
2024-09-19T06:09:48.011 INFO:teuthology.orchestra.run.smithi053.stdout:/usr/bin/ceph: stderr
2024-09-19T06:09:41.146+0000 7fa050a27640 1 -- 172.21.15.53:0/4252541629 wait complete.
2024-09-19T06:09:48.011 INFO:teuthology.orchestra.run.smithi053.stdout:/usr/bin/ceph: stderr
2024-09-19T06:09:41.147+0000 7fa050a27640 1 Processor -- start
2024-09-19T06:09:48.011 INFO:teuthology.orchestra.run.smithi053.stdout:/usr/bin/ceph: stderr
2024-09-19T06:09:41.147+0000 7fa050a27640 1 -- start start
2024-09-19T06:09:48.011 INFO:teuthology.orchestra.run.smithi053.stdout:/usr/bin/ceph: stderr
2024-09-19T06:09:41.147+0000 7fa050a27640 1 --2- >> [v2:172.21.15.53:3300/0,v1:172.21.15.53:6789/0] conn(0x7fa04c108cc0 0x7fa04c19cbe0 unknown :-1 s=NONE pgs=0 cs=0 l=1 rev1=0 crypto rx=0 tx=0 comp rx=0 tx=0).connect
2024-09-19T06:09:48.011 INFO:teuthology.orchestra.run.smithi053.stdout:/usr/bin/ceph: stderr
2024-09-19T06:09:41.147+0000 7fa050a27640 1 -- --> [v2:172.21.15.53:3300/0,v1:172.21.15.53:6789/0] -- mon_getmap magic: 0 -- 0x7fa04c10d220 con 0x7fa04c108cc0
2024-09-19T06:09:48.011 INFO:teuthology.orchestra.run.smithi053.stdout:/usr/bin/ceph: stderr
2024-09-19T06:09:41.147+0000 7fa04a59c640 1 --2- >> [v2:172.21.15.53:3300/0,v1:172.21.15.53:6789/0] conn(0x7fa04c108cc0 0x7fa04c19cbe0 unknown :-1 s=BANNER_CONNECTING pgs=0 cs=0 l=1 rev1=0 crypto rx=0 tx=0 comp rx=0 tx=0)._handle_peer_banner_payload supported=3 required=0
2024-09-19T06:09:48.012 INFO:teuthology.orchestra.run.smithi053.stdout:/usr/bin/ceph: stderr
2024-09-19T06:09:41.147+0000 7fa04a59c640 1 --2- >> [v2:172.21.15.53:3300/0,v1:172.21.15.53:6789/0] conn(0x7fa04c108cc0 0x7fa04c19cbe0 unknown :-1 s=HELLO_CONNECTING pgs=0 cs=0 l=1 rev1=1 crypto rx=0 tx=0 comp rx=0 tx=0).handle_hello peer v2:172.21.15.53:3300/0 says I am v2:172.21.15.53:39930/0 (socket says 172.21.15.53:39930)
2024-09-19T06:09:48.012 INFO:teuthology.orchestra.run.smithi053.stdout:/usr/bin/ceph: stderr
2024-09-19T06:09:41.147+0000 7fa04a59c640 1 -- 172.21.15.53:0/942958363 learned_addr learned my addr 172.21.15.53:0/942958363 (peer_addr_for_me v2:172.21.15.53:0/0)
2024-09-19T06:09:48.012 INFO:teuthology.orchestra.run.smithi053.stdout:/usr/bin/ceph: stderr
2024-09-19T06:09:41.148+0000 7fa04a59c640 1 -- 172.21.15.53:0/942958363 --> [v2:172.21.15.53:3300/0,v1:172.21.15.53:6789/0] -- mon_subscribe({config=0+,monmap=0+}) -- 0x7fa04c19d120 con 0x7fa04c108cc0
2024-09-19T06:09:48.012 INFO:teuthology.orchestra.run.smithi053.stdout:/usr/bin/ceph: stderr
2024-09-19T06:09:41.148+0000 7fa04a59c640 1 --2- 172.21.15.53:0/942958363 >> [v2:172.21.15.53:3300/0,v1:172.21.15.53:6789/0] conn(0x7fa04c108cc0 0x7fa04c19cbe0 secure :-1 s=READY pgs=17 cs=0 l=1 rev1=1 crypto rx=0x7fa03c02a790 tx=0x7fa03c032670 comp rx=0 tx=0).ready entity=mon.0 client_cookie=0 server_cookie=0 in_seq=0 out_seq=0
2024-09-19T06:09:48.012 INFO:teuthology.orchestra.run.smithi053.stdout:/usr/bin/ceph: stderr
2024-09-19T06:09:41.148+0000 7fa03b7fe640 1 -- 172.21.15.53:0/942958363 <== mon.0 v2:172.21.15.53:3300/0 1 ==== mon_map magic: 0 ==== 229+0+0 (secure 0 0 0) 0x7fa03c043070 con 0x7fa04c108cc0
2024-09-19T06:09:48.012 INFO:teuthology.orchestra.run.smithi053.stdout:/usr/bin/ceph: stderr
2024-09-19T06:09:41.148+0000 7fa03b7fe640 1 -- 172.21.15.53:0/942958363 <== mon.0 v2:172.21.15.53:3300/0 2 ==== config(26 keys) ==== 1071+0+0 (secure 0 0 0) 0x7fa03c03e480 con 0x7fa04c108cc0
2024-09-19T06:09:48.012 INFO:teuthology.orchestra.run.smithi053.stdout:/usr/bin/ceph: stderr
2024-09-19T06:09:41.148+0000 7fa050a27640 1 -- 172.21.15.53:0/942958363 --> [v2:172.21.15.53:3300/0,v1:172.21.15.53:6789/0] -- mon_subscribe({mgrmap=0+}) -- 0x7fa04c19d3b0 con 0x7fa04c108cc0
2024-09-19T06:09:48.012 INFO:teuthology.orchestra.run.smithi053.stdout:/usr/bin/ceph: stderr
2024-09-19T06:09:41.148+0000 7fa03b7fe640 1 -- 172.21.15.53:0/942958363 <== mon.0 v2:172.21.15.53:3300/0 3 ==== mon_map magic: 0 ==== 229+0+0 (secure 0 0 0) 0x7fa03c03c510 con 0x7fa04c108cc0
2024-09-19T06:09:48.012 INFO:teuthology.orchestra.run.smithi053.stdout:/usr/bin/ceph: stderr
2024-09-19T06:09:41.148+0000 7fa050a27640 1 -- 172.21.15.53:0/942958363 --> [v2:172.21.15.53:3300/0,v1:172.21.15.53:6789/0] -- mon_subscribe({osdmap=0}) -- 0x7fa04c1a00a0 con 0x7fa04c108cc0
2024-09-19T06:09:48.012 INFO:teuthology.orchestra.run.smithi053.stdout:/usr/bin/ceph: stderr
2024-09-19T06:09:41.149+0000 7fa03b7fe640 1 -- 172.21.15.53:0/942958363 <== mon.0 v2:172.21.15.53:3300/0 4 ==== mgrmap(e 4) ==== 46465+0+0 (secure 0 0 0) 0x7fa03c046070 con 0x7fa04c108cc0
2024-09-19T06:09:48.012 INFO:teuthology.orchestra.run.smithi053.stdout:/usr/bin/ceph: stderr
2024-09-19T06:09:41.149+0000 7fa050a27640 1 -- 172.21.15.53:0/942958363 --> [v2:172.21.15.53:3300/0,v1:172.21.15.53:6789/0] -- mon_command({"prefix": "get_command_descriptions"} v 0) -- 0x7fa04c10d3a0 con 0x7fa04c108cc0
2024-09-19T06:09:48.012 INFO:teuthology.orchestra.run.smithi053.stdout:/usr/bin/ceph: stderr
2024-09-19T06:09:41.149+0000 7fa03b7fe640 1 --2- 172.21.15.53:0/942958363 >> [v2:172.21.15.53:6800/475342876,v1:172.21.15.53:6801/475342876] conn(0x7fa0340391e0 0x7fa03403b6a0 unknown :-1 s=NONE pgs=0 cs=0 l=1 rev1=0 crypto rx=0 tx=0 comp rx=0 tx=0).connect
2024-09-19T06:09:48.012 INFO:teuthology.orchestra.run.smithi053.stdout:/usr/bin/ceph: stderr
2024-09-19T06:09:41.149+0000 7fa03b7fe640 1 -- 172.21.15.53:0/942958363 <== mon.0 v2:172.21.15.53:3300/0 5 ==== osd_map(1..1 src has 1..1) ==== 725+0+0 (secure 0 0 0) 0x7fa03c06bdf0 con 0x7fa04c108cc0
2024-09-19T06:09:48.013 INFO:teuthology.orchestra.run.smithi053.stdout:/usr/bin/ceph: stderr
2024-09-19T06:09:41.150+0000 7fa049d9b640 1 --2- 172.21.15.53:0/942958363 >> [v2:172.21.15.53:6800/475342876,v1:172.21.15.53:6801/475342876] conn(0x7fa0340391e0 0x7fa03403b6a0 unknown :-1 s=BANNER_CONNECTING pgs=0 cs=0 l=1 rev1=0 crypto rx=0 tx=0 comp rx=0 tx=0)._handle_peer_banner_payload supported=3 required=0
2024-09-19T06:09:48.013 INFO:teuthology.orchestra.run.smithi053.stdout:/usr/bin/ceph: stderr
2024-09-19T06:09:41.150+0000 7fa049d9b640 1 --2- 172.21.15.53:0/942958363 >> [v2:172.21.15.53:6800/475342876,v1:172.21.15.53:6801/475342876] conn(0x7fa0340391e0 0x7fa03403b6a0 secure :-1 s=READY pgs=6 cs=0 l=1 rev1=1 crypto rx=0x7fa0400098c0 tx=0x7fa040006db0 comp rx=0 tx=0).ready entity=mgr.14100 client_cookie=0 server_cookie=0 in_seq=0 out_seq=0
2024-09-19T06:09:48.013 INFO:teuthology.orchestra.run.smithi053.stdout:/usr/bin/ceph: stderr
2024-09-19T06:09:41.155+0000 7fa03b7fe640 1 -- 172.21.15.53:0/942958363 <== mon.0 v2:172.21.15.53:3300/0 6 ==== mon_command_ack([{"prefix": "get_command_descriptions"}]=0 v0) ==== 72+0+188913 (secure 0 0 0) 0x7fa03c0391a0 con 0x7fa04c108cc0
2024-09-19T06:09:48.013 INFO:teuthology.orchestra.run.smithi053.stdout:/usr/bin/ceph: stderr
2024-09-19T06:09:41.399+0000 7fa050a27640 1 -- 172.21.15.53:0/942958363 --> [v2:172.21.15.53:3300/0,v1:172.21.15.53:6789/0] -- mon_command({"prefix": "status", "format": "json-pretty"} v 0) -- 0x7fa04c1a0730 con 0x7fa04c108cc0
2024-09-19T06:09:48.013 INFO:teuthology.orchestra.run.smithi053.stdout:/usr/bin/ceph: stderr
2024-09-19T06:09:41.400+0000 7fa03b7fe640 1 -- 172.21.15.53:0/942958363 <== mon.0 v2:172.21.15.53:3300/0 7 ==== mon_command_ack([{"prefix": "status", "format": "json-pretty"}]=0 v0) ==== 79+0+1298 (secure 0 0 0) 0x7fa03c03e630 con 0x7fa04c108cc0
2024-09-19T06:09:48.013 INFO:teuthology.orchestra.run.smithi053.stdout:/usr/bin/ceph: stderr
2024-09-19T06:09:41.402+0000 7fa050a27640 1 -- 172.21.15.53:0/942958363 >> [v2:172.21.15.53:6800/475342876,v1:172.21.15.53:6801/475342876] conn(0x7fa0340391e0 msgr2=0x7fa03403b6a0 secure :-1 s=STATE_CONNECTION_ESTABLISHED l=1).mark_down
2024-09-19T06:09:48.013 INFO:teuthology.orchestra.run.smithi053.stdout:/usr/bin/ceph: stderr
2024-09-19T06:09:41.402+0000 7fa050a27640 1 --2- 172.21.15.53:0/942958363 >> [v2:172.21.15.53:6800/475342876,v1:172.21.15.53:6801/475342876] conn(0x7fa0340391e0 0x7fa03403b6a0 secure :-1 s=READY pgs=6 cs=0 l=1 rev1=1 crypto rx=0x7fa0400098c0 tx=0x7fa040006db0 comp rx=0 tx=0).stop
2024-09-19T06:09:48.013 INFO:teuthology.orchestra.run.smithi053.stdout:/usr/bin/ceph: stderr
2024-09-19T06:09:41.402+0000 7fa050a27640 1 -- 172.21.15.53:0/942958363 >> [v2:172.21.15.53:3300/0,v1:172.21.15.53:6789/0] conn(0x7fa04c108cc0 msgr2=0x7fa04c19cbe0 secure :-1 s=STATE_CONNECTION_ESTABLISHED l=1).mark_down
2024-09-19T06:09:48.013 INFO:teuthology.orchestra.run.smithi053.stdout:/usr/bin/ceph: stderr
2024-09-19T06:09:41.402+0000 7fa050a27640 1 --2- 172.21.15.53:0/942958363 >> [v2:172.21.15.53:3300/0,v1:172.21.15.53:6789/0] conn(0x7fa04c108cc0 0x7fa04c19cbe0 secure :-1 s=READY pgs=17 cs=0 l=1 rev1=1 crypto rx=0x7fa03c02a790 tx=0x7fa03c032670 comp rx=0 tx=0).stop
2024-09-19T06:09:48.013 INFO:teuthology.orchestra.run.smithi053.stdout:/usr/bin/ceph: stderr
2024-09-19T06:09:41.402+0000 7fa050a27640 1 -- 172.21.15.53:0/942958363 shutdown_connections
2024-09-19T06:09:48.013 INFO:teuthology.orchestra.run.smithi053.stdout:/usr/bin/ceph: stderr
2024-09-19T06:09:41.402+0000 7fa050a27640 1 --2- 172.21.15.53:0/942958363 >> [v2:172.21.15.53:6800/475342876,v1:172.21.15.53:6801/475342876] conn(0x7fa0340391e0 0x7fa03403b6a0 unknown :-1 s=CLOSED pgs=6 cs=0 l=1 rev1=1 crypto rx=0 tx=0 comp rx=0 tx=0).stop
2024-09-19T06:09:48.013 INFO:teuthology.orchestra.run.smithi053.stdout:/usr/bin/ceph: stderr
2024-09-19T06:09:41.402+0000 7fa050a27640 1 --2- 172.21.15.53:0/942958363 >> [v2:172.21.15.53:3300/0,v1:172.21.15.53:6789/0] conn(0x7fa04c108cc0 0x7fa04c19cbe0 unknown :-1 s=CLOSED pgs=17 cs=0 l=1 rev1=1 crypto rx=0 tx=0 comp rx=0 tx=0).stop
2024-09-19T06:09:48.013 INFO:teuthology.orchestra.run.smithi053.stdout:/usr/bin/ceph: stderr
2024-09-19T06:09:41.402+0000 7fa050a27640 1 -- 172.21.15.53:0/942958363 >> 172.21.15.53:0/942958363 conn(0x7fa04c07c410 msgr2=0x7fa04c106460 unknown :-1 s=STATE_NONE l=0).mark_down
2024-09-19T06:09:48.013 INFO:teuthology.orchestra.run.smithi053.stdout:/usr/bin/ceph: stderr
2024-09-19T06:09:41.402+0000 7fa050a27640 1 -- 172.21.15.53:0/942958363 shutdown_connections
2024-09-19T06:09:48.014 INFO:teuthology.orchestra.run.smithi053.stdout:/usr/bin/ceph: stderr
2024-09-19T06:09:41.402+0000 7fa050a27640 1 -- 172.21.15.53:0/942958363 wait complete.
2024-09-19T06:09:48.014 INFO:teuthology.orchestra.run.smithi053.stdout:mgr is available
2024-09-19T06:09:51.605 INFO:journalctl@ceph.mon.smithi053.smithi053.stdout:Sep 19 06:09:51 smithi053 ceph-mon[27968]: from='client.? 172.21.15.53:0/2983606951' entity='client.admin' cmd=[{"prefix": "config assimilate-conf"}]: dispatch
2024-09-19T06:09:52.509 INFO:teuthology.orchestra.run.smithi053.stdout:/usr/bin/ceph: stdout
2024-09-19T06:09:52.509 INFO:teuthology.orchestra.run.smithi053.stdout:/usr/bin/ceph: stdout [global]
2024-09-19T06:09:52.509 INFO:teuthology.orchestra.run.smithi053.stdout:/usr/bin/ceph: stdout fsid = 9f2876d0-764d-11ef-bceb-c7b262605968
2024-09-19T06:09:52.509 INFO:teuthology.orchestra.run.smithi053.stdout:/usr/bin/ceph: stdout mon_host = [v2:172.21.15.53:3300,v1:172.21.15.53:6789]
2024-09-19T06:09:52.509 INFO:teuthology.orchestra.run.smithi053.stdout:/usr/bin/ceph: stdout mon_osd_allow_pg_remap = true
2024-09-19T06:09:52.509 INFO:teuthology.orchestra.run.smithi053.stdout:/usr/bin/ceph: stdout mon_osd_allow_primary_affinity = true
2024-09-19T06:09:52.509 INFO:teuthology.orchestra.run.smithi053.stdout:/usr/bin/ceph: stdout mon_warn_on_no_sortbitwise = false
2024-09-19T06:09:52.509 INFO:teuthology.orchestra.run.smithi053.stdout:/usr/bin/ceph: stdout osd_crush_chooseleaf_type = 0
2024-09-19T06:09:52.509 INFO:teuthology.orchestra.run.smithi053.stdout:/usr/bin/ceph: stdout
2024-09-19T06:09:52.509 INFO:teuthology.orchestra.run.smithi053.stdout:/usr/bin/ceph: stdout [mgr]
2024-09-19T06:09:52.510 INFO:teuthology.orchestra.run.smithi053.stdout:/usr/bin/ceph: stdout mgr/telemetry/nag = false
2024-09-19T06:09:52.510 INFO:teuthology.orchestra.run.smithi053.stdout:/usr/bin/ceph: stdout
2024-09-19T06:09:52.510 INFO:teuthology.orchestra.run.smithi053.stdout:/usr/bin/ceph: stdout [osd]
2024-09-19T06:09:52.510 INFO:teuthology.orchestra.run.smithi053.stdout:/usr/bin/ceph: stdout osd_map_max_advance = 10
2024-09-19T06:09:52.510 INFO:teuthology.orchestra.run.smithi053.stdout:/usr/bin/ceph: stdout osd_sloppy_crc = true
2024-09-19T06:09:52.510 INFO:teuthology.orchestra.run.smithi053.stdout:/usr/bin/ceph: stderr
2024-09-19T06:09:50.916+0000 7fd938b59640 1 Processor -- start
2024-09-19T06:09:52.510 INFO:teuthology.orchestra.run.smithi053.stdout:/usr/bin/ceph: stderr
2024-09-19T06:09:50.916+0000 7fd938b59640 1 -- start start
2024-09-19T06:09:52.510 INFO:teuthology.orchestra.run.smithi053.stdout:/usr/bin/ceph: stderr
2024-09-19T06:09:50.916+0000 7fd938b59640 1 --2- >> [v2:172.21.15.53:3300/0,v1:172.21.15.53:6789/0] conn(0x7fd934108cc0 0x7fd9341090c0 unknown :-1 s=NONE pgs=0 cs=0 l=0 rev1=0 crypto rx=0 tx=0 comp rx=0 tx=0).connect
2024-09-19T06:09:52.510 INFO:teuthology.orchestra.run.smithi053.stdout:/usr/bin/ceph: stderr
2024-09-19T06:09:50.916+0000 7fd938b59640 1 -- --> [v2:172.21.15.53:3300/0,v1:172.21.15.53:6789/0] -- mon_getmap magic: 0 -- 0x7fd934109690 con 0x7fd934108cc0
2024-09-19T06:09:52.510 INFO:teuthology.orchestra.run.smithi053.stdout:/usr/bin/ceph: stderr
2024-09-19T06:09:50.916+0000 7fd93259c640 1 --2- >> [v2:172.21.15.53:3300/0,v1:172.21.15.53:6789/0] conn(0x7fd934108cc0 0x7fd9341090c0 unknown :-1 s=BANNER_CONNECTING pgs=0 cs=0 l=0 rev1=0 crypto rx=0 tx=0 comp rx=0 tx=0)._handle_peer_banner_payload supported=3 required=0
2024-09-19T06:09:52.510 INFO:teuthology.orchestra.run.smithi053.stdout:/usr/bin/ceph: stderr
2024-09-19T06:09:50.917+0000 7fd93259c640 1 --2- >> [v2:172.21.15.53:3300/0,v1:172.21.15.53:6789/0] conn(0x7fd934108cc0 0x7fd9341090c0 unknown :-1 s=HELLO_CONNECTING pgs=0 cs=0 l=0 rev1=1 crypto rx=0 tx=0 comp rx=0 tx=0).handle_hello peer v2:172.21.15.53:3300/0 says I am v2:172.21.15.53:41618/0 (socket says 172.21.15.53:41618)
2024-09-19T06:09:52.510 INFO:teuthology.orchestra.run.smithi053.stdout:/usr/bin/ceph: stderr
2024-09-19T06:09:50.917+0000 7fd93259c640 1 -- 172.21.15.53:0/2666792502 learned_addr learned my addr 172.21.15.53:0/2666792502 (peer_addr_for_me v2:172.21.15.53:0/0)
2024-09-19T06:09:52.511 INFO:teuthology.orchestra.run.smithi053.stdout:/usr/bin/ceph: stderr
2024-09-19T06:09:50.917+0000 7fd93259c640 1 -- 172.21.15.53:0/2666792502 --> [v2:172.21.15.53:3300/0,v1:172.21.15.53:6789/0] -- mon_subscribe({config=0+,monmap=0+}) -- 0x7fd934109e70 con 0x7fd934108cc0
2024-09-19T06:09:52.511 INFO:teuthology.orchestra.run.smithi053.stdout:/usr/bin/ceph: stderr
2024-09-19T06:09:50.917+0000 7fd93259c640 1 --2- 172.21.15.53:0/2666792502 >> [v2:172.21.15.53:3300/0,v1:172.21.15.53:6789/0] conn(0x7fd934108cc0 0x7fd9341090c0 secure :-1 s=READY pgs=18 cs=0 l=1 rev1=1 crypto rx=0x7fd924009820 tx=0x7fd92402a270 comp rx=0 tx=0).ready entity=mon.0 client_cookie=ec82becf4572d992 server_cookie=0 in_seq=0 out_seq=0
2024-09-19T06:09:52.511 INFO:teuthology.orchestra.run.smithi053.stdout:/usr/bin/ceph: stderr
2024-09-19T06:09:50.918+0000 7fd931d9b640 1 -- 172.21.15.53:0/2666792502 <== mon.0 v2:172.21.15.53:3300/0 1 ==== mon_map magic: 0 ==== 229+0+0 (secure 0 0 0) 0x7fd924037070 con 0x7fd934108cc0
2024-09-19T06:09:52.511 INFO:teuthology.orchestra.run.smithi053.stdout:/usr/bin/ceph: stderr
2024-09-19T06:09:50.918+0000 7fd931d9b640 1 -- 172.21.15.53:0/2666792502 <== mon.0 v2:172.21.15.53:3300/0 2 ==== config(26 keys) ==== 1071+0+0 (secure 0 0 0) 0x7fd92402ad40 con 0x7fd934108cc0
2024-09-19T06:09:52.511 INFO:teuthology.orchestra.run.smithi053.stdout:/usr/bin/ceph: stderr
2024-09-19T06:09:50.918+0000 7fd931d9b640 1 -- 172.21.15.53:0/2666792502 <== mon.0 v2:172.21.15.53:3300/0 3 ==== mon_map magic: 0 ==== 229+0+0 (secure 0 0 0) 0x7fd924030670 con 0x7fd934108cc0
2024-09-19T06:09:52.511 INFO:teuthology.orchestra.run.smithi053.stdout:/usr/bin/ceph: stderr
2024-09-19T06:09:50.918+0000 7fd938b59640 1 -- 172.21.15.53:0/2666792502 >> [v2:172.21.15.53:3300/0,v1:172.21.15.53:6789/0] conn(0x7fd934108cc0 msgr2=0x7fd9341090c0 secure :-1 s=STATE_CONNECTION_ESTABLISHED l=1).mark_down
2024-09-19T06:09:52.511 INFO:teuthology.orchestra.run.smithi053.stdout:/usr/bin/ceph: stderr
2024-09-19T06:09:50.918+0000 7fd938b59640 1 --2- 172.21.15.53:0/2666792502 >> [v2:172.21.15.53:3300/0,v1:172.21.15.53:6789/0] conn(0x7fd934108cc0 0x7fd9341090c0 secure :-1 s=READY pgs=18 cs=0 l=1 rev1=1 crypto rx=0x7fd924009820 tx=0x7fd92402a270 comp rx=0 tx=0).stop
2024-09-19T06:09:52.511 INFO:teuthology.orchestra.run.smithi053.stdout:/usr/bin/ceph: stderr
2024-09-19T06:09:50.918+0000 7fd938b59640 1 -- 172.21.15.53:0/2666792502 shutdown_connections
2024-09-19T06:09:52.511 INFO:teuthology.orchestra.run.smithi053.stdout:/usr/bin/ceph: stderr
2024-09-19T06:09:50.918+0000 7fd938b59640 1 --2- 172.21.15.53:0/2666792502 >> [v2:172.21.15.53:3300/0,v1:172.21.15.53:6789/0] conn(0x7fd934108cc0 0x7fd9341090c0 unknown :-1 s=CLOSED pgs=18 cs=0 l=1 rev1=1 crypto rx=0 tx=0 comp rx=0 tx=0).stop
2024-09-19T06:09:52.511 INFO:teuthology.orchestra.run.smithi053.stdout:/usr/bin/ceph: stderr
2024-09-19T06:09:50.918+0000 7fd938b59640 1 -- 172.21.15.53:0/2666792502 >> 172.21.15.53:0/2666792502 conn(0x7fd93407c410 msgr2=0x7fd934106d50 unknown :-1 s=STATE_NONE l=0).mark_down
2024-09-19T06:09:52.511 INFO:teuthology.orchestra.run.smithi053.stdout:/usr/bin/ceph: stderr
2024-09-19T06:09:50.918+0000 7fd938b59640 1 -- 172.21.15.53:0/2666792502 shutdown_connections
2024-09-19T06:09:52.511 INFO:teuthology.orchestra.run.smithi053.stdout:/usr/bin/ceph: stderr
2024-09-19T06:09:50.918+0000 7fd938b59640 1 -- 172.21.15.53:0/2666792502 wait complete.
2024-09-19T06:09:52.511 INFO:teuthology.orchestra.run.smithi053.stdout:/usr/bin/ceph: stderr
2024-09-19T06:09:50.919+0000 7fd938b59640 1 Processor -- start
2024-09-19T06:09:52.512 INFO:teuthology.orchestra.run.smithi053.stdout:/usr/bin/ceph: stderr
2024-09-19T06:09:50.919+0000 7fd938b59640 1 -- start start
2024-09-19T06:09:52.512 INFO:teuthology.orchestra.run.smithi053.stdout:/usr/bin/ceph: stderr
2024-09-19T06:09:50.920+0000 7fd938b59640 1 --2- >> [v2:172.21.15.53:3300/0,v1:172.21.15.53:6789/0] conn(0x7fd934108cc0 0x7fd93419cbe0 unknown :-1 s=NONE pgs=0 cs=0 l=1 rev1=0 crypto rx=0 tx=0 comp rx=0 tx=0).connect
2024-09-19T06:09:52.512 INFO:teuthology.orchestra.run.smithi053.stdout:/usr/bin/ceph: stderr
2024-09-19T06:09:50.920+0000 7fd938b59640 1 -- --> [v2:172.21.15.53:3300/0,v1:172.21.15.53:6789/0] -- mon_getmap magic: 0 -- 0x7fd93410d220 con 0x7fd934108cc0
2024-09-19T06:09:52.512 INFO:teuthology.orchestra.run.smithi053.stdout:/usr/bin/ceph: stderr
2024-09-19T06:09:50.920+0000 7fd93259c640 1 --2- >> [v2:172.21.15.53:3300/0,v1:172.21.15.53:6789/0] conn(0x7fd934108cc0 0x7fd93419cbe0 unknown :-1 s=BANNER_CONNECTING pgs=0 cs=0 l=1 rev1=0 crypto rx=0 tx=0 comp rx=0 tx=0)._handle_peer_banner_payload supported=3 required=0
2024-09-19T06:09:52.512 INFO:teuthology.orchestra.run.smithi053.stdout:/usr/bin/ceph: stderr
2024-09-19T06:09:50.920+0000 7fd93259c640 1 --2- >> [v2:172.21.15.53:3300/0,v1:172.21.15.53:6789/0] conn(0x7fd934108cc0 0x7fd93419cbe0 unknown :-1 s=HELLO_CONNECTING pgs=0 cs=0 l=1 rev1=1 crypto rx=0 tx=0 comp rx=0 tx=0).handle_hello peer v2:172.21.15.53:3300/0 says I am v2:172.21.15.53:41624/0 (socket says 172.21.15.53:41624)
2024-09-19T06:09:52.512 INFO:teuthology.orchestra.run.smithi053.stdout:/usr/bin/ceph: stderr
2024-09-19T06:09:50.920+0000 7fd93259c640 1 -- 172.21.15.53:0/2983606951 learned_addr learned my addr 172.21.15.53:0/2983606951 (peer_addr_for_me v2:172.21.15.53:0/0)
2024-09-19T06:09:52.512 INFO:teuthology.orchestra.run.smithi053.stdout:/usr/bin/ceph: stderr
2024-09-19T06:09:50.920+0000 7fd93259c640 1 -- 172.21.15.53:0/2983606951 --> [v2:172.21.15.53:3300/0,v1:172.21.15.53:6789/0] -- mon_subscribe({config=0+,monmap=0+}) -- 0x7fd93419d120 con 0x7fd934108cc0
2024-09-19T06:09:52.512 INFO:teuthology.orchestra.run.smithi053.stdout:/usr/bin/ceph: stderr
2024-09-19T06:09:50.920+0000 7fd93259c640 1 --2- 172.21.15.53:0/2983606951 >> [v2:172.21.15.53:3300/0,v1:172.21.15.53:6789/0] conn(0x7fd934108cc0 0x7fd93419cbe0 secure :-1 s=READY pgs=19 cs=0 l=1 rev1=1 crypto rx=0x7fd924030380 tx=0x7fd924032670 comp rx=0 tx=0).ready entity=mon.0 client_cookie=0 server_cookie=0 in_seq=0 out_seq=0
2024-09-19T06:09:52.512 INFO:teuthology.orchestra.run.smithi053.stdout:/usr/bin/ceph: stderr
2024-09-19T06:09:50.920+0000 7fd92bfff640 1 -- 172.21.15.53:0/2983606951 <== mon.0 v2:172.21.15.53:3300/0 1 ==== mon_map magic: 0 ==== 229+0+0 (secure 0 0 0) 0x7fd924043070 con 0x7fd934108cc0
2024-09-19T06:09:52.512 INFO:teuthology.orchestra.run.smithi053.stdout:/usr/bin/ceph: stderr
2024-09-19T06:09:50.920+0000 7fd92bfff640 1 -- 172.21.15.53:0/2983606951 <== mon.0 v2:172.21.15.53:3300/0 2 ==== config(26 keys) ==== 1071+0+0 (secure 0 0 0) 0x7fd92403e480 con 0x7fd934108cc0
2024-09-19T06:09:52.512 INFO:teuthology.orchestra.run.smithi053.stdout:/usr/bin/ceph: stderr
2024-09-19T06:09:50.920+0000 7fd938b59640 1 -- 172.21.15.53:0/2983606951 --> [v2:172.21.15.53:3300/0,v1:172.21.15.53:6789/0] -- mon_subscribe({mgrmap=0+}) -- 0x7fd93419d3b0 con 0x7fd934108cc0
2024-09-19T06:09:52.512 INFO:teuthology.orchestra.run.smithi053.stdout:/usr/bin/ceph: stderr
2024-09-19T06:09:50.920+0000 7fd92bfff640 1 -- 172.21.15.53:0/2983606951 <== mon.0 v2:172.21.15.53:3300/0 3 ==== mon_map magic: 0 ==== 229+0+0 (secure 0 0 0) 0x7fd92403c510 con 0x7fd934108cc0
2024-09-19T06:09:52.512 INFO:teuthology.orchestra.run.smithi053.stdout:/usr/bin/ceph: stderr
2024-09-19T06:09:50.921+0000 7fd938b59640 1 -- 172.21.15.53:0/2983606951 --> [v2:172.21.15.53:3300/0,v1:172.21.15.53:6789/0] -- mon_subscribe({osdmap=0}) -- 0x7fd9341a00a0 con 0x7fd934108cc0
2024-09-19T06:09:52.513 INFO:teuthology.orchestra.run.smithi053.stdout:/usr/bin/ceph: stderr
2024-09-19T06:09:50.921+0000 7fd92bfff640 1 -- 172.21.15.53:0/2983606951 <== mon.0 v2:172.21.15.53:3300/0 4 ==== mgrmap(e 4) ==== 46465+0+0 (secure 0 0 0) 0x7fd924046070 con 0x7fd934108cc0
2024-09-19T06:09:52.513 INFO:teuthology.orchestra.run.smithi053.stdout:/usr/bin/ceph: stderr
2024-09-19T06:09:50.922+0000 7fd92bfff640 1 --2- 172.21.15.53:0/2983606951 >> [v2:172.21.15.53:6800/475342876,v1:172.21.15.53:6801/475342876] conn(0x7fd920039190 0x7fd92003b650 unknown :-1 s=NONE pgs=0 cs=0 l=1 rev1=0 crypto rx=0 tx=0 comp rx=0 tx=0).connect
2024-09-19T06:09:52.513 INFO:teuthology.orchestra.run.smithi053.stdout:/usr/bin/ceph: stderr
2024-09-19T06:09:50.922+0000 7fd92bfff640 1 -- 172.21.15.53:0/2983606951 <== mon.0 v2:172.21.15.53:3300/0 5 ==== osd_map(1..1 src has 1..1) ==== 725+0+0 (secure 0 0 0) 0x7fd92406be80 con 0x7fd934108cc0
2024-09-19T06:09:52.513 INFO:teuthology.orchestra.run.smithi053.stdout:/usr/bin/ceph: stderr
2024-09-19T06:09:50.922+0000 7fd938b59640 1 -- 172.21.15.53:0/2983606951 --> [v2:172.21.15.53:3300/0,v1:172.21.15.53:6789/0] -- mon_command({"prefix": "get_command_descriptions"} v 0) -- 0x7fd93410d3a0 con 0x7fd934108cc0
2024-09-19T06:09:52.513 INFO:teuthology.orchestra.run.smithi053.stdout:/usr/bin/ceph: stderr
2024-09-19T06:09:50.922+0000 7fd929d9b640 1 --2- 172.21.15.53:0/2983606951 >> [v2:172.21.15.53:6800/475342876,v1:172.21.15.53:6801/475342876] conn(0x7fd920039190 0x7fd92003b650 unknown :-1 s=BANNER_CONNECTING pgs=0 cs=0 l=1 rev1=0 crypto rx=0 tx=0 comp rx=0 tx=0)._handle_peer_banner_payload supported=3 required=0
2024-09-19T06:09:52.513 INFO:teuthology.orchestra.run.smithi053.stdout:/usr/bin/ceph: stderr
2024-09-19T06:09:50.922+0000 7fd929d9b640 1 --2- 172.21.15.53:0/2983606951 >> [v2:172.21.15.53:6800/475342876,v1:172.21.15.53:6801/475342876] conn(0x7fd920039190 0x7fd92003b650 secure :-1 s=READY pgs=7 cs=0 l=1 rev1=1 crypto rx=0x7fd91c0098c0 tx=0x7fd91c006db0 comp rx=0 tx=0).ready entity=mgr.14100 client_cookie=0 server_cookie=0 in_seq=0 out_seq=0
2024-09-19T06:09:52.513 INFO:teuthology.orchestra.run.smithi053.stdout:/usr/bin/ceph: stderr
2024-09-19T06:09:50.926+0000 7fd92bfff640 1 -- 172.21.15.53:0/2983606951 <== mon.0 v2:172.21.15.53:3300/0 6 ==== mon_command_ack([{"prefix": "get_command_descriptions"}]=0 v0) ==== 72+0+188913 (secure 0 0 0) 0x7fd92406b8a0 con 0x7fd934108cc0
2024-09-19T06:09:52.513 INFO:teuthology.orchestra.run.smithi053.stdout:/usr/bin/ceph: stderr
2024-09-19T06:09:51.107+0000 7fd938b59640 1 -- 172.21.15.53:0/2983606951 --> [v2:172.21.15.53:3300/0,v1:172.21.15.53:6789/0] -- mon_command({"prefix": "config assimilate-conf"} v 0) -- 0x7fd9341a0270 con 0x7fd934108cc0
2024-09-19T06:09:52.513 INFO:teuthology.orchestra.run.smithi053.stdout:/usr/bin/ceph: stderr
2024-09-19T06:09:51.108+0000 7fd92bfff640 1 -- 172.21.15.53:0/2983606951 <== mon.0 v2:172.21.15.53:3300/0 7 ==== mon_command_ack([{"prefix": "config assimilate-conf"}]=0 v3) ==== 70+0+338 (secure 0 0 0) 0x7fd92403c7c0 con 0x7fd934108cc0
2024-09-19T06:09:52.513 INFO:teuthology.orchestra.run.smithi053.stdout:/usr/bin/ceph: stderr
2024-09-19T06:09:51.110+0000 7fd938b59640 1 -- 172.21.15.53:0/2983606951 >> [v2:172.21.15.53:6800/475342876,v1:172.21.15.53:6801/475342876] conn(0x7fd920039190 msgr2=0x7fd92003b650 secure :-1 s=STATE_CONNECTION_ESTABLISHED l=1).mark_down
2024-09-19T06:09:52.513 INFO:teuthology.orchestra.run.smithi053.stdout:/usr/bin/ceph: stderr
2024-09-19T06:09:51.110+0000 7fd938b59640 1 --2- 172.21.15.53:0/2983606951 >> [v2:172.21.15.53:6800/475342876,v1:172.21.15.53:6801/475342876] conn(0x7fd920039190 0x7fd92003b650 secure :-1 s=READY pgs=7 cs=0 l=1 rev1=1 crypto rx=0x7fd91c0098c0 tx=0x7fd91c006db0 comp rx=0 tx=0).stop
2024-09-19T06:09:52.513 INFO:teuthology.orchestra.run.smithi053.stdout:/usr/bin/ceph: stderr
2024-09-19T06:09:51.110+0000 7fd938b59640 1 -- 172.21.15.53:0/2983606951 >> [v2:172.21.15.53:3300/0,v1:172.21.15.53:6789/0] conn(0x7fd934108cc0 msgr2=0x7fd93419cbe0 secure :-1 s=STATE_CONNECTION_ESTABLISHED l=1).mark_down
2024-09-19T06:09:52.513 INFO:teuthology.orchestra.run.smithi053.stdout:/usr/bin/ceph: stderr
2024-09-19T06:09:51.110+0000 7fd938b59640 1 --2- 172.21.15.53:0/2983606951 >> [v2:172.21.15.53:3300/0,v1:172.21.15.53:6789/0] conn(0x7fd934108cc0 0x7fd93419cbe0 secure :-1 s=READY pgs=19 cs=0 l=1 rev1=1 crypto rx=0x7fd924030380 tx=0x7fd924032670 comp rx=0 tx=0).stop
2024-09-19T06:09:52.514 INFO:teuthology.orchestra.run.smithi053.stdout:/usr/bin/ceph: stderr
2024-09-19T06:09:51.110+0000 7fd938b59640 1 -- 172.21.15.53:0/2983606951 shutdown_connections
2024-09-19T06:09:52.514 INFO:teuthology.orchestra.run.smithi053.stdout:/usr/bin/ceph: stderr
2024-09-19T06:09:51.110+0000 7fd938b59640 1 --2- 172.21.15.53:0/2983606951 >> [v2:172.21.15.53:6800/475342876,v1:172.21.15.53:6801/475342876] conn(0x7fd920039190 0x7fd92003b650 unknown :-1 s=CLOSED pgs=7 cs=0 l=1 rev1=1 crypto rx=0 tx=0 comp rx=0 tx=0).stop
2024-09-19T06:09:52.514 INFO:teuthology.orchestra.run.smithi053.stdout:/usr/bin/ceph: stderr
2024-09-19T06:09:51.110+0000 7fd938b59640 1 --2- 172.21.15.53:0/2983606951 >> [v2:172.21.15.53:3300/0,v1:172.21.15.53:6789/0] conn(0x7fd934108cc0 0x7fd93419cbe0 unknown :-1 s=CLOSED pgs=19 cs=0 l=1 rev1=1 crypto rx=0 tx=0 comp rx=0 tx=0).stop
2024-09-19T06:09:52.514 INFO:teuthology.orchestra.run.smithi053.stdout:/usr/bin/ceph: stderr
2024-09-19T06:09:51.110+0000 7fd938b59640 1 -- 172.21.15.53:0/2983606951 >> 172.21.15.53:0/2983606951 conn(0x7fd93407c410 msgr2=0x7fd934106460 unknown :-1 s=STATE_NONE l=0).mark_down
2024-09-19T06:09:52.514 INFO:teuthology.orchestra.run.smithi053.stdout:/usr/bin/ceph: stderr
2024-09-19T06:09:51.110+0000 7fd938b59640 1 -- 172.21.15.53:0/2983606951 shutdown_connections
2024-09-19T06:09:52.514 INFO:teuthology.orchestra.run.smithi053.stdout:/usr/bin/ceph: stderr
2024-09-19T06:09:51.110+0000 7fd938b59640 1 -- 172.21.15.53:0/2983606951 wait complete.
2024-09-19T06:09:52.514 INFO:teuthology.orchestra.run.smithi053.stdout:Enabling cephadm module...
2024-09-19T06:09:53.500 INFO:journalctl@ceph.mon.smithi053.smithi053.stdout:Sep 19 06:09:53 smithi053 ceph-mon[27968]: from='client.? 172.21.15.53:0/2330471129' entity='client.admin' cmd=[{"prefix": "mgr module enable", "module": "cephadm"}]: dispatch
2024-09-19T06:09:53.782 INFO:teuthology.orchestra.run.smithi053.stdout:/usr/bin/ceph: stderr
2024-09-19T06:09:52.897+0000 7f779740a640 1 Processor -- start
2024-09-19T06:09:53.782 INFO:teuthology.orchestra.run.smithi053.stdout:/usr/bin/ceph: stderr
2024-09-19T06:09:52.897+0000 7f779740a640 1 -- start start
2024-09-19T06:09:53.782 INFO:teuthology.orchestra.run.smithi053.stdout:/usr/bin/ceph: stderr
2024-09-19T06:09:52.898+0000 7f779740a640 1 --2- >> [v2:172.21.15.53:3300/0,v1:172.21.15.53:6789/0] conn(0x7f7790106ac0 0x7f7790106ec0 unknown :-1 s=NONE pgs=0 cs=0 l=0 rev1=0 crypto rx=0 tx=0 comp rx=0 tx=0).connect
2024-09-19T06:09:53.782 INFO:teuthology.orchestra.run.smithi053.stdout:/usr/bin/ceph: stderr
2024-09-19T06:09:52.898+0000 7f779740a640 1 -- --> [v2:172.21.15.53:3300/0,v1:172.21.15.53:6789/0] -- mon_getmap magic: 0 -- 0x7f7790107400 con 0x7f7790106ac0
2024-09-19T06:09:53.782 INFO:teuthology.orchestra.run.smithi053.stdout:/usr/bin/ceph: stderr
2024-09-19T06:09:52.898+0000 7f77951a6640 1 --2- >> [v2:172.21.15.53:3300/0,v1:172.21.15.53:6789/0] conn(0x7f7790106ac0 0x7f7790106ec0 unknown :-1 s=BANNER_CONNECTING pgs=0 cs=0 l=0 rev1=0 crypto rx=0 tx=0 comp rx=0 tx=0)._handle_peer_banner_payload supported=3 required=0
2024-09-19T06:09:53.783 INFO:teuthology.orchestra.run.smithi053.stdout:/usr/bin/ceph: stderr
2024-09-19T06:09:52.898+0000 7f77951a6640 1 --2- >> [v2:172.21.15.53:3300/0,v1:172.21.15.53:6789/0] conn(0x7f7790106ac0 0x7f7790106ec0 unknown :-1 s=HELLO_CONNECTING pgs=0 cs=0 l=0 rev1=1 crypto rx=0 tx=0 comp rx=0 tx=0).handle_hello peer v2:172.21.15.53:3300/0 says I am v2:172.21.15.53:41700/0 (socket says 172.21.15.53:41700)
2024-09-19T06:09:53.783 INFO:teuthology.orchestra.run.smithi053.stdout:/usr/bin/ceph: stderr
2024-09-19T06:09:52.898+0000 7f77951a6640 1 -- 172.21.15.53:0/2078512793 learned_addr learned my addr 172.21.15.53:0/2078512793 (peer_addr_for_me v2:172.21.15.53:0/0)
2024-09-19T06:09:53.783 INFO:teuthology.orchestra.run.smithi053.stdout:/usr/bin/ceph: stderr
2024-09-19T06:09:52.898+0000 7f77951a6640 1 -- 172.21.15.53:0/2078512793 --> [v2:172.21.15.53:3300/0,v1:172.21.15.53:6789/0] -- mon_subscribe({config=0+,monmap=0+}) -- 0x7f7790107580 con 0x7f7790106ac0
2024-09-19T06:09:53.783 INFO:teuthology.orchestra.run.smithi053.stdout:/usr/bin/ceph: stderr
2024-09-19T06:09:52.899+0000 7f77951a6640 1 --2- 172.21.15.53:0/2078512793 >> [v2:172.21.15.53:3300/0,v1:172.21.15.53:6789/0] conn(0x7f7790106ac0 0x7f7790106ec0 secure :-1 s=READY pgs=20 cs=0 l=1 rev1=1 crypto rx=0x7f7780009e80 tx=0x7f778002a7a0 comp rx=0 tx=0).ready entity=mon.0 client_cookie=8c4dcbb1ddbb52ea server_cookie=0 in_seq=0 out_seq=0
2024-09-19T06:09:53.783 INFO:teuthology.orchestra.run.smithi053.stdout:/usr/bin/ceph: stderr
2024-09-19T06:09:52.899+0000 7f778ffff640 1 -- 172.21.15.53:0/2078512793 <== mon.0 v2:172.21.15.53:3300/0 1 ==== mon_map magic: 0 ==== 229+0+0 (secure 0 0 0) 0x7f7780036070 con 0x7f7790106ac0
2024-09-19T06:09:53.783 INFO:teuthology.orchestra.run.smithi053.stdout:/usr/bin/ceph: stderr
2024-09-19T06:09:52.899+0000 7f778ffff640 1 -- 172.21.15.53:0/2078512793 <== mon.0 v2:172.21.15.53:3300/0 2 ==== config(26 keys) ==== 1071+0+0 (secure 0 0 0) 0x7f7780031890 con 0x7f7790106ac0
