2024-09-19T06:18:30.932+0000 7f9c3effd640 1 -- 172.21.15.29:0/2190271861 <== mon.0 v2:172.21.15.29:3300/0 4 ==== mgrmap(e 8) ==== 46461+0+0 (secure 0 0 0) 0x7f9c44045070 con 0x7f9c48107540
2024-09-19T06:18:31.778 INFO:teuthology.orchestra.run.smithi029.stdout:/usr/bin/ceph: stderr
2024-09-19T06:18:30.933+0000 7f9c4febe640 1 -- 172.21.15.29:0/2190271861 --> [v2:172.21.15.29:3300/0,v1:172.21.15.29:6789/0] -- mon_command({"prefix": "get_command_descriptions"} v 0) -- 0x7f9c481079a0 con 0x7f9c48107540
2024-09-19T06:18:31.778 INFO:teuthology.orchestra.run.smithi029.stdout:/usr/bin/ceph: stderr
2024-09-19T06:18:30.933+0000 7f9c3effd640 1 --2- 172.21.15.29:0/2190271861 >> [v2:172.21.15.29:6800/2601487572,v1:172.21.15.29:6801/2601487572] conn(0x7f9c34039200 0x7f9c3403b6c0 unknown :-1 s=NONE pgs=0 cs=0 l=1 rev1=0 crypto rx=0 tx=0 comp rx=0 tx=0).connect
2024-09-19T06:18:31.778 INFO:teuthology.orchestra.run.smithi029.stdout:/usr/bin/ceph: stderr
2024-09-19T06:18:30.933+0000 7f9c3effd640 1 -- 172.21.15.29:0/2190271861 <== mon.0 v2:172.21.15.29:3300/0 5 ==== osd_map(2..2 src has 1..2) ==== 940+0+0 (secure 0 0 0) 0x7f9c4406c180 con 0x7f9c48107540
2024-09-19T06:18:31.778 INFO:teuthology.orchestra.run.smithi029.stdout:/usr/bin/ceph: stderr
2024-09-19T06:18:30.933+0000 7f9c4d459640 1 --2- 172.21.15.29:0/2190271861 >> [v2:172.21.15.29:6800/2601487572,v1:172.21.15.29:6801/2601487572] conn(0x7f9c34039200 0x7f9c3403b6c0 unknown :-1 s=BANNER_CONNECTING pgs=0 cs=0 l=1 rev1=0 crypto rx=0 tx=0 comp rx=0 tx=0)._handle_peer_banner_payload supported=3 required=0
2024-09-19T06:18:31.778 INFO:teuthology.orchestra.run.smithi029.stdout:/usr/bin/ceph: stderr
2024-09-19T06:18:30.933+0000 7f9c4d459640 1 --2- 172.21.15.29:0/2190271861 >> [v2:172.21.15.29:6800/2601487572,v1:172.21.15.29:6801/2601487572] conn(0x7f9c34039200 0x7f9c3403b6c0 secure :-1 s=READY pgs=14 cs=0 l=1 rev1=1 crypto rx=0x7f9c380098c0 tx=0x7f9c38006db0 comp rx=0 tx=0).ready entity=mgr.14118 client_cookie=0 server_cookie=0 in_seq=0 out_seq=0
2024-09-19T06:18:31.778 INFO:teuthology.orchestra.run.smithi029.stdout:/usr/bin/ceph: stderr
2024-09-19T06:18:30.937+0000 7f9c3effd640 1 -- 172.21.15.29:0/2190271861 <== mon.0 v2:172.21.15.29:3300/0 6 ==== mon_command_ack([{"prefix": "get_command_descriptions"}]=0 v0) ==== 72+0+188913 (secure 0 0 0) 0x7f9c44045360 con 0x7f9c48107540
2024-09-19T06:18:31.778 INFO:teuthology.orchestra.run.smithi029.stdout:/usr/bin/ceph: stderr
2024-09-19T06:18:31.128+0000 7f9c4febe640 1 -- 172.21.15.29:0/2190271861 --> [v2:172.21.15.29:6800/2601487572,v1:172.21.15.29:6801/2601487572] -- mgr_command(tid 0: {"prefix": "orch apply", "service_type": "mgr", "unmanaged": true, "target": ["mon-mgr", ""]}) -- 0x7f9c48102400 con 0x7f9c34039200
2024-09-19T06:18:31.778 INFO:teuthology.orchestra.run.smithi029.stdout:/usr/bin/ceph: stderr
2024-09-19T06:18:31.132+0000 7f9c3effd640 1 -- 172.21.15.29:0/2190271861 <== mgr.14118 v2:172.21.15.29:6800/2601487572 1 ==== mgr_command_reply(tid 0: 0 ) ==== 8+0+24 (secure 0 0 0) 0x7f9c48102400 con 0x7f9c34039200
2024-09-19T06:18:31.778 INFO:teuthology.orchestra.run.smithi029.stdout:/usr/bin/ceph: stderr
2024-09-19T06:18:31.134+0000 7f9c4febe640 1 -- 172.21.15.29:0/2190271861 >> [v2:172.21.15.29:6800/2601487572,v1:172.21.15.29:6801/2601487572] conn(0x7f9c34039200 msgr2=0x7f9c3403b6c0 secure :-1 s=STATE_CONNECTION_ESTABLISHED l=1).mark_down
2024-09-19T06:18:31.778 INFO:teuthology.orchestra.run.smithi029.stdout:/usr/bin/ceph: stderr
2024-09-19T06:18:31.134+0000 7f9c4febe640 1 --2- 172.21.15.29:0/2190271861 >> [v2:172.21.15.29:6800/2601487572,v1:172.21.15.29:6801/2601487572] conn(0x7f9c34039200 0x7f9c3403b6c0 secure :-1 s=READY pgs=14 cs=0 l=1 rev1=1 crypto rx=0x7f9c380098c0 tx=0x7f9c38006db0 comp rx=0 tx=0).stop
2024-09-19T06:18:31.778 INFO:teuthology.orchestra.run.smithi029.stdout:/usr/bin/ceph: stderr
2024-09-19T06:18:31.134+0000 7f9c4febe640 1 -- 172.21.15.29:0/2190271861 >> [v2:172.21.15.29:3300/0,v1:172.21.15.29:6789/0] conn(0x7f9c48107540 msgr2=0x7f9c4819aa30 secure :-1 s=STATE_CONNECTION_ESTABLISHED l=1).mark_down
2024-09-19T06:18:31.778 INFO:teuthology.orchestra.run.smithi029.stdout:/usr/bin/ceph: stderr
2024-09-19T06:18:31.134+0000 7f9c4febe640 1 --2- 172.21.15.29:0/2190271861 >> [v2:172.21.15.29:3300/0,v1:172.21.15.29:6789/0] conn(0x7f9c48107540 0x7f9c4819aa30 secure :-1 s=READY pgs=48 cs=0 l=1 rev1=1 crypto rx=0x7f9c44032e10 tx=0x7f9c44032e40 comp rx=0 tx=0).stop
2024-09-19T06:18:31.778 INFO:teuthology.orchestra.run.smithi029.stdout:/usr/bin/ceph: stderr
2024-09-19T06:18:31.134+0000 7f9c4febe640 1 -- 172.21.15.29:0/2190271861 shutdown_connections
2024-09-19T06:18:31.779 INFO:teuthology.orchestra.run.smithi029.stdout:/usr/bin/ceph: stderr
2024-09-19T06:18:31.134+0000 7f9c4febe640 1 --2- 172.21.15.29:0/2190271861 >> [v2:172.21.15.29:6800/2601487572,v1:172.21.15.29:6801/2601487572] conn(0x7f9c34039200 0x7f9c3403b6c0 unknown :-1 s=CLOSED pgs=14 cs=0 l=1 rev1=1 crypto rx=0 tx=0 comp rx=0 tx=0).stop
2024-09-19T06:18:31.779 INFO:teuthology.orchestra.run.smithi029.stdout:/usr/bin/ceph: stderr
2024-09-19T06:18:31.134+0000 7f9c4febe640 1 --2- 172.21.15.29:0/2190271861 >> [v2:172.21.15.29:3300/0,v1:172.21.15.29:6789/0] conn(0x7f9c48107540 0x7f9c4819aa30 unknown :-1 s=CLOSED pgs=48 cs=0 l=1 rev1=1 crypto rx=0 tx=0 comp rx=0 tx=0).stop
2024-09-19T06:18:31.779 INFO:teuthology.orchestra.run.smithi029.stdout:/usr/bin/ceph: stderr
2024-09-19T06:18:31.134+0000 7f9c4febe640 1 -- 172.21.15.29:0/2190271861 >> 172.21.15.29:0/2190271861 conn(0x7f9c481011a0 msgr2=0x7f9c48101cf0 unknown :-1 s=STATE_NONE l=0).mark_down
2024-09-19T06:18:31.779 INFO:teuthology.orchestra.run.smithi029.stdout:/usr/bin/ceph: stderr
2024-09-19T06:18:31.134+0000 7f9c4febe640 1 -- 172.21.15.29:0/2190271861 shutdown_connections
2024-09-19T06:18:31.779 INFO:teuthology.orchestra.run.smithi029.stdout:/usr/bin/ceph: stderr
2024-09-19T06:18:31.134+0000 7f9c4febe640 1 -- 172.21.15.29:0/2190271861 wait complete.
2024-09-19T06:18:32.359 INFO:journalctl@ceph.mon.a.smithi029.stdout:Sep 19 06:18:32 smithi029 ceph-mon[28286]: from='client.14142 -' entity='client.admin' cmd=[{"prefix": "orch apply", "service_type": "mgr", "unmanaged": true, "target": ["mon-mgr", ""]}]: dispatch
2024-09-19T06:18:32.359 INFO:journalctl@ceph.mon.a.smithi029.stdout:Sep 19 06:18:32 smithi029 ceph-mon[28286]: Saving service mgr spec with placement count:2
2024-09-19T06:18:32.359 INFO:journalctl@ceph.mon.a.smithi029.stdout:Sep 19 06:18:32 smithi029 ceph-mon[28286]: from='mgr.14118 172.21.15.29:0/3425028100' entity='mgr.x'
2024-09-19T06:18:32.359 INFO:journalctl@ceph.mon.a.smithi029.stdout:Sep 19 06:18:32 smithi029 ceph-mon[28286]: pgmap v8: 0 pgs: ; 0 B data, 0 B used, 0 B / 0 B avail
2024-09-19T06:18:33.023 INFO:teuthology.orchestra.run.smithi029.stdout:/usr/bin/ceph: stderr
2024-09-19T06:18:32.172+0000 7f775b16b640 1 Processor -- start
2024-09-19T06:18:33.023 INFO:teuthology.orchestra.run.smithi029.stdout:/usr/bin/ceph: stderr
2024-09-19T06:18:32.173+0000 7f775b16b640 1 -- start start
2024-09-19T06:18:33.023 INFO:teuthology.orchestra.run.smithi029.stdout:/usr/bin/ceph: stderr
2024-09-19T06:18:32.173+0000 7f775b16b640 1 --2- >> [v2:172.21.15.29:3300/0,v1:172.21.15.29:6789/0] conn(0x7f7754106ac0 0x7f7754106ec0 unknown :-1 s=NONE pgs=0 cs=0 l=0 rev1=0 crypto rx=0 tx=0 comp rx=0 tx=0).connect
2024-09-19T06:18:33.023 INFO:teuthology.orchestra.run.smithi029.stdout:/usr/bin/ceph: stderr
2024-09-19T06:18:32.173+0000 7f775b16b640 1 -- --> [v2:172.21.15.29:3300/0,v1:172.21.15.29:6789/0] -- mon_getmap magic: 0 -- 0x7f7754107400 con 0x7f7754106ac0
2024-09-19T06:18:33.023 INFO:teuthology.orchestra.run.smithi029.stdout:/usr/bin/ceph: stderr
2024-09-19T06:18:32.173+0000 7f7758f07640 1 --2- >> [v2:172.21.15.29:3300/0,v1:172.21.15.29:6789/0] conn(0x7f7754106ac0 0x7f7754106ec0 unknown :-1 s=BANNER_CONNECTING pgs=0 cs=0 l=0 rev1=0 crypto rx=0 tx=0 comp rx=0 tx=0)._handle_peer_banner_payload supported=3 required=0
2024-09-19T06:18:33.024 INFO:teuthology.orchestra.run.smithi029.stdout:/usr/bin/ceph: stderr
2024-09-19T06:18:32.173+0000 7f7758f07640 1 --2- >> [v2:172.21.15.29:3300/0,v1:172.21.15.29:6789/0] conn(0x7f7754106ac0 0x7f7754106ec0 unknown :-1 s=HELLO_CONNECTING pgs=0 cs=0 l=0 rev1=1 crypto rx=0 tx=0 comp rx=0 tx=0).handle_hello peer v2:172.21.15.29:3300/0 says I am v2:172.21.15.29:48872/0 (socket says 172.21.15.29:48872)
2024-09-19T06:18:33.024 INFO:teuthology.orchestra.run.smithi029.stdout:/usr/bin/ceph: stderr
2024-09-19T06:18:32.173+0000 7f7758f07640 1 -- 172.21.15.29:0/3958422112 learned_addr learned my addr 172.21.15.29:0/3958422112 (peer_addr_for_me v2:172.21.15.29:0/0)
2024-09-19T06:18:33.024 INFO:teuthology.orchestra.run.smithi029.stdout:/usr/bin/ceph: stderr
2024-09-19T06:18:32.173+0000 7f7758f07640 1 -- 172.21.15.29:0/3958422112 --> [v2:172.21.15.29:3300/0,v1:172.21.15.29:6789/0] -- mon_subscribe({config=0+,monmap=0+}) -- 0x7f7754107580 con 0x7f7754106ac0
2024-09-19T06:18:33.024 INFO:teuthology.orchestra.run.smithi029.stdout:/usr/bin/ceph: stderr
2024-09-19T06:18:32.174+0000 7f7758f07640 1 --2- 172.21.15.29:0/3958422112 >> [v2:172.21.15.29:3300/0,v1:172.21.15.29:6789/0] conn(0x7f7754106ac0 0x7f7754106ec0 secure :-1 s=READY pgs=49 cs=0 l=1 rev1=1 crypto rx=0x7f7748009820 tx=0x7f774802a270 comp rx=0 tx=0).ready entity=mon.0 client_cookie=6f43ed936c36e183 server_cookie=0 in_seq=0 out_seq=0
2024-09-19T06:18:33.024 INFO:teuthology.orchestra.run.smithi029.stdout:/usr/bin/ceph: stderr
2024-09-19T06:18:32.174+0000 7f77537fe640 1 -- 172.21.15.29:0/3958422112 <== mon.0 v2:172.21.15.29:3300/0 1 ==== mon_map magic: 0 ==== 205+0+0 (secure 0 0 0) 0x7f7748037070 con 0x7f7754106ac0
2024-09-19T06:18:33.024 INFO:teuthology.orchestra.run.smithi029.stdout:/usr/bin/ceph: stderr
2024-09-19T06:18:32.174+0000 7f77537fe640 1 -- 172.21.15.29:0/3958422112 <== mon.0 v2:172.21.15.29:3300/0 2 ==== config(26 keys) ==== 1071+0+0 (secure 0 0 0) 0x7f77480328d0 con 0x7f7754106ac0
2024-09-19T06:18:33.024 INFO:teuthology.orchestra.run.smithi029.stdout:/usr/bin/ceph: stderr
2024-09-19T06:18:32.174+0000 7f77537fe640 1 -- 172.21.15.29:0/3958422112 <== mon.0 v2:172.21.15.29:3300/0 3 ==== mon_map magic: 0 ==== 205+0+0 (secure 0 0 0) 0x7f77480307d0 con 0x7f7754106ac0
2024-09-19T06:18:33.025 INFO:teuthology.orchestra.run.smithi029.stdout:/usr/bin/ceph: stderr
2024-09-19T06:18:32.175+0000 7f775b16b640 1 -- 172.21.15.29:0/3958422112 >> [v2:172.21.15.29:3300/0,v1:172.21.15.29:6789/0] conn(0x7f7754106ac0 msgr2=0x7f7754106ec0 secure :-1 s=STATE_CONNECTION_ESTABLISHED l=1).mark_down
2024-09-19T06:18:33.025 INFO:teuthology.orchestra.run.smithi029.stdout:/usr/bin/ceph: stderr
2024-09-19T06:18:32.175+0000 7f775b16b640 1 --2- 172.21.15.29:0/3958422112 >> [v2:172.21.15.29:3300/0,v1:172.21.15.29:6789/0] conn(0x7f7754106ac0 0x7f7754106ec0 secure :-1 s=READY pgs=49 cs=0 l=1 rev1=1 crypto rx=0x7f7748009820 tx=0x7f774802a270 comp rx=0 tx=0).stop
2024-09-19T06:18:33.025 INFO:teuthology.orchestra.run.smithi029.stdout:/usr/bin/ceph: stderr
2024-09-19T06:18:32.175+0000 7f775b16b640 1 -- 172.21.15.29:0/3958422112 shutdown_connections
2024-09-19T06:18:33.025 INFO:teuthology.orchestra.run.smithi029.stdout:/usr/bin/ceph: stderr
2024-09-19T06:18:32.175+0000 7f775b16b640 1 --2- 172.21.15.29:0/3958422112 >> [v2:172.21.15.29:3300/0,v1:172.21.15.29:6789/0] conn(0x7f7754106ac0 0x7f7754106ec0 unknown :-1 s=CLOSED pgs=49 cs=0 l=1 rev1=1 crypto rx=0 tx=0 comp rx=0 tx=0).stop
2024-09-19T06:18:33.025 INFO:teuthology.orchestra.run.smithi029.stdout:/usr/bin/ceph: stderr
2024-09-19T06:18:32.175+0000 7f775b16b640 1 -- 172.21.15.29:0/3958422112 >> 172.21.15.29:0/3958422112 conn(0x7f7754102330 msgr2=0x7f7754104750 unknown :-1 s=STATE_NONE l=0).mark_down
2024-09-19T06:18:33.025 INFO:teuthology.orchestra.run.smithi029.stdout:/usr/bin/ceph: stderr
2024-09-19T06:18:32.175+0000 7f775b16b640 1 -- 172.21.15.29:0/3958422112 shutdown_connections
2024-09-19T06:18:33.025 INFO:teuthology.orchestra.run.smithi029.stdout:/usr/bin/ceph: stderr
2024-09-19T06:18:32.175+0000 7f775b16b640 1 -- 172.21.15.29:0/3958422112 wait complete.
2024-09-19T06:18:33.025 INFO:teuthology.orchestra.run.smithi029.stdout:/usr/bin/ceph: stderr
2024-09-19T06:18:32.175+0000 7f775b16b640 1 Processor -- start
2024-09-19T06:18:33.025 INFO:teuthology.orchestra.run.smithi029.stdout:/usr/bin/ceph: stderr
2024-09-19T06:18:32.175+0000 7f775b16b640 1 -- start start
2024-09-19T06:18:33.025 INFO:teuthology.orchestra.run.smithi029.stdout:/usr/bin/ceph: stderr
2024-09-19T06:18:32.176+0000 7f775b16b640 1 --2- >> [v2:172.21.15.29:3300/0,v1:172.21.15.29:6789/0] conn(0x7f7754106ac0 0x7f775407c3f0 unknown :-1 s=NONE pgs=0 cs=0 l=1 rev1=0 crypto rx=0 tx=0 comp rx=0 tx=0).connect
2024-09-19T06:18:33.025 INFO:teuthology.orchestra.run.smithi029.stdout:/usr/bin/ceph: stderr
2024-09-19T06:18:32.176+0000 7f775b16b640 1 -- --> [v2:172.21.15.29:3300/0,v1:172.21.15.29:6789/0] -- mon_getmap magic: 0 -- 0x7f775410af30 con 0x7f7754106ac0
2024-09-19T06:18:33.025 INFO:teuthology.orchestra.run.smithi029.stdout:/usr/bin/ceph: stderr
2024-09-19T06:18:32.176+0000 7f7758f07640 1 --2- >> [v2:172.21.15.29:3300/0,v1:172.21.15.29:6789/0] conn(0x7f7754106ac0 0x7f775407c3f0 unknown :-1 s=BANNER_CONNECTING pgs=0 cs=0 l=1 rev1=0 crypto rx=0 tx=0 comp rx=0 tx=0)._handle_peer_banner_payload supported=3 required=0
2024-09-19T06:18:33.025 INFO:teuthology.orchestra.run.smithi029.stdout:/usr/bin/ceph: stderr
2024-09-19T06:18:32.176+0000 7f7758f07640 1 --2- >> [v2:172.21.15.29:3300/0,v1:172.21.15.29:6789/0] conn(0x7f7754106ac0 0x7f775407c3f0 unknown :-1 s=HELLO_CONNECTING pgs=0 cs=0 l=1 rev1=1 crypto rx=0 tx=0 comp rx=0 tx=0).handle_hello peer v2:172.21.15.29:3300/0 says I am v2:172.21.15.29:48874/0 (socket says 172.21.15.29:48874)
2024-09-19T06:18:33.026 INFO:teuthology.orchestra.run.smithi029.stdout:/usr/bin/ceph: stderr
2024-09-19T06:18:32.176+0000 7f7758f07640 1 -- 172.21.15.29:0/117870959 learned_addr learned my addr 172.21.15.29:0/117870959 (peer_addr_for_me v2:172.21.15.29:0/0)
2024-09-19T06:18:33.026 INFO:teuthology.orchestra.run.smithi029.stdout:/usr/bin/ceph: stderr
2024-09-19T06:18:32.176+0000 7f7758f07640 1 -- 172.21.15.29:0/117870959 --> [v2:172.21.15.29:3300/0,v1:172.21.15.29:6789/0] -- mon_subscribe({config=0+,monmap=0+}) -- 0x7f775407c930 con 0x7f7754106ac0
2024-09-19T06:18:33.026 INFO:teuthology.orchestra.run.smithi029.stdout:/usr/bin/ceph: stderr
2024-09-19T06:18:32.176+0000 7f7758f07640 1 --2- 172.21.15.29:0/117870959 >> [v2:172.21.15.29:3300/0,v1:172.21.15.29:6789/0] conn(0x7f7754106ac0 0x7f775407c3f0 secure :-1 s=READY pgs=50 cs=0 l=1 rev1=1 crypto rx=0x7f77480097f0 tx=0x7f7748030d00 comp rx=0 tx=0).ready entity=mon.0 client_cookie=0 server_cookie=0 in_seq=0 out_seq=0
2024-09-19T06:18:33.026 INFO:teuthology.orchestra.run.smithi029.stdout:/usr/bin/ceph: stderr
2024-09-19T06:18:32.176+0000 7f7751ffb640 1 -- 172.21.15.29:0/117870959 <== mon.0 v2:172.21.15.29:3300/0 1 ==== mon_map magic: 0 ==== 205+0+0 (secure 0 0 0) 0x7f7748037040 con 0x7f7754106ac0
2024-09-19T06:18:33.026 INFO:teuthology.orchestra.run.smithi029.stdout:/usr/bin/ceph: stderr
2024-09-19T06:18:32.176+0000 7f7751ffb640 1 -- 172.21.15.29:0/117870959 <== mon.0 v2:172.21.15.29:3300/0 2 ==== config(26 keys) ==== 1071+0+0 (secure 0 0 0) 0x7f7748032bb0 con 0x7f7754106ac0
2024-09-19T06:18:33.026 INFO:teuthology.orchestra.run.smithi029.stdout:/usr/bin/ceph: stderr
2024-09-19T06:18:32.176+0000 7f775b16b640 1 -- 172.21.15.29:0/117870959 --> [v2:172.21.15.29:3300/0,v1:172.21.15.29:6789/0] -- mon_subscribe({mgrmap=0+}) -- 0x7f775407ab20 con 0x7f7754106ac0
2024-09-19T06:18:33.026 INFO:teuthology.orchestra.run.smithi029.stdout:/usr/bin/ceph: stderr
2024-09-19T06:18:32.177+0000 7f7751ffb640 1 -- 172.21.15.29:0/117870959 <== mon.0 v2:172.21.15.29:3300/0 3 ==== mon_map magic: 0 ==== 205+0+0 (secure 0 0 0) 0x7f774803a390 con 0x7f7754106ac0
2024-09-19T06:18:33.026 INFO:teuthology.orchestra.run.smithi029.stdout:/usr/bin/ceph: stderr
2024-09-19T06:18:32.177+0000 7f775b16b640 1 -- 172.21.15.29:0/117870959 --> [v2:172.21.15.29:3300/0,v1:172.21.15.29:6789/0] -- mon_subscribe({osdmap=0}) -- 0x7f775407b060 con 0x7f7754106ac0
2024-09-19T06:18:33.026 INFO:teuthology.orchestra.run.smithi029.stdout:/usr/bin/ceph: stderr
2024-09-19T06:18:32.177+0000 7f7751ffb640 1 -- 172.21.15.29:0/117870959 <== mon.0 v2:172.21.15.29:3300/0 4 ==== mgrmap(e 8) ==== 46461+0+0 (secure 0 0 0) 0x7f774803b3f0 con 0x7f7754106ac0
2024-09-19T06:18:33.026 INFO:teuthology.orchestra.run.smithi029.stdout:/usr/bin/ceph: stderr
2024-09-19T06:18:32.178+0000 7f775b16b640 1 -- 172.21.15.29:0/117870959 --> [v2:172.21.15.29:3300/0,v1:172.21.15.29:6789/0] -- mon_command({"prefix": "get_command_descriptions"} v 0) -- 0x7f7754106f40 con 0x7f7754106ac0
2024-09-19T06:18:33.026 INFO:teuthology.orchestra.run.smithi029.stdout:/usr/bin/ceph: stderr
2024-09-19T06:18:32.178+0000 7f7751ffb640 1 --2- 172.21.15.29:0/117870959 >> [v2:172.21.15.29:6800/2601487572,v1:172.21.15.29:6801/2601487572] conn(0x7f7744039200 0x7f774403b6c0 unknown :-1 s=NONE pgs=0 cs=0 l=1 rev1=0 crypto rx=0 tx=0 comp rx=0 tx=0).connect
2024-09-19T06:18:33.026 INFO:teuthology.orchestra.run.smithi029.stdout:/usr/bin/ceph: stderr
2024-09-19T06:18:32.178+0000 7f7751ffb640 1 -- 172.21.15.29:0/117870959 <== mon.0 v2:172.21.15.29:3300/0 5 ==== osd_map(2..2 src has 1..2) ==== 940+0+0 (secure 0 0 0) 0x7f774806c4c0 con 0x7f7754106ac0
2024-09-19T06:18:33.026 INFO:teuthology.orchestra.run.smithi029.stdout:/usr/bin/ceph: stderr
2024-09-19T06:18:32.178+0000 7f7753fff640 1 --2- 172.21.15.29:0/117870959 >> [v2:172.21.15.29:6800/2601487572,v1:172.21.15.29:6801/2601487572] conn(0x7f7744039200 0x7f774403b6c0 unknown :-1 s=BANNER_CONNECTING pgs=0 cs=0 l=1 rev1=0 crypto rx=0 tx=0 comp rx=0 tx=0)._handle_peer_banner_payload supported=3 required=0
2024-09-19T06:18:33.027 INFO:teuthology.orchestra.run.smithi029.stdout:/usr/bin/ceph: stderr
2024-09-19T06:18:32.178+0000 7f7753fff640 1 --2- 172.21.15.29:0/117870959 >> [v2:172.21.15.29:6800/2601487572,v1:172.21.15.29:6801/2601487572] conn(0x7f7744039200 0x7f774403b6c0 secure :-1 s=READY pgs=15 cs=0 l=1 rev1=1 crypto rx=0x7f77400098c0 tx=0x7f7740006db0 comp rx=0 tx=0).ready entity=mgr.14118 client_cookie=0 server_cookie=0 in_seq=0 out_seq=0
2024-09-19T06:18:33.027 INFO:teuthology.orchestra.run.smithi029.stdout:/usr/bin/ceph: stderr
2024-09-19T06:18:32.183+0000 7f7751ffb640 1 -- 172.21.15.29:0/117870959 <== mon.0 v2:172.21.15.29:3300/0 6 ==== mon_command_ack([{"prefix": "get_command_descriptions"}]=0 v0) ==== 72+0+188913 (secure 0 0 0) 0x7f774803a5e0 con 0x7f7754106ac0
2024-09-19T06:18:33.027 INFO:teuthology.orchestra.run.smithi029.stdout:/usr/bin/ceph: stderr
2024-09-19T06:18:32.357+0000 7f775b16b640 1 -- 172.21.15.29:0/117870959 --> [v2:172.21.15.29:3300/0,v1:172.21.15.29:6789/0] -- mon_command([{prefix=config set, name=mgr/cephadm/container_init}] v 0) -- 0x7f775407b2e0 con 0x7f7754106ac0
2024-09-19T06:18:33.027 INFO:teuthology.orchestra.run.smithi029.stdout:/usr/bin/ceph: stderr
2024-09-19T06:18:32.360+0000 7f7751ffb640 1 -- 172.21.15.29:0/117870959 <== mon.0 v2:172.21.15.29:3300/0 7 ==== mon_command_ack([{prefix=config set, name=mgr/cephadm/container_init}]=0 v6)=0 v6) ==== 142+0+0 (secure 0 0 0) 0x7f7748031ca0 con 0x7f7754106ac0
2024-09-19T06:18:33.027 INFO:teuthology.orchestra.run.smithi029.stdout:/usr/bin/ceph: stderr
2024-09-19T06:18:32.362+0000 7f775b16b640 1 -- 172.21.15.29:0/117870959 >> [v2:172.21.15.29:6800/2601487572,v1:172.21.15.29:6801/2601487572] conn(0x7f7744039200 msgr2=0x7f774403b6c0 secure :-1 s=STATE_CONNECTION_ESTABLISHED l=1).mark_down
2024-09-19T06:18:33.027 INFO:teuthology.orchestra.run.smithi029.stdout:/usr/bin/ceph: stderr
2024-09-19T06:18:32.362+0000 7f775b16b640 1 --2- 172.21.15.29:0/117870959 >> [v2:172.21.15.29:6800/2601487572,v1:172.21.15.29:6801/2601487572] conn(0x7f7744039200 0x7f774403b6c0 secure :-1 s=READY pgs=15 cs=0 l=1 rev1=1 crypto rx=0x7f77400098c0 tx=0x7f7740006db0 comp rx=0 tx=0).stop
2024-09-19T06:18:33.027 INFO:teuthology.orchestra.run.smithi029.stdout:/usr/bin/ceph: stderr
2024-09-19T06:18:32.362+0000 7f775b16b640 1 -- 172.21.15.29:0/117870959 >> [v2:172.21.15.29:3300/0,v1:172.21.15.29:6789/0] conn(0x7f7754106ac0 msgr2=0x7f775407c3f0 secure :-1 s=STATE_CONNECTION_ESTABLISHED l=1).mark_down
2024-09-19T06:18:33.027 INFO:teuthology.orchestra.run.smithi029.stdout:/usr/bin/ceph: stderr
2024-09-19T06:18:32.362+0000 7f775b16b640 1 --2- 172.21.15.29:0/117870959 >> [v2:172.21.15.29:3300/0,v1:172.21.15.29:6789/0] conn(0x7f7754106ac0 0x7f775407c3f0 secure :-1 s=READY pgs=50 cs=0 l=1 rev1=1 crypto rx=0x7f77480097f0 tx=0x7f7748030d00 comp rx=0 tx=0).stop
2024-09-19T06:18:33.027 INFO:teuthology.orchestra.run.smithi029.stdout:/usr/bin/ceph: stderr
2024-09-19T06:18:32.362+0000 7f775b16b640 1 -- 172.21.15.29:0/117870959 shutdown_connections
2024-09-19T06:18:33.027 INFO:teuthology.orchestra.run.smithi029.stdout:/usr/bin/ceph: stderr
2024-09-19T06:18:32.362+0000 7f775b16b640 1 --2- 172.21.15.29:0/117870959 >> [v2:172.21.15.29:6800/2601487572,v1:172.21.15.29:6801/2601487572] conn(0x7f7744039200 0x7f774403b6c0 unknown :-1 s=CLOSED pgs=15 cs=0 l=1 rev1=1 crypto rx=0 tx=0 comp rx=0 tx=0).stop
2024-09-19T06:18:33.027 INFO:teuthology.orchestra.run.smithi029.stdout:/usr/bin/ceph: stderr
2024-09-19T06:18:32.362+0000 7f775b16b640 1 --2- 172.21.15.29:0/117870959 >> [v2:172.21.15.29:3300/0,v1:172.21.15.29:6789/0] conn(0x7f7754106ac0 0x7f775407c3f0 unknown :-1 s=CLOSED pgs=50 cs=0 l=1 rev1=1 crypto rx=0 tx=0 comp rx=0 tx=0).stop
2024-09-19T06:18:33.027 INFO:teuthology.orchestra.run.smithi029.stdout:/usr/bin/ceph: stderr
2024-09-19T06:18:32.362+0000 7f775b16b640 1 -- 172.21.15.29:0/117870959 >> 172.21.15.29:0/117870959 conn(0x7f7754102330 msgr2=0x7f7754102ec0 unknown :-1 s=STATE_NONE l=0).mark_down
2024-09-19T06:18:33.028 INFO:teuthology.orchestra.run.smithi029.stdout:/usr/bin/ceph: stderr
2024-09-19T06:18:32.362+0000 7f775b16b640 1 -- 172.21.15.29:0/117870959 shutdown_connections
2024-09-19T06:18:33.028 INFO:teuthology.orchestra.run.smithi029.stdout:/usr/bin/ceph: stderr
2024-09-19T06:18:32.363+0000 7f775b16b640 1 -- 172.21.15.29:0/117870959 wait complete.
2024-09-19T06:18:33.541 INFO:journalctl@ceph.mon.a.smithi029.stdout:Sep 19 06:18:33 smithi029 ceph-mon[28286]: from='client.? 172.21.15.29:0/117870959' entity='client.admin'
2024-09-19T06:18:34.791 INFO:journalctl@ceph.mon.a.smithi029.stdout:Sep 19 06:18:34 smithi029 ceph-mon[28286]: pgmap v9: 0 pgs: ; 0 B data, 0 B used, 0 B / 0 B avail
2024-09-19T06:18:34.791 INFO:journalctl@ceph.mon.a.smithi029.stdout:Sep 19 06:18:34 smithi029 ceph-mon[28286]: from='mgr.14118 172.21.15.29:0/3425028100' entity='mgr.x'
2024-09-19T06:18:34.791 INFO:journalctl@ceph.mon.a.smithi029.stdout:Sep 19 06:18:34 smithi029 ceph-mon[28286]: from='mgr.14118 172.21.15.29:0/3425028100' entity='mgr.x'
2024-09-19T06:18:35.060 INFO:teuthology.orchestra.run.smithi029.stdout:/usr/bin/ceph: stderr
2024-09-19T06:18:34.275+0000 7f25b29bf640 1 Processor -- start
2024-09-19T06:18:35.060 INFO:teuthology.orchestra.run.smithi029.stdout:/usr/bin/ceph: stderr
2024-09-19T06:18:34.275+0000 7f25b29bf640 1 -- start start
2024-09-19T06:18:35.061 INFO:teuthology.orchestra.run.smithi029.stdout:/usr/bin/ceph: stderr
2024-09-19T06:18:34.275+0000 7f25b29bf640 1 --2- >> [v2:172.21.15.29:3300/0,v1:172.21.15.29:6789/0] conn(0x7f25ac106ac0 0x7f25ac106ec0 unknown :-1 s=NONE pgs=0 cs=0 l=0 rev1=0 crypto rx=0 tx=0 comp rx=0 tx=0).connect
2024-09-19T06:18:35.061 INFO:teuthology.orchestra.run.smithi029.stdout:/usr/bin/ceph: stderr
2024-09-19T06:18:34.275+0000 7f25b29bf640 1 -- --> [v2:172.21.15.29:3300/0,v1:172.21.15.29:6789/0] -- mon_getmap magic: 0 -- 0x7f25ac107400 con 0x7f25ac106ac0
2024-09-19T06:18:35.061 INFO:teuthology.orchestra.run.smithi029.stdout:/usr/bin/ceph: stderr
2024-09-19T06:18:34.276+0000 7f25abfff640 1 --2- >> [v2:172.21.15.29:3300/0,v1:172.21.15.29:6789/0] conn(0x7f25ac106ac0 0x7f25ac106ec0 unknown :-1 s=BANNER_CONNECTING pgs=0 cs=0 l=0 rev1=0 crypto rx=0 tx=0 comp rx=0 tx=0)._handle_peer_banner_payload supported=3 required=0
2024-09-19T06:18:35.061 INFO:teuthology.orchestra.run.smithi029.stdout:/usr/bin/ceph: stderr
2024-09-19T06:18:34.276+0000 7f25abfff640 1 --2- >> [v2:172.21.15.29:3300/0,v1:172.21.15.29:6789/0] conn(0x7f25ac106ac0 0x7f25ac106ec0 unknown :-1 s=HELLO_CONNECTING pgs=0 cs=0 l=0 rev1=1 crypto rx=0 tx=0 comp rx=0 tx=0).handle_hello peer v2:172.21.15.29:3300/0 says I am v2:172.21.15.29:48884/0 (socket says 172.21.15.29:48884)
2024-09-19T06:18:35.061 INFO:teuthology.orchestra.run.smithi029.stdout:/usr/bin/ceph: stderr
2024-09-19T06:18:34.276+0000 7f25abfff640 1 -- 172.21.15.29:0/912899956 learned_addr learned my addr 172.21.15.29:0/912899956 (peer_addr_for_me v2:172.21.15.29:0/0)
2024-09-19T06:18:35.061 INFO:teuthology.orchestra.run.smithi029.stdout:/usr/bin/ceph: stderr
2024-09-19T06:18:34.276+0000 7f25abfff640 1 -- 172.21.15.29:0/912899956 --> [v2:172.21.15.29:3300/0,v1:172.21.15.29:6789/0] -- mon_subscribe({config=0+,monmap=0+}) -- 0x7f25ac107580 con 0x7f25ac106ac0
2024-09-19T06:18:35.061 INFO:teuthology.orchestra.run.smithi029.stdout:/usr/bin/ceph: stderr
2024-09-19T06:18:34.277+0000 7f25abfff640 1 --2- 172.21.15.29:0/912899956 >> [v2:172.21.15.29:3300/0,v1:172.21.15.29:6789/0] conn(0x7f25ac106ac0 0x7f25ac106ec0 secure :-1 s=READY pgs=51 cs=0 l=1 rev1=1 crypto rx=0x7f259c009820 tx=0x7f259c02a270 comp rx=0 tx=0).ready entity=mon.0 client_cookie=298d7489e586fbd0 server_cookie=0 in_seq=0 out_seq=0
2024-09-19T06:18:35.061 INFO:teuthology.orchestra.run.smithi029.stdout:/usr/bin/ceph: stderr
2024-09-19T06:18:34.277+0000 7f25aaffd640 1 -- 172.21.15.29:0/912899956 <== mon.0 v2:172.21.15.29:3300/0 1 ==== mon_map magic: 0 ==== 205+0+0 (secure 0 0 0) 0x7f259c037070 con 0x7f25ac106ac0
2024-09-19T06:18:35.061 INFO:teuthology.orchestra.run.smithi029.stdout:/usr/bin/ceph: stderr
2024-09-19T06:18:34.277+0000 7f25aaffd640 1 -- 172.21.15.29:0/912899956 <== mon.0 v2:172.21.15.29:3300/0 2 ==== config(26 keys) ==== 1102+0+0 (secure 0 0 0) 0x7f259c0328f0 con 0x7f25ac106ac0
2024-09-19T06:18:35.061 INFO:teuthology.orchestra.run.smithi029.stdout:/usr/bin/ceph: stderr
2024-09-19T06:18:34.277+0000 7f25aaffd640 1 -- 172.21.15.29:0/912899956 <== mon.0 v2:172.21.15.29:3300/0 3 ==== mon_map magic: 0 ==== 205+0+0 (secure 0 0 0) 0x7f259c030740 con 0x7f25ac106ac0
2024-09-19T06:18:35.061 INFO:teuthology.orchestra.run.smithi029.stdout:/usr/bin/ceph: stderr
2024-09-19T06:18:34.277+0000 7f25b29bf640 1 -- 172.21.15.29:0/912899956 >> [v2:172.21.15.29:3300/0,v1:172.21.15.29:6789/0] conn(0x7f25ac106ac0 msgr2=0x7f25ac106ec0 secure :-1 s=STATE_CONNECTION_ESTABLISHED l=1).mark_down
2024-09-19T06:18:35.061 INFO:teuthology.orchestra.run.smithi029.stdout:/usr/bin/ceph: stderr
2024-09-19T06:18:34.277+0000 7f25b29bf640 1 --2- 172.21.15.29:0/912899956 >> [v2:172.21.15.29:3300/0,v1:172.21.15.29:6789/0] conn(0x7f25ac106ac0 0x7f25ac106ec0 secure :-1 s=READY pgs=51 cs=0 l=1 rev1=1 crypto rx=0x7f259c009820 tx=0x7f259c02a270 comp rx=0 tx=0).stop
2024-09-19T06:18:35.061 INFO:teuthology.orchestra.run.smithi029.stdout:/usr/bin/ceph: stderr
2024-09-19T06:18:34.278+0000 7f25b29bf640 1 -- 172.21.15.29:0/912899956 shutdown_connections
2024-09-19T06:18:35.062 INFO:teuthology.orchestra.run.smithi029.stdout:/usr/bin/ceph: stderr
2024-09-19T06:18:34.278+0000 7f25b29bf640 1 --2- 172.21.15.29:0/912899956 >> [v2:172.21.15.29:3300/0,v1:172.21.15.29:6789/0] conn(0x7f25ac106ac0 0x7f25ac106ec0 unknown :-1 s=CLOSED pgs=51 cs=0 l=1 rev1=1 crypto rx=0 tx=0 comp rx=0 tx=0).stop
2024-09-19T06:18:35.062 INFO:teuthology.orchestra.run.smithi029.stdout:/usr/bin/ceph: stderr
2024-09-19T06:18:34.278+0000 7f25b29bf640 1 -- 172.21.15.29:0/912899956 >> 172.21.15.29:0/912899956 conn(0x7f25ac102330 msgr2=0x7f25ac104750 unknown :-1 s=STATE_NONE l=0).mark_down
2024-09-19T06:18:35.062 INFO:teuthology.orchestra.run.smithi029.stdout:/usr/bin/ceph: stderr
2024-09-19T06:18:34.278+0000 7f25b29bf640 1 -- 172.21.15.29:0/912899956 shutdown_connections
2024-09-19T06:18:35.062 INFO:teuthology.orchestra.run.smithi029.stdout:/usr/bin/ceph: stderr
2024-09-19T06:18:34.278+0000 7f25b29bf640 1 -- 172.21.15.29:0/912899956 wait complete.
2024-09-19T06:18:35.062 INFO:teuthology.orchestra.run.smithi029.stdout:/usr/bin/ceph: stderr
2024-09-19T06:18:34.278+0000 7f25b29bf640 1 Processor -- start
2024-09-19T06:18:35.062 INFO:teuthology.orchestra.run.smithi029.stdout:/usr/bin/ceph: stderr
2024-09-19T06:18:34.278+0000 7f25b29bf640 1 -- start start
2024-09-19T06:18:35.062 INFO:teuthology.orchestra.run.smithi029.stdout:/usr/bin/ceph: stderr
2024-09-19T06:18:34.279+0000 7f25b29bf640 1 --2- >> [v2:172.21.15.29:3300/0,v1:172.21.15.29:6789/0] conn(0x7f25ac106ac0 0x7f25ac07c3f0 unknown :-1 s=NONE pgs=0 cs=0 l=1 rev1=0 crypto rx=0 tx=0 comp rx=0 tx=0).connect
2024-09-19T06:18:35.062 INFO:teuthology.orchestra.run.smithi029.stdout:/usr/bin/ceph: stderr
2024-09-19T06:18:34.279+0000 7f25b29bf640 1 -- --> [v2:172.21.15.29:3300/0,v1:172.21.15.29:6789/0] -- mon_getmap magic: 0 -- 0x7f25ac10af30 con 0x7f25ac106ac0
2024-09-19T06:18:35.062 INFO:teuthology.orchestra.run.smithi029.stdout:/usr/bin/ceph: stderr
2024-09-19T06:18:34.279+0000 7f25abfff640 1 --2- >> [v2:172.21.15.29:3300/0,v1:172.21.15.29:6789/0] conn(0x7f25ac106ac0 0x7f25ac07c3f0 unknown :-1 s=BANNER_CONNECTING pgs=0 cs=0 l=1 rev1=0 crypto rx=0 tx=0 comp rx=0 tx=0)._handle_peer_banner_payload supported=3 required=0
2024-09-19T06:18:35.062 INFO:teuthology.orchestra.run.smithi029.stdout:/usr/bin/ceph: stderr
2024-09-19T06:18:34.279+0000 7f25abfff640 1 --2- >> [v2:172.21.15.29:3300/0,v1:172.21.15.29:6789/0] conn(0x7f25ac106ac0 0x7f25ac07c3f0 unknown :-1 s=HELLO_CONNECTING pgs=0 cs=0 l=1 rev1=1 crypto rx=0 tx=0 comp rx=0 tx=0).handle_hello peer v2:172.21.15.29:3300/0 says I am v2:172.21.15.29:48896/0 (socket says 172.21.15.29:48896)
2024-09-19T06:18:35.063 INFO:teuthology.orchestra.run.smithi029.stdout:/usr/bin/ceph: stderr
2024-09-19T06:18:34.279+0000 7f25abfff640 1 -- 172.21.15.29:0/4024386535 learned_addr learned my addr 172.21.15.29:0/4024386535 (peer_addr_for_me v2:172.21.15.29:0/0)
2024-09-19T06:18:35.063 INFO:teuthology.orchestra.run.smithi029.stdout:/usr/bin/ceph: stderr
2024-09-19T06:18:34.279+0000 7f25abfff640 1 -- 172.21.15.29:0/4024386535 --> [v2:172.21.15.29:3300/0,v1:172.21.15.29:6789/0] -- mon_subscribe({config=0+,monmap=0+}) -- 0x7f25ac07c930 con 0x7f25ac106ac0
2024-09-19T06:18:35.063 INFO:teuthology.orchestra.run.smithi029.stdout:/usr/bin/ceph: stderr
2024-09-19T06:18:34.279+0000 7f25abfff640 1 --2- 172.21.15.29:0/4024386535 >> [v2:172.21.15.29:3300/0,v1:172.21.15.29:6789/0] conn(0x7f25ac106ac0 0x7f25ac07c3f0 secure :-1 s=READY pgs=52 cs=0 l=1 rev1=1 crypto rx=0x7f259c0097f0 tx=0x7f259c030c70 comp rx=0 tx=0).ready entity=mon.0 client_cookie=0 server_cookie=0 in_seq=0 out_seq=0
2024-09-19T06:18:35.063 INFO:teuthology.orchestra.run.smithi029.stdout:/usr/bin/ceph: stderr
2024-09-19T06:18:34.279+0000 7f25a97fa640 1 -- 172.21.15.29:0/4024386535 <== mon.0 v2:172.21.15.29:3300/0 1 ==== mon_map magic: 0 ==== 205+0+0 (secure 0 0 0) 0x7f259c042070 con 0x7f25ac106ac0
2024-09-19T06:18:35.063 INFO:teuthology.orchestra.run.smithi029.stdout:/usr/bin/ceph: stderr
2024-09-19T06:18:34.279+0000 7f25a97fa640 1 -- 172.21.15.29:0/4024386535 <== mon.0 v2:172.21.15.29:3300/0 2 ==== config(26 keys) ==== 1102+0+0 (secure 0 0 0) 0x7f259c030d80 con 0x7f25ac106ac0
2024-09-19T06:18:35.063 INFO:teuthology.orchestra.run.smithi029.stdout:/usr/bin/ceph: stderr
2024-09-19T06:18:34.279+0000 7f25b29bf640 1 -- 172.21.15.29:0/4024386535 --> [v2:172.21.15.29:3300/0,v1:172.21.15.29:6789/0] -- mon_subscribe({mgrmap=0+}) -- 0x7f25ac07ab20 con 0x7f25ac106ac0
2024-09-19T06:18:35.063 INFO:teuthology.orchestra.run.smithi029.stdout:/usr/bin/ceph: stderr
2024-09-19T06:18:34.279+0000 7f25a97fa640 1 -- 172.21.15.29:0/4024386535 <== mon.0 v2:172.21.15.29:3300/0 3 ==== mon_map magic: 0 ==== 205+0+0 (secure 0 0 0) 0x7f259c037040 con 0x7f25ac106ac0
2024-09-19T06:18:35.063 INFO:teuthology.orchestra.run.smithi029.stdout:/usr/bin/ceph: stderr
2024-09-19T06:18:34.279+0000 7f25b29bf640 1 -- 172.21.15.29:0/4024386535 --> [v2:172.21.15.29:3300/0,v1:172.21.15.29:6789/0] -- mon_subscribe({osdmap=0}) -- 0x7f25ac07b060 con 0x7f25ac106ac0
2024-09-19T06:18:35.063 INFO:teuthology.orchestra.run.smithi029.stdout:/usr/bin/ceph: stderr
2024-09-19T06:18:34.280+0000 7f25a97fa640 1 -- 172.21.15.29:0/4024386535 <== mon.0 v2:172.21.15.29:3300/0 4 ==== mgrmap(e 8) ==== 46461+0+0 (secure 0 0 0) 0x7f259c045070 con 0x7f25ac106ac0
2024-09-19T06:18:35.063 INFO:teuthology.orchestra.run.smithi029.stdout:/usr/bin/ceph: stderr
2024-09-19T06:18:34.281+0000 7f25b29bf640 1 -- 172.21.15.29:0/4024386535 --> [v2:172.21.15.29:3300/0,v1:172.21.15.29:6789/0] -- mon_command({"prefix": "get_command_descriptions"} v 0) -- 0x7f25ac106ec0 con 0x7f25ac106ac0
2024-09-19T06:18:35.063 INFO:teuthology.orchestra.run.smithi029.stdout:/usr/bin/ceph: stderr
2024-09-19T06:18:34.281+0000 7f25a97fa640 1 --2- 172.21.15.29:0/4024386535 >> [v2:172.21.15.29:6800/2601487572,v1:172.21.15.29:6801/2601487572] conn(0x7f2594039200 0x7f259403b6c0 unknown :-1 s=NONE pgs=0 cs=0 l=1 rev1=0 crypto rx=0 tx=0 comp rx=0 tx=0).connect
2024-09-19T06:18:35.063 INFO:teuthology.orchestra.run.smithi029.stdout:/usr/bin/ceph: stderr
2024-09-19T06:18:34.281+0000 7f25a97fa640 1 -- 172.21.15.29:0/4024386535 <== mon.0 v2:172.21.15.29:3300/0 5 ==== osd_map(2..2 src has 1..2) ==== 940+0+0 (secure 0 0 0) 0x7f259c06c470 con 0x7f25ac106ac0
2024-09-19T06:18:35.064 INFO:teuthology.orchestra.run.smithi029.stdout:/usr/bin/ceph: stderr
2024-09-19T06:18:34.281+0000 7f25ab7fe640 1 --2- 172.21.15.29:0/4024386535 >> [v2:172.21.15.29:6800/2601487572,v1:172.21.15.29:6801/2601487572] conn(0x7f2594039200 0x7f259403b6c0 unknown :-1 s=BANNER_CONNECTING pgs=0 cs=0 l=1 rev1=0 crypto rx=0 tx=0 comp rx=0 tx=0)._handle_peer_banner_payload supported=3 required=0
2024-09-19T06:18:35.064 INFO:teuthology.orchestra.run.smithi029.stdout:/usr/bin/ceph: stderr
2024-09-19T06:18:34.281+0000 7f25ab7fe640 1 --2- 172.21.15.29:0/4024386535 >> [v2:172.21.15.29:6800/2601487572,v1:172.21.15.29:6801/2601487572] conn(0x7f2594039200 0x7f259403b6c0 secure :-1 s=READY pgs=16 cs=0 l=1 rev1=1 crypto rx=0x7f25a00098c0 tx=0x7f25a0006db0 comp rx=0 tx=0).ready entity=mgr.14118 client_cookie=0 server_cookie=0 in_seq=0 out_seq=0
2024-09-19T06:18:35.064 INFO:teuthology.orchestra.run.smithi029.stdout:/usr/bin/ceph: stderr
2024-09-19T06:18:34.286+0000 7f25a97fa640 1 -- 172.21.15.29:0/4024386535 <== mon.0 v2:172.21.15.29:3300/0 6 ==== mon_command_ack([{"prefix": "get_command_descriptions"}]=0 v0) ==== 72+0+188913 (secure 0 0 0) 0x7f259c03add0 con 0x7f25ac106ac0
2024-09-19T06:18:35.064 INFO:teuthology.orchestra.run.smithi029.stdout:/usr/bin/ceph: stderr
2024-09-19T06:18:34.468+0000 7f25b29bf640 1 -- 172.21.15.29:0/4024386535 --> [v2:172.21.15.29:3300/0,v1:172.21.15.29:6789/0] -- mon_command([{prefix=config set, name=mgr/dashboard/ssl_server_port}] v 0) -- 0x7f25ac07b870 con 0x7f25ac106ac0
2024-09-19T06:18:35.064 INFO:teuthology.orchestra.run.smithi029.stdout:/usr/bin/ceph: stderr
2024-09-19T06:18:34.471+0000 7f25a97fa640 1 -- 172.21.15.29:0/4024386535 <== mon.0 v2:172.21.15.29:3300/0 7 ==== mon_command_ack([{prefix=config set, name=mgr/dashboard/ssl_server_port}]=0 v8)=0 v8) ==== 130+0+0 (secure 0 0 0) 0x7f259c045520 con 0x7f25ac106ac0
2024-09-19T06:18:35.064 INFO:teuthology.orchestra.run.smithi029.stdout:/usr/bin/ceph: stderr
2024-09-19T06:18:34.474+0000 7f25b29bf640 1 -- 172.21.15.29:0/4024386535 >> [v2:172.21.15.29:6800/2601487572,v1:172.21.15.29:6801/2601487572] conn(0x7f2594039200 msgr2=0x7f259403b6c0 secure :-1 s=STATE_CONNECTION_ESTABLISHED l=1).mark_down
2024-09-19T06:18:35.064 INFO:teuthology.orchestra.run.smithi029.stdout:/usr/bin/ceph: stderr
2024-09-19T06:18:34.474+0000 7f25b29bf640 1 --2- 172.21.15.29:0/4024386535 >> [v2:172.21.15.29:6800/2601487572,v1:172.21.15.29:6801/2601487572] conn(0x7f2594039200 0x7f259403b6c0 secure :-1 s=READY pgs=16 cs=0 l=1 rev1=1 crypto rx=0x7f25a00098c0 tx=0x7f25a0006db0 comp rx=0 tx=0).stop
2024-09-19T06:18:35.064 INFO:teuthology.orchestra.run.smithi029.stdout:/usr/bin/ceph: stderr
2024-09-19T06:18:34.474+0000 7f25b29bf640 1 -- 172.21.15.29:0/4024386535 >> [v2:172.21.15.29:3300/0,v1:172.21.15.29:6789/0] conn(0x7f25ac106ac0 msgr2=0x7f25ac07c3f0 secure :-1 s=STATE_CONNECTION_ESTABLISHED l=1).mark_down
2024-09-19T06:18:35.064 INFO:teuthology.orchestra.run.smithi029.stdout:/usr/bin/ceph: stderr
2024-09-19T06:18:34.474+0000 7f25b29bf640 1 --2- 172.21.15.29:0/4024386535 >> [v2:172.21.15.29:3300/0,v1:172.21.15.29:6789/0] conn(0x7f25ac106ac0 0x7f25ac07c3f0 secure :-1 s=READY pgs=52 cs=0 l=1 rev1=1 crypto rx=0x7f259c0097f0 tx=0x7f259c030c70 comp rx=0 tx=0).stop
2024-09-19T06:18:35.064 INFO:teuthology.orchestra.run.smithi029.stdout:/usr/bin/ceph: stderr
2024-09-19T06:18:34.474+0000 7f25b29bf640 1 -- 172.21.15.29:0/4024386535 shutdown_connections
2024-09-19T06:18:35.064 INFO:teuthology.orchestra.run.smithi029.stdout:/usr/bin/ceph: stderr
2024-09-19T06:18:34.474+0000 7f25b29bf640 1 --2- 172.21.15.29:0/4024386535 >> [v2:172.21.15.29:6800/2601487572,v1:172.21.15.29:6801/2601487572] conn(0x7f2594039200 0x7f259403b6c0 unknown :-1 s=CLOSED pgs=16 cs=0 l=1 rev1=1 crypto rx=0 tx=0 comp rx=0 tx=0).stop
2024-09-19T06:18:35.064 INFO:teuthology.orchestra.run.smithi029.stdout:/usr/bin/ceph: stderr
2024-09-19T06:18:34.474+0000 7f25b29bf640 1 --2- 172.21.15.29:0/4024386535 >> [v2:172.21.15.29:3300/0,v1:172.21.15.29:6789/0] conn(0x7f25ac106ac0 0x7f25ac07c3f0 unknown :-1 s=CLOSED pgs=52 cs=0 l=1 rev1=1 crypto rx=0 tx=0 comp rx=0 tx=0).stop
2024-09-19T06:18:35.065 INFO:teuthology.orchestra.run.smithi029.stdout:/usr/bin/ceph: stderr
2024-09-19T06:18:34.474+0000 7f25b29bf640 1 -- 172.21.15.29:0/4024386535 >> 172.21.15.29:0/4024386535 conn(0x7f25ac102330 msgr2=0x7f25ac102e90 unknown :-1 s=STATE_NONE l=0).mark_down
2024-09-19T06:18:35.065 INFO:teuthology.orchestra.run.smithi029.stdout:/usr/bin/ceph: stderr
2024-09-19T06:18:34.474+0000 7f25b29bf640 1 -- 172.21.15.29:0/4024386535 shutdown_connections
2024-09-19T06:18:35.065 INFO:teuthology.orchestra.run.smithi029.stdout:/usr/bin/ceph: stderr
2024-09-19T06:18:34.474+0000 7f25b29bf640 1 -- 172.21.15.29:0/4024386535 wait complete.
2024-09-19T06:18:35.065 INFO:teuthology.orchestra.run.smithi029.stdout:Enabling the dashboard module...
2024-09-19T06:18:35.757 INFO:journalctl@ceph.mon.a.smithi029.stdout:Sep 19 06:18:35 smithi029 ceph-mon[28286]: from='client.? 172.21.15.29:0/4024386535' entity='client.admin'
2024-09-19T06:18:36.791 INFO:journalctl@ceph.mon.a.smithi029.stdout:Sep 19 06:18:36 smithi029 ceph-mon[28286]: pgmap v10: 0 pgs: ; 0 B data, 0 B used, 0 B / 0 B avail
2024-09-19T06:18:36.791 INFO:journalctl@ceph.mon.a.smithi029.stdout:Sep 19 06:18:36 smithi029 ceph-mon[28286]: from='client.? 172.21.15.29:0/1179075334' entity='client.admin' cmd=[{"prefix": "mgr module enable", "module": "dashboard"}]: dispatch
2024-09-19T06:18:36.791 INFO:journalctl@ceph.mon.a.smithi029.stdout:Sep 19 06:18:36 smithi029 ceph-mon[28286]: from='mgr.14118 172.21.15.29:0/3425028100' entity='mgr.x'
2024-09-19T06:18:36.792 INFO:journalctl@ceph.mgr.x.smithi029.stdout:Sep 19 06:18:36 smithi029 ceph-c62668f4-764e-11ef-bceb-c7b262605968-mgr-x[28514]: ignoring --setuser ceph since I am not root
2024-09-19T06:18:36.792 INFO:journalctl@ceph.mgr.x.smithi029.stdout:Sep 19 06:18:36 smithi029 ceph-c62668f4-764e-11ef-bceb-c7b262605968-mgr-x[28514]: ignoring --setgroup ceph since I am not root
2024-09-19T06:18:36.792 INFO:journalctl@ceph.mgr.x.smithi029.stdout:Sep 19 06:18:36 smithi029 ceph-c62668f4-764e-11ef-bceb-c7b262605968-mgr-x[28514]:
2024-09-19T06:18:36.648+0000 7fd6dffc3040 -1 mgr[py] Module osd_perf_query has missing NOTIFY_TYPES member
2024-09-19T06:18:36.792 INFO:journalctl@ceph.mgr.x.smithi029.stdout:Sep 19 06:18:36 smithi029 ceph-c62668f4-764e-11ef-bceb-c7b262605968-mgr-x[28514]:
2024-09-19T06:18:36.711+0000 7fd6dffc3040 -1 mgr[py] Module osd_support has missing NOTIFY_TYPES member
2024-09-19T06:18:37.097 INFO:journalctl@ceph.mgr.x.smithi029.stdout:Sep 19 06:18:36 smithi029 ceph-c62668f4-764e-11ef-bceb-c7b262605968-mgr-x[28514]:
2024-09-19T06:18:36.871+0000 7fd6dffc3040 -1 mgr[py] Module diskprediction_local has missing NOTIFY_TYPES member
2024-09-19T06:18:37.097 INFO:journalctl@ceph.mgr.x.smithi029.stdout:Sep 19 06:18:36 smithi029 ceph-c62668f4-764e-11ef-bceb-c7b262605968-mgr-x[28514]:
2024-09-19T06:18:36.940+0000 7fd6dffc3040 -1 mgr[py] Module crash has missing NOTIFY_TYPES member
2024-09-19T06:18:37.098 INFO:journalctl@ceph.mgr.x.smithi029.stdout:Sep 19 06:18:37 smithi029 ceph-c62668f4-764e-11ef-bceb-c7b262605968-mgr-x[28514]:
2024-09-19T06:18:37.096+0000 7fd6dffc3040 -1 mgr[py] Module test_orchestrator has missing NOTIFY_TYPES member
2024-09-19T06:18:37.119 INFO:teuthology.orchestra.run.smithi029.stdout:/usr/bin/ceph: stderr
2024-09-19T06:18:35.501+0000 7ffaaa8e2640 1 Processor -- start
2024-09-19T06:18:37.120 INFO:teuthology.orchestra.run.smithi029.stdout:/usr/bin/ceph: stderr
2024-09-19T06:18:35.501+0000 7ffaaa8e2640 1 -- start start
2024-09-19T06:18:37.120 INFO:teuthology.orchestra.run.smithi029.stdout:/usr/bin/ceph: stderr
2024-09-19T06:18:35.501+0000 7ffaaa8e2640 1 --2- >> [v2:172.21.15.29:3300/0,v1:172.21.15.29:6789/0] conn(0x7ffaa4107540 0x7ffaa4109930 unknown :-1 s=NONE pgs=0 cs=0 l=0 rev1=0 crypto rx=0 tx=0 comp rx=0 tx=0).connect
2024-09-19T06:18:37.120 INFO:teuthology.orchestra.run.smithi029.stdout:/usr/bin/ceph: stderr
2024-09-19T06:18:35.501+0000 7ffaaa8e2640 1 -- --> [v2:172.21.15.29:3300/0,v1:172.21.15.29:6789/0] -- mon_getmap magic: 0 -- 0x7ffaa407a730 con 0x7ffaa4107540
2024-09-19T06:18:37.120 INFO:teuthology.orchestra.run.smithi029.stdout:/usr/bin/ceph: stderr
2024-09-19T06:18:35.502+0000 7ffaa3fff640 1 --2- >> [v2:172.21.15.29:3300/0,v1:172.21.15.29:6789/0] conn(0x7ffaa4107540 0x7ffaa4109930 unknown :-1 s=BANNER_CONNECTING pgs=0 cs=0 l=0 rev1=0 crypto rx=0 tx=0 comp rx=0 tx=0)._handle_peer_banner_payload supported=3 required=0
2024-09-19T06:18:37.120 INFO:teuthology.orchestra.run.smithi029.stdout:/usr/bin/ceph: stderr
2024-09-19T06:18:35.502+0000 7ffaa3fff640 1 --2- >> [v2:172.21.15.29:3300/0,v1:172.21.15.29:6789/0] conn(0x7ffaa4107540 0x7ffaa4109930 unknown :-1 s=HELLO_CONNECTING pgs=0 cs=0 l=0 rev1=1 crypto rx=0 tx=0 comp rx=0 tx=0).handle_hello peer v2:172.21.15.29:3300/0 says I am v2:172.21.15.29:56588/0 (socket says 172.21.15.29:56588)
2024-09-19T06:18:37.120 INFO:teuthology.orchestra.run.smithi029.stdout:/usr/bin/ceph: stderr
2024-09-19T06:18:35.502+0000 7ffaa3fff640 1 -- 172.21.15.29:0/287332034 learned_addr learned my addr 172.21.15.29:0/287332034 (peer_addr_for_me v2:172.21.15.29:0/0)
2024-09-19T06:18:37.120 INFO:teuthology.orchestra.run.smithi029.stdout:/usr/bin/ceph: stderr
2024-09-19T06:18:35.502+0000 7ffaa3fff640 1 -- 172.21.15.29:0/287332034 --> [v2:172.21.15.29:3300/0,v1:172.21.15.29:6789/0] -- mon_subscribe({config=0+,monmap=0+}) -- 0x7ffaa4109e70 con 0x7ffaa4107540
2024-09-19T06:18:37.120 INFO:teuthology.orchestra.run.smithi029.stdout:/usr/bin/ceph: stderr
2024-09-19T06:18:35.503+0000 7ffaa3fff640 1 --2- 172.21.15.29:0/287332034 >> [v2:172.21.15.29:3300/0,v1:172.21.15.29:6789/0] conn(0x7ffaa4107540 0x7ffaa4109930 secure :-1 s=READY pgs=53 cs=0 l=1 rev1=1 crypto rx=0x7ffa94009820 tx=0x7ffa9402a270 comp rx=0 tx=0).ready entity=mon.0 client_cookie=9b03d763c656d975 server_cookie=0 in_seq=0 out_seq=0
2024-09-19T06:18:37.120 INFO:teuthology.orchestra.run.smithi029.stdout:/usr/bin/ceph: stderr
2024-09-19T06:18:35.503+0000 7ffaa2ffd640 1 -- 172.21.15.29:0/287332034 <== mon.0 v2:172.21.15.29:3300/0 1 ==== mon_map magic: 0 ==== 205+0+0 (secure 0 0 0) 0x7ffa94037070 con 0x7ffaa4107540
2024-09-19T06:18:37.120 INFO:teuthology.orchestra.run.smithi029.stdout:/usr/bin/ceph: stderr
2024-09-19T06:18:35.503+0000 7ffaa2ffd640 1 -- 172.21.15.29:0/287332034 <== mon.0 v2:172.21.15.29:3300/0 2 ==== config(26 keys) ==== 1102+0+0 (secure 0 0 0) 0x7ffa940328f0 con 0x7ffaa4107540
2024-09-19T06:18:37.120 INFO:teuthology.orchestra.run.smithi029.stdout:/usr/bin/ceph: stderr
2024-09-19T06:18:35.503+0000 7ffaa2ffd640 1 -- 172.21.15.29:0/287332034 <== mon.0 v2:172.21.15.29:3300/0 3 ==== mon_map magic: 0 ==== 205+0+0 (secure 0 0 0) 0x7ffa94030740 con 0x7ffaa4107540
2024-09-19T06:18:37.120 INFO:teuthology.orchestra.run.smithi029.stdout:/usr/bin/ceph: stderr
2024-09-19T06:18:35.504+0000 7ffaaa8e2640 1 -- 172.21.15.29:0/287332034 >> [v2:172.21.15.29:3300/0,v1:172.21.15.29:6789/0] conn(0x7ffaa4107540 msgr2=0x7ffaa4109930 secure :-1 s=STATE_CONNECTION_ESTABLISHED l=1).mark_down
2024-09-19T06:18:37.121 INFO:teuthology.orchestra.run.smithi029.stdout:/usr/bin/ceph: stderr
2024-09-19T06:18:35.504+0000 7ffaaa8e2640 1 --2- 172.21.15.29:0/287332034 >> [v2:172.21.15.29:3300/0,v1:172.21.15.29:6789/0] conn(0x7ffaa4107540 0x7ffaa4109930 secure :-1 s=READY pgs=53 cs=0 l=1 rev1=1 crypto rx=0x7ffa94009820 tx=0x7ffa9402a270 comp rx=0 tx=0).stop
2024-09-19T06:18:37.121 INFO:teuthology.orchestra.run.smithi029.stdout:/usr/bin/ceph: stderr
2024-09-19T06:18:35.504+0000 7ffaaa8e2640 1 -- 172.21.15.29:0/287332034 shutdown_connections
2024-09-19T06:18:37.121 INFO:teuthology.orchestra.run.smithi029.stdout:/usr/bin/ceph: stderr
2024-09-19T06:18:35.504+0000 7ffaaa8e2640 1 --2- 172.21.15.29:0/287332034 >> [v2:172.21.15.29:3300/0,v1:172.21.15.29:6789/0] conn(0x7ffaa4107540 0x7ffaa4109930 unknown :-1 s=CLOSED pgs=53 cs=0 l=1 rev1=1 crypto rx=0 tx=0 comp rx=0 tx=0).stop
2024-09-19T06:18:37.121 INFO:teuthology.orchestra.run.smithi029.stdout:/usr/bin/ceph: stderr
2024-09-19T06:18:35.504+0000 7ffaaa8e2640 1 -- 172.21.15.29:0/287332034 >> 172.21.15.29:0/287332034 conn(0x7ffaa41011a0 msgr2=0x7ffaa41035c0 unknown :-1 s=STATE_NONE l=0).mark_down
2024-09-19T06:18:37.121 INFO:teuthology.orchestra.run.smithi029.stdout:/usr/bin/ceph: stderr
2024-09-19T06:18:35.504+0000 7ffaaa8e2640 1 -- 172.21.15.29:0/287332034 shutdown_connections
2024-09-19T06:18:37.121 INFO:teuthology.orchestra.run.smithi029.stdout:/usr/bin/ceph: stderr
2024-09-19T06:18:35.504+0000 7ffaaa8e2640 1 -- 172.21.15.29:0/287332034 wait complete.
2024-09-19T06:18:37.121 INFO:teuthology.orchestra.run.smithi029.stdout:/usr/bin/ceph: stderr
2024-09-19T06:18:35.504+0000 7ffaaa8e2640 1 Processor -- start
2024-09-19T06:18:37.121 INFO:teuthology.orchestra.run.smithi029.stdout:/usr/bin/ceph: stderr
2024-09-19T06:18:35.504+0000 7ffaaa8e2640 1 -- start start
2024-09-19T06:18:37.121 INFO:teuthology.orchestra.run.smithi029.stdout:/usr/bin/ceph: stderr
2024-09-19T06:18:35.505+0000 7ffaaa8e2640 1 --2- >> [v2:172.21.15.29:3300/0,v1:172.21.15.29:6789/0] conn(0x7ffaa4107540 0x7ffaa419aa50 unknown :-1 s=NONE pgs=0 cs=0 l=1 rev1=0 crypto rx=0 tx=0 comp rx=0 tx=0).connect
2024-09-19T06:18:37.121 INFO:teuthology.orchestra.run.smithi029.stdout:/usr/bin/ceph: stderr
2024-09-19T06:18:35.505+0000 7ffaaa8e2640 1 -- --> [v2:172.21.15.29:3300/0,v1:172.21.15.29:6789/0] -- mon_getmap magic: 0 -- 0x7ffaa410aef0 con 0x7ffaa4107540
2024-09-19T06:18:37.121 INFO:teuthology.orchestra.run.smithi029.stdout:/usr/bin/ceph: stderr
2024-09-19T06:18:35.505+0000 7ffaa3fff640 1 --2- >> [v2:172.21.15.29:3300/0,v1:172.21.15.29:6789/0] conn(0x7ffaa4107540 0x7ffaa419aa50 unknown :-1 s=BANNER_CONNECTING pgs=0 cs=0 l=1 rev1=0 crypto rx=0 tx=0 comp rx=0 tx=0)._handle_peer_banner_payload supported=3 required=0
2024-09-19T06:18:37.121 INFO:teuthology.orchestra.run.smithi029.stdout:/usr/bin/ceph: stderr
2024-09-19T06:18:35.505+0000 7ffaa3fff640 1 --2- >> [v2:172.21.15.29:3300/0,v1:172.21.15.29:6789/0] conn(0x7ffaa4107540 0x7ffaa419aa50 unknown :-1 s=HELLO_CONNECTING pgs=0 cs=0 l=1 rev1=1 crypto rx=0 tx=0 comp rx=0 tx=0).handle_hello peer v2:172.21.15.29:3300/0 says I am v2:172.21.15.29:56594/0 (socket says 172.21.15.29:56594)
2024-09-19T06:18:37.121 INFO:teuthology.orchestra.run.smithi029.stdout:/usr/bin/ceph: stderr
2024-09-19T06:18:35.505+0000 7ffaa3fff640 1 -- 172.21.15.29:0/1179075334 learned_addr learned my addr 172.21.15.29:0/1179075334 (peer_addr_for_me v2:172.21.15.29:0/0)
2024-09-19T06:18:37.122 INFO:teuthology.orchestra.run.smithi029.stdout:/usr/bin/ceph: stderr
2024-09-19T06:18:35.505+0000 7ffaa3fff640 1 -- 172.21.15.29:0/1179075334 --> [v2:172.21.15.29:3300/0,v1:172.21.15.29:6789/0] -- mon_subscribe({config=0+,monmap=0+}) -- 0x7ffaa419af90 con 0x7ffaa4107540
2024-09-19T06:18:37.122 INFO:teuthology.orchestra.run.smithi029.stdout:/usr/bin/ceph: stderr
2024-09-19T06:18:35.505+0000 7ffaa3fff640 1 --2- 172.21.15.29:0/1179075334 >> [v2:172.21.15.29:3300/0,v1:172.21.15.29:6789/0] conn(0x7ffaa4107540 0x7ffaa419aa50 secure :-1 s=READY pgs=54 cs=0 l=1 rev1=1 crypto rx=0x7ffa94030cc0 tx=0x7ffa94030cf0 comp rx=0 tx=0).ready entity=mon.0 client_cookie=0 server_cookie=0 in_seq=0 out_seq=0
2024-09-19T06:18:37.122 INFO:teuthology.orchestra.run.smithi029.stdout:/usr/bin/ceph: stderr
2024-09-19T06:18:35.505+0000 7ffaa17fa640 1 -- 172.21.15.29:0/1179075334 <== mon.0 v2:172.21.15.29:3300/0 1 ==== mon_map magic: 0 ==== 205+0+0 (secure 0 0 0) 0x7ffa94042070 con 0x7ffaa4107540
2024-09-19T06:18:37.122 INFO:teuthology.orchestra.run.smithi029.stdout:/usr/bin/ceph: stderr
2024-09-19T06:18:35.505+0000 7ffaaa8e2640 1 -- 172.21.15.29:0/1179075334 --> [v2:172.21.15.29:3300/0,v1:172.21.15.29:6789/0] -- mon_subscribe({mgrmap=0+}) -- 0x7ffaa419b220 con 0x7ffaa4107540
2024-09-19T06:18:37.122 INFO:teuthology.orchestra.run.smithi029.stdout:/usr/bin/ceph: stderr
2024-09-19T06:18:35.505+0000 7ffaa17fa640 1 -- 172.21.15.29:0/1179075334 <== mon.0 v2:172.21.15.29:3300/0 2 ==== config(26 keys) ==== 1102+0+0 (secure 0 0 0) 0x7ffa94030e60 con 0x7ffaa4107540
2024-09-19T06:18:37.122 INFO:teuthology.orchestra.run.smithi029.stdout:/usr/bin/ceph: stderr
2024-09-19T06:18:35.505+0000 7ffaa17fa640 1 -- 172.21.15.29:0/1179075334 <== mon.0 v2:172.21.15.29:3300/0 3 ==== mon_map magic: 0 ==== 205+0+0 (secure 0 0 0) 0x7ffa94037040 con 0x7ffaa4107540
2024-09-19T06:18:37.122 INFO:teuthology.orchestra.run.smithi029.stdout:/usr/bin/ceph: stderr
