2024-09-19T06:18:19.373+0000 7f35d67fc640 1 --2- 172.21.15.29:0/3039919252 >> [v2:172.21.15.29:6800/2601487572,v1:172.21.15.29:6801/2601487572] conn(0x7f35cc039200 0x7f35cc03b6c0 secure :-1 s=READY pgs=8 cs=0 l=1 rev1=1 crypto rx=0x7f35c80098c0 tx=0x7f35c8006db0 comp rx=0 tx=0).ready entity=mgr.14118 client_cookie=0 server_cookie=0 in_seq=0 out_seq=0
2024-09-19T06:18:20.162 INFO:teuthology.orchestra.run.smithi029.stdout:/usr/bin/ceph: stderr
2024-09-19T06:18:19.378+0000 7f35e4a5b640 1 -- 172.21.15.29:0/3039919252 <== mon.0 v2:172.21.15.29:3300/0 6 ==== mon_command_ack([{"prefix": "get_command_descriptions"}]=0 v0) ==== 72+0+188913 (secure 0 0 0) 0x7f35d003be10 con 0x7f35e0106ac0
2024-09-19T06:18:20.162 INFO:teuthology.orchestra.run.smithi029.stdout:/usr/bin/ceph: stderr
2024-09-19T06:18:19.568+0000 7f35e5a5d640 1 -- 172.21.15.29:0/3039919252 --> [v2:172.21.15.29:6800/2601487572,v1:172.21.15.29:6801/2601487572] -- mgr_command(tid 0: {"prefix": "orch set backend", "module_name": "cephadm", "target": ["mon-mgr", ""]}) -- 0x7f35e01035d0 con 0x7f35cc039200
2024-09-19T06:18:20.163 INFO:teuthology.orchestra.run.smithi029.stdout:/usr/bin/ceph: stderr
2024-09-19T06:18:19.572+0000 7f35e4a5b640 1 -- 172.21.15.29:0/3039919252 <== mgr.14118 v2:172.21.15.29:6800/2601487572 1 ==== mgr_command_reply(tid 0: 0 ) ==== 8+0+0 (secure 0 0 0) 0x7f35e01035d0 con 0x7f35cc039200
2024-09-19T06:18:20.163 INFO:teuthology.orchestra.run.smithi029.stdout:/usr/bin/ceph: stderr
2024-09-19T06:18:19.574+0000 7f35e5a5d640 1 -- 172.21.15.29:0/3039919252 >> [v2:172.21.15.29:6800/2601487572,v1:172.21.15.29:6801/2601487572] conn(0x7f35cc039200 msgr2=0x7f35cc03b6c0 secure :-1 s=STATE_CONNECTION_ESTABLISHED l=1).mark_down
2024-09-19T06:18:20.163 INFO:teuthology.orchestra.run.smithi029.stdout:/usr/bin/ceph: stderr
2024-09-19T06:18:19.574+0000 7f35e5a5d640 1 --2- 172.21.15.29:0/3039919252 >> [v2:172.21.15.29:6800/2601487572,v1:172.21.15.29:6801/2601487572] conn(0x7f35cc039200 0x7f35cc03b6c0 secure :-1 s=READY pgs=8 cs=0 l=1 rev1=1 crypto rx=0x7f35c80098c0 tx=0x7f35c8006db0 comp rx=0 tx=0).stop
2024-09-19T06:18:20.163 INFO:teuthology.orchestra.run.smithi029.stdout:/usr/bin/ceph: stderr
2024-09-19T06:18:19.574+0000 7f35e5a5d640 1 -- 172.21.15.29:0/3039919252 >> [v2:172.21.15.29:3300/0,v1:172.21.15.29:6789/0] conn(0x7f35e0106ac0 msgr2=0x7f35e019a9f0 secure :-1 s=STATE_CONNECTION_ESTABLISHED l=1).mark_down
2024-09-19T06:18:20.163 INFO:teuthology.orchestra.run.smithi029.stdout:/usr/bin/ceph: stderr
2024-09-19T06:18:19.574+0000 7f35e5a5d640 1 --2- 172.21.15.29:0/3039919252 >> [v2:172.21.15.29:3300/0,v1:172.21.15.29:6789/0] conn(0x7f35e0106ac0 0x7f35e019a9f0 secure :-1 s=READY pgs=36 cs=0 l=1 rev1=1 crypto rx=0x7f35d0032e10 tx=0x7f35d0032e40 comp rx=0 tx=0).stop
2024-09-19T06:18:20.163 INFO:teuthology.orchestra.run.smithi029.stdout:/usr/bin/ceph: stderr
2024-09-19T06:18:19.575+0000 7f35e5a5d640 1 -- 172.21.15.29:0/3039919252 shutdown_connections
2024-09-19T06:18:20.163 INFO:teuthology.orchestra.run.smithi029.stdout:/usr/bin/ceph: stderr
2024-09-19T06:18:19.575+0000 7f35e5a5d640 1 --2- 172.21.15.29:0/3039919252 >> [v2:172.21.15.29:6800/2601487572,v1:172.21.15.29:6801/2601487572] conn(0x7f35cc039200 0x7f35cc03b6c0 unknown :-1 s=CLOSED pgs=8 cs=0 l=1 rev1=1 crypto rx=0 tx=0 comp rx=0 tx=0).stop
2024-09-19T06:18:20.163 INFO:teuthology.orchestra.run.smithi029.stdout:/usr/bin/ceph: stderr
2024-09-19T06:18:19.575+0000 7f35e5a5d640 1 --2- 172.21.15.29:0/3039919252 >> [v2:172.21.15.29:3300/0,v1:172.21.15.29:6789/0] conn(0x7f35e0106ac0 0x7f35e019a9f0 unknown :-1 s=CLOSED pgs=36 cs=0 l=1 rev1=1 crypto rx=0 tx=0 comp rx=0 tx=0).stop
2024-09-19T06:18:20.163 INFO:teuthology.orchestra.run.smithi029.stdout:/usr/bin/ceph: stderr
2024-09-19T06:18:19.575+0000 7f35e5a5d640 1 -- 172.21.15.29:0/3039919252 >> 172.21.15.29:0/3039919252 conn(0x7f35e0102330 msgr2=0x7f35e0102ec0 unknown :-1 s=STATE_NONE l=0).mark_down
2024-09-19T06:18:20.163 INFO:teuthology.orchestra.run.smithi029.stdout:/usr/bin/ceph: stderr
2024-09-19T06:18:19.575+0000 7f35e5a5d640 1 -- 172.21.15.29:0/3039919252 shutdown_connections
2024-09-19T06:18:20.163 INFO:teuthology.orchestra.run.smithi029.stdout:/usr/bin/ceph: stderr
2024-09-19T06:18:19.575+0000 7f35e5a5d640 1 -- 172.21.15.29:0/3039919252 wait complete.
2024-09-19T06:18:20.765 INFO:journalctl@ceph.mon.a.smithi029.stdout:Sep 19 06:18:20 smithi029 ceph-mon[28286]: from='client.14130 -' entity='client.admin' cmd=[{"prefix": "orch set backend", "module_name": "cephadm", "target": ["mon-mgr", ""]}]: dispatch
2024-09-19T06:18:20.766 INFO:journalctl@ceph.mon.a.smithi029.stdout:Sep 19 06:18:20 smithi029 ceph-mon[28286]: from='mgr.14118 172.21.15.29:0/3425028100' entity='mgr.x'
2024-09-19T06:18:20.766 INFO:journalctl@ceph.mon.a.smithi029.stdout:Sep 19 06:18:20 smithi029 ceph-mon[28286]: from='mgr.14118 172.21.15.29:0/3425028100' entity='mgr.x' cmd=[{"prefix": "config dump", "format": "json"}]: dispatch
2024-09-19T06:18:21.337 INFO:teuthology.orchestra.run.smithi029.stdout:/usr/bin/ceph: stdout value unchanged
2024-09-19T06:18:21.337 INFO:teuthology.orchestra.run.smithi029.stdout:/usr/bin/ceph: stderr
2024-09-19T06:18:20.575+0000 7f7c500e1640 1 Processor -- start
2024-09-19T06:18:21.337 INFO:teuthology.orchestra.run.smithi029.stdout:/usr/bin/ceph: stderr
2024-09-19T06:18:20.576+0000 7f7c500e1640 1 -- start start
2024-09-19T06:18:21.337 INFO:teuthology.orchestra.run.smithi029.stdout:/usr/bin/ceph: stderr
2024-09-19T06:18:20.576+0000 7f7c500e1640 1 --2- >> [v2:172.21.15.29:3300/0,v1:172.21.15.29:6789/0] conn(0x7f7c481059e0 0x7f7c48105de0 unknown :-1 s=NONE pgs=0 cs=0 l=0 rev1=0 crypto rx=0 tx=0 comp rx=0 tx=0).connect
2024-09-19T06:18:21.337 INFO:teuthology.orchestra.run.smithi029.stdout:/usr/bin/ceph: stderr
2024-09-19T06:18:20.576+0000 7f7c500e1640 1 -- --> [v2:172.21.15.29:3300/0,v1:172.21.15.29:6789/0] -- mon_getmap magic: 0 -- 0x7f7c481063b0 con 0x7f7c481059e0
2024-09-19T06:18:21.338 INFO:teuthology.orchestra.run.smithi029.stdout:/usr/bin/ceph: stderr
2024-09-19T06:18:20.576+0000 7f7c4de7d640 1 --2- >> [v2:172.21.15.29:3300/0,v1:172.21.15.29:6789/0] conn(0x7f7c481059e0 0x7f7c48105de0 unknown :-1 s=BANNER_CONNECTING pgs=0 cs=0 l=0 rev1=0 crypto rx=0 tx=0 comp rx=0 tx=0)._handle_peer_banner_payload supported=3 required=0
2024-09-19T06:18:21.338 INFO:teuthology.orchestra.run.smithi029.stdout:/usr/bin/ceph: stderr
2024-09-19T06:18:20.576+0000 7f7c4de7d640 1 --2- >> [v2:172.21.15.29:3300/0,v1:172.21.15.29:6789/0] conn(0x7f7c481059e0 0x7f7c48105de0 unknown :-1 s=HELLO_CONNECTING pgs=0 cs=0 l=0 rev1=1 crypto rx=0 tx=0 comp rx=0 tx=0).handle_hello peer v2:172.21.15.29:3300/0 says I am v2:172.21.15.29:43486/0 (socket says 172.21.15.29:43486)
2024-09-19T06:18:21.338 INFO:teuthology.orchestra.run.smithi029.stdout:/usr/bin/ceph: stderr
2024-09-19T06:18:20.576+0000 7f7c4de7d640 1 -- 172.21.15.29:0/2296290409 learned_addr learned my addr 172.21.15.29:0/2296290409 (peer_addr_for_me v2:172.21.15.29:0/0)
2024-09-19T06:18:21.338 INFO:teuthology.orchestra.run.smithi029.stdout:/usr/bin/ceph: stderr
2024-09-19T06:18:20.576+0000 7f7c4de7d640 1 -- 172.21.15.29:0/2296290409 --> [v2:172.21.15.29:3300/0,v1:172.21.15.29:6789/0] -- mon_subscribe({config=0+,monmap=0+}) -- 0x7f7c48106be0 con 0x7f7c481059e0
2024-09-19T06:18:21.338 INFO:teuthology.orchestra.run.smithi029.stdout:/usr/bin/ceph: stderr
2024-09-19T06:18:20.577+0000 7f7c4de7d640 1 --2- 172.21.15.29:0/2296290409 >> [v2:172.21.15.29:3300/0,v1:172.21.15.29:6789/0] conn(0x7f7c481059e0 0x7f7c48105de0 secure :-1 s=READY pgs=37 cs=0 l=1 rev1=1 crypto rx=0x7f7c40009820 tx=0x7f7c4002a270 comp rx=0 tx=0).ready entity=mon.0 client_cookie=385d0e806952afc2 server_cookie=0 in_seq=0 out_seq=0
2024-09-19T06:18:21.338 INFO:teuthology.orchestra.run.smithi029.stdout:/usr/bin/ceph: stderr
2024-09-19T06:18:20.577+0000 7f7c4ce7b640 1 -- 172.21.15.29:0/2296290409 <== mon.0 v2:172.21.15.29:3300/0 1 ==== mon_map magic: 0 ==== 205+0+0 (secure 0 0 0) 0x7f7c40037070 con 0x7f7c481059e0
2024-09-19T06:18:21.339 INFO:teuthology.orchestra.run.smithi029.stdout:/usr/bin/ceph: stderr
2024-09-19T06:18:20.577+0000 7f7c4ce7b640 1 -- 172.21.15.29:0/2296290409 <== mon.0 v2:172.21.15.29:3300/0 2 ==== config(26 keys) ==== 1071+0+0 (secure 0 0 0) 0x7f7c400328d0 con 0x7f7c481059e0
2024-09-19T06:18:21.339 INFO:teuthology.orchestra.run.smithi029.stdout:/usr/bin/ceph: stderr
2024-09-19T06:18:20.577+0000 7f7c4ce7b640 1 -- 172.21.15.29:0/2296290409 <== mon.0 v2:172.21.15.29:3300/0 3 ==== mon_map magic: 0 ==== 205+0+0 (secure 0 0 0) 0x7f7c400307d0 con 0x7f7c481059e0
2024-09-19T06:18:21.339 INFO:teuthology.orchestra.run.smithi029.stdout:/usr/bin/ceph: stderr
2024-09-19T06:18:20.578+0000 7f7c500e1640 1 -- 172.21.15.29:0/2296290409 >> [v2:172.21.15.29:3300/0,v1:172.21.15.29:6789/0] conn(0x7f7c481059e0 msgr2=0x7f7c48105de0 secure :-1 s=STATE_CONNECTION_ESTABLISHED l=1).mark_down
2024-09-19T06:18:21.339 INFO:teuthology.orchestra.run.smithi029.stdout:/usr/bin/ceph: stderr
2024-09-19T06:18:20.578+0000 7f7c500e1640 1 --2- 172.21.15.29:0/2296290409 >> [v2:172.21.15.29:3300/0,v1:172.21.15.29:6789/0] conn(0x7f7c481059e0 0x7f7c48105de0 secure :-1 s=READY pgs=37 cs=0 l=1 rev1=1 crypto rx=0x7f7c40009820 tx=0x7f7c4002a270 comp rx=0 tx=0).stop
2024-09-19T06:18:21.339 INFO:teuthology.orchestra.run.smithi029.stdout:/usr/bin/ceph: stderr
2024-09-19T06:18:20.578+0000 7f7c500e1640 1 -- 172.21.15.29:0/2296290409 shutdown_connections
2024-09-19T06:18:21.339 INFO:teuthology.orchestra.run.smithi029.stdout:/usr/bin/ceph: stderr
2024-09-19T06:18:20.578+0000 7f7c500e1640 1 --2- 172.21.15.29:0/2296290409 >> [v2:172.21.15.29:3300/0,v1:172.21.15.29:6789/0] conn(0x7f7c481059e0 0x7f7c48105de0 unknown :-1 s=CLOSED pgs=37 cs=0 l=1 rev1=1 crypto rx=0 tx=0 comp rx=0 tx=0).stop
2024-09-19T06:18:21.340 INFO:teuthology.orchestra.run.smithi029.stdout:/usr/bin/ceph: stderr
2024-09-19T06:18:20.578+0000 7f7c500e1640 1 -- 172.21.15.29:0/2296290409 >> 172.21.15.29:0/2296290409 conn(0x7f7c48101150 msgr2=0x7f7c481035b0 unknown :-1 s=STATE_NONE l=0).mark_down
2024-09-19T06:18:21.340 INFO:teuthology.orchestra.run.smithi029.stdout:/usr/bin/ceph: stderr
2024-09-19T06:18:20.578+0000 7f7c500e1640 1 -- 172.21.15.29:0/2296290409 shutdown_connections
2024-09-19T06:18:21.340 INFO:teuthology.orchestra.run.smithi029.stdout:/usr/bin/ceph: stderr
2024-09-19T06:18:20.578+0000 7f7c500e1640 1 -- 172.21.15.29:0/2296290409 wait complete.
2024-09-19T06:18:21.340 INFO:teuthology.orchestra.run.smithi029.stdout:/usr/bin/ceph: stderr
2024-09-19T06:18:20.579+0000 7f7c500e1640 1 Processor -- start
2024-09-19T06:18:21.340 INFO:teuthology.orchestra.run.smithi029.stdout:/usr/bin/ceph: stderr
2024-09-19T06:18:20.579+0000 7f7c500e1640 1 -- start start
2024-09-19T06:18:21.340 INFO:teuthology.orchestra.run.smithi029.stdout:/usr/bin/ceph: stderr
2024-09-19T06:18:20.579+0000 7f7c500e1640 1 --2- >> [v2:172.21.15.29:3300/0,v1:172.21.15.29:6789/0] conn(0x7f7c481059e0 0x7f7c48190c10 unknown :-1 s=NONE pgs=0 cs=0 l=1 rev1=0 crypto rx=0 tx=0 comp rx=0 tx=0).connect
2024-09-19T06:18:21.341 INFO:teuthology.orchestra.run.smithi029.stdout:/usr/bin/ceph: stderr
2024-09-19T06:18:20.579+0000 7f7c500e1640 1 -- --> [v2:172.21.15.29:3300/0,v1:172.21.15.29:6789/0] -- mon_getmap magic: 0 -- 0x7f7c48109f90 con 0x7f7c481059e0
2024-09-19T06:18:21.341 INFO:teuthology.orchestra.run.smithi029.stdout:/usr/bin/ceph: stderr
2024-09-19T06:18:20.579+0000 7f7c4de7d640 1 --2- >> [v2:172.21.15.29:3300/0,v1:172.21.15.29:6789/0] conn(0x7f7c481059e0 0x7f7c48190c10 unknown :-1 s=BANNER_CONNECTING pgs=0 cs=0 l=1 rev1=0 crypto rx=0 tx=0 comp rx=0 tx=0)._handle_peer_banner_payload supported=3 required=0
2024-09-19T06:18:21.341 INFO:teuthology.orchestra.run.smithi029.stdout:/usr/bin/ceph: stderr
2024-09-19T06:18:20.579+0000 7f7c4de7d640 1 --2- >> [v2:172.21.15.29:3300/0,v1:172.21.15.29:6789/0] conn(0x7f7c481059e0 0x7f7c48190c10 unknown :-1 s=HELLO_CONNECTING pgs=0 cs=0 l=1 rev1=1 crypto rx=0 tx=0 comp rx=0 tx=0).handle_hello peer v2:172.21.15.29:3300/0 says I am v2:172.21.15.29:43494/0 (socket says 172.21.15.29:43494)
2024-09-19T06:18:21.341 INFO:teuthology.orchestra.run.smithi029.stdout:/usr/bin/ceph: stderr
2024-09-19T06:18:20.579+0000 7f7c4de7d640 1 -- 172.21.15.29:0/3795323268 learned_addr learned my addr 172.21.15.29:0/3795323268 (peer_addr_for_me v2:172.21.15.29:0/0)
2024-09-19T06:18:21.341 INFO:teuthology.orchestra.run.smithi029.stdout:/usr/bin/ceph: stderr
2024-09-19T06:18:20.579+0000 7f7c4de7d640 1 -- 172.21.15.29:0/3795323268 --> [v2:172.21.15.29:3300/0,v1:172.21.15.29:6789/0] -- mon_subscribe({config=0+,monmap=0+}) -- 0x7f7c48191150 con 0x7f7c481059e0
2024-09-19T06:18:21.341 INFO:teuthology.orchestra.run.smithi029.stdout:/usr/bin/ceph: stderr
2024-09-19T06:18:20.580+0000 7f7c4de7d640 1 --2- 172.21.15.29:0/3795323268 >> [v2:172.21.15.29:3300/0,v1:172.21.15.29:6789/0] conn(0x7f7c481059e0 0x7f7c48190c10 secure :-1 s=READY pgs=38 cs=0 l=1 rev1=1 crypto rx=0x7f7c400097f0 tx=0x7f7c40030d00 comp rx=0 tx=0).ready entity=mon.0 client_cookie=0 server_cookie=0 in_seq=0 out_seq=0
2024-09-19T06:18:21.341 INFO:teuthology.orchestra.run.smithi029.stdout:/usr/bin/ceph: stderr
2024-09-19T06:18:20.580+0000 7f7c46ffd640 1 -- 172.21.15.29:0/3795323268 <== mon.0 v2:172.21.15.29:3300/0 1 ==== mon_map magic: 0 ==== 205+0+0 (secure 0 0 0) 0x7f7c40037040 con 0x7f7c481059e0
2024-09-19T06:18:21.342 INFO:teuthology.orchestra.run.smithi029.stdout:/usr/bin/ceph: stderr
2024-09-19T06:18:20.580+0000 7f7c46ffd640 1 -- 172.21.15.29:0/3795323268 <== mon.0 v2:172.21.15.29:3300/0 2 ==== config(26 keys) ==== 1071+0+0 (secure 0 0 0) 0x7f7c40032bb0 con 0x7f7c481059e0
2024-09-19T06:18:21.342 INFO:teuthology.orchestra.run.smithi029.stdout:/usr/bin/ceph: stderr
2024-09-19T06:18:20.580+0000 7f7c500e1640 1 -- 172.21.15.29:0/3795323268 --> [v2:172.21.15.29:3300/0,v1:172.21.15.29:6789/0] -- mon_subscribe({mgrmap=0+}) -- 0x7f7c4818f340 con 0x7f7c481059e0
2024-09-19T06:18:21.342 INFO:teuthology.orchestra.run.smithi029.stdout:/usr/bin/ceph: stderr
2024-09-19T06:18:20.580+0000 7f7c46ffd640 1 -- 172.21.15.29:0/3795323268 <== mon.0 v2:172.21.15.29:3300/0 3 ==== mon_map magic: 0 ==== 205+0+0 (secure 0 0 0) 0x7f7c4003a390 con 0x7f7c481059e0
2024-09-19T06:18:21.342 INFO:teuthology.orchestra.run.smithi029.stdout:/usr/bin/ceph: stderr
2024-09-19T06:18:20.580+0000 7f7c500e1640 1 -- 172.21.15.29:0/3795323268 --> [v2:172.21.15.29:3300/0,v1:172.21.15.29:6789/0] -- mon_subscribe({osdmap=0}) -- 0x7f7c4818f880 con 0x7f7c481059e0
2024-09-19T06:18:21.342 INFO:teuthology.orchestra.run.smithi029.stdout:/usr/bin/ceph: stderr
2024-09-19T06:18:20.581+0000 7f7c46ffd640 1 -- 172.21.15.29:0/3795323268 <== mon.0 v2:172.21.15.29:3300/0 4 ==== mgrmap(e 8) ==== 46461+0+0 (secure 0 0 0) 0x7f7c4003a580 con 0x7f7c481059e0
2024-09-19T06:18:21.343 INFO:teuthology.orchestra.run.smithi029.stdout:/usr/bin/ceph: stderr
2024-09-19T06:18:20.581+0000 7f7c46ffd640 1 --2- 172.21.15.29:0/3795323268 >> [v2:172.21.15.29:6800/2601487572,v1:172.21.15.29:6801/2601487572] conn(0x7f7c30039200 0x7f7c3003b6c0 unknown :-1 s=NONE pgs=0 cs=0 l=1 rev1=0 crypto rx=0 tx=0 comp rx=0 tx=0).connect
2024-09-19T06:18:21.343 INFO:teuthology.orchestra.run.smithi029.stdout:/usr/bin/ceph: stderr
2024-09-19T06:18:20.581+0000 7f7c46ffd640 1 -- 172.21.15.29:0/3795323268 <== mon.0 v2:172.21.15.29:3300/0 5 ==== osd_map(2..2 src has 1..2) ==== 940+0+0 (secure 0 0 0) 0x7f7c4006c4a0 con 0x7f7c481059e0
2024-09-19T06:18:21.343 INFO:teuthology.orchestra.run.smithi029.stdout:/usr/bin/ceph: stderr
2024-09-19T06:18:20.581+0000 7f7c4d67c640 1 --2- 172.21.15.29:0/3795323268 >> [v2:172.21.15.29:6800/2601487572,v1:172.21.15.29:6801/2601487572] conn(0x7f7c30039200 0x7f7c3003b6c0 unknown :-1 s=BANNER_CONNECTING pgs=0 cs=0 l=1 rev1=0 crypto rx=0 tx=0 comp rx=0 tx=0)._handle_peer_banner_payload supported=3 required=0
2024-09-19T06:18:21.343 INFO:teuthology.orchestra.run.smithi029.stdout:/usr/bin/ceph: stderr
2024-09-19T06:18:20.581+0000 7f7c500e1640 1 -- 172.21.15.29:0/3795323268 --> [v2:172.21.15.29:3300/0,v1:172.21.15.29:6789/0] -- mon_command({"prefix": "get_command_descriptions"} v 0) -- 0x7f7c4810a110 con 0x7f7c481059e0
2024-09-19T06:18:21.343 INFO:teuthology.orchestra.run.smithi029.stdout:/usr/bin/ceph: stderr
2024-09-19T06:18:20.582+0000 7f7c4d67c640 1 --2- 172.21.15.29:0/3795323268 >> [v2:172.21.15.29:6800/2601487572,v1:172.21.15.29:6801/2601487572] conn(0x7f7c30039200 0x7f7c3003b6c0 secure :-1 s=READY pgs=9 cs=0 l=1 rev1=1 crypto rx=0x7f7c3c0098c0 tx=0x7f7c3c006db0 comp rx=0 tx=0).ready entity=mgr.14118 client_cookie=0 server_cookie=0 in_seq=0 out_seq=0
2024-09-19T06:18:21.344 INFO:teuthology.orchestra.run.smithi029.stdout:/usr/bin/ceph: stderr
2024-09-19T06:18:20.586+0000 7f7c46ffd640 1 -- 172.21.15.29:0/3795323268 <== mon.0 v2:172.21.15.29:3300/0 6 ==== mon_command_ack([{"prefix": "get_command_descriptions"}]=0 v0) ==== 72+0+188913 (secure 0 0 0) 0x7f7c40040210 con 0x7f7c481059e0
2024-09-19T06:18:21.344 INFO:teuthology.orchestra.run.smithi029.stdout:/usr/bin/ceph: stderr
2024-09-19T06:18:20.764+0000 7f7c500e1640 1 -- 172.21.15.29:0/3795323268 --> [v2:172.21.15.29:6800/2601487572,v1:172.21.15.29:6801/2601487572] -- mgr_command(tid 0: {"prefix": "cephadm set-user", "user": "root", "target": ["mon-mgr", ""]}) -- 0x7f7c48194a60 con 0x7f7c30039200
2024-09-19T06:18:21.344 INFO:teuthology.orchestra.run.smithi029.stdout:/usr/bin/ceph: stderr
2024-09-19T06:18:20.764+0000 7f7c46ffd640 1 -- 172.21.15.29:0/3795323268 <== mgr.14118 v2:172.21.15.29:6800/2601487572 1 ==== mgr_command_reply(tid 0: 0 ) ==== 8+0+16 (secure 0 0 0) 0x7f7c48194a60 con 0x7f7c30039200
2024-09-19T06:18:21.344 INFO:teuthology.orchestra.run.smithi029.stdout:/usr/bin/ceph: stderr
2024-09-19T06:18:20.766+0000 7f7c500e1640 1 -- 172.21.15.29:0/3795323268 >> [v2:172.21.15.29:6800/2601487572,v1:172.21.15.29:6801/2601487572] conn(0x7f7c30039200 msgr2=0x7f7c3003b6c0 secure :-1 s=STATE_CONNECTION_ESTABLISHED l=1).mark_down
2024-09-19T06:18:21.344 INFO:teuthology.orchestra.run.smithi029.stdout:/usr/bin/ceph: stderr
2024-09-19T06:18:20.766+0000 7f7c500e1640 1 --2- 172.21.15.29:0/3795323268 >> [v2:172.21.15.29:6800/2601487572,v1:172.21.15.29:6801/2601487572] conn(0x7f7c30039200 0x7f7c3003b6c0 secure :-1 s=READY pgs=9 cs=0 l=1 rev1=1 crypto rx=0x7f7c3c0098c0 tx=0x7f7c3c006db0 comp rx=0 tx=0).stop
2024-09-19T06:18:21.344 INFO:teuthology.orchestra.run.smithi029.stdout:/usr/bin/ceph: stderr
2024-09-19T06:18:20.766+0000 7f7c500e1640 1 -- 172.21.15.29:0/3795323268 >> [v2:172.21.15.29:3300/0,v1:172.21.15.29:6789/0] conn(0x7f7c481059e0 msgr2=0x7f7c48190c10 secure :-1 s=STATE_CONNECTION_ESTABLISHED l=1).mark_down
2024-09-19T06:18:21.345 INFO:teuthology.orchestra.run.smithi029.stdout:/usr/bin/ceph: stderr
2024-09-19T06:18:20.766+0000 7f7c500e1640 1 --2- 172.21.15.29:0/3795323268 >> [v2:172.21.15.29:3300/0,v1:172.21.15.29:6789/0] conn(0x7f7c481059e0 0x7f7c48190c10 secure :-1 s=READY pgs=38 cs=0 l=1 rev1=1 crypto rx=0x7f7c400097f0 tx=0x7f7c40030d00 comp rx=0 tx=0).stop
2024-09-19T06:18:21.345 INFO:teuthology.orchestra.run.smithi029.stdout:/usr/bin/ceph: stderr
2024-09-19T06:18:20.766+0000 7f7c500e1640 1 -- 172.21.15.29:0/3795323268 shutdown_connections
2024-09-19T06:18:21.345 INFO:teuthology.orchestra.run.smithi029.stdout:/usr/bin/ceph: stderr
2024-09-19T06:18:20.767+0000 7f7c500e1640 1 --2- 172.21.15.29:0/3795323268 >> [v2:172.21.15.29:6800/2601487572,v1:172.21.15.29:6801/2601487572] conn(0x7f7c30039200 0x7f7c3003b6c0 unknown :-1 s=CLOSED pgs=9 cs=0 l=1 rev1=1 crypto rx=0 tx=0 comp rx=0 tx=0).stop
2024-09-19T06:18:21.345 INFO:teuthology.orchestra.run.smithi029.stdout:/usr/bin/ceph: stderr
2024-09-19T06:18:20.767+0000 7f7c500e1640 1 --2- 172.21.15.29:0/3795323268 >> [v2:172.21.15.29:3300/0,v1:172.21.15.29:6789/0] conn(0x7f7c481059e0 0x7f7c48190c10 unknown :-1 s=CLOSED pgs=38 cs=0 l=1 rev1=1 crypto rx=0 tx=0 comp rx=0 tx=0).stop
2024-09-19T06:18:21.345 INFO:teuthology.orchestra.run.smithi029.stdout:/usr/bin/ceph: stderr
2024-09-19T06:18:20.767+0000 7f7c500e1640 1 -- 172.21.15.29:0/3795323268 >> 172.21.15.29:0/3795323268 conn(0x7f7c48101150 msgr2=0x7f7c48102040 unknown :-1 s=STATE_NONE l=0).mark_down
2024-09-19T06:18:21.345 INFO:teuthology.orchestra.run.smithi029.stdout:/usr/bin/ceph: stderr
2024-09-19T06:18:20.767+0000 7f7c500e1640 1 -- 172.21.15.29:0/3795323268 shutdown_connections
2024-09-19T06:18:21.345 INFO:teuthology.orchestra.run.smithi029.stdout:/usr/bin/ceph: stderr
2024-09-19T06:18:20.767+0000 7f7c500e1640 1 -- 172.21.15.29:0/3795323268 wait complete.
2024-09-19T06:18:21.346 INFO:teuthology.orchestra.run.smithi029.stdout:Generating ssh key...
2024-09-19T06:18:22.541 INFO:journalctl@ceph.mon.a.smithi029.stdout:Sep 19 06:18:22 smithi029 ceph-mon[28286]: from='client.14132 -' entity='client.admin' cmd=[{"prefix": "cephadm set-user", "user": "root", "target": ["mon-mgr", ""]}]: dispatch
2024-09-19T06:18:22.541 INFO:journalctl@ceph.mon.a.smithi029.stdout:Sep 19 06:18:22 smithi029 ceph-mon[28286]: pgmap v3: 0 pgs: ; 0 B data, 0 B used, 0 B / 0 B avail
2024-09-19T06:18:22.541 INFO:journalctl@ceph.mon.a.smithi029.stdout:Sep 19 06:18:22 smithi029 ceph-mon[28286]: from='mgr.14118 172.21.15.29:0/3425028100' entity='mgr.x'
2024-09-19T06:18:22.541 INFO:journalctl@ceph.mon.a.smithi029.stdout:Sep 19 06:18:22 smithi029 ceph-mon[28286]: from='mgr.14118 172.21.15.29:0/3425028100' entity='mgr.x'
2024-09-19T06:18:22.542 INFO:journalctl@ceph.mgr.x.smithi029.stdout:Sep 19 06:18:22 smithi029 ceph-c62668f4-764e-11ef-bceb-c7b262605968-mgr-x[28514]: Generating public/private rsa key pair.
2024-09-19T06:18:22.542 INFO:journalctl@ceph.mgr.x.smithi029.stdout:Sep 19 06:18:22 smithi029 ceph-c62668f4-764e-11ef-bceb-c7b262605968-mgr-x[28514]: Your identification has been saved in /tmp/tmpsrb7hzkf/key
2024-09-19T06:18:22.542 INFO:journalctl@ceph.mgr.x.smithi029.stdout:Sep 19 06:18:22 smithi029 ceph-c62668f4-764e-11ef-bceb-c7b262605968-mgr-x[28514]: Your public key has been saved in /tmp/tmpsrb7hzkf/key.pub
2024-09-19T06:18:22.542 INFO:journalctl@ceph.mgr.x.smithi029.stdout:Sep 19 06:18:22 smithi029 ceph-c62668f4-764e-11ef-bceb-c7b262605968-mgr-x[28514]: The key fingerprint is:
2024-09-19T06:18:22.542 INFO:journalctl@ceph.mgr.x.smithi029.stdout:Sep 19 06:18:22 smithi029 ceph-c62668f4-764e-11ef-bceb-c7b262605968-mgr-x[28514]: SHA256:fkeLbiXeCkhDLlNiJ0H8/Lv4P7a7SG9pWvZCp2iEdH4 ceph-c62668f4-764e-11ef-bceb-c7b262605968
2024-09-19T06:18:22.542 INFO:journalctl@ceph.mgr.x.smithi029.stdout:Sep 19 06:18:22 smithi029 ceph-c62668f4-764e-11ef-bceb-c7b262605968-mgr-x[28514]: The key's randomart image is:
2024-09-19T06:18:22.542 INFO:journalctl@ceph.mgr.x.smithi029.stdout:Sep 19 06:18:22 smithi029 ceph-c62668f4-764e-11ef-bceb-c7b262605968-mgr-x[28514]: +---[RSA 3072]----+
2024-09-19T06:18:22.542 INFO:journalctl@ceph.mgr.x.smithi029.stdout:Sep 19 06:18:22 smithi029 ceph-c62668f4-764e-11ef-bceb-c7b262605968-mgr-x[28514]: | oo |
2024-09-19T06:18:22.542 INFO:journalctl@ceph.mgr.x.smithi029.stdout:Sep 19 06:18:22 smithi029 ceph-c62668f4-764e-11ef-bceb-c7b262605968-mgr-x[28514]: | .. |
2024-09-19T06:18:22.542 INFO:journalctl@ceph.mgr.x.smithi029.stdout:Sep 19 06:18:22 smithi029 ceph-c62668f4-764e-11ef-bceb-c7b262605968-mgr-x[28514]: | +o+ |
2024-09-19T06:18:22.542 INFO:journalctl@ceph.mgr.x.smithi029.stdout:Sep 19 06:18:22 smithi029 ceph-c62668f4-764e-11ef-bceb-c7b262605968-mgr-x[28514]: | . B+ . |
2024-09-19T06:18:22.543 INFO:journalctl@ceph.mgr.x.smithi029.stdout:Sep 19 06:18:22 smithi029 ceph-c62668f4-764e-11ef-bceb-c7b262605968-mgr-x[28514]: | o.+=S . |
2024-09-19T06:18:22.543 INFO:journalctl@ceph.mgr.x.smithi029.stdout:Sep 19 06:18:22 smithi029 ceph-c62668f4-764e-11ef-bceb-c7b262605968-mgr-x[28514]: | +.++ Eoo. |
2024-09-19T06:18:22.543 INFO:journalctl@ceph.mgr.x.smithi029.stdout:Sep 19 06:18:22 smithi029 ceph-c62668f4-764e-11ef-bceb-c7b262605968-mgr-x[28514]: | ..+*=Bo |
2024-09-19T06:18:22.543 INFO:journalctl@ceph.mgr.x.smithi029.stdout:Sep 19 06:18:22 smithi029 ceph-c62668f4-764e-11ef-bceb-c7b262605968-mgr-x[28514]: | o+O@o. |
2024-09-19T06:18:22.543 INFO:journalctl@ceph.mgr.x.smithi029.stdout:Sep 19 06:18:22 smithi029 ceph-c62668f4-764e-11ef-bceb-c7b262605968-mgr-x[28514]: | .o=OOB. |
2024-09-19T06:18:22.543 INFO:journalctl@ceph.mgr.x.smithi029.stdout:Sep 19 06:18:22 smithi029 ceph-c62668f4-764e-11ef-bceb-c7b262605968-mgr-x[28514]: +----[SHA256]-----+
2024-09-19T06:18:22.846 INFO:teuthology.orchestra.run.smithi029.stdout:/usr/bin/ceph: stderr
2024-09-19T06:18:21.772+0000 7fb675c50640 1 Processor -- start
2024-09-19T06:18:22.847 INFO:teuthology.orchestra.run.smithi029.stdout:/usr/bin/ceph: stderr
2024-09-19T06:18:21.772+0000 7fb675c50640 1 -- start start
2024-09-19T06:18:22.847 INFO:teuthology.orchestra.run.smithi029.stdout:/usr/bin/ceph: stderr
2024-09-19T06:18:21.772+0000 7fb675c50640 1 --2- >> [v2:172.21.15.29:3300/0,v1:172.21.15.29:6789/0] conn(0x7fb670106ac0 0x7fb670106ec0 unknown :-1 s=NONE pgs=0 cs=0 l=0 rev1=0 crypto rx=0 tx=0 comp rx=0 tx=0).connect
2024-09-19T06:18:22.847 INFO:teuthology.orchestra.run.smithi029.stdout:/usr/bin/ceph: stderr
2024-09-19T06:18:21.772+0000 7fb675c50640 1 -- --> [v2:172.21.15.29:3300/0,v1:172.21.15.29:6789/0] -- mon_getmap magic: 0 -- 0x7fb670107400 con 0x7fb670106ac0
2024-09-19T06:18:22.847 INFO:teuthology.orchestra.run.smithi029.stdout:/usr/bin/ceph: stderr
2024-09-19T06:18:21.773+0000 7fb66f7fe640 1 --2- >> [v2:172.21.15.29:3300/0,v1:172.21.15.29:6789/0] conn(0x7fb670106ac0 0x7fb670106ec0 unknown :-1 s=BANNER_CONNECTING pgs=0 cs=0 l=0 rev1=0 crypto rx=0 tx=0 comp rx=0 tx=0)._handle_peer_banner_payload supported=3 required=0
2024-09-19T06:18:22.847 INFO:teuthology.orchestra.run.smithi029.stdout:/usr/bin/ceph: stderr
2024-09-19T06:18:21.773+0000 7fb66f7fe640 1 --2- >> [v2:172.21.15.29:3300/0,v1:172.21.15.29:6789/0] conn(0x7fb670106ac0 0x7fb670106ec0 unknown :-1 s=HELLO_CONNECTING pgs=0 cs=0 l=0 rev1=1 crypto rx=0 tx=0 comp rx=0 tx=0).handle_hello peer v2:172.21.15.29:3300/0 says I am v2:172.21.15.29:43498/0 (socket says 172.21.15.29:43498)
2024-09-19T06:18:22.847 INFO:teuthology.orchestra.run.smithi029.stdout:/usr/bin/ceph: stderr
2024-09-19T06:18:21.773+0000 7fb66f7fe640 1 -- 172.21.15.29:0/4254920494 learned_addr learned my addr 172.21.15.29:0/4254920494 (peer_addr_for_me v2:172.21.15.29:0/0)
2024-09-19T06:18:22.847 INFO:teuthology.orchestra.run.smithi029.stdout:/usr/bin/ceph: stderr
2024-09-19T06:18:21.773+0000 7fb66f7fe640 1 -- 172.21.15.29:0/4254920494 --> [v2:172.21.15.29:3300/0,v1:172.21.15.29:6789/0] -- mon_subscribe({config=0+,monmap=0+}) -- 0x7fb670107580 con 0x7fb670106ac0
2024-09-19T06:18:22.847 INFO:teuthology.orchestra.run.smithi029.stdout:/usr/bin/ceph: stderr
2024-09-19T06:18:21.774+0000 7fb66f7fe640 1 --2- 172.21.15.29:0/4254920494 >> [v2:172.21.15.29:3300/0,v1:172.21.15.29:6789/0] conn(0x7fb670106ac0 0x7fb670106ec0 secure :-1 s=READY pgs=39 cs=0 l=1 rev1=1 crypto rx=0x7fb660009e80 tx=0x7fb66002a7a0 comp rx=0 tx=0).ready entity=mon.0 client_cookie=6da5e41b95afbb2a server_cookie=0 in_seq=0 out_seq=0
2024-09-19T06:18:22.847 INFO:teuthology.orchestra.run.smithi029.stdout:/usr/bin/ceph: stderr
2024-09-19T06:18:21.774+0000 7fb66e7fc640 1 -- 172.21.15.29:0/4254920494 <== mon.0 v2:172.21.15.29:3300/0 1 ==== mon_map magic: 0 ==== 205+0+0 (secure 0 0 0) 0x7fb660036070 con 0x7fb670106ac0
2024-09-19T06:18:22.847 INFO:teuthology.orchestra.run.smithi029.stdout:/usr/bin/ceph: stderr
2024-09-19T06:18:21.774+0000 7fb66e7fc640 1 -- 172.21.15.29:0/4254920494 <== mon.0 v2:172.21.15.29:3300/0 2 ==== config(26 keys) ==== 1071+0+0 (secure 0 0 0) 0x7fb660031890 con 0x7fb670106ac0
2024-09-19T06:18:22.847 INFO:teuthology.orchestra.run.smithi029.stdout:/usr/bin/ceph: stderr
2024-09-19T06:18:21.774+0000 7fb66e7fc640 1 -- 172.21.15.29:0/4254920494 <== mon.0 v2:172.21.15.29:3300/0 3 ==== mon_map magic: 0 ==== 205+0+0 (secure 0 0 0) 0x7fb660007980 con 0x7fb670106ac0
2024-09-19T06:18:22.848 INFO:teuthology.orchestra.run.smithi029.stdout:/usr/bin/ceph: stderr
2024-09-19T06:18:21.774+0000 7fb675c50640 1 -- 172.21.15.29:0/4254920494 >> [v2:172.21.15.29:3300/0,v1:172.21.15.29:6789/0] conn(0x7fb670106ac0 msgr2=0x7fb670106ec0 secure :-1 s=STATE_CONNECTION_ESTABLISHED l=1).mark_down
2024-09-19T06:18:22.848 INFO:teuthology.orchestra.run.smithi029.stdout:/usr/bin/ceph: stderr
2024-09-19T06:18:21.774+0000 7fb675c50640 1 --2- 172.21.15.29:0/4254920494 >> [v2:172.21.15.29:3300/0,v1:172.21.15.29:6789/0] conn(0x7fb670106ac0 0x7fb670106ec0 secure :-1 s=READY pgs=39 cs=0 l=1 rev1=1 crypto rx=0x7fb660009e80 tx=0x7fb66002a7a0 comp rx=0 tx=0).stop
2024-09-19T06:18:22.848 INFO:teuthology.orchestra.run.smithi029.stdout:/usr/bin/ceph: stderr
2024-09-19T06:18:21.775+0000 7fb675c50640 1 -- 172.21.15.29:0/4254920494 shutdown_connections
2024-09-19T06:18:22.848 INFO:teuthology.orchestra.run.smithi029.stdout:/usr/bin/ceph: stderr
2024-09-19T06:18:21.775+0000 7fb675c50640 1 --2- 172.21.15.29:0/4254920494 >> [v2:172.21.15.29:3300/0,v1:172.21.15.29:6789/0] conn(0x7fb670106ac0 0x7fb670106ec0 unknown :-1 s=CLOSED pgs=39 cs=0 l=1 rev1=1 crypto rx=0 tx=0 comp rx=0 tx=0).stop
2024-09-19T06:18:22.848 INFO:teuthology.orchestra.run.smithi029.stdout:/usr/bin/ceph: stderr
2024-09-19T06:18:21.775+0000 7fb675c50640 1 -- 172.21.15.29:0/4254920494 >> 172.21.15.29:0/4254920494 conn(0x7fb670102330 msgr2=0x7fb670104750 unknown :-1 s=STATE_NONE l=0).mark_down
2024-09-19T06:18:22.848 INFO:teuthology.orchestra.run.smithi029.stdout:/usr/bin/ceph: stderr
2024-09-19T06:18:21.775+0000 7fb675c50640 1 -- 172.21.15.29:0/4254920494 shutdown_connections
2024-09-19T06:18:22.848 INFO:teuthology.orchestra.run.smithi029.stdout:/usr/bin/ceph: stderr
2024-09-19T06:18:21.775+0000 7fb675c50640 1 -- 172.21.15.29:0/4254920494 wait complete.
2024-09-19T06:18:22.848 INFO:teuthology.orchestra.run.smithi029.stdout:/usr/bin/ceph: stderr
2024-09-19T06:18:21.775+0000 7fb675c50640 1 Processor -- start
2024-09-19T06:18:22.848 INFO:teuthology.orchestra.run.smithi029.stdout:/usr/bin/ceph: stderr
2024-09-19T06:18:21.775+0000 7fb675c50640 1 -- start start
2024-09-19T06:18:22.848 INFO:teuthology.orchestra.run.smithi029.stdout:/usr/bin/ceph: stderr
2024-09-19T06:18:21.776+0000 7fb675c50640 1 --2- >> [v2:172.21.15.29:3300/0,v1:172.21.15.29:6789/0] conn(0x7fb670106ac0 0x7fb67019a9f0 unknown :-1 s=NONE pgs=0 cs=0 l=1 rev1=0 crypto rx=0 tx=0 comp rx=0 tx=0).connect
2024-09-19T06:18:22.848 INFO:teuthology.orchestra.run.smithi029.stdout:/usr/bin/ceph: stderr
2024-09-19T06:18:21.776+0000 7fb675c50640 1 -- --> [v2:172.21.15.29:3300/0,v1:172.21.15.29:6789/0] -- mon_getmap magic: 0 -- 0x7fb67010af30 con 0x7fb670106ac0
2024-09-19T06:18:22.848 INFO:teuthology.orchestra.run.smithi029.stdout:/usr/bin/ceph: stderr
2024-09-19T06:18:21.776+0000 7fb66f7fe640 1 --2- >> [v2:172.21.15.29:3300/0,v1:172.21.15.29:6789/0] conn(0x7fb670106ac0 0x7fb67019a9f0 unknown :-1 s=BANNER_CONNECTING pgs=0 cs=0 l=1 rev1=0 crypto rx=0 tx=0 comp rx=0 tx=0)._handle_peer_banner_payload supported=3 required=0
2024-09-19T06:18:22.848 INFO:teuthology.orchestra.run.smithi029.stdout:/usr/bin/ceph: stderr
2024-09-19T06:18:21.776+0000 7fb66f7fe640 1 --2- >> [v2:172.21.15.29:3300/0,v1:172.21.15.29:6789/0] conn(0x7fb670106ac0 0x7fb67019a9f0 unknown :-1 s=HELLO_CONNECTING pgs=0 cs=0 l=1 rev1=1 crypto rx=0 tx=0 comp rx=0 tx=0).handle_hello peer v2:172.21.15.29:3300/0 says I am v2:172.21.15.29:43504/0 (socket says 172.21.15.29:43504)
2024-09-19T06:18:22.849 INFO:teuthology.orchestra.run.smithi029.stdout:/usr/bin/ceph: stderr
2024-09-19T06:18:21.776+0000 7fb66f7fe640 1 -- 172.21.15.29:0/1633587927 learned_addr learned my addr 172.21.15.29:0/1633587927 (peer_addr_for_me v2:172.21.15.29:0/0)
2024-09-19T06:18:22.849 INFO:teuthology.orchestra.run.smithi029.stdout:/usr/bin/ceph: stderr
2024-09-19T06:18:21.776+0000 7fb66f7fe640 1 -- 172.21.15.29:0/1633587927 --> [v2:172.21.15.29:3300/0,v1:172.21.15.29:6789/0] -- mon_subscribe({config=0+,monmap=0+}) -- 0x7fb67019af30 con 0x7fb670106ac0
2024-09-19T06:18:22.849 INFO:teuthology.orchestra.run.smithi029.stdout:/usr/bin/ceph: stderr
2024-09-19T06:18:21.776+0000 7fb66f7fe640 1 --2- 172.21.15.29:0/1633587927 >> [v2:172.21.15.29:3300/0,v1:172.21.15.29:6789/0] conn(0x7fb670106ac0 0x7fb67019a9f0 secure :-1 s=READY pgs=40 cs=0 l=1 rev1=1 crypto rx=0x7fb660031c70 tx=0x7fb660031ca0 comp rx=0 tx=0).ready entity=mon.0 client_cookie=0 server_cookie=0 in_seq=0 out_seq=0
2024-09-19T06:18:22.849 INFO:teuthology.orchestra.run.smithi029.stdout:/usr/bin/ceph: stderr
2024-09-19T06:18:21.776+0000 7fb66cff9640 1 -- 172.21.15.29:0/1633587927 <== mon.0 v2:172.21.15.29:3300/0 1 ==== mon_map magic: 0 ==== 205+0+0 (secure 0 0 0) 0x7fb660041020 con 0x7fb670106ac0
2024-09-19T06:18:22.849 INFO:teuthology.orchestra.run.smithi029.stdout:/usr/bin/ceph: stderr
2024-09-19T06:18:21.777+0000 7fb66cff9640 1 -- 172.21.15.29:0/1633587927 <== mon.0 v2:172.21.15.29:3300/0 2 ==== config(26 keys) ==== 1071+0+0 (secure 0 0 0) 0x7fb66003c900 con 0x7fb670106ac0
2024-09-19T06:18:22.849 INFO:teuthology.orchestra.run.smithi029.stdout:/usr/bin/ceph: stderr
2024-09-19T06:18:21.777+0000 7fb675c50640 1 -- 172.21.15.29:0/1633587927 --> [v2:172.21.15.29:3300/0,v1:172.21.15.29:6789/0] -- mon_subscribe({mgrmap=0+}) -- 0x7fb67019b1c0 con 0x7fb670106ac0
2024-09-19T06:18:22.849 INFO:teuthology.orchestra.run.smithi029.stdout:/usr/bin/ceph: stderr
2024-09-19T06:18:21.777+0000 7fb66cff9640 1 -- 172.21.15.29:0/1633587927 <== mon.0 v2:172.21.15.29:3300/0 3 ==== mon_map magic: 0 ==== 205+0+0 (secure 0 0 0) 0x7fb660036040 con 0x7fb670106ac0
2024-09-19T06:18:22.849 INFO:teuthology.orchestra.run.smithi029.stdout:/usr/bin/ceph: stderr
2024-09-19T06:18:21.777+0000 7fb675c50640 1 -- 172.21.15.29:0/1633587927 --> [v2:172.21.15.29:3300/0,v1:172.21.15.29:6789/0] -- mon_subscribe({osdmap=0}) -- 0x7fb67019deb0 con 0x7fb670106ac0
2024-09-19T06:18:22.849 INFO:teuthology.orchestra.run.smithi029.stdout:/usr/bin/ceph: stderr
2024-09-19T06:18:21.777+0000 7fb66cff9640 1 -- 172.21.15.29:0/1633587927 <== mon.0 v2:172.21.15.29:3300/0 4 ==== mgrmap(e 8) ==== 46461+0+0 (secure 0 0 0) 0x7fb660044020 con 0x7fb670106ac0
2024-09-19T06:18:22.849 INFO:teuthology.orchestra.run.smithi029.stdout:/usr/bin/ceph: stderr
2024-09-19T06:18:21.778+0000 7fb675c50640 1 -- 172.21.15.29:0/1633587927 --> [v2:172.21.15.29:3300/0,v1:172.21.15.29:6789/0] -- mon_command({"prefix": "get_command_descriptions"} v 0) -- 0x7fb67010b0b0 con 0x7fb670106ac0
2024-09-19T06:18:22.849 INFO:teuthology.orchestra.run.smithi029.stdout:/usr/bin/ceph: stderr
2024-09-19T06:18:21.778+0000 7fb66cff9640 1 --2- 172.21.15.29:0/1633587927 >> [v2:172.21.15.29:6800/2601487572,v1:172.21.15.29:6801/2601487572] conn(0x7fb65c039200 0x7fb65c03b6c0 unknown :-1 s=NONE pgs=0 cs=0 l=1 rev1=0 crypto rx=0 tx=0 comp rx=0 tx=0).connect
2024-09-19T06:18:22.849 INFO:teuthology.orchestra.run.smithi029.stdout:/usr/bin/ceph: stderr
2024-09-19T06:18:21.778+0000 7fb66cff9640 1 -- 172.21.15.29:0/1633587927 <== mon.0 v2:172.21.15.29:3300/0 5 ==== osd_map(2..2 src has 1..2) ==== 940+0+0 (secure 0 0 0) 0x7fb66006d800 con 0x7fb670106ac0
2024-09-19T06:18:22.849 INFO:teuthology.orchestra.run.smithi029.stdout:/usr/bin/ceph: stderr
2024-09-19T06:18:21.778+0000 7fb66effd640 1 --2- 172.21.15.29:0/1633587927 >> [v2:172.21.15.29:6800/2601487572,v1:172.21.15.29:6801/2601487572] conn(0x7fb65c039200 0x7fb65c03b6c0 unknown :-1 s=BANNER_CONNECTING pgs=0 cs=0 l=1 rev1=0 crypto rx=0 tx=0 comp rx=0 tx=0)._handle_peer_banner_payload supported=3 required=0
2024-09-19T06:18:22.850 INFO:teuthology.orchestra.run.smithi029.stdout:/usr/bin/ceph: stderr
2024-09-19T06:18:21.778+0000 7fb66effd640 1 --2- 172.21.15.29:0/1633587927 >> [v2:172.21.15.29:6800/2601487572,v1:172.21.15.29:6801/2601487572] conn(0x7fb65c039200 0x7fb65c03b6c0 secure :-1 s=READY pgs=10 cs=0 l=1 rev1=1 crypto rx=0x7fb6580098c0 tx=0x7fb658006db0 comp rx=0 tx=0).ready entity=mgr.14118 client_cookie=0 server_cookie=0 in_seq=0 out_seq=0
2024-09-19T06:18:22.850 INFO:teuthology.orchestra.run.smithi029.stdout:/usr/bin/ceph: stderr
2024-09-19T06:18:21.783+0000 7fb66cff9640 1 -- 172.21.15.29:0/1633587927 <== mon.0 v2:172.21.15.29:3300/0 6 ==== mon_command_ack([{"prefix": "get_command_descriptions"}]=0 v0) ==== 72+0+188913 (secure 0 0 0) 0x7fb66004b020 con 0x7fb670106ac0
2024-09-19T06:18:22.850 INFO:teuthology.orchestra.run.smithi029.stdout:/usr/bin/ceph: stderr
2024-09-19T06:18:21.959+0000 7fb675c50640 1 -- 172.21.15.29:0/1633587927 --> [v2:172.21.15.29:6800/2601487572,v1:172.21.15.29:6801/2601487572] -- mgr_command(tid 0: {"prefix": "cephadm generate-key", "target": ["mon-mgr", ""]}) -- 0x7fb6701035d0 con 0x7fb65c039200
2024-09-19T06:18:22.850 INFO:teuthology.orchestra.run.smithi029.stdout:/usr/bin/ceph: stderr
2024-09-19T06:18:22.240+0000 7fb66cff9640 1 -- 172.21.15.29:0/1633587927 <== mgr.14118 v2:172.21.15.29:6800/2601487572 1 ==== mgr_command_reply(tid 0: 0 ) ==== 8+0+0 (secure 0 0 0) 0x7fb6701035d0 con 0x7fb65c039200
2024-09-19T06:18:22.850 INFO:teuthology.orchestra.run.smithi029.stdout:/usr/bin/ceph: stderr
2024-09-19T06:18:22.242+0000 7fb675c50640 1 -- 172.21.15.29:0/1633587927 >> [v2:172.21.15.29:6800/2601487572,v1:172.21.15.29:6801/2601487572] conn(0x7fb65c039200 msgr2=0x7fb65c03b6c0 secure :-1 s=STATE_CONNECTION_ESTABLISHED l=1).mark_down
2024-09-19T06:18:22.850 INFO:teuthology.orchestra.run.smithi029.stdout:/usr/bin/ceph: stderr
2024-09-19T06:18:22.242+0000 7fb675c50640 1 --2- 172.21.15.29:0/1633587927 >> [v2:172.21.15.29:6800/2601487572,v1:172.21.15.29:6801/2601487572] conn(0x7fb65c039200 0x7fb65c03b6c0 secure :-1 s=READY pgs=10 cs=0 l=1 rev1=1 crypto rx=0x7fb6580098c0 tx=0x7fb658006db0 comp rx=0 tx=0).stop
2024-09-19T06:18:22.850 INFO:teuthology.orchestra.run.smithi029.stdout:/usr/bin/ceph: stderr
2024-09-19T06:18:22.242+0000 7fb675c50640 1 -- 172.21.15.29:0/1633587927 >> [v2:172.21.15.29:3300/0,v1:172.21.15.29:6789/0] conn(0x7fb670106ac0 msgr2=0x7fb67019a9f0 secure :-1 s=STATE_CONNECTION_ESTABLISHED l=1).mark_down
2024-09-19T06:18:22.850 INFO:teuthology.orchestra.run.smithi029.stdout:/usr/bin/ceph: stderr
2024-09-19T06:18:22.242+0000 7fb675c50640 1 --2- 172.21.15.29:0/1633587927 >> [v2:172.21.15.29:3300/0,v1:172.21.15.29:6789/0] conn(0x7fb670106ac0 0x7fb67019a9f0 secure :-1 s=READY pgs=40 cs=0 l=1 rev1=1 crypto rx=0x7fb660031c70 tx=0x7fb660031ca0 comp rx=0 tx=0).stop
2024-09-19T06:18:22.850 INFO:teuthology.orchestra.run.smithi029.stdout:/usr/bin/ceph: stderr
2024-09-19T06:18:22.242+0000 7fb675c50640 1 -- 172.21.15.29:0/1633587927 shutdown_connections
2024-09-19T06:18:22.850 INFO:teuthology.orchestra.run.smithi029.stdout:/usr/bin/ceph: stderr
2024-09-19T06:18:22.242+0000 7fb675c50640 1 --2- 172.21.15.29:0/1633587927 >> [v2:172.21.15.29:6800/2601487572,v1:172.21.15.29:6801/2601487572] conn(0x7fb65c039200 0x7fb65c03b6c0 unknown :-1 s=CLOSED pgs=10 cs=0 l=1 rev1=1 crypto rx=0 tx=0 comp rx=0 tx=0).stop
2024-09-19T06:18:22.850 INFO:teuthology.orchestra.run.smithi029.stdout:/usr/bin/ceph: stderr
2024-09-19T06:18:22.242+0000 7fb675c50640 1 --2- 172.21.15.29:0/1633587927 >> [v2:172.21.15.29:3300/0,v1:172.21.15.29:6789/0] conn(0x7fb670106ac0 0x7fb67019a9f0 unknown :-1 s=CLOSED pgs=40 cs=0 l=1 rev1=1 crypto rx=0 tx=0 comp rx=0 tx=0).stop
2024-09-19T06:18:22.850 INFO:teuthology.orchestra.run.smithi029.stdout:/usr/bin/ceph: stderr
2024-09-19T06:18:22.242+0000 7fb675c50640 1 -- 172.21.15.29:0/1633587927 >> 172.21.15.29:0/1633587927 conn(0x7fb670102330 msgr2=0x7fb670102ec0 unknown :-1 s=STATE_NONE l=0).mark_down
2024-09-19T06:18:22.850 INFO:teuthology.orchestra.run.smithi029.stdout:/usr/bin/ceph: stderr
2024-09-19T06:18:22.242+0000 7fb675c50640 1 -- 172.21.15.29:0/1633587927 shutdown_connections
2024-09-19T06:18:22.850 INFO:teuthology.orchestra.run.smithi029.stdout:/usr/bin/ceph: stderr
2024-09-19T06:18:22.242+0000 7fb675c50640 1 -- 172.21.15.29:0/1633587927 wait complete.
2024-09-19T06:18:23.743 INFO:journalctl@ceph.mon.a.smithi029.stdout:Sep 19 06:18:23 smithi029 ceph-mon[28286]: from='client.14134 -' entity='client.admin' cmd=[{"prefix": "cephadm generate-key", "target": ["mon-mgr", ""]}]: dispatch
2024-09-19T06:18:23.743 INFO:journalctl@ceph.mon.a.smithi029.stdout:Sep 19 06:18:23 smithi029 ceph-mon[28286]: Generating ssh key...
2024-09-19T06:18:24.037 INFO:teuthology.orchestra.run.smithi029.stdout:/usr/bin/ceph: stdout ssh-rsa AAAAB3NzaC1yc2EAAAADAQABAAABgQDyiT4L8cEJlD4JLYJ1oqSXo+G2TZqP3QM5mRsfh6fuIV6BDbChkmi6eqB8nSbvii5zhi1OjIhvk6QspwpUkfNDYhvsylEJAiPz/+7Yms/uGYkKJbs5G2I0KZ0yCOZily3M5LRmm5lYDodZIPt5WG8Vc1TxUXPy32DldCWD+LuA+sQSie1YYkIoy5i7yU6f74MIQCPf0xgQXdKgpc1M491DIax6q2PPMHKOxcaGsc8HVN2UwKPugfQbhwDsg9ewFPQwR07tFcjuafQBXSUi2PfrlPy0ZfqKTdIP6jPC5zo//MvxwCiTOms2uo18cRFG7zSqrK/KfhMp214I0yTtbbhLpHvvHE4usp+JuZNTrrWFIDiwnAal6opxEXzpwsHTNjj0dlrRNrpFGdQs1W/N5wRM5Wcvva7t56SZv910Rtqi1ivFl1EgM3xr2YM9DE7kGXHzuWQovuKJ+3gY3ZNFLboCbNihdW+X6t8MKDkzX7yLkvt0cLX5cvTYoYzNUk9bmL0= ceph-c62668f4-764e-11ef-bceb-c7b262605968
2024-09-19T06:18:24.037 INFO:teuthology.orchestra.run.smithi029.stdout:/usr/bin/ceph: stderr
2024-09-19T06:18:23.249+0000 7f60d43e0640 1 Processor -- start
2024-09-19T06:18:24.038 INFO:teuthology.orchestra.run.smithi029.stdout:/usr/bin/ceph: stderr
2024-09-19T06:18:23.249+0000 7f60d43e0640 1 -- start start
2024-09-19T06:18:24.038 INFO:teuthology.orchestra.run.smithi029.stdout:/usr/bin/ceph: stderr
2024-09-19T06:18:23.250+0000 7f60d43e0640 1 --2- >> [v2:172.21.15.29:3300/0,v1:172.21.15.29:6789/0] conn(0x7f60cc106ac0 0x7f60cc106ec0 unknown :-1 s=NONE pgs=0 cs=0 l=0 rev1=0 crypto rx=0 tx=0 comp rx=0 tx=0).connect
2024-09-19T06:18:24.038 INFO:teuthology.orchestra.run.smithi029.stdout:/usr/bin/ceph: stderr
2024-09-19T06:18:23.250+0000 7f60d43e0640 1 -- --> [v2:172.21.15.29:3300/0,v1:172.21.15.29:6789/0] -- mon_getmap magic: 0 -- 0x7f60cc107400 con 0x7f60cc106ac0
2024-09-19T06:18:24.038 INFO:teuthology.orchestra.run.smithi029.stdout:/usr/bin/ceph: stderr
2024-09-19T06:18:23.250+0000 7f60d217c640 1 --2- >> [v2:172.21.15.29:3300/0,v1:172.21.15.29:6789/0] conn(0x7f60cc106ac0 0x7f60cc106ec0 unknown :-1 s=BANNER_CONNECTING pgs=0 cs=0 l=0 rev1=0 crypto rx=0 tx=0 comp rx=0 tx=0)._handle_peer_banner_payload supported=3 required=0
2024-09-19T06:18:24.038 INFO:teuthology.orchestra.run.smithi029.stdout:/usr/bin/ceph: stderr
2024-09-19T06:18:23.250+0000 7f60d217c640 1 --2- >> [v2:172.21.15.29:3300/0,v1:172.21.15.29:6789/0] conn(0x7f60cc106ac0 0x7f60cc106ec0 unknown :-1 s=HELLO_CONNECTING pgs=0 cs=0 l=0 rev1=1 crypto rx=0 tx=0 comp rx=0 tx=0).handle_hello peer v2:172.21.15.29:3300/0 says I am v2:172.21.15.29:43518/0 (socket says 172.21.15.29:43518)
2024-09-19T06:18:24.038 INFO:teuthology.orchestra.run.smithi029.stdout:/usr/bin/ceph: stderr
2024-09-19T06:18:23.250+0000 7f60d217c640 1 -- 172.21.15.29:0/3303360707 learned_addr learned my addr 172.21.15.29:0/3303360707 (peer_addr_for_me v2:172.21.15.29:0/0)
2024-09-19T06:18:24.038 INFO:teuthology.orchestra.run.smithi029.stdout:/usr/bin/ceph: stderr
2024-09-19T06:18:23.250+0000 7f60d217c640 1 -- 172.21.15.29:0/3303360707 --> [v2:172.21.15.29:3300/0,v1:172.21.15.29:6789/0] -- mon_subscribe({config=0+,monmap=0+}) -- 0x7f60cc107580 con 0x7f60cc106ac0
2024-09-19T06:18:24.038 INFO:teuthology.orchestra.run.smithi029.stdout:/usr/bin/ceph: stderr
2024-09-19T06:18:23.251+0000 7f60d217c640 1 --2- 172.21.15.29:0/3303360707 >> [v2:172.21.15.29:3300/0,v1:172.21.15.29:6789/0] conn(0x7f60cc106ac0 0x7f60cc106ec0 secure :-1 s=READY pgs=41 cs=0 l=1 rev1=1 crypto rx=0x7f60c8009820 tx=0x7f60c802a270 comp rx=0 tx=0).ready entity=mon.0 client_cookie=88a98c06c3ac251a server_cookie=0 in_seq=0 out_seq=0
2024-09-19T06:18:24.038 INFO:teuthology.orchestra.run.smithi029.stdout:/usr/bin/ceph: stderr
2024-09-19T06:18:23.251+0000 7f60d117a640 1 -- 172.21.15.29:0/3303360707 <== mon.0 v2:172.21.15.29:3300/0 1 ==== mon_map magic: 0 ==== 205+0+0 (secure 0 0 0) 0x7f60c8037070 con 0x7f60cc106ac0
2024-09-19T06:18:24.038 INFO:teuthology.orchestra.run.smithi029.stdout:/usr/bin/ceph: stderr
2024-09-19T06:18:23.251+0000 7f60d117a640 1 -- 172.21.15.29:0/3303360707 <== mon.0 v2:172.21.15.29:3300/0 2 ==== config(26 keys) ==== 1071+0+0 (secure 0 0 0) 0x7f60c80328d0 con 0x7f60cc106ac0
2024-09-19T06:18:24.038 INFO:teuthology.orchestra.run.smithi029.stdout:/usr/bin/ceph: stderr
2024-09-19T06:18:23.251+0000 7f60d117a640 1 -- 172.21.15.29:0/3303360707 <== mon.0 v2:172.21.15.29:3300/0 3 ==== mon_map magic: 0 ==== 205+0+0 (secure 0 0 0) 0x7f60c80307d0 con 0x7f60cc106ac0
2024-09-19T06:18:24.038 INFO:teuthology.orchestra.run.smithi029.stdout:/usr/bin/ceph: stderr
2024-09-19T06:18:23.252+0000 7f60d43e0640 1 -- 172.21.15.29:0/3303360707 >> [v2:172.21.15.29:3300/0,v1:172.21.15.29:6789/0] conn(0x7f60cc106ac0 msgr2=0x7f60cc106ec0 secure :-1 s=STATE_CONNECTION_ESTABLISHED l=1).mark_down
2024-09-19T06:18:24.039 INFO:teuthology.orchestra.run.smithi029.stdout:/usr/bin/ceph: stderr
2024-09-19T06:18:23.252+0000 7f60d43e0640 1 --2- 172.21.15.29:0/3303360707 >> [v2:172.21.15.29:3300/0,v1:172.21.15.29:6789/0] conn(0x7f60cc106ac0 0x7f60cc106ec0 secure :-1 s=READY pgs=41 cs=0 l=1 rev1=1 crypto rx=0x7f60c8009820 tx=0x7f60c802a270 comp rx=0 tx=0).stop
2024-09-19T06:18:24.039 INFO:teuthology.orchestra.run.smithi029.stdout:/usr/bin/ceph: stderr
2024-09-19T06:18:23.252+0000 7f60d43e0640 1 -- 172.21.15.29:0/3303360707 shutdown_connections
2024-09-19T06:18:24.039 INFO:teuthology.orchestra.run.smithi029.stdout:/usr/bin/ceph: stderr
2024-09-19T06:18:23.252+0000 7f60d43e0640 1 --2- 172.21.15.29:0/3303360707 >> [v2:172.21.15.29:3300/0,v1:172.21.15.29:6789/0] conn(0x7f60cc106ac0 0x7f60cc106ec0 unknown :-1 s=CLOSED pgs=41 cs=0 l=1 rev1=1 crypto rx=0 tx=0 comp rx=0 tx=0).stop
2024-09-19T06:18:24.039 INFO:teuthology.orchestra.run.smithi029.stdout:/usr/bin/ceph: stderr
2024-09-19T06:18:23.252+0000 7f60d43e0640 1 -- 172.21.15.29:0/3303360707 >> 172.21.15.29:0/3303360707 conn(0x7f60cc102330 msgr2=0x7f60cc104750 unknown :-1 s=STATE_NONE l=0).mark_down
2024-09-19T06:18:24.039 INFO:teuthology.orchestra.run.smithi029.stdout:/usr/bin/ceph: stderr
2024-09-19T06:18:23.252+0000 7f60d43e0640 1 -- 172.21.15.29:0/3303360707 shutdown_connections
2024-09-19T06:18:24.039 INFO:teuthology.orchestra.run.smithi029.stdout:/usr/bin/ceph: stderr
2024-09-19T06:18:23.252+0000 7f60d43e0640 1 -- 172.21.15.29:0/3303360707 wait complete.
2024-09-19T06:18:24.039 INFO:teuthology.orchestra.run.smithi029.stdout:/usr/bin/ceph: stderr
2024-09-19T06:18:23.252+0000 7f60d43e0640 1 Processor -- start
2024-09-19T06:18:24.039 INFO:teuthology.orchestra.run.smithi029.stdout:/usr/bin/ceph: stderr
2024-09-19T06:18:23.253+0000 7f60d43e0640 1 -- start start
2024-09-19T06:18:24.039 INFO:teuthology.orchestra.run.smithi029.stdout:/usr/bin/ceph: stderr
2024-09-19T06:18:23.253+0000 7f60d43e0640 1 --2- >> [v2:172.21.15.29:3300/0,v1:172.21.15.29:6789/0] conn(0x7f60cc106ac0 0x7f60cc19a9f0 unknown :-1 s=NONE pgs=0 cs=0 l=1 rev1=0 crypto rx=0 tx=0 comp rx=0 tx=0).connect
2024-09-19T06:18:24.039 INFO:teuthology.orchestra.run.smithi029.stdout:/usr/bin/ceph: stderr
2024-09-19T06:18:23.253+0000 7f60d43e0640 1 -- --> [v2:172.21.15.29:3300/0,v1:172.21.15.29:6789/0] -- mon_getmap magic: 0 -- 0x7f60cc10af30 con 0x7f60cc106ac0
2024-09-19T06:18:24.039 INFO:teuthology.orchestra.run.smithi029.stdout:/usr/bin/ceph: stderr
2024-09-19T06:18:23.253+0000 7f60d217c640 1 --2- >> [v2:172.21.15.29:3300/0,v1:172.21.15.29:6789/0] conn(0x7f60cc106ac0 0x7f60cc19a9f0 unknown :-1 s=BANNER_CONNECTING pgs=0 cs=0 l=1 rev1=0 crypto rx=0 tx=0 comp rx=0 tx=0)._handle_peer_banner_payload supported=3 required=0
2024-09-19T06:18:24.039 INFO:teuthology.orchestra.run.smithi029.stdout:/usr/bin/ceph: stderr
2024-09-19T06:18:23.253+0000 7f60d217c640 1 --2- >> [v2:172.21.15.29:3300/0,v1:172.21.15.29:6789/0] conn(0x7f60cc106ac0 0x7f60cc19a9f0 unknown :-1 s=HELLO_CONNECTING pgs=0 cs=0 l=1 rev1=1 crypto rx=0 tx=0 comp rx=0 tx=0).handle_hello peer v2:172.21.15.29:3300/0 says I am v2:172.21.15.29:43524/0 (socket says 172.21.15.29:43524)
2024-09-19T06:18:24.039 INFO:teuthology.orchestra.run.smithi029.stdout:/usr/bin/ceph: stderr
2024-09-19T06:18:23.253+0000 7f60d217c640 1 -- 172.21.15.29:0/59032637 learned_addr learned my addr 172.21.15.29:0/59032637 (peer_addr_for_me v2:172.21.15.29:0/0)
2024-09-19T06:18:24.040 INFO:teuthology.orchestra.run.smithi029.stdout:/usr/bin/ceph: stderr
2024-09-19T06:18:23.253+0000 7f60d217c640 1 -- 172.21.15.29:0/59032637 --> [v2:172.21.15.29:3300/0,v1:172.21.15.29:6789/0] -- mon_subscribe({config=0+,monmap=0+}) -- 0x7f60cc19af30 con 0x7f60cc106ac0
2024-09-19T06:18:24.040 INFO:teuthology.orchestra.run.smithi029.stdout:/usr/bin/ceph: stderr
2024-09-19T06:18:23.253+0000 7f60d217c640 1 --2- 172.21.15.29:0/59032637 >> [v2:172.21.15.29:3300/0,v1:172.21.15.29:6789/0] conn(0x7f60cc106ac0 0x7f60cc19a9f0 secure :-1 s=READY pgs=42 cs=0 l=1 rev1=1 crypto rx=0x7f60c8032e10 tx=0x7f60c8032e40 comp rx=0 tx=0).ready entity=mon.0 client_cookie=0 server_cookie=0 in_seq=0 out_seq=0
2024-09-19T06:18:24.040 INFO:teuthology.orchestra.run.smithi029.stdout:/usr/bin/ceph: stderr
2024-09-19T06:18:23.253+0000 7f60c37fe640 1 -- 172.21.15.29:0/59032637 <== mon.0 v2:172.21.15.29:3300/0 1 ==== mon_map magic: 0 ==== 205+0+0 (secure 0 0 0) 0x7f60c8042070 con 0x7f60cc106ac0
2024-09-19T06:18:24.040 INFO:teuthology.orchestra.run.smithi029.stdout:/usr/bin/ceph: stderr
2024-09-19T06:18:23.253+0000 7f60c37fe640 1 -- 172.21.15.29:0/59032637 <== mon.0 v2:172.21.15.29:3300/0 2 ==== config(26 keys) ==== 1071+0+0 (secure 0 0 0) 0x7f60c8030c80 con 0x7f60cc106ac0
2024-09-19T06:18:24.040 INFO:teuthology.orchestra.run.smithi029.stdout:/usr/bin/ceph: stderr
2024-09-19T06:18:23.253+0000 7f60d43e0640 1 -- 172.21.15.29:0/59032637 --> [v2:172.21.15.29:3300/0,v1:172.21.15.29:6789/0] -- mon_subscribe({mgrmap=0+}) -- 0x7f60cc19b1c0 con 0x7f60cc106ac0
2024-09-19T06:18:24.040 INFO:teuthology.orchestra.run.smithi029.stdout:/usr/bin/ceph: stderr
2024-09-19T06:18:23.253+0000 7f60c37fe640 1 -- 172.21.15.29:0/59032637 <== mon.0 v2:172.21.15.29:3300/0 3 ==== mon_map magic: 0 ==== 205+0+0 (secure 0 0 0) 0x7f60c8037040 con 0x7f60cc106ac0
2024-09-19T06:18:24.040 INFO:teuthology.orchestra.run.smithi029.stdout:/usr/bin/ceph: stderr
