2024-09-19T06:30:46.151 INFO:teuthology.orchestra.run.smithi012.stdout:/usr/bin/ceph: stderr
2024-09-19T06:30:45.500+0000 7fc6f4f52640 1 -- 172.21.15.12:0/2245391077 >> [v2:172.21.15.12:3300/0,v1:172.21.15.12:6789/0] conn(0x7fc6f01077d0 msgr2=0x7fc6f007daf0 secure :-1 s=STATE_CONNECTION_ESTABLISHED l=1).mark_down
2024-09-19T06:30:46.151 INFO:teuthology.orchestra.run.smithi012.stdout:/usr/bin/ceph: stderr
2024-09-19T06:30:45.500+0000 7fc6f4f52640 1 --2- 172.21.15.12:0/2245391077 >> [v2:172.21.15.12:3300/0,v1:172.21.15.12:6789/0] conn(0x7fc6f01077d0 0x7fc6f007daf0 secure :-1 s=READY pgs=8 cs=0 l=1 rev1=1 crypto rx=0x7fc6e0009940 tx=0x7fc6e0032ce0 comp rx=0 tx=0).stop
2024-09-19T06:30:46.151 INFO:teuthology.orchestra.run.smithi012.stdout:/usr/bin/ceph: stderr
2024-09-19T06:30:45.500+0000 7fc6f4f52640 1 -- 172.21.15.12:0/2245391077 shutdown_connections
2024-09-19T06:30:46.152 INFO:teuthology.orchestra.run.smithi012.stdout:/usr/bin/ceph: stderr
2024-09-19T06:30:45.500+0000 7fc6f4f52640 1 --2- 172.21.15.12:0/2245391077 >> [v2:172.21.15.12:3300/0,v1:172.21.15.12:6789/0] conn(0x7fc6f01077d0 0x7fc6f007daf0 unknown :-1 s=CLOSED pgs=8 cs=0 l=1 rev1=1 crypto rx=0 tx=0 comp rx=0 tx=0).stop
2024-09-19T06:30:46.152 INFO:teuthology.orchestra.run.smithi012.stdout:/usr/bin/ceph: stderr
2024-09-19T06:30:45.500+0000 7fc6f4f52640 1 -- 172.21.15.12:0/2245391077 >> 172.21.15.12:0/2245391077 conn(0x7fc6f0102fc0 msgr2=0x7fc6f0103b40 unknown :-1 s=STATE_NONE l=0).mark_down
2024-09-19T06:30:46.152 INFO:teuthology.orchestra.run.smithi012.stdout:/usr/bin/ceph: stderr
2024-09-19T06:30:45.501+0000 7fc6f4f52640 1 -- 172.21.15.12:0/2245391077 shutdown_connections
2024-09-19T06:30:46.152 INFO:teuthology.orchestra.run.smithi012.stdout:/usr/bin/ceph: stderr
2024-09-19T06:30:45.501+0000 7fc6f4f52640 1 -- 172.21.15.12:0/2245391077 wait complete.
2024-09-19T06:30:46.152 INFO:teuthology.orchestra.run.smithi012.stdout:mgr not available, waiting (2/15)...
2024-09-19T06:30:47.129 INFO:journalctl@ceph.mgr.x.smithi012.stdout:Sep 19 06:30:46 smithi012 ceph-8bf314c8-7650-11ef-bceb-c7b262605968-mgr-x[31163]:
2024-09-19T06:30:46.844+0000 7ff126886040 -1 mgr[py] Module telegraf has missing NOTIFY_TYPES member
2024-09-19T06:30:47.129 INFO:journalctl@ceph.mon.a.smithi012.stdout:Sep 19 06:30:46 smithi012 ceph-mon[30937]: Activating manager daemon x
2024-09-19T06:30:47.129 INFO:journalctl@ceph.mon.a.smithi012.stdout:Sep 19 06:30:46 smithi012 ceph-mon[30937]: mgrmap e2: x(active, starting, since 0.00312374s)
2024-09-19T06:30:47.129 INFO:journalctl@ceph.mon.a.smithi012.stdout:Sep 19 06:30:46 smithi012 ceph-mon[30937]: from='mgr.14100 172.21.15.12:0/3028136061' entity='mgr.x' cmd=[{"prefix": "mds metadata"}]: dispatch
2024-09-19T06:30:47.130 INFO:journalctl@ceph.mon.a.smithi012.stdout:Sep 19 06:30:46 smithi012 ceph-mon[30937]: from='mgr.14100 172.21.15.12:0/3028136061' entity='mgr.x' cmd=[{"prefix": "osd metadata"}]: dispatch
2024-09-19T06:30:47.130 INFO:journalctl@ceph.mon.a.smithi012.stdout:Sep 19 06:30:46 smithi012 ceph-mon[30937]: from='mgr.14100 172.21.15.12:0/3028136061' entity='mgr.x' cmd=[{"prefix": "mon metadata"}]: dispatch
2024-09-19T06:30:47.130 INFO:journalctl@ceph.mon.a.smithi012.stdout:Sep 19 06:30:46 smithi012 ceph-mon[30937]: from='mgr.14100 172.21.15.12:0/3028136061' entity='mgr.x' cmd=[{"prefix": "mon metadata", "id": "a"}]: dispatch
2024-09-19T06:30:47.130 INFO:journalctl@ceph.mon.a.smithi012.stdout:Sep 19 06:30:46 smithi012 ceph-mon[30937]: from='mgr.14100 172.21.15.12:0/3028136061' entity='mgr.x' cmd=[{"prefix": "mgr metadata", "who": "x", "id": "x"}]: dispatch
2024-09-19T06:30:47.130 INFO:journalctl@ceph.mon.a.smithi012.stdout:Sep 19 06:30:46 smithi012 ceph-mon[30937]: Manager daemon x is now available
2024-09-19T06:30:47.130 INFO:journalctl@ceph.mon.a.smithi012.stdout:Sep 19 06:30:46 smithi012 ceph-mon[30937]: from='mgr.14100 172.21.15.12:0/3028136061' entity='mgr.x' cmd=[{"prefix":"config rm","who":"mgr","name":"mgr/rbd_support/x/mirror_snapshot_schedule"}]: dispatch
2024-09-19T06:30:47.130 INFO:journalctl@ceph.mon.a.smithi012.stdout:Sep 19 06:30:46 smithi012 ceph-mon[30937]: from='mgr.14100 172.21.15.12:0/3028136061' entity='mgr.x' cmd=[{"prefix":"config rm","who":"mgr","name":"mgr/rbd_support/x/trash_purge_schedule"}]: dispatch
2024-09-19T06:30:47.130 INFO:journalctl@ceph.mon.a.smithi012.stdout:Sep 19 06:30:46 smithi012 ceph-mon[30937]: from='mgr.14100 172.21.15.12:0/3028136061' entity='mgr.x'
2024-09-19T06:30:47.130 INFO:journalctl@ceph.mon.a.smithi012.stdout:Sep 19 06:30:46 smithi012 ceph-mon[30937]: from='mgr.14100 172.21.15.12:0/3028136061' entity='mgr.x'
2024-09-19T06:30:47.130 INFO:journalctl@ceph.mon.a.smithi012.stdout:Sep 19 06:30:46 smithi012 ceph-mon[30937]: from='mgr.14100 172.21.15.12:0/3028136061' entity='mgr.x'
2024-09-19T06:30:49.129 INFO:journalctl@ceph.mon.a.smithi012.stdout:Sep 19 06:30:48 smithi012 ceph-mon[30937]: mgrmap e3: x(active, since 1.00728s)
2024-09-19T06:30:49.129 INFO:journalctl@ceph.mon.a.smithi012.stdout:Sep 19 06:30:48 smithi012 ceph-mon[30937]: from='client.? 172.21.15.12:0/2300316762' entity='client.admin' cmd=[{"prefix": "status", "format": "json-pretty"}]: dispatch
2024-09-19T06:30:49.383 INFO:teuthology.orchestra.run.smithi012.stdout:/usr/bin/ceph: stdout
2024-09-19T06:30:49.383 INFO:teuthology.orchestra.run.smithi012.stdout:/usr/bin/ceph: stdout {
2024-09-19T06:30:49.384 INFO:teuthology.orchestra.run.smithi012.stdout:/usr/bin/ceph: stdout "fsid": "8bf314c8-7650-11ef-bceb-c7b262605968",
2024-09-19T06:30:49.384 INFO:teuthology.orchestra.run.smithi012.stdout:/usr/bin/ceph: stdout "health": {
2024-09-19T06:30:49.384 INFO:teuthology.orchestra.run.smithi012.stdout:/usr/bin/ceph: stdout "status": "HEALTH_OK",
2024-09-19T06:30:49.384 INFO:teuthology.orchestra.run.smithi012.stdout:/usr/bin/ceph: stdout "checks": {},
2024-09-19T06:30:49.384 INFO:teuthology.orchestra.run.smithi012.stdout:/usr/bin/ceph: stdout "mutes": []
2024-09-19T06:30:49.384 INFO:teuthology.orchestra.run.smithi012.stdout:/usr/bin/ceph: stdout },
2024-09-19T06:30:49.384 INFO:teuthology.orchestra.run.smithi012.stdout:/usr/bin/ceph: stdout "election_epoch": 5,
2024-09-19T06:30:49.384 INFO:teuthology.orchestra.run.smithi012.stdout:/usr/bin/ceph: stdout "quorum": [
2024-09-19T06:30:49.384 INFO:teuthology.orchestra.run.smithi012.stdout:/usr/bin/ceph: stdout 0
2024-09-19T06:30:49.384 INFO:teuthology.orchestra.run.smithi012.stdout:/usr/bin/ceph: stdout ],
2024-09-19T06:30:49.385 INFO:teuthology.orchestra.run.smithi012.stdout:/usr/bin/ceph: stdout "quorum_names": [
2024-09-19T06:30:49.385 INFO:teuthology.orchestra.run.smithi012.stdout:/usr/bin/ceph: stdout "a"
2024-09-19T06:30:49.385 INFO:teuthology.orchestra.run.smithi012.stdout:/usr/bin/ceph: stdout ],
2024-09-19T06:30:49.385 INFO:teuthology.orchestra.run.smithi012.stdout:/usr/bin/ceph: stdout "quorum_age": 9,
2024-09-19T06:30:49.385 INFO:teuthology.orchestra.run.smithi012.stdout:/usr/bin/ceph: stdout "monmap": {
2024-09-19T06:30:49.385 INFO:teuthology.orchestra.run.smithi012.stdout:/usr/bin/ceph: stdout "epoch": 1,
2024-09-19T06:30:49.385 INFO:teuthology.orchestra.run.smithi012.stdout:/usr/bin/ceph: stdout "min_mon_release_name": "squid",
2024-09-19T06:30:49.385 INFO:teuthology.orchestra.run.smithi012.stdout:/usr/bin/ceph: stdout "num_mons": 1
2024-09-19T06:30:49.385 INFO:teuthology.orchestra.run.smithi012.stdout:/usr/bin/ceph: stdout },
2024-09-19T06:30:49.385 INFO:teuthology.orchestra.run.smithi012.stdout:/usr/bin/ceph: stdout "osdmap": {
2024-09-19T06:30:49.385 INFO:teuthology.orchestra.run.smithi012.stdout:/usr/bin/ceph: stdout "epoch": 1,
2024-09-19T06:30:49.386 INFO:teuthology.orchestra.run.smithi012.stdout:/usr/bin/ceph: stdout "num_osds": 0,
2024-09-19T06:30:49.386 INFO:teuthology.orchestra.run.smithi012.stdout:/usr/bin/ceph: stdout "num_up_osds": 0,
2024-09-19T06:30:49.386 INFO:teuthology.orchestra.run.smithi012.stdout:/usr/bin/ceph: stdout "osd_up_since": 0,
2024-09-19T06:30:49.386 INFO:teuthology.orchestra.run.smithi012.stdout:/usr/bin/ceph: stdout "num_in_osds": 0,
2024-09-19T06:30:49.386 INFO:teuthology.orchestra.run.smithi012.stdout:/usr/bin/ceph: stdout "osd_in_since": 0,
2024-09-19T06:30:49.386 INFO:teuthology.orchestra.run.smithi012.stdout:/usr/bin/ceph: stdout "num_remapped_pgs": 0
2024-09-19T06:30:49.386 INFO:teuthology.orchestra.run.smithi012.stdout:/usr/bin/ceph: stdout },
2024-09-19T06:30:49.386 INFO:teuthology.orchestra.run.smithi012.stdout:/usr/bin/ceph: stdout "pgmap": {
2024-09-19T06:30:49.386 INFO:teuthology.orchestra.run.smithi012.stdout:/usr/bin/ceph: stdout "pgs_by_state": [],
2024-09-19T06:30:49.386 INFO:teuthology.orchestra.run.smithi012.stdout:/usr/bin/ceph: stdout "num_pgs": 0,
2024-09-19T06:30:49.386 INFO:teuthology.orchestra.run.smithi012.stdout:/usr/bin/ceph: stdout "num_pools": 0,
2024-09-19T06:30:49.386 INFO:teuthology.orchestra.run.smithi012.stdout:/usr/bin/ceph: stdout "num_objects": 0,
2024-09-19T06:30:49.387 INFO:teuthology.orchestra.run.smithi012.stdout:/usr/bin/ceph: stdout "data_bytes": 0,
2024-09-19T06:30:49.387 INFO:teuthology.orchestra.run.smithi012.stdout:/usr/bin/ceph: stdout "bytes_used": 0,
2024-09-19T06:30:49.387 INFO:teuthology.orchestra.run.smithi012.stdout:/usr/bin/ceph: stdout "bytes_avail": 0,
2024-09-19T06:30:49.387 INFO:teuthology.orchestra.run.smithi012.stdout:/usr/bin/ceph: stdout "bytes_total": 0
2024-09-19T06:30:49.387 INFO:teuthology.orchestra.run.smithi012.stdout:/usr/bin/ceph: stdout },
2024-09-19T06:30:49.387 INFO:teuthology.orchestra.run.smithi012.stdout:/usr/bin/ceph: stdout "fsmap": {
2024-09-19T06:30:49.387 INFO:teuthology.orchestra.run.smithi012.stdout:/usr/bin/ceph: stdout "epoch": 1,
2024-09-19T06:30:49.387 INFO:teuthology.orchestra.run.smithi012.stdout:/usr/bin/ceph: stdout "btime": "2024-09-19T06:30:34:142717+0000",
2024-09-19T06:30:49.387 INFO:teuthology.orchestra.run.smithi012.stdout:/usr/bin/ceph: stdout "by_rank": [],
2024-09-19T06:30:49.387 INFO:teuthology.orchestra.run.smithi012.stdout:/usr/bin/ceph: stdout "up:standby": 0
2024-09-19T06:30:49.387 INFO:teuthology.orchestra.run.smithi012.stdout:/usr/bin/ceph: stdout },
2024-09-19T06:30:49.388 INFO:teuthology.orchestra.run.smithi012.stdout:/usr/bin/ceph: stdout "mgrmap": {
2024-09-19T06:30:49.388 INFO:teuthology.orchestra.run.smithi012.stdout:/usr/bin/ceph: stdout "available": true,
2024-09-19T06:30:49.388 INFO:teuthology.orchestra.run.smithi012.stdout:/usr/bin/ceph: stdout "num_standbys": 0,
2024-09-19T06:30:49.388 INFO:teuthology.orchestra.run.smithi012.stdout:/usr/bin/ceph: stdout "modules": [
2024-09-19T06:30:49.388 INFO:teuthology.orchestra.run.smithi012.stdout:/usr/bin/ceph: stdout "iostat",
2024-09-19T06:30:49.388 INFO:teuthology.orchestra.run.smithi012.stdout:/usr/bin/ceph: stdout "nfs",
2024-09-19T06:30:49.388 INFO:teuthology.orchestra.run.smithi012.stdout:/usr/bin/ceph: stdout "restful"
2024-09-19T06:30:49.388 INFO:teuthology.orchestra.run.smithi012.stdout:/usr/bin/ceph: stdout ],
2024-09-19T06:30:49.388 INFO:teuthology.orchestra.run.smithi012.stdout:/usr/bin/ceph: stdout "services": {}
2024-09-19T06:30:49.388 INFO:teuthology.orchestra.run.smithi012.stdout:/usr/bin/ceph: stdout },
2024-09-19T06:30:49.389 INFO:teuthology.orchestra.run.smithi012.stdout:/usr/bin/ceph: stdout "servicemap": {
2024-09-19T06:30:49.389 INFO:teuthology.orchestra.run.smithi012.stdout:/usr/bin/ceph: stdout "epoch": 1,
2024-09-19T06:30:49.389 INFO:teuthology.orchestra.run.smithi012.stdout:/usr/bin/ceph: stdout "modified": "2024-09-19T06:30:34.143404+0000",
2024-09-19T06:30:49.389 INFO:teuthology.orchestra.run.smithi012.stdout:/usr/bin/ceph: stdout "services": {}
2024-09-19T06:30:49.389 INFO:teuthology.orchestra.run.smithi012.stdout:/usr/bin/ceph: stdout },
2024-09-19T06:30:49.389 INFO:teuthology.orchestra.run.smithi012.stdout:/usr/bin/ceph: stdout "progress_events": {}
2024-09-19T06:30:49.389 INFO:teuthology.orchestra.run.smithi012.stdout:/usr/bin/ceph: stdout }
2024-09-19T06:30:49.389 INFO:teuthology.orchestra.run.smithi012.stdout:/usr/bin/ceph: stderr
2024-09-19T06:30:48.569+0000 7fd54a485640 1 Processor -- start
2024-09-19T06:30:49.389 INFO:teuthology.orchestra.run.smithi012.stdout:/usr/bin/ceph: stderr
2024-09-19T06:30:48.570+0000 7fd54a485640 1 -- start start
2024-09-19T06:30:49.389 INFO:teuthology.orchestra.run.smithi012.stdout:/usr/bin/ceph: stderr
2024-09-19T06:30:48.570+0000 7fd54a485640 1 --2- >> [v2:172.21.15.12:3300/0,v1:172.21.15.12:6789/0] conn(0x7fd5441066d0 0x7fd544106ad0 unknown :-1 s=NONE pgs=0 cs=0 l=0 rev1=0 crypto rx=0 tx=0 comp rx=0 tx=0).connect
2024-09-19T06:30:49.389 INFO:teuthology.orchestra.run.smithi012.stdout:/usr/bin/ceph: stderr
2024-09-19T06:30:48.570+0000 7fd54a485640 1 -- --> [v2:172.21.15.12:3300/0,v1:172.21.15.12:6789/0] -- mon_getmap magic: 0 -- 0x7fd5441070a0 con 0x7fd5441066d0
2024-09-19T06:30:49.390 INFO:teuthology.orchestra.run.smithi012.stdout:/usr/bin/ceph: stderr
2024-09-19T06:30:48.570+0000 7fd543fff640 1 --2- >> [v2:172.21.15.12:3300/0,v1:172.21.15.12:6789/0] conn(0x7fd5441066d0 0x7fd544106ad0 unknown :-1 s=BANNER_CONNECTING pgs=0 cs=0 l=0 rev1=0 crypto rx=0 tx=0 comp rx=0 tx=0)._handle_peer_banner_payload supported=3 required=0
2024-09-19T06:30:49.390 INFO:teuthology.orchestra.run.smithi012.stdout:/usr/bin/ceph: stderr
2024-09-19T06:30:48.570+0000 7fd543fff640 1 --2- >> [v2:172.21.15.12:3300/0,v1:172.21.15.12:6789/0] conn(0x7fd5441066d0 0x7fd544106ad0 unknown :-1 s=HELLO_CONNECTING pgs=0 cs=0 l=0 rev1=1 crypto rx=0 tx=0 comp rx=0 tx=0).handle_hello peer v2:172.21.15.12:3300/0 says I am v2:172.21.15.12:55024/0 (socket says 172.21.15.12:55024)
2024-09-19T06:30:49.390 INFO:teuthology.orchestra.run.smithi012.stdout:/usr/bin/ceph: stderr
2024-09-19T06:30:48.570+0000 7fd543fff640 1 -- 172.21.15.12:0/1150725896 learned_addr learned my addr 172.21.15.12:0/1150725896 (peer_addr_for_me v2:172.21.15.12:0/0)
2024-09-19T06:30:49.390 INFO:teuthology.orchestra.run.smithi012.stdout:/usr/bin/ceph: stderr
2024-09-19T06:30:48.571+0000 7fd543fff640 1 -- 172.21.15.12:0/1150725896 --> [v2:172.21.15.12:3300/0,v1:172.21.15.12:6789/0] -- mon_subscribe({config=0+,monmap=0+}) -- 0x7fd5441078d0 con 0x7fd5441066d0
2024-09-19T06:30:49.390 INFO:teuthology.orchestra.run.smithi012.stdout:/usr/bin/ceph: stderr
2024-09-19T06:30:48.571+0000 7fd543fff640 1 --2- 172.21.15.12:0/1150725896 >> [v2:172.21.15.12:3300/0,v1:172.21.15.12:6789/0] conn(0x7fd5441066d0 0x7fd544106ad0 secure :-1 s=READY pgs=16 cs=0 l=1 rev1=1 crypto rx=0x7fd534009820 tx=0x7fd53402a270 comp rx=0 tx=0).ready entity=mon.0 client_cookie=3983ddf71ab8672 server_cookie=0 in_seq=0 out_seq=0
2024-09-19T06:30:49.390 INFO:teuthology.orchestra.run.smithi012.stdout:/usr/bin/ceph: stderr
2024-09-19T06:30:48.572+0000 7fd5437fe640 1 -- 172.21.15.12:0/1150725896 <== mon.0 v2:172.21.15.12:3300/0 1 ==== mon_map magic: 0 ==== 205+0+0 (secure 0 0 0) 0x7fd534037070 con 0x7fd5441066d0
2024-09-19T06:30:49.390 INFO:teuthology.orchestra.run.smithi012.stdout:/usr/bin/ceph: stderr
2024-09-19T06:30:48.572+0000 7fd5437fe640 1 -- 172.21.15.12:0/1150725896 <== mon.0 v2:172.21.15.12:3300/0 2 ==== config(27 keys) ==== 1109+0+0 (secure 0 0 0) 0x7fd534032900 con 0x7fd5441066d0
2024-09-19T06:30:49.390 INFO:teuthology.orchestra.run.smithi012.stdout:/usr/bin/ceph: stderr
2024-09-19T06:30:48.572+0000 7fd5437fe640 1 -- 172.21.15.12:0/1150725896 <== mon.0 v2:172.21.15.12:3300/0 3 ==== mon_map magic: 0 ==== 205+0+0 (secure 0 0 0) 0x7fd534030850 con 0x7fd5441066d0
2024-09-19T06:30:49.390 INFO:teuthology.orchestra.run.smithi012.stdout:/usr/bin/ceph: stderr
2024-09-19T06:30:48.572+0000 7fd54a485640 1 -- 172.21.15.12:0/1150725896 >> [v2:172.21.15.12:3300/0,v1:172.21.15.12:6789/0] conn(0x7fd5441066d0 msgr2=0x7fd544106ad0 secure :-1 s=STATE_CONNECTION_ESTABLISHED l=1).mark_down
2024-09-19T06:30:49.390 INFO:teuthology.orchestra.run.smithi012.stdout:/usr/bin/ceph: stderr
2024-09-19T06:30:48.572+0000 7fd54a485640 1 --2- 172.21.15.12:0/1150725896 >> [v2:172.21.15.12:3300/0,v1:172.21.15.12:6789/0] conn(0x7fd5441066d0 0x7fd544106ad0 secure :-1 s=READY pgs=16 cs=0 l=1 rev1=1 crypto rx=0x7fd534009820 tx=0x7fd53402a270 comp rx=0 tx=0).stop
2024-09-19T06:30:49.390 INFO:teuthology.orchestra.run.smithi012.stdout:/usr/bin/ceph: stderr
2024-09-19T06:30:48.572+0000 7fd54a485640 1 -- 172.21.15.12:0/1150725896 shutdown_connections
2024-09-19T06:30:49.391 INFO:teuthology.orchestra.run.smithi012.stdout:/usr/bin/ceph: stderr
2024-09-19T06:30:48.572+0000 7fd54a485640 1 --2- 172.21.15.12:0/1150725896 >> [v2:172.21.15.12:3300/0,v1:172.21.15.12:6789/0] conn(0x7fd5441066d0 0x7fd544106ad0 unknown :-1 s=CLOSED pgs=16 cs=0 l=1 rev1=1 crypto rx=0 tx=0 comp rx=0 tx=0).stop
2024-09-19T06:30:49.391 INFO:teuthology.orchestra.run.smithi012.stdout:/usr/bin/ceph: stderr
2024-09-19T06:30:48.572+0000 7fd54a485640 1 -- 172.21.15.12:0/1150725896 >> 172.21.15.12:0/1150725896 conn(0x7fd544101e60 msgr2=0x7fd5441042a0 unknown :-1 s=STATE_NONE l=0).mark_down
2024-09-19T06:30:49.391 INFO:teuthology.orchestra.run.smithi012.stdout:/usr/bin/ceph: stderr
2024-09-19T06:30:48.572+0000 7fd54a485640 1 -- 172.21.15.12:0/1150725896 shutdown_connections
2024-09-19T06:30:49.391 INFO:teuthology.orchestra.run.smithi012.stdout:/usr/bin/ceph: stderr
2024-09-19T06:30:48.572+0000 7fd54a485640 1 -- 172.21.15.12:0/1150725896 wait complete.
2024-09-19T06:30:49.391 INFO:teuthology.orchestra.run.smithi012.stdout:/usr/bin/ceph: stderr
2024-09-19T06:30:48.573+0000 7fd54a485640 1 Processor -- start
2024-09-19T06:30:49.391 INFO:teuthology.orchestra.run.smithi012.stdout:/usr/bin/ceph: stderr
2024-09-19T06:30:48.573+0000 7fd54a485640 1 -- start start
2024-09-19T06:30:49.391 INFO:teuthology.orchestra.run.smithi012.stdout:/usr/bin/ceph: stderr
2024-09-19T06:30:48.573+0000 7fd54a485640 1 --2- >> [v2:172.21.15.12:3300/0,v1:172.21.15.12:6789/0] conn(0x7fd5441066d0 0x7fd54419b820 unknown :-1 s=NONE pgs=0 cs=0 l=1 rev1=0 crypto rx=0 tx=0 comp rx=0 tx=0).connect
2024-09-19T06:30:49.391 INFO:teuthology.orchestra.run.smithi012.stdout:/usr/bin/ceph: stderr
2024-09-19T06:30:48.573+0000 7fd54a485640 1 -- --> [v2:172.21.15.12:3300/0,v1:172.21.15.12:6789/0] -- mon_getmap magic: 0 -- 0x7fd54410ac80 con 0x7fd5441066d0
2024-09-19T06:30:49.391 INFO:teuthology.orchestra.run.smithi012.stdout:/usr/bin/ceph: stderr
2024-09-19T06:30:48.573+0000 7fd543fff640 1 --2- >> [v2:172.21.15.12:3300/0,v1:172.21.15.12:6789/0] conn(0x7fd5441066d0 0x7fd54419b820 unknown :-1 s=BANNER_CONNECTING pgs=0 cs=0 l=1 rev1=0 crypto rx=0 tx=0 comp rx=0 tx=0)._handle_peer_banner_payload supported=3 required=0
2024-09-19T06:30:49.391 INFO:teuthology.orchestra.run.smithi012.stdout:/usr/bin/ceph: stderr
2024-09-19T06:30:48.573+0000 7fd543fff640 1 --2- >> [v2:172.21.15.12:3300/0,v1:172.21.15.12:6789/0] conn(0x7fd5441066d0 0x7fd54419b820 unknown :-1 s=HELLO_CONNECTING pgs=0 cs=0 l=1 rev1=1 crypto rx=0 tx=0 comp rx=0 tx=0).handle_hello peer v2:172.21.15.12:3300/0 says I am v2:172.21.15.12:55040/0 (socket says 172.21.15.12:55040)
2024-09-19T06:30:49.391 INFO:teuthology.orchestra.run.smithi012.stdout:/usr/bin/ceph: stderr
2024-09-19T06:30:48.573+0000 7fd543fff640 1 -- 172.21.15.12:0/2300316762 learned_addr learned my addr 172.21.15.12:0/2300316762 (peer_addr_for_me v2:172.21.15.12:0/0)
2024-09-19T06:30:49.391 INFO:teuthology.orchestra.run.smithi012.stdout:/usr/bin/ceph: stderr
2024-09-19T06:30:48.574+0000 7fd543fff640 1 -- 172.21.15.12:0/2300316762 --> [v2:172.21.15.12:3300/0,v1:172.21.15.12:6789/0] -- mon_subscribe({config=0+,monmap=0+}) -- 0x7fd54419bd60 con 0x7fd5441066d0
2024-09-19T06:30:49.392 INFO:teuthology.orchestra.run.smithi012.stdout:/usr/bin/ceph: stderr
2024-09-19T06:30:48.574+0000 7fd543fff640 1 --2- 172.21.15.12:0/2300316762 >> [v2:172.21.15.12:3300/0,v1:172.21.15.12:6789/0] conn(0x7fd5441066d0 0x7fd54419b820 secure :-1 s=READY pgs=17 cs=0 l=1 rev1=1 crypto rx=0x7fd534009940 tx=0x7fd534032ce0 comp rx=0 tx=0).ready entity=mon.0 client_cookie=0 server_cookie=0 in_seq=0 out_seq=0
2024-09-19T06:30:49.392 INFO:teuthology.orchestra.run.smithi012.stdout:/usr/bin/ceph: stderr
2024-09-19T06:30:48.574+0000 7fd541ffb640 1 -- 172.21.15.12:0/2300316762 <== mon.0 v2:172.21.15.12:3300/0 1 ==== mon_map magic: 0 ==== 205+0+0 (secure 0 0 0) 0x7fd534042070 con 0x7fd5441066d0
2024-09-19T06:30:49.392 INFO:teuthology.orchestra.run.smithi012.stdout:/usr/bin/ceph: stderr
2024-09-19T06:30:48.574+0000 7fd541ffb640 1 -- 172.21.15.12:0/2300316762 <== mon.0 v2:172.21.15.12:3300/0 2 ==== config(27 keys) ==== 1109+0+0 (secure 0 0 0) 0x7fd5340308c0 con 0x7fd5441066d0
2024-09-19T06:30:49.392 INFO:teuthology.orchestra.run.smithi012.stdout:/usr/bin/ceph: stderr
2024-09-19T06:30:48.574+0000 7fd54a485640 1 -- 172.21.15.12:0/2300316762 --> [v2:172.21.15.12:3300/0,v1:172.21.15.12:6789/0] -- mon_subscribe({mgrmap=0+}) -- 0x7fd54419bff0 con 0x7fd5441066d0
2024-09-19T06:30:49.392 INFO:teuthology.orchestra.run.smithi012.stdout:/usr/bin/ceph: stderr
2024-09-19T06:30:48.574+0000 7fd541ffb640 1 -- 172.21.15.12:0/2300316762 <== mon.0 v2:172.21.15.12:3300/0 3 ==== mon_map magic: 0 ==== 205+0+0 (secure 0 0 0) 0x7fd534037040 con 0x7fd5441066d0
2024-09-19T06:30:49.392 INFO:teuthology.orchestra.run.smithi012.stdout:/usr/bin/ceph: stderr
2024-09-19T06:30:48.574+0000 7fd54a485640 1 -- 172.21.15.12:0/2300316762 --> [v2:172.21.15.12:3300/0,v1:172.21.15.12:6789/0] -- mon_subscribe({osdmap=0}) -- 0x7fd54419ece0 con 0x7fd5441066d0
2024-09-19T06:30:49.392 INFO:teuthology.orchestra.run.smithi012.stdout:/usr/bin/ceph: stderr
2024-09-19T06:30:48.575+0000 7fd541ffb640 1 -- 172.21.15.12:0/2300316762 <== mon.0 v2:172.21.15.12:3300/0 4 ==== mgrmap(e 3) ==== 46344+0+0 (secure 0 0 0) 0x7fd534045070 con 0x7fd5441066d0
2024-09-19T06:30:49.392 INFO:teuthology.orchestra.run.smithi012.stdout:/usr/bin/ceph: stderr
2024-09-19T06:30:48.575+0000 7fd54a485640 1 -- 172.21.15.12:0/2300316762 --> [v2:172.21.15.12:3300/0,v1:172.21.15.12:6789/0] -- mon_command({"prefix": "get_command_descriptions"} v 0) -- 0x7fd544106b50 con 0x7fd5441066d0
2024-09-19T06:30:49.392 INFO:teuthology.orchestra.run.smithi012.stdout:/usr/bin/ceph: stderr
2024-09-19T06:30:48.575+0000 7fd541ffb640 1 --2- 172.21.15.12:0/2300316762 >> [v2:172.21.15.12:6800/4034653914,v1:172.21.15.12:6801/4034653914] conn(0x7fd5300390a0 0x7fd53003b560 unknown :-1 s=NONE pgs=0 cs=0 l=1 rev1=0 crypto rx=0 tx=0 comp rx=0 tx=0).connect
2024-09-19T06:30:49.392 INFO:teuthology.orchestra.run.smithi012.stdout:/usr/bin/ceph: stderr
2024-09-19T06:30:48.575+0000 7fd541ffb640 1 -- 172.21.15.12:0/2300316762 <== mon.0 v2:172.21.15.12:3300/0 5 ==== osd_map(1..1 src has 1..1) ==== 725+0+0 (secure 0 0 0) 0x7fd53406c010 con 0x7fd5441066d0
2024-09-19T06:30:49.392 INFO:teuthology.orchestra.run.smithi012.stdout:/usr/bin/ceph: stderr
2024-09-19T06:30:48.575+0000 7fd53bfff640 1 --2- 172.21.15.12:0/2300316762 >> [v2:172.21.15.12:6800/4034653914,v1:172.21.15.12:6801/4034653914] conn(0x7fd5300390a0 0x7fd53003b560 unknown :-1 s=BANNER_CONNECTING pgs=0 cs=0 l=1 rev1=0 crypto rx=0 tx=0 comp rx=0 tx=0)._handle_peer_banner_payload supported=3 required=0
2024-09-19T06:30:49.393 INFO:teuthology.orchestra.run.smithi012.stdout:/usr/bin/ceph: stderr
2024-09-19T06:30:48.576+0000 7fd53bfff640 1 --2- 172.21.15.12:0/2300316762 >> [v2:172.21.15.12:6800/4034653914,v1:172.21.15.12:6801/4034653914] conn(0x7fd5300390a0 0x7fd53003b560 secure :-1 s=READY pgs=6 cs=0 l=1 rev1=1 crypto rx=0x7fd52c0098c0 tx=0x7fd52c006db0 comp rx=0 tx=0).ready entity=mgr.14100 client_cookie=0 server_cookie=0 in_seq=0 out_seq=0
2024-09-19T06:30:49.393 INFO:teuthology.orchestra.run.smithi012.stdout:/usr/bin/ceph: stderr
2024-09-19T06:30:48.581+0000 7fd541ffb640 1 -- 172.21.15.12:0/2300316762 <== mon.0 v2:172.21.15.12:3300/0 6 ==== mon_command_ack([{"prefix": "get_command_descriptions"}]=0 v0) ==== 72+0+188913 (secure 0 0 0) 0x7fd53404b170 con 0x7fd5441066d0
2024-09-19T06:30:49.393 INFO:teuthology.orchestra.run.smithi012.stdout:/usr/bin/ceph: stderr
2024-09-19T06:30:48.831+0000 7fd54a485640 1 -- 172.21.15.12:0/2300316762 --> [v2:172.21.15.12:3300/0,v1:172.21.15.12:6789/0] -- mon_command({"prefix": "status", "format": "json-pretty"} v 0) -- 0x7fd54402da40 con 0x7fd5441066d0
2024-09-19T06:30:49.393 INFO:teuthology.orchestra.run.smithi012.stdout:/usr/bin/ceph: stderr
2024-09-19T06:30:48.832+0000 7fd541ffb640 1 -- 172.21.15.12:0/2300316762 <== mon.0 v2:172.21.15.12:3300/0 7 ==== mon_command_ack([{"prefix": "status", "format": "json-pretty"}]=0 v0) ==== 79+0+1290 (secure 0 0 0) 0x7fd53404ba40 con 0x7fd5441066d0
2024-09-19T06:30:49.393 INFO:teuthology.orchestra.run.smithi012.stdout:/usr/bin/ceph: stderr
2024-09-19T06:30:48.834+0000 7fd54a485640 1 -- 172.21.15.12:0/2300316762 >> [v2:172.21.15.12:6800/4034653914,v1:172.21.15.12:6801/4034653914] conn(0x7fd5300390a0 msgr2=0x7fd53003b560 secure :-1 s=STATE_CONNECTION_ESTABLISHED l=1).mark_down
2024-09-19T06:30:49.393 INFO:teuthology.orchestra.run.smithi012.stdout:/usr/bin/ceph: stderr
2024-09-19T06:30:48.834+0000 7fd54a485640 1 --2- 172.21.15.12:0/2300316762 >> [v2:172.21.15.12:6800/4034653914,v1:172.21.15.12:6801/4034653914] conn(0x7fd5300390a0 0x7fd53003b560 secure :-1 s=READY pgs=6 cs=0 l=1 rev1=1 crypto rx=0x7fd52c0098c0 tx=0x7fd52c006db0 comp rx=0 tx=0).stop
2024-09-19T06:30:49.393 INFO:teuthology.orchestra.run.smithi012.stdout:/usr/bin/ceph: stderr
2024-09-19T06:30:48.834+0000 7fd54a485640 1 -- 172.21.15.12:0/2300316762 >> [v2:172.21.15.12:3300/0,v1:172.21.15.12:6789/0] conn(0x7fd5441066d0 msgr2=0x7fd54419b820 secure :-1 s=STATE_CONNECTION_ESTABLISHED l=1).mark_down
2024-09-19T06:30:49.393 INFO:teuthology.orchestra.run.smithi012.stdout:/usr/bin/ceph: stderr
2024-09-19T06:30:48.834+0000 7fd54a485640 1 --2- 172.21.15.12:0/2300316762 >> [v2:172.21.15.12:3300/0,v1:172.21.15.12:6789/0] conn(0x7fd5441066d0 0x7fd54419b820 secure :-1 s=READY pgs=17 cs=0 l=1 rev1=1 crypto rx=0x7fd534009940 tx=0x7fd534032ce0 comp rx=0 tx=0).stop
2024-09-19T06:30:49.393 INFO:teuthology.orchestra.run.smithi012.stdout:/usr/bin/ceph: stderr
2024-09-19T06:30:48.834+0000 7fd54a485640 1 -- 172.21.15.12:0/2300316762 shutdown_connections
2024-09-19T06:30:49.393 INFO:teuthology.orchestra.run.smithi012.stdout:/usr/bin/ceph: stderr
2024-09-19T06:30:48.834+0000 7fd54a485640 1 --2- 172.21.15.12:0/2300316762 >> [v2:172.21.15.12:6800/4034653914,v1:172.21.15.12:6801/4034653914] conn(0x7fd5300390a0 0x7fd53003b560 unknown :-1 s=CLOSED pgs=6 cs=0 l=1 rev1=1 crypto rx=0 tx=0 comp rx=0 tx=0).stop
2024-09-19T06:30:49.393 INFO:teuthology.orchestra.run.smithi012.stdout:/usr/bin/ceph: stderr
2024-09-19T06:30:48.834+0000 7fd54a485640 1 --2- 172.21.15.12:0/2300316762 >> [v2:172.21.15.12:3300/0,v1:172.21.15.12:6789/0] conn(0x7fd5441066d0 0x7fd54419b820 unknown :-1 s=CLOSED pgs=17 cs=0 l=1 rev1=1 crypto rx=0 tx=0 comp rx=0 tx=0).stop
2024-09-19T06:30:49.394 INFO:teuthology.orchestra.run.smithi012.stdout:/usr/bin/ceph: stderr
2024-09-19T06:30:48.834+0000 7fd54a485640 1 -- 172.21.15.12:0/2300316762 >> 172.21.15.12:0/2300316762 conn(0x7fd544101e60 msgr2=0x7fd544102df0 unknown :-1 s=STATE_NONE l=0).mark_down
2024-09-19T06:30:49.394 INFO:teuthology.orchestra.run.smithi012.stdout:/usr/bin/ceph: stderr
2024-09-19T06:30:48.834+0000 7fd54a485640 1 -- 172.21.15.12:0/2300316762 shutdown_connections
2024-09-19T06:30:49.394 INFO:teuthology.orchestra.run.smithi012.stdout:/usr/bin/ceph: stderr
2024-09-19T06:30:48.834+0000 7fd54a485640 1 -- 172.21.15.12:0/2300316762 wait complete.
2024-09-19T06:30:49.394 INFO:teuthology.orchestra.run.smithi012.stdout:mgr is available
2024-09-19T06:30:50.129 INFO:journalctl@ceph.mon.a.smithi012.stdout:Sep 19 06:30:49 smithi012 ceph-mon[30937]: mgrmap e4: x(active, since 2s)
2024-09-19T06:30:50.627 INFO:teuthology.orchestra.run.smithi012.stdout:/usr/bin/ceph: stdout
2024-09-19T06:30:50.627 INFO:teuthology.orchestra.run.smithi012.stdout:/usr/bin/ceph: stdout [global]
2024-09-19T06:30:50.627 INFO:teuthology.orchestra.run.smithi012.stdout:/usr/bin/ceph: stdout fsid = 8bf314c8-7650-11ef-bceb-c7b262605968
2024-09-19T06:30:50.627 INFO:teuthology.orchestra.run.smithi012.stdout:/usr/bin/ceph: stdout mon_host = [v2:172.21.15.12:3300,v1:172.21.15.12:6789]
2024-09-19T06:30:50.627 INFO:teuthology.orchestra.run.smithi012.stdout:/usr/bin/ceph: stdout mon_osd_allow_pg_remap = true
2024-09-19T06:30:50.627 INFO:teuthology.orchestra.run.smithi012.stdout:/usr/bin/ceph: stdout mon_osd_allow_primary_affinity = true
2024-09-19T06:30:50.627 INFO:teuthology.orchestra.run.smithi012.stdout:/usr/bin/ceph: stdout mon_warn_on_no_sortbitwise = false
2024-09-19T06:30:50.627 INFO:teuthology.orchestra.run.smithi012.stdout:/usr/bin/ceph: stdout osd_crush_chooseleaf_type = 0
2024-09-19T06:30:50.627 INFO:teuthology.orchestra.run.smithi012.stdout:/usr/bin/ceph: stdout
2024-09-19T06:30:50.627 INFO:teuthology.orchestra.run.smithi012.stdout:/usr/bin/ceph: stdout [mgr]
2024-09-19T06:30:50.628 INFO:teuthology.orchestra.run.smithi012.stdout:/usr/bin/ceph: stdout mgr/telemetry/nag = false
2024-09-19T06:30:50.628 INFO:teuthology.orchestra.run.smithi012.stdout:/usr/bin/ceph: stdout
2024-09-19T06:30:50.628 INFO:teuthology.orchestra.run.smithi012.stdout:/usr/bin/ceph: stdout [osd]
2024-09-19T06:30:50.628 INFO:teuthology.orchestra.run.smithi012.stdout:/usr/bin/ceph: stdout mon_osd_backfillfull_ratio = 0.85
2024-09-19T06:30:50.628 INFO:teuthology.orchestra.run.smithi012.stdout:/usr/bin/ceph: stdout mon_osd_full_ratio = 0.9
2024-09-19T06:30:50.628 INFO:teuthology.orchestra.run.smithi012.stdout:/usr/bin/ceph: stdout mon_osd_nearfull_ratio = 0.8
2024-09-19T06:30:50.628 INFO:teuthology.orchestra.run.smithi012.stdout:/usr/bin/ceph: stdout osd_map_max_advance = 10
2024-09-19T06:30:50.628 INFO:teuthology.orchestra.run.smithi012.stdout:/usr/bin/ceph: stdout osd_sloppy_crc = true
2024-09-19T06:30:50.628 INFO:teuthology.orchestra.run.smithi012.stdout:/usr/bin/ceph: stderr
2024-09-19T06:30:49.778+0000 7f0204970640 1 Processor -- start
2024-09-19T06:30:50.628 INFO:teuthology.orchestra.run.smithi012.stdout:/usr/bin/ceph: stderr
2024-09-19T06:30:49.778+0000 7f0204970640 1 -- start start
2024-09-19T06:30:50.628 INFO:teuthology.orchestra.run.smithi012.stdout:/usr/bin/ceph: stderr
2024-09-19T06:30:49.778+0000 7f0204970640 1 --2- >> [v2:172.21.15.12:3300/0,v1:172.21.15.12:6789/0] conn(0x7f0200105ad0 0x7f0200105ed0 unknown :-1 s=NONE pgs=0 cs=0 l=0 rev1=0 crypto rx=0 tx=0 comp rx=0 tx=0).connect
2024-09-19T06:30:50.628 INFO:teuthology.orchestra.run.smithi012.stdout:/usr/bin/ceph: stderr
2024-09-19T06:30:49.778+0000 7f0204970640 1 -- --> [v2:172.21.15.12:3300/0,v1:172.21.15.12:6789/0] -- mon_getmap magic: 0 -- 0x7f02001064a0 con 0x7f0200105ad0
2024-09-19T06:30:50.629 INFO:teuthology.orchestra.run.smithi012.stdout:/usr/bin/ceph: stderr
2024-09-19T06:30:49.778+0000 7f01fe59c640 1 --2- >> [v2:172.21.15.12:3300/0,v1:172.21.15.12:6789/0] conn(0x7f0200105ad0 0x7f0200105ed0 unknown :-1 s=BANNER_CONNECTING pgs=0 cs=0 l=0 rev1=0 crypto rx=0 tx=0 comp rx=0 tx=0)._handle_peer_banner_payload supported=3 required=0
2024-09-19T06:30:50.629 INFO:teuthology.orchestra.run.smithi012.stdout:/usr/bin/ceph: stderr
2024-09-19T06:30:49.778+0000 7f01fe59c640 1 --2- >> [v2:172.21.15.12:3300/0,v1:172.21.15.12:6789/0] conn(0x7f0200105ad0 0x7f0200105ed0 unknown :-1 s=HELLO_CONNECTING pgs=0 cs=0 l=0 rev1=1 crypto rx=0 tx=0 comp rx=0 tx=0).handle_hello peer v2:172.21.15.12:3300/0 says I am v2:172.21.15.12:55056/0 (socket says 172.21.15.12:55056)
2024-09-19T06:30:50.629 INFO:teuthology.orchestra.run.smithi012.stdout:/usr/bin/ceph: stderr
2024-09-19T06:30:49.778+0000 7f01fe59c640 1 -- 172.21.15.12:0/385165820 learned_addr learned my addr 172.21.15.12:0/385165820 (peer_addr_for_me v2:172.21.15.12:0/0)
2024-09-19T06:30:50.629 INFO:teuthology.orchestra.run.smithi012.stdout:/usr/bin/ceph: stderr
2024-09-19T06:30:49.779+0000 7f01fe59c640 1 -- 172.21.15.12:0/385165820 --> [v2:172.21.15.12:3300/0,v1:172.21.15.12:6789/0] -- mon_subscribe({config=0+,monmap=0+}) -- 0x7f0200106620 con 0x7f0200105ad0
2024-09-19T06:30:50.629 INFO:teuthology.orchestra.run.smithi012.stdout:/usr/bin/ceph: stderr
2024-09-19T06:30:49.779+0000 7f01fe59c640 1 --2- 172.21.15.12:0/385165820 >> [v2:172.21.15.12:3300/0,v1:172.21.15.12:6789/0] conn(0x7f0200105ad0 0x7f0200105ed0 secure :-1 s=READY pgs=18 cs=0 l=1 rev1=1 crypto rx=0x7f01f0009820 tx=0x7f01f002a270 comp rx=0 tx=0).ready entity=mon.0 client_cookie=5a160d7c5347fe7e server_cookie=0 in_seq=0 out_seq=0
2024-09-19T06:30:50.629 INFO:teuthology.orchestra.run.smithi012.stdout:/usr/bin/ceph: stderr
2024-09-19T06:30:49.780+0000 7f01fd59a640 1 -- 172.21.15.12:0/385165820 <== mon.0 v2:172.21.15.12:3300/0 1 ==== mon_map magic: 0 ==== 205+0+0 (secure 0 0 0) 0x7f01f0037070 con 0x7f0200105ad0
2024-09-19T06:30:50.629 INFO:teuthology.orchestra.run.smithi012.stdout:/usr/bin/ceph: stderr
2024-09-19T06:30:49.780+0000 7f01fd59a640 1 -- 172.21.15.12:0/385165820 <== mon.0 v2:172.21.15.12:3300/0 2 ==== config(27 keys) ==== 1109+0+0 (secure 0 0 0) 0x7f01f0032900 con 0x7f0200105ad0
2024-09-19T06:30:50.629 INFO:teuthology.orchestra.run.smithi012.stdout:/usr/bin/ceph: stderr
2024-09-19T06:30:49.780+0000 7f01fd59a640 1 -- 172.21.15.12:0/385165820 <== mon.0 v2:172.21.15.12:3300/0 3 ==== mon_map magic: 0 ==== 205+0+0 (secure 0 0 0) 0x7f01f0030850 con 0x7f0200105ad0
2024-09-19T06:30:50.629 INFO:teuthology.orchestra.run.smithi012.stdout:/usr/bin/ceph: stderr
2024-09-19T06:30:49.780+0000 7f0204970640 1 -- 172.21.15.12:0/385165820 >> [v2:172.21.15.12:3300/0,v1:172.21.15.12:6789/0] conn(0x7f0200105ad0 msgr2=0x7f0200105ed0 secure :-1 s=STATE_CONNECTION_ESTABLISHED l=1).mark_down
2024-09-19T06:30:50.629 INFO:teuthology.orchestra.run.smithi012.stdout:/usr/bin/ceph: stderr
2024-09-19T06:30:49.780+0000 7f0204970640 1 --2- 172.21.15.12:0/385165820 >> [v2:172.21.15.12:3300/0,v1:172.21.15.12:6789/0] conn(0x7f0200105ad0 0x7f0200105ed0 secure :-1 s=READY pgs=18 cs=0 l=1 rev1=1 crypto rx=0x7f01f0009820 tx=0x7f01f002a270 comp rx=0 tx=0).stop
2024-09-19T06:30:50.629 INFO:teuthology.orchestra.run.smithi012.stdout:/usr/bin/ceph: stderr
2024-09-19T06:30:49.780+0000 7f0204970640 1 -- 172.21.15.12:0/385165820 shutdown_connections
2024-09-19T06:30:50.629 INFO:teuthology.orchestra.run.smithi012.stdout:/usr/bin/ceph: stderr
2024-09-19T06:30:49.780+0000 7f0204970640 1 --2- 172.21.15.12:0/385165820 >> [v2:172.21.15.12:3300/0,v1:172.21.15.12:6789/0] conn(0x7f0200105ad0 0x7f0200105ed0 unknown :-1 s=CLOSED pgs=18 cs=0 l=1 rev1=1 crypto rx=0 tx=0 comp rx=0 tx=0).stop
2024-09-19T06:30:50.630 INFO:teuthology.orchestra.run.smithi012.stdout:/usr/bin/ceph: stderr
2024-09-19T06:30:49.780+0000 7f0204970640 1 -- 172.21.15.12:0/385165820 >> 172.21.15.12:0/385165820 conn(0x7f0200101600 msgr2=0x7f0200103a40 unknown :-1 s=STATE_NONE l=0).mark_down
2024-09-19T06:30:50.630 INFO:teuthology.orchestra.run.smithi012.stdout:/usr/bin/ceph: stderr
2024-09-19T06:30:49.780+0000 7f0204970640 1 -- 172.21.15.12:0/385165820 shutdown_connections
2024-09-19T06:30:50.630 INFO:teuthology.orchestra.run.smithi012.stdout:/usr/bin/ceph: stderr
2024-09-19T06:30:49.780+0000 7f0204970640 1 -- 172.21.15.12:0/385165820 wait complete.
2024-09-19T06:30:50.630 INFO:teuthology.orchestra.run.smithi012.stdout:/usr/bin/ceph: stderr
2024-09-19T06:30:49.781+0000 7f0204970640 1 Processor -- start
2024-09-19T06:30:50.630 INFO:teuthology.orchestra.run.smithi012.stdout:/usr/bin/ceph: stderr
2024-09-19T06:30:49.781+0000 7f0204970640 1 -- start start
2024-09-19T06:30:50.630 INFO:teuthology.orchestra.run.smithi012.stdout:/usr/bin/ceph: stderr
2024-09-19T06:30:49.781+0000 7f0204970640 1 --2- >> [v2:172.21.15.12:3300/0,v1:172.21.15.12:6789/0] conn(0x7f0200105ad0 0x7f020019b750 unknown :-1 s=NONE pgs=0 cs=0 l=1 rev1=0 crypto rx=0 tx=0 comp rx=0 tx=0).connect
2024-09-19T06:30:50.630 INFO:teuthology.orchestra.run.smithi012.stdout:/usr/bin/ceph: stderr
2024-09-19T06:30:49.781+0000 7f0204970640 1 -- --> [v2:172.21.15.12:3300/0,v1:172.21.15.12:6789/0] -- mon_getmap magic: 0 -- 0x7f0200109940 con 0x7f0200105ad0
2024-09-19T06:30:50.630 INFO:teuthology.orchestra.run.smithi012.stdout:/usr/bin/ceph: stderr
2024-09-19T06:30:49.781+0000 7f01fe59c640 1 --2- >> [v2:172.21.15.12:3300/0,v1:172.21.15.12:6789/0] conn(0x7f0200105ad0 0x7f020019b750 unknown :-1 s=BANNER_CONNECTING pgs=0 cs=0 l=1 rev1=0 crypto rx=0 tx=0 comp rx=0 tx=0)._handle_peer_banner_payload supported=3 required=0
2024-09-19T06:30:50.630 INFO:teuthology.orchestra.run.smithi012.stdout:/usr/bin/ceph: stderr
2024-09-19T06:30:49.781+0000 7f01fe59c640 1 --2- >> [v2:172.21.15.12:3300/0,v1:172.21.15.12:6789/0] conn(0x7f0200105ad0 0x7f020019b750 unknown :-1 s=HELLO_CONNECTING pgs=0 cs=0 l=1 rev1=1 crypto rx=0 tx=0 comp rx=0 tx=0).handle_hello peer v2:172.21.15.12:3300/0 says I am v2:172.21.15.12:55064/0 (socket says 172.21.15.12:55064)
2024-09-19T06:30:50.630 INFO:teuthology.orchestra.run.smithi012.stdout:/usr/bin/ceph: stderr
2024-09-19T06:30:49.781+0000 7f01fe59c640 1 -- 172.21.15.12:0/3643732110 learned_addr learned my addr 172.21.15.12:0/3643732110 (peer_addr_for_me v2:172.21.15.12:0/0)
2024-09-19T06:30:50.630 INFO:teuthology.orchestra.run.smithi012.stdout:/usr/bin/ceph: stderr
2024-09-19T06:30:49.782+0000 7f01fe59c640 1 -- 172.21.15.12:0/3643732110 --> [v2:172.21.15.12:3300/0,v1:172.21.15.12:6789/0] -- mon_subscribe({config=0+,monmap=0+}) -- 0x7f020019bc90 con 0x7f0200105ad0
2024-09-19T06:30:50.630 INFO:teuthology.orchestra.run.smithi012.stdout:/usr/bin/ceph: stderr
2024-09-19T06:30:49.782+0000 7f01fe59c640 1 --2- 172.21.15.12:0/3643732110 >> [v2:172.21.15.12:3300/0,v1:172.21.15.12:6789/0] conn(0x7f0200105ad0 0x7f020019b750 secure :-1 s=READY pgs=19 cs=0 l=1 rev1=1 crypto rx=0x7f01f00097f0 tx=0x7f01f0030d80 comp rx=0 tx=0).ready entity=mon.0 client_cookie=0 server_cookie=0 in_seq=0 out_seq=0
2024-09-19T06:30:50.630 INFO:teuthology.orchestra.run.smithi012.stdout:/usr/bin/ceph: stderr
2024-09-19T06:30:49.782+0000 7f01ef7fe640 1 -- 172.21.15.12:0/3643732110 <== mon.0 v2:172.21.15.12:3300/0 1 ==== mon_map magic: 0 ==== 205+0+0 (secure 0 0 0) 0x7f01f0037040 con 0x7f0200105ad0
2024-09-19T06:30:50.631 INFO:teuthology.orchestra.run.smithi012.stdout:/usr/bin/ceph: stderr
2024-09-19T06:30:49.782+0000 7f01ef7fe640 1 -- 172.21.15.12:0/3643732110 <== mon.0 v2:172.21.15.12:3300/0 2 ==== config(27 keys) ==== 1109+0+0 (secure 0 0 0) 0x7f01f0040070 con 0x7f0200105ad0
2024-09-19T06:30:50.631 INFO:teuthology.orchestra.run.smithi012.stdout:/usr/bin/ceph: stderr
2024-09-19T06:30:49.782+0000 7f0204970640 1 -- 172.21.15.12:0/3643732110 --> [v2:172.21.15.12:3300/0,v1:172.21.15.12:6789/0] -- mon_subscribe({mgrmap=0+}) -- 0x7f020019bf20 con 0x7f0200105ad0
2024-09-19T06:30:50.631 INFO:teuthology.orchestra.run.smithi012.stdout:/usr/bin/ceph: stderr
2024-09-19T06:30:49.782+0000 7f01ef7fe640 1 -- 172.21.15.12:0/3643732110 <== mon.0 v2:172.21.15.12:3300/0 3 ==== mon_map magic: 0 ==== 205+0+0 (secure 0 0 0) 0x7f01f003a390 con 0x7f0200105ad0
2024-09-19T06:30:50.631 INFO:teuthology.orchestra.run.smithi012.stdout:/usr/bin/ceph: stderr
2024-09-19T06:30:49.782+0000 7f0204970640 1 -- 172.21.15.12:0/3643732110 --> [v2:172.21.15.12:3300/0,v1:172.21.15.12:6789/0] -- mon_subscribe({osdmap=0}) -- 0x7f020019ec10 con 0x7f0200105ad0
2024-09-19T06:30:50.631 INFO:teuthology.orchestra.run.smithi012.stdout:/usr/bin/ceph: stderr
2024-09-19T06:30:49.783+0000 7f01ef7fe640 1 -- 172.21.15.12:0/3643732110 <== mon.0 v2:172.21.15.12:3300/0 4 ==== mgrmap(e 4) ==== 46450+0+0 (secure 0 0 0) 0x7f01f003a5e0 con 0x7f0200105ad0
2024-09-19T06:30:50.631 INFO:teuthology.orchestra.run.smithi012.stdout:/usr/bin/ceph: stderr
2024-09-19T06:30:49.783+0000 7f01ef7fe640 1 --2- 172.21.15.12:0/3643732110 >> [v2:172.21.15.12:6800/4034653914,v1:172.21.15.12:6801/4034653914] conn(0x7f01e80391b0 0x7f01e803b670 unknown :-1 s=NONE pgs=0 cs=0 l=1 rev1=0 crypto rx=0 tx=0 comp rx=0 tx=0).connect
2024-09-19T06:30:50.631 INFO:teuthology.orchestra.run.smithi012.stdout:/usr/bin/ceph: stderr
2024-09-19T06:30:49.783+0000 7f0204970640 1 -- 172.21.15.12:0/3643732110 --> [v2:172.21.15.12:3300/0,v1:172.21.15.12:6789/0] -- mon_command({"prefix": "get_command_descriptions"} v 0) -- 0x7f0200105f50 con 0x7f0200105ad0
2024-09-19T06:30:50.631 INFO:teuthology.orchestra.run.smithi012.stdout:/usr/bin/ceph: stderr
2024-09-19T06:30:49.783+0000 7f01ef7fe640 1 -- 172.21.15.12:0/3643732110 <== mon.0 v2:172.21.15.12:3300/0 5 ==== osd_map(1..1 src has 1..1) ==== 725+0+0 (secure 0 0 0) 0x7f01f006c2f0 con 0x7f0200105ad0
2024-09-19T06:30:50.631 INFO:teuthology.orchestra.run.smithi012.stdout:/usr/bin/ceph: stderr
2024-09-19T06:30:49.783+0000 7f01fdd9b640 1 --2- 172.21.15.12:0/3643732110 >> [v2:172.21.15.12:6800/4034653914,v1:172.21.15.12:6801/4034653914] conn(0x7f01e80391b0 0x7f01e803b670 unknown :-1 s=BANNER_CONNECTING pgs=0 cs=0 l=1 rev1=0 crypto rx=0 tx=0 comp rx=0 tx=0)._handle_peer_banner_payload supported=3 required=0
2024-09-19T06:30:50.631 INFO:teuthology.orchestra.run.smithi012.stdout:/usr/bin/ceph: stderr
2024-09-19T06:30:49.784+0000 7f01fdd9b640 1 --2- 172.21.15.12:0/3643732110 >> [v2:172.21.15.12:6800/4034653914,v1:172.21.15.12:6801/4034653914] conn(0x7f01e80391b0 0x7f01e803b670 secure :-1 s=READY pgs=7 cs=0 l=1 rev1=1 crypto rx=0x7f01f40098c0 tx=0x7f01f4006db0 comp rx=0 tx=0).ready entity=mgr.14100 client_cookie=0 server_cookie=0 in_seq=0 out_seq=0
2024-09-19T06:30:50.631 INFO:teuthology.orchestra.run.smithi012.stdout:/usr/bin/ceph: stderr
2024-09-19T06:30:49.788+0000 7f01ef7fe640 1 -- 172.21.15.12:0/3643732110 <== mon.0 v2:172.21.15.12:3300/0 6 ==== mon_command_ack([{"prefix": "get_command_descriptions"}]=0 v0) ==== 72+0+188913 (secure 0 0 0) 0x7f01f006c050 con 0x7f0200105ad0
2024-09-19T06:30:50.631 INFO:teuthology.orchestra.run.smithi012.stdout:/usr/bin/ceph: stderr
2024-09-19T06:30:49.966+0000 7f0204970640 1 -- 172.21.15.12:0/3643732110 --> [v2:172.21.15.12:3300/0,v1:172.21.15.12:6789/0] -- mon_command({"prefix": "config assimilate-conf"} v 0) -- 0x7f020019ede0 con 0x7f0200105ad0
2024-09-19T06:30:50.632 INFO:teuthology.orchestra.run.smithi012.stdout:/usr/bin/ceph: stderr
2024-09-19T06:30:49.967+0000 7f01ef7fe640 1 -- 172.21.15.12:0/3643732110 <== mon.0 v2:172.21.15.12:3300/0 7 ==== mon_command_ack([{"prefix": "config assimilate-conf"}]=0 v3) ==== 70+0+429 (secure 0 0 0) 0x7f01f003a8d0 con 0x7f0200105ad0
2024-09-19T06:30:50.632 INFO:teuthology.orchestra.run.smithi012.stdout:/usr/bin/ceph: stderr
2024-09-19T06:30:49.969+0000 7f0204970640 1 -- 172.21.15.12:0/3643732110 >> [v2:172.21.15.12:6800/4034653914,v1:172.21.15.12:6801/4034653914] conn(0x7f01e80391b0 msgr2=0x7f01e803b670 secure :-1 s=STATE_CONNECTION_ESTABLISHED l=1).mark_down
2024-09-19T06:30:50.632 INFO:teuthology.orchestra.run.smithi012.stdout:/usr/bin/ceph: stderr
2024-09-19T06:30:49.969+0000 7f0204970640 1 --2- 172.21.15.12:0/3643732110 >> [v2:172.21.15.12:6800/4034653914,v1:172.21.15.12:6801/4034653914] conn(0x7f01e80391b0 0x7f01e803b670 secure :-1 s=READY pgs=7 cs=0 l=1 rev1=1 crypto rx=0x7f01f40098c0 tx=0x7f01f4006db0 comp rx=0 tx=0).stop
2024-09-19T06:30:50.632 INFO:teuthology.orchestra.run.smithi012.stdout:/usr/bin/ceph: stderr
2024-09-19T06:30:49.969+0000 7f0204970640 1 -- 172.21.15.12:0/3643732110 >> [v2:172.21.15.12:3300/0,v1:172.21.15.12:6789/0] conn(0x7f0200105ad0 msgr2=0x7f020019b750 secure :-1 s=STATE_CONNECTION_ESTABLISHED l=1).mark_down
2024-09-19T06:30:50.632 INFO:teuthology.orchestra.run.smithi012.stdout:/usr/bin/ceph: stderr
2024-09-19T06:30:49.969+0000 7f0204970640 1 --2- 172.21.15.12:0/3643732110 >> [v2:172.21.15.12:3300/0,v1:172.21.15.12:6789/0] conn(0x7f0200105ad0 0x7f020019b750 secure :-1 s=READY pgs=19 cs=0 l=1 rev1=1 crypto rx=0x7f01f00097f0 tx=0x7f01f0030d80 comp rx=0 tx=0).stop
2024-09-19T06:30:50.632 INFO:teuthology.orchestra.run.smithi012.stdout:/usr/bin/ceph: stderr
2024-09-19T06:30:49.969+0000 7f0204970640 1 -- 172.21.15.12:0/3643732110 shutdown_connections
2024-09-19T06:30:50.632 INFO:teuthology.orchestra.run.smithi012.stdout:/usr/bin/ceph: stderr
2024-09-19T06:30:49.969+0000 7f0204970640 1 --2- 172.21.15.12:0/3643732110 >> [v2:172.21.15.12:6800/4034653914,v1:172.21.15.12:6801/4034653914] conn(0x7f01e80391b0 0x7f01e803b670 unknown :-1 s=CLOSED pgs=7 cs=0 l=1 rev1=1 crypto rx=0 tx=0 comp rx=0 tx=0).stop
2024-09-19T06:30:50.632 INFO:teuthology.orchestra.run.smithi012.stdout:/usr/bin/ceph: stderr
2024-09-19T06:30:49.969+0000 7f0204970640 1 --2- 172.21.15.12:0/3643732110 >> [v2:172.21.15.12:3300/0,v1:172.21.15.12:6789/0] conn(0x7f0200105ad0 0x7f020019b750 unknown :-1 s=CLOSED pgs=19 cs=0 l=1 rev1=1 crypto rx=0 tx=0 comp rx=0 tx=0).stop
2024-09-19T06:30:50.632 INFO:teuthology.orchestra.run.smithi012.stdout:/usr/bin/ceph: stderr
2024-09-19T06:30:49.969+0000 7f0204970640 1 -- 172.21.15.12:0/3643732110 >> 172.21.15.12:0/3643732110 conn(0x7f0200101600 msgr2=0x7f02001021e0 unknown :-1 s=STATE_NONE l=0).mark_down
2024-09-19T06:30:50.632 INFO:teuthology.orchestra.run.smithi012.stdout:/usr/bin/ceph: stderr
2024-09-19T06:30:49.969+0000 7f0204970640 1 -- 172.21.15.12:0/3643732110 shutdown_connections
2024-09-19T06:30:50.632 INFO:teuthology.orchestra.run.smithi012.stdout:/usr/bin/ceph: stderr
2024-09-19T06:30:49.969+0000 7f0204970640 1 -- 172.21.15.12:0/3643732110 wait complete.
2024-09-19T06:30:50.632 INFO:teuthology.orchestra.run.smithi012.stdout:Enabling cephadm module...
2024-09-19T06:30:50.879 INFO:journalctl@ceph.mon.a.smithi012.stdout:Sep 19 06:30:50 smithi012 ceph-mon[30937]: from='client.? 172.21.15.12:0/3643732110' entity='client.admin' cmd=[{"prefix": "config assimilate-conf"}]: dispatch
2024-09-19T06:30:52.129 INFO:journalctl@ceph.mon.a.smithi012.stdout:Sep 19 06:30:51 smithi012 ceph-mon[30937]: from='client.? 172.21.15.12:0/3504736374' entity='client.admin' cmd=[{"prefix": "mgr module enable", "module": "cephadm"}]: dispatch
2024-09-19T06:30:52.129 INFO:journalctl@ceph.mgr.x.smithi012.stdout:Sep 19 06:30:51 smithi012 ceph-8bf314c8-7650-11ef-bceb-c7b262605968-mgr-x[31163]: ignoring --setuser ceph since I am not root
2024-09-19T06:30:52.129 INFO:journalctl@ceph.mgr.x.smithi012.stdout:Sep 19 06:30:51 smithi012 ceph-8bf314c8-7650-11ef-bceb-c7b262605968-mgr-x[31163]: ignoring --setgroup ceph since I am not root
2024-09-19T06:30:52.129 INFO:journalctl@ceph.mgr.x.smithi012.stdout:Sep 19 06:30:52 smithi012 ceph-8bf314c8-7650-11ef-bceb-c7b262605968-mgr-x[31163]:
2024-09-19T06:30:52.003+0000 7fdcd0a22040 -1 mgr[py] Module osd_perf_query has missing NOTIFY_TYPES member
2024-09-19T06:30:52.130 INFO:journalctl@ceph.mgr.x.smithi012.stdout:Sep 19 06:30:52 smithi012 ceph-8bf314c8-7650-11ef-bceb-c7b262605968-mgr-x[31163]:
2024-09-19T06:30:52.062+0000 7fdcd0a22040 -1 mgr[py] Module osd_support has missing NOTIFY_TYPES member
2024-09-19T06:30:52.450 INFO:journalctl@ceph.mgr.x.smithi012.stdout:Sep 19 06:30:52 smithi012 ceph-8bf314c8-7650-11ef-bceb-c7b262605968-mgr-x[31163]:
2024-09-19T06:30:52.224+0000 7fdcd0a22040 -1 mgr[py] Module diskprediction_local has missing NOTIFY_TYPES member
2024-09-19T06:30:52.451 INFO:journalctl@ceph.mgr.x.smithi012.stdout:Sep 19 06:30:52 smithi012 ceph-8bf314c8-7650-11ef-bceb-c7b262605968-mgr-x[31163]:
2024-09-19T06:30:52.293+0000 7fdcd0a22040 -1 mgr[py] Module crash has missing NOTIFY_TYPES member
2024-09-19T06:30:52.451 INFO:journalctl@ceph.mgr.x.smithi012.stdout:Sep 19 06:30:52 smithi012 ceph-8bf314c8-7650-11ef-bceb-c7b262605968-mgr-x[31163]:
2024-09-19T06:30:52.448+0000 7fdcd0a22040 -1 mgr[py] Module test_orchestrator has missing NOTIFY_TYPES member
2024-09-19T06:30:52.507 INFO:teuthology.orchestra.run.smithi012.stdout:/usr/bin/ceph: stderr
2024-09-19T06:30:51.019+0000 7f240191e640 1 Processor -- start
2024-09-19T06:30:52.507 INFO:teuthology.orchestra.run.smithi012.stdout:/usr/bin/ceph: stderr
2024-09-19T06:30:51.019+0000 7f240191e640 1 -- start start
2024-09-19T06:30:52.507 INFO:teuthology.orchestra.run.smithi012.stdout:/usr/bin/ceph: stderr
2024-09-19T06:30:51.020+0000 7f240191e640 1 --2- >> [v2:172.21.15.12:3300/0,v1:172.21.15.12:6789/0] conn(0x7f23fc107d70 0x7f23fc108170 unknown :-1 s=NONE pgs=0 cs=0 l=0 rev1=0 crypto rx=0 tx=0 comp rx=0 tx=0).connect
2024-09-19T06:30:52.507 INFO:teuthology.orchestra.run.smithi012.stdout:/usr/bin/ceph: stderr
2024-09-19T06:30:51.020+0000 7f240191e640 1 -- --> [v2:172.21.15.12:3300/0,v1:172.21.15.12:6789/0] -- mon_getmap magic: 0 -- 0x7f23fc108740 con 0x7f23fc107d70
2024-09-19T06:30:52.507 INFO:teuthology.orchestra.run.smithi012.stdout:/usr/bin/ceph: stderr
2024-09-19T06:30:51.020+0000 7f23faffd640 1 --2- >> [v2:172.21.15.12:3300/0,v1:172.21.15.12:6789/0] conn(0x7f23fc107d70 0x7f23fc108170 unknown :-1 s=BANNER_CONNECTING pgs=0 cs=0 l=0 rev1=0 crypto rx=0 tx=0 comp rx=0 tx=0)._handle_peer_banner_payload supported=3 required=0
2024-09-19T06:30:52.507 INFO:teuthology.orchestra.run.smithi012.stdout:/usr/bin/ceph: stderr
2024-09-19T06:30:51.020+0000 7f23faffd640 1 --2- >> [v2:172.21.15.12:3300/0,v1:172.21.15.12:6789/0] conn(0x7f23fc107d70 0x7f23fc108170 unknown :-1 s=HELLO_CONNECTING pgs=0 cs=0 l=0 rev1=1 crypto rx=0 tx=0 comp rx=0 tx=0).handle_hello peer v2:172.21.15.12:3300/0 says I am v2:172.21.15.12:41354/0 (socket says 172.21.15.12:41354)
2024-09-19T06:30:52.507 INFO:teuthology.orchestra.run.smithi012.stdout:/usr/bin/ceph: stderr
2024-09-19T06:30:51.020+0000 7f23faffd640 1 -- 172.21.15.12:0/3126994106 learned_addr learned my addr 172.21.15.12:0/3126994106 (peer_addr_for_me v2:172.21.15.12:0/0)
2024-09-19T06:30:52.507 INFO:teuthology.orchestra.run.smithi012.stdout:/usr/bin/ceph: stderr
2024-09-19T06:30:51.020+0000 7f23faffd640 1 -- 172.21.15.12:0/3126994106 --> [v2:172.21.15.12:3300/0,v1:172.21.15.12:6789/0] -- mon_subscribe({config=0+,monmap=0+}) -- 0x7f23fc1088c0 con 0x7f23fc107d70
2024-09-19T06:30:52.507 INFO:teuthology.orchestra.run.smithi012.stdout:/usr/bin/ceph: stderr
2024-09-19T06:30:51.021+0000 7f23faffd640 1 --2- 172.21.15.12:0/3126994106 >> [v2:172.21.15.12:3300/0,v1:172.21.15.12:6789/0] conn(0x7f23fc107d70 0x7f23fc108170 secure :-1 s=READY pgs=20 cs=0 l=1 rev1=1 crypto rx=0x7f23ec009820 tx=0x7f23ec02a270 comp rx=0 tx=0).ready entity=mon.0 client_cookie=ee62259c21a179c0 server_cookie=0 in_seq=0 out_seq=0
