2024-09-19T06:32:26.786+0000 7f09ca59c640 1 --2- >> [v2:172.21.15.37:3300/0,v1:172.21.15.37:6789/0] conn(0x7f09cc108170 0x7f09cc10a560 unknown :-1 s=BANNER_CONNECTING pgs=0 cs=0 l=0 rev1=0 crypto rx=0 tx=0 comp rx=0 tx=0)._handle_peer_banner_payload supported=3 required=0
2024-09-19T06:32:27.711 INFO:teuthology.orchestra.run.smithi037.stdout:/usr/bin/ceph: stderr
2024-09-19T06:32:26.786+0000 7f09ca59c640 1 --2- >> [v2:172.21.15.37:3300/0,v1:172.21.15.37:6789/0] conn(0x7f09cc108170 0x7f09cc10a560 unknown :-1 s=HELLO_CONNECTING pgs=0 cs=0 l=0 rev1=1 crypto rx=0 tx=0 comp rx=0 tx=0).handle_hello peer v2:172.21.15.37:3300/0 says I am v2:172.21.15.37:34876/0 (socket says 172.21.15.37:34876)
2024-09-19T06:32:27.711 INFO:teuthology.orchestra.run.smithi037.stdout:/usr/bin/ceph: stderr
2024-09-19T06:32:26.786+0000 7f09ca59c640 1 -- 172.21.15.37:0/836601979 learned_addr learned my addr 172.21.15.37:0/836601979 (peer_addr_for_me v2:172.21.15.37:0/0)
2024-09-19T06:32:27.711 INFO:teuthology.orchestra.run.smithi037.stdout:/usr/bin/ceph: stderr
2024-09-19T06:32:26.786+0000 7f09ca59c640 1 -- 172.21.15.37:0/836601979 --> [v2:172.21.15.37:3300/0,v1:172.21.15.37:6789/0] -- mon_subscribe({config=0+,monmap=0+}) -- 0x7f09cc10aaa0 con 0x7f09cc108170
2024-09-19T06:32:27.711 INFO:teuthology.orchestra.run.smithi037.stdout:/usr/bin/ceph: stderr
2024-09-19T06:32:26.787+0000 7f09ca59c640 1 --2- 172.21.15.37:0/836601979 >> [v2:172.21.15.37:3300/0,v1:172.21.15.37:6789/0] conn(0x7f09cc108170 0x7f09cc10a560 secure :-1 s=READY pgs=20 cs=0 l=1 rev1=1 crypto rx=0x7f09bc009e80 tx=0x7f09bc02a7a0 comp rx=0 tx=0).ready entity=mon.0 client_cookie=508e2dac0a7990f2 server_cookie=0 in_seq=0 out_seq=0
2024-09-19T06:32:27.711 INFO:teuthology.orchestra.run.smithi037.stdout:/usr/bin/ceph: stderr
2024-09-19T06:32:26.787+0000 7f09c959a640 1 -- 172.21.15.37:0/836601979 <== mon.0 v2:172.21.15.37:3300/0 1 ==== mon_map magic: 0 ==== 205+0+0 (secure 0 0 0) 0x7f09bc036070 con 0x7f09cc108170
2024-09-19T06:32:27.711 INFO:teuthology.orchestra.run.smithi037.stdout:/usr/bin/ceph: stderr
2024-09-19T06:32:26.787+0000 7f09c959a640 1 -- 172.21.15.37:0/836601979 <== mon.0 v2:172.21.15.37:3300/0 2 ==== config(27 keys) ==== 1109+0+0 (secure 0 0 0) 0x7f09bc0318c0 con 0x7f09cc108170
2024-09-19T06:32:27.711 INFO:teuthology.orchestra.run.smithi037.stdout:/usr/bin/ceph: stderr
2024-09-19T06:32:26.787+0000 7f09c959a640 1 -- 172.21.15.37:0/836601979 <== mon.0 v2:172.21.15.37:3300/0 3 ==== mon_map magic: 0 ==== 205+0+0 (secure 0 0 0) 0x7f09bc007ab0 con 0x7f09cc108170
2024-09-19T06:32:27.711 INFO:teuthology.orchestra.run.smithi037.stdout:/usr/bin/ceph: stderr
2024-09-19T06:32:26.788+0000 7f09d0f4f640 1 -- 172.21.15.37:0/836601979 >> [v2:172.21.15.37:3300/0,v1:172.21.15.37:6789/0] conn(0x7f09cc108170 msgr2=0x7f09cc10a560 secure :-1 s=STATE_CONNECTION_ESTABLISHED l=1).mark_down
2024-09-19T06:32:27.711 INFO:teuthology.orchestra.run.smithi037.stdout:/usr/bin/ceph: stderr
2024-09-19T06:32:26.788+0000 7f09d0f4f640 1 --2- 172.21.15.37:0/836601979 >> [v2:172.21.15.37:3300/0,v1:172.21.15.37:6789/0] conn(0x7f09cc108170 0x7f09cc10a560 secure :-1 s=READY pgs=20 cs=0 l=1 rev1=1 crypto rx=0x7f09bc009e80 tx=0x7f09bc02a7a0 comp rx=0 tx=0).stop
2024-09-19T06:32:27.711 INFO:teuthology.orchestra.run.smithi037.stdout:/usr/bin/ceph: stderr
2024-09-19T06:32:26.788+0000 7f09d0f4f640 1 -- 172.21.15.37:0/836601979 shutdown_connections
2024-09-19T06:32:27.712 INFO:teuthology.orchestra.run.smithi037.stdout:/usr/bin/ceph: stderr
2024-09-19T06:32:26.788+0000 7f09d0f4f640 1 --2- 172.21.15.37:0/836601979 >> [v2:172.21.15.37:3300/0,v1:172.21.15.37:6789/0] conn(0x7f09cc108170 0x7f09cc10a560 unknown :-1 s=CLOSED pgs=20 cs=0 l=1 rev1=1 crypto rx=0 tx=0 comp rx=0 tx=0).stop
2024-09-19T06:32:27.712 INFO:teuthology.orchestra.run.smithi037.stdout:/usr/bin/ceph: stderr
2024-09-19T06:32:26.788+0000 7f09d0f4f640 1 -- 172.21.15.37:0/836601979 >> 172.21.15.37:0/836601979 conn(0x7f09cc101db0 msgr2=0x7f09cc1041d0 unknown :-1 s=STATE_NONE l=0).mark_down
2024-09-19T06:32:27.712 INFO:teuthology.orchestra.run.smithi037.stdout:/usr/bin/ceph: stderr
2024-09-19T06:32:26.788+0000 7f09d0f4f640 1 -- 172.21.15.37:0/836601979 shutdown_connections
2024-09-19T06:32:27.712 INFO:teuthology.orchestra.run.smithi037.stdout:/usr/bin/ceph: stderr
2024-09-19T06:32:26.788+0000 7f09d0f4f640 1 -- 172.21.15.37:0/836601979 wait complete.
2024-09-19T06:32:27.712 INFO:teuthology.orchestra.run.smithi037.stdout:/usr/bin/ceph: stderr
2024-09-19T06:32:26.788+0000 7f09d0f4f640 1 Processor -- start
2024-09-19T06:32:27.712 INFO:teuthology.orchestra.run.smithi037.stdout:/usr/bin/ceph: stderr
2024-09-19T06:32:26.789+0000 7f09d0f4f640 1 -- start start
2024-09-19T06:32:27.712 INFO:teuthology.orchestra.run.smithi037.stdout:/usr/bin/ceph: stderr
2024-09-19T06:32:26.789+0000 7f09d0f4f640 1 --2- >> [v2:172.21.15.37:3300/0,v1:172.21.15.37:6789/0] conn(0x7f09cc108170 0x7f09cc19b760 unknown :-1 s=NONE pgs=0 cs=0 l=1 rev1=0 crypto rx=0 tx=0 comp rx=0 tx=0).connect
2024-09-19T06:32:27.712 INFO:teuthology.orchestra.run.smithi037.stdout:/usr/bin/ceph: stderr
2024-09-19T06:32:26.789+0000 7f09d0f4f640 1 -- --> [v2:172.21.15.37:3300/0,v1:172.21.15.37:6789/0] -- mon_getmap magic: 0 -- 0x7f09cc10bb40 con 0x7f09cc108170
2024-09-19T06:32:27.712 INFO:teuthology.orchestra.run.smithi037.stdout:/usr/bin/ceph: stderr
2024-09-19T06:32:26.789+0000 7f09ca59c640 1 --2- >> [v2:172.21.15.37:3300/0,v1:172.21.15.37:6789/0] conn(0x7f09cc108170 0x7f09cc19b760 unknown :-1 s=BANNER_CONNECTING pgs=0 cs=0 l=1 rev1=0 crypto rx=0 tx=0 comp rx=0 tx=0)._handle_peer_banner_payload supported=3 required=0
2024-09-19T06:32:27.712 INFO:teuthology.orchestra.run.smithi037.stdout:/usr/bin/ceph: stderr
2024-09-19T06:32:26.789+0000 7f09ca59c640 1 --2- >> [v2:172.21.15.37:3300/0,v1:172.21.15.37:6789/0] conn(0x7f09cc108170 0x7f09cc19b760 unknown :-1 s=HELLO_CONNECTING pgs=0 cs=0 l=1 rev1=1 crypto rx=0 tx=0 comp rx=0 tx=0).handle_hello peer v2:172.21.15.37:3300/0 says I am v2:172.21.15.37:34882/0 (socket says 172.21.15.37:34882)
2024-09-19T06:32:27.712 INFO:teuthology.orchestra.run.smithi037.stdout:/usr/bin/ceph: stderr
2024-09-19T06:32:26.789+0000 7f09ca59c640 1 -- 172.21.15.37:0/1900954104 learned_addr learned my addr 172.21.15.37:0/1900954104 (peer_addr_for_me v2:172.21.15.37:0/0)
2024-09-19T06:32:27.712 INFO:teuthology.orchestra.run.smithi037.stdout:/usr/bin/ceph: stderr
2024-09-19T06:32:26.789+0000 7f09ca59c640 1 -- 172.21.15.37:0/1900954104 --> [v2:172.21.15.37:3300/0,v1:172.21.15.37:6789/0] -- mon_subscribe({config=0+,monmap=0+}) -- 0x7f09cc19bca0 con 0x7f09cc108170
2024-09-19T06:32:27.713 INFO:teuthology.orchestra.run.smithi037.stdout:/usr/bin/ceph: stderr
2024-09-19T06:32:26.789+0000 7f09ca59c640 1 --2- 172.21.15.37:0/1900954104 >> [v2:172.21.15.37:3300/0,v1:172.21.15.37:6789/0] conn(0x7f09cc108170 0x7f09cc19b760 secure :-1 s=READY pgs=21 cs=0 l=1 rev1=1 crypto rx=0x7f09bc031ca0 tx=0x7f09bc031cd0 comp rx=0 tx=0).ready entity=mon.0 client_cookie=0 server_cookie=0 in_seq=0 out_seq=0
2024-09-19T06:32:27.713 INFO:teuthology.orchestra.run.smithi037.stdout:/usr/bin/ceph: stderr
2024-09-19T06:32:26.789+0000 7f09bb7fe640 1 -- 172.21.15.37:0/1900954104 <== mon.0 v2:172.21.15.37:3300/0 1 ==== mon_map magic: 0 ==== 205+0+0 (secure 0 0 0) 0x7f09bc036050 con 0x7f09cc108170
2024-09-19T06:32:27.713 INFO:teuthology.orchestra.run.smithi037.stdout:/usr/bin/ceph: stderr
2024-09-19T06:32:26.789+0000 7f09d0f4f640 1 -- 172.21.15.37:0/1900954104 --> [v2:172.21.15.37:3300/0,v1:172.21.15.37:6789/0] -- mon_subscribe({mgrmap=0+}) -- 0x7f09cc19bf30 con 0x7f09cc108170
2024-09-19T06:32:27.713 INFO:teuthology.orchestra.run.smithi037.stdout:/usr/bin/ceph: stderr
2024-09-19T06:32:26.789+0000 7f09d0f4f640 1 -- 172.21.15.37:0/1900954104 --> [v2:172.21.15.37:3300/0,v1:172.21.15.37:6789/0] -- mon_subscribe({osdmap=0}) -- 0x7f09cc19ec20 con 0x7f09cc108170
2024-09-19T06:32:27.713 INFO:teuthology.orchestra.run.smithi037.stdout:/usr/bin/ceph: stderr
2024-09-19T06:32:26.789+0000 7f09bb7fe640 1 -- 172.21.15.37:0/1900954104 <== mon.0 v2:172.21.15.37:3300/0 2 ==== config(27 keys) ==== 1109+0+0 (secure 0 0 0) 0x7f09bc042070 con 0x7f09cc108170
2024-09-19T06:32:27.713 INFO:teuthology.orchestra.run.smithi037.stdout:/usr/bin/ceph: stderr
2024-09-19T06:32:26.789+0000 7f09bb7fe640 1 -- 172.21.15.37:0/1900954104 <== mon.0 v2:172.21.15.37:3300/0 3 ==== mon_map magic: 0 ==== 205+0+0 (secure 0 0 0) 0x7f09bc0478a0 con 0x7f09cc108170
2024-09-19T06:32:27.713 INFO:teuthology.orchestra.run.smithi037.stdout:/usr/bin/ceph: stderr
2024-09-19T06:32:26.790+0000 7f09bb7fe640 1 -- 172.21.15.37:0/1900954104 <== mon.0 v2:172.21.15.37:3300/0 4 ==== mgrmap(e 4) ==== 46450+0+0 (secure 0 0 0) 0x7f09bc03d450 con 0x7f09cc108170
2024-09-19T06:32:27.713 INFO:teuthology.orchestra.run.smithi037.stdout:/usr/bin/ceph: stderr
2024-09-19T06:32:26.790+0000 7f09bb7fe640 1 --2- 172.21.15.37:0/1900954104 >> [v2:172.21.15.37:6800/2963797247,v1:172.21.15.37:6801/2963797247] conn(0x7f09b4039160 0x7f09b403b620 unknown :-1 s=NONE pgs=0 cs=0 l=1 rev1=0 crypto rx=0 tx=0 comp rx=0 tx=0).connect
2024-09-19T06:32:27.713 INFO:teuthology.orchestra.run.smithi037.stdout:/usr/bin/ceph: stderr
2024-09-19T06:32:26.791+0000 7f09bb7fe640 1 -- 172.21.15.37:0/1900954104 <== mon.0 v2:172.21.15.37:3300/0 5 ==== osd_map(1..1 src has 1..1) ==== 725+0+0 (secure 0 0 0) 0x7f09bc007e00 con 0x7f09cc108170
2024-09-19T06:32:27.713 INFO:teuthology.orchestra.run.smithi037.stdout:/usr/bin/ceph: stderr
2024-09-19T06:32:26.791+0000 7f09d0f4f640 1 -- 172.21.15.37:0/1900954104 --> [v2:172.21.15.37:3300/0,v1:172.21.15.37:6789/0] -- mon_command({"prefix": "get_command_descriptions"} v 0) -- 0x7f09ac0052c0 con 0x7f09cc108170
2024-09-19T06:32:27.713 INFO:teuthology.orchestra.run.smithi037.stdout:/usr/bin/ceph: stderr
2024-09-19T06:32:26.791+0000 7f09c9d9b640 1 --2- 172.21.15.37:0/1900954104 >> [v2:172.21.15.37:6800/2963797247,v1:172.21.15.37:6801/2963797247] conn(0x7f09b4039160 0x7f09b403b620 unknown :-1 s=BANNER_CONNECTING pgs=0 cs=0 l=1 rev1=0 crypto rx=0 tx=0 comp rx=0 tx=0)._handle_peer_banner_payload supported=3 required=0
2024-09-19T06:32:27.713 INFO:teuthology.orchestra.run.smithi037.stdout:/usr/bin/ceph: stderr
2024-09-19T06:32:26.791+0000 7f09c9d9b640 1 --2- 172.21.15.37:0/1900954104 >> [v2:172.21.15.37:6800/2963797247,v1:172.21.15.37:6801/2963797247] conn(0x7f09b4039160 0x7f09b403b620 secure :-1 s=READY pgs=8 cs=0 l=1 rev1=1 crypto rx=0x7f09c00098c0 tx=0x7f09c0006db0 comp rx=0 tx=0).ready entity=mgr.14100 client_cookie=0 server_cookie=0 in_seq=0 out_seq=0
2024-09-19T06:32:27.714 INFO:teuthology.orchestra.run.smithi037.stdout:/usr/bin/ceph: stderr
2024-09-19T06:32:26.796+0000 7f09bb7fe640 1 -- 172.21.15.37:0/1900954104 <== mon.0 v2:172.21.15.37:3300/0 6 ==== mon_command_ack([{"prefix": "get_command_descriptions"}]=0 v0) ==== 72+0+188913 (secure 0 0 0) 0x7f09bc0467c0 con 0x7f09cc108170
2024-09-19T06:32:27.714 INFO:teuthology.orchestra.run.smithi037.stdout:/usr/bin/ceph: stderr
2024-09-19T06:32:27.019+0000 7f09d0f4f640 1 -- 172.21.15.37:0/1900954104 --> [v2:172.21.15.37:3300/0,v1:172.21.15.37:6789/0] -- mon_command({"prefix": "mgr module enable", "module": "cephadm"} v 0) -- 0x7f09ac0055b0 con 0x7f09cc108170
2024-09-19T06:32:27.714 INFO:teuthology.orchestra.run.smithi037.stdout:/usr/bin/ceph: stderr
2024-09-19T06:32:27.071+0000 7f09bb7fe640 1 -- 172.21.15.37:0/1900954104 <== mon.0 v2:172.21.15.37:3300/0 7 ==== mon_command_ack([{"prefix": "mgr module enable", "module": "cephadm"}]=0 v5) ==== 86+0+0 (secure 0 0 0) 0x7f09bc06d040 con 0x7f09cc108170
2024-09-19T06:32:27.714 INFO:teuthology.orchestra.run.smithi037.stdout:/usr/bin/ceph: stderr
2024-09-19T06:32:27.073+0000 7f09bb7fe640 1 -- 172.21.15.37:0/1900954104 <== mon.0 v2:172.21.15.37:3300/0 8 ==== mgrmap(e 5) ==== 46461+0+0 (secure 0 0 0) 0x7f09bc04dcd0 con 0x7f09cc108170
2024-09-19T06:32:27.714 INFO:teuthology.orchestra.run.smithi037.stdout:/usr/bin/ceph: stderr
2024-09-19T06:32:27.074+0000 7f09d0f4f640 1 -- 172.21.15.37:0/1900954104 >> [v2:172.21.15.37:6800/2963797247,v1:172.21.15.37:6801/2963797247] conn(0x7f09b4039160 msgr2=0x7f09b403b620 secure :-1 s=STATE_CONNECTION_ESTABLISHED l=1).mark_down
2024-09-19T06:32:27.714 INFO:teuthology.orchestra.run.smithi037.stdout:/usr/bin/ceph: stderr
2024-09-19T06:32:27.074+0000 7f09d0f4f640 1 --2- 172.21.15.37:0/1900954104 >> [v2:172.21.15.37:6800/2963797247,v1:172.21.15.37:6801/2963797247] conn(0x7f09b4039160 0x7f09b403b620 secure :-1 s=READY pgs=8 cs=0 l=1 rev1=1 crypto rx=0x7f09c00098c0 tx=0x7f09c0006db0 comp rx=0 tx=0).stop
2024-09-19T06:32:27.714 INFO:teuthology.orchestra.run.smithi037.stdout:/usr/bin/ceph: stderr
2024-09-19T06:32:27.074+0000 7f09d0f4f640 1 -- 172.21.15.37:0/1900954104 >> [v2:172.21.15.37:3300/0,v1:172.21.15.37:6789/0] conn(0x7f09cc108170 msgr2=0x7f09cc19b760 secure :-1 s=STATE_CONNECTION_ESTABLISHED l=1).mark_down
2024-09-19T06:32:27.714 INFO:teuthology.orchestra.run.smithi037.stdout:/usr/bin/ceph: stderr
2024-09-19T06:32:27.074+0000 7f09d0f4f640 1 --2- 172.21.15.37:0/1900954104 >> [v2:172.21.15.37:3300/0,v1:172.21.15.37:6789/0] conn(0x7f09cc108170 0x7f09cc19b760 secure :-1 s=READY pgs=21 cs=0 l=1 rev1=1 crypto rx=0x7f09bc031ca0 tx=0x7f09bc031cd0 comp rx=0 tx=0).stop
2024-09-19T06:32:27.714 INFO:teuthology.orchestra.run.smithi037.stdout:/usr/bin/ceph: stderr
2024-09-19T06:32:27.074+0000 7f09d0f4f640 1 -- 172.21.15.37:0/1900954104 shutdown_connections
2024-09-19T06:32:27.714 INFO:teuthology.orchestra.run.smithi037.stdout:/usr/bin/ceph: stderr
2024-09-19T06:32:27.074+0000 7f09d0f4f640 1 --2- 172.21.15.37:0/1900954104 >> [v2:172.21.15.37:6800/2963797247,v1:172.21.15.37:6801/2963797247] conn(0x7f09b4039160 0x7f09b403b620 unknown :-1 s=CLOSED pgs=8 cs=0 l=1 rev1=1 crypto rx=0 tx=0 comp rx=0 tx=0).stop
2024-09-19T06:32:27.714 INFO:teuthology.orchestra.run.smithi037.stdout:/usr/bin/ceph: stderr
2024-09-19T06:32:27.074+0000 7f09d0f4f640 1 --2- 172.21.15.37:0/1900954104 >> [v2:172.21.15.37:3300/0,v1:172.21.15.37:6789/0] conn(0x7f09cc108170 0x7f09cc19b760 unknown :-1 s=CLOSED pgs=21 cs=0 l=1 rev1=1 crypto rx=0 tx=0 comp rx=0 tx=0).stop
2024-09-19T06:32:27.714 INFO:teuthology.orchestra.run.smithi037.stdout:/usr/bin/ceph: stderr
2024-09-19T06:32:27.074+0000 7f09d0f4f640 1 -- 172.21.15.37:0/1900954104 >> 172.21.15.37:0/1900954104 conn(0x7f09cc101db0 msgr2=0x7f09cc102960 unknown :-1 s=STATE_NONE l=0).mark_down
2024-09-19T06:32:27.714 INFO:teuthology.orchestra.run.smithi037.stdout:/usr/bin/ceph: stderr
2024-09-19T06:32:27.074+0000 7f09d0f4f640 1 -- 172.21.15.37:0/1900954104 shutdown_connections
2024-09-19T06:32:27.714 INFO:teuthology.orchestra.run.smithi037.stdout:/usr/bin/ceph: stderr
2024-09-19T06:32:27.074+0000 7f09d0f4f640 1 -- 172.21.15.37:0/1900954104 wait complete.
2024-09-19T06:32:27.950 INFO:journalctl@ceph.mgr.x.smithi037.stdout:Sep 19 06:32:27 smithi037 ceph-b715dee2-7650-11ef-bceb-c7b262605968-mgr-x[31435]:
2024-09-19T06:32:27.649+0000 7f93ac49b040 -1 mgr[py] Module test_orchestrator has missing NOTIFY_TYPES member
2024-09-19T06:32:27.950 INFO:journalctl@ceph.mgr.x.smithi037.stdout:Sep 19 06:32:27 smithi037 ceph-b715dee2-7650-11ef-bceb-c7b262605968-mgr-x[31435]:
2024-09-19T06:32:27.799+0000 7f93ac49b040 -1 mgr[py] Module snap_schedule has missing NOTIFY_TYPES member
2024-09-19T06:32:28.275 INFO:journalctl@ceph.mon.a.smithi037.stdout:Sep 19 06:32:28 smithi037 ceph-mon[31211]: from='client.? 172.21.15.37:0/1900954104' entity='client.admin' cmd='[{"prefix": "mgr module enable", "module": "cephadm"}]': finished
2024-09-19T06:32:28.275 INFO:journalctl@ceph.mon.a.smithi037.stdout:Sep 19 06:32:28 smithi037 ceph-mon[31211]: mgrmap e5: x(active, since 4s)
2024-09-19T06:32:28.275 INFO:journalctl@ceph.mgr.x.smithi037.stdout:Sep 19 06:32:28 smithi037 ceph-b715dee2-7650-11ef-bceb-c7b262605968-mgr-x[31435]:
2024-09-19T06:32:28.133+0000 7f93ac49b040 -1 mgr[py] Module prometheus has missing NOTIFY_TYPES member
2024-09-19T06:32:28.275 INFO:journalctl@ceph.mgr.x.smithi037.stdout:Sep 19 06:32:28 smithi037 ceph-b715dee2-7650-11ef-bceb-c7b262605968-mgr-x[31435]:
2024-09-19T06:32:28.197+0000 7f93ac49b040 -1 mgr[py] Module selftest has missing NOTIFY_TYPES member
2024-09-19T06:32:28.662 INFO:journalctl@ceph.mgr.x.smithi037.stdout:Sep 19 06:32:28 smithi037 ceph-b715dee2-7650-11ef-bceb-c7b262605968-mgr-x[31435]:
2024-09-19T06:32:28.397+0000 7f93ac49b040 -1 mgr[py] Module volumes has missing NOTIFY_TYPES member
2024-09-19T06:32:28.946 INFO:teuthology.orchestra.run.smithi037.stdout:/usr/bin/ceph: stdout {
2024-09-19T06:32:28.946 INFO:teuthology.orchestra.run.smithi037.stdout:/usr/bin/ceph: stdout "epoch": 5,
2024-09-19T06:32:28.946 INFO:teuthology.orchestra.run.smithi037.stdout:/usr/bin/ceph: stdout "available": true,
2024-09-19T06:32:28.946 INFO:teuthology.orchestra.run.smithi037.stdout:/usr/bin/ceph: stdout "active_name": "x",
2024-09-19T06:32:28.947 INFO:teuthology.orchestra.run.smithi037.stdout:/usr/bin/ceph: stdout "num_standby": 0
2024-09-19T06:32:28.947 INFO:teuthology.orchestra.run.smithi037.stdout:/usr/bin/ceph: stdout }
2024-09-19T06:32:28.947 INFO:teuthology.orchestra.run.smithi037.stdout:/usr/bin/ceph: stderr
2024-09-19T06:32:28.122+0000 7f33c02e8640 1 Processor -- start
2024-09-19T06:32:28.947 INFO:teuthology.orchestra.run.smithi037.stdout:/usr/bin/ceph: stderr
2024-09-19T06:32:28.122+0000 7f33c02e8640 1 -- start start
2024-09-19T06:32:28.947 INFO:teuthology.orchestra.run.smithi037.stdout:/usr/bin/ceph: stderr
2024-09-19T06:32:28.123+0000 7f33c02e8640 1 --2- >> [v2:172.21.15.37:3300/0,v1:172.21.15.37:6789/0] conn(0x7f33b8108250 0x7f33b810a640 unknown :-1 s=NONE pgs=0 cs=0 l=0 rev1=0 crypto rx=0 tx=0 comp rx=0 tx=0).connect
2024-09-19T06:32:28.947 INFO:teuthology.orchestra.run.smithi037.stdout:/usr/bin/ceph: stderr
2024-09-19T06:32:28.123+0000 7f33c02e8640 1 -- --> [v2:172.21.15.37:3300/0,v1:172.21.15.37:6789/0] -- mon_getmap magic: 0 -- 0x7f33b807c690 con 0x7f33b8108250
2024-09-19T06:32:28.947 INFO:teuthology.orchestra.run.smithi037.stdout:/usr/bin/ceph: stderr
2024-09-19T06:32:28.123+0000 7f33be084640 1 --2- >> [v2:172.21.15.37:3300/0,v1:172.21.15.37:6789/0] conn(0x7f33b8108250 0x7f33b810a640 unknown :-1 s=BANNER_CONNECTING pgs=0 cs=0 l=0 rev1=0 crypto rx=0 tx=0 comp rx=0 tx=0)._handle_peer_banner_payload supported=3 required=0
2024-09-19T06:32:28.947 INFO:teuthology.orchestra.run.smithi037.stdout:/usr/bin/ceph: stderr
2024-09-19T06:32:28.123+0000 7f33be084640 1 --2- >> [v2:172.21.15.37:3300/0,v1:172.21.15.37:6789/0] conn(0x7f33b8108250 0x7f33b810a640 unknown :-1 s=HELLO_CONNECTING pgs=0 cs=0 l=0 rev1=1 crypto rx=0 tx=0 comp rx=0 tx=0).handle_hello peer v2:172.21.15.37:3300/0 says I am v2:172.21.15.37:34910/0 (socket says 172.21.15.37:34910)
2024-09-19T06:32:28.947 INFO:teuthology.orchestra.run.smithi037.stdout:/usr/bin/ceph: stderr
2024-09-19T06:32:28.123+0000 7f33be084640 1 -- 172.21.15.37:0/2951159592 learned_addr learned my addr 172.21.15.37:0/2951159592 (peer_addr_for_me v2:172.21.15.37:0/0)
2024-09-19T06:32:28.947 INFO:teuthology.orchestra.run.smithi037.stdout:/usr/bin/ceph: stderr
2024-09-19T06:32:28.123+0000 7f33be084640 1 -- 172.21.15.37:0/2951159592 --> [v2:172.21.15.37:3300/0,v1:172.21.15.37:6789/0] -- mon_subscribe({config=0+,monmap=0+}) -- 0x7f33b810ab80 con 0x7f33b8108250
2024-09-19T06:32:28.947 INFO:teuthology.orchestra.run.smithi037.stdout:/usr/bin/ceph: stderr
2024-09-19T06:32:28.124+0000 7f33be084640 1 --2- 172.21.15.37:0/2951159592 >> [v2:172.21.15.37:3300/0,v1:172.21.15.37:6789/0] conn(0x7f33b8108250 0x7f33b810a640 secure :-1 s=READY pgs=24 cs=0 l=1 rev1=1 crypto rx=0x7f33b4009820 tx=0x7f33b402a270 comp rx=0 tx=0).ready entity=mon.0 client_cookie=e34f33b83c5fd67c server_cookie=0 in_seq=0 out_seq=0
2024-09-19T06:32:28.948 INFO:teuthology.orchestra.run.smithi037.stdout:/usr/bin/ceph: stderr
2024-09-19T06:32:28.124+0000 7f33bd082640 1 -- 172.21.15.37:0/2951159592 <== mon.0 v2:172.21.15.37:3300/0 1 ==== mon_map magic: 0 ==== 205+0+0 (secure 0 0 0) 0x7f33b4037070 con 0x7f33b8108250
2024-09-19T06:32:28.948 INFO:teuthology.orchestra.run.smithi037.stdout:/usr/bin/ceph: stderr
2024-09-19T06:32:28.124+0000 7f33bd082640 1 -- 172.21.15.37:0/2951159592 <== mon.0 v2:172.21.15.37:3300/0 2 ==== config(27 keys) ==== 1109+0+0 (secure 0 0 0) 0x7f33b4032900 con 0x7f33b8108250
2024-09-19T06:32:28.948 INFO:teuthology.orchestra.run.smithi037.stdout:/usr/bin/ceph: stderr
2024-09-19T06:32:28.124+0000 7f33bd082640 1 -- 172.21.15.37:0/2951159592 <== mon.0 v2:172.21.15.37:3300/0 3 ==== mon_map magic: 0 ==== 205+0+0 (secure 0 0 0) 0x7f33b4030850 con 0x7f33b8108250
2024-09-19T06:32:28.948 INFO:teuthology.orchestra.run.smithi037.stdout:/usr/bin/ceph: stderr
2024-09-19T06:32:28.125+0000 7f33c02e8640 1 -- 172.21.15.37:0/2951159592 >> [v2:172.21.15.37:3300/0,v1:172.21.15.37:6789/0] conn(0x7f33b8108250 msgr2=0x7f33b810a640 secure :-1 s=STATE_CONNECTION_ESTABLISHED l=1).mark_down
2024-09-19T06:32:28.948 INFO:teuthology.orchestra.run.smithi037.stdout:/usr/bin/ceph: stderr
2024-09-19T06:32:28.125+0000 7f33c02e8640 1 --2- 172.21.15.37:0/2951159592 >> [v2:172.21.15.37:3300/0,v1:172.21.15.37:6789/0] conn(0x7f33b8108250 0x7f33b810a640 secure :-1 s=READY pgs=24 cs=0 l=1 rev1=1 crypto rx=0x7f33b4009820 tx=0x7f33b402a270 comp rx=0 tx=0).stop
2024-09-19T06:32:28.948 INFO:teuthology.orchestra.run.smithi037.stdout:/usr/bin/ceph: stderr
2024-09-19T06:32:28.125+0000 7f33c02e8640 1 -- 172.21.15.37:0/2951159592 shutdown_connections
2024-09-19T06:32:28.948 INFO:teuthology.orchestra.run.smithi037.stdout:/usr/bin/ceph: stderr
2024-09-19T06:32:28.125+0000 7f33c02e8640 1 --2- 172.21.15.37:0/2951159592 >> [v2:172.21.15.37:3300/0,v1:172.21.15.37:6789/0] conn(0x7f33b8108250 0x7f33b810a640 unknown :-1 s=CLOSED pgs=24 cs=0 l=1 rev1=1 crypto rx=0 tx=0 comp rx=0 tx=0).stop
2024-09-19T06:32:28.949 INFO:teuthology.orchestra.run.smithi037.stdout:/usr/bin/ceph: stderr
2024-09-19T06:32:28.125+0000 7f33c02e8640 1 -- 172.21.15.37:0/2951159592 >> 172.21.15.37:0/2951159592 conn(0x7f33b8101e50 msgr2=0x7f33b8104270 unknown :-1 s=STATE_NONE l=0).mark_down
2024-09-19T06:32:28.949 INFO:teuthology.orchestra.run.smithi037.stdout:/usr/bin/ceph: stderr
2024-09-19T06:32:28.125+0000 7f33c02e8640 1 -- 172.21.15.37:0/2951159592 shutdown_connections
2024-09-19T06:32:28.949 INFO:teuthology.orchestra.run.smithi037.stdout:/usr/bin/ceph: stderr
2024-09-19T06:32:28.125+0000 7f33c02e8640 1 -- 172.21.15.37:0/2951159592 wait complete.
2024-09-19T06:32:28.949 INFO:teuthology.orchestra.run.smithi037.stdout:/usr/bin/ceph: stderr
2024-09-19T06:32:28.125+0000 7f33c02e8640 1 Processor -- start
2024-09-19T06:32:28.949 INFO:teuthology.orchestra.run.smithi037.stdout:/usr/bin/ceph: stderr
2024-09-19T06:32:28.126+0000 7f33c02e8640 1 -- start start
2024-09-19T06:32:28.949 INFO:teuthology.orchestra.run.smithi037.stdout:/usr/bin/ceph: stderr
2024-09-19T06:32:28.126+0000 7f33c02e8640 1 --2- >> [v2:172.21.15.37:3300/0,v1:172.21.15.37:6789/0] conn(0x7f33b8108250 0x7f33b819b770 unknown :-1 s=NONE pgs=0 cs=0 l=1 rev1=0 crypto rx=0 tx=0 comp rx=0 tx=0).connect
2024-09-19T06:32:28.949 INFO:teuthology.orchestra.run.smithi037.stdout:/usr/bin/ceph: stderr
2024-09-19T06:32:28.126+0000 7f33c02e8640 1 -- --> [v2:172.21.15.37:3300/0,v1:172.21.15.37:6789/0] -- mon_getmap magic: 0 -- 0x7f33b810bb60 con 0x7f33b8108250
2024-09-19T06:32:28.949 INFO:teuthology.orchestra.run.smithi037.stdout:/usr/bin/ceph: stderr
2024-09-19T06:32:28.126+0000 7f33be084640 1 --2- >> [v2:172.21.15.37:3300/0,v1:172.21.15.37:6789/0] conn(0x7f33b8108250 0x7f33b819b770 unknown :-1 s=BANNER_CONNECTING pgs=0 cs=0 l=1 rev1=0 crypto rx=0 tx=0 comp rx=0 tx=0)._handle_peer_banner_payload supported=3 required=0
2024-09-19T06:32:28.949 INFO:teuthology.orchestra.run.smithi037.stdout:/usr/bin/ceph: stderr
2024-09-19T06:32:28.126+0000 7f33be084640 1 --2- >> [v2:172.21.15.37:3300/0,v1:172.21.15.37:6789/0] conn(0x7f33b8108250 0x7f33b819b770 unknown :-1 s=HELLO_CONNECTING pgs=0 cs=0 l=1 rev1=1 crypto rx=0 tx=0 comp rx=0 tx=0).handle_hello peer v2:172.21.15.37:3300/0 says I am v2:172.21.15.37:34916/0 (socket says 172.21.15.37:34916)
2024-09-19T06:32:28.949 INFO:teuthology.orchestra.run.smithi037.stdout:/usr/bin/ceph: stderr
2024-09-19T06:32:28.126+0000 7f33be084640 1 -- 172.21.15.37:0/1682871907 learned_addr learned my addr 172.21.15.37:0/1682871907 (peer_addr_for_me v2:172.21.15.37:0/0)
2024-09-19T06:32:28.949 INFO:teuthology.orchestra.run.smithi037.stdout:/usr/bin/ceph: stderr
2024-09-19T06:32:28.126+0000 7f33be084640 1 -- 172.21.15.37:0/1682871907 --> [v2:172.21.15.37:3300/0,v1:172.21.15.37:6789/0] -- mon_subscribe({config=0+,monmap=0+}) -- 0x7f33b819bcb0 con 0x7f33b8108250
2024-09-19T06:32:28.949 INFO:teuthology.orchestra.run.smithi037.stdout:/usr/bin/ceph: stderr
2024-09-19T06:32:28.126+0000 7f33be084640 1 --2- 172.21.15.37:0/1682871907 >> [v2:172.21.15.37:3300/0,v1:172.21.15.37:6789/0] conn(0x7f33b8108250 0x7f33b819b770 secure :-1 s=READY pgs=25 cs=0 l=1 rev1=1 crypto rx=0x7f33b4032ce0 tx=0x7f33b4032d10 comp rx=0 tx=0).ready entity=mon.0 client_cookie=0 server_cookie=0 in_seq=0 out_seq=0
2024-09-19T06:32:28.950 INFO:teuthology.orchestra.run.smithi037.stdout:/usr/bin/ceph: stderr
2024-09-19T06:32:28.126+0000 7f33af7fe640 1 -- 172.21.15.37:0/1682871907 <== mon.0 v2:172.21.15.37:3300/0 1 ==== mon_map magic: 0 ==== 205+0+0 (secure 0 0 0) 0x7f33b4042070 con 0x7f33b8108250
2024-09-19T06:32:28.950 INFO:teuthology.orchestra.run.smithi037.stdout:/usr/bin/ceph: stderr
2024-09-19T06:32:28.127+0000 7f33af7fe640 1 -- 172.21.15.37:0/1682871907 <== mon.0 v2:172.21.15.37:3300/0 2 ==== config(27 keys) ==== 1109+0+0 (secure 0 0 0) 0x7f33b40308c0 con 0x7f33b8108250
2024-09-19T06:32:28.950 INFO:teuthology.orchestra.run.smithi037.stdout:/usr/bin/ceph: stderr
2024-09-19T06:32:28.127+0000 7f33c02e8640 1 -- 172.21.15.37:0/1682871907 --> [v2:172.21.15.37:3300/0,v1:172.21.15.37:6789/0] -- mon_subscribe({mgrmap=0+}) -- 0x7f33b819bf40 con 0x7f33b8108250
2024-09-19T06:32:28.950 INFO:teuthology.orchestra.run.smithi037.stdout:/usr/bin/ceph: stderr
2024-09-19T06:32:28.127+0000 7f33af7fe640 1 -- 172.21.15.37:0/1682871907 <== mon.0 v2:172.21.15.37:3300/0 3 ==== mon_map magic: 0 ==== 205+0+0 (secure 0 0 0) 0x7f33b4037040 con 0x7f33b8108250
2024-09-19T06:32:28.950 INFO:teuthology.orchestra.run.smithi037.stdout:/usr/bin/ceph: stderr
2024-09-19T06:32:28.127+0000 7f33c02e8640 1 -- 172.21.15.37:0/1682871907 --> [v2:172.21.15.37:3300/0,v1:172.21.15.37:6789/0] -- mon_subscribe({osdmap=0}) -- 0x7f33b819ec30 con 0x7f33b8108250
2024-09-19T06:32:28.950 INFO:teuthology.orchestra.run.smithi037.stdout:/usr/bin/ceph: stderr
2024-09-19T06:32:28.128+0000 7f33af7fe640 1 -- 172.21.15.37:0/1682871907 <== mon.0 v2:172.21.15.37:3300/0 4 ==== mgrmap(e 5) ==== 46461+0+0 (secure 0 0 0) 0x7f33b4045070 con 0x7f33b8108250
2024-09-19T06:32:28.950 INFO:teuthology.orchestra.run.smithi037.stdout:/usr/bin/ceph: stderr
2024-09-19T06:32:28.128+0000 7f33c02e8640 1 -- 172.21.15.37:0/1682871907 --> [v2:172.21.15.37:3300/0,v1:172.21.15.37:6789/0] -- mon_command({"prefix": "get_command_descriptions"} v 0) -- 0x7f33b81086b0 con 0x7f33b8108250
2024-09-19T06:32:28.950 INFO:teuthology.orchestra.run.smithi037.stdout:/usr/bin/ceph: stderr
2024-09-19T06:32:28.128+0000 7f33af7fe640 1 --2- 172.21.15.37:0/1682871907 >> [v2:172.21.15.37:6800/2963797247,v1:172.21.15.37:6801/2963797247] conn(0x7f33a4039200 0x7f33a403b6c0 unknown :-1 s=NONE pgs=0 cs=0 l=1 rev1=0 crypto rx=0 tx=0 comp rx=0 tx=0).connect
2024-09-19T06:32:28.950 INFO:teuthology.orchestra.run.smithi037.stdout:/usr/bin/ceph: stderr
2024-09-19T06:32:28.128+0000 7f33af7fe640 1 -- 172.21.15.37:0/1682871907 <== mon.0 v2:172.21.15.37:3300/0 5 ==== osd_map(1..1 src has 1..1) ==== 725+0+0 (secure 0 0 0) 0x7f33b406c250 con 0x7f33b8108250
2024-09-19T06:32:28.950 INFO:teuthology.orchestra.run.smithi037.stdout:/usr/bin/ceph: stderr
2024-09-19T06:32:28.128+0000 7f33bd883640 1 -- 172.21.15.37:0/1682871907 >> [v2:172.21.15.37:6800/2963797247,v1:172.21.15.37:6801/2963797247] conn(0x7f33a4039200 msgr2=0x7f33a403b6c0 unknown :-1 s=STATE_CONNECTING_RE l=1).process reconnect failed to v2:172.21.15.37:6800/2963797247
2024-09-19T06:32:28.950 INFO:teuthology.orchestra.run.smithi037.stdout:/usr/bin/ceph: stderr
2024-09-19T06:32:28.128+0000 7f33bd883640 1 --2- 172.21.15.37:0/1682871907 >> [v2:172.21.15.37:6800/2963797247,v1:172.21.15.37:6801/2963797247] conn(0x7f33a4039200 0x7f33a403b6c0 unknown :-1 s=START_CONNECT pgs=0 cs=0 l=1 rev1=0 crypto rx=0 tx=0 comp rx=0 tx=0)._fault waiting 0.200000
2024-09-19T06:32:28.950 INFO:teuthology.orchestra.run.smithi037.stdout:/usr/bin/ceph: stderr
2024-09-19T06:32:28.133+0000 7f33af7fe640 1 -- 172.21.15.37:0/1682871907 <== mon.0 v2:172.21.15.37:3300/0 6 ==== mon_command_ack([{"prefix": "get_command_descriptions"}]=0 v0) ==== 72+0+188913 (secure 0 0 0) 0x7f33b404b170 con 0x7f33b8108250
2024-09-19T06:32:28.950 INFO:teuthology.orchestra.run.smithi037.stdout:/usr/bin/ceph: stderr
2024-09-19T06:32:28.329+0000 7f33bd883640 1 -- 172.21.15.37:0/1682871907 >> [v2:172.21.15.37:6800/2963797247,v1:172.21.15.37:6801/2963797247] conn(0x7f33a4039200 msgr2=0x7f33a403b6c0 unknown :-1 s=STATE_CONNECTING_RE l=1).process reconnect failed to v2:172.21.15.37:6800/2963797247
2024-09-19T06:32:28.951 INFO:teuthology.orchestra.run.smithi037.stdout:/usr/bin/ceph: stderr
2024-09-19T06:32:28.329+0000 7f33bd883640 1 --2- 172.21.15.37:0/1682871907 >> [v2:172.21.15.37:6800/2963797247,v1:172.21.15.37:6801/2963797247] conn(0x7f33a4039200 0x7f33a403b6c0 unknown :-1 s=START_CONNECT pgs=0 cs=0 l=1 rev1=0 crypto rx=0 tx=0 comp rx=0 tx=0)._fault waiting 0.400000
2024-09-19T06:32:28.951 INFO:teuthology.orchestra.run.smithi037.stdout:/usr/bin/ceph: stderr
2024-09-19T06:32:28.357+0000 7f33c02e8640 1 -- 172.21.15.37:0/1682871907 --> [v2:172.21.15.37:3300/0,v1:172.21.15.37:6789/0] -- mon_command({"prefix": "mgr stat"} v 0) -- 0x7f33b819f2b0 con 0x7f33b8108250
2024-09-19T06:32:28.951 INFO:teuthology.orchestra.run.smithi037.stdout:/usr/bin/ceph: stderr
2024-09-19T06:32:28.358+0000 7f33af7fe640 1 -- 172.21.15.37:0/1682871907 <== mon.0 v2:172.21.15.37:3300/0 7 ==== mon_command_ack([{"prefix": "mgr stat"}]=0 v5) ==== 56+0+88 (secure 0 0 0) 0x7f33b4045520 con 0x7f33b8108250
2024-09-19T06:32:28.951 INFO:teuthology.orchestra.run.smithi037.stdout:/usr/bin/ceph: stderr
2024-09-19T06:32:28.360+0000 7f33c02e8640 1 -- 172.21.15.37:0/1682871907 >> [v2:172.21.15.37:6800/2963797247,v1:172.21.15.37:6801/2963797247] conn(0x7f33a4039200 msgr2=0x7f33a403b6c0 unknown :-1 s=STATE_CONNECTING l=1).mark_down
2024-09-19T06:32:28.951 INFO:teuthology.orchestra.run.smithi037.stdout:/usr/bin/ceph: stderr
2024-09-19T06:32:28.360+0000 7f33c02e8640 1 --2- 172.21.15.37:0/1682871907 >> [v2:172.21.15.37:6800/2963797247,v1:172.21.15.37:6801/2963797247] conn(0x7f33a4039200 0x7f33a403b6c0 unknown :-1 s=START_CONNECT pgs=0 cs=0 l=1 rev1=0 crypto rx=0 tx=0 comp rx=0 tx=0).stop
2024-09-19T06:32:28.951 INFO:teuthology.orchestra.run.smithi037.stdout:/usr/bin/ceph: stderr
2024-09-19T06:32:28.360+0000 7f33c02e8640 1 -- 172.21.15.37:0/1682871907 >> [v2:172.21.15.37:3300/0,v1:172.21.15.37:6789/0] conn(0x7f33b8108250 msgr2=0x7f33b819b770 secure :-1 s=STATE_CONNECTION_ESTABLISHED l=1).mark_down
2024-09-19T06:32:28.951 INFO:teuthology.orchestra.run.smithi037.stdout:/usr/bin/ceph: stderr
2024-09-19T06:32:28.360+0000 7f33c02e8640 1 --2- 172.21.15.37:0/1682871907 >> [v2:172.21.15.37:3300/0,v1:172.21.15.37:6789/0] conn(0x7f33b8108250 0x7f33b819b770 secure :-1 s=READY pgs=25 cs=0 l=1 rev1=1 crypto rx=0x7f33b4032ce0 tx=0x7f33b4032d10 comp rx=0 tx=0).stop
2024-09-19T06:32:28.951 INFO:teuthology.orchestra.run.smithi037.stdout:/usr/bin/ceph: stderr
2024-09-19T06:32:28.360+0000 7f33c02e8640 1 -- 172.21.15.37:0/1682871907 shutdown_connections
2024-09-19T06:32:28.951 INFO:teuthology.orchestra.run.smithi037.stdout:/usr/bin/ceph: stderr
2024-09-19T06:32:28.360+0000 7f33c02e8640 1 --2- 172.21.15.37:0/1682871907 >> [v2:172.21.15.37:6800/2963797247,v1:172.21.15.37:6801/2963797247] conn(0x7f33a4039200 0x7f33a403b6c0 unknown :-1 s=CLOSED pgs=0 cs=0 l=1 rev1=0 crypto rx=0 tx=0 comp rx=0 tx=0).stop
2024-09-19T06:32:28.951 INFO:teuthology.orchestra.run.smithi037.stdout:/usr/bin/ceph: stderr
2024-09-19T06:32:28.360+0000 7f33c02e8640 1 --2- 172.21.15.37:0/1682871907 >> [v2:172.21.15.37:3300/0,v1:172.21.15.37:6789/0] conn(0x7f33b8108250 0x7f33b819b770 unknown :-1 s=CLOSED pgs=25 cs=0 l=1 rev1=1 crypto rx=0 tx=0 comp rx=0 tx=0).stop
2024-09-19T06:32:28.951 INFO:teuthology.orchestra.run.smithi037.stdout:/usr/bin/ceph: stderr
2024-09-19T06:32:28.360+0000 7f33c02e8640 1 -- 172.21.15.37:0/1682871907 >> 172.21.15.37:0/1682871907 conn(0x7f33b8101e50 msgr2=0x7f33b8102a70 unknown :-1 s=STATE_NONE l=0).mark_down
2024-09-19T06:32:28.951 INFO:teuthology.orchestra.run.smithi037.stdout:/usr/bin/ceph: stderr
2024-09-19T06:32:28.360+0000 7f33c02e8640 1 -- 172.21.15.37:0/1682871907 shutdown_connections
2024-09-19T06:32:28.951 INFO:teuthology.orchestra.run.smithi037.stdout:/usr/bin/ceph: stderr
2024-09-19T06:32:28.360+0000 7f33c02e8640 1 -- 172.21.15.37:0/1682871907 wait complete.
2024-09-19T06:32:28.951 INFO:teuthology.orchestra.run.smithi037.stdout:Waiting for the mgr to restart...
2024-09-19T06:32:28.951 INFO:teuthology.orchestra.run.smithi037.stdout:Waiting for mgr epoch 5...
2024-09-19T06:32:29.202 INFO:journalctl@ceph.mon.a.smithi037.stdout:Sep 19 06:32:29 smithi037 ceph-mon[31211]: from='client.? 172.21.15.37:0/1682871907' entity='client.admin' cmd=[{"prefix": "mgr stat"}]: dispatch
2024-09-19T06:32:29.525 INFO:journalctl@ceph.mgr.x.smithi037.stdout:Sep 19 06:32:29 smithi037 ceph-b715dee2-7650-11ef-bceb-c7b262605968-mgr-x[31435]:
2024-09-19T06:32:29.331+0000 7f93ac49b040 -1 mgr[py] Module telemetry has missing NOTIFY_TYPES member
2024-09-19T06:32:29.525 INFO:journalctl@ceph.mgr.x.smithi037.stdout:Sep 19 06:32:29 smithi037 ceph-b715dee2-7650-11ef-bceb-c7b262605968-mgr-x[31435]:
2024-09-19T06:32:29.402+0000 7f93ac49b040 -1 mgr[py] Module balancer has missing NOTIFY_TYPES member
2024-09-19T06:32:30.267 INFO:journalctl@ceph.mgr.x.smithi037.stdout:Sep 19 06:32:30 smithi037 ceph-b715dee2-7650-11ef-bceb-c7b262605968-mgr-x[31435]:
2024-09-19T06:32:30.144+0000 7f93ac49b040 -1 mgr[py] Module rook has missing NOTIFY_TYPES member
2024-09-19T06:32:30.267 INFO:journalctl@ceph.mgr.x.smithi037.stdout:Sep 19 06:32:30 smithi037 ceph-b715dee2-7650-11ef-bceb-c7b262605968-mgr-x[31435]:
2024-09-19T06:32:30.265+0000 7f93ac49b040 -1 mgr[py] Module iostat has missing NOTIFY_TYPES member
2024-09-19T06:32:30.525 INFO:journalctl@ceph.mgr.x.smithi037.stdout:Sep 19 06:32:30 smithi037 ceph-b715dee2-7650-11ef-bceb-c7b262605968-mgr-x[31435]:
2024-09-19T06:32:30.413+0000 7f93ac49b040 -1 mgr[py] Module orchestrator has missing NOTIFY_TYPES member
2024-09-19T06:32:30.525 INFO:journalctl@ceph.mgr.x.smithi037.stdout:Sep 19 06:32:30 smithi037 ceph-b715dee2-7650-11ef-bceb-c7b262605968-mgr-x[31435]:
2024-09-19T06:32:30.477+0000 7f93ac49b040 -1 mgr[py] Module devicehealth has missing NOTIFY_TYPES member
2024-09-19T06:32:30.933 INFO:journalctl@ceph.mgr.x.smithi037.stdout:Sep 19 06:32:30 smithi037 ceph-b715dee2-7650-11ef-bceb-c7b262605968-mgr-x[31435]:
2024-09-19T06:32:30.633+0000 7f93ac49b040 -1 mgr[py] Module rgw has missing NOTIFY_TYPES member
2024-09-19T06:32:30.934 INFO:journalctl@ceph.mgr.x.smithi037.stdout:Sep 19 06:32:30 smithi037 ceph-b715dee2-7650-11ef-bceb-c7b262605968-mgr-x[31435]:
2024-09-19T06:32:30.704+0000 7f93ac49b040 -1 mgr[py] Module alerts has missing NOTIFY_TYPES member
2024-09-19T06:32:30.934 INFO:journalctl@ceph.mgr.x.smithi037.stdout:Sep 19 06:32:30 smithi037 ceph-b715dee2-7650-11ef-bceb-c7b262605968-mgr-x[31435]:
2024-09-19T06:32:30.766+0000 7f93ac49b040 -1 mgr[py] Module progress has missing NOTIFY_TYPES member
2024-09-19T06:32:30.934 INFO:journalctl@ceph.mgr.x.smithi037.stdout:Sep 19 06:32:30 smithi037 ceph-b715dee2-7650-11ef-bceb-c7b262605968-mgr-x[31435]:
2024-09-19T06:32:30.931+0000 7f93ac49b040 -1 mgr[py] Module nfs has missing NOTIFY_TYPES member
2024-09-19T06:32:31.219 INFO:journalctl@ceph.mgr.x.smithi037.stdout:Sep 19 06:32:31 smithi037 ceph-b715dee2-7650-11ef-bceb-c7b262605968-mgr-x[31435]:
2024-09-19T06:32:30.999+0000 7f93ac49b040 -1 mgr[py] Module status has missing NOTIFY_TYPES member
2024-09-19T06:32:31.219 INFO:journalctl@ceph.mgr.x.smithi037.stdout:Sep 19 06:32:31 smithi037 ceph-b715dee2-7650-11ef-bceb-c7b262605968-mgr-x[31435]:
2024-09-19T06:32:31.069+0000 7f93ac49b040 -1 mgr[py] Module pg_autoscaler has missing NOTIFY_TYPES member
2024-09-19T06:32:31.219 INFO:journalctl@ceph.mgr.x.smithi037.stdout:Sep 19 06:32:31 smithi037 ceph-b715dee2-7650-11ef-bceb-c7b262605968-mgr-x[31435]:
2024-09-19T06:32:31.155+0000 7f93ac49b040 -1 mgr[py] Module rbd_support has missing NOTIFY_TYPES member
2024-09-19T06:32:31.219 INFO:journalctl@ceph.mgr.x.smithi037.stdout:Sep 19 06:32:31 smithi037 ceph-b715dee2-7650-11ef-bceb-c7b262605968-mgr-x[31435]:
2024-09-19T06:32:31.217+0000 7f93ac49b040 -1 mgr[py] Module influx has missing NOTIFY_TYPES member
2024-09-19T06:32:31.525 INFO:journalctl@ceph.mgr.x.smithi037.stdout:Sep 19 06:32:31 smithi037 ceph-b715dee2-7650-11ef-bceb-c7b262605968-mgr-x[31435]:
2024-09-19T06:32:31.278+0000 7f93ac49b040 -1 mgr[py] Module zabbix has missing NOTIFY_TYPES member
2024-09-19T06:32:32.372 INFO:journalctl@ceph.mgr.x.smithi037.stdout:Sep 19 06:32:32 smithi037 ceph-b715dee2-7650-11ef-bceb-c7b262605968-mgr-x[31435]:
2024-09-19T06:32:32.105+0000 7f93ac49b040 -1 mgr[py] Module telegraf has missing NOTIFY_TYPES member
2024-09-19T06:32:32.373 INFO:journalctl@ceph.mon.a.smithi037.stdout:Sep 19 06:32:32 smithi037 ceph-mon[31211]: Active manager daemon x restarted
2024-09-19T06:32:32.373 INFO:journalctl@ceph.mon.a.smithi037.stdout:Sep 19 06:32:32 smithi037 ceph-mon[31211]: Activating manager daemon x
2024-09-19T06:32:32.373 INFO:journalctl@ceph.mon.a.smithi037.stdout:Sep 19 06:32:32 smithi037 ceph-mon[31211]: osdmap e2: 0 total, 0 up, 0 in
2024-09-19T06:32:32.373 INFO:journalctl@ceph.mon.a.smithi037.stdout:Sep 19 06:32:32 smithi037 ceph-mon[31211]: mgrmap e6: x(active, starting, since 0.00390554s)
2024-09-19T06:32:32.373 INFO:journalctl@ceph.mon.a.smithi037.stdout:Sep 19 06:32:32 smithi037 ceph-mon[31211]: from='mgr.14118 172.21.15.37:0/4144352201' entity='mgr.x' cmd=[{"prefix": "mon metadata", "id": "a"}]: dispatch
2024-09-19T06:32:32.373 INFO:journalctl@ceph.mon.a.smithi037.stdout:Sep 19 06:32:32 smithi037 ceph-mon[31211]: from='mgr.14118 172.21.15.37:0/4144352201' entity='mgr.x' cmd=[{"prefix": "mgr metadata", "who": "x", "id": "x"}]: dispatch
2024-09-19T06:32:32.373 INFO:journalctl@ceph.mon.a.smithi037.stdout:Sep 19 06:32:32 smithi037 ceph-mon[31211]: from='mgr.14118 172.21.15.37:0/4144352201' entity='mgr.x' cmd=[{"prefix": "mds metadata"}]: dispatch
2024-09-19T06:32:32.373 INFO:journalctl@ceph.mon.a.smithi037.stdout:Sep 19 06:32:32 smithi037 ceph-mon[31211]: from='mgr.14118 172.21.15.37:0/4144352201' entity='mgr.x' cmd=[{"prefix": "osd metadata"}]: dispatch
2024-09-19T06:32:32.373 INFO:journalctl@ceph.mon.a.smithi037.stdout:Sep 19 06:32:32 smithi037 ceph-mon[31211]: from='mgr.14118 172.21.15.37:0/4144352201' entity='mgr.x' cmd=[{"prefix": "mon metadata"}]: dispatch
2024-09-19T06:32:32.373 INFO:journalctl@ceph.mon.a.smithi037.stdout:Sep 19 06:32:32 smithi037 ceph-mon[31211]: Manager daemon x is now available
2024-09-19T06:32:32.373 INFO:journalctl@ceph.mon.a.smithi037.stdout:Sep 19 06:32:32 smithi037 ceph-mon[31211]: from='mgr.14118 172.21.15.37:0/4144352201' entity='mgr.x'
2024-09-19T06:32:32.373 INFO:journalctl@ceph.mon.a.smithi037.stdout:Sep 19 06:32:32 smithi037 ceph-mon[31211]: from='mgr.14118 172.21.15.37:0/4144352201' entity='mgr.x'
2024-09-19T06:32:32.373 INFO:journalctl@ceph.mon.a.smithi037.stdout:Sep 19 06:32:32 smithi037 ceph-mon[31211]: from='mgr.14118 172.21.15.37:0/4144352201' entity='mgr.x' cmd=[{"prefix": "config dump", "format": "json"}]: dispatch
2024-09-19T06:32:32.374 INFO:journalctl@ceph.mon.a.smithi037.stdout:Sep 19 06:32:32 smithi037 ceph-mon[31211]: from='mgr.14118 172.21.15.37:0/4144352201' entity='mgr.x' cmd=[{"prefix": "config dump", "format": "json"}]: dispatch
2024-09-19T06:32:32.374 INFO:journalctl@ceph.mon.a.smithi037.stdout:Sep 19 06:32:32 smithi037 ceph-mon[31211]: from='mgr.14118 172.21.15.37:0/4144352201' entity='mgr.x' cmd=[{"prefix":"config rm","who":"mgr","name":"mgr/rbd_support/x/mirror_snapshot_schedule"}]: dispatch
2024-09-19T06:32:32.374 INFO:journalctl@ceph.mon.a.smithi037.stdout:Sep 19 06:32:32 smithi037 ceph-mon[31211]: from='mgr.14118 172.21.15.37:0/4144352201' entity='mgr.x' cmd=[{"prefix":"config rm","who":"mgr","name":"mgr/rbd_support/x/trash_purge_schedule"}]: dispatch
2024-09-19T06:32:33.578 INFO:teuthology.orchestra.run.smithi037.stdout:/usr/bin/ceph: stdout {
2024-09-19T06:32:33.578 INFO:teuthology.orchestra.run.smithi037.stdout:/usr/bin/ceph: stdout "mgrmap_epoch": 7,
2024-09-19T06:32:33.578 INFO:teuthology.orchestra.run.smithi037.stdout:/usr/bin/ceph: stdout "initialized": true
2024-09-19T06:32:33.578 INFO:teuthology.orchestra.run.smithi037.stdout:/usr/bin/ceph: stdout }
2024-09-19T06:32:33.578 INFO:teuthology.orchestra.run.smithi037.stdout:/usr/bin/ceph: stderr
2024-09-19T06:32:29.403+0000 7f1e880eb640 1 Processor -- start
2024-09-19T06:32:33.578 INFO:teuthology.orchestra.run.smithi037.stdout:/usr/bin/ceph: stderr
2024-09-19T06:32:29.403+0000 7f1e880eb640 1 -- start start
2024-09-19T06:32:33.579 INFO:teuthology.orchestra.run.smithi037.stdout:/usr/bin/ceph: stderr
2024-09-19T06:32:29.403+0000 7f1e880eb640 1 --2- >> [v2:172.21.15.37:3300/0,v1:172.21.15.37:6789/0] conn(0x7f1e80108210 0x7f1e8010a600 unknown :-1 s=NONE pgs=0 cs=0 l=0 rev1=0 crypto rx=0 tx=0 comp rx=0 tx=0).connect
2024-09-19T06:32:33.579 INFO:teuthology.orchestra.run.smithi037.stdout:/usr/bin/ceph: stderr
2024-09-19T06:32:29.403+0000 7f1e880eb640 1 -- --> [v2:172.21.15.37:3300/0,v1:172.21.15.37:6789/0] -- mon_getmap magic: 0 -- 0x7f1e8007bdd0 con 0x7f1e80108210
2024-09-19T06:32:33.579 INFO:teuthology.orchestra.run.smithi037.stdout:/usr/bin/ceph: stderr
2024-09-19T06:32:29.404+0000 7f1e85e87640 1 --2- >> [v2:172.21.15.37:3300/0,v1:172.21.15.37:6789/0] conn(0x7f1e80108210 0x7f1e8010a600 unknown :-1 s=BANNER_CONNECTING pgs=0 cs=0 l=0 rev1=0 crypto rx=0 tx=0 comp rx=0 tx=0)._handle_peer_banner_payload supported=3 required=0
2024-09-19T06:32:33.579 INFO:teuthology.orchestra.run.smithi037.stdout:/usr/bin/ceph: stderr
2024-09-19T06:32:29.404+0000 7f1e85e87640 1 --2- >> [v2:172.21.15.37:3300/0,v1:172.21.15.37:6789/0] conn(0x7f1e80108210 0x7f1e8010a600 unknown :-1 s=HELLO_CONNECTING pgs=0 cs=0 l=0 rev1=1 crypto rx=0 tx=0 comp rx=0 tx=0).handle_hello peer v2:172.21.15.37:3300/0 says I am v2:172.21.15.37:34920/0 (socket says 172.21.15.37:34920)
2024-09-19T06:32:33.579 INFO:teuthology.orchestra.run.smithi037.stdout:/usr/bin/ceph: stderr
2024-09-19T06:32:29.404+0000 7f1e85e87640 1 -- 172.21.15.37:0/3221755562 learned_addr learned my addr 172.21.15.37:0/3221755562 (peer_addr_for_me v2:172.21.15.37:0/0)
2024-09-19T06:32:33.579 INFO:teuthology.orchestra.run.smithi037.stdout:/usr/bin/ceph: stderr
2024-09-19T06:32:29.404+0000 7f1e85e87640 1 -- 172.21.15.37:0/3221755562 --> [v2:172.21.15.37:3300/0,v1:172.21.15.37:6789/0] -- mon_subscribe({config=0+,monmap=0+}) -- 0x7f1e8010ab40 con 0x7f1e80108210
2024-09-19T06:32:33.579 INFO:teuthology.orchestra.run.smithi037.stdout:/usr/bin/ceph: stderr
2024-09-19T06:32:29.404+0000 7f1e85e87640 1 --2- 172.21.15.37:0/3221755562 >> [v2:172.21.15.37:3300/0,v1:172.21.15.37:6789/0] conn(0x7f1e80108210 0x7f1e8010a600 secure :-1 s=READY pgs=26 cs=0 l=1 rev1=1 crypto rx=0x7f1e70009e80 tx=0x7f1e7002a7a0 comp rx=0 tx=0).ready entity=mon.0 client_cookie=10ea7912dfbc0b7f server_cookie=0 in_seq=0 out_seq=0
2024-09-19T06:32:33.579 INFO:teuthology.orchestra.run.smithi037.stdout:/usr/bin/ceph: stderr
2024-09-19T06:32:29.405+0000 7f1e84e85640 1 -- 172.21.15.37:0/3221755562 <== mon.0 v2:172.21.15.37:3300/0 1 ==== mon_map magic: 0 ==== 205+0+0 (secure 0 0 0) 0x7f1e70036070 con 0x7f1e80108210
2024-09-19T06:32:33.579 INFO:teuthology.orchestra.run.smithi037.stdout:/usr/bin/ceph: stderr
2024-09-19T06:32:29.405+0000 7f1e84e85640 1 -- 172.21.15.37:0/3221755562 <== mon.0 v2:172.21.15.37:3300/0 2 ==== config(27 keys) ==== 1109+0+0 (secure 0 0 0) 0x7f1e700318c0 con 0x7f1e80108210
2024-09-19T06:32:33.579 INFO:teuthology.orchestra.run.smithi037.stdout:/usr/bin/ceph: stderr
2024-09-19T06:32:29.405+0000 7f1e84e85640 1 -- 172.21.15.37:0/3221755562 <== mon.0 v2:172.21.15.37:3300/0 3 ==== mon_map magic: 0 ==== 205+0+0 (secure 0 0 0) 0x7f1e70007ab0 con 0x7f1e80108210
2024-09-19T06:32:33.579 INFO:teuthology.orchestra.run.smithi037.stdout:/usr/bin/ceph: stderr
2024-09-19T06:32:29.405+0000 7f1e880eb640 1 -- 172.21.15.37:0/3221755562 >> [v2:172.21.15.37:3300/0,v1:172.21.15.37:6789/0] conn(0x7f1e80108210 msgr2=0x7f1e8010a600 secure :-1 s=STATE_CONNECTION_ESTABLISHED l=1).mark_down
2024-09-19T06:32:33.579 INFO:teuthology.orchestra.run.smithi037.stdout:/usr/bin/ceph: stderr
2024-09-19T06:32:29.405+0000 7f1e880eb640 1 --2- 172.21.15.37:0/3221755562 >> [v2:172.21.15.37:3300/0,v1:172.21.15.37:6789/0] conn(0x7f1e80108210 0x7f1e8010a600 secure :-1 s=READY pgs=26 cs=0 l=1 rev1=1 crypto rx=0x7f1e70009e80 tx=0x7f1e7002a7a0 comp rx=0 tx=0).stop
2024-09-19T06:32:33.579 INFO:teuthology.orchestra.run.smithi037.stdout:/usr/bin/ceph: stderr
2024-09-19T06:32:29.405+0000 7f1e880eb640 1 -- 172.21.15.37:0/3221755562 shutdown_connections
2024-09-19T06:32:33.580 INFO:teuthology.orchestra.run.smithi037.stdout:/usr/bin/ceph: stderr
2024-09-19T06:32:29.405+0000 7f1e880eb640 1 --2- 172.21.15.37:0/3221755562 >> [v2:172.21.15.37:3300/0,v1:172.21.15.37:6789/0] conn(0x7f1e80108210 0x7f1e8010a600 unknown :-1 s=CLOSED pgs=26 cs=0 l=1 rev1=1 crypto rx=0 tx=0 comp rx=0 tx=0).stop
2024-09-19T06:32:33.580 INFO:teuthology.orchestra.run.smithi037.stdout:/usr/bin/ceph: stderr
2024-09-19T06:32:29.405+0000 7f1e880eb640 1 -- 172.21.15.37:0/3221755562 >> 172.21.15.37:0/3221755562 conn(0x7f1e80101db0 msgr2=0x7f1e80104210 unknown :-1 s=STATE_NONE l=0).mark_down
2024-09-19T06:32:33.580 INFO:teuthology.orchestra.run.smithi037.stdout:/usr/bin/ceph: stderr
2024-09-19T06:32:29.406+0000 7f1e880eb640 1 -- 172.21.15.37:0/3221755562 shutdown_connections
2024-09-19T06:32:33.580 INFO:teuthology.orchestra.run.smithi037.stdout:/usr/bin/ceph: stderr
2024-09-19T06:32:29.406+0000 7f1e880eb640 1 -- 172.21.15.37:0/3221755562 wait complete.
2024-09-19T06:32:33.580 INFO:teuthology.orchestra.run.smithi037.stdout:/usr/bin/ceph: stderr
2024-09-19T06:32:29.406+0000 7f1e880eb640 1 Processor -- start
2024-09-19T06:32:33.580 INFO:teuthology.orchestra.run.smithi037.stdout:/usr/bin/ceph: stderr
2024-09-19T06:32:29.406+0000 7f1e880eb640 1 -- start start
2024-09-19T06:32:33.580 INFO:teuthology.orchestra.run.smithi037.stdout:/usr/bin/ceph: stderr
2024-09-19T06:32:29.406+0000 7f1e880eb640 1 --2- >> [v2:172.21.15.37:3300/0,v1:172.21.15.37:6789/0] conn(0x7f1e80108210 0x7f1e8019d990 unknown :-1 s=NONE pgs=0 cs=0 l=1 rev1=0 crypto rx=0 tx=0 comp rx=0 tx=0).connect
2024-09-19T06:32:33.580 INFO:teuthology.orchestra.run.smithi037.stdout:/usr/bin/ceph: stderr
2024-09-19T06:32:29.406+0000 7f1e880eb640 1 -- --> [v2:172.21.15.37:3300/0,v1:172.21.15.37:6789/0] -- mon_getmap magic: 0 -- 0x7f1e8010bb20 con 0x7f1e80108210
2024-09-19T06:32:33.580 INFO:teuthology.orchestra.run.smithi037.stdout:/usr/bin/ceph: stderr
2024-09-19T06:32:29.406+0000 7f1e85e87640 1 --2- >> [v2:172.21.15.37:3300/0,v1:172.21.15.37:6789/0] conn(0x7f1e80108210 0x7f1e8019d990 unknown :-1 s=BANNER_CONNECTING pgs=0 cs=0 l=1 rev1=0 crypto rx=0 tx=0 comp rx=0 tx=0)._handle_peer_banner_payload supported=3 required=0
2024-09-19T06:32:33.580 INFO:teuthology.orchestra.run.smithi037.stdout:/usr/bin/ceph: stderr
2024-09-19T06:32:29.406+0000 7f1e85e87640 1 --2- >> [v2:172.21.15.37:3300/0,v1:172.21.15.37:6789/0] conn(0x7f1e80108210 0x7f1e8019d990 unknown :-1 s=HELLO_CONNECTING pgs=0 cs=0 l=1 rev1=1 crypto rx=0 tx=0 comp rx=0 tx=0).handle_hello peer v2:172.21.15.37:3300/0 says I am v2:172.21.15.37:34932/0 (socket says 172.21.15.37:34932)
2024-09-19T06:32:33.580 INFO:teuthology.orchestra.run.smithi037.stdout:/usr/bin/ceph: stderr
2024-09-19T06:32:29.406+0000 7f1e85e87640 1 -- 172.21.15.37:0/4182094922 learned_addr learned my addr 172.21.15.37:0/4182094922 (peer_addr_for_me v2:172.21.15.37:0/0)
2024-09-19T06:32:33.580 INFO:teuthology.orchestra.run.smithi037.stdout:/usr/bin/ceph: stderr
2024-09-19T06:32:29.407+0000 7f1e85e87640 1 -- 172.21.15.37:0/4182094922 --> [v2:172.21.15.37:3300/0,v1:172.21.15.37:6789/0] -- mon_subscribe({config=0+,monmap=0+}) -- 0x7f1e8019ded0 con 0x7f1e80108210
2024-09-19T06:32:33.580 INFO:teuthology.orchestra.run.smithi037.stdout:/usr/bin/ceph: stderr
2024-09-19T06:32:29.407+0000 7f1e85e87640 1 --2- 172.21.15.37:0/4182094922 >> [v2:172.21.15.37:3300/0,v1:172.21.15.37:6789/0] conn(0x7f1e80108210 0x7f1e8019d990 secure :-1 s=READY pgs=27 cs=0 l=1 rev1=1 crypto rx=0x7f1e70031ca0 tx=0x7f1e70031cd0 comp rx=0 tx=0).ready entity=mon.0 client_cookie=0 server_cookie=0 in_seq=0 out_seq=0
2024-09-19T06:32:33.581 INFO:teuthology.orchestra.run.smithi037.stdout:/usr/bin/ceph: stderr
2024-09-19T06:32:29.407+0000 7f1e7effd640 1 -- 172.21.15.37:0/4182094922 <== mon.0 v2:172.21.15.37:3300/0 1 ==== mon_map magic: 0 ==== 205+0+0 (secure 0 0 0) 0x7f1e70036050 con 0x7f1e80108210
2024-09-19T06:32:33.581 INFO:teuthology.orchestra.run.smithi037.stdout:/usr/bin/ceph: stderr
2024-09-19T06:32:29.407+0000 7f1e7effd640 1 -- 172.21.15.37:0/4182094922 <== mon.0 v2:172.21.15.37:3300/0 2 ==== config(27 keys) ==== 1109+0+0 (secure 0 0 0) 0x7f1e70042070 con 0x7f1e80108210
2024-09-19T06:32:33.581 INFO:teuthology.orchestra.run.smithi037.stdout:/usr/bin/ceph: stderr
2024-09-19T06:32:29.407+0000 7f1e880eb640 1 -- 172.21.15.37:0/4182094922 --> [v2:172.21.15.37:3300/0,v1:172.21.15.37:6789/0] -- mon_subscribe({mgrmap=0+}) -- 0x7f1e8019e160 con 0x7f1e80108210
2024-09-19T06:32:33.581 INFO:teuthology.orchestra.run.smithi037.stdout:/usr/bin/ceph: stderr
