2024-09-19T06:32:52.147+0000 7f05abfff640 1 --2- 172.21.15.37:0/289439192 >> [v2:172.21.15.37:6800/2601148313,v1:172.21.15.37:6801/2601148313] conn(0x7f059c039200 0x7f059c03b6c0 unknown :-1 s=START_CONNECT pgs=0 cs=0 l=1 rev1=0 crypto rx=0 tx=0 comp rx=0 tx=0)._fault waiting 0.200000
2024-09-19T06:32:52.969 INFO:teuthology.orchestra.run.smithi037.stdout:/usr/bin/ceph: stderr
2024-09-19T06:32:52.147+0000 7f05b325a640 1 -- 172.21.15.37:0/289439192 --> [v2:172.21.15.37:3300/0,v1:172.21.15.37:6789/0] -- mon_command({"prefix": "get_command_descriptions"} v 0) -- 0x7f05ac10ad60 con 0x7f05ac106630
2024-09-19T06:32:52.970 INFO:teuthology.orchestra.run.smithi037.stdout:/usr/bin/ceph: stderr
2024-09-19T06:32:52.151+0000 7f05a9ffb640 1 -- 172.21.15.37:0/289439192 <== mon.0 v2:172.21.15.37:3300/0 6 ==== mon_command_ack([{"prefix": "get_command_descriptions"}]=0 v0) ==== 72+0+188913 (secure 0 0 0) 0x7f05a003ba40 con 0x7f05ac106630
2024-09-19T06:32:52.970 INFO:teuthology.orchestra.run.smithi037.stdout:/usr/bin/ceph: stderr
2024-09-19T06:32:52.348+0000 7f05abfff640 1 -- 172.21.15.37:0/289439192 >> [v2:172.21.15.37:6800/2601148313,v1:172.21.15.37:6801/2601148313] conn(0x7f059c039200 msgr2=0x7f059c03b6c0 unknown :-1 s=STATE_CONNECTING_RE l=1).process reconnect failed to v2:172.21.15.37:6800/2601148313
2024-09-19T06:32:52.970 INFO:teuthology.orchestra.run.smithi037.stdout:/usr/bin/ceph: stderr
2024-09-19T06:32:52.348+0000 7f05abfff640 1 --2- 172.21.15.37:0/289439192 >> [v2:172.21.15.37:6800/2601148313,v1:172.21.15.37:6801/2601148313] conn(0x7f059c039200 0x7f059c03b6c0 unknown :-1 s=START_CONNECT pgs=0 cs=0 l=1 rev1=0 crypto rx=0 tx=0 comp rx=0 tx=0)._fault waiting 0.400000
2024-09-19T06:32:52.970 INFO:teuthology.orchestra.run.smithi037.stdout:/usr/bin/ceph: stderr
2024-09-19T06:32:52.393+0000 7f05b325a640 1 -- 172.21.15.37:0/289439192 --> [v2:172.21.15.37:3300/0,v1:172.21.15.37:6789/0] -- mon_command({"prefix": "mgr stat"} v 0) -- 0x7f05ac190a80 con 0x7f05ac106630
2024-09-19T06:32:52.970 INFO:teuthology.orchestra.run.smithi037.stdout:/usr/bin/ceph: stderr
2024-09-19T06:32:52.393+0000 7f05a9ffb640 1 -- 172.21.15.37:0/289439192 <== mon.0 v2:172.21.15.37:3300/0 7 ==== mon_command_ack([{"prefix": "mgr stat"}]=0 v9) ==== 56+0+88 (secure 0 0 0) 0x7f05a0044920 con 0x7f05ac106630
2024-09-19T06:32:52.970 INFO:teuthology.orchestra.run.smithi037.stdout:/usr/bin/ceph: stderr
2024-09-19T06:32:52.395+0000 7f05b325a640 1 -- 172.21.15.37:0/289439192 >> [v2:172.21.15.37:6800/2601148313,v1:172.21.15.37:6801/2601148313] conn(0x7f059c039200 msgr2=0x7f059c03b6c0 unknown :-1 s=STATE_CONNECTING l=1).mark_down
2024-09-19T06:32:52.970 INFO:teuthology.orchestra.run.smithi037.stdout:/usr/bin/ceph: stderr
2024-09-19T06:32:52.395+0000 7f05b325a640 1 --2- 172.21.15.37:0/289439192 >> [v2:172.21.15.37:6800/2601148313,v1:172.21.15.37:6801/2601148313] conn(0x7f059c039200 0x7f059c03b6c0 unknown :-1 s=START_CONNECT pgs=0 cs=0 l=1 rev1=0 crypto rx=0 tx=0 comp rx=0 tx=0).stop
2024-09-19T06:32:52.970 INFO:teuthology.orchestra.run.smithi037.stdout:/usr/bin/ceph: stderr
2024-09-19T06:32:52.396+0000 7f05b325a640 1 -- 172.21.15.37:0/289439192 >> [v2:172.21.15.37:3300/0,v1:172.21.15.37:6789/0] conn(0x7f05ac106630 msgr2=0x7f05ac191860 secure :-1 s=STATE_CONNECTION_ESTABLISHED l=1).mark_down
2024-09-19T06:32:52.970 INFO:teuthology.orchestra.run.smithi037.stdout:/usr/bin/ceph: stderr
2024-09-19T06:32:52.396+0000 7f05b325a640 1 --2- 172.21.15.37:0/289439192 >> [v2:172.21.15.37:3300/0,v1:172.21.15.37:6789/0] conn(0x7f05ac106630 0x7f05ac191860 secure :-1 s=READY pgs=58 cs=0 l=1 rev1=1 crypto rx=0x7f05a00097f0 tx=0x7f05a00327b0 comp rx=0 tx=0).stop
2024-09-19T06:32:52.970 INFO:teuthology.orchestra.run.smithi037.stdout:/usr/bin/ceph: stderr
2024-09-19T06:32:52.396+0000 7f05b325a640 1 -- 172.21.15.37:0/289439192 shutdown_connections
2024-09-19T06:32:52.970 INFO:teuthology.orchestra.run.smithi037.stdout:/usr/bin/ceph: stderr
2024-09-19T06:32:52.396+0000 7f05b325a640 1 --2- 172.21.15.37:0/289439192 >> [v2:172.21.15.37:6800/2601148313,v1:172.21.15.37:6801/2601148313] conn(0x7f059c039200 0x7f059c03b6c0 unknown :-1 s=CLOSED pgs=0 cs=0 l=1 rev1=0 crypto rx=0 tx=0 comp rx=0 tx=0).stop
2024-09-19T06:32:52.970 INFO:teuthology.orchestra.run.smithi037.stdout:/usr/bin/ceph: stderr
2024-09-19T06:32:52.396+0000 7f05b325a640 1 --2- 172.21.15.37:0/289439192 >> [v2:172.21.15.37:3300/0,v1:172.21.15.37:6789/0] conn(0x7f05ac106630 0x7f05ac191860 unknown :-1 s=CLOSED pgs=58 cs=0 l=1 rev1=1 crypto rx=0 tx=0 comp rx=0 tx=0).stop
2024-09-19T06:32:52.971 INFO:teuthology.orchestra.run.smithi037.stdout:/usr/bin/ceph: stderr
2024-09-19T06:32:52.396+0000 7f05b325a640 1 -- 172.21.15.37:0/289439192 >> 172.21.15.37:0/289439192 conn(0x7f05ac101de0 msgr2=0x7f05ac102a20 unknown :-1 s=STATE_NONE l=0).mark_down
2024-09-19T06:32:52.971 INFO:teuthology.orchestra.run.smithi037.stdout:/usr/bin/ceph: stderr
2024-09-19T06:32:52.396+0000 7f05b325a640 1 -- 172.21.15.37:0/289439192 shutdown_connections
2024-09-19T06:32:52.971 INFO:teuthology.orchestra.run.smithi037.stdout:/usr/bin/ceph: stderr
2024-09-19T06:32:52.396+0000 7f05b325a640 1 -- 172.21.15.37:0/289439192 wait complete.
2024-09-19T06:32:52.971 INFO:teuthology.orchestra.run.smithi037.stdout:Waiting for the mgr to restart...
2024-09-19T06:32:52.971 INFO:teuthology.orchestra.run.smithi037.stdout:Waiting for mgr epoch 9...
2024-09-19T06:32:53.312 INFO:journalctl@ceph.mon.a.smithi037.stdout:Sep 19 06:32:53 smithi037 ceph-mon[31211]: from='client.? 172.21.15.37:0/289439192' entity='client.admin' cmd=[{"prefix": "mgr stat"}]: dispatch
2024-09-19T06:32:53.610 INFO:journalctl@ceph.mgr.x.smithi037.stdout:Sep 19 06:32:53 smithi037 ceph-b715dee2-7650-11ef-bceb-c7b262605968-mgr-x[31435]:
2024-09-19T06:32:53.310+0000 7f02cb889040 -1 mgr[py] Module telemetry has missing NOTIFY_TYPES member
2024-09-19T06:32:53.610 INFO:journalctl@ceph.mgr.x.smithi037.stdout:Sep 19 06:32:53 smithi037 ceph-b715dee2-7650-11ef-bceb-c7b262605968-mgr-x[31435]:
2024-09-19T06:32:53.383+0000 7f02cb889040 -1 mgr[py] Module balancer has missing NOTIFY_TYPES member
2024-09-19T06:32:54.268 INFO:journalctl@ceph.mgr.x.smithi037.stdout:Sep 19 06:32:54 smithi037 ceph-b715dee2-7650-11ef-bceb-c7b262605968-mgr-x[31435]:
2024-09-19T06:32:54.144+0000 7f02cb889040 -1 mgr[py] Module rook has missing NOTIFY_TYPES member
2024-09-19T06:32:54.525 INFO:journalctl@ceph.mgr.x.smithi037.stdout:Sep 19 06:32:54 smithi037 ceph-b715dee2-7650-11ef-bceb-c7b262605968-mgr-x[31435]:
2024-09-19T06:32:54.265+0000 7f02cb889040 -1 mgr[py] Module iostat has missing NOTIFY_TYPES member
2024-09-19T06:32:54.525 INFO:journalctl@ceph.mgr.x.smithi037.stdout:Sep 19 06:32:54 smithi037 ceph-b715dee2-7650-11ef-bceb-c7b262605968-mgr-x[31435]:
2024-09-19T06:32:54.416+0000 7f02cb889040 -1 mgr[py] Module orchestrator has missing NOTIFY_TYPES member
2024-09-19T06:32:54.525 INFO:journalctl@ceph.mgr.x.smithi037.stdout:Sep 19 06:32:54 smithi037 ceph-b715dee2-7650-11ef-bceb-c7b262605968-mgr-x[31435]:
2024-09-19T06:32:54.480+0000 7f02cb889040 -1 mgr[py] Module devicehealth has missing NOTIFY_TYPES member
2024-09-19T06:32:54.938 INFO:journalctl@ceph.mgr.x.smithi037.stdout:Sep 19 06:32:54 smithi037 ceph-b715dee2-7650-11ef-bceb-c7b262605968-mgr-x[31435]:
2024-09-19T06:32:54.637+0000 7f02cb889040 -1 mgr[py] Module rgw has missing NOTIFY_TYPES member
2024-09-19T06:32:54.938 INFO:journalctl@ceph.mgr.x.smithi037.stdout:Sep 19 06:32:54 smithi037 ceph-b715dee2-7650-11ef-bceb-c7b262605968-mgr-x[31435]:
2024-09-19T06:32:54.708+0000 7f02cb889040 -1 mgr[py] Module alerts has missing NOTIFY_TYPES member
2024-09-19T06:32:54.938 INFO:journalctl@ceph.mgr.x.smithi037.stdout:Sep 19 06:32:54 smithi037 ceph-b715dee2-7650-11ef-bceb-c7b262605968-mgr-x[31435]:
2024-09-19T06:32:54.770+0000 7f02cb889040 -1 mgr[py] Module progress has missing NOTIFY_TYPES member
2024-09-19T06:32:54.938 INFO:journalctl@ceph.mgr.x.smithi037.stdout:Sep 19 06:32:54 smithi037 ceph-b715dee2-7650-11ef-bceb-c7b262605968-mgr-x[31435]:
2024-09-19T06:32:54.936+0000 7f02cb889040 -1 mgr[py] Module nfs has missing NOTIFY_TYPES member
2024-09-19T06:32:55.223 INFO:journalctl@ceph.mgr.x.smithi037.stdout:Sep 19 06:32:55 smithi037 ceph-b715dee2-7650-11ef-bceb-c7b262605968-mgr-x[31435]:
2024-09-19T06:32:55.004+0000 7f02cb889040 -1 mgr[py] Module status has missing NOTIFY_TYPES member
2024-09-19T06:32:55.223 INFO:journalctl@ceph.mgr.x.smithi037.stdout:Sep 19 06:32:55 smithi037 ceph-b715dee2-7650-11ef-bceb-c7b262605968-mgr-x[31435]:
2024-09-19T06:32:55.073+0000 7f02cb889040 -1 mgr[py] Module pg_autoscaler has missing NOTIFY_TYPES member
2024-09-19T06:32:55.223 INFO:journalctl@ceph.mgr.x.smithi037.stdout:Sep 19 06:32:55 smithi037 ceph-b715dee2-7650-11ef-bceb-c7b262605968-mgr-x[31435]:
2024-09-19T06:32:55.159+0000 7f02cb889040 -1 mgr[py] Module rbd_support has missing NOTIFY_TYPES member
2024-09-19T06:32:55.223 INFO:journalctl@ceph.mgr.x.smithi037.stdout:Sep 19 06:32:55 smithi037 ceph-b715dee2-7650-11ef-bceb-c7b262605968-mgr-x[31435]:
2024-09-19T06:32:55.221+0000 7f02cb889040 -1 mgr[py] Module influx has missing NOTIFY_TYPES member
2024-09-19T06:32:55.525 INFO:journalctl@ceph.mgr.x.smithi037.stdout:Sep 19 06:32:55 smithi037 ceph-b715dee2-7650-11ef-bceb-c7b262605968-mgr-x[31435]:
2024-09-19T06:32:55.283+0000 7f02cb889040 -1 mgr[py] Module zabbix has missing NOTIFY_TYPES member
2024-09-19T06:32:56.361 INFO:journalctl@ceph.mgr.x.smithi037.stdout:Sep 19 06:32:56 smithi037 ceph-b715dee2-7650-11ef-bceb-c7b262605968-mgr-x[31435]:
2024-09-19T06:32:56.106+0000 7f02cb889040 -1 mgr[py] Module telegraf has missing NOTIFY_TYPES member
2024-09-19T06:32:56.362 INFO:journalctl@ceph.mon.a.smithi037.stdout:Sep 19 06:32:56 smithi037 ceph-mon[31211]: Active manager daemon x restarted
2024-09-19T06:32:56.362 INFO:journalctl@ceph.mon.a.smithi037.stdout:Sep 19 06:32:56 smithi037 ceph-mon[31211]: Activating manager daemon x
2024-09-19T06:32:56.362 INFO:journalctl@ceph.mon.a.smithi037.stdout:Sep 19 06:32:56 smithi037 ceph-mon[31211]: osdmap e3: 0 total, 0 up, 0 in
2024-09-19T06:32:56.362 INFO:journalctl@ceph.mon.a.smithi037.stdout:Sep 19 06:32:56 smithi037 ceph-mon[31211]: mgrmap e10: x(active, starting, since 0.00346248s)
2024-09-19T06:32:56.362 INFO:journalctl@ceph.mon.a.smithi037.stdout:Sep 19 06:32:56 smithi037 ceph-mon[31211]: from='mgr.14150 172.21.15.37:0/2524593483' entity='mgr.x' cmd=[{"prefix": "mon metadata", "id": "a"}]: dispatch
2024-09-19T06:32:56.362 INFO:journalctl@ceph.mon.a.smithi037.stdout:Sep 19 06:32:56 smithi037 ceph-mon[31211]: from='mgr.14150 172.21.15.37:0/2524593483' entity='mgr.x' cmd=[{"prefix": "mgr metadata", "who": "x", "id": "x"}]: dispatch
2024-09-19T06:32:56.362 INFO:journalctl@ceph.mon.a.smithi037.stdout:Sep 19 06:32:56 smithi037 ceph-mon[31211]: from='mgr.14150 172.21.15.37:0/2524593483' entity='mgr.x' cmd=[{"prefix": "mds metadata"}]: dispatch
2024-09-19T06:32:56.362 INFO:journalctl@ceph.mon.a.smithi037.stdout:Sep 19 06:32:56 smithi037 ceph-mon[31211]: from='mgr.14150 172.21.15.37:0/2524593483' entity='mgr.x' cmd=[{"prefix": "osd metadata"}]: dispatch
2024-09-19T06:32:56.362 INFO:journalctl@ceph.mon.a.smithi037.stdout:Sep 19 06:32:56 smithi037 ceph-mon[31211]: from='mgr.14150 172.21.15.37:0/2524593483' entity='mgr.x' cmd=[{"prefix": "mon metadata"}]: dispatch
2024-09-19T06:32:56.362 INFO:journalctl@ceph.mon.a.smithi037.stdout:Sep 19 06:32:56 smithi037 ceph-mon[31211]: Manager daemon x is now available
2024-09-19T06:32:56.362 INFO:journalctl@ceph.mon.a.smithi037.stdout:Sep 19 06:32:56 smithi037 ceph-mon[31211]: from='mgr.14150 172.21.15.37:0/2524593483' entity='mgr.x' cmd=[{"prefix": "config dump", "format": "json"}]: dispatch
2024-09-19T06:32:56.363 INFO:journalctl@ceph.mon.a.smithi037.stdout:Sep 19 06:32:56 smithi037 ceph-mon[31211]: from='mgr.14150 172.21.15.37:0/2524593483' entity='mgr.x' cmd=[{"prefix":"config rm","who":"mgr","name":"mgr/rbd_support/x/mirror_snapshot_schedule"}]: dispatch
2024-09-19T06:32:56.363 INFO:journalctl@ceph.mon.a.smithi037.stdout:Sep 19 06:32:56 smithi037 ceph-mon[31211]: from='mgr.14150 172.21.15.37:0/2524593483' entity='mgr.x' cmd=[{"prefix":"config rm","who":"mgr","name":"mgr/rbd_support/x/trash_purge_schedule"}]: dispatch
2024-09-19T06:32:58.010 INFO:teuthology.orchestra.run.smithi037.stdout:/usr/bin/ceph: stdout {
2024-09-19T06:32:58.010 INFO:teuthology.orchestra.run.smithi037.stdout:/usr/bin/ceph: stdout "mgrmap_epoch": 11,
2024-09-19T06:32:58.011 INFO:teuthology.orchestra.run.smithi037.stdout:/usr/bin/ceph: stdout "initialized": true
2024-09-19T06:32:58.011 INFO:teuthology.orchestra.run.smithi037.stdout:/usr/bin/ceph: stdout }
2024-09-19T06:32:58.011 INFO:teuthology.orchestra.run.smithi037.stdout:/usr/bin/ceph: stderr
2024-09-19T06:32:53.402+0000 7f3e9c2a2640 1 Processor -- start
2024-09-19T06:32:58.011 INFO:teuthology.orchestra.run.smithi037.stdout:/usr/bin/ceph: stderr
2024-09-19T06:32:53.402+0000 7f3e9c2a2640 1 -- start start
2024-09-19T06:32:58.011 INFO:teuthology.orchestra.run.smithi037.stdout:/usr/bin/ceph: stderr
2024-09-19T06:32:53.402+0000 7f3e9c2a2640 1 --2- >> [v2:172.21.15.37:3300/0,v1:172.21.15.37:6789/0] conn(0x7f3e94106640 0x7f3e94106a40 unknown :-1 s=NONE pgs=0 cs=0 l=0 rev1=0 crypto rx=0 tx=0 comp rx=0 tx=0).connect
2024-09-19T06:32:58.011 INFO:teuthology.orchestra.run.smithi037.stdout:/usr/bin/ceph: stderr
2024-09-19T06:32:53.402+0000 7f3e9c2a2640 1 -- --> [v2:172.21.15.37:3300/0,v1:172.21.15.37:6789/0] -- mon_getmap magic: 0 -- 0x7f3e94107010 con 0x7f3e94106640
2024-09-19T06:32:58.011 INFO:teuthology.orchestra.run.smithi037.stdout:/usr/bin/ceph: stderr
2024-09-19T06:32:53.402+0000 7f3e9a03e640 1 --2- >> [v2:172.21.15.37:3300/0,v1:172.21.15.37:6789/0] conn(0x7f3e94106640 0x7f3e94106a40 unknown :-1 s=BANNER_CONNECTING pgs=0 cs=0 l=0 rev1=0 crypto rx=0 tx=0 comp rx=0 tx=0)._handle_peer_banner_payload supported=3 required=0
2024-09-19T06:32:58.011 INFO:teuthology.orchestra.run.smithi037.stdout:/usr/bin/ceph: stderr
2024-09-19T06:32:53.402+0000 7f3e9a03e640 1 --2- >> [v2:172.21.15.37:3300/0,v1:172.21.15.37:6789/0] conn(0x7f3e94106640 0x7f3e94106a40 unknown :-1 s=HELLO_CONNECTING pgs=0 cs=0 l=0 rev1=1 crypto rx=0 tx=0 comp rx=0 tx=0).handle_hello peer v2:172.21.15.37:3300/0 says I am v2:172.21.15.37:46492/0 (socket says 172.21.15.37:46492)
2024-09-19T06:32:58.011 INFO:teuthology.orchestra.run.smithi037.stdout:/usr/bin/ceph: stderr
2024-09-19T06:32:53.402+0000 7f3e9a03e640 1 -- 172.21.15.37:0/2938191800 learned_addr learned my addr 172.21.15.37:0/2938191800 (peer_addr_for_me v2:172.21.15.37:0/0)
2024-09-19T06:32:58.011 INFO:teuthology.orchestra.run.smithi037.stdout:/usr/bin/ceph: stderr
2024-09-19T06:32:53.403+0000 7f3e9a03e640 1 -- 172.21.15.37:0/2938191800 --> [v2:172.21.15.37:3300/0,v1:172.21.15.37:6789/0] -- mon_subscribe({config=0+,monmap=0+}) -- 0x7f3e941077f0 con 0x7f3e94106640
2024-09-19T06:32:58.011 INFO:teuthology.orchestra.run.smithi037.stdout:/usr/bin/ceph: stderr
2024-09-19T06:32:53.403+0000 7f3e9a03e640 1 --2- 172.21.15.37:0/2938191800 >> [v2:172.21.15.37:3300/0,v1:172.21.15.37:6789/0] conn(0x7f3e94106640 0x7f3e94106a40 secure :-1 s=READY pgs=59 cs=0 l=1 rev1=1 crypto rx=0x7f3e90009820 tx=0x7f3e9002a270 comp rx=0 tx=0).ready entity=mon.0 client_cookie=eef456a61afbc53a server_cookie=0 in_seq=0 out_seq=0
2024-09-19T06:32:58.011 INFO:teuthology.orchestra.run.smithi037.stdout:/usr/bin/ceph: stderr
2024-09-19T06:32:53.403+0000 7f3e9903c640 1 -- 172.21.15.37:0/2938191800 <== mon.0 v2:172.21.15.37:3300/0 1 ==== mon_map magic: 0 ==== 205+0+0 (secure 0 0 0) 0x7f3e90037070 con 0x7f3e94106640
2024-09-19T06:32:58.012 INFO:teuthology.orchestra.run.smithi037.stdout:/usr/bin/ceph: stderr
2024-09-19T06:32:53.403+0000 7f3e9903c640 1 -- 172.21.15.37:0/2938191800 <== mon.0 v2:172.21.15.37:3300/0 2 ==== config(27 keys) ==== 1140+0+0 (secure 0 0 0) 0x7f3e90032920 con 0x7f3e94106640
2024-09-19T06:32:58.012 INFO:teuthology.orchestra.run.smithi037.stdout:/usr/bin/ceph: stderr
2024-09-19T06:32:53.403+0000 7f3e9903c640 1 -- 172.21.15.37:0/2938191800 <== mon.0 v2:172.21.15.37:3300/0 3 ==== mon_map magic: 0 ==== 205+0+0 (secure 0 0 0) 0x7f3e90030810 con 0x7f3e94106640
2024-09-19T06:32:58.012 INFO:teuthology.orchestra.run.smithi037.stdout:/usr/bin/ceph: stderr
2024-09-19T06:32:53.404+0000 7f3e9c2a2640 1 -- 172.21.15.37:0/2938191800 >> [v2:172.21.15.37:3300/0,v1:172.21.15.37:6789/0] conn(0x7f3e94106640 msgr2=0x7f3e94106a40 secure :-1 s=STATE_CONNECTION_ESTABLISHED l=1).mark_down
2024-09-19T06:32:58.012 INFO:teuthology.orchestra.run.smithi037.stdout:/usr/bin/ceph: stderr
2024-09-19T06:32:53.404+0000 7f3e9c2a2640 1 --2- 172.21.15.37:0/2938191800 >> [v2:172.21.15.37:3300/0,v1:172.21.15.37:6789/0] conn(0x7f3e94106640 0x7f3e94106a40 secure :-1 s=READY pgs=59 cs=0 l=1 rev1=1 crypto rx=0x7f3e90009820 tx=0x7f3e9002a270 comp rx=0 tx=0).stop
2024-09-19T06:32:58.012 INFO:teuthology.orchestra.run.smithi037.stdout:/usr/bin/ceph: stderr
2024-09-19T06:32:53.404+0000 7f3e9c2a2640 1 -- 172.21.15.37:0/2938191800 shutdown_connections
2024-09-19T06:32:58.012 INFO:teuthology.orchestra.run.smithi037.stdout:/usr/bin/ceph: stderr
2024-09-19T06:32:53.404+0000 7f3e9c2a2640 1 --2- 172.21.15.37:0/2938191800 >> [v2:172.21.15.37:3300/0,v1:172.21.15.37:6789/0] conn(0x7f3e94106640 0x7f3e94106a40 unknown :-1 s=CLOSED pgs=59 cs=0 l=1 rev1=1 crypto rx=0 tx=0 comp rx=0 tx=0).stop
2024-09-19T06:32:58.012 INFO:teuthology.orchestra.run.smithi037.stdout:/usr/bin/ceph: stderr
2024-09-19T06:32:53.404+0000 7f3e9c2a2640 1 -- 172.21.15.37:0/2938191800 >> 172.21.15.37:0/2938191800 conn(0x7f3e94101db0 msgr2=0x7f3e94104210 unknown :-1 s=STATE_NONE l=0).mark_down
2024-09-19T06:32:58.012 INFO:teuthology.orchestra.run.smithi037.stdout:/usr/bin/ceph: stderr
2024-09-19T06:32:53.404+0000 7f3e9c2a2640 1 -- 172.21.15.37:0/2938191800 shutdown_connections
2024-09-19T06:32:58.012 INFO:teuthology.orchestra.run.smithi037.stdout:/usr/bin/ceph: stderr
2024-09-19T06:32:53.404+0000 7f3e9c2a2640 1 -- 172.21.15.37:0/2938191800 wait complete.
2024-09-19T06:32:58.012 INFO:teuthology.orchestra.run.smithi037.stdout:/usr/bin/ceph: stderr
2024-09-19T06:32:53.405+0000 7f3e9c2a2640 1 Processor -- start
2024-09-19T06:32:58.012 INFO:teuthology.orchestra.run.smithi037.stdout:/usr/bin/ceph: stderr
2024-09-19T06:32:53.405+0000 7f3e9c2a2640 1 -- start start
2024-09-19T06:32:58.012 INFO:teuthology.orchestra.run.smithi037.stdout:/usr/bin/ceph: stderr
2024-09-19T06:32:53.405+0000 7f3e9c2a2640 1 --2- >> [v2:172.21.15.37:3300/0,v1:172.21.15.37:6789/0] conn(0x7f3e94106640 0x7f3e9419b850 unknown :-1 s=NONE pgs=0 cs=0 l=1 rev1=0 crypto rx=0 tx=0 comp rx=0 tx=0).connect
2024-09-19T06:32:58.013 INFO:teuthology.orchestra.run.smithi037.stdout:/usr/bin/ceph: stderr
2024-09-19T06:32:53.405+0000 7f3e9c2a2640 1 -- --> [v2:172.21.15.37:3300/0,v1:172.21.15.37:6789/0] -- mon_getmap magic: 0 -- 0x7f3e9410aba0 con 0x7f3e94106640
2024-09-19T06:32:58.013 INFO:teuthology.orchestra.run.smithi037.stdout:/usr/bin/ceph: stderr
2024-09-19T06:32:53.405+0000 7f3e9a03e640 1 --2- >> [v2:172.21.15.37:3300/0,v1:172.21.15.37:6789/0] conn(0x7f3e94106640 0x7f3e9419b850 unknown :-1 s=BANNER_CONNECTING pgs=0 cs=0 l=1 rev1=0 crypto rx=0 tx=0 comp rx=0 tx=0)._handle_peer_banner_payload supported=3 required=0
2024-09-19T06:32:58.013 INFO:teuthology.orchestra.run.smithi037.stdout:/usr/bin/ceph: stderr
2024-09-19T06:32:53.405+0000 7f3e9a03e640 1 --2- >> [v2:172.21.15.37:3300/0,v1:172.21.15.37:6789/0] conn(0x7f3e94106640 0x7f3e9419b850 unknown :-1 s=HELLO_CONNECTING pgs=0 cs=0 l=1 rev1=1 crypto rx=0 tx=0 comp rx=0 tx=0).handle_hello peer v2:172.21.15.37:3300/0 says I am v2:172.21.15.37:46494/0 (socket says 172.21.15.37:46494)
2024-09-19T06:32:58.013 INFO:teuthology.orchestra.run.smithi037.stdout:/usr/bin/ceph: stderr
2024-09-19T06:32:53.405+0000 7f3e9a03e640 1 -- 172.21.15.37:0/426477340 learned_addr learned my addr 172.21.15.37:0/426477340 (peer_addr_for_me v2:172.21.15.37:0/0)
2024-09-19T06:32:58.013 INFO:teuthology.orchestra.run.smithi037.stdout:/usr/bin/ceph: stderr
2024-09-19T06:32:53.406+0000 7f3e9a03e640 1 -- 172.21.15.37:0/426477340 --> [v2:172.21.15.37:3300/0,v1:172.21.15.37:6789/0] -- mon_subscribe({config=0+,monmap=0+}) -- 0x7f3e9419bd90 con 0x7f3e94106640
2024-09-19T06:32:58.013 INFO:teuthology.orchestra.run.smithi037.stdout:/usr/bin/ceph: stderr
2024-09-19T06:32:53.406+0000 7f3e9a03e640 1 --2- 172.21.15.37:0/426477340 >> [v2:172.21.15.37:3300/0,v1:172.21.15.37:6789/0] conn(0x7f3e94106640 0x7f3e9419b850 secure :-1 s=READY pgs=60 cs=0 l=1 rev1=1 crypto rx=0x7f3e900097f0 tx=0x7f3e900327b0 comp rx=0 tx=0).ready entity=mon.0 client_cookie=0 server_cookie=0 in_seq=0 out_seq=0
2024-09-19T06:32:58.013 INFO:teuthology.orchestra.run.smithi037.stdout:/usr/bin/ceph: stderr
2024-09-19T06:32:53.406+0000 7f3e8b7fe640 1 -- 172.21.15.37:0/426477340 <== mon.0 v2:172.21.15.37:3300/0 1 ==== mon_map magic: 0 ==== 205+0+0 (secure 0 0 0) 0x7f3e90037040 con 0x7f3e94106640
2024-09-19T06:32:58.013 INFO:teuthology.orchestra.run.smithi037.stdout:/usr/bin/ceph: stderr
2024-09-19T06:32:53.406+0000 7f3e9c2a2640 1 -- 172.21.15.37:0/426477340 --> [v2:172.21.15.37:3300/0,v1:172.21.15.37:6789/0] -- mon_subscribe({mgrmap=0+}) -- 0x7f3e9419c020 con 0x7f3e94106640
2024-09-19T06:32:58.013 INFO:teuthology.orchestra.run.smithi037.stdout:/usr/bin/ceph: stderr
2024-09-19T06:32:53.406+0000 7f3e8b7fe640 1 -- 172.21.15.37:0/426477340 <== mon.0 v2:172.21.15.37:3300/0 2 ==== config(27 keys) ==== 1140+0+0 (secure 0 0 0) 0x7f3e90030c40 con 0x7f3e94106640
2024-09-19T06:32:58.013 INFO:teuthology.orchestra.run.smithi037.stdout:/usr/bin/ceph: stderr
2024-09-19T06:32:53.406+0000 7f3e9c2a2640 1 -- 172.21.15.37:0/426477340 --> [v2:172.21.15.37:3300/0,v1:172.21.15.37:6789/0] -- mon_subscribe({osdmap=0}) -- 0x7f3e9419ed10 con 0x7f3e94106640
2024-09-19T06:32:58.013 INFO:teuthology.orchestra.run.smithi037.stdout:/usr/bin/ceph: stderr
2024-09-19T06:32:53.406+0000 7f3e8b7fe640 1 -- 172.21.15.37:0/426477340 <== mon.0 v2:172.21.15.37:3300/0 3 ==== mon_map magic: 0 ==== 205+0+0 (secure 0 0 0) 0x7f3e9003a5b0 con 0x7f3e94106640
2024-09-19T06:32:58.013 INFO:teuthology.orchestra.run.smithi037.stdout:/usr/bin/ceph: stderr
2024-09-19T06:32:53.407+0000 7f3e8b7fe640 1 -- 172.21.15.37:0/426477340 <== mon.0 v2:172.21.15.37:3300/0 4 ==== mgrmap(e 9) ==== 46474+0+0 (secure 0 0 0) 0x7f3e9003a7f0 con 0x7f3e94106640
2024-09-19T06:32:58.014 INFO:teuthology.orchestra.run.smithi037.stdout:/usr/bin/ceph: stderr
2024-09-19T06:32:53.407+0000 7f3e8b7fe640 1 --2- 172.21.15.37:0/426477340 >> [v2:172.21.15.37:6800/2601148313,v1:172.21.15.37:6801/2601148313] conn(0x7f3e80039200 0x7f3e8003b6c0 unknown :-1 s=NONE pgs=0 cs=0 l=1 rev1=0 crypto rx=0 tx=0 comp rx=0 tx=0).connect
2024-09-19T06:32:58.014 INFO:teuthology.orchestra.run.smithi037.stdout:/usr/bin/ceph: stderr
2024-09-19T06:32:53.407+0000 7f3e9c2a2640 1 -- 172.21.15.37:0/426477340 --> [v2:172.21.15.37:6800/2601148313,v1:172.21.15.37:6801/2601148313] -- command(tid 0: {"prefix": "get_command_descriptions"}) -- 0x7f3e94106ac0 con 0x7f3e80039200
2024-09-19T06:32:58.014 INFO:teuthology.orchestra.run.smithi037.stdout:/usr/bin/ceph: stderr
2024-09-19T06:32:53.407+0000 7f3e8b7fe640 1 -- 172.21.15.37:0/426477340 <== mon.0 v2:172.21.15.37:3300/0 5 ==== osd_map(2..2 src has 1..2) ==== 940+0+0 (secure 0 0 0) 0x7f3e9006c770 con 0x7f3e94106640
2024-09-19T06:32:58.014 INFO:teuthology.orchestra.run.smithi037.stdout:/usr/bin/ceph: stderr
2024-09-19T06:32:53.407+0000 7f3e9983d640 1 -- 172.21.15.37:0/426477340 >> [v2:172.21.15.37:6800/2601148313,v1:172.21.15.37:6801/2601148313] conn(0x7f3e80039200 msgr2=0x7f3e8003b6c0 unknown :-1 s=STATE_CONNECTING_RE l=1).process reconnect failed to v2:172.21.15.37:6800/2601148313
2024-09-19T06:32:58.014 INFO:teuthology.orchestra.run.smithi037.stdout:/usr/bin/ceph: stderr
2024-09-19T06:32:53.407+0000 7f3e9983d640 1 --2- 172.21.15.37:0/426477340 >> [v2:172.21.15.37:6800/2601148313,v1:172.21.15.37:6801/2601148313] conn(0x7f3e80039200 0x7f3e8003b6c0 unknown :-1 s=START_CONNECT pgs=0 cs=0 l=1 rev1=0 crypto rx=0 tx=0 comp rx=0 tx=0)._fault waiting 0.200000
2024-09-19T06:32:58.014 INFO:teuthology.orchestra.run.smithi037.stdout:/usr/bin/ceph: stderr
2024-09-19T06:32:53.608+0000 7f3e9983d640 1 -- 172.21.15.37:0/426477340 >> [v2:172.21.15.37:6800/2601148313,v1:172.21.15.37:6801/2601148313] conn(0x7f3e80039200 msgr2=0x7f3e8003b6c0 unknown :-1 s=STATE_CONNECTING_RE l=1).process reconnect failed to v2:172.21.15.37:6800/2601148313
2024-09-19T06:32:58.014 INFO:teuthology.orchestra.run.smithi037.stdout:/usr/bin/ceph: stderr
2024-09-19T06:32:53.608+0000 7f3e9983d640 1 --2- 172.21.15.37:0/426477340 >> [v2:172.21.15.37:6800/2601148313,v1:172.21.15.37:6801/2601148313] conn(0x7f3e80039200 0x7f3e8003b6c0 unknown :-1 s=START_CONNECT pgs=0 cs=0 l=1 rev1=0 crypto rx=0 tx=0 comp rx=0 tx=0)._fault waiting 0.400000
2024-09-19T06:32:58.014 INFO:teuthology.orchestra.run.smithi037.stdout:/usr/bin/ceph: stderr
2024-09-19T06:32:54.009+0000 7f3e9983d640 1 -- 172.21.15.37:0/426477340 >> [v2:172.21.15.37:6800/2601148313,v1:172.21.15.37:6801/2601148313] conn(0x7f3e80039200 msgr2=0x7f3e8003b6c0 unknown :-1 s=STATE_CONNECTING_RE l=1).process reconnect failed to v2:172.21.15.37:6800/2601148313
2024-09-19T06:32:58.014 INFO:teuthology.orchestra.run.smithi037.stdout:/usr/bin/ceph: stderr
2024-09-19T06:32:54.009+0000 7f3e9983d640 1 --2- 172.21.15.37:0/426477340 >> [v2:172.21.15.37:6800/2601148313,v1:172.21.15.37:6801/2601148313] conn(0x7f3e80039200 0x7f3e8003b6c0 unknown :-1 s=START_CONNECT pgs=0 cs=0 l=1 rev1=0 crypto rx=0 tx=0 comp rx=0 tx=0)._fault waiting 0.800000
2024-09-19T06:32:58.014 INFO:teuthology.orchestra.run.smithi037.stdout:/usr/bin/ceph: stderr
2024-09-19T06:32:54.810+0000 7f3e9983d640 1 -- 172.21.15.37:0/426477340 >> [v2:172.21.15.37:6800/2601148313,v1:172.21.15.37:6801/2601148313] conn(0x7f3e80039200 msgr2=0x7f3e8003b6c0 unknown :-1 s=STATE_CONNECTING_RE l=1).process reconnect failed to v2:172.21.15.37:6800/2601148313
2024-09-19T06:32:58.014 INFO:teuthology.orchestra.run.smithi037.stdout:/usr/bin/ceph: stderr
2024-09-19T06:32:54.810+0000 7f3e9983d640 1 --2- 172.21.15.37:0/426477340 >> [v2:172.21.15.37:6800/2601148313,v1:172.21.15.37:6801/2601148313] conn(0x7f3e80039200 0x7f3e8003b6c0 unknown :-1 s=START_CONNECT pgs=0 cs=0 l=1 rev1=0 crypto rx=0 tx=0 comp rx=0 tx=0)._fault waiting 1.600000
2024-09-19T06:32:58.015 INFO:teuthology.orchestra.run.smithi037.stdout:/usr/bin/ceph: stderr
2024-09-19T06:32:56.110+0000 7f3e8b7fe640 1 -- 172.21.15.37:0/426477340 <== mon.0 v2:172.21.15.37:3300/0 6 ==== mgrmap(e 10) ==== 46241+0+0 (secure 0 0 0) 0x7f3e9006b220 con 0x7f3e94106640
2024-09-19T06:32:58.015 INFO:teuthology.orchestra.run.smithi037.stdout:/usr/bin/ceph: stderr
2024-09-19T06:32:56.110+0000 7f3e8b7fe640 1 -- 172.21.15.37:0/426477340 >> [v2:172.21.15.37:6800/2601148313,v1:172.21.15.37:6801/2601148313] conn(0x7f3e80039200 msgr2=0x7f3e8003b6c0 unknown :-1 s=STATE_CONNECTING l=1).mark_down
2024-09-19T06:32:58.015 INFO:teuthology.orchestra.run.smithi037.stdout:/usr/bin/ceph: stderr
2024-09-19T06:32:56.110+0000 7f3e8b7fe640 1 --2- 172.21.15.37:0/426477340 >> [v2:172.21.15.37:6800/2601148313,v1:172.21.15.37:6801/2601148313] conn(0x7f3e80039200 0x7f3e8003b6c0 unknown :-1 s=START_CONNECT pgs=0 cs=0 l=1 rev1=0 crypto rx=0 tx=0 comp rx=0 tx=0).stop
2024-09-19T06:32:58.015 INFO:teuthology.orchestra.run.smithi037.stdout:/usr/bin/ceph: stderr
2024-09-19T06:32:57.112+0000 7f3e8b7fe640 1 -- 172.21.15.37:0/426477340 <== mon.0 v2:172.21.15.37:3300/0 7 ==== mgrmap(e 11) ==== 46368+0+0 (secure 0 0 0) 0x7f3e90044400 con 0x7f3e94106640
2024-09-19T06:32:58.015 INFO:teuthology.orchestra.run.smithi037.stdout:/usr/bin/ceph: stderr
2024-09-19T06:32:57.112+0000 7f3e8b7fe640 1 --2- 172.21.15.37:0/426477340 >> [v2:172.21.15.37:6800/871019432,v1:172.21.15.37:6801/871019432] conn(0x7f3e8003cad0 0x7f3e8003eec0 unknown :-1 s=NONE pgs=0 cs=0 l=1 rev1=0 crypto rx=0 tx=0 comp rx=0 tx=0).connect
2024-09-19T06:32:58.015 INFO:teuthology.orchestra.run.smithi037.stdout:/usr/bin/ceph: stderr
2024-09-19T06:32:57.112+0000 7f3e8b7fe640 1 -- 172.21.15.37:0/426477340 --> [v2:172.21.15.37:6800/871019432,v1:172.21.15.37:6801/871019432] -- command(tid 0: {"prefix": "get_command_descriptions"}) -- 0x7f3e9002fec0 con 0x7f3e8003cad0
2024-09-19T06:32:58.015 INFO:teuthology.orchestra.run.smithi037.stdout:/usr/bin/ceph: stderr
2024-09-19T06:32:57.113+0000 7f3e9983d640 1 --2- 172.21.15.37:0/426477340 >> [v2:172.21.15.37:6800/871019432,v1:172.21.15.37:6801/871019432] conn(0x7f3e8003cad0 0x7f3e8003eec0 unknown :-1 s=BANNER_CONNECTING pgs=0 cs=0 l=1 rev1=0 crypto rx=0 tx=0 comp rx=0 tx=0)._handle_peer_banner_payload supported=3 required=0
2024-09-19T06:32:58.015 INFO:teuthology.orchestra.run.smithi037.stdout:/usr/bin/ceph: stderr
2024-09-19T06:32:57.113+0000 7f3e9983d640 1 --2- 172.21.15.37:0/426477340 >> [v2:172.21.15.37:6800/871019432,v1:172.21.15.37:6801/871019432] conn(0x7f3e8003cad0 0x7f3e8003eec0 secure :-1 s=READY pgs=2 cs=0 l=1 rev1=1 crypto rx=0x7f3e84003980 tx=0x7f3e84006e10 comp rx=0 tx=0).ready entity=mgr.14150 client_cookie=0 server_cookie=0 in_seq=0 out_seq=0
2024-09-19T06:32:58.015 INFO:teuthology.orchestra.run.smithi037.stdout:/usr/bin/ceph: stderr
2024-09-19T06:32:57.114+0000 7f3e8b7fe640 1 -- 172.21.15.37:0/426477340 <== mgr.14150 v2:172.21.15.37:6800/871019432 1 ==== command_reply(tid 0: 0 ) ==== 8+0+9564 (secure 0 0 0) 0x7f3e9002fec0 con 0x7f3e8003cad0
2024-09-19T06:32:58.015 INFO:teuthology.orchestra.run.smithi037.stdout:/usr/bin/ceph: stderr
2024-09-19T06:32:57.121+0000 7f3e9c2a2640 1 -- 172.21.15.37:0/426477340 --> [v2:172.21.15.37:6800/871019432,v1:172.21.15.37:6801/871019432] -- command(tid 1: {"prefix": "mgr_status"}) -- 0x7f3e9410ad20 con 0x7f3e8003cad0
2024-09-19T06:32:58.015 INFO:teuthology.orchestra.run.smithi037.stdout:/usr/bin/ceph: stderr
2024-09-19T06:32:57.121+0000 7f3e8b7fe640 1 -- 172.21.15.37:0/426477340 <== mgr.14150 v2:172.21.15.37:6800/871019432 2 ==== command_reply(tid 1: 0 ) ==== 8+0+52 (secure 0 0 0) 0x7f3e9410ad20 con 0x7f3e8003cad0
2024-09-19T06:32:58.015 INFO:teuthology.orchestra.run.smithi037.stdout:/usr/bin/ceph: stderr
2024-09-19T06:32:57.122+0000 7f3e9c2a2640 1 -- 172.21.15.37:0/426477340 >> [v2:172.21.15.37:6800/871019432,v1:172.21.15.37:6801/871019432] conn(0x7f3e8003cad0 msgr2=0x7f3e8003eec0 secure :-1 s=STATE_CONNECTION_ESTABLISHED l=1).mark_down
2024-09-19T06:32:58.015 INFO:teuthology.orchestra.run.smithi037.stdout:/usr/bin/ceph: stderr
2024-09-19T06:32:57.122+0000 7f3e9c2a2640 1 --2- 172.21.15.37:0/426477340 >> [v2:172.21.15.37:6800/871019432,v1:172.21.15.37:6801/871019432] conn(0x7f3e8003cad0 0x7f3e8003eec0 secure :-1 s=READY pgs=2 cs=0 l=1 rev1=1 crypto rx=0x7f3e84003980 tx=0x7f3e84006e10 comp rx=0 tx=0).stop
2024-09-19T06:32:58.016 INFO:teuthology.orchestra.run.smithi037.stdout:/usr/bin/ceph: stderr
2024-09-19T06:32:57.122+0000 7f3e9c2a2640 1 -- 172.21.15.37:0/426477340 >> [v2:172.21.15.37:3300/0,v1:172.21.15.37:6789/0] conn(0x7f3e94106640 msgr2=0x7f3e9419b850 secure :-1 s=STATE_CONNECTION_ESTABLISHED l=1).mark_down
2024-09-19T06:32:58.016 INFO:teuthology.orchestra.run.smithi037.stdout:/usr/bin/ceph: stderr
2024-09-19T06:32:57.122+0000 7f3e9c2a2640 1 --2- 172.21.15.37:0/426477340 >> [v2:172.21.15.37:3300/0,v1:172.21.15.37:6789/0] conn(0x7f3e94106640 0x7f3e9419b850 secure :-1 s=READY pgs=60 cs=0 l=1 rev1=1 crypto rx=0x7f3e900097f0 tx=0x7f3e900327b0 comp rx=0 tx=0).stop
2024-09-19T06:32:58.016 INFO:teuthology.orchestra.run.smithi037.stdout:/usr/bin/ceph: stderr
2024-09-19T06:32:57.122+0000 7f3e9c2a2640 1 -- 172.21.15.37:0/426477340 shutdown_connections
2024-09-19T06:32:58.016 INFO:teuthology.orchestra.run.smithi037.stdout:/usr/bin/ceph: stderr
2024-09-19T06:32:57.122+0000 7f3e9c2a2640 1 --2- 172.21.15.37:0/426477340 >> [v2:172.21.15.37:6800/871019432,v1:172.21.15.37:6801/871019432] conn(0x7f3e8003cad0 0x7f3e8003eec0 unknown :-1 s=CLOSED pgs=2 cs=0 l=1 rev1=1 crypto rx=0 tx=0 comp rx=0 tx=0).stop
2024-09-19T06:32:58.016 INFO:teuthology.orchestra.run.smithi037.stdout:/usr/bin/ceph: stderr
2024-09-19T06:32:57.122+0000 7f3e9c2a2640 1 --2- 172.21.15.37:0/426477340 >> [v2:172.21.15.37:6800/2601148313,v1:172.21.15.37:6801/2601148313] conn(0x7f3e80039200 0x7f3e8003b6c0 unknown :-1 s=CLOSED pgs=0 cs=0 l=1 rev1=0 crypto rx=0 tx=0 comp rx=0 tx=0).stop
2024-09-19T06:32:58.016 INFO:teuthology.orchestra.run.smithi037.stdout:/usr/bin/ceph: stderr
2024-09-19T06:32:57.122+0000 7f3e9c2a2640 1 --2- 172.21.15.37:0/426477340 >> [v2:172.21.15.37:3300/0,v1:172.21.15.37:6789/0] conn(0x7f3e94106640 0x7f3e9419b850 unknown :-1 s=CLOSED pgs=60 cs=0 l=1 rev1=1 crypto rx=0 tx=0 comp rx=0 tx=0).stop
2024-09-19T06:32:58.016 INFO:teuthology.orchestra.run.smithi037.stdout:/usr/bin/ceph: stderr
2024-09-19T06:32:57.122+0000 7f3e9c2a2640 1 -- 172.21.15.37:0/426477340 >> 172.21.15.37:0/426477340 conn(0x7f3e94101db0 msgr2=0x7f3e94102dd0 unknown :-1 s=STATE_NONE l=0).mark_down
2024-09-19T06:32:58.016 INFO:teuthology.orchestra.run.smithi037.stdout:/usr/bin/ceph: stderr
2024-09-19T06:32:57.122+0000 7f3e9c2a2640 1 -- 172.21.15.37:0/426477340 shutdown_connections
2024-09-19T06:32:58.016 INFO:teuthology.orchestra.run.smithi037.stdout:/usr/bin/ceph: stderr
2024-09-19T06:32:57.122+0000 7f3e9c2a2640 1 -- 172.21.15.37:0/426477340 wait complete.
2024-09-19T06:32:58.016 INFO:teuthology.orchestra.run.smithi037.stdout:mgr epoch 9 is available
2024-09-19T06:32:58.016 INFO:teuthology.orchestra.run.smithi037.stdout:Generating a dashboard self-signed certificate...
2024-09-19T06:32:58.275 INFO:journalctl@ceph.mon.a.smithi037.stdout:Sep 19 06:32:58 smithi037 ceph-mon[31211]: mgrmap e11: x(active, since 1.00654s)
2024-09-19T06:32:58.275 INFO:journalctl@ceph.mon.a.smithi037.stdout:Sep 19 06:32:58 smithi037 ceph-mon[31211]: from='mgr.14150 172.21.15.37:0/2524593483' entity='mgr.x'
2024-09-19T06:32:58.275 INFO:journalctl@ceph.mon.a.smithi037.stdout:Sep 19 06:32:58 smithi037 ceph-mon[31211]: [19/Sep/2024:06:32:57] ENGINE Bus STARTING
2024-09-19T06:32:58.275 INFO:journalctl@ceph.mgr.x.smithi037.stdout:Sep 19 06:32:58 smithi037 ceph-b715dee2-7650-11ef-bceb-c7b262605968-mgr-x[31435]:
2024-09-19T06:32:58.215+0000 7f0231352640 -1 log_channel(cephadm) log [ERR] : [19/Sep/2024:06:32:58] ENGINE Error in HTTPServer.serve
2024-09-19T06:32:58.276 INFO:journalctl@ceph.mgr.x.smithi037.stdout:Sep 19 06:32:58 smithi037 ceph-b715dee2-7650-11ef-bceb-c7b262605968-mgr-x[31435]: Traceback (most recent call last):
2024-09-19T06:32:58.276 INFO:journalctl@ceph.mgr.x.smithi037.stdout:Sep 19 06:32:58 smithi037 ceph-b715dee2-7650-11ef-bceb-c7b262605968-mgr-x[31435]: File "/lib/python3.9/site-packages/cheroot/server.py", line 1823, in serve
2024-09-19T06:32:58.276 INFO:journalctl@ceph.mgr.x.smithi037.stdout:Sep 19 06:32:58 smithi037 ceph-b715dee2-7650-11ef-bceb-c7b262605968-mgr-x[31435]: self._connections.run(self.expiration_interval)
2024-09-19T06:32:58.276 INFO:journalctl@ceph.mgr.x.smithi037.stdout:Sep 19 06:32:58 smithi037 ceph-b715dee2-7650-11ef-bceb-c7b262605968-mgr-x[31435]: File "/lib/python3.9/site-packages/cheroot/connections.py", line 203, in run
2024-09-19T06:32:58.276 INFO:journalctl@ceph.mgr.x.smithi037.stdout:Sep 19 06:32:58 smithi037 ceph-b715dee2-7650-11ef-bceb-c7b262605968-mgr-x[31435]: self._run(expiration_interval)
2024-09-19T06:32:58.276 INFO:journalctl@ceph.mgr.x.smithi037.stdout:Sep 19 06:32:58 smithi037 ceph-b715dee2-7650-11ef-bceb-c7b262605968-mgr-x[31435]: File "/lib/python3.9/site-packages/cheroot/connections.py", line 246, in _run
2024-09-19T06:32:58.276 INFO:journalctl@ceph.mgr.x.smithi037.stdout:Sep 19 06:32:58 smithi037 ceph-b715dee2-7650-11ef-bceb-c7b262605968-mgr-x[31435]: new_conn = self._from_server_socket(self.server.socket)
2024-09-19T06:32:58.276 INFO:journalctl@ceph.mgr.x.smithi037.stdout:Sep 19 06:32:58 smithi037 ceph-b715dee2-7650-11ef-bceb-c7b262605968-mgr-x[31435]: File "/lib/python3.9/site-packages/cheroot/connections.py", line 300, in _from_server_socket
2024-09-19T06:32:58.276 INFO:journalctl@ceph.mgr.x.smithi037.stdout:Sep 19 06:32:58 smithi037 ceph-b715dee2-7650-11ef-bceb-c7b262605968-mgr-x[31435]: s, ssl_env = self.server.ssl_adapter.wrap(s)
2024-09-19T06:32:58.276 INFO:journalctl@ceph.mgr.x.smithi037.stdout:Sep 19 06:32:58 smithi037 ceph-b715dee2-7650-11ef-bceb-c7b262605968-mgr-x[31435]: File "/lib/python3.9/site-packages/cheroot/ssl/builtin.py", line 277, in wrap
2024-09-19T06:32:58.276 INFO:journalctl@ceph.mgr.x.smithi037.stdout:Sep 19 06:32:58 smithi037 ceph-b715dee2-7650-11ef-bceb-c7b262605968-mgr-x[31435]: s = self.context.wrap_socket(
2024-09-19T06:32:58.277 INFO:journalctl@ceph.mgr.x.smithi037.stdout:Sep 19 06:32:58 smithi037 ceph-b715dee2-7650-11ef-bceb-c7b262605968-mgr-x[31435]: File "/lib64/python3.9/ssl.py", line 501, in wrap_socket
2024-09-19T06:32:58.277 INFO:journalctl@ceph.mgr.x.smithi037.stdout:Sep 19 06:32:58 smithi037 ceph-b715dee2-7650-11ef-bceb-c7b262605968-mgr-x[31435]: return self.sslsocket_class._create(
2024-09-19T06:32:58.277 INFO:journalctl@ceph.mgr.x.smithi037.stdout:Sep 19 06:32:58 smithi037 ceph-b715dee2-7650-11ef-bceb-c7b262605968-mgr-x[31435]: File "/lib64/python3.9/ssl.py", line 1074, in _create
2024-09-19T06:32:58.277 INFO:journalctl@ceph.mgr.x.smithi037.stdout:Sep 19 06:32:58 smithi037 ceph-b715dee2-7650-11ef-bceb-c7b262605968-mgr-x[31435]: self.do_handshake()
2024-09-19T06:32:58.277 INFO:journalctl@ceph.mgr.x.smithi037.stdout:Sep 19 06:32:58 smithi037 ceph-b715dee2-7650-11ef-bceb-c7b262605968-mgr-x[31435]: File "/lib64/python3.9/ssl.py", line 1343, in do_handshake
2024-09-19T06:32:58.277 INFO:journalctl@ceph.mgr.x.smithi037.stdout:Sep 19 06:32:58 smithi037 ceph-b715dee2-7650-11ef-bceb-c7b262605968-mgr-x[31435]: self._sslobj.do_handshake()
2024-09-19T06:32:58.277 INFO:journalctl@ceph.mgr.x.smithi037.stdout:Sep 19 06:32:58 smithi037 ceph-b715dee2-7650-11ef-bceb-c7b262605968-mgr-x[31435]: ssl.SSLZeroReturnError: TLS/SSL connection has been closed (EOF) (_ssl.c:1133)
2024-09-19T06:32:58.277 INFO:journalctl@ceph.mgr.x.smithi037.stdout:Sep 19 06:32:58 smithi037 ceph-b715dee2-7650-11ef-bceb-c7b262605968-mgr-x[31435]:
2024-09-19T06:32:59.494 INFO:journalctl@ceph.mon.a.smithi037.stdout:Sep 19 06:32:59 smithi037 ceph-mon[31211]: [19/Sep/2024:06:32:58] ENGINE Serving on http://172.21.15.37:8765
2024-09-19T06:32:59.494 INFO:journalctl@ceph.mon.a.smithi037.stdout:Sep 19 06:32:59 smithi037 ceph-mon[31211]: [19/Sep/2024:06:32:58] ENGINE Serving on https://172.21.15.37:7150
2024-09-19T06:32:59.494 INFO:journalctl@ceph.mon.a.smithi037.stdout:Sep 19 06:32:59 smithi037 ceph-mon[31211]: [19/Sep/2024:06:32:58] ENGINE Bus STARTED
2024-09-19T06:32:59.495 INFO:journalctl@ceph.mon.a.smithi037.stdout:Sep 19 06:32:59 smithi037 ceph-mon[31211]: [19/Sep/2024:06:32:58] ENGINE Error in HTTPServer.serve
2024-09-19T06:32:59.495 INFO:journalctl@ceph.mon.a.smithi037.stdout: Traceback (most recent call last):
2024-09-19T06:32:59.495 INFO:journalctl@ceph.mon.a.smithi037.stdout: File "/lib/python3.9/site-packages/cheroot/server.py", line 1823, in serve
2024-09-19T06:32:59.495 INFO:journalctl@ceph.mon.a.smithi037.stdout: self._connections.run(self.expiration_interval)
2024-09-19T06:32:59.495 INFO:journalctl@ceph.mon.a.smithi037.stdout: File "/lib/python3.9/site-packages/cheroot/connections.py", line 203, in run
2024-09-19T06:32:59.495 INFO:journalctl@ceph.mon.a.smithi037.stdout: self._run(expiration_interval)
2024-09-19T06:32:59.495 INFO:journalctl@ceph.mon.a.smithi037.stdout: File "/lib/python3.9/site-packages/cheroot/connections.py", line 246, in _run
2024-09-19T06:32:59.495 INFO:journalctl@ceph.mon.a.smithi037.stdout: new_conn = self._from_server_socket(self.server.socket)
2024-09-19T06:32:59.495 INFO:journalctl@ceph.mon.a.smithi037.stdout: File "/lib/python3.9/site-packages/cheroot/connections.py", line 300, in _from_server_socket
2024-09-19T06:32:59.495 INFO:journalctl@ceph.mon.a.smithi037.stdout: s, ssl_env = self.server.ssl_adapter.wrap(s)
2024-09-19T06:32:59.495 INFO:journalctl@ceph.mon.a.smithi037.stdout: File "/lib/python3.9/site-packages/cheroot/ssl/builtin.py", line 277, in wrap
2024-09-19T06:32:59.496 INFO:journalctl@ceph.mon.a.smithi037.stdout: s = self.context.wrap_socket(
2024-09-19T06:32:59.496 INFO:journalctl@ceph.mon.a.smithi037.stdout: File "/lib64/python3.9/ssl.py", line 501, in wrap_socket
2024-09-19T06:32:59.496 INFO:journalctl@ceph.mon.a.smithi037.stdout: return self.sslsocket_class._create(
2024-09-19T06:32:59.496 INFO:journalctl@ceph.mon.a.smithi037.stdout: File "/lib64/python3.9/ssl.py", line 1074, in _create
2024-09-19T06:32:59.496 INFO:journalctl@ceph.mon.a.smithi037.stdout: self.do_handshake()
2024-09-19T06:32:59.496 INFO:journalctl@ceph.mon.a.smithi037.stdout: File "/lib64/python3.9/ssl.py", line 1343, in do_handshake
2024-09-19T06:32:59.496 INFO:journalctl@ceph.mon.a.smithi037.stdout: self._sslobj.do_handshake()
2024-09-19T06:32:59.496 INFO:journalctl@ceph.mon.a.smithi037.stdout: ssl.SSLZeroReturnError: TLS/SSL connection has been closed (EOF) (_ssl.c:1133)
2024-09-19T06:32:59.496 INFO:journalctl@ceph.mon.a.smithi037.stdout:Sep 19 06:32:59 smithi037 ceph-mon[31211]: from='mgr.14150 172.21.15.37:0/2524593483' entity='mgr.x'
2024-09-19T06:32:59.496 INFO:journalctl@ceph.mon.a.smithi037.stdout:Sep 19 06:32:59 smithi037 ceph-mon[31211]: mgrmap e12: x(active, since 2s)
2024-09-19T06:32:59.496 INFO:journalctl@ceph.mon.a.smithi037.stdout:Sep 19 06:32:59 smithi037 ceph-mon[31211]: from='client.14162 -' entity='client.admin' cmd=[{"prefix": "dashboard create-self-signed-cert", "target": ["mon-mgr", ""]}]: dispatch
2024-09-19T06:32:59.496 INFO:journalctl@ceph.mon.a.smithi037.stdout:Sep 19 06:32:59 smithi037 ceph-mon[31211]: from='mgr.14150 172.21.15.37:0/2524593483' entity='mgr.x'
2024-09-19T06:32:59.496 INFO:journalctl@ceph.mon.a.smithi037.stdout:Sep 19 06:32:59 smithi037 ceph-mon[31211]: from='mgr.14150 172.21.15.37:0/2524593483' entity='mgr.x'
2024-09-19T06:32:59.502 INFO:teuthology.orchestra.run.smithi037.stdout:/usr/bin/ceph: stdout Self-signed certificate created
2024-09-19T06:32:59.502 INFO:teuthology.orchestra.run.smithi037.stdout:/usr/bin/ceph: stderr
2024-09-19T06:32:58.456+0000 7fb9960e7640 1 Processor -- start
2024-09-19T06:32:59.502 INFO:teuthology.orchestra.run.smithi037.stdout:/usr/bin/ceph: stderr
2024-09-19T06:32:58.456+0000 7fb9960e7640 1 -- start start
2024-09-19T06:32:59.502 INFO:teuthology.orchestra.run.smithi037.stdout:/usr/bin/ceph: stderr
2024-09-19T06:32:58.457+0000 7fb9960e7640 1 --2- >> [v2:172.21.15.37:3300/0,v1:172.21.15.37:6789/0] conn(0x7fb9901081b0 0x7fb99010a5a0 unknown :-1 s=NONE pgs=0 cs=0 l=0 rev1=0 crypto rx=0 tx=0 comp rx=0 tx=0).connect
2024-09-19T06:32:59.502 INFO:teuthology.orchestra.run.smithi037.stdout:/usr/bin/ceph: stderr
2024-09-19T06:32:58.457+0000 7fb9960e7640 1 -- --> [v2:172.21.15.37:3300/0,v1:172.21.15.37:6789/0] -- mon_getmap magic: 0 -- 0x7fb99007be30 con 0x7fb9901081b0
2024-09-19T06:32:59.502 INFO:teuthology.orchestra.run.smithi037.stdout:/usr/bin/ceph: stderr
2024-09-19T06:32:58.457+0000 7fb98f7fe640 1 --2- >> [v2:172.21.15.37:3300/0,v1:172.21.15.37:6789/0] conn(0x7fb9901081b0 0x7fb99010a5a0 unknown :-1 s=BANNER_CONNECTING pgs=0 cs=0 l=0 rev1=0 crypto rx=0 tx=0 comp rx=0 tx=0)._handle_peer_banner_payload supported=3 required=0
2024-09-19T06:32:59.502 INFO:teuthology.orchestra.run.smithi037.stdout:/usr/bin/ceph: stderr
2024-09-19T06:32:58.457+0000 7fb98f7fe640 1 --2- >> [v2:172.21.15.37:3300/0,v1:172.21.15.37:6789/0] conn(0x7fb9901081b0 0x7fb99010a5a0 unknown :-1 s=HELLO_CONNECTING pgs=0 cs=0 l=0 rev1=1 crypto rx=0 tx=0 comp rx=0 tx=0).handle_hello peer v2:172.21.15.37:3300/0 says I am v2:172.21.15.37:46566/0 (socket says 172.21.15.37:46566)
2024-09-19T06:32:59.503 INFO:teuthology.orchestra.run.smithi037.stdout:/usr/bin/ceph: stderr
2024-09-19T06:32:58.457+0000 7fb98f7fe640 1 -- 172.21.15.37:0/1806846911 learned_addr learned my addr 172.21.15.37:0/1806846911 (peer_addr_for_me v2:172.21.15.37:0/0)
2024-09-19T06:32:59.503 INFO:teuthology.orchestra.run.smithi037.stdout:/usr/bin/ceph: stderr
2024-09-19T06:32:58.457+0000 7fb98f7fe640 1 -- 172.21.15.37:0/1806846911 --> [v2:172.21.15.37:3300/0,v1:172.21.15.37:6789/0] -- mon_subscribe({config=0+,monmap=0+}) -- 0x7fb99010aae0 con 0x7fb9901081b0
2024-09-19T06:32:59.503 INFO:teuthology.orchestra.run.smithi037.stdout:/usr/bin/ceph: stderr
2024-09-19T06:32:58.458+0000 7fb98f7fe640 1 --2- 172.21.15.37:0/1806846911 >> [v2:172.21.15.37:3300/0,v1:172.21.15.37:6789/0] conn(0x7fb9901081b0 0x7fb99010a5a0 secure :-1 s=READY pgs=68 cs=0 l=1 rev1=1 crypto rx=0x7fb980009820 tx=0x7fb98002a270 comp rx=0 tx=0).ready entity=mon.0 client_cookie=ac342785774f7aeb server_cookie=0 in_seq=0 out_seq=0
2024-09-19T06:32:59.503 INFO:teuthology.orchestra.run.smithi037.stdout:/usr/bin/ceph: stderr
2024-09-19T06:32:58.458+0000 7fb98e7fc640 1 -- 172.21.15.37:0/1806846911 <== mon.0 v2:172.21.15.37:3300/0 1 ==== mon_map magic: 0 ==== 205+0+0 (secure 0 0 0) 0x7fb980037070 con 0x7fb9901081b0
2024-09-19T06:32:59.503 INFO:teuthology.orchestra.run.smithi037.stdout:/usr/bin/ceph: stderr
2024-09-19T06:32:58.458+0000 7fb98e7fc640 1 -- 172.21.15.37:0/1806846911 <== mon.0 v2:172.21.15.37:3300/0 2 ==== config(27 keys) ==== 1140+0+0 (secure 0 0 0) 0x7fb980032920 con 0x7fb9901081b0
2024-09-19T06:32:59.503 INFO:teuthology.orchestra.run.smithi037.stdout:/usr/bin/ceph: stderr
2024-09-19T06:32:58.458+0000 7fb98e7fc640 1 -- 172.21.15.37:0/1806846911 <== mon.0 v2:172.21.15.37:3300/0 3 ==== mon_map magic: 0 ==== 205+0+0 (secure 0 0 0) 0x7fb980030810 con 0x7fb9901081b0
2024-09-19T06:32:59.503 INFO:teuthology.orchestra.run.smithi037.stdout:/usr/bin/ceph: stderr
2024-09-19T06:32:58.459+0000 7fb9960e7640 1 -- 172.21.15.37:0/1806846911 >> [v2:172.21.15.37:3300/0,v1:172.21.15.37:6789/0] conn(0x7fb9901081b0 msgr2=0x7fb99010a5a0 secure :-1 s=STATE_CONNECTION_ESTABLISHED l=1).mark_down
2024-09-19T06:32:59.503 INFO:teuthology.orchestra.run.smithi037.stdout:/usr/bin/ceph: stderr
2024-09-19T06:32:58.459+0000 7fb9960e7640 1 --2- 172.21.15.37:0/1806846911 >> [v2:172.21.15.37:3300/0,v1:172.21.15.37:6789/0] conn(0x7fb9901081b0 0x7fb99010a5a0 secure :-1 s=READY pgs=68 cs=0 l=1 rev1=1 crypto rx=0x7fb980009820 tx=0x7fb98002a270 comp rx=0 tx=0).stop
2024-09-19T06:32:59.503 INFO:teuthology.orchestra.run.smithi037.stdout:/usr/bin/ceph: stderr
2024-09-19T06:32:58.459+0000 7fb9960e7640 1 -- 172.21.15.37:0/1806846911 shutdown_connections
2024-09-19T06:32:59.503 INFO:teuthology.orchestra.run.smithi037.stdout:/usr/bin/ceph: stderr
2024-09-19T06:32:58.459+0000 7fb9960e7640 1 --2- 172.21.15.37:0/1806846911 >> [v2:172.21.15.37:3300/0,v1:172.21.15.37:6789/0] conn(0x7fb9901081b0 0x7fb99010a5a0 unknown :-1 s=CLOSED pgs=68 cs=0 l=1 rev1=1 crypto rx=0 tx=0 comp rx=0 tx=0).stop
2024-09-19T06:32:59.503 INFO:teuthology.orchestra.run.smithi037.stdout:/usr/bin/ceph: stderr
2024-09-19T06:32:58.459+0000 7fb9960e7640 1 -- 172.21.15.37:0/1806846911 >> 172.21.15.37:0/1806846911 conn(0x7fb990101db0 msgr2=0x7fb990104210 unknown :-1 s=STATE_NONE l=0).mark_down
2024-09-19T06:32:59.503 INFO:teuthology.orchestra.run.smithi037.stdout:/usr/bin/ceph: stderr
2024-09-19T06:32:58.459+0000 7fb9960e7640 1 -- 172.21.15.37:0/1806846911 shutdown_connections
2024-09-19T06:32:59.503 INFO:teuthology.orchestra.run.smithi037.stdout:/usr/bin/ceph: stderr
2024-09-19T06:32:58.459+0000 7fb9960e7640 1 -- 172.21.15.37:0/1806846911 wait complete.
2024-09-19T06:32:59.503 INFO:teuthology.orchestra.run.smithi037.stdout:/usr/bin/ceph: stderr
2024-09-19T06:32:58.460+0000 7fb9960e7640 1 Processor -- start
2024-09-19T06:32:59.504 INFO:teuthology.orchestra.run.smithi037.stdout:/usr/bin/ceph: stderr
2024-09-19T06:32:58.460+0000 7fb9960e7640 1 -- start start
2024-09-19T06:32:59.504 INFO:teuthology.orchestra.run.smithi037.stdout:/usr/bin/ceph: stderr
2024-09-19T06:32:58.460+0000 7fb9960e7640 1 --2- >> [v2:172.21.15.37:3300/0,v1:172.21.15.37:6789/0] conn(0x7fb9901081b0 0x7fb99019b770 unknown :-1 s=NONE pgs=0 cs=0 l=1 rev1=0 crypto rx=0 tx=0 comp rx=0 tx=0).connect
2024-09-19T06:32:59.504 INFO:teuthology.orchestra.run.smithi037.stdout:/usr/bin/ceph: stderr
2024-09-19T06:32:58.460+0000 7fb9960e7640 1 -- --> [v2:172.21.15.37:3300/0,v1:172.21.15.37:6789/0] -- mon_getmap magic: 0 -- 0x7fb99010bb60 con 0x7fb9901081b0
2024-09-19T06:32:59.504 INFO:teuthology.orchestra.run.smithi037.stdout:/usr/bin/ceph: stderr
2024-09-19T06:32:58.461+0000 7fb98f7fe640 1 --2- >> [v2:172.21.15.37:3300/0,v1:172.21.15.37:6789/0] conn(0x7fb9901081b0 0x7fb99019b770 unknown :-1 s=BANNER_CONNECTING pgs=0 cs=0 l=1 rev1=0 crypto rx=0 tx=0 comp rx=0 tx=0)._handle_peer_banner_payload supported=3 required=0
2024-09-19T06:32:59.504 INFO:teuthology.orchestra.run.smithi037.stdout:/usr/bin/ceph: stderr
2024-09-19T06:32:58.461+0000 7fb98f7fe640 1 --2- >> [v2:172.21.15.37:3300/0,v1:172.21.15.37:6789/0] conn(0x7fb9901081b0 0x7fb99019b770 unknown :-1 s=HELLO_CONNECTING pgs=0 cs=0 l=1 rev1=1 crypto rx=0 tx=0 comp rx=0 tx=0).handle_hello peer v2:172.21.15.37:3300/0 says I am v2:172.21.15.37:46582/0 (socket says 172.21.15.37:46582)
2024-09-19T06:32:59.504 INFO:teuthology.orchestra.run.smithi037.stdout:/usr/bin/ceph: stderr
2024-09-19T06:32:58.461+0000 7fb98f7fe640 1 -- 172.21.15.37:0/3789838374 learned_addr learned my addr 172.21.15.37:0/3789838374 (peer_addr_for_me v2:172.21.15.37:0/0)
2024-09-19T06:32:59.504 INFO:teuthology.orchestra.run.smithi037.stdout:/usr/bin/ceph: stderr
2024-09-19T06:32:58.461+0000 7fb98f7fe640 1 -- 172.21.15.37:0/3789838374 --> [v2:172.21.15.37:3300/0,v1:172.21.15.37:6789/0] -- mon_subscribe({config=0+,monmap=0+}) -- 0x7fb99019bcb0 con 0x7fb9901081b0
2024-09-19T06:32:59.504 INFO:teuthology.orchestra.run.smithi037.stdout:/usr/bin/ceph: stderr
2024-09-19T06:32:58.461+0000 7fb98f7fe640 1 --2- 172.21.15.37:0/3789838374 >> [v2:172.21.15.37:3300/0,v1:172.21.15.37:6789/0] conn(0x7fb9901081b0 0x7fb99019b770 secure :-1 s=READY pgs=69 cs=0 l=1 rev1=1 crypto rx=0x7fb980030420 tx=0x7fb980032670 comp rx=0 tx=0).ready entity=mon.0 client_cookie=0 server_cookie=0 in_seq=0 out_seq=0
