2024-09-19T06:38:14.961 INFO:journalctl@ceph.mgr.x.smithi159.stdout:Sep 19 06:38:14 smithi159 ceph-82c73dba-7651-11ef-bceb-c7b262605968-mgr-x[31164]: Your identification has been saved in /tmp/tmp9qwtynje/key
2024-09-19T06:38:14.961 INFO:journalctl@ceph.mgr.x.smithi159.stdout:Sep 19 06:38:14 smithi159 ceph-82c73dba-7651-11ef-bceb-c7b262605968-mgr-x[31164]: Your public key has been saved in /tmp/tmp9qwtynje/key.pub
2024-09-19T06:38:14.961 INFO:journalctl@ceph.mgr.x.smithi159.stdout:Sep 19 06:38:14 smithi159 ceph-82c73dba-7651-11ef-bceb-c7b262605968-mgr-x[31164]: The key fingerprint is:
2024-09-19T06:38:14.961 INFO:journalctl@ceph.mgr.x.smithi159.stdout:Sep 19 06:38:14 smithi159 ceph-82c73dba-7651-11ef-bceb-c7b262605968-mgr-x[31164]: SHA256:UaUUCQOsswdEAquVWNAncbSuNmbKRA/yNkEZlM4umcU ceph-82c73dba-7651-11ef-bceb-c7b262605968
2024-09-19T06:38:14.961 INFO:journalctl@ceph.mgr.x.smithi159.stdout:Sep 19 06:38:14 smithi159 ceph-82c73dba-7651-11ef-bceb-c7b262605968-mgr-x[31164]: The key's randomart image is:
2024-09-19T06:38:14.961 INFO:journalctl@ceph.mgr.x.smithi159.stdout:Sep 19 06:38:14 smithi159 ceph-82c73dba-7651-11ef-bceb-c7b262605968-mgr-x[31164]: +---[RSA 3072]----+
2024-09-19T06:38:14.961 INFO:journalctl@ceph.mgr.x.smithi159.stdout:Sep 19 06:38:14 smithi159 ceph-82c73dba-7651-11ef-bceb-c7b262605968-mgr-x[31164]: |o=*=+...o.++. |
2024-09-19T06:38:14.961 INFO:journalctl@ceph.mgr.x.smithi159.stdout:Sep 19 06:38:14 smithi159 ceph-82c73dba-7651-11ef-bceb-c7b262605968-mgr-x[31164]: | ++*o.. +.. |
2024-09-19T06:38:14.961 INFO:journalctl@ceph.mgr.x.smithi159.stdout:Sep 19 06:38:14 smithi159 ceph-82c73dba-7651-11ef-bceb-c7b262605968-mgr-x[31164]: |o+=+.. . . |
2024-09-19T06:38:14.961 INFO:journalctl@ceph.mgr.x.smithi159.stdout:Sep 19 06:38:14 smithi159 ceph-82c73dba-7651-11ef-bceb-c7b262605968-mgr-x[31164]: |.oE.+ . |
2024-09-19T06:38:14.961 INFO:journalctl@ceph.mgr.x.smithi159.stdout:Sep 19 06:38:14 smithi159 ceph-82c73dba-7651-11ef-bceb-c7b262605968-mgr-x[31164]: |oB. .+ S |
2024-09-19T06:38:14.961 INFO:journalctl@ceph.mgr.x.smithi159.stdout:Sep 19 06:38:14 smithi159 ceph-82c73dba-7651-11ef-bceb-c7b262605968-mgr-x[31164]: |*.+o. . |
2024-09-19T06:38:14.961 INFO:journalctl@ceph.mgr.x.smithi159.stdout:Sep 19 06:38:14 smithi159 ceph-82c73dba-7651-11ef-bceb-c7b262605968-mgr-x[31164]: | oX. . |
2024-09-19T06:38:14.962 INFO:journalctl@ceph.mgr.x.smithi159.stdout:Sep 19 06:38:14 smithi159 ceph-82c73dba-7651-11ef-bceb-c7b262605968-mgr-x[31164]: |o* o |
2024-09-19T06:38:14.962 INFO:journalctl@ceph.mgr.x.smithi159.stdout:Sep 19 06:38:14 smithi159 ceph-82c73dba-7651-11ef-bceb-c7b262605968-mgr-x[31164]: |.. |
2024-09-19T06:38:14.962 INFO:journalctl@ceph.mgr.x.smithi159.stdout:Sep 19 06:38:14 smithi159 ceph-82c73dba-7651-11ef-bceb-c7b262605968-mgr-x[31164]: +----[SHA256]-----+
2024-09-19T06:38:15.210 INFO:teuthology.orchestra.run.smithi159.stdout:/usr/bin/ceph: stderr
2024-09-19T06:38:14.406+0000 7fe9adebc640 1 Processor -- start
2024-09-19T06:38:15.210 INFO:teuthology.orchestra.run.smithi159.stdout:/usr/bin/ceph: stderr
2024-09-19T06:38:14.406+0000 7fe9adebc640 1 -- start start
2024-09-19T06:38:15.210 INFO:teuthology.orchestra.run.smithi159.stdout:/usr/bin/ceph: stderr
2024-09-19T06:38:14.406+0000 7fe9adebc640 1 --2- >> [v2:172.21.15.159:3300/0,v1:172.21.15.159:6789/0] conn(0x7fe9a8106510 0x7fe9a8106910 unknown :-1 s=NONE pgs=0 cs=0 l=0 rev1=0 crypto rx=0 tx=0 comp rx=0 tx=0).connect
2024-09-19T06:38:15.210 INFO:teuthology.orchestra.run.smithi159.stdout:/usr/bin/ceph: stderr
2024-09-19T06:38:14.406+0000 7fe9adebc640 1 -- --> [v2:172.21.15.159:3300/0,v1:172.21.15.159:6789/0] -- mon_getmap magic: 0 -- 0x7fe9a8106ee0 con 0x7fe9a8106510
2024-09-19T06:38:15.210 INFO:teuthology.orchestra.run.smithi159.stdout:/usr/bin/ceph: stderr
2024-09-19T06:38:14.406+0000 7fe9a77fe640 1 --2- >> [v2:172.21.15.159:3300/0,v1:172.21.15.159:6789/0] conn(0x7fe9a8106510 0x7fe9a8106910 unknown :-1 s=BANNER_CONNECTING pgs=0 cs=0 l=0 rev1=0 crypto rx=0 tx=0 comp rx=0 tx=0)._handle_peer_banner_payload supported=3 required=0
2024-09-19T06:38:15.210 INFO:teuthology.orchestra.run.smithi159.stdout:/usr/bin/ceph: stderr
2024-09-19T06:38:14.406+0000 7fe9a77fe640 1 --2- >> [v2:172.21.15.159:3300/0,v1:172.21.15.159:6789/0] conn(0x7fe9a8106510 0x7fe9a8106910 unknown :-1 s=HELLO_CONNECTING pgs=0 cs=0 l=0 rev1=1 crypto rx=0 tx=0 comp rx=0 tx=0).handle_hello peer v2:172.21.15.159:3300/0 says I am v2:172.21.15.159:40484/0 (socket says 172.21.15.159:40484)
2024-09-19T06:38:15.211 INFO:teuthology.orchestra.run.smithi159.stdout:/usr/bin/ceph: stderr
2024-09-19T06:38:14.406+0000 7fe9a77fe640 1 -- 172.21.15.159:0/3144587679 learned_addr learned my addr 172.21.15.159:0/3144587679 (peer_addr_for_me v2:172.21.15.159:0/0)
2024-09-19T06:38:15.211 INFO:teuthology.orchestra.run.smithi159.stdout:/usr/bin/ceph: stderr
2024-09-19T06:38:14.407+0000 7fe9a77fe640 1 -- 172.21.15.159:0/3144587679 --> [v2:172.21.15.159:3300/0,v1:172.21.15.159:6789/0] -- mon_subscribe({config=0+,monmap=0+}) -- 0x7fe9a81076c0 con 0x7fe9a8106510
2024-09-19T06:38:15.211 INFO:teuthology.orchestra.run.smithi159.stdout:/usr/bin/ceph: stderr
2024-09-19T06:38:14.407+0000 7fe9a77fe640 1 --2- 172.21.15.159:0/3144587679 >> [v2:172.21.15.159:3300/0,v1:172.21.15.159:6789/0] conn(0x7fe9a8106510 0x7fe9a8106910 secure :-1 s=READY pgs=39 cs=0 l=1 rev1=1 crypto rx=0x7fe998009820 tx=0x7fe99802a270 comp rx=0 tx=0).ready entity=mon.0 client_cookie=fc7d4045941c3b5d server_cookie=0 in_seq=0 out_seq=0
2024-09-19T06:38:15.211 INFO:teuthology.orchestra.run.smithi159.stdout:/usr/bin/ceph: stderr
2024-09-19T06:38:14.407+0000 7fe9a6ffd640 1 -- 172.21.15.159:0/3144587679 <== mon.0 v2:172.21.15.159:3300/0 1 ==== mon_map magic: 0 ==== 205+0+0 (secure 0 0 0) 0x7fe998037070 con 0x7fe9a8106510
2024-09-19T06:38:15.211 INFO:teuthology.orchestra.run.smithi159.stdout:/usr/bin/ceph: stderr
2024-09-19T06:38:14.407+0000 7fe9a6ffd640 1 -- 172.21.15.159:0/3144587679 <== mon.0 v2:172.21.15.159:3300/0 2 ==== config(27 keys) ==== 1109+0+0 (secure 0 0 0) 0x7fe998032900 con 0x7fe9a8106510
2024-09-19T06:38:15.211 INFO:teuthology.orchestra.run.smithi159.stdout:/usr/bin/ceph: stderr
2024-09-19T06:38:14.407+0000 7fe9a6ffd640 1 -- 172.21.15.159:0/3144587679 <== mon.0 v2:172.21.15.159:3300/0 3 ==== mon_map magic: 0 ==== 205+0+0 (secure 0 0 0) 0x7fe998030850 con 0x7fe9a8106510
2024-09-19T06:38:15.211 INFO:teuthology.orchestra.run.smithi159.stdout:/usr/bin/ceph: stderr
2024-09-19T06:38:14.408+0000 7fe9adebc640 1 -- 172.21.15.159:0/3144587679 >> [v2:172.21.15.159:3300/0,v1:172.21.15.159:6789/0] conn(0x7fe9a8106510 msgr2=0x7fe9a8106910 secure :-1 s=STATE_CONNECTION_ESTABLISHED l=1).mark_down
2024-09-19T06:38:15.211 INFO:teuthology.orchestra.run.smithi159.stdout:/usr/bin/ceph: stderr
2024-09-19T06:38:14.408+0000 7fe9adebc640 1 --2- 172.21.15.159:0/3144587679 >> [v2:172.21.15.159:3300/0,v1:172.21.15.159:6789/0] conn(0x7fe9a8106510 0x7fe9a8106910 secure :-1 s=READY pgs=39 cs=0 l=1 rev1=1 crypto rx=0x7fe998009820 tx=0x7fe99802a270 comp rx=0 tx=0).stop
2024-09-19T06:38:15.211 INFO:teuthology.orchestra.run.smithi159.stdout:/usr/bin/ceph: stderr
2024-09-19T06:38:14.408+0000 7fe9adebc640 1 -- 172.21.15.159:0/3144587679 shutdown_connections
2024-09-19T06:38:15.211 INFO:teuthology.orchestra.run.smithi159.stdout:/usr/bin/ceph: stderr
2024-09-19T06:38:14.408+0000 7fe9adebc640 1 --2- 172.21.15.159:0/3144587679 >> [v2:172.21.15.159:3300/0,v1:172.21.15.159:6789/0] conn(0x7fe9a8106510 0x7fe9a8106910 unknown :-1 s=CLOSED pgs=39 cs=0 l=1 rev1=1 crypto rx=0 tx=0 comp rx=0 tx=0).stop
2024-09-19T06:38:15.211 INFO:teuthology.orchestra.run.smithi159.stdout:/usr/bin/ceph: stderr
2024-09-19T06:38:14.408+0000 7fe9adebc640 1 -- 172.21.15.159:0/3144587679 >> 172.21.15.159:0/3144587679 conn(0x7fe9a8101ca0 msgr2=0x7fe9a81040e0 unknown :-1 s=STATE_NONE l=0).mark_down
2024-09-19T06:38:15.211 INFO:teuthology.orchestra.run.smithi159.stdout:/usr/bin/ceph: stderr
2024-09-19T06:38:14.408+0000 7fe9adebc640 1 -- 172.21.15.159:0/3144587679 shutdown_connections
2024-09-19T06:38:15.211 INFO:teuthology.orchestra.run.smithi159.stdout:/usr/bin/ceph: stderr
2024-09-19T06:38:14.408+0000 7fe9adebc640 1 -- 172.21.15.159:0/3144587679 wait complete.
2024-09-19T06:38:15.211 INFO:teuthology.orchestra.run.smithi159.stdout:/usr/bin/ceph: stderr
2024-09-19T06:38:14.409+0000 7fe9adebc640 1 Processor -- start
2024-09-19T06:38:15.212 INFO:teuthology.orchestra.run.smithi159.stdout:/usr/bin/ceph: stderr
2024-09-19T06:38:14.409+0000 7fe9adebc640 1 -- start start
2024-09-19T06:38:15.212 INFO:teuthology.orchestra.run.smithi159.stdout:/usr/bin/ceph: stderr
2024-09-19T06:38:14.409+0000 7fe9adebc640 1 --2- >> [v2:172.21.15.159:3300/0,v1:172.21.15.159:6789/0] conn(0x7fe9a8106510 0x7fe9a807ba20 unknown :-1 s=NONE pgs=0 cs=0 l=1 rev1=0 crypto rx=0 tx=0 comp rx=0 tx=0).connect
2024-09-19T06:38:15.212 INFO:teuthology.orchestra.run.smithi159.stdout:/usr/bin/ceph: stderr
2024-09-19T06:38:14.409+0000 7fe9adebc640 1 -- --> [v2:172.21.15.159:3300/0,v1:172.21.15.159:6789/0] -- mon_getmap magic: 0 -- 0x7fe9a810aa70 con 0x7fe9a8106510
2024-09-19T06:38:15.212 INFO:teuthology.orchestra.run.smithi159.stdout:/usr/bin/ceph: stderr
2024-09-19T06:38:14.409+0000 7fe9a77fe640 1 --2- >> [v2:172.21.15.159:3300/0,v1:172.21.15.159:6789/0] conn(0x7fe9a8106510 0x7fe9a807ba20 unknown :-1 s=BANNER_CONNECTING pgs=0 cs=0 l=1 rev1=0 crypto rx=0 tx=0 comp rx=0 tx=0)._handle_peer_banner_payload supported=3 required=0
2024-09-19T06:38:15.212 INFO:teuthology.orchestra.run.smithi159.stdout:/usr/bin/ceph: stderr
2024-09-19T06:38:14.409+0000 7fe9a77fe640 1 --2- >> [v2:172.21.15.159:3300/0,v1:172.21.15.159:6789/0] conn(0x7fe9a8106510 0x7fe9a807ba20 unknown :-1 s=HELLO_CONNECTING pgs=0 cs=0 l=1 rev1=1 crypto rx=0 tx=0 comp rx=0 tx=0).handle_hello peer v2:172.21.15.159:3300/0 says I am v2:172.21.15.159:40486/0 (socket says 172.21.15.159:40486)
2024-09-19T06:38:15.212 INFO:teuthology.orchestra.run.smithi159.stdout:/usr/bin/ceph: stderr
2024-09-19T06:38:14.409+0000 7fe9a77fe640 1 -- 172.21.15.159:0/4172288995 learned_addr learned my addr 172.21.15.159:0/4172288995 (peer_addr_for_me v2:172.21.15.159:0/0)
2024-09-19T06:38:15.212 INFO:teuthology.orchestra.run.smithi159.stdout:/usr/bin/ceph: stderr
2024-09-19T06:38:14.409+0000 7fe9a77fe640 1 -- 172.21.15.159:0/4172288995 --> [v2:172.21.15.159:3300/0,v1:172.21.15.159:6789/0] -- mon_subscribe({config=0+,monmap=0+}) -- 0x7fe9a819e3b0 con 0x7fe9a8106510
2024-09-19T06:38:15.212 INFO:teuthology.orchestra.run.smithi159.stdout:/usr/bin/ceph: stderr
2024-09-19T06:38:14.409+0000 7fe9a77fe640 1 --2- 172.21.15.159:0/4172288995 >> [v2:172.21.15.159:3300/0,v1:172.21.15.159:6789/0] conn(0x7fe9a8106510 0x7fe9a807ba20 secure :-1 s=READY pgs=40 cs=0 l=1 rev1=1 crypto rx=0x7fe9980097f0 tx=0x7fe998030ec0 comp rx=0 tx=0).ready entity=mon.0 client_cookie=0 server_cookie=0 in_seq=0 out_seq=0
2024-09-19T06:38:15.212 INFO:teuthology.orchestra.run.smithi159.stdout:/usr/bin/ceph: stderr
2024-09-19T06:38:14.410+0000 7fe9a57fa640 1 -- 172.21.15.159:0/4172288995 <== mon.0 v2:172.21.15.159:3300/0 1 ==== mon_map magic: 0 ==== 205+0+0 (secure 0 0 0) 0x7fe998042070 con 0x7fe9a8106510
2024-09-19T06:38:15.212 INFO:teuthology.orchestra.run.smithi159.stdout:/usr/bin/ceph: stderr
2024-09-19T06:38:14.410+0000 7fe9adebc640 1 -- 172.21.15.159:0/4172288995 --> [v2:172.21.15.159:3300/0,v1:172.21.15.159:6789/0] -- mon_subscribe({mgrmap=0+}) -- 0x7fe9a819e580 con 0x7fe9a8106510
2024-09-19T06:38:15.212 INFO:teuthology.orchestra.run.smithi159.stdout:/usr/bin/ceph: stderr
2024-09-19T06:38:14.410+0000 7fe9a57fa640 1 -- 172.21.15.159:0/4172288995 <== mon.0 v2:172.21.15.159:3300/0 2 ==== config(27 keys) ==== 1109+0+0 (secure 0 0 0) 0x7fe998032ca0 con 0x7fe9a8106510
2024-09-19T06:38:15.212 INFO:teuthology.orchestra.run.smithi159.stdout:/usr/bin/ceph: stderr
2024-09-19T06:38:14.410+0000 7fe9a57fa640 1 -- 172.21.15.159:0/4172288995 <== mon.0 v2:172.21.15.159:3300/0 3 ==== mon_map magic: 0 ==== 205+0+0 (secure 0 0 0) 0x7fe998037040 con 0x7fe9a8106510
2024-09-19T06:38:15.212 INFO:teuthology.orchestra.run.smithi159.stdout:/usr/bin/ceph: stderr
2024-09-19T06:38:14.410+0000 7fe9adebc640 1 -- 172.21.15.159:0/4172288995 --> [v2:172.21.15.159:3300/0,v1:172.21.15.159:6789/0] -- mon_subscribe({osdmap=0}) -- 0x7fe9a819e920 con 0x7fe9a8106510
2024-09-19T06:38:15.212 INFO:teuthology.orchestra.run.smithi159.stdout:/usr/bin/ceph: stderr
2024-09-19T06:38:14.410+0000 7fe9a57fa640 1 -- 172.21.15.159:0/4172288995 <== mon.0 v2:172.21.15.159:3300/0 4 ==== mgrmap(e 8) ==== 46461+0+0 (secure 0 0 0) 0x7fe998045070 con 0x7fe9a8106510
2024-09-19T06:38:15.212 INFO:teuthology.orchestra.run.smithi159.stdout:/usr/bin/ceph: stderr
2024-09-19T06:38:14.411+0000 7fe9adebc640 1 -- 172.21.15.159:0/4172288995 --> [v2:172.21.15.159:3300/0,v1:172.21.15.159:6789/0] -- mon_command({"prefix": "get_command_descriptions"} v 0) -- 0x7fe9a8106990 con 0x7fe9a8106510
2024-09-19T06:38:15.213 INFO:teuthology.orchestra.run.smithi159.stdout:/usr/bin/ceph: stderr
2024-09-19T06:38:14.411+0000 7fe9a57fa640 1 --2- 172.21.15.159:0/4172288995 >> [v2:172.21.15.159:6800/3687310237,v1:172.21.15.159:6801/3687310237] conn(0x7fe9940391b0 0x7fe99403b670 unknown :-1 s=NONE pgs=0 cs=0 l=1 rev1=0 crypto rx=0 tx=0 comp rx=0 tx=0).connect
2024-09-19T06:38:15.213 INFO:teuthology.orchestra.run.smithi159.stdout:/usr/bin/ceph: stderr
2024-09-19T06:38:14.411+0000 7fe9a57fa640 1 -- 172.21.15.159:0/4172288995 <== mon.0 v2:172.21.15.159:3300/0 5 ==== osd_map(2..2 src has 1..2) ==== 940+0+0 (secure 0 0 0) 0x7fe99806c2b0 con 0x7fe9a8106510
2024-09-19T06:38:15.213 INFO:teuthology.orchestra.run.smithi159.stdout:/usr/bin/ceph: stderr
2024-09-19T06:38:14.411+0000 7fe99ffff640 1 --2- 172.21.15.159:0/4172288995 >> [v2:172.21.15.159:6800/3687310237,v1:172.21.15.159:6801/3687310237] conn(0x7fe9940391b0 0x7fe99403b670 unknown :-1 s=BANNER_CONNECTING pgs=0 cs=0 l=1 rev1=0 crypto rx=0 tx=0 comp rx=0 tx=0)._handle_peer_banner_payload supported=3 required=0
2024-09-19T06:38:15.213 INFO:teuthology.orchestra.run.smithi159.stdout:/usr/bin/ceph: stderr
2024-09-19T06:38:14.411+0000 7fe99ffff640 1 --2- 172.21.15.159:0/4172288995 >> [v2:172.21.15.159:6800/3687310237,v1:172.21.15.159:6801/3687310237] conn(0x7fe9940391b0 0x7fe99403b670 secure :-1 s=READY pgs=9 cs=0 l=1 rev1=1 crypto rx=0x7fe9900098c0 tx=0x7fe990006db0 comp rx=0 tx=0).ready entity=mgr.14118 client_cookie=0 server_cookie=0 in_seq=0 out_seq=0
2024-09-19T06:38:15.213 INFO:teuthology.orchestra.run.smithi159.stdout:/usr/bin/ceph: stderr
2024-09-19T06:38:14.416+0000 7fe9a57fa640 1 -- 172.21.15.159:0/4172288995 <== mon.0 v2:172.21.15.159:3300/0 6 ==== mon_command_ack([{"prefix": "get_command_descriptions"}]=0 v0) ==== 72+0+188913 (secure 0 0 0) 0x7fe99806bc00 con 0x7fe9a8106510
2024-09-19T06:38:15.213 INFO:teuthology.orchestra.run.smithi159.stdout:/usr/bin/ceph: stderr
2024-09-19T06:38:14.584+0000 7fe9adebc640 1 -- 172.21.15.159:0/4172288995 --> [v2:172.21.15.159:6800/3687310237,v1:172.21.15.159:6801/3687310237] -- mgr_command(tid 0: {"prefix": "cephadm generate-key", "target": ["mon-mgr", ""]}) -- 0x7fe9a8102f40 con 0x7fe9940391b0
2024-09-19T06:38:15.213 INFO:teuthology.orchestra.run.smithi159.stdout:/usr/bin/ceph: stderr
2024-09-19T06:38:14.668+0000 7fe9a57fa640 1 -- 172.21.15.159:0/4172288995 <== mgr.14118 v2:172.21.15.159:6800/3687310237 1 ==== mgr_command_reply(tid 0: 0 ) ==== 8+0+0 (secure 0 0 0) 0x7fe9a8102f40 con 0x7fe9940391b0
2024-09-19T06:38:15.213 INFO:teuthology.orchestra.run.smithi159.stdout:/usr/bin/ceph: stderr
2024-09-19T06:38:14.670+0000 7fe9adebc640 1 -- 172.21.15.159:0/4172288995 >> [v2:172.21.15.159:6800/3687310237,v1:172.21.15.159:6801/3687310237] conn(0x7fe9940391b0 msgr2=0x7fe99403b670 secure :-1 s=STATE_CONNECTION_ESTABLISHED l=1).mark_down
2024-09-19T06:38:15.213 INFO:teuthology.orchestra.run.smithi159.stdout:/usr/bin/ceph: stderr
2024-09-19T06:38:14.670+0000 7fe9adebc640 1 --2- 172.21.15.159:0/4172288995 >> [v2:172.21.15.159:6800/3687310237,v1:172.21.15.159:6801/3687310237] conn(0x7fe9940391b0 0x7fe99403b670 secure :-1 s=READY pgs=9 cs=0 l=1 rev1=1 crypto rx=0x7fe9900098c0 tx=0x7fe990006db0 comp rx=0 tx=0).stop
2024-09-19T06:38:15.213 INFO:teuthology.orchestra.run.smithi159.stdout:/usr/bin/ceph: stderr
2024-09-19T06:38:14.670+0000 7fe9adebc640 1 -- 172.21.15.159:0/4172288995 >> [v2:172.21.15.159:3300/0,v1:172.21.15.159:6789/0] conn(0x7fe9a8106510 msgr2=0x7fe9a807ba20 secure :-1 s=STATE_CONNECTION_ESTABLISHED l=1).mark_down
2024-09-19T06:38:15.213 INFO:teuthology.orchestra.run.smithi159.stdout:/usr/bin/ceph: stderr
2024-09-19T06:38:14.670+0000 7fe9adebc640 1 --2- 172.21.15.159:0/4172288995 >> [v2:172.21.15.159:3300/0,v1:172.21.15.159:6789/0] conn(0x7fe9a8106510 0x7fe9a807ba20 secure :-1 s=READY pgs=40 cs=0 l=1 rev1=1 crypto rx=0x7fe9980097f0 tx=0x7fe998030ec0 comp rx=0 tx=0).stop
2024-09-19T06:38:15.213 INFO:teuthology.orchestra.run.smithi159.stdout:/usr/bin/ceph: stderr
2024-09-19T06:38:14.670+0000 7fe9adebc640 1 -- 172.21.15.159:0/4172288995 shutdown_connections
2024-09-19T06:38:15.214 INFO:teuthology.orchestra.run.smithi159.stdout:/usr/bin/ceph: stderr
2024-09-19T06:38:14.670+0000 7fe9adebc640 1 --2- 172.21.15.159:0/4172288995 >> [v2:172.21.15.159:6800/3687310237,v1:172.21.15.159:6801/3687310237] conn(0x7fe9940391b0 0x7fe99403b670 unknown :-1 s=CLOSED pgs=9 cs=0 l=1 rev1=1 crypto rx=0 tx=0 comp rx=0 tx=0).stop
2024-09-19T06:38:15.214 INFO:teuthology.orchestra.run.smithi159.stdout:/usr/bin/ceph: stderr
2024-09-19T06:38:14.670+0000 7fe9adebc640 1 --2- 172.21.15.159:0/4172288995 >> [v2:172.21.15.159:3300/0,v1:172.21.15.159:6789/0] conn(0x7fe9a8106510 0x7fe9a807ba20 unknown :-1 s=CLOSED pgs=40 cs=0 l=1 rev1=1 crypto rx=0 tx=0 comp rx=0 tx=0).stop
2024-09-19T06:38:15.214 INFO:teuthology.orchestra.run.smithi159.stdout:/usr/bin/ceph: stderr
2024-09-19T06:38:14.670+0000 7fe9adebc640 1 -- 172.21.15.159:0/4172288995 >> 172.21.15.159:0/4172288995 conn(0x7fe9a8101ca0 msgr2=0x7fe9a8102830 unknown :-1 s=STATE_NONE l=0).mark_down
2024-09-19T06:38:15.214 INFO:teuthology.orchestra.run.smithi159.stdout:/usr/bin/ceph: stderr
2024-09-19T06:38:14.670+0000 7fe9adebc640 1 -- 172.21.15.159:0/4172288995 shutdown_connections
2024-09-19T06:38:15.214 INFO:teuthology.orchestra.run.smithi159.stdout:/usr/bin/ceph: stderr
2024-09-19T06:38:14.670+0000 7fe9adebc640 1 -- 172.21.15.159:0/4172288995 wait complete.
2024-09-19T06:38:15.898 INFO:journalctl@ceph.mon.a.smithi159.stdout:Sep 19 06:38:15 smithi159 ceph-mon[30935]: from='client.14134 -' entity='client.admin' cmd=[{"prefix": "cephadm generate-key", "target": ["mon-mgr", ""]}]: dispatch
2024-09-19T06:38:15.898 INFO:journalctl@ceph.mon.a.smithi159.stdout:Sep 19 06:38:15 smithi159 ceph-mon[30935]: Generating ssh key...
2024-09-19T06:38:15.898 INFO:journalctl@ceph.mon.a.smithi159.stdout:Sep 19 06:38:15 smithi159 ceph-mon[30935]: from='mgr.14118 172.21.15.159:0/3003286344' entity='mgr.x'
2024-09-19T06:38:15.898 INFO:journalctl@ceph.mon.a.smithi159.stdout:Sep 19 06:38:15 smithi159 ceph-mon[30935]: from='mgr.14118 172.21.15.159:0/3003286344' entity='mgr.x'
2024-09-19T06:38:16.392 INFO:teuthology.orchestra.run.smithi159.stdout:/usr/bin/ceph: stdout ssh-rsa AAAAB3NzaC1yc2EAAAADAQABAAABgQDl3plLDTqPzzYzMxINha6vjRvRazb0oftp4e78Ff2bbkOv1GysppYdiHyKfJjHDshftnDia8aLn3HyoxXtIVrTwpope/ZNFdECIji3ezxXKjrhb7+Yun9d45F8Nd203KHk0+S0TQHEfO56nX3t/mGOCuJn2zk7LovAGg606J3XQFfm++ZGaj+b3QR2AFwLUSD8y0PP9xx7m4ZK8Rjb3AYDWDBhBI3BUIfxL8C2f0G8NW343Mo71LZRRc2+RiQ/LBVoeumgWCeeXZe09VQYpHJP63nMgG9vvrBWYLd3qP5Y5otuZiLp/hPMaizDh2prWXIN6j7uRxmGpDZoEIauLTztDAZtuWmcKsXpzdy5PFegXA3QORlQpNUkrUSz/SYRK8o3zGGoVEPs3IcZILpNPZTmpIvSeZFJHUXGdIq1U+vWWXBTuKclecxuzEOGAl0nCwvF5y9DKYbNeqt+YIiyo+Kio9h7d+rfSUJr3taS6V1kcBSO5qsZavMuMSVUjn+XAbk= ceph-82c73dba-7651-11ef-bceb-c7b262605968
2024-09-19T06:38:16.392 INFO:teuthology.orchestra.run.smithi159.stdout:/usr/bin/ceph: stderr
2024-09-19T06:38:15.605+0000 7f02dc6ba640 1 Processor -- start
2024-09-19T06:38:16.392 INFO:teuthology.orchestra.run.smithi159.stdout:/usr/bin/ceph: stderr
2024-09-19T06:38:15.605+0000 7f02dc6ba640 1 -- start start
2024-09-19T06:38:16.392 INFO:teuthology.orchestra.run.smithi159.stdout:/usr/bin/ceph: stderr
2024-09-19T06:38:15.606+0000 7f02dc6ba640 1 --2- >> [v2:172.21.15.159:3300/0,v1:172.21.15.159:6789/0] conn(0x7f02d4107630 0x7f02d4107a30 unknown :-1 s=NONE pgs=0 cs=0 l=0 rev1=0 crypto rx=0 tx=0 comp rx=0 tx=0).connect
2024-09-19T06:38:16.392 INFO:teuthology.orchestra.run.smithi159.stdout:/usr/bin/ceph: stderr
2024-09-19T06:38:15.606+0000 7f02dc6ba640 1 -- --> [v2:172.21.15.159:3300/0,v1:172.21.15.159:6789/0] -- mon_getmap magic: 0 -- 0x7f02d4108000 con 0x7f02d4107630
2024-09-19T06:38:16.392 INFO:teuthology.orchestra.run.smithi159.stdout:/usr/bin/ceph: stderr
2024-09-19T06:38:15.606+0000 7f02da456640 1 --2- >> [v2:172.21.15.159:3300/0,v1:172.21.15.159:6789/0] conn(0x7f02d4107630 0x7f02d4107a30 unknown :-1 s=BANNER_CONNECTING pgs=0 cs=0 l=0 rev1=0 crypto rx=0 tx=0 comp rx=0 tx=0)._handle_peer_banner_payload supported=3 required=0
2024-09-19T06:38:16.393 INFO:teuthology.orchestra.run.smithi159.stdout:/usr/bin/ceph: stderr
2024-09-19T06:38:15.606+0000 7f02da456640 1 --2- >> [v2:172.21.15.159:3300/0,v1:172.21.15.159:6789/0] conn(0x7f02d4107630 0x7f02d4107a30 unknown :-1 s=HELLO_CONNECTING pgs=0 cs=0 l=0 rev1=1 crypto rx=0 tx=0 comp rx=0 tx=0).handle_hello peer v2:172.21.15.159:3300/0 says I am v2:172.21.15.159:40494/0 (socket says 172.21.15.159:40494)
2024-09-19T06:38:16.393 INFO:teuthology.orchestra.run.smithi159.stdout:/usr/bin/ceph: stderr
2024-09-19T06:38:15.606+0000 7f02da456640 1 -- 172.21.15.159:0/2818383855 learned_addr learned my addr 172.21.15.159:0/2818383855 (peer_addr_for_me v2:172.21.15.159:0/0)
2024-09-19T06:38:16.393 INFO:teuthology.orchestra.run.smithi159.stdout:/usr/bin/ceph: stderr
2024-09-19T06:38:15.606+0000 7f02da456640 1 -- 172.21.15.159:0/2818383855 --> [v2:172.21.15.159:3300/0,v1:172.21.15.159:6789/0] -- mon_subscribe({config=0+,monmap=0+}) -- 0x7f02d41087e0 con 0x7f02d4107630
2024-09-19T06:38:16.393 INFO:teuthology.orchestra.run.smithi159.stdout:/usr/bin/ceph: stderr
2024-09-19T06:38:15.607+0000 7f02da456640 1 --2- 172.21.15.159:0/2818383855 >> [v2:172.21.15.159:3300/0,v1:172.21.15.159:6789/0] conn(0x7f02d4107630 0x7f02d4107a30 secure :-1 s=READY pgs=41 cs=0 l=1 rev1=1 crypto rx=0x7f02c8009820 tx=0x7f02c802a270 comp rx=0 tx=0).ready entity=mon.0 client_cookie=6bbb3117ee3d2fb0 server_cookie=0 in_seq=0 out_seq=0
2024-09-19T06:38:16.393 INFO:teuthology.orchestra.run.smithi159.stdout:/usr/bin/ceph: stderr
2024-09-19T06:38:15.607+0000 7f02d9454640 1 -- 172.21.15.159:0/2818383855 <== mon.0 v2:172.21.15.159:3300/0 1 ==== mon_map magic: 0 ==== 205+0+0 (secure 0 0 0) 0x7f02c8037070 con 0x7f02d4107630
2024-09-19T06:38:16.393 INFO:teuthology.orchestra.run.smithi159.stdout:/usr/bin/ceph: stderr
2024-09-19T06:38:15.607+0000 7f02d9454640 1 -- 172.21.15.159:0/2818383855 <== mon.0 v2:172.21.15.159:3300/0 2 ==== config(27 keys) ==== 1109+0+0 (secure 0 0 0) 0x7f02c8032900 con 0x7f02d4107630
2024-09-19T06:38:16.393 INFO:teuthology.orchestra.run.smithi159.stdout:/usr/bin/ceph: stderr
2024-09-19T06:38:15.607+0000 7f02d9454640 1 -- 172.21.15.159:0/2818383855 <== mon.0 v2:172.21.15.159:3300/0 3 ==== mon_map magic: 0 ==== 205+0+0 (secure 0 0 0) 0x7f02c8030850 con 0x7f02d4107630
2024-09-19T06:38:16.393 INFO:teuthology.orchestra.run.smithi159.stdout:/usr/bin/ceph: stderr
2024-09-19T06:38:15.608+0000 7f02dc6ba640 1 -- 172.21.15.159:0/2818383855 >> [v2:172.21.15.159:3300/0,v1:172.21.15.159:6789/0] conn(0x7f02d4107630 msgr2=0x7f02d4107a30 secure :-1 s=STATE_CONNECTION_ESTABLISHED l=1).mark_down
2024-09-19T06:38:16.393 INFO:teuthology.orchestra.run.smithi159.stdout:/usr/bin/ceph: stderr
2024-09-19T06:38:15.608+0000 7f02dc6ba640 1 --2- 172.21.15.159:0/2818383855 >> [v2:172.21.15.159:3300/0,v1:172.21.15.159:6789/0] conn(0x7f02d4107630 0x7f02d4107a30 secure :-1 s=READY pgs=41 cs=0 l=1 rev1=1 crypto rx=0x7f02c8009820 tx=0x7f02c802a270 comp rx=0 tx=0).stop
2024-09-19T06:38:16.393 INFO:teuthology.orchestra.run.smithi159.stdout:/usr/bin/ceph: stderr
2024-09-19T06:38:15.608+0000 7f02dc6ba640 1 -- 172.21.15.159:0/2818383855 shutdown_connections
2024-09-19T06:38:16.393 INFO:teuthology.orchestra.run.smithi159.stdout:/usr/bin/ceph: stderr
2024-09-19T06:38:15.608+0000 7f02dc6ba640 1 --2- 172.21.15.159:0/2818383855 >> [v2:172.21.15.159:3300/0,v1:172.21.15.159:6789/0] conn(0x7f02d4107630 0x7f02d4107a30 unknown :-1 s=CLOSED pgs=41 cs=0 l=1 rev1=1 crypto rx=0 tx=0 comp rx=0 tx=0).stop
2024-09-19T06:38:16.393 INFO:teuthology.orchestra.run.smithi159.stdout:/usr/bin/ceph: stderr
2024-09-19T06:38:15.608+0000 7f02dc6ba640 1 -- 172.21.15.159:0/2818383855 >> 172.21.15.159:0/2818383855 conn(0x7f02d4102da0 msgr2=0x7f02d4105200 unknown :-1 s=STATE_NONE l=0).mark_down
2024-09-19T06:38:16.394 INFO:teuthology.orchestra.run.smithi159.stdout:/usr/bin/ceph: stderr
2024-09-19T06:38:15.608+0000 7f02dc6ba640 1 -- 172.21.15.159:0/2818383855 shutdown_connections
2024-09-19T06:38:16.394 INFO:teuthology.orchestra.run.smithi159.stdout:/usr/bin/ceph: stderr
2024-09-19T06:38:15.608+0000 7f02dc6ba640 1 -- 172.21.15.159:0/2818383855 wait complete.
2024-09-19T06:38:16.394 INFO:teuthology.orchestra.run.smithi159.stdout:/usr/bin/ceph: stderr
2024-09-19T06:38:15.608+0000 7f02dc6ba640 1 Processor -- start
2024-09-19T06:38:16.394 INFO:teuthology.orchestra.run.smithi159.stdout:/usr/bin/ceph: stderr
2024-09-19T06:38:15.608+0000 7f02dc6ba640 1 -- start start
2024-09-19T06:38:16.394 INFO:teuthology.orchestra.run.smithi159.stdout:/usr/bin/ceph: stderr
2024-09-19T06:38:15.608+0000 7f02dc6ba640 1 --2- >> [v2:172.21.15.159:3300/0,v1:172.21.15.159:6789/0] conn(0x7f02d4107630 0x7f02d419b680 unknown :-1 s=NONE pgs=0 cs=0 l=1 rev1=0 crypto rx=0 tx=0 comp rx=0 tx=0).connect
2024-09-19T06:38:16.394 INFO:teuthology.orchestra.run.smithi159.stdout:/usr/bin/ceph: stderr
2024-09-19T06:38:15.608+0000 7f02dc6ba640 1 -- --> [v2:172.21.15.159:3300/0,v1:172.21.15.159:6789/0] -- mon_getmap magic: 0 -- 0x7f02d410bb90 con 0x7f02d4107630
2024-09-19T06:38:16.394 INFO:teuthology.orchestra.run.smithi159.stdout:/usr/bin/ceph: stderr
2024-09-19T06:38:15.609+0000 7f02da456640 1 --2- >> [v2:172.21.15.159:3300/0,v1:172.21.15.159:6789/0] conn(0x7f02d4107630 0x7f02d419b680 unknown :-1 s=BANNER_CONNECTING pgs=0 cs=0 l=1 rev1=0 crypto rx=0 tx=0 comp rx=0 tx=0)._handle_peer_banner_payload supported=3 required=0
2024-09-19T06:38:16.394 INFO:teuthology.orchestra.run.smithi159.stdout:/usr/bin/ceph: stderr
2024-09-19T06:38:15.609+0000 7f02da456640 1 --2- >> [v2:172.21.15.159:3300/0,v1:172.21.15.159:6789/0] conn(0x7f02d4107630 0x7f02d419b680 unknown :-1 s=HELLO_CONNECTING pgs=0 cs=0 l=1 rev1=1 crypto rx=0 tx=0 comp rx=0 tx=0).handle_hello peer v2:172.21.15.159:3300/0 says I am v2:172.21.15.159:40506/0 (socket says 172.21.15.159:40506)
2024-09-19T06:38:16.394 INFO:teuthology.orchestra.run.smithi159.stdout:/usr/bin/ceph: stderr
2024-09-19T06:38:15.609+0000 7f02da456640 1 -- 172.21.15.159:0/1153880669 learned_addr learned my addr 172.21.15.159:0/1153880669 (peer_addr_for_me v2:172.21.15.159:0/0)
2024-09-19T06:38:16.394 INFO:teuthology.orchestra.run.smithi159.stdout:/usr/bin/ceph: stderr
2024-09-19T06:38:15.609+0000 7f02da456640 1 -- 172.21.15.159:0/1153880669 --> [v2:172.21.15.159:3300/0,v1:172.21.15.159:6789/0] -- mon_subscribe({config=0+,monmap=0+}) -- 0x7f02d419bbc0 con 0x7f02d4107630
2024-09-19T06:38:16.394 INFO:teuthology.orchestra.run.smithi159.stdout:/usr/bin/ceph: stderr
2024-09-19T06:38:15.609+0000 7f02da456640 1 --2- 172.21.15.159:0/1153880669 >> [v2:172.21.15.159:3300/0,v1:172.21.15.159:6789/0] conn(0x7f02d4107630 0x7f02d419b680 secure :-1 s=READY pgs=42 cs=0 l=1 rev1=1 crypto rx=0x7f02c8009940 tx=0x7f02c80326e0 comp rx=0 tx=0).ready entity=mon.0 client_cookie=0 server_cookie=0 in_seq=0 out_seq=0
2024-09-19T06:38:16.394 INFO:teuthology.orchestra.run.smithi159.stdout:/usr/bin/ceph: stderr
2024-09-19T06:38:15.609+0000 7f02c77fe640 1 -- 172.21.15.159:0/1153880669 <== mon.0 v2:172.21.15.159:3300/0 1 ==== mon_map magic: 0 ==== 205+0+0 (secure 0 0 0) 0x7f02c8042070 con 0x7f02d4107630
2024-09-19T06:38:16.395 INFO:teuthology.orchestra.run.smithi159.stdout:/usr/bin/ceph: stderr
2024-09-19T06:38:15.609+0000 7f02c77fe640 1 -- 172.21.15.159:0/1153880669 <== mon.0 v2:172.21.15.159:3300/0 2 ==== config(27 keys) ==== 1109+0+0 (secure 0 0 0) 0x7f02c8032be0 con 0x7f02d4107630
2024-09-19T06:38:16.395 INFO:teuthology.orchestra.run.smithi159.stdout:/usr/bin/ceph: stderr
2024-09-19T06:38:15.609+0000 7f02dc6ba640 1 -- 172.21.15.159:0/1153880669 --> [v2:172.21.15.159:3300/0,v1:172.21.15.159:6789/0] -- mon_subscribe({mgrmap=0+}) -- 0x7f02d419be50 con 0x7f02d4107630
2024-09-19T06:38:16.395 INFO:teuthology.orchestra.run.smithi159.stdout:/usr/bin/ceph: stderr
2024-09-19T06:38:15.609+0000 7f02c77fe640 1 -- 172.21.15.159:0/1153880669 <== mon.0 v2:172.21.15.159:3300/0 3 ==== mon_map magic: 0 ==== 205+0+0 (secure 0 0 0) 0x7f02c8037040 con 0x7f02d4107630
2024-09-19T06:38:16.395 INFO:teuthology.orchestra.run.smithi159.stdout:/usr/bin/ceph: stderr
2024-09-19T06:38:15.609+0000 7f02dc6ba640 1 -- 172.21.15.159:0/1153880669 --> [v2:172.21.15.159:3300/0,v1:172.21.15.159:6789/0] -- mon_subscribe({osdmap=0}) -- 0x7f02d419eb40 con 0x7f02d4107630
2024-09-19T06:38:16.395 INFO:teuthology.orchestra.run.smithi159.stdout:/usr/bin/ceph: stderr
2024-09-19T06:38:15.610+0000 7f02c77fe640 1 -- 172.21.15.159:0/1153880669 <== mon.0 v2:172.21.15.159:3300/0 4 ==== mgrmap(e 8) ==== 46461+0+0 (secure 0 0 0) 0x7f02c8045070 con 0x7f02d4107630
2024-09-19T06:38:16.395 INFO:teuthology.orchestra.run.smithi159.stdout:/usr/bin/ceph: stderr
2024-09-19T06:38:15.610+0000 7f02dc6ba640 1 -- 172.21.15.159:0/1153880669 --> [v2:172.21.15.159:3300/0,v1:172.21.15.159:6789/0] -- mon_command({"prefix": "get_command_descriptions"} v 0) -- 0x7f02d410bd10 con 0x7f02d4107630
2024-09-19T06:38:16.396 INFO:teuthology.orchestra.run.smithi159.stdout:/usr/bin/ceph: stderr
2024-09-19T06:38:15.610+0000 7f02c77fe640 1 --2- 172.21.15.159:0/1153880669 >> [v2:172.21.15.159:6800/3687310237,v1:172.21.15.159:6801/3687310237] conn(0x7f02c00391b0 0x7f02c003b670 unknown :-1 s=NONE pgs=0 cs=0 l=1 rev1=0 crypto rx=0 tx=0 comp rx=0 tx=0).connect
2024-09-19T06:38:16.396 INFO:teuthology.orchestra.run.smithi159.stdout:/usr/bin/ceph: stderr
2024-09-19T06:38:15.610+0000 7f02c77fe640 1 -- 172.21.15.159:0/1153880669 <== mon.0 v2:172.21.15.159:3300/0 5 ==== osd_map(2..2 src has 1..2) ==== 940+0+0 (secure 0 0 0) 0x7f02c806c1e0 con 0x7f02d4107630
2024-09-19T06:38:16.396 INFO:teuthology.orchestra.run.smithi159.stdout:/usr/bin/ceph: stderr
2024-09-19T06:38:15.610+0000 7f02d9c55640 1 --2- 172.21.15.159:0/1153880669 >> [v2:172.21.15.159:6800/3687310237,v1:172.21.15.159:6801/3687310237] conn(0x7f02c00391b0 0x7f02c003b670 unknown :-1 s=BANNER_CONNECTING pgs=0 cs=0 l=1 rev1=0 crypto rx=0 tx=0 comp rx=0 tx=0)._handle_peer_banner_payload supported=3 required=0
2024-09-19T06:38:16.396 INFO:teuthology.orchestra.run.smithi159.stdout:/usr/bin/ceph: stderr
2024-09-19T06:38:15.611+0000 7f02d9c55640 1 --2- 172.21.15.159:0/1153880669 >> [v2:172.21.15.159:6800/3687310237,v1:172.21.15.159:6801/3687310237] conn(0x7f02c00391b0 0x7f02c003b670 secure :-1 s=READY pgs=10 cs=0 l=1 rev1=1 crypto rx=0x7f02d00098c0 tx=0x7f02d0006db0 comp rx=0 tx=0).ready entity=mgr.14118 client_cookie=0 server_cookie=0 in_seq=0 out_seq=0
2024-09-19T06:38:16.396 INFO:teuthology.orchestra.run.smithi159.stdout:/usr/bin/ceph: stderr
2024-09-19T06:38:15.615+0000 7f02c77fe640 1 -- 172.21.15.159:0/1153880669 <== mon.0 v2:172.21.15.159:3300/0 6 ==== mon_command_ack([{"prefix": "get_command_descriptions"}]=0 v0) ==== 72+0+188913 (secure 0 0 0) 0x7f02c804b170 con 0x7f02d4107630
2024-09-19T06:38:16.396 INFO:teuthology.orchestra.run.smithi159.stdout:/usr/bin/ceph: stderr
2024-09-19T06:38:15.786+0000 7f02dc6ba640 1 -- 172.21.15.159:0/1153880669 --> [v2:172.21.15.159:6800/3687310237,v1:172.21.15.159:6801/3687310237] -- mgr_command(tid 0: {"prefix": "cephadm get-pub-key", "target": ["mon-mgr", ""]}) -- 0x7f02d4104060 con 0x7f02c00391b0
2024-09-19T06:38:16.396 INFO:teuthology.orchestra.run.smithi159.stdout:/usr/bin/ceph: stderr
2024-09-19T06:38:15.787+0000 7f02c77fe640 1 -- 172.21.15.159:0/1153880669 <== mgr.14118 v2:172.21.15.159:6800/3687310237 1 ==== mgr_command_reply(tid 0: 0 ) ==== 8+0+595 (secure 0 0 0) 0x7f02d4104060 con 0x7f02c00391b0
2024-09-19T06:38:16.396 INFO:teuthology.orchestra.run.smithi159.stdout:/usr/bin/ceph: stderr
2024-09-19T06:38:15.790+0000 7f02dc6ba640 1 -- 172.21.15.159:0/1153880669 >> [v2:172.21.15.159:6800/3687310237,v1:172.21.15.159:6801/3687310237] conn(0x7f02c00391b0 msgr2=0x7f02c003b670 secure :-1 s=STATE_CONNECTION_ESTABLISHED l=1).mark_down
2024-09-19T06:38:16.396 INFO:teuthology.orchestra.run.smithi159.stdout:/usr/bin/ceph: stderr
2024-09-19T06:38:15.790+0000 7f02dc6ba640 1 --2- 172.21.15.159:0/1153880669 >> [v2:172.21.15.159:6800/3687310237,v1:172.21.15.159:6801/3687310237] conn(0x7f02c00391b0 0x7f02c003b670 secure :-1 s=READY pgs=10 cs=0 l=1 rev1=1 crypto rx=0x7f02d00098c0 tx=0x7f02d0006db0 comp rx=0 tx=0).stop
2024-09-19T06:38:16.396 INFO:teuthology.orchestra.run.smithi159.stdout:/usr/bin/ceph: stderr
2024-09-19T06:38:15.790+0000 7f02dc6ba640 1 -- 172.21.15.159:0/1153880669 >> [v2:172.21.15.159:3300/0,v1:172.21.15.159:6789/0] conn(0x7f02d4107630 msgr2=0x7f02d419b680 secure :-1 s=STATE_CONNECTION_ESTABLISHED l=1).mark_down
2024-09-19T06:38:16.396 INFO:teuthology.orchestra.run.smithi159.stdout:/usr/bin/ceph: stderr
2024-09-19T06:38:15.790+0000 7f02dc6ba640 1 --2- 172.21.15.159:0/1153880669 >> [v2:172.21.15.159:3300/0,v1:172.21.15.159:6789/0] conn(0x7f02d4107630 0x7f02d419b680 secure :-1 s=READY pgs=42 cs=0 l=1 rev1=1 crypto rx=0x7f02c8009940 tx=0x7f02c80326e0 comp rx=0 tx=0).stop
2024-09-19T06:38:16.396 INFO:teuthology.orchestra.run.smithi159.stdout:/usr/bin/ceph: stderr
2024-09-19T06:38:15.790+0000 7f02dc6ba640 1 -- 172.21.15.159:0/1153880669 shutdown_connections
2024-09-19T06:38:16.396 INFO:teuthology.orchestra.run.smithi159.stdout:/usr/bin/ceph: stderr
2024-09-19T06:38:15.790+0000 7f02dc6ba640 1 --2- 172.21.15.159:0/1153880669 >> [v2:172.21.15.159:6800/3687310237,v1:172.21.15.159:6801/3687310237] conn(0x7f02c00391b0 0x7f02c003b670 unknown :-1 s=CLOSED pgs=10 cs=0 l=1 rev1=1 crypto rx=0 tx=0 comp rx=0 tx=0).stop
2024-09-19T06:38:16.397 INFO:teuthology.orchestra.run.smithi159.stdout:/usr/bin/ceph: stderr
2024-09-19T06:38:15.790+0000 7f02dc6ba640 1 --2- 172.21.15.159:0/1153880669 >> [v2:172.21.15.159:3300/0,v1:172.21.15.159:6789/0] conn(0x7f02d4107630 0x7f02d419b680 unknown :-1 s=CLOSED pgs=42 cs=0 l=1 rev1=1 crypto rx=0 tx=0 comp rx=0 tx=0).stop
2024-09-19T06:38:16.397 INFO:teuthology.orchestra.run.smithi159.stdout:/usr/bin/ceph: stderr
2024-09-19T06:38:15.790+0000 7f02dc6ba640 1 -- 172.21.15.159:0/1153880669 >> 172.21.15.159:0/1153880669 conn(0x7f02d4102da0 msgr2=0x7f02d4103950 unknown :-1 s=STATE_NONE l=0).mark_down
2024-09-19T06:38:16.397 INFO:teuthology.orchestra.run.smithi159.stdout:/usr/bin/ceph: stderr
2024-09-19T06:38:15.790+0000 7f02dc6ba640 1 -- 172.21.15.159:0/1153880669 shutdown_connections
2024-09-19T06:38:16.397 INFO:teuthology.orchestra.run.smithi159.stdout:/usr/bin/ceph: stderr
2024-09-19T06:38:15.790+0000 7f02dc6ba640 1 -- 172.21.15.159:0/1153880669 wait complete.
2024-09-19T06:38:16.397 INFO:teuthology.orchestra.run.smithi159.stdout:Wrote public SSH key to /home/ubuntu/cephtest/ceph.pub
2024-09-19T06:38:16.397 INFO:teuthology.orchestra.run.smithi159.stdout:Adding key to root@localhost authorized_keys...
2024-09-19T06:38:16.397 INFO:teuthology.orchestra.run.smithi159.stdout:Adding host smithi159...
2024-09-19T06:38:16.968 INFO:journalctl@ceph.mon.a.smithi159.stdout:Sep 19 06:38:16 smithi159 ceph-mon[30935]: from='client.14136 -' entity='client.admin' cmd=[{"prefix": "cephadm get-pub-key", "target": ["mon-mgr", ""]}]: dispatch
2024-09-19T06:38:17.737 INFO:journalctl@ceph.mon.a.smithi159.stdout:Sep 19 06:38:17 smithi159 ceph-mon[30935]: from='client.14138 -' entity='client.admin' cmd=[{"prefix": "orch host add", "hostname": "smithi159", "addr": "172.21.15.159", "target": ["mon-mgr", ""]}]: dispatch
2024-09-19T06:38:18.684 INFO:journalctl@ceph.mon.a.smithi159.stdout:Sep 19 06:38:18 smithi159 ceph-mon[30935]: Deploying cephadm binary to smithi159
2024-09-19T06:38:20.667 INFO:teuthology.orchestra.run.smithi159.stdout:/usr/bin/ceph: stdout Added host 'smithi159' with addr '172.21.15.159'
2024-09-19T06:38:20.667 INFO:teuthology.orchestra.run.smithi159.stdout:/usr/bin/ceph: stderr
2024-09-19T06:38:16.790+0000 7f5d33ccd640 1 Processor -- start
2024-09-19T06:38:20.667 INFO:teuthology.orchestra.run.smithi159.stdout:/usr/bin/ceph: stderr
2024-09-19T06:38:16.791+0000 7f5d33ccd640 1 -- start start
2024-09-19T06:38:20.667 INFO:teuthology.orchestra.run.smithi159.stdout:/usr/bin/ceph: stderr
2024-09-19T06:38:16.791+0000 7f5d33ccd640 1 --2- >> [v2:172.21.15.159:3300/0,v1:172.21.15.159:6789/0] conn(0x7f5d2c107620 0x7f5d2c107a20 unknown :-1 s=NONE pgs=0 cs=0 l=0 rev1=0 crypto rx=0 tx=0 comp rx=0 tx=0).connect
2024-09-19T06:38:20.667 INFO:teuthology.orchestra.run.smithi159.stdout:/usr/bin/ceph: stderr
2024-09-19T06:38:16.791+0000 7f5d33ccd640 1 -- --> [v2:172.21.15.159:3300/0,v1:172.21.15.159:6789/0] -- mon_getmap magic: 0 -- 0x7f5d2c107ff0 con 0x7f5d2c107620
2024-09-19T06:38:20.667 INFO:teuthology.orchestra.run.smithi159.stdout:/usr/bin/ceph: stderr
2024-09-19T06:38:16.791+0000 7f5d31a69640 1 --2- >> [v2:172.21.15.159:3300/0,v1:172.21.15.159:6789/0] conn(0x7f5d2c107620 0x7f5d2c107a20 unknown :-1 s=BANNER_CONNECTING pgs=0 cs=0 l=0 rev1=0 crypto rx=0 tx=0 comp rx=0 tx=0)._handle_peer_banner_payload supported=3 required=0
2024-09-19T06:38:20.667 INFO:teuthology.orchestra.run.smithi159.stdout:/usr/bin/ceph: stderr
2024-09-19T06:38:16.791+0000 7f5d31a69640 1 --2- >> [v2:172.21.15.159:3300/0,v1:172.21.15.159:6789/0] conn(0x7f5d2c107620 0x7f5d2c107a20 unknown :-1 s=HELLO_CONNECTING pgs=0 cs=0 l=0 rev1=1 crypto rx=0 tx=0 comp rx=0 tx=0).handle_hello peer v2:172.21.15.159:3300/0 says I am v2:172.21.15.159:40520/0 (socket says 172.21.15.159:40520)
2024-09-19T06:38:20.667 INFO:teuthology.orchestra.run.smithi159.stdout:/usr/bin/ceph: stderr
2024-09-19T06:38:16.791+0000 7f5d31a69640 1 -- 172.21.15.159:0/999763613 learned_addr learned my addr 172.21.15.159:0/999763613 (peer_addr_for_me v2:172.21.15.159:0/0)
2024-09-19T06:38:20.667 INFO:teuthology.orchestra.run.smithi159.stdout:/usr/bin/ceph: stderr
2024-09-19T06:38:16.791+0000 7f5d31a69640 1 -- 172.21.15.159:0/999763613 --> [v2:172.21.15.159:3300/0,v1:172.21.15.159:6789/0] -- mon_subscribe({config=0+,monmap=0+}) -- 0x7f5d2c108820 con 0x7f5d2c107620
2024-09-19T06:38:20.667 INFO:teuthology.orchestra.run.smithi159.stdout:/usr/bin/ceph: stderr
2024-09-19T06:38:16.792+0000 7f5d31a69640 1 --2- 172.21.15.159:0/999763613 >> [v2:172.21.15.159:3300/0,v1:172.21.15.159:6789/0] conn(0x7f5d2c107620 0x7f5d2c107a20 secure :-1 s=READY pgs=43 cs=0 l=1 rev1=1 crypto rx=0x7f5d28009820 tx=0x7f5d2802a270 comp rx=0 tx=0).ready entity=mon.0 client_cookie=539b330895fe488 server_cookie=0 in_seq=0 out_seq=0
2024-09-19T06:38:20.668 INFO:teuthology.orchestra.run.smithi159.stdout:/usr/bin/ceph: stderr
2024-09-19T06:38:16.792+0000 7f5d30a67640 1 -- 172.21.15.159:0/999763613 <== mon.0 v2:172.21.15.159:3300/0 1 ==== mon_map magic: 0 ==== 205+0+0 (secure 0 0 0) 0x7f5d28037070 con 0x7f5d2c107620
2024-09-19T06:38:20.668 INFO:teuthology.orchestra.run.smithi159.stdout:/usr/bin/ceph: stderr
2024-09-19T06:38:16.792+0000 7f5d30a67640 1 -- 172.21.15.159:0/999763613 <== mon.0 v2:172.21.15.159:3300/0 2 ==== config(27 keys) ==== 1109+0+0 (secure 0 0 0) 0x7f5d28032900 con 0x7f5d2c107620
2024-09-19T06:38:20.668 INFO:teuthology.orchestra.run.smithi159.stdout:/usr/bin/ceph: stderr
2024-09-19T06:38:16.792+0000 7f5d30a67640 1 -- 172.21.15.159:0/999763613 <== mon.0 v2:172.21.15.159:3300/0 3 ==== mon_map magic: 0 ==== 205+0+0 (secure 0 0 0) 0x7f5d28030850 con 0x7f5d2c107620
2024-09-19T06:38:20.668 INFO:teuthology.orchestra.run.smithi159.stdout:/usr/bin/ceph: stderr
2024-09-19T06:38:16.793+0000 7f5d33ccd640 1 -- 172.21.15.159:0/999763613 >> [v2:172.21.15.159:3300/0,v1:172.21.15.159:6789/0] conn(0x7f5d2c107620 msgr2=0x7f5d2c107a20 secure :-1 s=STATE_CONNECTION_ESTABLISHED l=1).mark_down
2024-09-19T06:38:20.668 INFO:teuthology.orchestra.run.smithi159.stdout:/usr/bin/ceph: stderr
2024-09-19T06:38:16.793+0000 7f5d33ccd640 1 --2- 172.21.15.159:0/999763613 >> [v2:172.21.15.159:3300/0,v1:172.21.15.159:6789/0] conn(0x7f5d2c107620 0x7f5d2c107a20 secure :-1 s=READY pgs=43 cs=0 l=1 rev1=1 crypto rx=0x7f5d28009820 tx=0x7f5d2802a270 comp rx=0 tx=0).stop
2024-09-19T06:38:20.668 INFO:teuthology.orchestra.run.smithi159.stdout:/usr/bin/ceph: stderr
2024-09-19T06:38:16.793+0000 7f5d33ccd640 1 -- 172.21.15.159:0/999763613 shutdown_connections
2024-09-19T06:38:20.668 INFO:teuthology.orchestra.run.smithi159.stdout:/usr/bin/ceph: stderr
2024-09-19T06:38:16.793+0000 7f5d33ccd640 1 --2- 172.21.15.159:0/999763613 >> [v2:172.21.15.159:3300/0,v1:172.21.15.159:6789/0] conn(0x7f5d2c107620 0x7f5d2c107a20 unknown :-1 s=CLOSED pgs=43 cs=0 l=1 rev1=1 crypto rx=0 tx=0 comp rx=0 tx=0).stop
2024-09-19T06:38:20.668 INFO:teuthology.orchestra.run.smithi159.stdout:/usr/bin/ceph: stderr
2024-09-19T06:38:16.793+0000 7f5d33ccd640 1 -- 172.21.15.159:0/999763613 >> 172.21.15.159:0/999763613 conn(0x7f5d2c102db0 msgr2=0x7f5d2c1051f0 unknown :-1 s=STATE_NONE l=0).mark_down
2024-09-19T06:38:20.668 INFO:teuthology.orchestra.run.smithi159.stdout:/usr/bin/ceph: stderr
2024-09-19T06:38:16.793+0000 7f5d33ccd640 1 -- 172.21.15.159:0/999763613 shutdown_connections
2024-09-19T06:38:20.668 INFO:teuthology.orchestra.run.smithi159.stdout:/usr/bin/ceph: stderr
2024-09-19T06:38:16.793+0000 7f5d33ccd640 1 -- 172.21.15.159:0/999763613 wait complete.
2024-09-19T06:38:20.668 INFO:teuthology.orchestra.run.smithi159.stdout:/usr/bin/ceph: stderr
2024-09-19T06:38:16.793+0000 7f5d33ccd640 1 Processor -- start
2024-09-19T06:38:20.668 INFO:teuthology.orchestra.run.smithi159.stdout:/usr/bin/ceph: stderr
2024-09-19T06:38:16.793+0000 7f5d33ccd640 1 -- start start
2024-09-19T06:38:20.668 INFO:teuthology.orchestra.run.smithi159.stdout:/usr/bin/ceph: stderr
2024-09-19T06:38:16.793+0000 7f5d33ccd640 1 --2- >> [v2:172.21.15.159:3300/0,v1:172.21.15.159:6789/0] conn(0x7f5d2c107620 0x7f5d2c19b650 unknown :-1 s=NONE pgs=0 cs=0 l=1 rev1=0 crypto rx=0 tx=0 comp rx=0 tx=0).connect
2024-09-19T06:38:20.668 INFO:teuthology.orchestra.run.smithi159.stdout:/usr/bin/ceph: stderr
2024-09-19T06:38:16.793+0000 7f5d33ccd640 1 -- --> [v2:172.21.15.159:3300/0,v1:172.21.15.159:6789/0] -- mon_getmap magic: 0 -- 0x7f5d2c10bbd0 con 0x7f5d2c107620
2024-09-19T06:38:20.669 INFO:teuthology.orchestra.run.smithi159.stdout:/usr/bin/ceph: stderr
2024-09-19T06:38:16.794+0000 7f5d31a69640 1 --2- >> [v2:172.21.15.159:3300/0,v1:172.21.15.159:6789/0] conn(0x7f5d2c107620 0x7f5d2c19b650 unknown :-1 s=BANNER_CONNECTING pgs=0 cs=0 l=1 rev1=0 crypto rx=0 tx=0 comp rx=0 tx=0)._handle_peer_banner_payload supported=3 required=0
2024-09-19T06:38:20.669 INFO:teuthology.orchestra.run.smithi159.stdout:/usr/bin/ceph: stderr
2024-09-19T06:38:16.794+0000 7f5d31a69640 1 --2- >> [v2:172.21.15.159:3300/0,v1:172.21.15.159:6789/0] conn(0x7f5d2c107620 0x7f5d2c19b650 unknown :-1 s=HELLO_CONNECTING pgs=0 cs=0 l=1 rev1=1 crypto rx=0 tx=0 comp rx=0 tx=0).handle_hello peer v2:172.21.15.159:3300/0 says I am v2:172.21.15.159:40532/0 (socket says 172.21.15.159:40532)
2024-09-19T06:38:20.669 INFO:teuthology.orchestra.run.smithi159.stdout:/usr/bin/ceph: stderr
2024-09-19T06:38:16.794+0000 7f5d31a69640 1 -- 172.21.15.159:0/3405169651 learned_addr learned my addr 172.21.15.159:0/3405169651 (peer_addr_for_me v2:172.21.15.159:0/0)
2024-09-19T06:38:20.669 INFO:teuthology.orchestra.run.smithi159.stdout:/usr/bin/ceph: stderr
2024-09-19T06:38:16.794+0000 7f5d31a69640 1 -- 172.21.15.159:0/3405169651 --> [v2:172.21.15.159:3300/0,v1:172.21.15.159:6789/0] -- mon_subscribe({config=0+,monmap=0+}) -- 0x7f5d2c19bb90 con 0x7f5d2c107620
2024-09-19T06:38:20.669 INFO:teuthology.orchestra.run.smithi159.stdout:/usr/bin/ceph: stderr
2024-09-19T06:38:16.794+0000 7f5d31a69640 1 --2- 172.21.15.159:0/3405169651 >> [v2:172.21.15.159:3300/0,v1:172.21.15.159:6789/0] conn(0x7f5d2c107620 0x7f5d2c19b650 secure :-1 s=READY pgs=44 cs=0 l=1 rev1=1 crypto rx=0x7f5d280097f0 tx=0x7f5d28030ec0 comp rx=0 tx=0).ready entity=mon.0 client_cookie=0 server_cookie=0 in_seq=0 out_seq=0
2024-09-19T06:38:20.669 INFO:teuthology.orchestra.run.smithi159.stdout:/usr/bin/ceph: stderr
2024-09-19T06:38:16.794+0000 7f5d22ffd640 1 -- 172.21.15.159:0/3405169651 <== mon.0 v2:172.21.15.159:3300/0 1 ==== mon_map magic: 0 ==== 205+0+0 (secure 0 0 0) 0x7f5d28042070 con 0x7f5d2c107620
2024-09-19T06:38:20.669 INFO:teuthology.orchestra.run.smithi159.stdout:/usr/bin/ceph: stderr
2024-09-19T06:38:16.794+0000 7f5d33ccd640 1 -- 172.21.15.159:0/3405169651 --> [v2:172.21.15.159:3300/0,v1:172.21.15.159:6789/0] -- mon_subscribe({mgrmap=0+}) -- 0x7f5d2c19be20 con 0x7f5d2c107620
2024-09-19T06:38:20.669 INFO:teuthology.orchestra.run.smithi159.stdout:/usr/bin/ceph: stderr
2024-09-19T06:38:16.794+0000 7f5d22ffd640 1 -- 172.21.15.159:0/3405169651 <== mon.0 v2:172.21.15.159:3300/0 2 ==== config(27 keys) ==== 1109+0+0 (secure 0 0 0) 0x7f5d28032ca0 con 0x7f5d2c107620
2024-09-19T06:38:20.669 INFO:teuthology.orchestra.run.smithi159.stdout:/usr/bin/ceph: stderr
2024-09-19T06:38:16.794+0000 7f5d22ffd640 1 -- 172.21.15.159:0/3405169651 <== mon.0 v2:172.21.15.159:3300/0 3 ==== mon_map magic: 0 ==== 205+0+0 (secure 0 0 0) 0x7f5d28037040 con 0x7f5d2c107620
2024-09-19T06:38:20.669 INFO:teuthology.orchestra.run.smithi159.stdout:/usr/bin/ceph: stderr
2024-09-19T06:38:16.794+0000 7f5d33ccd640 1 -- 172.21.15.159:0/3405169651 --> [v2:172.21.15.159:3300/0,v1:172.21.15.159:6789/0] -- mon_subscribe({osdmap=0}) -- 0x7f5d2c19eb10 con 0x7f5d2c107620
2024-09-19T06:38:20.669 INFO:teuthology.orchestra.run.smithi159.stdout:/usr/bin/ceph: stderr
2024-09-19T06:38:16.795+0000 7f5d22ffd640 1 -- 172.21.15.159:0/3405169651 <== mon.0 v2:172.21.15.159:3300/0 4 ==== mgrmap(e 8) ==== 46461+0+0 (secure 0 0 0) 0x7f5d28045070 con 0x7f5d2c107620
2024-09-19T06:38:20.669 INFO:teuthology.orchestra.run.smithi159.stdout:/usr/bin/ceph: stderr
2024-09-19T06:38:16.795+0000 7f5d33ccd640 1 -- 172.21.15.159:0/3405169651 --> [v2:172.21.15.159:3300/0,v1:172.21.15.159:6789/0] -- mon_command({"prefix": "get_command_descriptions"} v 0) -- 0x7f5d2c10bd50 con 0x7f5d2c107620
2024-09-19T06:38:20.670 INFO:teuthology.orchestra.run.smithi159.stdout:/usr/bin/ceph: stderr
2024-09-19T06:38:16.795+0000 7f5d22ffd640 1 --2- 172.21.15.159:0/3405169651 >> [v2:172.21.15.159:6800/3687310237,v1:172.21.15.159:6801/3687310237] conn(0x7f5d180391b0 0x7f5d1803b670 unknown :-1 s=NONE pgs=0 cs=0 l=1 rev1=0 crypto rx=0 tx=0 comp rx=0 tx=0).connect
2024-09-19T06:38:20.670 INFO:teuthology.orchestra.run.smithi159.stdout:/usr/bin/ceph: stderr
2024-09-19T06:38:16.795+0000 7f5d22ffd640 1 -- 172.21.15.159:0/3405169651 <== mon.0 v2:172.21.15.159:3300/0 5 ==== osd_map(2..2 src has 1..2) ==== 940+0+0 (secure 0 0 0) 0x7f5d2806c3a0 con 0x7f5d2c107620
2024-09-19T06:38:20.670 INFO:teuthology.orchestra.run.smithi159.stdout:/usr/bin/ceph: stderr
2024-09-19T06:38:16.795+0000 7f5d31268640 1 --2- 172.21.15.159:0/3405169651 >> [v2:172.21.15.159:6800/3687310237,v1:172.21.15.159:6801/3687310237] conn(0x7f5d180391b0 0x7f5d1803b670 unknown :-1 s=BANNER_CONNECTING pgs=0 cs=0 l=1 rev1=0 crypto rx=0 tx=0 comp rx=0 tx=0)._handle_peer_banner_payload supported=3 required=0
2024-09-19T06:38:20.670 INFO:teuthology.orchestra.run.smithi159.stdout:/usr/bin/ceph: stderr
2024-09-19T06:38:16.796+0000 7f5d31268640 1 --2- 172.21.15.159:0/3405169651 >> [v2:172.21.15.159:6800/3687310237,v1:172.21.15.159:6801/3687310237] conn(0x7f5d180391b0 0x7f5d1803b670 secure :-1 s=READY pgs=11 cs=0 l=1 rev1=1 crypto rx=0x7f5d1c0098c0 tx=0x7f5d1c006db0 comp rx=0 tx=0).ready entity=mgr.14118 client_cookie=0 server_cookie=0 in_seq=0 out_seq=0
2024-09-19T06:38:20.670 INFO:teuthology.orchestra.run.smithi159.stdout:/usr/bin/ceph: stderr
2024-09-19T06:38:16.800+0000 7f5d22ffd640 1 -- 172.21.15.159:0/3405169651 <== mon.0 v2:172.21.15.159:3300/0 6 ==== mon_command_ack([{"prefix": "get_command_descriptions"}]=0 v0) ==== 72+0+188913 (secure 0 0 0) 0x7f5d2803ccd0 con 0x7f5d2c107620
2024-09-19T06:38:20.670 INFO:teuthology.orchestra.run.smithi159.stdout:/usr/bin/ceph: stderr
2024-09-19T06:38:16.967+0000 7f5d33ccd640 1 -- 172.21.15.159:0/3405169651 --> [v2:172.21.15.159:6800/3687310237,v1:172.21.15.159:6801/3687310237] -- mgr_command(tid 0: {"prefix": "orch host add", "hostname": "smithi159", "addr": "172.21.15.159", "target": ["mon-mgr", ""]}) -- 0x7f5d2c104070 con 0x7f5d180391b0
2024-09-19T06:38:20.670 INFO:teuthology.orchestra.run.smithi159.stdout:/usr/bin/ceph: stderr
2024-09-19T06:38:20.101+0000 7f5d22ffd640 1 -- 172.21.15.159:0/3405169651 <== mgr.14118 v2:172.21.15.159:6800/3687310237 1 ==== mgr_command_reply(tid 0: 0 ) ==== 8+0+49 (secure 0 0 0) 0x7f5d2c104070 con 0x7f5d180391b0
2024-09-19T06:38:20.670 INFO:teuthology.orchestra.run.smithi159.stdout:/usr/bin/ceph: stderr
2024-09-19T06:38:20.104+0000 7f5d33ccd640 1 -- 172.21.15.159:0/3405169651 >> [v2:172.21.15.159:6800/3687310237,v1:172.21.15.159:6801/3687310237] conn(0x7f5d180391b0 msgr2=0x7f5d1803b670 secure :-1 s=STATE_CONNECTION_ESTABLISHED l=1).mark_down
2024-09-19T06:38:20.670 INFO:teuthology.orchestra.run.smithi159.stdout:/usr/bin/ceph: stderr
2024-09-19T06:38:20.104+0000 7f5d33ccd640 1 --2- 172.21.15.159:0/3405169651 >> [v2:172.21.15.159:6800/3687310237,v1:172.21.15.159:6801/3687310237] conn(0x7f5d180391b0 0x7f5d1803b670 secure :-1 s=READY pgs=11 cs=0 l=1 rev1=1 crypto rx=0x7f5d1c0098c0 tx=0x7f5d1c006db0 comp rx=0 tx=0).stop
2024-09-19T06:38:20.670 INFO:teuthology.orchestra.run.smithi159.stdout:/usr/bin/ceph: stderr
