2024-09-19T06:38:29.703+0000 7ffad37fe640 1 --2- 172.21.15.159:0/1406207585 >> [v2:172.21.15.159:6800/3687310237,v1:172.21.15.159:6801/3687310237] conn(0x7ffabc039200 0x7ffabc03b6c0 unknown :-1 s=START_CONNECT pgs=0 cs=0 l=1 rev1=0 crypto rx=0 tx=0 comp rx=0 tx=0)._fault waiting 0.400000
2024-09-19T06:38:30.218 INFO:teuthology.orchestra.run.smithi159.stdout:/usr/bin/ceph: stderr
2024-09-19T06:38:29.726+0000 7ffada711640 1 -- 172.21.15.159:0/1406207585 --> [v2:172.21.15.159:3300/0,v1:172.21.15.159:6789/0] -- mon_command({"prefix": "mgr stat"} v 0) -- 0x7ffad4195440 con 0x7ffad4106510
2024-09-19T06:38:30.218 INFO:teuthology.orchestra.run.smithi159.stdout:/usr/bin/ceph: stderr
2024-09-19T06:38:29.727+0000 7ffad17fa640 1 -- 172.21.15.159:0/1406207585 <== mon.0 v2:172.21.15.159:3300/0 7 ==== mon_command_ack([{"prefix": "mgr stat"}]=0 v9) ==== 56+0+88 (secure 0 0 0) 0x7ffac4041270 con 0x7ffad4106510
2024-09-19T06:38:30.218 INFO:teuthology.orchestra.run.smithi159.stdout:/usr/bin/ceph: stderr
2024-09-19T06:38:29.729+0000 7ffada711640 1 -- 172.21.15.159:0/1406207585 >> [v2:172.21.15.159:6800/3687310237,v1:172.21.15.159:6801/3687310237] conn(0x7ffabc039200 msgr2=0x7ffabc03b6c0 unknown :-1 s=STATE_CONNECTING l=1).mark_down
2024-09-19T06:38:30.218 INFO:teuthology.orchestra.run.smithi159.stdout:/usr/bin/ceph: stderr
2024-09-19T06:38:29.729+0000 7ffada711640 1 --2- 172.21.15.159:0/1406207585 >> [v2:172.21.15.159:6800/3687310237,v1:172.21.15.159:6801/3687310237] conn(0x7ffabc039200 0x7ffabc03b6c0 unknown :-1 s=START_CONNECT pgs=0 cs=0 l=1 rev1=0 crypto rx=0 tx=0 comp rx=0 tx=0).stop
2024-09-19T06:38:30.218 INFO:teuthology.orchestra.run.smithi159.stdout:/usr/bin/ceph: stderr
2024-09-19T06:38:29.729+0000 7ffada711640 1 -- 172.21.15.159:0/1406207585 >> [v2:172.21.15.159:3300/0,v1:172.21.15.159:6789/0] conn(0x7ffad4106510 msgr2=0x7ffad41916f0 secure :-1 s=STATE_CONNECTION_ESTABLISHED l=1).mark_down
2024-09-19T06:38:30.219 INFO:teuthology.orchestra.run.smithi159.stdout:/usr/bin/ceph: stderr
2024-09-19T06:38:29.729+0000 7ffada711640 1 --2- 172.21.15.159:0/1406207585 >> [v2:172.21.15.159:3300/0,v1:172.21.15.159:6789/0] conn(0x7ffad4106510 0x7ffad41916f0 secure :-1 s=READY pgs=58 cs=0 l=1 rev1=1 crypto rx=0x7ffac4030560 tx=0x7ffac4032670 comp rx=0 tx=0).stop
2024-09-19T06:38:30.219 INFO:teuthology.orchestra.run.smithi159.stdout:/usr/bin/ceph: stderr
2024-09-19T06:38:29.729+0000 7ffada711640 1 -- 172.21.15.159:0/1406207585 shutdown_connections
2024-09-19T06:38:30.219 INFO:teuthology.orchestra.run.smithi159.stdout:/usr/bin/ceph: stderr
2024-09-19T06:38:29.729+0000 7ffada711640 1 --2- 172.21.15.159:0/1406207585 >> [v2:172.21.15.159:6800/3687310237,v1:172.21.15.159:6801/3687310237] conn(0x7ffabc039200 0x7ffabc03b6c0 unknown :-1 s=CLOSED pgs=0 cs=0 l=1 rev1=0 crypto rx=0 tx=0 comp rx=0 tx=0).stop
2024-09-19T06:38:30.219 INFO:teuthology.orchestra.run.smithi159.stdout:/usr/bin/ceph: stderr
2024-09-19T06:38:29.729+0000 7ffada711640 1 --2- 172.21.15.159:0/1406207585 >> [v2:172.21.15.159:3300/0,v1:172.21.15.159:6789/0] conn(0x7ffad4106510 0x7ffad41916f0 unknown :-1 s=CLOSED pgs=58 cs=0 l=1 rev1=1 crypto rx=0 tx=0 comp rx=0 tx=0).stop
2024-09-19T06:38:30.219 INFO:teuthology.orchestra.run.smithi159.stdout:/usr/bin/ceph: stderr
2024-09-19T06:38:29.729+0000 7ffada711640 1 -- 172.21.15.159:0/1406207585 >> 172.21.15.159:0/1406207585 conn(0x7ffad4101ca0 msgr2=0x7ffad4102c30 unknown :-1 s=STATE_NONE l=0).mark_down
2024-09-19T06:38:30.219 INFO:teuthology.orchestra.run.smithi159.stdout:/usr/bin/ceph: stderr
2024-09-19T06:38:29.729+0000 7ffada711640 1 -- 172.21.15.159:0/1406207585 shutdown_connections
2024-09-19T06:38:30.219 INFO:teuthology.orchestra.run.smithi159.stdout:/usr/bin/ceph: stderr
2024-09-19T06:38:29.729+0000 7ffada711640 1 -- 172.21.15.159:0/1406207585 wait complete.
2024-09-19T06:38:30.219 INFO:teuthology.orchestra.run.smithi159.stdout:Waiting for the mgr to restart...
2024-09-19T06:38:30.219 INFO:teuthology.orchestra.run.smithi159.stdout:Waiting for mgr epoch 9...
2024-09-19T06:38:30.646 INFO:journalctl@ceph.mon.a.smithi159.stdout:Sep 19 06:38:30 smithi159 ceph-mon[30935]: from='client.? 172.21.15.159:0/1406207585' entity='client.admin' cmd=[{"prefix": "mgr stat"}]: dispatch
2024-09-19T06:38:30.898 INFO:journalctl@ceph.mgr.x.smithi159.stdout:Sep 19 06:38:30 smithi159 ceph-82c73dba-7651-11ef-bceb-c7b262605968-mgr-x[31164]:
2024-09-19T06:38:30.669+0000 7f363fd61040 -1 mgr[py] Module telemetry has missing NOTIFY_TYPES member
2024-09-19T06:38:30.898 INFO:journalctl@ceph.mgr.x.smithi159.stdout:Sep 19 06:38:30 smithi159 ceph-82c73dba-7651-11ef-bceb-c7b262605968-mgr-x[31164]:
2024-09-19T06:38:30.738+0000 7f363fd61040 -1 mgr[py] Module balancer has missing NOTIFY_TYPES member
2024-09-19T06:38:31.570 INFO:journalctl@ceph.mgr.x.smithi159.stdout:Sep 19 06:38:31 smithi159 ceph-82c73dba-7651-11ef-bceb-c7b262605968-mgr-x[31164]:
2024-09-19T06:38:31.452+0000 7f363fd61040 -1 mgr[py] Module rook has missing NOTIFY_TYPES member
2024-09-19T06:38:31.570 INFO:journalctl@ceph.mgr.x.smithi159.stdout:Sep 19 06:38:31 smithi159 ceph-82c73dba-7651-11ef-bceb-c7b262605968-mgr-x[31164]:
2024-09-19T06:38:31.568+0000 7f363fd61040 -1 mgr[py] Module iostat has missing NOTIFY_TYPES member
2024-09-19T06:38:31.897 INFO:journalctl@ceph.mgr.x.smithi159.stdout:Sep 19 06:38:31 smithi159 ceph-82c73dba-7651-11ef-bceb-c7b262605968-mgr-x[31164]:
2024-09-19T06:38:31.712+0000 7f363fd61040 -1 mgr[py] Module orchestrator has missing NOTIFY_TYPES member
2024-09-19T06:38:31.898 INFO:journalctl@ceph.mgr.x.smithi159.stdout:Sep 19 06:38:31 smithi159 ceph-82c73dba-7651-11ef-bceb-c7b262605968-mgr-x[31164]:
2024-09-19T06:38:31.773+0000 7f363fd61040 -1 mgr[py] Module devicehealth has missing NOTIFY_TYPES member
2024-09-19T06:38:32.210 INFO:journalctl@ceph.mgr.x.smithi159.stdout:Sep 19 06:38:31 smithi159 ceph-82c73dba-7651-11ef-bceb-c7b262605968-mgr-x[31164]:
2024-09-19T06:38:31.923+0000 7f363fd61040 -1 mgr[py] Module rgw has missing NOTIFY_TYPES member
2024-09-19T06:38:32.211 INFO:journalctl@ceph.mgr.x.smithi159.stdout:Sep 19 06:38:31 smithi159 ceph-82c73dba-7651-11ef-bceb-c7b262605968-mgr-x[31164]:
2024-09-19T06:38:31.991+0000 7f363fd61040 -1 mgr[py] Module alerts has missing NOTIFY_TYPES member
2024-09-19T06:38:32.211 INFO:journalctl@ceph.mgr.x.smithi159.stdout:Sep 19 06:38:32 smithi159 ceph-82c73dba-7651-11ef-bceb-c7b262605968-mgr-x[31164]:
2024-09-19T06:38:32.051+0000 7f363fd61040 -1 mgr[py] Module progress has missing NOTIFY_TYPES member
2024-09-19T06:38:32.211 INFO:journalctl@ceph.mgr.x.smithi159.stdout:Sep 19 06:38:32 smithi159 ceph-82c73dba-7651-11ef-bceb-c7b262605968-mgr-x[31164]:
2024-09-19T06:38:32.209+0000 7f363fd61040 -1 mgr[py] Module nfs has missing NOTIFY_TYPES member
2024-09-19T06:38:32.485 INFO:journalctl@ceph.mgr.x.smithi159.stdout:Sep 19 06:38:32 smithi159 ceph-82c73dba-7651-11ef-bceb-c7b262605968-mgr-x[31164]:
2024-09-19T06:38:32.275+0000 7f363fd61040 -1 mgr[py] Module status has missing NOTIFY_TYPES member
2024-09-19T06:38:32.485 INFO:journalctl@ceph.mgr.x.smithi159.stdout:Sep 19 06:38:32 smithi159 ceph-82c73dba-7651-11ef-bceb-c7b262605968-mgr-x[31164]:
2024-09-19T06:38:32.341+0000 7f363fd61040 -1 mgr[py] Module pg_autoscaler has missing NOTIFY_TYPES member
2024-09-19T06:38:32.485 INFO:journalctl@ceph.mgr.x.smithi159.stdout:Sep 19 06:38:32 smithi159 ceph-82c73dba-7651-11ef-bceb-c7b262605968-mgr-x[31164]:
2024-09-19T06:38:32.423+0000 7f363fd61040 -1 mgr[py] Module rbd_support has missing NOTIFY_TYPES member
2024-09-19T06:38:32.485 INFO:journalctl@ceph.mgr.x.smithi159.stdout:Sep 19 06:38:32 smithi159 ceph-82c73dba-7651-11ef-bceb-c7b262605968-mgr-x[31164]:
2024-09-19T06:38:32.482+0000 7f363fd61040 -1 mgr[py] Module influx has missing NOTIFY_TYPES member
2024-09-19T06:38:32.898 INFO:journalctl@ceph.mgr.x.smithi159.stdout:Sep 19 06:38:32 smithi159 ceph-82c73dba-7651-11ef-bceb-c7b262605968-mgr-x[31164]:
2024-09-19T06:38:32.540+0000 7f363fd61040 -1 mgr[py] Module zabbix has missing NOTIFY_TYPES member
2024-09-19T06:38:33.648 INFO:journalctl@ceph.mgr.x.smithi159.stdout:Sep 19 06:38:33 smithi159 ceph-82c73dba-7651-11ef-bceb-c7b262605968-mgr-x[31164]:
2024-09-19T06:38:33.327+0000 7f363fd61040 -1 mgr[py] Module telegraf has missing NOTIFY_TYPES member
2024-09-19T06:38:33.648 INFO:journalctl@ceph.mon.a.smithi159.stdout:Sep 19 06:38:33 smithi159 ceph-mon[30935]: Active manager daemon x restarted
2024-09-19T06:38:33.648 INFO:journalctl@ceph.mon.a.smithi159.stdout:Sep 19 06:38:33 smithi159 ceph-mon[30935]: Activating manager daemon x
2024-09-19T06:38:33.648 INFO:journalctl@ceph.mon.a.smithi159.stdout:Sep 19 06:38:33 smithi159 ceph-mon[30935]: osdmap e3: 0 total, 0 up, 0 in
2024-09-19T06:38:33.648 INFO:journalctl@ceph.mon.a.smithi159.stdout:Sep 19 06:38:33 smithi159 ceph-mon[30935]: mgrmap e10: x(active, starting, since 0.00354844s)
2024-09-19T06:38:33.648 INFO:journalctl@ceph.mon.a.smithi159.stdout:Sep 19 06:38:33 smithi159 ceph-mon[30935]: from='mgr.14150 172.21.15.159:0/2897666583' entity='mgr.x' cmd=[{"prefix": "mon metadata", "id": "a"}]: dispatch
2024-09-19T06:38:33.648 INFO:journalctl@ceph.mon.a.smithi159.stdout:Sep 19 06:38:33 smithi159 ceph-mon[30935]: from='mgr.14150 172.21.15.159:0/2897666583' entity='mgr.x' cmd=[{"prefix": "mgr metadata", "who": "x", "id": "x"}]: dispatch
2024-09-19T06:38:33.649 INFO:journalctl@ceph.mon.a.smithi159.stdout:Sep 19 06:38:33 smithi159 ceph-mon[30935]: from='mgr.14150 172.21.15.159:0/2897666583' entity='mgr.x' cmd=[{"prefix": "mds metadata"}]: dispatch
2024-09-19T06:38:33.649 INFO:journalctl@ceph.mon.a.smithi159.stdout:Sep 19 06:38:33 smithi159 ceph-mon[30935]: from='mgr.14150 172.21.15.159:0/2897666583' entity='mgr.x' cmd=[{"prefix": "osd metadata"}]: dispatch
2024-09-19T06:38:33.649 INFO:journalctl@ceph.mon.a.smithi159.stdout:Sep 19 06:38:33 smithi159 ceph-mon[30935]: from='mgr.14150 172.21.15.159:0/2897666583' entity='mgr.x' cmd=[{"prefix": "mon metadata"}]: dispatch
2024-09-19T06:38:33.649 INFO:journalctl@ceph.mon.a.smithi159.stdout:Sep 19 06:38:33 smithi159 ceph-mon[30935]: Manager daemon x is now available
2024-09-19T06:38:33.649 INFO:journalctl@ceph.mon.a.smithi159.stdout:Sep 19 06:38:33 smithi159 ceph-mon[30935]: from='mgr.14150 172.21.15.159:0/2897666583' entity='mgr.x' cmd=[{"prefix": "config dump", "format": "json"}]: dispatch
2024-09-19T06:38:33.649 INFO:journalctl@ceph.mon.a.smithi159.stdout:Sep 19 06:38:33 smithi159 ceph-mon[30935]: from='mgr.14150 172.21.15.159:0/2897666583' entity='mgr.x' cmd=[{"prefix":"config rm","who":"mgr","name":"mgr/rbd_support/x/mirror_snapshot_schedule"}]: dispatch
2024-09-19T06:38:33.649 INFO:journalctl@ceph.mon.a.smithi159.stdout:Sep 19 06:38:33 smithi159 ceph-mon[30935]: from='mgr.14150 172.21.15.159:0/2897666583' entity='mgr.x' cmd=[{"prefix":"config rm","who":"mgr","name":"mgr/rbd_support/x/trash_purge_schedule"}]: dispatch
2024-09-19T06:38:35.034 INFO:journalctl@ceph.mgr.x.smithi159.stdout:Sep 19 06:38:34 smithi159 ceph-82c73dba-7651-11ef-bceb-c7b262605968-mgr-x[31164]:
2024-09-19T06:38:34.806+0000 7f35ab075640 -1 log_channel(cephadm) log [ERR] : [19/Sep/2024:06:38:34] ENGINE Error in HTTPServer.serve
2024-09-19T06:38:35.034 INFO:journalctl@ceph.mgr.x.smithi159.stdout:Sep 19 06:38:34 smithi159 ceph-82c73dba-7651-11ef-bceb-c7b262605968-mgr-x[31164]: Traceback (most recent call last):
2024-09-19T06:38:35.034 INFO:journalctl@ceph.mgr.x.smithi159.stdout:Sep 19 06:38:34 smithi159 ceph-82c73dba-7651-11ef-bceb-c7b262605968-mgr-x[31164]: File "/lib/python3.9/site-packages/cheroot/server.py", line 1823, in serve
2024-09-19T06:38:35.034 INFO:journalctl@ceph.mgr.x.smithi159.stdout:Sep 19 06:38:34 smithi159 ceph-82c73dba-7651-11ef-bceb-c7b262605968-mgr-x[31164]: self._connections.run(self.expiration_interval)
2024-09-19T06:38:35.034 INFO:journalctl@ceph.mgr.x.smithi159.stdout:Sep 19 06:38:34 smithi159 ceph-82c73dba-7651-11ef-bceb-c7b262605968-mgr-x[31164]: File "/lib/python3.9/site-packages/cheroot/connections.py", line 203, in run
2024-09-19T06:38:35.034 INFO:journalctl@ceph.mgr.x.smithi159.stdout:Sep 19 06:38:34 smithi159 ceph-82c73dba-7651-11ef-bceb-c7b262605968-mgr-x[31164]: self._run(expiration_interval)
2024-09-19T06:38:35.035 INFO:journalctl@ceph.mgr.x.smithi159.stdout:Sep 19 06:38:34 smithi159 ceph-82c73dba-7651-11ef-bceb-c7b262605968-mgr-x[31164]: File "/lib/python3.9/site-packages/cheroot/connections.py", line 246, in _run
2024-09-19T06:38:35.035 INFO:journalctl@ceph.mgr.x.smithi159.stdout:Sep 19 06:38:34 smithi159 ceph-82c73dba-7651-11ef-bceb-c7b262605968-mgr-x[31164]: new_conn = self._from_server_socket(self.server.socket)
2024-09-19T06:38:35.035 INFO:journalctl@ceph.mgr.x.smithi159.stdout:Sep 19 06:38:34 smithi159 ceph-82c73dba-7651-11ef-bceb-c7b262605968-mgr-x[31164]: File "/lib/python3.9/site-packages/cheroot/connections.py", line 300, in _from_server_socket
2024-09-19T06:38:35.035 INFO:journalctl@ceph.mgr.x.smithi159.stdout:Sep 19 06:38:34 smithi159 ceph-82c73dba-7651-11ef-bceb-c7b262605968-mgr-x[31164]: s, ssl_env = self.server.ssl_adapter.wrap(s)
2024-09-19T06:38:35.035 INFO:journalctl@ceph.mgr.x.smithi159.stdout:Sep 19 06:38:34 smithi159 ceph-82c73dba-7651-11ef-bceb-c7b262605968-mgr-x[31164]: File "/lib/python3.9/site-packages/cheroot/ssl/builtin.py", line 277, in wrap
2024-09-19T06:38:35.035 INFO:journalctl@ceph.mgr.x.smithi159.stdout:Sep 19 06:38:34 smithi159 ceph-82c73dba-7651-11ef-bceb-c7b262605968-mgr-x[31164]: s = self.context.wrap_socket(
2024-09-19T06:38:35.035 INFO:journalctl@ceph.mgr.x.smithi159.stdout:Sep 19 06:38:34 smithi159 ceph-82c73dba-7651-11ef-bceb-c7b262605968-mgr-x[31164]: File "/lib64/python3.9/ssl.py", line 501, in wrap_socket
2024-09-19T06:38:35.035 INFO:journalctl@ceph.mgr.x.smithi159.stdout:Sep 19 06:38:34 smithi159 ceph-82c73dba-7651-11ef-bceb-c7b262605968-mgr-x[31164]: return self.sslsocket_class._create(
2024-09-19T06:38:35.035 INFO:journalctl@ceph.mgr.x.smithi159.stdout:Sep 19 06:38:34 smithi159 ceph-82c73dba-7651-11ef-bceb-c7b262605968-mgr-x[31164]: File "/lib64/python3.9/ssl.py", line 1074, in _create
2024-09-19T06:38:35.035 INFO:journalctl@ceph.mgr.x.smithi159.stdout:Sep 19 06:38:34 smithi159 ceph-82c73dba-7651-11ef-bceb-c7b262605968-mgr-x[31164]: self.do_handshake()
2024-09-19T06:38:35.035 INFO:journalctl@ceph.mgr.x.smithi159.stdout:Sep 19 06:38:34 smithi159 ceph-82c73dba-7651-11ef-bceb-c7b262605968-mgr-x[31164]: File "/lib64/python3.9/ssl.py", line 1343, in do_handshake
2024-09-19T06:38:35.035 INFO:journalctl@ceph.mgr.x.smithi159.stdout:Sep 19 06:38:34 smithi159 ceph-82c73dba-7651-11ef-bceb-c7b262605968-mgr-x[31164]: self._sslobj.do_handshake()
2024-09-19T06:38:35.035 INFO:journalctl@ceph.mgr.x.smithi159.stdout:Sep 19 06:38:34 smithi159 ceph-82c73dba-7651-11ef-bceb-c7b262605968-mgr-x[31164]: ssl.SSLZeroReturnError: TLS/SSL connection has been closed (EOF) (_ssl.c:1133)
2024-09-19T06:38:35.035 INFO:journalctl@ceph.mgr.x.smithi159.stdout:Sep 19 06:38:34 smithi159 ceph-82c73dba-7651-11ef-bceb-c7b262605968-mgr-x[31164]:
2024-09-19T06:38:35.042 INFO:teuthology.orchestra.run.smithi159.stdout:/usr/bin/ceph: stdout {
2024-09-19T06:38:35.043 INFO:teuthology.orchestra.run.smithi159.stdout:/usr/bin/ceph: stdout "mgrmap_epoch": 11,
2024-09-19T06:38:35.043 INFO:teuthology.orchestra.run.smithi159.stdout:/usr/bin/ceph: stdout "initialized": true
2024-09-19T06:38:35.043 INFO:teuthology.orchestra.run.smithi159.stdout:/usr/bin/ceph: stdout }
2024-09-19T06:38:35.043 INFO:teuthology.orchestra.run.smithi159.stdout:/usr/bin/ceph: stderr
2024-09-19T06:38:30.645+0000 7f15d80cf640 1 Processor -- start
2024-09-19T06:38:35.043 INFO:teuthology.orchestra.run.smithi159.stdout:/usr/bin/ceph: stderr
2024-09-19T06:38:30.645+0000 7f15d80cf640 1 -- start start
2024-09-19T06:38:35.043 INFO:teuthology.orchestra.run.smithi159.stdout:/usr/bin/ceph: stderr
2024-09-19T06:38:30.645+0000 7f15d80cf640 1 --2- >> [v2:172.21.15.159:3300/0,v1:172.21.15.159:6789/0] conn(0x7f15d0107650 0x7f15d0107a50 unknown :-1 s=NONE pgs=0 cs=0 l=0 rev1=0 crypto rx=0 tx=0 comp rx=0 tx=0).connect
2024-09-19T06:38:35.043 INFO:teuthology.orchestra.run.smithi159.stdout:/usr/bin/ceph: stderr
2024-09-19T06:38:30.645+0000 7f15d80cf640 1 -- --> [v2:172.21.15.159:3300/0,v1:172.21.15.159:6789/0] -- mon_getmap magic: 0 -- 0x7f15d0108020 con 0x7f15d0107650
2024-09-19T06:38:35.043 INFO:teuthology.orchestra.run.smithi159.stdout:/usr/bin/ceph: stderr
2024-09-19T06:38:30.645+0000 7f15d5e6b640 1 --2- >> [v2:172.21.15.159:3300/0,v1:172.21.15.159:6789/0] conn(0x7f15d0107650 0x7f15d0107a50 unknown :-1 s=BANNER_CONNECTING pgs=0 cs=0 l=0 rev1=0 crypto rx=0 tx=0 comp rx=0 tx=0)._handle_peer_banner_payload supported=3 required=0
2024-09-19T06:38:35.043 INFO:teuthology.orchestra.run.smithi159.stdout:/usr/bin/ceph: stderr
2024-09-19T06:38:30.645+0000 7f15d5e6b640 1 --2- >> [v2:172.21.15.159:3300/0,v1:172.21.15.159:6789/0] conn(0x7f15d0107650 0x7f15d0107a50 unknown :-1 s=HELLO_CONNECTING pgs=0 cs=0 l=0 rev1=1 crypto rx=0 tx=0 comp rx=0 tx=0).handle_hello peer v2:172.21.15.159:3300/0 says I am v2:172.21.15.159:36356/0 (socket says 172.21.15.159:36356)
2024-09-19T06:38:35.043 INFO:teuthology.orchestra.run.smithi159.stdout:/usr/bin/ceph: stderr
2024-09-19T06:38:30.645+0000 7f15d5e6b640 1 -- 172.21.15.159:0/3337407661 learned_addr learned my addr 172.21.15.159:0/3337407661 (peer_addr_for_me v2:172.21.15.159:0/0)
2024-09-19T06:38:35.043 INFO:teuthology.orchestra.run.smithi159.stdout:/usr/bin/ceph: stderr
2024-09-19T06:38:30.646+0000 7f15d5e6b640 1 -- 172.21.15.159:0/3337407661 --> [v2:172.21.15.159:3300/0,v1:172.21.15.159:6789/0] -- mon_subscribe({config=0+,monmap=0+}) -- 0x7f15d0108800 con 0x7f15d0107650
2024-09-19T06:38:35.044 INFO:teuthology.orchestra.run.smithi159.stdout:/usr/bin/ceph: stderr
2024-09-19T06:38:30.647+0000 7f15d5e6b640 1 --2- 172.21.15.159:0/3337407661 >> [v2:172.21.15.159:3300/0,v1:172.21.15.159:6789/0] conn(0x7f15d0107650 0x7f15d0107a50 secure :-1 s=READY pgs=59 cs=0 l=1 rev1=1 crypto rx=0x7f15cc009820 tx=0x7f15cc02a270 comp rx=0 tx=0).ready entity=mon.0 client_cookie=694591f207ccba2e server_cookie=0 in_seq=0 out_seq=0
2024-09-19T06:38:35.044 INFO:teuthology.orchestra.run.smithi159.stdout:/usr/bin/ceph: stderr
2024-09-19T06:38:30.647+0000 7f15d4e69640 1 -- 172.21.15.159:0/3337407661 <== mon.0 v2:172.21.15.159:3300/0 1 ==== mon_map magic: 0 ==== 205+0+0 (secure 0 0 0) 0x7f15cc037070 con 0x7f15d0107650
2024-09-19T06:38:35.044 INFO:teuthology.orchestra.run.smithi159.stdout:/usr/bin/ceph: stderr
2024-09-19T06:38:30.647+0000 7f15d4e69640 1 -- 172.21.15.159:0/3337407661 <== mon.0 v2:172.21.15.159:3300/0 2 ==== config(27 keys) ==== 1140+0+0 (secure 0 0 0) 0x7f15cc032920 con 0x7f15d0107650
2024-09-19T06:38:35.044 INFO:teuthology.orchestra.run.smithi159.stdout:/usr/bin/ceph: stderr
2024-09-19T06:38:30.647+0000 7f15d4e69640 1 -- 172.21.15.159:0/3337407661 <== mon.0 v2:172.21.15.159:3300/0 3 ==== mon_map magic: 0 ==== 205+0+0 (secure 0 0 0) 0x7f15cc030810 con 0x7f15d0107650
2024-09-19T06:38:35.044 INFO:teuthology.orchestra.run.smithi159.stdout:/usr/bin/ceph: stderr
2024-09-19T06:38:30.647+0000 7f15d80cf640 1 -- 172.21.15.159:0/3337407661 >> [v2:172.21.15.159:3300/0,v1:172.21.15.159:6789/0] conn(0x7f15d0107650 msgr2=0x7f15d0107a50 secure :-1 s=STATE_CONNECTION_ESTABLISHED l=1).mark_down
2024-09-19T06:38:35.044 INFO:teuthology.orchestra.run.smithi159.stdout:/usr/bin/ceph: stderr
2024-09-19T06:38:30.647+0000 7f15d80cf640 1 --2- 172.21.15.159:0/3337407661 >> [v2:172.21.15.159:3300/0,v1:172.21.15.159:6789/0] conn(0x7f15d0107650 0x7f15d0107a50 secure :-1 s=READY pgs=59 cs=0 l=1 rev1=1 crypto rx=0x7f15cc009820 tx=0x7f15cc02a270 comp rx=0 tx=0).stop
2024-09-19T06:38:35.044 INFO:teuthology.orchestra.run.smithi159.stdout:/usr/bin/ceph: stderr
2024-09-19T06:38:30.647+0000 7f15d80cf640 1 -- 172.21.15.159:0/3337407661 shutdown_connections
2024-09-19T06:38:35.044 INFO:teuthology.orchestra.run.smithi159.stdout:/usr/bin/ceph: stderr
2024-09-19T06:38:30.647+0000 7f15d80cf640 1 --2- 172.21.15.159:0/3337407661 >> [v2:172.21.15.159:3300/0,v1:172.21.15.159:6789/0] conn(0x7f15d0107650 0x7f15d0107a50 unknown :-1 s=CLOSED pgs=59 cs=0 l=1 rev1=1 crypto rx=0 tx=0 comp rx=0 tx=0).stop
2024-09-19T06:38:35.044 INFO:teuthology.orchestra.run.smithi159.stdout:/usr/bin/ceph: stderr
2024-09-19T06:38:30.647+0000 7f15d80cf640 1 -- 172.21.15.159:0/3337407661 >> 172.21.15.159:0/3337407661 conn(0x7f15d0102de0 msgr2=0x7f15d0105220 unknown :-1 s=STATE_NONE l=0).mark_down
2024-09-19T06:38:35.044 INFO:teuthology.orchestra.run.smithi159.stdout:/usr/bin/ceph: stderr
2024-09-19T06:38:30.648+0000 7f15d80cf640 1 -- 172.21.15.159:0/3337407661 shutdown_connections
2024-09-19T06:38:35.044 INFO:teuthology.orchestra.run.smithi159.stdout:/usr/bin/ceph: stderr
2024-09-19T06:38:30.648+0000 7f15d80cf640 1 -- 172.21.15.159:0/3337407661 wait complete.
2024-09-19T06:38:35.044 INFO:teuthology.orchestra.run.smithi159.stdout:/usr/bin/ceph: stderr
2024-09-19T06:38:30.648+0000 7f15d80cf640 1 Processor -- start
2024-09-19T06:38:35.044 INFO:teuthology.orchestra.run.smithi159.stdout:/usr/bin/ceph: stderr
2024-09-19T06:38:30.648+0000 7f15d80cf640 1 -- start start
2024-09-19T06:38:35.045 INFO:teuthology.orchestra.run.smithi159.stdout:/usr/bin/ceph: stderr
2024-09-19T06:38:30.649+0000 7f15d80cf640 1 --2- >> [v2:172.21.15.159:3300/0,v1:172.21.15.159:6789/0] conn(0x7f15d0107650 0x7f15d019b620 unknown :-1 s=NONE pgs=0 cs=0 l=1 rev1=0 crypto rx=0 tx=0 comp rx=0 tx=0).connect
2024-09-19T06:38:35.045 INFO:teuthology.orchestra.run.smithi159.stdout:/usr/bin/ceph: stderr
2024-09-19T06:38:30.649+0000 7f15d80cf640 1 -- --> [v2:172.21.15.159:3300/0,v1:172.21.15.159:6789/0] -- mon_getmap magic: 0 -- 0x7f15d010bbb0 con 0x7f15d0107650
2024-09-19T06:38:35.045 INFO:teuthology.orchestra.run.smithi159.stdout:/usr/bin/ceph: stderr
2024-09-19T06:38:30.649+0000 7f15d5e6b640 1 --2- >> [v2:172.21.15.159:3300/0,v1:172.21.15.159:6789/0] conn(0x7f15d0107650 0x7f15d019b620 unknown :-1 s=BANNER_CONNECTING pgs=0 cs=0 l=1 rev1=0 crypto rx=0 tx=0 comp rx=0 tx=0)._handle_peer_banner_payload supported=3 required=0
2024-09-19T06:38:35.045 INFO:teuthology.orchestra.run.smithi159.stdout:/usr/bin/ceph: stderr
2024-09-19T06:38:30.649+0000 7f15d5e6b640 1 --2- >> [v2:172.21.15.159:3300/0,v1:172.21.15.159:6789/0] conn(0x7f15d0107650 0x7f15d019b620 unknown :-1 s=HELLO_CONNECTING pgs=0 cs=0 l=1 rev1=1 crypto rx=0 tx=0 comp rx=0 tx=0).handle_hello peer v2:172.21.15.159:3300/0 says I am v2:172.21.15.159:36366/0 (socket says 172.21.15.159:36366)
2024-09-19T06:38:35.045 INFO:teuthology.orchestra.run.smithi159.stdout:/usr/bin/ceph: stderr
2024-09-19T06:38:30.649+0000 7f15d5e6b640 1 -- 172.21.15.159:0/2069435387 learned_addr learned my addr 172.21.15.159:0/2069435387 (peer_addr_for_me v2:172.21.15.159:0/0)
2024-09-19T06:38:35.045 INFO:teuthology.orchestra.run.smithi159.stdout:/usr/bin/ceph: stderr
2024-09-19T06:38:30.649+0000 7f15d5e6b640 1 -- 172.21.15.159:0/2069435387 --> [v2:172.21.15.159:3300/0,v1:172.21.15.159:6789/0] -- mon_subscribe({config=0+,monmap=0+}) -- 0x7f15d019bb60 con 0x7f15d0107650
2024-09-19T06:38:35.045 INFO:teuthology.orchestra.run.smithi159.stdout:/usr/bin/ceph: stderr
2024-09-19T06:38:30.649+0000 7f15d5e6b640 1 --2- 172.21.15.159:0/2069435387 >> [v2:172.21.15.159:3300/0,v1:172.21.15.159:6789/0] conn(0x7f15d0107650 0x7f15d019b620 secure :-1 s=READY pgs=60 cs=0 l=1 rev1=1 crypto rx=0x7f15cc030560 tx=0x7f15cc032670 comp rx=0 tx=0).ready entity=mon.0 client_cookie=0 server_cookie=0 in_seq=0 out_seq=0
2024-09-19T06:38:35.045 INFO:teuthology.orchestra.run.smithi159.stdout:/usr/bin/ceph: stderr
2024-09-19T06:38:30.649+0000 7f15c6ffd640 1 -- 172.21.15.159:0/2069435387 <== mon.0 v2:172.21.15.159:3300/0 1 ==== mon_map magic: 0 ==== 205+0+0 (secure 0 0 0) 0x7f15cc037040 con 0x7f15d0107650
2024-09-19T06:38:35.045 INFO:teuthology.orchestra.run.smithi159.stdout:/usr/bin/ceph: stderr
2024-09-19T06:38:30.649+0000 7f15c6ffd640 1 -- 172.21.15.159:0/2069435387 <== mon.0 v2:172.21.15.159:3300/0 2 ==== config(27 keys) ==== 1140+0+0 (secure 0 0 0) 0x7f15cc040070 con 0x7f15d0107650
2024-09-19T06:38:35.045 INFO:teuthology.orchestra.run.smithi159.stdout:/usr/bin/ceph: stderr
2024-09-19T06:38:30.649+0000 7f15c6ffd640 1 -- 172.21.15.159:0/2069435387 <== mon.0 v2:172.21.15.159:3300/0 3 ==== mon_map magic: 0 ==== 205+0+0 (secure 0 0 0) 0x7f15cc03a740 con 0x7f15d0107650
2024-09-19T06:38:35.045 INFO:teuthology.orchestra.run.smithi159.stdout:/usr/bin/ceph: stderr
2024-09-19T06:38:30.650+0000 7f15d80cf640 1 -- 172.21.15.159:0/2069435387 --> [v2:172.21.15.159:3300/0,v1:172.21.15.159:6789/0] -- mon_subscribe({mgrmap=0+}) -- 0x7f15d019bdf0 con 0x7f15d0107650
2024-09-19T06:38:35.045 INFO:teuthology.orchestra.run.smithi159.stdout:/usr/bin/ceph: stderr
2024-09-19T06:38:30.650+0000 7f15d80cf640 1 -- 172.21.15.159:0/2069435387 --> [v2:172.21.15.159:3300/0,v1:172.21.15.159:6789/0] -- mon_subscribe({osdmap=0}) -- 0x7f15d019eae0 con 0x7f15d0107650
2024-09-19T06:38:35.046 INFO:teuthology.orchestra.run.smithi159.stdout:/usr/bin/ceph: stderr
2024-09-19T06:38:30.651+0000 7f15c6ffd640 1 -- 172.21.15.159:0/2069435387 <== mon.0 v2:172.21.15.159:3300/0 4 ==== mgrmap(e 9) ==== 46474+0+0 (secure 0 0 0) 0x7f15cc03bb90 con 0x7f15d0107650
2024-09-19T06:38:35.046 INFO:teuthology.orchestra.run.smithi159.stdout:/usr/bin/ceph: stderr
2024-09-19T06:38:30.651+0000 7f15c6ffd640 1 --2- 172.21.15.159:0/2069435387 >> [v2:172.21.15.159:6800/3687310237,v1:172.21.15.159:6801/3687310237] conn(0x7f15bc039260 0x7f15bc03b720 unknown :-1 s=NONE pgs=0 cs=0 l=1 rev1=0 crypto rx=0 tx=0 comp rx=0 tx=0).connect
2024-09-19T06:38:35.046 INFO:teuthology.orchestra.run.smithi159.stdout:/usr/bin/ceph: stderr
2024-09-19T06:38:30.651+0000 7f15c6ffd640 1 -- 172.21.15.159:0/2069435387 --> [v2:172.21.15.159:6800/3687310237,v1:172.21.15.159:6801/3687310237] -- command(tid 0: {"prefix": "get_command_descriptions"}) -- 0x7f15bc03be30 con 0x7f15bc039260
2024-09-19T06:38:35.046 INFO:teuthology.orchestra.run.smithi159.stdout:/usr/bin/ceph: stderr
2024-09-19T06:38:30.651+0000 7f15c6ffd640 1 -- 172.21.15.159:0/2069435387 <== mon.0 v2:172.21.15.159:3300/0 5 ==== osd_map(2..2 src has 1..2) ==== 940+0+0 (secure 0 0 0) 0x7f15cc06c870 con 0x7f15d0107650
2024-09-19T06:38:35.046 INFO:teuthology.orchestra.run.smithi159.stdout:/usr/bin/ceph: stderr
2024-09-19T06:38:30.651+0000 7f15d566a640 1 -- 172.21.15.159:0/2069435387 >> [v2:172.21.15.159:6800/3687310237,v1:172.21.15.159:6801/3687310237] conn(0x7f15bc039260 msgr2=0x7f15bc03b720 unknown :-1 s=STATE_CONNECTING_RE l=1).process reconnect failed to v2:172.21.15.159:6800/3687310237
2024-09-19T06:38:35.046 INFO:teuthology.orchestra.run.smithi159.stdout:/usr/bin/ceph: stderr
2024-09-19T06:38:30.651+0000 7f15d566a640 1 --2- 172.21.15.159:0/2069435387 >> [v2:172.21.15.159:6800/3687310237,v1:172.21.15.159:6801/3687310237] conn(0x7f15bc039260 0x7f15bc03b720 unknown :-1 s=START_CONNECT pgs=0 cs=0 l=1 rev1=0 crypto rx=0 tx=0 comp rx=0 tx=0)._fault waiting 0.200000
2024-09-19T06:38:35.046 INFO:teuthology.orchestra.run.smithi159.stdout:/usr/bin/ceph: stderr
2024-09-19T06:38:30.852+0000 7f15d566a640 1 -- 172.21.15.159:0/2069435387 >> [v2:172.21.15.159:6800/3687310237,v1:172.21.15.159:6801/3687310237] conn(0x7f15bc039260 msgr2=0x7f15bc03b720 unknown :-1 s=STATE_CONNECTING_RE l=1).process reconnect failed to v2:172.21.15.159:6800/3687310237
2024-09-19T06:38:35.046 INFO:teuthology.orchestra.run.smithi159.stdout:/usr/bin/ceph: stderr
2024-09-19T06:38:30.852+0000 7f15d566a640 1 --2- 172.21.15.159:0/2069435387 >> [v2:172.21.15.159:6800/3687310237,v1:172.21.15.159:6801/3687310237] conn(0x7f15bc039260 0x7f15bc03b720 unknown :-1 s=START_CONNECT pgs=0 cs=0 l=1 rev1=0 crypto rx=0 tx=0 comp rx=0 tx=0)._fault waiting 0.400000
2024-09-19T06:38:35.046 INFO:teuthology.orchestra.run.smithi159.stdout:/usr/bin/ceph: stderr
2024-09-19T06:38:31.253+0000 7f15d566a640 1 -- 172.21.15.159:0/2069435387 >> [v2:172.21.15.159:6800/3687310237,v1:172.21.15.159:6801/3687310237] conn(0x7f15bc039260 msgr2=0x7f15bc03b720 unknown :-1 s=STATE_CONNECTING_RE l=1).process reconnect failed to v2:172.21.15.159:6800/3687310237
2024-09-19T06:38:35.046 INFO:teuthology.orchestra.run.smithi159.stdout:/usr/bin/ceph: stderr
2024-09-19T06:38:31.253+0000 7f15d566a640 1 --2- 172.21.15.159:0/2069435387 >> [v2:172.21.15.159:6800/3687310237,v1:172.21.15.159:6801/3687310237] conn(0x7f15bc039260 0x7f15bc03b720 unknown :-1 s=START_CONNECT pgs=0 cs=0 l=1 rev1=0 crypto rx=0 tx=0 comp rx=0 tx=0)._fault waiting 0.800000
2024-09-19T06:38:35.046 INFO:teuthology.orchestra.run.smithi159.stdout:/usr/bin/ceph: stderr
2024-09-19T06:38:32.054+0000 7f15d566a640 1 -- 172.21.15.159:0/2069435387 >> [v2:172.21.15.159:6800/3687310237,v1:172.21.15.159:6801/3687310237] conn(0x7f15bc039260 msgr2=0x7f15bc03b720 unknown :-1 s=STATE_CONNECTING_RE l=1).process reconnect failed to v2:172.21.15.159:6800/3687310237
2024-09-19T06:38:35.046 INFO:teuthology.orchestra.run.smithi159.stdout:/usr/bin/ceph: stderr
2024-09-19T06:38:32.054+0000 7f15d566a640 1 --2- 172.21.15.159:0/2069435387 >> [v2:172.21.15.159:6800/3687310237,v1:172.21.15.159:6801/3687310237] conn(0x7f15bc039260 0x7f15bc03b720 unknown :-1 s=START_CONNECT pgs=0 cs=0 l=1 rev1=0 crypto rx=0 tx=0 comp rx=0 tx=0)._fault waiting 1.600000
2024-09-19T06:38:35.047 INFO:teuthology.orchestra.run.smithi159.stdout:/usr/bin/ceph: stderr
2024-09-19T06:38:33.331+0000 7f15c6ffd640 1 -- 172.21.15.159:0/2069435387 <== mon.0 v2:172.21.15.159:3300/0 6 ==== mgrmap(e 10) ==== 46241+0+0 (secure 0 0 0) 0x7f15cc06b320 con 0x7f15d0107650
2024-09-19T06:38:35.047 INFO:teuthology.orchestra.run.smithi159.stdout:/usr/bin/ceph: stderr
2024-09-19T06:38:33.331+0000 7f15c6ffd640 1 -- 172.21.15.159:0/2069435387 >> [v2:172.21.15.159:6800/3687310237,v1:172.21.15.159:6801/3687310237] conn(0x7f15bc039260 msgr2=0x7f15bc03b720 unknown :-1 s=STATE_CONNECTING l=1).mark_down
2024-09-19T06:38:35.047 INFO:teuthology.orchestra.run.smithi159.stdout:/usr/bin/ceph: stderr
2024-09-19T06:38:33.331+0000 7f15c6ffd640 1 --2- 172.21.15.159:0/2069435387 >> [v2:172.21.15.159:6800/3687310237,v1:172.21.15.159:6801/3687310237] conn(0x7f15bc039260 0x7f15bc03b720 unknown :-1 s=START_CONNECT pgs=0 cs=0 l=1 rev1=0 crypto rx=0 tx=0 comp rx=0 tx=0).stop
2024-09-19T06:38:35.047 INFO:teuthology.orchestra.run.smithi159.stdout:/usr/bin/ceph: stderr
2024-09-19T06:38:34.332+0000 7f15c6ffd640 1 -- 172.21.15.159:0/2069435387 <== mon.0 v2:172.21.15.159:3300/0 7 ==== mgrmap(e 11) ==== 46368+0+0 (secure 0 0 0) 0x7f15cc03b420 con 0x7f15d0107650
2024-09-19T06:38:35.047 INFO:teuthology.orchestra.run.smithi159.stdout:/usr/bin/ceph: stderr
2024-09-19T06:38:34.332+0000 7f15c6ffd640 1 --2- 172.21.15.159:0/2069435387 >> [v2:172.21.15.159:6800/2390667146,v1:172.21.15.159:6801/2390667146] conn(0x7f15bc03cd20 0x7f15bc03f110 unknown :-1 s=NONE pgs=0 cs=0 l=1 rev1=0 crypto rx=0 tx=0 comp rx=0 tx=0).connect
2024-09-19T06:38:35.047 INFO:teuthology.orchestra.run.smithi159.stdout:/usr/bin/ceph: stderr
2024-09-19T06:38:34.333+0000 7f15c6ffd640 1 -- 172.21.15.159:0/2069435387 --> [v2:172.21.15.159:6800/2390667146,v1:172.21.15.159:6801/2390667146] -- command(tid 0: {"prefix": "get_command_descriptions"}) -- 0x7f15cc065990 con 0x7f15bc03cd20
2024-09-19T06:38:35.047 INFO:teuthology.orchestra.run.smithi159.stdout:/usr/bin/ceph: stderr
2024-09-19T06:38:34.333+0000 7f15d566a640 1 --2- 172.21.15.159:0/2069435387 >> [v2:172.21.15.159:6800/2390667146,v1:172.21.15.159:6801/2390667146] conn(0x7f15bc03cd20 0x7f15bc03f110 unknown :-1 s=BANNER_CONNECTING pgs=0 cs=0 l=1 rev1=0 crypto rx=0 tx=0 comp rx=0 tx=0)._handle_peer_banner_payload supported=3 required=0
2024-09-19T06:38:35.047 INFO:teuthology.orchestra.run.smithi159.stdout:/usr/bin/ceph: stderr
2024-09-19T06:38:34.333+0000 7f15d566a640 1 --2- 172.21.15.159:0/2069435387 >> [v2:172.21.15.159:6800/2390667146,v1:172.21.15.159:6801/2390667146] conn(0x7f15bc03cd20 0x7f15bc03f110 secure :-1 s=READY pgs=1 cs=0 l=1 rev1=1 crypto rx=0x7f15c0003980 tx=0x7f15c00092b0 comp rx=0 tx=0).ready entity=mgr.14150 client_cookie=0 server_cookie=0 in_seq=0 out_seq=0
2024-09-19T06:38:35.047 INFO:teuthology.orchestra.run.smithi159.stdout:/usr/bin/ceph: stderr
2024-09-19T06:38:34.334+0000 7f15c6ffd640 1 -- 172.21.15.159:0/2069435387 <== mgr.14150 v2:172.21.15.159:6800/2390667146 1 ==== command_reply(tid 0: 0 ) ==== 8+0+9564 (secure 0 0 0) 0x7f15cc065990 con 0x7f15bc03cd20
2024-09-19T06:38:35.047 INFO:teuthology.orchestra.run.smithi159.stdout:/usr/bin/ceph: stderr
2024-09-19T06:38:34.341+0000 7f15d80cf640 1 -- 172.21.15.159:0/2069435387 --> [v2:172.21.15.159:6800/2390667146,v1:172.21.15.159:6801/2390667146] -- command(tid 1: {"prefix": "mgr_status"}) -- 0x7f15d010bd30 con 0x7f15bc03cd20
2024-09-19T06:38:35.047 INFO:teuthology.orchestra.run.smithi159.stdout:/usr/bin/ceph: stderr
2024-09-19T06:38:34.341+0000 7f15c6ffd640 1 -- 172.21.15.159:0/2069435387 <== mgr.14150 v2:172.21.15.159:6800/2390667146 2 ==== command_reply(tid 1: 0 ) ==== 8+0+52 (secure 0 0 0) 0x7f15d010bd30 con 0x7f15bc03cd20
2024-09-19T06:38:35.047 INFO:teuthology.orchestra.run.smithi159.stdout:/usr/bin/ceph: stderr
2024-09-19T06:38:34.341+0000 7f15d80cf640 1 -- 172.21.15.159:0/2069435387 >> [v2:172.21.15.159:6800/2390667146,v1:172.21.15.159:6801/2390667146] conn(0x7f15bc03cd20 msgr2=0x7f15bc03f110 secure :-1 s=STATE_CONNECTION_ESTABLISHED l=1).mark_down
2024-09-19T06:38:35.047 INFO:teuthology.orchestra.run.smithi159.stdout:/usr/bin/ceph: stderr
2024-09-19T06:38:34.341+0000 7f15d80cf640 1 --2- 172.21.15.159:0/2069435387 >> [v2:172.21.15.159:6800/2390667146,v1:172.21.15.159:6801/2390667146] conn(0x7f15bc03cd20 0x7f15bc03f110 secure :-1 s=READY pgs=1 cs=0 l=1 rev1=1 crypto rx=0x7f15c0003980 tx=0x7f15c00092b0 comp rx=0 tx=0).stop
2024-09-19T06:38:35.047 INFO:teuthology.orchestra.run.smithi159.stdout:/usr/bin/ceph: stderr
2024-09-19T06:38:34.341+0000 7f15d80cf640 1 -- 172.21.15.159:0/2069435387 >> [v2:172.21.15.159:3300/0,v1:172.21.15.159:6789/0] conn(0x7f15d0107650 msgr2=0x7f15d019b620 secure :-1 s=STATE_CONNECTION_ESTABLISHED l=1).mark_down
2024-09-19T06:38:35.048 INFO:teuthology.orchestra.run.smithi159.stdout:/usr/bin/ceph: stderr
2024-09-19T06:38:34.341+0000 7f15d80cf640 1 --2- 172.21.15.159:0/2069435387 >> [v2:172.21.15.159:3300/0,v1:172.21.15.159:6789/0] conn(0x7f15d0107650 0x7f15d019b620 secure :-1 s=READY pgs=60 cs=0 l=1 rev1=1 crypto rx=0x7f15cc030560 tx=0x7f15cc032670 comp rx=0 tx=0).stop
2024-09-19T06:38:35.048 INFO:teuthology.orchestra.run.smithi159.stdout:/usr/bin/ceph: stderr
2024-09-19T06:38:34.341+0000 7f15d80cf640 1 -- 172.21.15.159:0/2069435387 shutdown_connections
2024-09-19T06:38:35.048 INFO:teuthology.orchestra.run.smithi159.stdout:/usr/bin/ceph: stderr
2024-09-19T06:38:34.341+0000 7f15d80cf640 1 --2- 172.21.15.159:0/2069435387 >> [v2:172.21.15.159:6800/2390667146,v1:172.21.15.159:6801/2390667146] conn(0x7f15bc03cd20 0x7f15bc03f110 unknown :-1 s=CLOSED pgs=1 cs=0 l=1 rev1=1 crypto rx=0 tx=0 comp rx=0 tx=0).stop
2024-09-19T06:38:35.048 INFO:teuthology.orchestra.run.smithi159.stdout:/usr/bin/ceph: stderr
2024-09-19T06:38:34.341+0000 7f15d80cf640 1 --2- 172.21.15.159:0/2069435387 >> [v2:172.21.15.159:6800/3687310237,v1:172.21.15.159:6801/3687310237] conn(0x7f15bc039260 0x7f15bc03b720 unknown :-1 s=CLOSED pgs=0 cs=0 l=1 rev1=0 crypto rx=0 tx=0 comp rx=0 tx=0).stop
2024-09-19T06:38:35.048 INFO:teuthology.orchestra.run.smithi159.stdout:/usr/bin/ceph: stderr
2024-09-19T06:38:34.341+0000 7f15d80cf640 1 --2- 172.21.15.159:0/2069435387 >> [v2:172.21.15.159:3300/0,v1:172.21.15.159:6789/0] conn(0x7f15d0107650 0x7f15d019b620 unknown :-1 s=CLOSED pgs=60 cs=0 l=1 rev1=1 crypto rx=0 tx=0 comp rx=0 tx=0).stop
2024-09-19T06:38:35.048 INFO:teuthology.orchestra.run.smithi159.stdout:/usr/bin/ceph: stderr
2024-09-19T06:38:34.341+0000 7f15d80cf640 1 -- 172.21.15.159:0/2069435387 >> 172.21.15.159:0/2069435387 conn(0x7f15d0102de0 msgr2=0x7f15d01039c0 unknown :-1 s=STATE_NONE l=0).mark_down
2024-09-19T06:38:35.048 INFO:teuthology.orchestra.run.smithi159.stdout:/usr/bin/ceph: stderr
2024-09-19T06:38:34.342+0000 7f15d80cf640 1 -- 172.21.15.159:0/2069435387 shutdown_connections
2024-09-19T06:38:35.048 INFO:teuthology.orchestra.run.smithi159.stdout:/usr/bin/ceph: stderr
2024-09-19T06:38:34.342+0000 7f15d80cf640 1 -- 172.21.15.159:0/2069435387 wait complete.
2024-09-19T06:38:35.048 INFO:teuthology.orchestra.run.smithi159.stdout:mgr epoch 9 is available
2024-09-19T06:38:35.048 INFO:teuthology.orchestra.run.smithi159.stdout:Generating a dashboard self-signed certificate...
2024-09-19T06:38:35.619 INFO:journalctl@ceph.mon.a.smithi159.stdout:Sep 19 06:38:35 smithi159 ceph-mon[30935]: from='client.14154 -' entity='client.admin' cmd=[{"prefix": "get_command_descriptions"}]: dispatch
2024-09-19T06:38:35.619 INFO:journalctl@ceph.mon.a.smithi159.stdout:Sep 19 06:38:35 smithi159 ceph-mon[30935]: mgrmap e11: x(active, since 1.00581s)
2024-09-19T06:38:35.619 INFO:journalctl@ceph.mon.a.smithi159.stdout:Sep 19 06:38:35 smithi159 ceph-mon[30935]: from='client.14154 -' entity='client.admin' cmd=[{"prefix": "mgr_status"}]: dispatch
2024-09-19T06:38:35.619 INFO:journalctl@ceph.mon.a.smithi159.stdout:Sep 19 06:38:35 smithi159 ceph-mon[30935]: from='mgr.14150 172.21.15.159:0/2897666583' entity='mgr.x'
2024-09-19T06:38:36.256 INFO:teuthology.orchestra.run.smithi159.stdout:/usr/bin/ceph: stdout Self-signed certificate created
2024-09-19T06:38:36.256 INFO:teuthology.orchestra.run.smithi159.stdout:/usr/bin/ceph: stderr
2024-09-19T06:38:35.430+0000 7f9c23fff640 1 Processor -- start
2024-09-19T06:38:36.256 INFO:teuthology.orchestra.run.smithi159.stdout:/usr/bin/ceph: stderr
2024-09-19T06:38:35.430+0000 7f9c23fff640 1 -- start start
2024-09-19T06:38:36.257 INFO:teuthology.orchestra.run.smithi159.stdout:/usr/bin/ceph: stderr
2024-09-19T06:38:35.430+0000 7f9c23fff640 1 --2- >> [v2:172.21.15.159:3300/0,v1:172.21.15.159:6789/0] conn(0x7f9c24107f30 0x7f9c2410a320 unknown :-1 s=NONE pgs=0 cs=0 l=0 rev1=0 crypto rx=0 tx=0 comp rx=0 tx=0).connect
2024-09-19T06:38:36.257 INFO:teuthology.orchestra.run.smithi159.stdout:/usr/bin/ceph: stderr
2024-09-19T06:38:35.430+0000 7f9c23fff640 1 -- --> [v2:172.21.15.159:3300/0,v1:172.21.15.159:6789/0] -- mon_getmap magic: 0 -- 0x7f9c2407bdd0 con 0x7f9c24107f30
2024-09-19T06:38:36.257 INFO:teuthology.orchestra.run.smithi159.stdout:/usr/bin/ceph: stderr
2024-09-19T06:38:35.431+0000 7f9c22ffd640 1 --2- >> [v2:172.21.15.159:3300/0,v1:172.21.15.159:6789/0] conn(0x7f9c24107f30 0x7f9c2410a320 unknown :-1 s=BANNER_CONNECTING pgs=0 cs=0 l=0 rev1=0 crypto rx=0 tx=0 comp rx=0 tx=0)._handle_peer_banner_payload supported=3 required=0
2024-09-19T06:38:36.257 INFO:teuthology.orchestra.run.smithi159.stdout:/usr/bin/ceph: stderr
2024-09-19T06:38:35.431+0000 7f9c22ffd640 1 --2- >> [v2:172.21.15.159:3300/0,v1:172.21.15.159:6789/0] conn(0x7f9c24107f30 0x7f9c2410a320 unknown :-1 s=HELLO_CONNECTING pgs=0 cs=0 l=0 rev1=1 crypto rx=0 tx=0 comp rx=0 tx=0).handle_hello peer v2:172.21.15.159:3300/0 says I am v2:172.21.15.159:36448/0 (socket says 172.21.15.159:36448)
2024-09-19T06:38:36.257 INFO:teuthology.orchestra.run.smithi159.stdout:/usr/bin/ceph: stderr
2024-09-19T06:38:35.431+0000 7f9c22ffd640 1 -- 172.21.15.159:0/108756638 learned_addr learned my addr 172.21.15.159:0/108756638 (peer_addr_for_me v2:172.21.15.159:0/0)
2024-09-19T06:38:36.257 INFO:teuthology.orchestra.run.smithi159.stdout:/usr/bin/ceph: stderr
2024-09-19T06:38:35.431+0000 7f9c22ffd640 1 -- 172.21.15.159:0/108756638 --> [v2:172.21.15.159:3300/0,v1:172.21.15.159:6789/0] -- mon_subscribe({config=0+,monmap=0+}) -- 0x7f9c2410a860 con 0x7f9c24107f30
2024-09-19T06:38:36.257 INFO:teuthology.orchestra.run.smithi159.stdout:/usr/bin/ceph: stderr
2024-09-19T06:38:35.432+0000 7f9c22ffd640 1 --2- 172.21.15.159:0/108756638 >> [v2:172.21.15.159:3300/0,v1:172.21.15.159:6789/0] conn(0x7f9c24107f30 0x7f9c2410a320 secure :-1 s=READY pgs=68 cs=0 l=1 rev1=1 crypto rx=0x7f9c14009820 tx=0x7f9c1402a270 comp rx=0 tx=0).ready entity=mon.0 client_cookie=f68619ba61f1ae6b server_cookie=0 in_seq=0 out_seq=0
2024-09-19T06:38:36.257 INFO:teuthology.orchestra.run.smithi159.stdout:/usr/bin/ceph: stderr
2024-09-19T06:38:35.432+0000 7f9c21ffb640 1 -- 172.21.15.159:0/108756638 <== mon.0 v2:172.21.15.159:3300/0 1 ==== mon_map magic: 0 ==== 205+0+0 (secure 0 0 0) 0x7f9c14037070 con 0x7f9c24107f30
2024-09-19T06:38:36.257 INFO:teuthology.orchestra.run.smithi159.stdout:/usr/bin/ceph: stderr
2024-09-19T06:38:35.432+0000 7f9c21ffb640 1 -- 172.21.15.159:0/108756638 <== mon.0 v2:172.21.15.159:3300/0 2 ==== config(27 keys) ==== 1140+0+0 (secure 0 0 0) 0x7f9c14032920 con 0x7f9c24107f30
2024-09-19T06:38:36.257 INFO:teuthology.orchestra.run.smithi159.stdout:/usr/bin/ceph: stderr
2024-09-19T06:38:35.432+0000 7f9c21ffb640 1 -- 172.21.15.159:0/108756638 <== mon.0 v2:172.21.15.159:3300/0 3 ==== mon_map magic: 0 ==== 205+0+0 (secure 0 0 0) 0x7f9c14030810 con 0x7f9c24107f30
2024-09-19T06:38:36.258 INFO:teuthology.orchestra.run.smithi159.stdout:/usr/bin/ceph: stderr
2024-09-19T06:38:35.432+0000 7f9c23fff640 1 -- 172.21.15.159:0/108756638 >> [v2:172.21.15.159:3300/0,v1:172.21.15.159:6789/0] conn(0x7f9c24107f30 msgr2=0x7f9c2410a320 secure :-1 s=STATE_CONNECTION_ESTABLISHED l=1).mark_down
2024-09-19T06:38:36.258 INFO:teuthology.orchestra.run.smithi159.stdout:/usr/bin/ceph: stderr
2024-09-19T06:38:35.432+0000 7f9c23fff640 1 --2- 172.21.15.159:0/108756638 >> [v2:172.21.15.159:3300/0,v1:172.21.15.159:6789/0] conn(0x7f9c24107f30 0x7f9c2410a320 secure :-1 s=READY pgs=68 cs=0 l=1 rev1=1 crypto rx=0x7f9c14009820 tx=0x7f9c1402a270 comp rx=0 tx=0).stop
2024-09-19T06:38:36.258 INFO:teuthology.orchestra.run.smithi159.stdout:/usr/bin/ceph: stderr
2024-09-19T06:38:35.432+0000 7f9c23fff640 1 -- 172.21.15.159:0/108756638 shutdown_connections
2024-09-19T06:38:36.258 INFO:teuthology.orchestra.run.smithi159.stdout:/usr/bin/ceph: stderr
2024-09-19T06:38:35.432+0000 7f9c23fff640 1 --2- 172.21.15.159:0/108756638 >> [v2:172.21.15.159:3300/0,v1:172.21.15.159:6789/0] conn(0x7f9c24107f30 0x7f9c2410a320 unknown :-1 s=CLOSED pgs=68 cs=0 l=1 rev1=1 crypto rx=0 tx=0 comp rx=0 tx=0).stop
2024-09-19T06:38:36.258 INFO:teuthology.orchestra.run.smithi159.stdout:/usr/bin/ceph: stderr
2024-09-19T06:38:35.432+0000 7f9c23fff640 1 -- 172.21.15.159:0/108756638 >> 172.21.15.159:0/108756638 conn(0x7f9c24101b10 msgr2=0x7f9c24103f30 unknown :-1 s=STATE_NONE l=0).mark_down
2024-09-19T06:38:36.258 INFO:teuthology.orchestra.run.smithi159.stdout:/usr/bin/ceph: stderr
2024-09-19T06:38:35.432+0000 7f9c23fff640 1 -- 172.21.15.159:0/108756638 shutdown_connections
2024-09-19T06:38:36.258 INFO:teuthology.orchestra.run.smithi159.stdout:/usr/bin/ceph: stderr
2024-09-19T06:38:35.432+0000 7f9c23fff640 1 -- 172.21.15.159:0/108756638 wait complete.
2024-09-19T06:38:36.258 INFO:teuthology.orchestra.run.smithi159.stdout:/usr/bin/ceph: stderr
2024-09-19T06:38:35.433+0000 7f9c23fff640 1 Processor -- start
2024-09-19T06:38:36.258 INFO:teuthology.orchestra.run.smithi159.stdout:/usr/bin/ceph: stderr
2024-09-19T06:38:35.433+0000 7f9c23fff640 1 -- start start
2024-09-19T06:38:36.258 INFO:teuthology.orchestra.run.smithi159.stdout:/usr/bin/ceph: stderr
2024-09-19T06:38:35.433+0000 7f9c23fff640 1 --2- >> [v2:172.21.15.159:3300/0,v1:172.21.15.159:6789/0] conn(0x7f9c24107f30 0x7f9c2419b3f0 unknown :-1 s=NONE pgs=0 cs=0 l=1 rev1=0 crypto rx=0 tx=0 comp rx=0 tx=0).connect
2024-09-19T06:38:36.259 INFO:teuthology.orchestra.run.smithi159.stdout:/usr/bin/ceph: stderr
2024-09-19T06:38:35.433+0000 7f9c23fff640 1 -- --> [v2:172.21.15.159:3300/0,v1:172.21.15.159:6789/0] -- mon_getmap magic: 0 -- 0x7f9c2410b880 con 0x7f9c24107f30
2024-09-19T06:38:36.259 INFO:teuthology.orchestra.run.smithi159.stdout:/usr/bin/ceph: stderr
2024-09-19T06:38:35.434+0000 7f9c22ffd640 1 --2- >> [v2:172.21.15.159:3300/0,v1:172.21.15.159:6789/0] conn(0x7f9c24107f30 0x7f9c2419b3f0 unknown :-1 s=BANNER_CONNECTING pgs=0 cs=0 l=1 rev1=0 crypto rx=0 tx=0 comp rx=0 tx=0)._handle_peer_banner_payload supported=3 required=0
2024-09-19T06:38:36.259 INFO:teuthology.orchestra.run.smithi159.stdout:/usr/bin/ceph: stderr
2024-09-19T06:38:35.434+0000 7f9c22ffd640 1 --2- >> [v2:172.21.15.159:3300/0,v1:172.21.15.159:6789/0] conn(0x7f9c24107f30 0x7f9c2419b3f0 unknown :-1 s=HELLO_CONNECTING pgs=0 cs=0 l=1 rev1=1 crypto rx=0 tx=0 comp rx=0 tx=0).handle_hello peer v2:172.21.15.159:3300/0 says I am v2:172.21.15.159:36464/0 (socket says 172.21.15.159:36464)
2024-09-19T06:38:36.259 INFO:teuthology.orchestra.run.smithi159.stdout:/usr/bin/ceph: stderr
2024-09-19T06:38:35.434+0000 7f9c22ffd640 1 -- 172.21.15.159:0/2020321204 learned_addr learned my addr 172.21.15.159:0/2020321204 (peer_addr_for_me v2:172.21.15.159:0/0)
2024-09-19T06:38:36.259 INFO:teuthology.orchestra.run.smithi159.stdout:/usr/bin/ceph: stderr
2024-09-19T06:38:35.434+0000 7f9c22ffd640 1 -- 172.21.15.159:0/2020321204 --> [v2:172.21.15.159:3300/0,v1:172.21.15.159:6789/0] -- mon_subscribe({config=0+,monmap=0+}) -- 0x7f9c2419b930 con 0x7f9c24107f30
2024-09-19T06:38:36.259 INFO:teuthology.orchestra.run.smithi159.stdout:/usr/bin/ceph: stderr
2024-09-19T06:38:35.434+0000 7f9c22ffd640 1 --2- 172.21.15.159:0/2020321204 >> [v2:172.21.15.159:3300/0,v1:172.21.15.159:6789/0] conn(0x7f9c24107f30 0x7f9c2419b3f0 secure :-1 s=READY pgs=69 cs=0 l=1 rev1=1 crypto rx=0x7f9c140097f0 tx=0x7f9c140327b0 comp rx=0 tx=0).ready entity=mon.0 client_cookie=0 server_cookie=0 in_seq=0 out_seq=0
2024-09-19T06:38:36.260 INFO:teuthology.orchestra.run.smithi159.stdout:/usr/bin/ceph: stderr
2024-09-19T06:38:35.434+0000 7f9c1bfff640 1 -- 172.21.15.159:0/2020321204 <== mon.0 v2:172.21.15.159:3300/0 1 ==== mon_map magic: 0 ==== 205+0+0 (secure 0 0 0) 0x7f9c14037040 con 0x7f9c24107f30
2024-09-19T06:38:36.260 INFO:teuthology.orchestra.run.smithi159.stdout:/usr/bin/ceph: stderr
2024-09-19T06:38:35.434+0000 7f9c1bfff640 1 -- 172.21.15.159:0/2020321204 <== mon.0 v2:172.21.15.159:3300/0 2 ==== config(27 keys) ==== 1140+0+0 (secure 0 0 0) 0x7f9c14030cc0 con 0x7f9c24107f30
2024-09-19T06:38:36.260 INFO:teuthology.orchestra.run.smithi159.stdout:/usr/bin/ceph: stderr
2024-09-19T06:38:35.434+0000 7f9c23fff640 1 -- 172.21.15.159:0/2020321204 --> [v2:172.21.15.159:3300/0,v1:172.21.15.159:6789/0] -- mon_subscribe({mgrmap=0+}) -- 0x7f9c2419bbc0 con 0x7f9c24107f30
2024-09-19T06:38:36.260 INFO:teuthology.orchestra.run.smithi159.stdout:/usr/bin/ceph: stderr
2024-09-19T06:38:35.434+0000 7f9c1bfff640 1 -- 172.21.15.159:0/2020321204 <== mon.0 v2:172.21.15.159:3300/0 3 ==== mon_map magic: 0 ==== 205+0+0 (secure 0 0 0) 0x7f9c1403a6b0 con 0x7f9c24107f30
2024-09-19T06:38:36.260 INFO:teuthology.orchestra.run.smithi159.stdout:/usr/bin/ceph: stderr
2024-09-19T06:38:35.434+0000 7f9c23fff640 1 -- 172.21.15.159:0/2020321204 --> [v2:172.21.15.159:3300/0,v1:172.21.15.159:6789/0] -- mon_subscribe({osdmap=0}) -- 0x7f9c2419e8b0 con 0x7f9c24107f30
2024-09-19T06:38:36.260 INFO:teuthology.orchestra.run.smithi159.stdout:/usr/bin/ceph: stderr
2024-09-19T06:38:35.435+0000 7f9c1bfff640 1 -- 172.21.15.159:0/2020321204 <== mon.0 v2:172.21.15.159:3300/0 4 ==== mgrmap(e 11) ==== 46368+0+0 (secure 0 0 0) 0x7f9c1403a8a0 con 0x7f9c24107f30
2024-09-19T06:38:36.261 INFO:teuthology.orchestra.run.smithi159.stdout:/usr/bin/ceph: stderr
2024-09-19T06:38:35.435+0000 7f9c1bfff640 1 --2- 172.21.15.159:0/2020321204 >> [v2:172.21.15.159:6800/2390667146,v1:172.21.15.159:6801/2390667146] conn(0x7f9c100390f0 0x7f9c1003b5b0 unknown :-1 s=NONE pgs=0 cs=0 l=1 rev1=0 crypto rx=0 tx=0 comp rx=0 tx=0).connect
2024-09-19T06:38:36.261 INFO:teuthology.orchestra.run.smithi159.stdout:/usr/bin/ceph: stderr
2024-09-19T06:38:35.435+0000 7f9c23fff640 1 -- 172.21.15.159:0/2020321204 --> [v2:172.21.15.159:3300/0,v1:172.21.15.159:6789/0] -- mon_command({"prefix": "get_command_descriptions"} v 0) -- 0x7f9c24108390 con 0x7f9c24107f30
2024-09-19T06:38:36.261 INFO:teuthology.orchestra.run.smithi159.stdout:/usr/bin/ceph: stderr
2024-09-19T06:38:35.435+0000 7f9c1bfff640 1 -- 172.21.15.159:0/2020321204 <== mon.0 v2:172.21.15.159:3300/0 5 ==== osd_map(3..3 src has 1..3) ==== 1155+0+0 (secure 0 0 0) 0x7f9c1406c7c0 con 0x7f9c24107f30
2024-09-19T06:38:36.261 INFO:teuthology.orchestra.run.smithi159.stdout:/usr/bin/ceph: stderr
2024-09-19T06:38:35.435+0000 7f9c227fc640 1 --2- 172.21.15.159:0/2020321204 >> [v2:172.21.15.159:6800/2390667146,v1:172.21.15.159:6801/2390667146] conn(0x7f9c100390f0 0x7f9c1003b5b0 unknown :-1 s=BANNER_CONNECTING pgs=0 cs=0 l=1 rev1=0 crypto rx=0 tx=0 comp rx=0 tx=0)._handle_peer_banner_payload supported=3 required=0
2024-09-19T06:38:36.261 INFO:teuthology.orchestra.run.smithi159.stdout:/usr/bin/ceph: stderr
2024-09-19T06:38:35.436+0000 7f9c227fc640 1 --2- 172.21.15.159:0/2020321204 >> [v2:172.21.15.159:6800/2390667146,v1:172.21.15.159:6801/2390667146] conn(0x7f9c100390f0 0x7f9c1003b5b0 secure :-1 s=READY pgs=7 cs=0 l=1 rev1=1 crypto rx=0x7f9c0c0098c0 tx=0x7f9c0c006db0 comp rx=0 tx=0).ready entity=mgr.14150 client_cookie=0 server_cookie=0 in_seq=0 out_seq=0
2024-09-19T06:38:36.261 INFO:teuthology.orchestra.run.smithi159.stdout:/usr/bin/ceph: stderr
2024-09-19T06:38:35.440+0000 7f9c1bfff640 1 -- 172.21.15.159:0/2020321204 <== mon.0 v2:172.21.15.159:3300/0 6 ==== mon_command_ack([{"prefix": "get_command_descriptions"}]=0 v0) ==== 72+0+188913 (secure 0 0 0) 0x7f9c140448d0 con 0x7f9c24107f30
2024-09-19T06:38:36.261 INFO:teuthology.orchestra.run.smithi159.stdout:/usr/bin/ceph: stderr
2024-09-19T06:38:35.561+0000 7f9c1bfff640 1 -- 172.21.15.159:0/2020321204 <== mon.0 v2:172.21.15.159:3300/0 7 ==== mgrmap(e 12) ==== 46474+0+0 (secure 0 0 0) 0x7f9c14044400 con 0x7f9c24107f30
2024-09-19T06:38:36.262 INFO:teuthology.orchestra.run.smithi159.stdout:/usr/bin/ceph: stderr
2024-09-19T06:38:35.617+0000 7f9c23fff640 1 -- 172.21.15.159:0/2020321204 --> [v2:172.21.15.159:6800/2390667146,v1:172.21.15.159:6801/2390667146] -- mgr_command(tid 0: {"prefix": "dashboard create-self-signed-cert", "target": ["mon-mgr", ""]}) -- 0x7f9c24102d70 con 0x7f9c100390f0
2024-09-19T06:38:36.262 INFO:teuthology.orchestra.run.smithi159.stdout:/usr/bin/ceph: stderr
