2024-09-19T06:40:32.462+0000 7f71034f0640 1 --2- >> [v2:172.21.15.103:3300/0,v1:172.21.15.103:6789/0] conn(0x7f70fc07de00 0x7f70fc07c2b0 unknown :-1 s=NONE pgs=0 cs=0 l=0 rev1=0 crypto rx=0 tx=0 comp rx=0 tx=0).connect
2024-09-19T06:40:33.446 INFO:teuthology.orchestra.run.smithi103.stdout:/usr/bin/ceph: stderr
2024-09-19T06:40:32.462+0000 7f71034f0640 1 -- --> [v2:172.21.15.103:3300/0,v1:172.21.15.103:6789/0] -- mon_getmap magic: 0 -- 0x7f70fc07c880 con 0x7f70fc07de00
2024-09-19T06:40:33.446 INFO:teuthology.orchestra.run.smithi103.stdout:/usr/bin/ceph: stderr
2024-09-19T06:40:32.462+0000 7f710128c640 1 --2- >> [v2:172.21.15.103:3300/0,v1:172.21.15.103:6789/0] conn(0x7f70fc07de00 0x7f70fc07c2b0 unknown :-1 s=BANNER_CONNECTING pgs=0 cs=0 l=0 rev1=0 crypto rx=0 tx=0 comp rx=0 tx=0)._handle_peer_banner_payload supported=3 required=0
2024-09-19T06:40:33.446 INFO:teuthology.orchestra.run.smithi103.stdout:/usr/bin/ceph: stderr
2024-09-19T06:40:32.462+0000 7f710128c640 1 --2- >> [v2:172.21.15.103:3300/0,v1:172.21.15.103:6789/0] conn(0x7f70fc07de00 0x7f70fc07c2b0 unknown :-1 s=HELLO_CONNECTING pgs=0 cs=0 l=0 rev1=1 crypto rx=0 tx=0 comp rx=0 tx=0).handle_hello peer v2:172.21.15.103:3300/0 says I am v2:172.21.15.103:51794/0 (socket says 172.21.15.103:51794)
2024-09-19T06:40:33.446 INFO:teuthology.orchestra.run.smithi103.stdout:/usr/bin/ceph: stderr
2024-09-19T06:40:32.462+0000 7f710128c640 1 -- 172.21.15.103:0/1400363631 learned_addr learned my addr 172.21.15.103:0/1400363631 (peer_addr_for_me v2:172.21.15.103:0/0)
2024-09-19T06:40:33.446 INFO:teuthology.orchestra.run.smithi103.stdout:/usr/bin/ceph: stderr
2024-09-19T06:40:32.462+0000 7f710128c640 1 -- 172.21.15.103:0/1400363631 --> [v2:172.21.15.103:3300/0,v1:172.21.15.103:6789/0] -- mon_subscribe({config=0+,monmap=0+}) -- 0x7f70fc07ca00 con 0x7f70fc07de00
2024-09-19T06:40:33.446 INFO:teuthology.orchestra.run.smithi103.stdout:/usr/bin/ceph: stderr
2024-09-19T06:40:32.463+0000 7f710128c640 1 --2- 172.21.15.103:0/1400363631 >> [v2:172.21.15.103:3300/0,v1:172.21.15.103:6789/0] conn(0x7f70fc07de00 0x7f70fc07c2b0 secure :-1 s=READY pgs=51 cs=0 l=1 rev1=1 crypto rx=0x7f70f8009820 tx=0x7f70f802a270 comp rx=0 tx=0).ready entity=mon.0 client_cookie=f097178c5cbd7d09 server_cookie=0 in_seq=0 out_seq=0
2024-09-19T06:40:33.447 INFO:teuthology.orchestra.run.smithi103.stdout:/usr/bin/ceph: stderr
2024-09-19T06:40:32.463+0000 7f70f3fff640 1 -- 172.21.15.103:0/1400363631 <== mon.0 v2:172.21.15.103:3300/0 1 ==== mon_map magic: 0 ==== 205+0+0 (secure 0 0 0) 0x7f70f8037070 con 0x7f70fc07de00
2024-09-19T06:40:33.447 INFO:teuthology.orchestra.run.smithi103.stdout:/usr/bin/ceph: stderr
2024-09-19T06:40:32.463+0000 7f70f3fff640 1 -- 172.21.15.103:0/1400363631 <== mon.0 v2:172.21.15.103:3300/0 2 ==== config(27 keys) ==== 1140+0+0 (secure 0 0 0) 0x7f70f8032920 con 0x7f70fc07de00
2024-09-19T06:40:33.447 INFO:teuthology.orchestra.run.smithi103.stdout:/usr/bin/ceph: stderr
2024-09-19T06:40:32.463+0000 7f70f3fff640 1 -- 172.21.15.103:0/1400363631 <== mon.0 v2:172.21.15.103:3300/0 3 ==== mon_map magic: 0 ==== 205+0+0 (secure 0 0 0) 0x7f70f8030810 con 0x7f70fc07de00
2024-09-19T06:40:33.447 INFO:teuthology.orchestra.run.smithi103.stdout:/usr/bin/ceph: stderr
2024-09-19T06:40:32.463+0000 7f71034f0640 1 -- 172.21.15.103:0/1400363631 >> [v2:172.21.15.103:3300/0,v1:172.21.15.103:6789/0] conn(0x7f70fc07de00 msgr2=0x7f70fc07c2b0 secure :-1 s=STATE_CONNECTION_ESTABLISHED l=1).mark_down
2024-09-19T06:40:33.447 INFO:teuthology.orchestra.run.smithi103.stdout:/usr/bin/ceph: stderr
2024-09-19T06:40:32.464+0000 7f71034f0640 1 --2- 172.21.15.103:0/1400363631 >> [v2:172.21.15.103:3300/0,v1:172.21.15.103:6789/0] conn(0x7f70fc07de00 0x7f70fc07c2b0 secure :-1 s=READY pgs=51 cs=0 l=1 rev1=1 crypto rx=0x7f70f8009820 tx=0x7f70f802a270 comp rx=0 tx=0).stop
2024-09-19T06:40:33.447 INFO:teuthology.orchestra.run.smithi103.stdout:/usr/bin/ceph: stderr
2024-09-19T06:40:32.464+0000 7f71034f0640 1 -- 172.21.15.103:0/1400363631 shutdown_connections
2024-09-19T06:40:33.447 INFO:teuthology.orchestra.run.smithi103.stdout:/usr/bin/ceph: stderr
2024-09-19T06:40:32.464+0000 7f71034f0640 1 --2- 172.21.15.103:0/1400363631 >> [v2:172.21.15.103:3300/0,v1:172.21.15.103:6789/0] conn(0x7f70fc07de00 0x7f70fc07c2b0 unknown :-1 s=CLOSED pgs=51 cs=0 l=1 rev1=1 crypto rx=0 tx=0 comp rx=0 tx=0).stop
2024-09-19T06:40:33.447 INFO:teuthology.orchestra.run.smithi103.stdout:/usr/bin/ceph: stderr
2024-09-19T06:40:32.464+0000 7f71034f0640 1 -- 172.21.15.103:0/1400363631 >> 172.21.15.103:0/1400363631 conn(0x7f70fc103060 msgr2=0x7f70fc105480 unknown :-1 s=STATE_NONE l=0).mark_down
2024-09-19T06:40:33.447 INFO:teuthology.orchestra.run.smithi103.stdout:/usr/bin/ceph: stderr
2024-09-19T06:40:32.464+0000 7f71034f0640 1 -- 172.21.15.103:0/1400363631 shutdown_connections
2024-09-19T06:40:33.447 INFO:teuthology.orchestra.run.smithi103.stdout:/usr/bin/ceph: stderr
2024-09-19T06:40:32.464+0000 7f71034f0640 1 -- 172.21.15.103:0/1400363631 wait complete.
2024-09-19T06:40:33.447 INFO:teuthology.orchestra.run.smithi103.stdout:/usr/bin/ceph: stderr
2024-09-19T06:40:32.464+0000 7f71034f0640 1 Processor -- start
2024-09-19T06:40:33.447 INFO:teuthology.orchestra.run.smithi103.stdout:/usr/bin/ceph: stderr
2024-09-19T06:40:32.464+0000 7f71034f0640 1 -- start start
2024-09-19T06:40:33.447 INFO:teuthology.orchestra.run.smithi103.stdout:/usr/bin/ceph: stderr
2024-09-19T06:40:32.464+0000 7f71034f0640 1 --2- >> [v2:172.21.15.103:3300/0,v1:172.21.15.103:6789/0] conn(0x7f70fc07de00 0x7f70fc19daa0 unknown :-1 s=NONE pgs=0 cs=0 l=1 rev1=0 crypto rx=0 tx=0 comp rx=0 tx=0).connect
2024-09-19T06:40:33.448 INFO:teuthology.orchestra.run.smithi103.stdout:/usr/bin/ceph: stderr
2024-09-19T06:40:32.464+0000 7f71034f0640 1 -- --> [v2:172.21.15.103:3300/0,v1:172.21.15.103:6789/0] -- mon_getmap magic: 0 -- 0x7f70fc10df00 con 0x7f70fc07de00
2024-09-19T06:40:33.448 INFO:teuthology.orchestra.run.smithi103.stdout:/usr/bin/ceph: stderr
2024-09-19T06:40:32.465+0000 7f710128c640 1 --2- >> [v2:172.21.15.103:3300/0,v1:172.21.15.103:6789/0] conn(0x7f70fc07de00 0x7f70fc19daa0 unknown :-1 s=BANNER_CONNECTING pgs=0 cs=0 l=1 rev1=0 crypto rx=0 tx=0 comp rx=0 tx=0)._handle_peer_banner_payload supported=3 required=0
2024-09-19T06:40:33.448 INFO:teuthology.orchestra.run.smithi103.stdout:/usr/bin/ceph: stderr
2024-09-19T06:40:32.465+0000 7f710128c640 1 --2- >> [v2:172.21.15.103:3300/0,v1:172.21.15.103:6789/0] conn(0x7f70fc07de00 0x7f70fc19daa0 unknown :-1 s=HELLO_CONNECTING pgs=0 cs=0 l=1 rev1=1 crypto rx=0 tx=0 comp rx=0 tx=0).handle_hello peer v2:172.21.15.103:3300/0 says I am v2:172.21.15.103:51800/0 (socket says 172.21.15.103:51800)
2024-09-19T06:40:33.448 INFO:teuthology.orchestra.run.smithi103.stdout:/usr/bin/ceph: stderr
2024-09-19T06:40:32.465+0000 7f710128c640 1 -- 172.21.15.103:0/553796926 learned_addr learned my addr 172.21.15.103:0/553796926 (peer_addr_for_me v2:172.21.15.103:0/0)
2024-09-19T06:40:33.448 INFO:teuthology.orchestra.run.smithi103.stdout:/usr/bin/ceph: stderr
2024-09-19T06:40:32.465+0000 7f710128c640 1 -- 172.21.15.103:0/553796926 --> [v2:172.21.15.103:3300/0,v1:172.21.15.103:6789/0] -- mon_subscribe({config=0+,monmap=0+}) -- 0x7f70fc19dfe0 con 0x7f70fc07de00
2024-09-19T06:40:33.448 INFO:teuthology.orchestra.run.smithi103.stdout:/usr/bin/ceph: stderr
2024-09-19T06:40:32.465+0000 7f710128c640 1 --2- 172.21.15.103:0/553796926 >> [v2:172.21.15.103:3300/0,v1:172.21.15.103:6789/0] conn(0x7f70fc07de00 0x7f70fc19daa0 secure :-1 s=READY pgs=52 cs=0 l=1 rev1=1 crypto rx=0x7f70f8030420 tx=0x7f70f8032670 comp rx=0 tx=0).ready entity=mon.0 client_cookie=0 server_cookie=0 in_seq=0 out_seq=0
2024-09-19T06:40:33.448 INFO:teuthology.orchestra.run.smithi103.stdout:/usr/bin/ceph: stderr
2024-09-19T06:40:32.465+0000 7f70f27fc640 1 -- 172.21.15.103:0/553796926 <== mon.0 v2:172.21.15.103:3300/0 1 ==== mon_map magic: 0 ==== 205+0+0 (secure 0 0 0) 0x7f70f8037040 con 0x7f70fc07de00
2024-09-19T06:40:33.448 INFO:teuthology.orchestra.run.smithi103.stdout:/usr/bin/ceph: stderr
2024-09-19T06:40:32.465+0000 7f70f27fc640 1 -- 172.21.15.103:0/553796926 <== mon.0 v2:172.21.15.103:3300/0 2 ==== config(27 keys) ==== 1140+0+0 (secure 0 0 0) 0x7f70f8040070 con 0x7f70fc07de00
2024-09-19T06:40:33.448 INFO:teuthology.orchestra.run.smithi103.stdout:/usr/bin/ceph: stderr
2024-09-19T06:40:32.465+0000 7f70f27fc640 1 -- 172.21.15.103:0/553796926 <== mon.0 v2:172.21.15.103:3300/0 3 ==== mon_map magic: 0 ==== 205+0+0 (secure 0 0 0) 0x7f70f803a6e0 con 0x7f70fc07de00
2024-09-19T06:40:33.448 INFO:teuthology.orchestra.run.smithi103.stdout:/usr/bin/ceph: stderr
2024-09-19T06:40:32.465+0000 7f71034f0640 1 -- 172.21.15.103:0/553796926 --> [v2:172.21.15.103:3300/0,v1:172.21.15.103:6789/0] -- mon_subscribe({mgrmap=0+}) -- 0x7f70fc19e270 con 0x7f70fc07de00
2024-09-19T06:40:33.448 INFO:teuthology.orchestra.run.smithi103.stdout:/usr/bin/ceph: stderr
2024-09-19T06:40:32.465+0000 7f71034f0640 1 -- 172.21.15.103:0/553796926 --> [v2:172.21.15.103:3300/0,v1:172.21.15.103:6789/0] -- mon_subscribe({osdmap=0}) -- 0x7f70fc1a0f60 con 0x7f70fc07de00
2024-09-19T06:40:33.448 INFO:teuthology.orchestra.run.smithi103.stdout:/usr/bin/ceph: stderr
2024-09-19T06:40:32.466+0000 7f70f27fc640 1 -- 172.21.15.103:0/553796926 <== mon.0 v2:172.21.15.103:3300/0 4 ==== mgrmap(e 8) ==== 46461+0+0 (secure 0 0 0) 0x7f70f803a990 con 0x7f70fc07de00
2024-09-19T06:40:33.448 INFO:teuthology.orchestra.run.smithi103.stdout:/usr/bin/ceph: stderr
2024-09-19T06:40:32.466+0000 7f71034f0640 1 -- 172.21.15.103:0/553796926 --> [v2:172.21.15.103:3300/0,v1:172.21.15.103:6789/0] -- mon_command({"prefix": "get_command_descriptions"} v 0) -- 0x7f70fc07c330 con 0x7f70fc07de00
2024-09-19T06:40:33.448 INFO:teuthology.orchestra.run.smithi103.stdout:/usr/bin/ceph: stderr
2024-09-19T06:40:32.466+0000 7f70f27fc640 1 --2- 172.21.15.103:0/553796926 >> [v2:172.21.15.103:6800/4122140716,v1:172.21.15.103:6801/4122140716] conn(0x7f70e8039200 0x7f70e803b6c0 unknown :-1 s=NONE pgs=0 cs=0 l=1 rev1=0 crypto rx=0 tx=0 comp rx=0 tx=0).connect
2024-09-19T06:40:33.449 INFO:teuthology.orchestra.run.smithi103.stdout:/usr/bin/ceph: stderr
2024-09-19T06:40:32.466+0000 7f70f27fc640 1 -- 172.21.15.103:0/553796926 <== mon.0 v2:172.21.15.103:3300/0 5 ==== osd_map(2..2 src has 1..2) ==== 940+0+0 (secure 0 0 0) 0x7f70f806c880 con 0x7f70fc07de00
2024-09-19T06:40:33.449 INFO:teuthology.orchestra.run.smithi103.stdout:/usr/bin/ceph: stderr
2024-09-19T06:40:32.466+0000 7f7100a8b640 1 --2- 172.21.15.103:0/553796926 >> [v2:172.21.15.103:6800/4122140716,v1:172.21.15.103:6801/4122140716] conn(0x7f70e8039200 0x7f70e803b6c0 unknown :-1 s=BANNER_CONNECTING pgs=0 cs=0 l=1 rev1=0 crypto rx=0 tx=0 comp rx=0 tx=0)._handle_peer_banner_payload supported=3 required=0
2024-09-19T06:40:33.449 INFO:teuthology.orchestra.run.smithi103.stdout:/usr/bin/ceph: stderr
2024-09-19T06:40:32.467+0000 7f7100a8b640 1 --2- 172.21.15.103:0/553796926 >> [v2:172.21.15.103:6800/4122140716,v1:172.21.15.103:6801/4122140716] conn(0x7f70e8039200 0x7f70e803b6c0 secure :-1 s=READY pgs=15 cs=0 l=1 rev1=1 crypto rx=0x7f70ec0098c0 tx=0x7f70ec006db0 comp rx=0 tx=0).ready entity=mgr.14118 client_cookie=0 server_cookie=0 in_seq=0 out_seq=0
2024-09-19T06:40:33.449 INFO:teuthology.orchestra.run.smithi103.stdout:/usr/bin/ceph: stderr
2024-09-19T06:40:32.471+0000 7f70f27fc640 1 -- 172.21.15.103:0/553796926 <== mon.0 v2:172.21.15.103:3300/0 6 ==== mon_command_ack([{"prefix": "get_command_descriptions"}]=0 v0) ==== 72+0+188913 (secure 0 0 0) 0x7f70f803bbd0 con 0x7f70fc07de00
2024-09-19T06:40:33.449 INFO:teuthology.orchestra.run.smithi103.stdout:/usr/bin/ceph: stderr
2024-09-19T06:40:32.652+0000 7f71034f0640 1 -- 172.21.15.103:0/553796926 --> [v2:172.21.15.103:3300/0,v1:172.21.15.103:6789/0] -- mon_command([{prefix=config set, name=mgr/dashboard/ssl_server_port}] v 0) -- 0x7f70fc1a1130 con 0x7f70fc07de00
2024-09-19T06:40:33.449 INFO:teuthology.orchestra.run.smithi103.stdout:/usr/bin/ceph: stderr
2024-09-19T06:40:32.654+0000 7f70f27fc640 1 -- 172.21.15.103:0/553796926 <== mon.0 v2:172.21.15.103:3300/0 7 ==== mon_command_ack([{prefix=config set, name=mgr/dashboard/ssl_server_port}]=0 v8)=0 v8) ==== 130+0+0 (secure 0 0 0) 0x7f70f803b420 con 0x7f70fc07de00
2024-09-19T06:40:33.449 INFO:teuthology.orchestra.run.smithi103.stdout:/usr/bin/ceph: stderr
2024-09-19T06:40:32.657+0000 7f71034f0640 1 -- 172.21.15.103:0/553796926 >> [v2:172.21.15.103:6800/4122140716,v1:172.21.15.103:6801/4122140716] conn(0x7f70e8039200 msgr2=0x7f70e803b6c0 secure :-1 s=STATE_CONNECTION_ESTABLISHED l=1).mark_down
2024-09-19T06:40:33.449 INFO:teuthology.orchestra.run.smithi103.stdout:/usr/bin/ceph: stderr
2024-09-19T06:40:32.657+0000 7f71034f0640 1 --2- 172.21.15.103:0/553796926 >> [v2:172.21.15.103:6800/4122140716,v1:172.21.15.103:6801/4122140716] conn(0x7f70e8039200 0x7f70e803b6c0 secure :-1 s=READY pgs=15 cs=0 l=1 rev1=1 crypto rx=0x7f70ec0098c0 tx=0x7f70ec006db0 comp rx=0 tx=0).stop
2024-09-19T06:40:33.449 INFO:teuthology.orchestra.run.smithi103.stdout:/usr/bin/ceph: stderr
2024-09-19T06:40:32.657+0000 7f71034f0640 1 -- 172.21.15.103:0/553796926 >> [v2:172.21.15.103:3300/0,v1:172.21.15.103:6789/0] conn(0x7f70fc07de00 msgr2=0x7f70fc19daa0 secure :-1 s=STATE_CONNECTION_ESTABLISHED l=1).mark_down
2024-09-19T06:40:33.449 INFO:teuthology.orchestra.run.smithi103.stdout:/usr/bin/ceph: stderr
2024-09-19T06:40:32.657+0000 7f71034f0640 1 --2- 172.21.15.103:0/553796926 >> [v2:172.21.15.103:3300/0,v1:172.21.15.103:6789/0] conn(0x7f70fc07de00 0x7f70fc19daa0 secure :-1 s=READY pgs=52 cs=0 l=1 rev1=1 crypto rx=0x7f70f8030420 tx=0x7f70f8032670 comp rx=0 tx=0).stop
2024-09-19T06:40:33.449 INFO:teuthology.orchestra.run.smithi103.stdout:/usr/bin/ceph: stderr
2024-09-19T06:40:32.657+0000 7f71034f0640 1 -- 172.21.15.103:0/553796926 shutdown_connections
2024-09-19T06:40:33.449 INFO:teuthology.orchestra.run.smithi103.stdout:/usr/bin/ceph: stderr
2024-09-19T06:40:32.657+0000 7f71034f0640 1 --2- 172.21.15.103:0/553796926 >> [v2:172.21.15.103:6800/4122140716,v1:172.21.15.103:6801/4122140716] conn(0x7f70e8039200 0x7f70e803b6c0 unknown :-1 s=CLOSED pgs=15 cs=0 l=1 rev1=1 crypto rx=0 tx=0 comp rx=0 tx=0).stop
2024-09-19T06:40:33.450 INFO:teuthology.orchestra.run.smithi103.stdout:/usr/bin/ceph: stderr
2024-09-19T06:40:32.657+0000 7f71034f0640 1 --2- 172.21.15.103:0/553796926 >> [v2:172.21.15.103:3300/0,v1:172.21.15.103:6789/0] conn(0x7f70fc07de00 0x7f70fc19daa0 unknown :-1 s=CLOSED pgs=52 cs=0 l=1 rev1=1 crypto rx=0 tx=0 comp rx=0 tx=0).stop
2024-09-19T06:40:33.450 INFO:teuthology.orchestra.run.smithi103.stdout:/usr/bin/ceph: stderr
2024-09-19T06:40:32.657+0000 7f71034f0640 1 -- 172.21.15.103:0/553796926 >> 172.21.15.103:0/553796926 conn(0x7f70fc103060 msgr2=0x7f70fc103c30 unknown :-1 s=STATE_NONE l=0).mark_down
2024-09-19T06:40:33.450 INFO:teuthology.orchestra.run.smithi103.stdout:/usr/bin/ceph: stderr
2024-09-19T06:40:32.657+0000 7f71034f0640 1 -- 172.21.15.103:0/553796926 shutdown_connections
2024-09-19T06:40:33.450 INFO:teuthology.orchestra.run.smithi103.stdout:/usr/bin/ceph: stderr
2024-09-19T06:40:32.657+0000 7f71034f0640 1 -- 172.21.15.103:0/553796926 wait complete.
2024-09-19T06:40:33.450 INFO:teuthology.orchestra.run.smithi103.stdout:Enabling the dashboard module...
2024-09-19T06:40:33.888 INFO:journalctl@ceph.mon.a.smithi103.stdout:Sep 19 06:40:33 smithi103 ceph-mon[31158]: from='client.? 172.21.15.103:0/553796926' entity='client.admin'
2024-09-19T06:40:35.138 INFO:journalctl@ceph.mon.a.smithi103.stdout:Sep 19 06:40:34 smithi103 ceph-mon[31158]: from='mgr.14118 172.21.15.103:0/3896824416' entity='mgr.x'
2024-09-19T06:40:35.138 INFO:journalctl@ceph.mon.a.smithi103.stdout:Sep 19 06:40:34 smithi103 ceph-mon[31158]: from='client.? 172.21.15.103:0/197926378' entity='client.admin' cmd=[{"prefix": "mgr module enable", "module": "dashboard"}]: dispatch
2024-09-19T06:40:35.138 INFO:journalctl@ceph.mon.a.smithi103.stdout:Sep 19 06:40:34 smithi103 ceph-mon[31158]: from='mgr.14118 172.21.15.103:0/3896824416' entity='mgr.x'
2024-09-19T06:40:35.138 INFO:journalctl@ceph.mgr.x.smithi103.stdout:Sep 19 06:40:34 smithi103 ceph-d158d934-7651-11ef-bceb-c7b262605968-mgr-x[31388]: ignoring --setuser ceph since I am not root
2024-09-19T06:40:35.138 INFO:journalctl@ceph.mgr.x.smithi103.stdout:Sep 19 06:40:34 smithi103 ceph-d158d934-7651-11ef-bceb-c7b262605968-mgr-x[31388]: ignoring --setgroup ceph since I am not root
2024-09-19T06:40:35.138 INFO:journalctl@ceph.mgr.x.smithi103.stdout:Sep 19 06:40:34 smithi103 ceph-d158d934-7651-11ef-bceb-c7b262605968-mgr-x[31388]:
2024-09-19T06:40:34.968+0000 7f7212a3f040 -1 mgr[py] Module osd_perf_query has missing NOTIFY_TYPES member
2024-09-19T06:40:35.139 INFO:journalctl@ceph.mgr.x.smithi103.stdout:Sep 19 06:40:35 smithi103 ceph-d158d934-7651-11ef-bceb-c7b262605968-mgr-x[31388]:
2024-09-19T06:40:35.030+0000 7f7212a3f040 -1 mgr[py] Module osd_support has missing NOTIFY_TYPES member
2024-09-19T06:40:35.543 INFO:journalctl@ceph.mgr.x.smithi103.stdout:Sep 19 06:40:35 smithi103 ceph-d158d934-7651-11ef-bceb-c7b262605968-mgr-x[31388]:
2024-09-19T06:40:35.181+0000 7f7212a3f040 -1 mgr[py] Module diskprediction_local has missing NOTIFY_TYPES member
2024-09-19T06:40:35.543 INFO:journalctl@ceph.mgr.x.smithi103.stdout:Sep 19 06:40:35 smithi103 ceph-d158d934-7651-11ef-bceb-c7b262605968-mgr-x[31388]:
2024-09-19T06:40:35.248+0000 7f7212a3f040 -1 mgr[py] Module crash has missing NOTIFY_TYPES member
2024-09-19T06:40:35.543 INFO:journalctl@ceph.mgr.x.smithi103.stdout:Sep 19 06:40:35 smithi103 ceph-d158d934-7651-11ef-bceb-c7b262605968-mgr-x[31388]:
2024-09-19T06:40:35.400+0000 7f7212a3f040 -1 mgr[py] Module test_orchestrator has missing NOTIFY_TYPES member
2024-09-19T06:40:35.543 INFO:journalctl@ceph.mgr.x.smithi103.stdout:Sep 19 06:40:35 smithi103 ceph-d158d934-7651-11ef-bceb-c7b262605968-mgr-x[31388]:
2024-09-19T06:40:35.542+0000 7f7212a3f040 -1 mgr[py] Module snap_schedule has missing NOTIFY_TYPES member
2024-09-19T06:40:35.951 INFO:teuthology.orchestra.run.smithi103.stdout:/usr/bin/ceph: stderr
2024-09-19T06:40:34.207+0000 7f8dbfe17640 1 Processor -- start
2024-09-19T06:40:35.952 INFO:teuthology.orchestra.run.smithi103.stdout:/usr/bin/ceph: stderr
2024-09-19T06:40:34.207+0000 7f8dbfe17640 1 -- start start
2024-09-19T06:40:35.952 INFO:teuthology.orchestra.run.smithi103.stdout:/usr/bin/ceph: stderr
2024-09-19T06:40:34.208+0000 7f8dbfe17640 1 --2- >> [v2:172.21.15.103:3300/0,v1:172.21.15.103:6789/0] conn(0x7f8db81078b0 0x7f8db8107cb0 unknown :-1 s=NONE pgs=0 cs=0 l=0 rev1=0 crypto rx=0 tx=0 comp rx=0 tx=0).connect
2024-09-19T06:40:35.952 INFO:teuthology.orchestra.run.smithi103.stdout:/usr/bin/ceph: stderr
2024-09-19T06:40:34.208+0000 7f8dbfe17640 1 -- --> [v2:172.21.15.103:3300/0,v1:172.21.15.103:6789/0] -- mon_getmap magic: 0 -- 0x7f8db8108280 con 0x7f8db81078b0
2024-09-19T06:40:35.952 INFO:teuthology.orchestra.run.smithi103.stdout:/usr/bin/ceph: stderr
2024-09-19T06:40:34.208+0000 7f8dbdbb3640 1 --2- >> [v2:172.21.15.103:3300/0,v1:172.21.15.103:6789/0] conn(0x7f8db81078b0 0x7f8db8107cb0 unknown :-1 s=BANNER_CONNECTING pgs=0 cs=0 l=0 rev1=0 crypto rx=0 tx=0 comp rx=0 tx=0)._handle_peer_banner_payload supported=3 required=0
2024-09-19T06:40:35.952 INFO:teuthology.orchestra.run.smithi103.stdout:/usr/bin/ceph: stderr
2024-09-19T06:40:34.208+0000 7f8dbdbb3640 1 --2- >> [v2:172.21.15.103:3300/0,v1:172.21.15.103:6789/0] conn(0x7f8db81078b0 0x7f8db8107cb0 unknown :-1 s=HELLO_CONNECTING pgs=0 cs=0 l=0 rev1=1 crypto rx=0 tx=0 comp rx=0 tx=0).handle_hello peer v2:172.21.15.103:3300/0 says I am v2:172.21.15.103:51812/0 (socket says 172.21.15.103:51812)
2024-09-19T06:40:35.952 INFO:teuthology.orchestra.run.smithi103.stdout:/usr/bin/ceph: stderr
2024-09-19T06:40:34.208+0000 7f8dbdbb3640 1 -- 172.21.15.103:0/888009151 learned_addr learned my addr 172.21.15.103:0/888009151 (peer_addr_for_me v2:172.21.15.103:0/0)
2024-09-19T06:40:35.952 INFO:teuthology.orchestra.run.smithi103.stdout:/usr/bin/ceph: stderr
2024-09-19T06:40:34.208+0000 7f8dbdbb3640 1 -- 172.21.15.103:0/888009151 --> [v2:172.21.15.103:3300/0,v1:172.21.15.103:6789/0] -- mon_subscribe({config=0+,monmap=0+}) -- 0x7f8db8108a60 con 0x7f8db81078b0
2024-09-19T06:40:35.952 INFO:teuthology.orchestra.run.smithi103.stdout:/usr/bin/ceph: stderr
2024-09-19T06:40:34.209+0000 7f8dbdbb3640 1 --2- 172.21.15.103:0/888009151 >> [v2:172.21.15.103:3300/0,v1:172.21.15.103:6789/0] conn(0x7f8db81078b0 0x7f8db8107cb0 secure :-1 s=READY pgs=53 cs=0 l=1 rev1=1 crypto rx=0x7f8db4009820 tx=0x7f8db402a270 comp rx=0 tx=0).ready entity=mon.0 client_cookie=a0792d296525baa5 server_cookie=0 in_seq=0 out_seq=0
2024-09-19T06:40:35.952 INFO:teuthology.orchestra.run.smithi103.stdout:/usr/bin/ceph: stderr
2024-09-19T06:40:34.209+0000 7f8dbcbb1640 1 -- 172.21.15.103:0/888009151 <== mon.0 v2:172.21.15.103:3300/0 1 ==== mon_map magic: 0 ==== 205+0+0 (secure 0 0 0) 0x7f8db4037070 con 0x7f8db81078b0
2024-09-19T06:40:35.952 INFO:teuthology.orchestra.run.smithi103.stdout:/usr/bin/ceph: stderr
2024-09-19T06:40:34.209+0000 7f8dbcbb1640 1 -- 172.21.15.103:0/888009151 <== mon.0 v2:172.21.15.103:3300/0 2 ==== config(27 keys) ==== 1140+0+0 (secure 0 0 0) 0x7f8db4032920 con 0x7f8db81078b0
2024-09-19T06:40:35.952 INFO:teuthology.orchestra.run.smithi103.stdout:/usr/bin/ceph: stderr
2024-09-19T06:40:34.209+0000 7f8dbcbb1640 1 -- 172.21.15.103:0/888009151 <== mon.0 v2:172.21.15.103:3300/0 3 ==== mon_map magic: 0 ==== 205+0+0 (secure 0 0 0) 0x7f8db4030810 con 0x7f8db81078b0
2024-09-19T06:40:35.952 INFO:teuthology.orchestra.run.smithi103.stdout:/usr/bin/ceph: stderr
2024-09-19T06:40:34.210+0000 7f8dbfe17640 1 -- 172.21.15.103:0/888009151 >> [v2:172.21.15.103:3300/0,v1:172.21.15.103:6789/0] conn(0x7f8db81078b0 msgr2=0x7f8db8107cb0 secure :-1 s=STATE_CONNECTION_ESTABLISHED l=1).mark_down
2024-09-19T06:40:35.953 INFO:teuthology.orchestra.run.smithi103.stdout:/usr/bin/ceph: stderr
2024-09-19T06:40:34.210+0000 7f8dbfe17640 1 --2- 172.21.15.103:0/888009151 >> [v2:172.21.15.103:3300/0,v1:172.21.15.103:6789/0] conn(0x7f8db81078b0 0x7f8db8107cb0 secure :-1 s=READY pgs=53 cs=0 l=1 rev1=1 crypto rx=0x7f8db4009820 tx=0x7f8db402a270 comp rx=0 tx=0).stop
2024-09-19T06:40:35.953 INFO:teuthology.orchestra.run.smithi103.stdout:/usr/bin/ceph: stderr
2024-09-19T06:40:34.210+0000 7f8dbfe17640 1 -- 172.21.15.103:0/888009151 shutdown_connections
2024-09-19T06:40:35.953 INFO:teuthology.orchestra.run.smithi103.stdout:/usr/bin/ceph: stderr
2024-09-19T06:40:34.210+0000 7f8dbfe17640 1 --2- 172.21.15.103:0/888009151 >> [v2:172.21.15.103:3300/0,v1:172.21.15.103:6789/0] conn(0x7f8db81078b0 0x7f8db8107cb0 unknown :-1 s=CLOSED pgs=53 cs=0 l=1 rev1=1 crypto rx=0 tx=0 comp rx=0 tx=0).stop
2024-09-19T06:40:35.953 INFO:teuthology.orchestra.run.smithi103.stdout:/usr/bin/ceph: stderr
2024-09-19T06:40:34.210+0000 7f8dbfe17640 1 -- 172.21.15.103:0/888009151 >> 172.21.15.103:0/888009151 conn(0x7f8db8103080 msgr2=0x7f8db81054a0 unknown :-1 s=STATE_NONE l=0).mark_down
2024-09-19T06:40:35.953 INFO:teuthology.orchestra.run.smithi103.stdout:/usr/bin/ceph: stderr
2024-09-19T06:40:34.210+0000 7f8dbfe17640 1 -- 172.21.15.103:0/888009151 shutdown_connections
2024-09-19T06:40:35.953 INFO:teuthology.orchestra.run.smithi103.stdout:/usr/bin/ceph: stderr
2024-09-19T06:40:34.210+0000 7f8dbfe17640 1 -- 172.21.15.103:0/888009151 wait complete.
2024-09-19T06:40:35.953 INFO:teuthology.orchestra.run.smithi103.stdout:/usr/bin/ceph: stderr
2024-09-19T06:40:34.211+0000 7f8dbfe17640 1 Processor -- start
2024-09-19T06:40:35.953 INFO:teuthology.orchestra.run.smithi103.stdout:/usr/bin/ceph: stderr
2024-09-19T06:40:34.211+0000 7f8dbfe17640 1 -- start start
2024-09-19T06:40:35.953 INFO:teuthology.orchestra.run.smithi103.stdout:/usr/bin/ceph: stderr
2024-09-19T06:40:34.211+0000 7f8dbfe17640 1 --2- >> [v2:172.21.15.103:3300/0,v1:172.21.15.103:6789/0] conn(0x7f8db81078b0 0x7f8db819b880 unknown :-1 s=NONE pgs=0 cs=0 l=1 rev1=0 crypto rx=0 tx=0 comp rx=0 tx=0).connect
2024-09-19T06:40:35.953 INFO:teuthology.orchestra.run.smithi103.stdout:/usr/bin/ceph: stderr
2024-09-19T06:40:34.211+0000 7f8dbfe17640 1 -- --> [v2:172.21.15.103:3300/0,v1:172.21.15.103:6789/0] -- mon_getmap magic: 0 -- 0x7f8db810be10 con 0x7f8db81078b0
2024-09-19T06:40:35.953 INFO:teuthology.orchestra.run.smithi103.stdout:/usr/bin/ceph: stderr
2024-09-19T06:40:34.211+0000 7f8dbdbb3640 1 --2- >> [v2:172.21.15.103:3300/0,v1:172.21.15.103:6789/0] conn(0x7f8db81078b0 0x7f8db819b880 unknown :-1 s=BANNER_CONNECTING pgs=0 cs=0 l=1 rev1=0 crypto rx=0 tx=0 comp rx=0 tx=0)._handle_peer_banner_payload supported=3 required=0
2024-09-19T06:40:35.954 INFO:teuthology.orchestra.run.smithi103.stdout:/usr/bin/ceph: stderr
2024-09-19T06:40:34.211+0000 7f8dbdbb3640 1 --2- >> [v2:172.21.15.103:3300/0,v1:172.21.15.103:6789/0] conn(0x7f8db81078b0 0x7f8db819b880 unknown :-1 s=HELLO_CONNECTING pgs=0 cs=0 l=1 rev1=1 crypto rx=0 tx=0 comp rx=0 tx=0).handle_hello peer v2:172.21.15.103:3300/0 says I am v2:172.21.15.103:51824/0 (socket says 172.21.15.103:51824)
2024-09-19T06:40:35.954 INFO:teuthology.orchestra.run.smithi103.stdout:/usr/bin/ceph: stderr
2024-09-19T06:40:34.211+0000 7f8dbdbb3640 1 -- 172.21.15.103:0/197926378 learned_addr learned my addr 172.21.15.103:0/197926378 (peer_addr_for_me v2:172.21.15.103:0/0)
2024-09-19T06:40:35.954 INFO:teuthology.orchestra.run.smithi103.stdout:/usr/bin/ceph: stderr
2024-09-19T06:40:34.211+0000 7f8dbdbb3640 1 -- 172.21.15.103:0/197926378 --> [v2:172.21.15.103:3300/0,v1:172.21.15.103:6789/0] -- mon_subscribe({config=0+,monmap=0+}) -- 0x7f8db819bdc0 con 0x7f8db81078b0
2024-09-19T06:40:35.954 INFO:teuthology.orchestra.run.smithi103.stdout:/usr/bin/ceph: stderr
2024-09-19T06:40:34.211+0000 7f8dbdbb3640 1 --2- 172.21.15.103:0/197926378 >> [v2:172.21.15.103:3300/0,v1:172.21.15.103:6789/0] conn(0x7f8db81078b0 0x7f8db819b880 secure :-1 s=READY pgs=54 cs=0 l=1 rev1=1 crypto rx=0x7f8db40097f0 tx=0x7f8db40327b0 comp rx=0 tx=0).ready entity=mon.0 client_cookie=0 server_cookie=0 in_seq=0 out_seq=0
2024-09-19T06:40:35.954 INFO:teuthology.orchestra.run.smithi103.stdout:/usr/bin/ceph: stderr
2024-09-19T06:40:34.212+0000 7f8daeffd640 1 -- 172.21.15.103:0/197926378 <== mon.0 v2:172.21.15.103:3300/0 1 ==== mon_map magic: 0 ==== 205+0+0 (secure 0 0 0) 0x7f8db4037040 con 0x7f8db81078b0
2024-09-19T06:40:35.954 INFO:teuthology.orchestra.run.smithi103.stdout:/usr/bin/ceph: stderr
2024-09-19T06:40:34.212+0000 7f8dbfe17640 1 -- 172.21.15.103:0/197926378 --> [v2:172.21.15.103:3300/0,v1:172.21.15.103:6789/0] -- mon_subscribe({mgrmap=0+}) -- 0x7f8db819c050 con 0x7f8db81078b0
2024-09-19T06:40:35.954 INFO:teuthology.orchestra.run.smithi103.stdout:/usr/bin/ceph: stderr
2024-09-19T06:40:34.212+0000 7f8daeffd640 1 -- 172.21.15.103:0/197926378 <== mon.0 v2:172.21.15.103:3300/0 2 ==== config(27 keys) ==== 1140+0+0 (secure 0 0 0) 0x7f8db4030cc0 con 0x7f8db81078b0
2024-09-19T06:40:35.954 INFO:teuthology.orchestra.run.smithi103.stdout:/usr/bin/ceph: stderr
2024-09-19T06:40:34.212+0000 7f8daeffd640 1 -- 172.21.15.103:0/197926378 <== mon.0 v2:172.21.15.103:3300/0 3 ==== mon_map magic: 0 ==== 205+0+0 (secure 0 0 0) 0x7f8db403a640 con 0x7f8db81078b0
2024-09-19T06:40:35.954 INFO:teuthology.orchestra.run.smithi103.stdout:/usr/bin/ceph: stderr
2024-09-19T06:40:34.212+0000 7f8dbfe17640 1 -- 172.21.15.103:0/197926378 --> [v2:172.21.15.103:3300/0,v1:172.21.15.103:6789/0] -- mon_subscribe({osdmap=0}) -- 0x7f8db819ed40 con 0x7f8db81078b0
2024-09-19T06:40:35.954 INFO:teuthology.orchestra.run.smithi103.stdout:/usr/bin/ceph: stderr
2024-09-19T06:40:34.213+0000 7f8daeffd640 1 -- 172.21.15.103:0/197926378 <== mon.0 v2:172.21.15.103:3300/0 4 ==== mgrmap(e 8) ==== 46461+0+0 (secure 0 0 0) 0x7f8db403b3f0 con 0x7f8db81078b0
2024-09-19T06:40:35.954 INFO:teuthology.orchestra.run.smithi103.stdout:/usr/bin/ceph: stderr
2024-09-19T06:40:34.213+0000 7f8dbfe17640 1 -- 172.21.15.103:0/197926378 --> [v2:172.21.15.103:3300/0,v1:172.21.15.103:6789/0] -- mon_command({"prefix": "get_command_descriptions"} v 0) -- 0x7f8db810bf90 con 0x7f8db81078b0
2024-09-19T06:40:35.954 INFO:teuthology.orchestra.run.smithi103.stdout:/usr/bin/ceph: stderr
2024-09-19T06:40:34.213+0000 7f8daeffd640 1 --2- 172.21.15.103:0/197926378 >> [v2:172.21.15.103:6800/4122140716,v1:172.21.15.103:6801/4122140716] conn(0x7f8da40391b0 0x7f8da403b670 unknown :-1 s=NONE pgs=0 cs=0 l=1 rev1=0 crypto rx=0 tx=0 comp rx=0 tx=0).connect
2024-09-19T06:40:35.955 INFO:teuthology.orchestra.run.smithi103.stdout:/usr/bin/ceph: stderr
2024-09-19T06:40:34.213+0000 7f8daeffd640 1 -- 172.21.15.103:0/197926378 <== mon.0 v2:172.21.15.103:3300/0 5 ==== osd_map(2..2 src has 1..2) ==== 940+0+0 (secure 0 0 0) 0x7f8db406c7d0 con 0x7f8db81078b0
2024-09-19T06:40:35.955 INFO:teuthology.orchestra.run.smithi103.stdout:/usr/bin/ceph: stderr
2024-09-19T06:40:34.214+0000 7f8dbd3b2640 1 --2- 172.21.15.103:0/197926378 >> [v2:172.21.15.103:6800/4122140716,v1:172.21.15.103:6801/4122140716] conn(0x7f8da40391b0 0x7f8da403b670 unknown :-1 s=BANNER_CONNECTING pgs=0 cs=0 l=1 rev1=0 crypto rx=0 tx=0 comp rx=0 tx=0)._handle_peer_banner_payload supported=3 required=0
2024-09-19T06:40:35.955 INFO:teuthology.orchestra.run.smithi103.stdout:/usr/bin/ceph: stderr
2024-09-19T06:40:34.214+0000 7f8dbd3b2640 1 --2- 172.21.15.103:0/197926378 >> [v2:172.21.15.103:6800/4122140716,v1:172.21.15.103:6801/4122140716] conn(0x7f8da40391b0 0x7f8da403b670 secure :-1 s=READY pgs=16 cs=0 l=1 rev1=1 crypto rx=0x7f8da80098c0 tx=0x7f8da8006db0 comp rx=0 tx=0).ready entity=mgr.14118 client_cookie=0 server_cookie=0 in_seq=0 out_seq=0
2024-09-19T06:40:35.955 INFO:teuthology.orchestra.run.smithi103.stdout:/usr/bin/ceph: stderr
2024-09-19T06:40:34.218+0000 7f8daeffd640 1 -- 172.21.15.103:0/197926378 <== mon.0 v2:172.21.15.103:3300/0 6 ==== mon_command_ack([{"prefix": "get_command_descriptions"}]=0 v0) ==== 72+0+188913 (secure 0 0 0) 0x7f8db4042e10 con 0x7f8db81078b0
2024-09-19T06:40:35.955 INFO:teuthology.orchestra.run.smithi103.stdout:/usr/bin/ceph: stderr
2024-09-19T06:40:34.441+0000 7f8dbfe17640 1 -- 172.21.15.103:0/197926378 --> [v2:172.21.15.103:3300/0,v1:172.21.15.103:6789/0] -- mon_command({"prefix": "mgr module enable", "module": "dashboard"} v 0) -- 0x7f8db8107d30 con 0x7f8db81078b0
2024-09-19T06:40:35.955 INFO:teuthology.orchestra.run.smithi103.stdout:/usr/bin/ceph: stderr
2024-09-19T06:40:34.820+0000 7f8daeffd640 1 -- 172.21.15.103:0/197926378 <== mon.0 v2:172.21.15.103:3300/0 7 ==== mon_command_ack([{"prefix": "mgr module enable", "module": "dashboard"}]=0 v9) ==== 88+0+0 (secure 0 0 0) 0x7f8db403ba40 con 0x7f8db81078b0
2024-09-19T06:40:35.955 INFO:teuthology.orchestra.run.smithi103.stdout:/usr/bin/ceph: stderr
2024-09-19T06:40:34.822+0000 7f8daeffd640 1 -- 172.21.15.103:0/197926378 <== mon.0 v2:172.21.15.103:3300/0 8 ==== mgrmap(e 9) ==== 46474+0+0 (secure 0 0 0) 0x7f8db403a940 con 0x7f8db81078b0
2024-09-19T06:40:35.955 INFO:teuthology.orchestra.run.smithi103.stdout:/usr/bin/ceph: stderr
2024-09-19T06:40:34.823+0000 7f8dbfe17640 1 -- 172.21.15.103:0/197926378 >> [v2:172.21.15.103:6800/4122140716,v1:172.21.15.103:6801/4122140716] conn(0x7f8da40391b0 msgr2=0x7f8da403b670 secure :-1 s=STATE_CONNECTION_ESTABLISHED l=1).mark_down
2024-09-19T06:40:35.955 INFO:teuthology.orchestra.run.smithi103.stdout:/usr/bin/ceph: stderr
2024-09-19T06:40:34.823+0000 7f8dbfe17640 1 --2- 172.21.15.103:0/197926378 >> [v2:172.21.15.103:6800/4122140716,v1:172.21.15.103:6801/4122140716] conn(0x7f8da40391b0 0x7f8da403b670 secure :-1 s=READY pgs=16 cs=0 l=1 rev1=1 crypto rx=0x7f8da80098c0 tx=0x7f8da8006db0 comp rx=0 tx=0).stop
2024-09-19T06:40:35.955 INFO:teuthology.orchestra.run.smithi103.stdout:/usr/bin/ceph: stderr
2024-09-19T06:40:34.823+0000 7f8dbfe17640 1 -- 172.21.15.103:0/197926378 >> [v2:172.21.15.103:3300/0,v1:172.21.15.103:6789/0] conn(0x7f8db81078b0 msgr2=0x7f8db819b880 secure :-1 s=STATE_CONNECTION_ESTABLISHED l=1).mark_down
2024-09-19T06:40:35.955 INFO:teuthology.orchestra.run.smithi103.stdout:/usr/bin/ceph: stderr
2024-09-19T06:40:34.823+0000 7f8dbfe17640 1 --2- 172.21.15.103:0/197926378 >> [v2:172.21.15.103:3300/0,v1:172.21.15.103:6789/0] conn(0x7f8db81078b0 0x7f8db819b880 secure :-1 s=READY pgs=54 cs=0 l=1 rev1=1 crypto rx=0x7f8db40097f0 tx=0x7f8db40327b0 comp rx=0 tx=0).stop
2024-09-19T06:40:35.955 INFO:teuthology.orchestra.run.smithi103.stdout:/usr/bin/ceph: stderr
2024-09-19T06:40:34.823+0000 7f8dbfe17640 1 -- 172.21.15.103:0/197926378 shutdown_connections
2024-09-19T06:40:35.956 INFO:teuthology.orchestra.run.smithi103.stdout:/usr/bin/ceph: stderr
2024-09-19T06:40:34.823+0000 7f8dbfe17640 1 --2- 172.21.15.103:0/197926378 >> [v2:172.21.15.103:6800/4122140716,v1:172.21.15.103:6801/4122140716] conn(0x7f8da40391b0 0x7f8da403b670 unknown :-1 s=CLOSED pgs=16 cs=0 l=1 rev1=1 crypto rx=0 tx=0 comp rx=0 tx=0).stop
2024-09-19T06:40:35.956 INFO:teuthology.orchestra.run.smithi103.stdout:/usr/bin/ceph: stderr
2024-09-19T06:40:34.823+0000 7f8dbfe17640 1 --2- 172.21.15.103:0/197926378 >> [v2:172.21.15.103:3300/0,v1:172.21.15.103:6789/0] conn(0x7f8db81078b0 0x7f8db819b880 unknown :-1 s=CLOSED pgs=54 cs=0 l=1 rev1=1 crypto rx=0 tx=0 comp rx=0 tx=0).stop
2024-09-19T06:40:35.956 INFO:teuthology.orchestra.run.smithi103.stdout:/usr/bin/ceph: stderr
2024-09-19T06:40:34.823+0000 7f8dbfe17640 1 -- 172.21.15.103:0/197926378 >> 172.21.15.103:0/197926378 conn(0x7f8db8103080 msgr2=0x7f8db8103bf0 unknown :-1 s=STATE_NONE l=0).mark_down
2024-09-19T06:40:35.956 INFO:teuthology.orchestra.run.smithi103.stdout:/usr/bin/ceph: stderr
2024-09-19T06:40:34.823+0000 7f8dbfe17640 1 -- 172.21.15.103:0/197926378 shutdown_connections
2024-09-19T06:40:35.956 INFO:teuthology.orchestra.run.smithi103.stdout:/usr/bin/ceph: stderr
2024-09-19T06:40:34.823+0000 7f8dbfe17640 1 -- 172.21.15.103:0/197926378 wait complete.
2024-09-19T06:40:36.120 INFO:journalctl@ceph.mon.a.smithi103.stdout:Sep 19 06:40:35 smithi103 ceph-mon[31158]: from='client.? 172.21.15.103:0/197926378' entity='client.admin' cmd='[{"prefix": "mgr module enable", "module": "dashboard"}]': finished
2024-09-19T06:40:36.121 INFO:journalctl@ceph.mon.a.smithi103.stdout:Sep 19 06:40:35 smithi103 ceph-mon[31158]: mgrmap e9: x(active, since 18s)
2024-09-19T06:40:36.121 INFO:journalctl@ceph.mgr.x.smithi103.stdout:Sep 19 06:40:35 smithi103 ceph-d158d934-7651-11ef-bceb-c7b262605968-mgr-x[31388]:
2024-09-19T06:40:35.862+0000 7f7212a3f040 -1 mgr[py] Module prometheus has missing NOTIFY_TYPES member
2024-09-19T06:40:36.121 INFO:journalctl@ceph.mgr.x.smithi103.stdout:Sep 19 06:40:35 smithi103 ceph-d158d934-7651-11ef-bceb-c7b262605968-mgr-x[31388]:
2024-09-19T06:40:35.923+0000 7f7212a3f040 -1 mgr[py] Module selftest has missing NOTIFY_TYPES member
2024-09-19T06:40:36.121 INFO:journalctl@ceph.mgr.x.smithi103.stdout:Sep 19 06:40:36 smithi103 ceph-d158d934-7651-11ef-bceb-c7b262605968-mgr-x[31388]:
2024-09-19T06:40:36.119+0000 7f7212a3f040 -1 mgr[py] Module volumes has missing NOTIFY_TYPES member
2024-09-19T06:40:37.278 INFO:journalctl@ceph.mon.a.smithi103.stdout:Sep 19 06:40:37 smithi103 ceph-mon[31158]: from='client.? 172.21.15.103:0/4215000728' entity='client.admin' cmd=[{"prefix": "mgr stat"}]: dispatch
2024-09-19T06:40:37.278 INFO:journalctl@ceph.mgr.x.smithi103.stdout:Sep 19 06:40:37 smithi103 ceph-d158d934-7651-11ef-bceb-c7b262605968-mgr-x[31388]:
2024-09-19T06:40:37.028+0000 7f7212a3f040 -1 mgr[py] Module telemetry has missing NOTIFY_TYPES member
2024-09-19T06:40:37.278 INFO:journalctl@ceph.mgr.x.smithi103.stdout:Sep 19 06:40:37 smithi103 ceph-d158d934-7651-11ef-bceb-c7b262605968-mgr-x[31388]:
2024-09-19T06:40:37.099+0000 7f7212a3f040 -1 mgr[py] Module balancer has missing NOTIFY_TYPES member
2024-09-19T06:40:37.630 INFO:teuthology.orchestra.run.smithi103.stdout:/usr/bin/ceph: stdout {
2024-09-19T06:40:37.630 INFO:teuthology.orchestra.run.smithi103.stdout:/usr/bin/ceph: stdout "epoch": 9,
2024-09-19T06:40:37.630 INFO:teuthology.orchestra.run.smithi103.stdout:/usr/bin/ceph: stdout "available": true,
2024-09-19T06:40:37.630 INFO:teuthology.orchestra.run.smithi103.stdout:/usr/bin/ceph: stdout "active_name": "x",
2024-09-19T06:40:37.630 INFO:teuthology.orchestra.run.smithi103.stdout:/usr/bin/ceph: stdout "num_standby": 0
2024-09-19T06:40:37.630 INFO:teuthology.orchestra.run.smithi103.stdout:/usr/bin/ceph: stdout }
2024-09-19T06:40:37.630 INFO:teuthology.orchestra.run.smithi103.stdout:/usr/bin/ceph: stderr
2024-09-19T06:40:36.758+0000 7f8fb7ef3640 1 Processor -- start
2024-09-19T06:40:37.630 INFO:teuthology.orchestra.run.smithi103.stdout:/usr/bin/ceph: stderr
2024-09-19T06:40:36.758+0000 7f8fb7ef3640 1 -- start start
2024-09-19T06:40:37.630 INFO:teuthology.orchestra.run.smithi103.stdout:/usr/bin/ceph: stderr
2024-09-19T06:40:36.758+0000 7f8fb7ef3640 1 --2- >> [v2:172.21.15.103:3300/0,v1:172.21.15.103:6789/0] conn(0x7f8fb0106780 0x7f8fb0106b80 unknown :-1 s=NONE pgs=0 cs=0 l=0 rev1=0 crypto rx=0 tx=0 comp rx=0 tx=0).connect
2024-09-19T06:40:37.630 INFO:teuthology.orchestra.run.smithi103.stdout:/usr/bin/ceph: stderr
2024-09-19T06:40:36.758+0000 7f8fb7ef3640 1 -- --> [v2:172.21.15.103:3300/0,v1:172.21.15.103:6789/0] -- mon_getmap magic: 0 -- 0x7f8fb0107150 con 0x7f8fb0106780
2024-09-19T06:40:37.631 INFO:teuthology.orchestra.run.smithi103.stdout:/usr/bin/ceph: stderr
2024-09-19T06:40:36.759+0000 7f8fb5c8f640 1 --2- >> [v2:172.21.15.103:3300/0,v1:172.21.15.103:6789/0] conn(0x7f8fb0106780 0x7f8fb0106b80 unknown :-1 s=BANNER_CONNECTING pgs=0 cs=0 l=0 rev1=0 crypto rx=0 tx=0 comp rx=0 tx=0)._handle_peer_banner_payload supported=3 required=0
2024-09-19T06:40:37.631 INFO:teuthology.orchestra.run.smithi103.stdout:/usr/bin/ceph: stderr
2024-09-19T06:40:36.759+0000 7f8fb5c8f640 1 --2- >> [v2:172.21.15.103:3300/0,v1:172.21.15.103:6789/0] conn(0x7f8fb0106780 0x7f8fb0106b80 unknown :-1 s=HELLO_CONNECTING pgs=0 cs=0 l=0 rev1=1 crypto rx=0 tx=0 comp rx=0 tx=0).handle_hello peer v2:172.21.15.103:3300/0 says I am v2:172.21.15.103:51848/0 (socket says 172.21.15.103:51848)
2024-09-19T06:40:37.631 INFO:teuthology.orchestra.run.smithi103.stdout:/usr/bin/ceph: stderr
2024-09-19T06:40:36.759+0000 7f8fb5c8f640 1 -- 172.21.15.103:0/1136785318 learned_addr learned my addr 172.21.15.103:0/1136785318 (peer_addr_for_me v2:172.21.15.103:0/0)
2024-09-19T06:40:37.631 INFO:teuthology.orchestra.run.smithi103.stdout:/usr/bin/ceph: stderr
2024-09-19T06:40:36.759+0000 7f8fb5c8f640 1 -- 172.21.15.103:0/1136785318 --> [v2:172.21.15.103:3300/0,v1:172.21.15.103:6789/0] -- mon_subscribe({config=0+,monmap=0+}) -- 0x7f8fb0107980 con 0x7f8fb0106780
2024-09-19T06:40:37.631 INFO:teuthology.orchestra.run.smithi103.stdout:/usr/bin/ceph: stderr
2024-09-19T06:40:36.760+0000 7f8fb5c8f640 1 --2- 172.21.15.103:0/1136785318 >> [v2:172.21.15.103:3300/0,v1:172.21.15.103:6789/0] conn(0x7f8fb0106780 0x7f8fb0106b80 secure :-1 s=READY pgs=57 cs=0 l=1 rev1=1 crypto rx=0x7f8fa0009820 tx=0x7f8fa002a270 comp rx=0 tx=0).ready entity=mon.0 client_cookie=8a5999b0d78e599f server_cookie=0 in_seq=0 out_seq=0
2024-09-19T06:40:37.631 INFO:teuthology.orchestra.run.smithi103.stdout:/usr/bin/ceph: stderr
2024-09-19T06:40:36.760+0000 7f8fb4c8d640 1 -- 172.21.15.103:0/1136785318 <== mon.0 v2:172.21.15.103:3300/0 1 ==== mon_map magic: 0 ==== 205+0+0 (secure 0 0 0) 0x7f8fa0037070 con 0x7f8fb0106780
2024-09-19T06:40:37.631 INFO:teuthology.orchestra.run.smithi103.stdout:/usr/bin/ceph: stderr
2024-09-19T06:40:36.760+0000 7f8fb4c8d640 1 -- 172.21.15.103:0/1136785318 <== mon.0 v2:172.21.15.103:3300/0 2 ==== config(27 keys) ==== 1140+0+0 (secure 0 0 0) 0x7f8fa0032920 con 0x7f8fb0106780
2024-09-19T06:40:37.631 INFO:teuthology.orchestra.run.smithi103.stdout:/usr/bin/ceph: stderr
2024-09-19T06:40:36.760+0000 7f8fb4c8d640 1 -- 172.21.15.103:0/1136785318 <== mon.0 v2:172.21.15.103:3300/0 3 ==== mon_map magic: 0 ==== 205+0+0 (secure 0 0 0) 0x7f8fa0030810 con 0x7f8fb0106780
2024-09-19T06:40:37.631 INFO:teuthology.orchestra.run.smithi103.stdout:/usr/bin/ceph: stderr
2024-09-19T06:40:36.760+0000 7f8fb7ef3640 1 -- 172.21.15.103:0/1136785318 >> [v2:172.21.15.103:3300/0,v1:172.21.15.103:6789/0] conn(0x7f8fb0106780 msgr2=0x7f8fb0106b80 secure :-1 s=STATE_CONNECTION_ESTABLISHED l=1).mark_down
2024-09-19T06:40:37.631 INFO:teuthology.orchestra.run.smithi103.stdout:/usr/bin/ceph: stderr
2024-09-19T06:40:36.760+0000 7f8fb7ef3640 1 --2- 172.21.15.103:0/1136785318 >> [v2:172.21.15.103:3300/0,v1:172.21.15.103:6789/0] conn(0x7f8fb0106780 0x7f8fb0106b80 secure :-1 s=READY pgs=57 cs=0 l=1 rev1=1 crypto rx=0x7f8fa0009820 tx=0x7f8fa002a270 comp rx=0 tx=0).stop
2024-09-19T06:40:37.631 INFO:teuthology.orchestra.run.smithi103.stdout:/usr/bin/ceph: stderr
2024-09-19T06:40:36.761+0000 7f8fb7ef3640 1 -- 172.21.15.103:0/1136785318 shutdown_connections
2024-09-19T06:40:37.631 INFO:teuthology.orchestra.run.smithi103.stdout:/usr/bin/ceph: stderr
2024-09-19T06:40:36.761+0000 7f8fb7ef3640 1 --2- 172.21.15.103:0/1136785318 >> [v2:172.21.15.103:3300/0,v1:172.21.15.103:6789/0] conn(0x7f8fb0106780 0x7f8fb0106b80 unknown :-1 s=CLOSED pgs=57 cs=0 l=1 rev1=1 crypto rx=0 tx=0 comp rx=0 tx=0).stop
2024-09-19T06:40:37.631 INFO:teuthology.orchestra.run.smithi103.stdout:/usr/bin/ceph: stderr
2024-09-19T06:40:36.761+0000 7f8fb7ef3640 1 -- 172.21.15.103:0/1136785318 >> 172.21.15.103:0/1136785318 conn(0x7f8fb0101f10 msgr2=0x7f8fb0104350 unknown :-1 s=STATE_NONE l=0).mark_down
2024-09-19T06:40:37.632 INFO:teuthology.orchestra.run.smithi103.stdout:/usr/bin/ceph: stderr
2024-09-19T06:40:36.761+0000 7f8fb7ef3640 1 -- 172.21.15.103:0/1136785318 shutdown_connections
2024-09-19T06:40:37.632 INFO:teuthology.orchestra.run.smithi103.stdout:/usr/bin/ceph: stderr
2024-09-19T06:40:36.761+0000 7f8fb7ef3640 1 -- 172.21.15.103:0/1136785318 wait complete.
2024-09-19T06:40:37.632 INFO:teuthology.orchestra.run.smithi103.stdout:/usr/bin/ceph: stderr
2024-09-19T06:40:36.761+0000 7f8fb7ef3640 1 Processor -- start
2024-09-19T06:40:37.632 INFO:teuthology.orchestra.run.smithi103.stdout:/usr/bin/ceph: stderr
2024-09-19T06:40:36.761+0000 7f8fb7ef3640 1 -- start start
2024-09-19T06:40:37.632 INFO:teuthology.orchestra.run.smithi103.stdout:/usr/bin/ceph: stderr
2024-09-19T06:40:36.761+0000 7f8fb7ef3640 1 --2- >> [v2:172.21.15.103:3300/0,v1:172.21.15.103:6789/0] conn(0x7f8fb0106780 0x7f8fb019b910 unknown :-1 s=NONE pgs=0 cs=0 l=1 rev1=0 crypto rx=0 tx=0 comp rx=0 tx=0).connect
2024-09-19T06:40:37.632 INFO:teuthology.orchestra.run.smithi103.stdout:/usr/bin/ceph: stderr
2024-09-19T06:40:36.761+0000 7f8fb7ef3640 1 -- --> [v2:172.21.15.103:3300/0,v1:172.21.15.103:6789/0] -- mon_getmap magic: 0 -- 0x7f8fb010ad30 con 0x7f8fb0106780
2024-09-19T06:40:37.632 INFO:teuthology.orchestra.run.smithi103.stdout:/usr/bin/ceph: stderr
2024-09-19T06:40:36.762+0000 7f8fb5c8f640 1 --2- >> [v2:172.21.15.103:3300/0,v1:172.21.15.103:6789/0] conn(0x7f8fb0106780 0x7f8fb019b910 unknown :-1 s=BANNER_CONNECTING pgs=0 cs=0 l=1 rev1=0 crypto rx=0 tx=0 comp rx=0 tx=0)._handle_peer_banner_payload supported=3 required=0
2024-09-19T06:40:37.632 INFO:teuthology.orchestra.run.smithi103.stdout:/usr/bin/ceph: stderr
2024-09-19T06:40:36.762+0000 7f8fb5c8f640 1 --2- >> [v2:172.21.15.103:3300/0,v1:172.21.15.103:6789/0] conn(0x7f8fb0106780 0x7f8fb019b910 unknown :-1 s=HELLO_CONNECTING pgs=0 cs=0 l=1 rev1=1 crypto rx=0 tx=0 comp rx=0 tx=0).handle_hello peer v2:172.21.15.103:3300/0 says I am v2:172.21.15.103:51858/0 (socket says 172.21.15.103:51858)
2024-09-19T06:40:37.632 INFO:teuthology.orchestra.run.smithi103.stdout:/usr/bin/ceph: stderr
2024-09-19T06:40:36.762+0000 7f8fb5c8f640 1 -- 172.21.15.103:0/4215000728 learned_addr learned my addr 172.21.15.103:0/4215000728 (peer_addr_for_me v2:172.21.15.103:0/0)
2024-09-19T06:40:37.632 INFO:teuthology.orchestra.run.smithi103.stdout:/usr/bin/ceph: stderr
2024-09-19T06:40:36.762+0000 7f8fb5c8f640 1 -- 172.21.15.103:0/4215000728 --> [v2:172.21.15.103:3300/0,v1:172.21.15.103:6789/0] -- mon_subscribe({config=0+,monmap=0+}) -- 0x7f8fb019be50 con 0x7f8fb0106780
2024-09-19T06:40:37.632 INFO:teuthology.orchestra.run.smithi103.stdout:/usr/bin/ceph: stderr
2024-09-19T06:40:36.762+0000 7f8fb5c8f640 1 --2- 172.21.15.103:0/4215000728 >> [v2:172.21.15.103:3300/0,v1:172.21.15.103:6789/0] conn(0x7f8fb0106780 0x7f8fb019b910 secure :-1 s=READY pgs=58 cs=0 l=1 rev1=1 crypto rx=0x7f8fa00097f0 tx=0x7f8fa00327b0 comp rx=0 tx=0).ready entity=mon.0 client_cookie=0 server_cookie=0 in_seq=0 out_seq=0
2024-09-19T06:40:37.632 INFO:teuthology.orchestra.run.smithi103.stdout:/usr/bin/ceph: stderr
2024-09-19T06:40:36.762+0000 7f8fa6ffd640 1 -- 172.21.15.103:0/4215000728 <== mon.0 v2:172.21.15.103:3300/0 1 ==== mon_map magic: 0 ==== 205+0+0 (secure 0 0 0) 0x7f8fa0037040 con 0x7f8fb0106780
2024-09-19T06:40:37.632 INFO:teuthology.orchestra.run.smithi103.stdout:/usr/bin/ceph: stderr
2024-09-19T06:40:36.762+0000 7f8fb7ef3640 1 -- 172.21.15.103:0/4215000728 --> [v2:172.21.15.103:3300/0,v1:172.21.15.103:6789/0] -- mon_subscribe({mgrmap=0+}) -- 0x7f8fb019c0e0 con 0x7f8fb0106780
2024-09-19T06:40:37.633 INFO:teuthology.orchestra.run.smithi103.stdout:/usr/bin/ceph: stderr
2024-09-19T06:40:36.762+0000 7f8fa6ffd640 1 -- 172.21.15.103:0/4215000728 <== mon.0 v2:172.21.15.103:3300/0 2 ==== config(27 keys) ==== 1140+0+0 (secure 0 0 0) 0x7f8fa0030c40 con 0x7f8fb0106780
2024-09-19T06:40:37.633 INFO:teuthology.orchestra.run.smithi103.stdout:/usr/bin/ceph: stderr
2024-09-19T06:40:36.762+0000 7f8fa6ffd640 1 -- 172.21.15.103:0/4215000728 <== mon.0 v2:172.21.15.103:3300/0 3 ==== mon_map magic: 0 ==== 205+0+0 (secure 0 0 0) 0x7f8fa003a5b0 con 0x7f8fb0106780
2024-09-19T06:40:37.633 INFO:teuthology.orchestra.run.smithi103.stdout:/usr/bin/ceph: stderr
2024-09-19T06:40:36.762+0000 7f8fb7ef3640 1 -- 172.21.15.103:0/4215000728 --> [v2:172.21.15.103:3300/0,v1:172.21.15.103:6789/0] -- mon_subscribe({osdmap=0}) -- 0x7f8fb019edd0 con 0x7f8fb0106780
2024-09-19T06:40:37.633 INFO:teuthology.orchestra.run.smithi103.stdout:/usr/bin/ceph: stderr
2024-09-19T06:40:36.763+0000 7f8fa6ffd640 1 -- 172.21.15.103:0/4215000728 <== mon.0 v2:172.21.15.103:3300/0 4 ==== mgrmap(e 9) ==== 46474+0+0 (secure 0 0 0) 0x7f8fa003b3f0 con 0x7f8fb0106780
2024-09-19T06:40:37.633 INFO:teuthology.orchestra.run.smithi103.stdout:/usr/bin/ceph: stderr
2024-09-19T06:40:36.763+0000 7f8fb7ef3640 1 -- 172.21.15.103:0/4215000728 --> [v2:172.21.15.103:3300/0,v1:172.21.15.103:6789/0] -- mon_command({"prefix": "get_command_descriptions"} v 0) -- 0x7f8fb010aeb0 con 0x7f8fb0106780
2024-09-19T06:40:37.633 INFO:teuthology.orchestra.run.smithi103.stdout:/usr/bin/ceph: stderr
2024-09-19T06:40:36.763+0000 7f8fa6ffd640 1 --2- 172.21.15.103:0/4215000728 >> [v2:172.21.15.103:6800/4122140716,v1:172.21.15.103:6801/4122140716] conn(0x7f8f9c039200 0x7f8f9c03b6c0 unknown :-1 s=NONE pgs=0 cs=0 l=1 rev1=0 crypto rx=0 tx=0 comp rx=0 tx=0).connect
2024-09-19T06:40:37.633 INFO:teuthology.orchestra.run.smithi103.stdout:/usr/bin/ceph: stderr
2024-09-19T06:40:36.763+0000 7f8fa6ffd640 1 -- 172.21.15.103:0/4215000728 <== mon.0 v2:172.21.15.103:3300/0 5 ==== osd_map(2..2 src has 1..2) ==== 940+0+0 (secure 0 0 0) 0x7f8fa006c700 con 0x7f8fb0106780
2024-09-19T06:40:37.633 INFO:teuthology.orchestra.run.smithi103.stdout:/usr/bin/ceph: stderr
2024-09-19T06:40:36.763+0000 7f8fb548e640 1 -- 172.21.15.103:0/4215000728 >> [v2:172.21.15.103:6800/4122140716,v1:172.21.15.103:6801/4122140716] conn(0x7f8f9c039200 msgr2=0x7f8f9c03b6c0 unknown :-1 s=STATE_CONNECTING_RE l=1).process reconnect failed to v2:172.21.15.103:6800/4122140716
2024-09-19T06:40:37.633 INFO:teuthology.orchestra.run.smithi103.stdout:/usr/bin/ceph: stderr
2024-09-19T06:40:36.763+0000 7f8fb548e640 1 --2- 172.21.15.103:0/4215000728 >> [v2:172.21.15.103:6800/4122140716,v1:172.21.15.103:6801/4122140716] conn(0x7f8f9c039200 0x7f8f9c03b6c0 unknown :-1 s=START_CONNECT pgs=0 cs=0 l=1 rev1=0 crypto rx=0 tx=0 comp rx=0 tx=0)._fault waiting 0.200000
2024-09-19T06:40:37.633 INFO:teuthology.orchestra.run.smithi103.stdout:/usr/bin/ceph: stderr
2024-09-19T06:40:36.768+0000 7f8fa6ffd640 1 -- 172.21.15.103:0/4215000728 <== mon.0 v2:172.21.15.103:3300/0 6 ==== mon_command_ack([{"prefix": "get_command_descriptions"}]=0 v0) ==== 72+0+188913 (secure 0 0 0) 0x7f8fa00313a0 con 0x7f8fb0106780
2024-09-19T06:40:37.633 INFO:teuthology.orchestra.run.smithi103.stdout:/usr/bin/ceph: stderr
2024-09-19T06:40:36.964+0000 7f8fb548e640 1 -- 172.21.15.103:0/4215000728 >> [v2:172.21.15.103:6800/4122140716,v1:172.21.15.103:6801/4122140716] conn(0x7f8f9c039200 msgr2=0x7f8f9c03b6c0 unknown :-1 s=STATE_CONNECTING_RE l=1).process reconnect failed to v2:172.21.15.103:6800/4122140716
2024-09-19T06:40:37.633 INFO:teuthology.orchestra.run.smithi103.stdout:/usr/bin/ceph: stderr
2024-09-19T06:40:36.964+0000 7f8fb548e640 1 --2- 172.21.15.103:0/4215000728 >> [v2:172.21.15.103:6800/4122140716,v1:172.21.15.103:6801/4122140716] conn(0x7f8f9c039200 0x7f8f9c03b6c0 unknown :-1 s=START_CONNECT pgs=0 cs=0 l=1 rev1=0 crypto rx=0 tx=0 comp rx=0 tx=0)._fault waiting 0.400000
2024-09-19T06:40:37.633 INFO:teuthology.orchestra.run.smithi103.stdout:/usr/bin/ceph: stderr
2024-09-19T06:40:36.982+0000 7f8fb7ef3640 1 -- 172.21.15.103:0/4215000728 --> [v2:172.21.15.103:3300/0,v1:172.21.15.103:6789/0] -- mon_command({"prefix": "mgr stat"} v 0) -- 0x7f8fb002d900 con 0x7f8fb0106780
2024-09-19T06:40:37.634 INFO:teuthology.orchestra.run.smithi103.stdout:/usr/bin/ceph: stderr
2024-09-19T06:40:36.983+0000 7f8fa6ffd640 1 -- 172.21.15.103:0/4215000728 <== mon.0 v2:172.21.15.103:3300/0 7 ==== mon_command_ack([{"prefix": "mgr stat"}]=0 v9) ==== 56+0+88 (secure 0 0 0) 0x7f8fa0041d10 con 0x7f8fb0106780
2024-09-19T06:40:37.634 INFO:teuthology.orchestra.run.smithi103.stdout:/usr/bin/ceph: stderr
2024-09-19T06:40:36.985+0000 7f8fb7ef3640 1 -- 172.21.15.103:0/4215000728 >> [v2:172.21.15.103:6800/4122140716,v1:172.21.15.103:6801/4122140716] conn(0x7f8f9c039200 msgr2=0x7f8f9c03b6c0 unknown :-1 s=STATE_CONNECTING l=1).mark_down
2024-09-19T06:40:37.634 INFO:teuthology.orchestra.run.smithi103.stdout:/usr/bin/ceph: stderr
