2024-09-19T06:40:21.639 INFO:journalctl@ceph.mgr.x.smithi103.stdout:Sep 19 06:40:21 smithi103 ceph-d158d934-7651-11ef-bceb-c7b262605968-mgr-x[31388]: |.=. . . . |
2024-09-19T06:40:21.639 INFO:journalctl@ceph.mgr.x.smithi103.stdout:Sep 19 06:40:21 smithi103 ceph-d158d934-7651-11ef-bceb-c7b262605968-mgr-x[31388]: |+o |
2024-09-19T06:40:21.639 INFO:journalctl@ceph.mgr.x.smithi103.stdout:Sep 19 06:40:21 smithi103 ceph-d158d934-7651-11ef-bceb-c7b262605968-mgr-x[31388]: |*o |
2024-09-19T06:40:21.639 INFO:journalctl@ceph.mgr.x.smithi103.stdout:Sep 19 06:40:21 smithi103 ceph-d158d934-7651-11ef-bceb-c7b262605968-mgr-x[31388]: +----[SHA256]-----+
2024-09-19T06:40:22.138 INFO:journalctl@ceph.mon.a.smithi103.stdout:Sep 19 06:40:21 smithi103 ceph-mon[31158]: from='client.14132 -' entity='client.admin' cmd=[{"prefix": "cephadm set-user", "user": "root", "target": ["mon-mgr", ""]}]: dispatch
2024-09-19T06:40:22.138 INFO:journalctl@ceph.mon.a.smithi103.stdout:Sep 19 06:40:21 smithi103 ceph-mon[31158]: from='mgr.14118 172.21.15.103:0/3896824416' entity='mgr.x'
2024-09-19T06:40:22.138 INFO:journalctl@ceph.mon.a.smithi103.stdout:Sep 19 06:40:21 smithi103 ceph-mon[31158]: from='mgr.14118 172.21.15.103:0/3896824416' entity='mgr.x'
2024-09-19T06:40:22.199 INFO:teuthology.orchestra.run.smithi103.stdout:/usr/bin/ceph: stderr
2024-09-19T06:40:21.196+0000 7f2957be5640 1 Processor -- start
2024-09-19T06:40:22.200 INFO:teuthology.orchestra.run.smithi103.stdout:/usr/bin/ceph: stderr
2024-09-19T06:40:21.196+0000 7f2957be5640 1 -- start start
2024-09-19T06:40:22.200 INFO:teuthology.orchestra.run.smithi103.stdout:/usr/bin/ceph: stderr
2024-09-19T06:40:21.196+0000 7f2957be5640 1 --2- >> [v2:172.21.15.103:3300/0,v1:172.21.15.103:6789/0] conn(0x7f2950106780 0x7f2950106b80 unknown :-1 s=NONE pgs=0 cs=0 l=0 rev1=0 crypto rx=0 tx=0 comp rx=0 tx=0).connect
2024-09-19T06:40:22.200 INFO:teuthology.orchestra.run.smithi103.stdout:/usr/bin/ceph: stderr
2024-09-19T06:40:21.196+0000 7f2957be5640 1 -- --> [v2:172.21.15.103:3300/0,v1:172.21.15.103:6789/0] -- mon_getmap magic: 0 -- 0x7f2950107150 con 0x7f2950106780
2024-09-19T06:40:22.200 INFO:teuthology.orchestra.run.smithi103.stdout:/usr/bin/ceph: stderr
2024-09-19T06:40:21.197+0000 7f2955981640 1 --2- >> [v2:172.21.15.103:3300/0,v1:172.21.15.103:6789/0] conn(0x7f2950106780 0x7f2950106b80 unknown :-1 s=BANNER_CONNECTING pgs=0 cs=0 l=0 rev1=0 crypto rx=0 tx=0 comp rx=0 tx=0)._handle_peer_banner_payload supported=3 required=0
2024-09-19T06:40:22.200 INFO:teuthology.orchestra.run.smithi103.stdout:/usr/bin/ceph: stderr
2024-09-19T06:40:21.197+0000 7f2955981640 1 --2- >> [v2:172.21.15.103:3300/0,v1:172.21.15.103:6789/0] conn(0x7f2950106780 0x7f2950106b80 unknown :-1 s=HELLO_CONNECTING pgs=0 cs=0 l=0 rev1=1 crypto rx=0 tx=0 comp rx=0 tx=0).handle_hello peer v2:172.21.15.103:3300/0 says I am v2:172.21.15.103:41116/0 (socket says 172.21.15.103:41116)
2024-09-19T06:40:22.200 INFO:teuthology.orchestra.run.smithi103.stdout:/usr/bin/ceph: stderr
2024-09-19T06:40:21.197+0000 7f2955981640 1 -- 172.21.15.103:0/4166654734 learned_addr learned my addr 172.21.15.103:0/4166654734 (peer_addr_for_me v2:172.21.15.103:0/0)
2024-09-19T06:40:22.200 INFO:teuthology.orchestra.run.smithi103.stdout:/usr/bin/ceph: stderr
2024-09-19T06:40:21.197+0000 7f2955981640 1 -- 172.21.15.103:0/4166654734 --> [v2:172.21.15.103:3300/0,v1:172.21.15.103:6789/0] -- mon_subscribe({config=0+,monmap=0+}) -- 0x7f2950107980 con 0x7f2950106780
2024-09-19T06:40:22.200 INFO:teuthology.orchestra.run.smithi103.stdout:/usr/bin/ceph: stderr
2024-09-19T06:40:21.198+0000 7f2955981640 1 --2- 172.21.15.103:0/4166654734 >> [v2:172.21.15.103:3300/0,v1:172.21.15.103:6789/0] conn(0x7f2950106780 0x7f2950106b80 secure :-1 s=READY pgs=39 cs=0 l=1 rev1=1 crypto rx=0x7f2948009e80 tx=0x7f294802a7a0 comp rx=0 tx=0).ready entity=mon.0 client_cookie=d564479f7fa6bdfb server_cookie=0 in_seq=0 out_seq=0
2024-09-19T06:40:22.200 INFO:teuthology.orchestra.run.smithi103.stdout:/usr/bin/ceph: stderr
2024-09-19T06:40:21.198+0000 7f295497f640 1 -- 172.21.15.103:0/4166654734 <== mon.0 v2:172.21.15.103:3300/0 1 ==== mon_map magic: 0 ==== 205+0+0 (secure 0 0 0) 0x7f2948036070 con 0x7f2950106780
2024-09-19T06:40:22.200 INFO:teuthology.orchestra.run.smithi103.stdout:/usr/bin/ceph: stderr
2024-09-19T06:40:21.198+0000 7f295497f640 1 -- 172.21.15.103:0/4166654734 <== mon.0 v2:172.21.15.103:3300/0 2 ==== config(27 keys) ==== 1109+0+0 (secure 0 0 0) 0x7f29480318c0 con 0x7f2950106780
2024-09-19T06:40:22.200 INFO:teuthology.orchestra.run.smithi103.stdout:/usr/bin/ceph: stderr
2024-09-19T06:40:21.198+0000 7f295497f640 1 -- 172.21.15.103:0/4166654734 <== mon.0 v2:172.21.15.103:3300/0 3 ==== mon_map magic: 0 ==== 205+0+0 (secure 0 0 0) 0x7f2948007ab0 con 0x7f2950106780
2024-09-19T06:40:22.201 INFO:teuthology.orchestra.run.smithi103.stdout:/usr/bin/ceph: stderr
2024-09-19T06:40:21.198+0000 7f2957be5640 1 -- 172.21.15.103:0/4166654734 >> [v2:172.21.15.103:3300/0,v1:172.21.15.103:6789/0] conn(0x7f2950106780 msgr2=0x7f2950106b80 secure :-1 s=STATE_CONNECTION_ESTABLISHED l=1).mark_down
2024-09-19T06:40:22.201 INFO:teuthology.orchestra.run.smithi103.stdout:/usr/bin/ceph: stderr
2024-09-19T06:40:21.199+0000 7f2957be5640 1 --2- 172.21.15.103:0/4166654734 >> [v2:172.21.15.103:3300/0,v1:172.21.15.103:6789/0] conn(0x7f2950106780 0x7f2950106b80 secure :-1 s=READY pgs=39 cs=0 l=1 rev1=1 crypto rx=0x7f2948009e80 tx=0x7f294802a7a0 comp rx=0 tx=0).stop
2024-09-19T06:40:22.201 INFO:teuthology.orchestra.run.smithi103.stdout:/usr/bin/ceph: stderr
2024-09-19T06:40:21.199+0000 7f2957be5640 1 -- 172.21.15.103:0/4166654734 shutdown_connections
2024-09-19T06:40:22.201 INFO:teuthology.orchestra.run.smithi103.stdout:/usr/bin/ceph: stderr
2024-09-19T06:40:21.199+0000 7f2957be5640 1 --2- 172.21.15.103:0/4166654734 >> [v2:172.21.15.103:3300/0,v1:172.21.15.103:6789/0] conn(0x7f2950106780 0x7f2950106b80 unknown :-1 s=CLOSED pgs=39 cs=0 l=1 rev1=1 crypto rx=0 tx=0 comp rx=0 tx=0).stop
2024-09-19T06:40:22.201 INFO:teuthology.orchestra.run.smithi103.stdout:/usr/bin/ceph: stderr
2024-09-19T06:40:21.199+0000 7f2957be5640 1 -- 172.21.15.103:0/4166654734 >> 172.21.15.103:0/4166654734 conn(0x7f2950101f10 msgr2=0x7f2950104350 unknown :-1 s=STATE_NONE l=0).mark_down
2024-09-19T06:40:22.201 INFO:teuthology.orchestra.run.smithi103.stdout:/usr/bin/ceph: stderr
2024-09-19T06:40:21.199+0000 7f2957be5640 1 -- 172.21.15.103:0/4166654734 shutdown_connections
2024-09-19T06:40:22.201 INFO:teuthology.orchestra.run.smithi103.stdout:/usr/bin/ceph: stderr
2024-09-19T06:40:21.199+0000 7f2957be5640 1 -- 172.21.15.103:0/4166654734 wait complete.
2024-09-19T06:40:22.201 INFO:teuthology.orchestra.run.smithi103.stdout:/usr/bin/ceph: stderr
2024-09-19T06:40:21.199+0000 7f2957be5640 1 Processor -- start
2024-09-19T06:40:22.201 INFO:teuthology.orchestra.run.smithi103.stdout:/usr/bin/ceph: stderr
2024-09-19T06:40:21.199+0000 7f2957be5640 1 -- start start
2024-09-19T06:40:22.201 INFO:teuthology.orchestra.run.smithi103.stdout:/usr/bin/ceph: stderr
2024-09-19T06:40:21.200+0000 7f2957be5640 1 --2- >> [v2:172.21.15.103:3300/0,v1:172.21.15.103:6789/0] conn(0x7f2950106780 0x7f295007ba20 unknown :-1 s=NONE pgs=0 cs=0 l=1 rev1=0 crypto rx=0 tx=0 comp rx=0 tx=0).connect
2024-09-19T06:40:22.201 INFO:teuthology.orchestra.run.smithi103.stdout:/usr/bin/ceph: stderr
2024-09-19T06:40:21.200+0000 7f2957be5640 1 -- --> [v2:172.21.15.103:3300/0,v1:172.21.15.103:6789/0] -- mon_getmap magic: 0 -- 0x7f295010ad30 con 0x7f2950106780
2024-09-19T06:40:22.201 INFO:teuthology.orchestra.run.smithi103.stdout:/usr/bin/ceph: stderr
2024-09-19T06:40:21.200+0000 7f2955981640 1 --2- >> [v2:172.21.15.103:3300/0,v1:172.21.15.103:6789/0] conn(0x7f2950106780 0x7f295007ba20 unknown :-1 s=BANNER_CONNECTING pgs=0 cs=0 l=1 rev1=0 crypto rx=0 tx=0 comp rx=0 tx=0)._handle_peer_banner_payload supported=3 required=0
2024-09-19T06:40:22.201 INFO:teuthology.orchestra.run.smithi103.stdout:/usr/bin/ceph: stderr
2024-09-19T06:40:21.200+0000 7f2955981640 1 --2- >> [v2:172.21.15.103:3300/0,v1:172.21.15.103:6789/0] conn(0x7f2950106780 0x7f295007ba20 unknown :-1 s=HELLO_CONNECTING pgs=0 cs=0 l=1 rev1=1 crypto rx=0 tx=0 comp rx=0 tx=0).handle_hello peer v2:172.21.15.103:3300/0 says I am v2:172.21.15.103:41132/0 (socket says 172.21.15.103:41132)
2024-09-19T06:40:22.202 INFO:teuthology.orchestra.run.smithi103.stdout:/usr/bin/ceph: stderr
2024-09-19T06:40:21.200+0000 7f2955981640 1 -- 172.21.15.103:0/2478509956 learned_addr learned my addr 172.21.15.103:0/2478509956 (peer_addr_for_me v2:172.21.15.103:0/0)
2024-09-19T06:40:22.202 INFO:teuthology.orchestra.run.smithi103.stdout:/usr/bin/ceph: stderr
2024-09-19T06:40:21.200+0000 7f2955981640 1 -- 172.21.15.103:0/2478509956 --> [v2:172.21.15.103:3300/0,v1:172.21.15.103:6789/0] -- mon_subscribe({config=0+,monmap=0+}) -- 0x7f295019e630 con 0x7f2950106780
2024-09-19T06:40:22.202 INFO:teuthology.orchestra.run.smithi103.stdout:/usr/bin/ceph: stderr
2024-09-19T06:40:21.200+0000 7f2955981640 1 --2- 172.21.15.103:0/2478509956 >> [v2:172.21.15.103:3300/0,v1:172.21.15.103:6789/0] conn(0x7f2950106780 0x7f295007ba20 secure :-1 s=READY pgs=40 cs=0 l=1 rev1=1 crypto rx=0x7f2948007ce0 tx=0x7f2948031ca0 comp rx=0 tx=0).ready entity=mon.0 client_cookie=0 server_cookie=0 in_seq=0 out_seq=0
2024-09-19T06:40:22.202 INFO:teuthology.orchestra.run.smithi103.stdout:/usr/bin/ceph: stderr
2024-09-19T06:40:21.200+0000 7f294effd640 1 -- 172.21.15.103:0/2478509956 <== mon.0 v2:172.21.15.103:3300/0 1 ==== mon_map magic: 0 ==== 205+0+0 (secure 0 0 0) 0x7f2948036050 con 0x7f2950106780
2024-09-19T06:40:22.202 INFO:teuthology.orchestra.run.smithi103.stdout:/usr/bin/ceph: stderr
2024-09-19T06:40:21.200+0000 7f2957be5640 1 -- 172.21.15.103:0/2478509956 --> [v2:172.21.15.103:3300/0,v1:172.21.15.103:6789/0] -- mon_subscribe({mgrmap=0+}) -- 0x7f295019e800 con 0x7f2950106780
2024-09-19T06:40:22.202 INFO:teuthology.orchestra.run.smithi103.stdout:/usr/bin/ceph: stderr
2024-09-19T06:40:21.200+0000 7f294effd640 1 -- 172.21.15.103:0/2478509956 <== mon.0 v2:172.21.15.103:3300/0 2 ==== config(27 keys) ==== 1109+0+0 (secure 0 0 0) 0x7f2948042070 con 0x7f2950106780
2024-09-19T06:40:22.202 INFO:teuthology.orchestra.run.smithi103.stdout:/usr/bin/ceph: stderr
2024-09-19T06:40:21.200+0000 7f294effd640 1 -- 172.21.15.103:0/2478509956 <== mon.0 v2:172.21.15.103:3300/0 3 ==== mon_map magic: 0 ==== 205+0+0 (secure 0 0 0) 0x7f294803d8a0 con 0x7f2950106780
2024-09-19T06:40:22.202 INFO:teuthology.orchestra.run.smithi103.stdout:/usr/bin/ceph: stderr
2024-09-19T06:40:21.200+0000 7f2957be5640 1 -- 172.21.15.103:0/2478509956 --> [v2:172.21.15.103:3300/0,v1:172.21.15.103:6789/0] -- mon_subscribe({osdmap=0}) -- 0x7f295019ec20 con 0x7f2950106780
2024-09-19T06:40:22.202 INFO:teuthology.orchestra.run.smithi103.stdout:/usr/bin/ceph: stderr
2024-09-19T06:40:21.201+0000 7f294effd640 1 -- 172.21.15.103:0/2478509956 <== mon.0 v2:172.21.15.103:3300/0 4 ==== mgrmap(e 8) ==== 46461+0+0 (secure 0 0 0) 0x7f294803dba0 con 0x7f2950106780
2024-09-19T06:40:22.202 INFO:teuthology.orchestra.run.smithi103.stdout:/usr/bin/ceph: stderr
2024-09-19T06:40:21.201+0000 7f294effd640 1 --2- 172.21.15.103:0/2478509956 >> [v2:172.21.15.103:6800/4122140716,v1:172.21.15.103:6801/4122140716] conn(0x7f29380391b0 0x7f293803b670 unknown :-1 s=NONE pgs=0 cs=0 l=1 rev1=0 crypto rx=0 tx=0 comp rx=0 tx=0).connect
2024-09-19T06:40:22.202 INFO:teuthology.orchestra.run.smithi103.stdout:/usr/bin/ceph: stderr
2024-09-19T06:40:21.201+0000 7f294effd640 1 -- 172.21.15.103:0/2478509956 <== mon.0 v2:172.21.15.103:3300/0 5 ==== osd_map(2..2 src has 1..2) ==== 940+0+0 (secure 0 0 0) 0x7f2948007e00 con 0x7f2950106780
2024-09-19T06:40:22.202 INFO:teuthology.orchestra.run.smithi103.stdout:/usr/bin/ceph: stderr
2024-09-19T06:40:21.202+0000 7f2955180640 1 --2- 172.21.15.103:0/2478509956 >> [v2:172.21.15.103:6800/4122140716,v1:172.21.15.103:6801/4122140716] conn(0x7f29380391b0 0x7f293803b670 unknown :-1 s=BANNER_CONNECTING pgs=0 cs=0 l=1 rev1=0 crypto rx=0 tx=0 comp rx=0 tx=0)._handle_peer_banner_payload supported=3 required=0
2024-09-19T06:40:22.202 INFO:teuthology.orchestra.run.smithi103.stdout:/usr/bin/ceph: stderr
2024-09-19T06:40:21.202+0000 7f2957be5640 1 -- 172.21.15.103:0/2478509956 --> [v2:172.21.15.103:3300/0,v1:172.21.15.103:6789/0] -- mon_command({"prefix": "get_command_descriptions"} v 0) -- 0x7f295010aeb0 con 0x7f2950106780
2024-09-19T06:40:22.202 INFO:teuthology.orchestra.run.smithi103.stdout:/usr/bin/ceph: stderr
2024-09-19T06:40:21.202+0000 7f2955180640 1 --2- 172.21.15.103:0/2478509956 >> [v2:172.21.15.103:6800/4122140716,v1:172.21.15.103:6801/4122140716] conn(0x7f29380391b0 0x7f293803b670 secure :-1 s=READY pgs=9 cs=0 l=1 rev1=1 crypto rx=0x7f29440098c0 tx=0x7f2944006db0 comp rx=0 tx=0).ready entity=mgr.14118 client_cookie=0 server_cookie=0 in_seq=0 out_seq=0
2024-09-19T06:40:22.203 INFO:teuthology.orchestra.run.smithi103.stdout:/usr/bin/ceph: stderr
2024-09-19T06:40:21.206+0000 7f294effd640 1 -- 172.21.15.103:0/2478509956 <== mon.0 v2:172.21.15.103:3300/0 6 ==== mon_command_ack([{"prefix": "get_command_descriptions"}]=0 v0) ==== 72+0+188913 (secure 0 0 0) 0x7f2948044310 con 0x7f2950106780
2024-09-19T06:40:22.203 INFO:teuthology.orchestra.run.smithi103.stdout:/usr/bin/ceph: stderr
2024-09-19T06:40:21.375+0000 7f2957be5640 1 -- 172.21.15.103:0/2478509956 --> [v2:172.21.15.103:6800/4122140716,v1:172.21.15.103:6801/4122140716] -- mgr_command(tid 0: {"prefix": "cephadm generate-key", "target": ["mon-mgr", ""]}) -- 0x7f29501031c0 con 0x7f29380391b0
2024-09-19T06:40:22.203 INFO:teuthology.orchestra.run.smithi103.stdout:/usr/bin/ceph: stderr
2024-09-19T06:40:21.465+0000 7f294effd640 1 -- 172.21.15.103:0/2478509956 <== mgr.14118 v2:172.21.15.103:6800/4122140716 1 ==== mgr_command_reply(tid 0: 0 ) ==== 8+0+0 (secure 0 0 0) 0x7f29501031c0 con 0x7f29380391b0
2024-09-19T06:40:22.203 INFO:teuthology.orchestra.run.smithi103.stdout:/usr/bin/ceph: stderr
2024-09-19T06:40:21.467+0000 7f2957be5640 1 -- 172.21.15.103:0/2478509956 >> [v2:172.21.15.103:6800/4122140716,v1:172.21.15.103:6801/4122140716] conn(0x7f29380391b0 msgr2=0x7f293803b670 secure :-1 s=STATE_CONNECTION_ESTABLISHED l=1).mark_down
2024-09-19T06:40:22.203 INFO:teuthology.orchestra.run.smithi103.stdout:/usr/bin/ceph: stderr
2024-09-19T06:40:21.467+0000 7f2957be5640 1 --2- 172.21.15.103:0/2478509956 >> [v2:172.21.15.103:6800/4122140716,v1:172.21.15.103:6801/4122140716] conn(0x7f29380391b0 0x7f293803b670 secure :-1 s=READY pgs=9 cs=0 l=1 rev1=1 crypto rx=0x7f29440098c0 tx=0x7f2944006db0 comp rx=0 tx=0).stop
2024-09-19T06:40:22.203 INFO:teuthology.orchestra.run.smithi103.stdout:/usr/bin/ceph: stderr
2024-09-19T06:40:21.467+0000 7f2957be5640 1 -- 172.21.15.103:0/2478509956 >> [v2:172.21.15.103:3300/0,v1:172.21.15.103:6789/0] conn(0x7f2950106780 msgr2=0x7f295007ba20 secure :-1 s=STATE_CONNECTION_ESTABLISHED l=1).mark_down
2024-09-19T06:40:22.203 INFO:teuthology.orchestra.run.smithi103.stdout:/usr/bin/ceph: stderr
2024-09-19T06:40:21.467+0000 7f2957be5640 1 --2- 172.21.15.103:0/2478509956 >> [v2:172.21.15.103:3300/0,v1:172.21.15.103:6789/0] conn(0x7f2950106780 0x7f295007ba20 secure :-1 s=READY pgs=40 cs=0 l=1 rev1=1 crypto rx=0x7f2948007ce0 tx=0x7f2948031ca0 comp rx=0 tx=0).stop
2024-09-19T06:40:22.203 INFO:teuthology.orchestra.run.smithi103.stdout:/usr/bin/ceph: stderr
2024-09-19T06:40:21.467+0000 7f2957be5640 1 -- 172.21.15.103:0/2478509956 shutdown_connections
2024-09-19T06:40:22.203 INFO:teuthology.orchestra.run.smithi103.stdout:/usr/bin/ceph: stderr
2024-09-19T06:40:21.467+0000 7f2957be5640 1 --2- 172.21.15.103:0/2478509956 >> [v2:172.21.15.103:6800/4122140716,v1:172.21.15.103:6801/4122140716] conn(0x7f29380391b0 0x7f293803b670 unknown :-1 s=CLOSED pgs=9 cs=0 l=1 rev1=1 crypto rx=0 tx=0 comp rx=0 tx=0).stop
2024-09-19T06:40:22.203 INFO:teuthology.orchestra.run.smithi103.stdout:/usr/bin/ceph: stderr
2024-09-19T06:40:21.467+0000 7f2957be5640 1 --2- 172.21.15.103:0/2478509956 >> [v2:172.21.15.103:3300/0,v1:172.21.15.103:6789/0] conn(0x7f2950106780 0x7f295007ba20 unknown :-1 s=CLOSED pgs=40 cs=0 l=1 rev1=1 crypto rx=0 tx=0 comp rx=0 tx=0).stop
2024-09-19T06:40:22.203 INFO:teuthology.orchestra.run.smithi103.stdout:/usr/bin/ceph: stderr
2024-09-19T06:40:21.467+0000 7f2957be5640 1 -- 172.21.15.103:0/2478509956 >> 172.21.15.103:0/2478509956 conn(0x7f2950101f10 msgr2=0x7f2950102ab0 unknown :-1 s=STATE_NONE l=0).mark_down
2024-09-19T06:40:22.203 INFO:teuthology.orchestra.run.smithi103.stdout:/usr/bin/ceph: stderr
2024-09-19T06:40:21.468+0000 7f2957be5640 1 -- 172.21.15.103:0/2478509956 shutdown_connections
2024-09-19T06:40:22.203 INFO:teuthology.orchestra.run.smithi103.stdout:/usr/bin/ceph: stderr
2024-09-19T06:40:21.468+0000 7f2957be5640 1 -- 172.21.15.103:0/2478509956 wait complete.
2024-09-19T06:40:23.138 INFO:journalctl@ceph.mon.a.smithi103.stdout:Sep 19 06:40:22 smithi103 ceph-mon[31158]: from='client.14134 -' entity='client.admin' cmd=[{"prefix": "cephadm generate-key", "target": ["mon-mgr", ""]}]: dispatch
2024-09-19T06:40:23.138 INFO:journalctl@ceph.mon.a.smithi103.stdout:Sep 19 06:40:22 smithi103 ceph-mon[31158]: Generating ssh key...
2024-09-19T06:40:23.349 INFO:teuthology.orchestra.run.smithi103.stdout:/usr/bin/ceph: stdout ssh-rsa AAAAB3NzaC1yc2EAAAADAQABAAABgQCm4oM0Z3ASq1o0tmL88hCDCE+YP5L9i7vnvobQ3kANsjgcObTOw9y8v64SaSp1R4u+iFHxUacfzCZd/G/s8r1lwY0a+HMeKSrS2O96C1okb9/yK5KNIyBwY/1/9NlEFlvJTg2oAPgqUIgDZpM3GkizYxxccEzfvug5uB5ca2hmfnfGfvWlYUnz+LK+RVUxqaUoNWqNCvNBn5WMkAc7ya2LMHbv9Xv5Xny8NRtQPKXqo6o0dzVpYI/5qFMaJZXqOOV48YphqEjN68Re+krWFfWAU2m4XriZjM9DZNJwE/2tQNBVqoKgRCWaybozSeiYCk9VAnwsA/rEtR2buBDJhZ0AxHW3nfpsiMrWGI14kJjKNRK0XQ5JqR4H8H7ZIweSj9aq1oBAikpZAFdX0FlyeCmNYEfi8a8QlkT47jpOhz+YuAAg5/at7F5y58qYYjfCdZg5WEJSswJ32jT3IZKBvFYy7uUiILY/0BwZK8EioF/LfJ/y39zMb+Sb6fAICUZMEeE= ceph-d158d934-7651-11ef-bceb-c7b262605968
2024-09-19T06:40:23.350 INFO:teuthology.orchestra.run.smithi103.stdout:/usr/bin/ceph: stderr
2024-09-19T06:40:22.589+0000 7ff612431640 1 Processor -- start
2024-09-19T06:40:23.350 INFO:teuthology.orchestra.run.smithi103.stdout:/usr/bin/ceph: stderr
2024-09-19T06:40:22.589+0000 7ff612431640 1 -- start start
2024-09-19T06:40:23.350 INFO:teuthology.orchestra.run.smithi103.stdout:/usr/bin/ceph: stderr
2024-09-19T06:40:22.590+0000 7ff612431640 1 --2- >> [v2:172.21.15.103:3300/0,v1:172.21.15.103:6789/0] conn(0x7ff60c106780 0x7ff60c106b80 unknown :-1 s=NONE pgs=0 cs=0 l=0 rev1=0 crypto rx=0 tx=0 comp rx=0 tx=0).connect
2024-09-19T06:40:23.350 INFO:teuthology.orchestra.run.smithi103.stdout:/usr/bin/ceph: stderr
2024-09-19T06:40:22.590+0000 7ff612431640 1 -- --> [v2:172.21.15.103:3300/0,v1:172.21.15.103:6789/0] -- mon_getmap magic: 0 -- 0x7ff60c107150 con 0x7ff60c106780
2024-09-19T06:40:23.350 INFO:teuthology.orchestra.run.smithi103.stdout:/usr/bin/ceph: stderr
2024-09-19T06:40:22.590+0000 7ff60bfff640 1 --2- >> [v2:172.21.15.103:3300/0,v1:172.21.15.103:6789/0] conn(0x7ff60c106780 0x7ff60c106b80 unknown :-1 s=BANNER_CONNECTING pgs=0 cs=0 l=0 rev1=0 crypto rx=0 tx=0 comp rx=0 tx=0)._handle_peer_banner_payload supported=3 required=0
2024-09-19T06:40:23.350 INFO:teuthology.orchestra.run.smithi103.stdout:/usr/bin/ceph: stderr
2024-09-19T06:40:22.590+0000 7ff60bfff640 1 --2- >> [v2:172.21.15.103:3300/0,v1:172.21.15.103:6789/0] conn(0x7ff60c106780 0x7ff60c106b80 unknown :-1 s=HELLO_CONNECTING pgs=0 cs=0 l=0 rev1=1 crypto rx=0 tx=0 comp rx=0 tx=0).handle_hello peer v2:172.21.15.103:3300/0 says I am v2:172.21.15.103:41144/0 (socket says 172.21.15.103:41144)
2024-09-19T06:40:23.350 INFO:teuthology.orchestra.run.smithi103.stdout:/usr/bin/ceph: stderr
2024-09-19T06:40:22.590+0000 7ff60bfff640 1 -- 172.21.15.103:0/2371276960 learned_addr learned my addr 172.21.15.103:0/2371276960 (peer_addr_for_me v2:172.21.15.103:0/0)
2024-09-19T06:40:23.350 INFO:teuthology.orchestra.run.smithi103.stdout:/usr/bin/ceph: stderr
2024-09-19T06:40:22.590+0000 7ff60bfff640 1 -- 172.21.15.103:0/2371276960 --> [v2:172.21.15.103:3300/0,v1:172.21.15.103:6789/0] -- mon_subscribe({config=0+,monmap=0+}) -- 0x7ff60c107980 con 0x7ff60c106780
2024-09-19T06:40:23.350 INFO:teuthology.orchestra.run.smithi103.stdout:/usr/bin/ceph: stderr
2024-09-19T06:40:22.591+0000 7ff60bfff640 1 --2- 172.21.15.103:0/2371276960 >> [v2:172.21.15.103:3300/0,v1:172.21.15.103:6789/0] conn(0x7ff60c106780 0x7ff60c106b80 secure :-1 s=READY pgs=41 cs=0 l=1 rev1=1 crypto rx=0x7ff5fc009820 tx=0x7ff5fc02a270 comp rx=0 tx=0).ready entity=mon.0 client_cookie=6d85357f52e36df1 server_cookie=0 in_seq=0 out_seq=0
2024-09-19T06:40:23.350 INFO:teuthology.orchestra.run.smithi103.stdout:/usr/bin/ceph: stderr
2024-09-19T06:40:22.591+0000 7ff60affd640 1 -- 172.21.15.103:0/2371276960 <== mon.0 v2:172.21.15.103:3300/0 1 ==== mon_map magic: 0 ==== 205+0+0 (secure 0 0 0) 0x7ff5fc037070 con 0x7ff60c106780
2024-09-19T06:40:23.351 INFO:teuthology.orchestra.run.smithi103.stdout:/usr/bin/ceph: stderr
2024-09-19T06:40:22.591+0000 7ff60affd640 1 -- 172.21.15.103:0/2371276960 <== mon.0 v2:172.21.15.103:3300/0 2 ==== config(27 keys) ==== 1109+0+0 (secure 0 0 0) 0x7ff5fc032900 con 0x7ff60c106780
2024-09-19T06:40:23.351 INFO:teuthology.orchestra.run.smithi103.stdout:/usr/bin/ceph: stderr
2024-09-19T06:40:22.591+0000 7ff60affd640 1 -- 172.21.15.103:0/2371276960 <== mon.0 v2:172.21.15.103:3300/0 3 ==== mon_map magic: 0 ==== 205+0+0 (secure 0 0 0) 0x7ff5fc030850 con 0x7ff60c106780
2024-09-19T06:40:23.351 INFO:teuthology.orchestra.run.smithi103.stdout:/usr/bin/ceph: stderr
2024-09-19T06:40:22.592+0000 7ff612431640 1 -- 172.21.15.103:0/2371276960 >> [v2:172.21.15.103:3300/0,v1:172.21.15.103:6789/0] conn(0x7ff60c106780 msgr2=0x7ff60c106b80 secure :-1 s=STATE_CONNECTION_ESTABLISHED l=1).mark_down
2024-09-19T06:40:23.351 INFO:teuthology.orchestra.run.smithi103.stdout:/usr/bin/ceph: stderr
2024-09-19T06:40:22.592+0000 7ff612431640 1 --2- 172.21.15.103:0/2371276960 >> [v2:172.21.15.103:3300/0,v1:172.21.15.103:6789/0] conn(0x7ff60c106780 0x7ff60c106b80 secure :-1 s=READY pgs=41 cs=0 l=1 rev1=1 crypto rx=0x7ff5fc009820 tx=0x7ff5fc02a270 comp rx=0 tx=0).stop
2024-09-19T06:40:23.351 INFO:teuthology.orchestra.run.smithi103.stdout:/usr/bin/ceph: stderr
2024-09-19T06:40:22.592+0000 7ff612431640 1 -- 172.21.15.103:0/2371276960 shutdown_connections
2024-09-19T06:40:23.351 INFO:teuthology.orchestra.run.smithi103.stdout:/usr/bin/ceph: stderr
2024-09-19T06:40:22.592+0000 7ff612431640 1 --2- 172.21.15.103:0/2371276960 >> [v2:172.21.15.103:3300/0,v1:172.21.15.103:6789/0] conn(0x7ff60c106780 0x7ff60c106b80 unknown :-1 s=CLOSED pgs=41 cs=0 l=1 rev1=1 crypto rx=0 tx=0 comp rx=0 tx=0).stop
2024-09-19T06:40:23.351 INFO:teuthology.orchestra.run.smithi103.stdout:/usr/bin/ceph: stderr
2024-09-19T06:40:22.592+0000 7ff612431640 1 -- 172.21.15.103:0/2371276960 >> 172.21.15.103:0/2371276960 conn(0x7ff60c101f10 msgr2=0x7ff60c104350 unknown :-1 s=STATE_NONE l=0).mark_down
2024-09-19T06:40:23.351 INFO:teuthology.orchestra.run.smithi103.stdout:/usr/bin/ceph: stderr
2024-09-19T06:40:22.592+0000 7ff612431640 1 -- 172.21.15.103:0/2371276960 shutdown_connections
2024-09-19T06:40:23.351 INFO:teuthology.orchestra.run.smithi103.stdout:/usr/bin/ceph: stderr
2024-09-19T06:40:22.592+0000 7ff612431640 1 -- 172.21.15.103:0/2371276960 wait complete.
2024-09-19T06:40:23.351 INFO:teuthology.orchestra.run.smithi103.stdout:/usr/bin/ceph: stderr
2024-09-19T06:40:22.592+0000 7ff612431640 1 Processor -- start
2024-09-19T06:40:23.351 INFO:teuthology.orchestra.run.smithi103.stdout:/usr/bin/ceph: stderr
2024-09-19T06:40:22.592+0000 7ff612431640 1 -- start start
2024-09-19T06:40:23.351 INFO:teuthology.orchestra.run.smithi103.stdout:/usr/bin/ceph: stderr
2024-09-19T06:40:22.593+0000 7ff612431640 1 --2- >> [v2:172.21.15.103:3300/0,v1:172.21.15.103:6789/0] conn(0x7ff60c106780 0x7ff60c19a820 unknown :-1 s=NONE pgs=0 cs=0 l=1 rev1=0 crypto rx=0 tx=0 comp rx=0 tx=0).connect
2024-09-19T06:40:23.351 INFO:teuthology.orchestra.run.smithi103.stdout:/usr/bin/ceph: stderr
2024-09-19T06:40:22.593+0000 7ff612431640 1 -- --> [v2:172.21.15.103:3300/0,v1:172.21.15.103:6789/0] -- mon_getmap magic: 0 -- 0x7ff60c10ad30 con 0x7ff60c106780
2024-09-19T06:40:23.352 INFO:teuthology.orchestra.run.smithi103.stdout:/usr/bin/ceph: stderr
2024-09-19T06:40:22.593+0000 7ff60bfff640 1 --2- >> [v2:172.21.15.103:3300/0,v1:172.21.15.103:6789/0] conn(0x7ff60c106780 0x7ff60c19a820 unknown :-1 s=BANNER_CONNECTING pgs=0 cs=0 l=1 rev1=0 crypto rx=0 tx=0 comp rx=0 tx=0)._handle_peer_banner_payload supported=3 required=0
2024-09-19T06:40:23.352 INFO:teuthology.orchestra.run.smithi103.stdout:/usr/bin/ceph: stderr
2024-09-19T06:40:22.593+0000 7ff60bfff640 1 --2- >> [v2:172.21.15.103:3300/0,v1:172.21.15.103:6789/0] conn(0x7ff60c106780 0x7ff60c19a820 unknown :-1 s=HELLO_CONNECTING pgs=0 cs=0 l=1 rev1=1 crypto rx=0 tx=0 comp rx=0 tx=0).handle_hello peer v2:172.21.15.103:3300/0 says I am v2:172.21.15.103:41156/0 (socket says 172.21.15.103:41156)
2024-09-19T06:40:23.352 INFO:teuthology.orchestra.run.smithi103.stdout:/usr/bin/ceph: stderr
2024-09-19T06:40:22.593+0000 7ff60bfff640 1 -- 172.21.15.103:0/183012129 learned_addr learned my addr 172.21.15.103:0/183012129 (peer_addr_for_me v2:172.21.15.103:0/0)
2024-09-19T06:40:23.352 INFO:teuthology.orchestra.run.smithi103.stdout:/usr/bin/ceph: stderr
2024-09-19T06:40:22.593+0000 7ff60bfff640 1 -- 172.21.15.103:0/183012129 --> [v2:172.21.15.103:3300/0,v1:172.21.15.103:6789/0] -- mon_subscribe({config=0+,monmap=0+}) -- 0x7ff60c19ad60 con 0x7ff60c106780
2024-09-19T06:40:23.352 INFO:teuthology.orchestra.run.smithi103.stdout:/usr/bin/ceph: stderr
2024-09-19T06:40:22.593+0000 7ff60bfff640 1 --2- 172.21.15.103:0/183012129 >> [v2:172.21.15.103:3300/0,v1:172.21.15.103:6789/0] conn(0x7ff60c106780 0x7ff60c19a820 secure :-1 s=READY pgs=42 cs=0 l=1 rev1=1 crypto rx=0x7ff5fc0097f0 tx=0x7ff5fc030ec0 comp rx=0 tx=0).ready entity=mon.0 client_cookie=0 server_cookie=0 in_seq=0 out_seq=0
2024-09-19T06:40:23.352 INFO:teuthology.orchestra.run.smithi103.stdout:/usr/bin/ceph: stderr
2024-09-19T06:40:22.593+0000 7ff6097fa640 1 -- 172.21.15.103:0/183012129 <== mon.0 v2:172.21.15.103:3300/0 1 ==== mon_map magic: 0 ==== 205+0+0 (secure 0 0 0) 0x7ff5fc042070 con 0x7ff60c106780
2024-09-19T06:40:23.352 INFO:teuthology.orchestra.run.smithi103.stdout:/usr/bin/ceph: stderr
2024-09-19T06:40:22.593+0000 7ff612431640 1 -- 172.21.15.103:0/183012129 --> [v2:172.21.15.103:3300/0,v1:172.21.15.103:6789/0] -- mon_subscribe({mgrmap=0+}) -- 0x7ff60c19aff0 con 0x7ff60c106780
2024-09-19T06:40:23.352 INFO:teuthology.orchestra.run.smithi103.stdout:/usr/bin/ceph: stderr
2024-09-19T06:40:22.593+0000 7ff6097fa640 1 -- 172.21.15.103:0/183012129 <== mon.0 v2:172.21.15.103:3300/0 2 ==== config(27 keys) ==== 1109+0+0 (secure 0 0 0) 0x7ff5fc032ca0 con 0x7ff60c106780
2024-09-19T06:40:23.352 INFO:teuthology.orchestra.run.smithi103.stdout:/usr/bin/ceph: stderr
2024-09-19T06:40:22.593+0000 7ff6097fa640 1 -- 172.21.15.103:0/183012129 <== mon.0 v2:172.21.15.103:3300/0 3 ==== mon_map magic: 0 ==== 205+0+0 (secure 0 0 0) 0x7ff5fc037040 con 0x7ff60c106780
2024-09-19T06:40:23.352 INFO:teuthology.orchestra.run.smithi103.stdout:/usr/bin/ceph: stderr
2024-09-19T06:40:22.593+0000 7ff612431640 1 -- 172.21.15.103:0/183012129 --> [v2:172.21.15.103:3300/0,v1:172.21.15.103:6789/0] -- mon_subscribe({osdmap=0}) -- 0x7ff60c19dce0 con 0x7ff60c106780
2024-09-19T06:40:23.352 INFO:teuthology.orchestra.run.smithi103.stdout:/usr/bin/ceph: stderr
2024-09-19T06:40:22.594+0000 7ff6097fa640 1 -- 172.21.15.103:0/183012129 <== mon.0 v2:172.21.15.103:3300/0 4 ==== mgrmap(e 8) ==== 46461+0+0 (secure 0 0 0) 0x7ff5fc045070 con 0x7ff60c106780
2024-09-19T06:40:23.352 INFO:teuthology.orchestra.run.smithi103.stdout:/usr/bin/ceph: stderr
2024-09-19T06:40:22.594+0000 7ff612431640 1 -- 172.21.15.103:0/183012129 --> [v2:172.21.15.103:3300/0,v1:172.21.15.103:6789/0] -- mon_command({"prefix": "get_command_descriptions"} v 0) -- 0x7ff60c10aeb0 con 0x7ff60c106780
2024-09-19T06:40:23.353 INFO:teuthology.orchestra.run.smithi103.stdout:/usr/bin/ceph: stderr
2024-09-19T06:40:22.594+0000 7ff6097fa640 1 --2- 172.21.15.103:0/183012129 >> [v2:172.21.15.103:6800/4122140716,v1:172.21.15.103:6801/4122140716] conn(0x7ff5f80391b0 0x7ff5f803b670 unknown :-1 s=NONE pgs=0 cs=0 l=1 rev1=0 crypto rx=0 tx=0 comp rx=0 tx=0).connect
2024-09-19T06:40:23.353 INFO:teuthology.orchestra.run.smithi103.stdout:/usr/bin/ceph: stderr
2024-09-19T06:40:22.594+0000 7ff6097fa640 1 -- 172.21.15.103:0/183012129 <== mon.0 v2:172.21.15.103:3300/0 5 ==== osd_map(2..2 src has 1..2) ==== 940+0+0 (secure 0 0 0) 0x7ff5fc06c240 con 0x7ff60c106780
2024-09-19T06:40:23.353 INFO:teuthology.orchestra.run.smithi103.stdout:/usr/bin/ceph: stderr
2024-09-19T06:40:22.595+0000 7ff60b7fe640 1 --2- 172.21.15.103:0/183012129 >> [v2:172.21.15.103:6800/4122140716,v1:172.21.15.103:6801/4122140716] conn(0x7ff5f80391b0 0x7ff5f803b670 unknown :-1 s=BANNER_CONNECTING pgs=0 cs=0 l=1 rev1=0 crypto rx=0 tx=0 comp rx=0 tx=0)._handle_peer_banner_payload supported=3 required=0
2024-09-19T06:40:23.353 INFO:teuthology.orchestra.run.smithi103.stdout:/usr/bin/ceph: stderr
2024-09-19T06:40:22.595+0000 7ff60b7fe640 1 --2- 172.21.15.103:0/183012129 >> [v2:172.21.15.103:6800/4122140716,v1:172.21.15.103:6801/4122140716] conn(0x7ff5f80391b0 0x7ff5f803b670 secure :-1 s=READY pgs=10 cs=0 l=1 rev1=1 crypto rx=0x7ff5f40098c0 tx=0x7ff5f4006db0 comp rx=0 tx=0).ready entity=mgr.14118 client_cookie=0 server_cookie=0 in_seq=0 out_seq=0
2024-09-19T06:40:23.353 INFO:teuthology.orchestra.run.smithi103.stdout:/usr/bin/ceph: stderr
2024-09-19T06:40:22.599+0000 7ff6097fa640 1 -- 172.21.15.103:0/183012129 <== mon.0 v2:172.21.15.103:3300/0 6 ==== mon_command_ack([{"prefix": "get_command_descriptions"}]=0 v0) ==== 72+0+188913 (secure 0 0 0) 0x7ff5fc045520 con 0x7ff60c106780
2024-09-19T06:40:23.353 INFO:teuthology.orchestra.run.smithi103.stdout:/usr/bin/ceph: stderr
2024-09-19T06:40:22.766+0000 7ff612431640 1 -- 172.21.15.103:0/183012129 --> [v2:172.21.15.103:6800/4122140716,v1:172.21.15.103:6801/4122140716] -- mgr_command(tid 0: {"prefix": "cephadm get-pub-key", "target": ["mon-mgr", ""]}) -- 0x7ff60c1031c0 con 0x7ff5f80391b0
2024-09-19T06:40:23.353 INFO:teuthology.orchestra.run.smithi103.stdout:/usr/bin/ceph: stderr
2024-09-19T06:40:22.767+0000 7ff6097fa640 1 -- 172.21.15.103:0/183012129 <== mgr.14118 v2:172.21.15.103:6800/4122140716 1 ==== mgr_command_reply(tid 0: 0 ) ==== 8+0+595 (secure 0 0 0) 0x7ff60c1031c0 con 0x7ff5f80391b0
2024-09-19T06:40:23.353 INFO:teuthology.orchestra.run.smithi103.stdout:/usr/bin/ceph: stderr
2024-09-19T06:40:22.769+0000 7ff612431640 1 -- 172.21.15.103:0/183012129 >> [v2:172.21.15.103:6800/4122140716,v1:172.21.15.103:6801/4122140716] conn(0x7ff5f80391b0 msgr2=0x7ff5f803b670 secure :-1 s=STATE_CONNECTION_ESTABLISHED l=1).mark_down
2024-09-19T06:40:23.353 INFO:teuthology.orchestra.run.smithi103.stdout:/usr/bin/ceph: stderr
2024-09-19T06:40:22.769+0000 7ff612431640 1 --2- 172.21.15.103:0/183012129 >> [v2:172.21.15.103:6800/4122140716,v1:172.21.15.103:6801/4122140716] conn(0x7ff5f80391b0 0x7ff5f803b670 secure :-1 s=READY pgs=10 cs=0 l=1 rev1=1 crypto rx=0x7ff5f40098c0 tx=0x7ff5f4006db0 comp rx=0 tx=0).stop
2024-09-19T06:40:23.353 INFO:teuthology.orchestra.run.smithi103.stdout:/usr/bin/ceph: stderr
2024-09-19T06:40:22.769+0000 7ff612431640 1 -- 172.21.15.103:0/183012129 >> [v2:172.21.15.103:3300/0,v1:172.21.15.103:6789/0] conn(0x7ff60c106780 msgr2=0x7ff60c19a820 secure :-1 s=STATE_CONNECTION_ESTABLISHED l=1).mark_down
2024-09-19T06:40:23.353 INFO:teuthology.orchestra.run.smithi103.stdout:/usr/bin/ceph: stderr
2024-09-19T06:40:22.769+0000 7ff612431640 1 --2- 172.21.15.103:0/183012129 >> [v2:172.21.15.103:3300/0,v1:172.21.15.103:6789/0] conn(0x7ff60c106780 0x7ff60c19a820 secure :-1 s=READY pgs=42 cs=0 l=1 rev1=1 crypto rx=0x7ff5fc0097f0 tx=0x7ff5fc030ec0 comp rx=0 tx=0).stop
2024-09-19T06:40:23.353 INFO:teuthology.orchestra.run.smithi103.stdout:/usr/bin/ceph: stderr
2024-09-19T06:40:22.769+0000 7ff612431640 1 -- 172.21.15.103:0/183012129 shutdown_connections
2024-09-19T06:40:23.353 INFO:teuthology.orchestra.run.smithi103.stdout:/usr/bin/ceph: stderr
2024-09-19T06:40:22.769+0000 7ff612431640 1 --2- 172.21.15.103:0/183012129 >> [v2:172.21.15.103:6800/4122140716,v1:172.21.15.103:6801/4122140716] conn(0x7ff5f80391b0 0x7ff5f803b670 unknown :-1 s=CLOSED pgs=10 cs=0 l=1 rev1=1 crypto rx=0 tx=0 comp rx=0 tx=0).stop
2024-09-19T06:40:23.354 INFO:teuthology.orchestra.run.smithi103.stdout:/usr/bin/ceph: stderr
2024-09-19T06:40:22.769+0000 7ff612431640 1 --2- 172.21.15.103:0/183012129 >> [v2:172.21.15.103:3300/0,v1:172.21.15.103:6789/0] conn(0x7ff60c106780 0x7ff60c19a820 unknown :-1 s=CLOSED pgs=42 cs=0 l=1 rev1=1 crypto rx=0 tx=0 comp rx=0 tx=0).stop
2024-09-19T06:40:23.354 INFO:teuthology.orchestra.run.smithi103.stdout:/usr/bin/ceph: stderr
2024-09-19T06:40:22.769+0000 7ff612431640 1 -- 172.21.15.103:0/183012129 >> 172.21.15.103:0/183012129 conn(0x7ff60c101f10 msgr2=0x7ff60c102ab0 unknown :-1 s=STATE_NONE l=0).mark_down
2024-09-19T06:40:23.354 INFO:teuthology.orchestra.run.smithi103.stdout:/usr/bin/ceph: stderr
2024-09-19T06:40:22.769+0000 7ff612431640 1 -- 172.21.15.103:0/183012129 shutdown_connections
2024-09-19T06:40:23.354 INFO:teuthology.orchestra.run.smithi103.stdout:/usr/bin/ceph: stderr
2024-09-19T06:40:22.769+0000 7ff612431640 1 -- 172.21.15.103:0/183012129 wait complete.
2024-09-19T06:40:23.354 INFO:teuthology.orchestra.run.smithi103.stdout:Wrote public SSH key to /home/ubuntu/cephtest/ceph.pub
2024-09-19T06:40:23.354 INFO:teuthology.orchestra.run.smithi103.stdout:Adding key to root@localhost authorized_keys...
2024-09-19T06:40:23.357 INFO:teuthology.orchestra.run.smithi103.stdout:Adding host smithi103...
2024-09-19T06:40:23.888 INFO:journalctl@ceph.mon.a.smithi103.stdout:Sep 19 06:40:23 smithi103 ceph-mon[31158]: from='client.14136 -' entity='client.admin' cmd=[{"prefix": "cephadm get-pub-key", "target": ["mon-mgr", ""]}]: dispatch
2024-09-19T06:40:25.025 INFO:journalctl@ceph.mon.a.smithi103.stdout:Sep 19 06:40:24 smithi103 ceph-mon[31158]: from='client.14138 -' entity='client.admin' cmd=[{"prefix": "orch host add", "hostname": "smithi103", "addr": "172.21.15.103", "target": ["mon-mgr", ""]}]: dispatch
2024-09-19T06:40:26.137 INFO:journalctl@ceph.mon.a.smithi103.stdout:Sep 19 06:40:25 smithi103 ceph-mon[31158]: Deploying cephadm binary to smithi103
2024-09-19T06:40:27.765 INFO:teuthology.orchestra.run.smithi103.stdout:/usr/bin/ceph: stdout Added host 'smithi103' with addr '172.21.15.103'
2024-09-19T06:40:27.765 INFO:teuthology.orchestra.run.smithi103.stdout:/usr/bin/ceph: stderr
2024-09-19T06:40:23.799+0000 7fd334a6e640 1 Processor -- start
2024-09-19T06:40:27.765 INFO:teuthology.orchestra.run.smithi103.stdout:/usr/bin/ceph: stderr
2024-09-19T06:40:23.799+0000 7fd334a6e640 1 -- start start
2024-09-19T06:40:27.765 INFO:teuthology.orchestra.run.smithi103.stdout:/usr/bin/ceph: stderr
2024-09-19T06:40:23.799+0000 7fd334a6e640 1 --2- >> [v2:172.21.15.103:3300/0,v1:172.21.15.103:6789/0] conn(0x7fd3301078b0 0x7fd330107cb0 unknown :-1 s=NONE pgs=0 cs=0 l=0 rev1=0 crypto rx=0 tx=0 comp rx=0 tx=0).connect
2024-09-19T06:40:27.765 INFO:teuthology.orchestra.run.smithi103.stdout:/usr/bin/ceph: stderr
2024-09-19T06:40:23.799+0000 7fd334a6e640 1 -- --> [v2:172.21.15.103:3300/0,v1:172.21.15.103:6789/0] -- mon_getmap magic: 0 -- 0x7fd330108280 con 0x7fd3301078b0
2024-09-19T06:40:27.765 INFO:teuthology.orchestra.run.smithi103.stdout:/usr/bin/ceph: stderr
2024-09-19T06:40:23.799+0000 7fd32e59c640 1 --2- >> [v2:172.21.15.103:3300/0,v1:172.21.15.103:6789/0] conn(0x7fd3301078b0 0x7fd330107cb0 unknown :-1 s=BANNER_CONNECTING pgs=0 cs=0 l=0 rev1=0 crypto rx=0 tx=0 comp rx=0 tx=0)._handle_peer_banner_payload supported=3 required=0
2024-09-19T06:40:27.765 INFO:teuthology.orchestra.run.smithi103.stdout:/usr/bin/ceph: stderr
2024-09-19T06:40:23.799+0000 7fd32e59c640 1 --2- >> [v2:172.21.15.103:3300/0,v1:172.21.15.103:6789/0] conn(0x7fd3301078b0 0x7fd330107cb0 unknown :-1 s=HELLO_CONNECTING pgs=0 cs=0 l=0 rev1=1 crypto rx=0 tx=0 comp rx=0 tx=0).handle_hello peer v2:172.21.15.103:3300/0 says I am v2:172.21.15.103:41164/0 (socket says 172.21.15.103:41164)
2024-09-19T06:40:27.766 INFO:teuthology.orchestra.run.smithi103.stdout:/usr/bin/ceph: stderr
2024-09-19T06:40:23.799+0000 7fd32e59c640 1 -- 172.21.15.103:0/3304539781 learned_addr learned my addr 172.21.15.103:0/3304539781 (peer_addr_for_me v2:172.21.15.103:0/0)
2024-09-19T06:40:27.766 INFO:teuthology.orchestra.run.smithi103.stdout:/usr/bin/ceph: stderr
2024-09-19T06:40:23.799+0000 7fd32e59c640 1 -- 172.21.15.103:0/3304539781 --> [v2:172.21.15.103:3300/0,v1:172.21.15.103:6789/0] -- mon_subscribe({config=0+,monmap=0+}) -- 0x7fd330108a60 con 0x7fd3301078b0
2024-09-19T06:40:27.766 INFO:teuthology.orchestra.run.smithi103.stdout:/usr/bin/ceph: stderr
2024-09-19T06:40:23.800+0000 7fd32e59c640 1 --2- 172.21.15.103:0/3304539781 >> [v2:172.21.15.103:3300/0,v1:172.21.15.103:6789/0] conn(0x7fd3301078b0 0x7fd330107cb0 secure :-1 s=READY pgs=43 cs=0 l=1 rev1=1 crypto rx=0x7fd320009820 tx=0x7fd32002a270 comp rx=0 tx=0).ready entity=mon.0 client_cookie=d916c44467073878 server_cookie=0 in_seq=0 out_seq=0
2024-09-19T06:40:27.766 INFO:teuthology.orchestra.run.smithi103.stdout:/usr/bin/ceph: stderr
2024-09-19T06:40:23.800+0000 7fd32d59a640 1 -- 172.21.15.103:0/3304539781 <== mon.0 v2:172.21.15.103:3300/0 1 ==== mon_map magic: 0 ==== 205+0+0 (secure 0 0 0) 0x7fd320037070 con 0x7fd3301078b0
2024-09-19T06:40:27.767 INFO:teuthology.orchestra.run.smithi103.stdout:/usr/bin/ceph: stderr
2024-09-19T06:40:23.800+0000 7fd32d59a640 1 -- 172.21.15.103:0/3304539781 <== mon.0 v2:172.21.15.103:3300/0 2 ==== config(27 keys) ==== 1109+0+0 (secure 0 0 0) 0x7fd320032900 con 0x7fd3301078b0
2024-09-19T06:40:27.767 INFO:teuthology.orchestra.run.smithi103.stdout:/usr/bin/ceph: stderr
2024-09-19T06:40:23.800+0000 7fd32d59a640 1 -- 172.21.15.103:0/3304539781 <== mon.0 v2:172.21.15.103:3300/0 3 ==== mon_map magic: 0 ==== 205+0+0 (secure 0 0 0) 0x7fd320030850 con 0x7fd3301078b0
2024-09-19T06:40:27.767 INFO:teuthology.orchestra.run.smithi103.stdout:/usr/bin/ceph: stderr
2024-09-19T06:40:23.801+0000 7fd334a6e640 1 -- 172.21.15.103:0/3304539781 >> [v2:172.21.15.103:3300/0,v1:172.21.15.103:6789/0] conn(0x7fd3301078b0 msgr2=0x7fd330107cb0 secure :-1 s=STATE_CONNECTION_ESTABLISHED l=1).mark_down
2024-09-19T06:40:27.767 INFO:teuthology.orchestra.run.smithi103.stdout:/usr/bin/ceph: stderr
2024-09-19T06:40:23.801+0000 7fd334a6e640 1 --2- 172.21.15.103:0/3304539781 >> [v2:172.21.15.103:3300/0,v1:172.21.15.103:6789/0] conn(0x7fd3301078b0 0x7fd330107cb0 secure :-1 s=READY pgs=43 cs=0 l=1 rev1=1 crypto rx=0x7fd320009820 tx=0x7fd32002a270 comp rx=0 tx=0).stop
2024-09-19T06:40:27.767 INFO:teuthology.orchestra.run.smithi103.stdout:/usr/bin/ceph: stderr
2024-09-19T06:40:23.801+0000 7fd334a6e640 1 -- 172.21.15.103:0/3304539781 shutdown_connections
2024-09-19T06:40:27.767 INFO:teuthology.orchestra.run.smithi103.stdout:/usr/bin/ceph: stderr
2024-09-19T06:40:23.801+0000 7fd334a6e640 1 --2- 172.21.15.103:0/3304539781 >> [v2:172.21.15.103:3300/0,v1:172.21.15.103:6789/0] conn(0x7fd3301078b0 0x7fd330107cb0 unknown :-1 s=CLOSED pgs=43 cs=0 l=1 rev1=1 crypto rx=0 tx=0 comp rx=0 tx=0).stop
2024-09-19T06:40:27.767 INFO:teuthology.orchestra.run.smithi103.stdout:/usr/bin/ceph: stderr
2024-09-19T06:40:23.801+0000 7fd334a6e640 1 -- 172.21.15.103:0/3304539781 >> 172.21.15.103:0/3304539781 conn(0x7fd330103060 msgr2=0x7fd330105480 unknown :-1 s=STATE_NONE l=0).mark_down
2024-09-19T06:40:27.767 INFO:teuthology.orchestra.run.smithi103.stdout:/usr/bin/ceph: stderr
2024-09-19T06:40:23.801+0000 7fd334a6e640 1 -- 172.21.15.103:0/3304539781 shutdown_connections
2024-09-19T06:40:27.767 INFO:teuthology.orchestra.run.smithi103.stdout:/usr/bin/ceph: stderr
2024-09-19T06:40:23.801+0000 7fd334a6e640 1 -- 172.21.15.103:0/3304539781 wait complete.
2024-09-19T06:40:27.767 INFO:teuthology.orchestra.run.smithi103.stdout:/usr/bin/ceph: stderr
2024-09-19T06:40:23.802+0000 7fd334a6e640 1 Processor -- start
2024-09-19T06:40:27.767 INFO:teuthology.orchestra.run.smithi103.stdout:/usr/bin/ceph: stderr
2024-09-19T06:40:23.802+0000 7fd334a6e640 1 -- start start
2024-09-19T06:40:27.768 INFO:teuthology.orchestra.run.smithi103.stdout:/usr/bin/ceph: stderr
2024-09-19T06:40:23.802+0000 7fd334a6e640 1 --2- >> [v2:172.21.15.103:3300/0,v1:172.21.15.103:6789/0] conn(0x7fd3301078b0 0x7fd33007db00 unknown :-1 s=NONE pgs=0 cs=0 l=1 rev1=0 crypto rx=0 tx=0 comp rx=0 tx=0).connect
2024-09-19T06:40:27.768 INFO:teuthology.orchestra.run.smithi103.stdout:/usr/bin/ceph: stderr
2024-09-19T06:40:23.802+0000 7fd334a6e640 1 -- --> [v2:172.21.15.103:3300/0,v1:172.21.15.103:6789/0] -- mon_getmap magic: 0 -- 0x7fd33010be10 con 0x7fd3301078b0
2024-09-19T06:40:27.768 INFO:teuthology.orchestra.run.smithi103.stdout:/usr/bin/ceph: stderr
2024-09-19T06:40:23.802+0000 7fd32e59c640 1 --2- >> [v2:172.21.15.103:3300/0,v1:172.21.15.103:6789/0] conn(0x7fd3301078b0 0x7fd33007db00 unknown :-1 s=BANNER_CONNECTING pgs=0 cs=0 l=1 rev1=0 crypto rx=0 tx=0 comp rx=0 tx=0)._handle_peer_banner_payload supported=3 required=0
2024-09-19T06:40:27.768 INFO:teuthology.orchestra.run.smithi103.stdout:/usr/bin/ceph: stderr
2024-09-19T06:40:23.802+0000 7fd32e59c640 1 --2- >> [v2:172.21.15.103:3300/0,v1:172.21.15.103:6789/0] conn(0x7fd3301078b0 0x7fd33007db00 unknown :-1 s=HELLO_CONNECTING pgs=0 cs=0 l=1 rev1=1 crypto rx=0 tx=0 comp rx=0 tx=0).handle_hello peer v2:172.21.15.103:3300/0 says I am v2:172.21.15.103:41178/0 (socket says 172.21.15.103:41178)
2024-09-19T06:40:27.768 INFO:teuthology.orchestra.run.smithi103.stdout:/usr/bin/ceph: stderr
2024-09-19T06:40:23.802+0000 7fd32e59c640 1 -- 172.21.15.103:0/800488104 learned_addr learned my addr 172.21.15.103:0/800488104 (peer_addr_for_me v2:172.21.15.103:0/0)
2024-09-19T06:40:27.768 INFO:teuthology.orchestra.run.smithi103.stdout:/usr/bin/ceph: stderr
2024-09-19T06:40:23.802+0000 7fd32e59c640 1 -- 172.21.15.103:0/800488104 --> [v2:172.21.15.103:3300/0,v1:172.21.15.103:6789/0] -- mon_subscribe({config=0+,monmap=0+}) -- 0x7fd33007e040 con 0x7fd3301078b0
2024-09-19T06:40:27.768 INFO:teuthology.orchestra.run.smithi103.stdout:/usr/bin/ceph: stderr
2024-09-19T06:40:23.803+0000 7fd32e59c640 1 --2- 172.21.15.103:0/800488104 >> [v2:172.21.15.103:3300/0,v1:172.21.15.103:6789/0] conn(0x7fd3301078b0 0x7fd33007db00 secure :-1 s=READY pgs=44 cs=0 l=1 rev1=1 crypto rx=0x7fd3200097f0 tx=0x7fd320030ec0 comp rx=0 tx=0).ready entity=mon.0 client_cookie=0 server_cookie=0 in_seq=0 out_seq=0
2024-09-19T06:40:27.768 INFO:teuthology.orchestra.run.smithi103.stdout:/usr/bin/ceph: stderr
2024-09-19T06:40:23.803+0000 7fd31f7fe640 1 -- 172.21.15.103:0/800488104 <== mon.0 v2:172.21.15.103:3300/0 1 ==== mon_map magic: 0 ==== 205+0+0 (secure 0 0 0) 0x7fd320042070 con 0x7fd3301078b0
2024-09-19T06:40:27.768 INFO:teuthology.orchestra.run.smithi103.stdout:/usr/bin/ceph: stderr
2024-09-19T06:40:23.803+0000 7fd31f7fe640 1 -- 172.21.15.103:0/800488104 <== mon.0 v2:172.21.15.103:3300/0 2 ==== config(27 keys) ==== 1109+0+0 (secure 0 0 0) 0x7fd320032ca0 con 0x7fd3301078b0
2024-09-19T06:40:27.768 INFO:teuthology.orchestra.run.smithi103.stdout:/usr/bin/ceph: stderr
2024-09-19T06:40:23.803+0000 7fd334a6e640 1 -- 172.21.15.103:0/800488104 --> [v2:172.21.15.103:3300/0,v1:172.21.15.103:6789/0] -- mon_subscribe({mgrmap=0+}) -- 0x7fd33007c230 con 0x7fd3301078b0
2024-09-19T06:40:27.768 INFO:teuthology.orchestra.run.smithi103.stdout:/usr/bin/ceph: stderr
2024-09-19T06:40:23.803+0000 7fd31f7fe640 1 -- 172.21.15.103:0/800488104 <== mon.0 v2:172.21.15.103:3300/0 3 ==== mon_map magic: 0 ==== 205+0+0 (secure 0 0 0) 0x7fd320037040 con 0x7fd3301078b0
2024-09-19T06:40:27.769 INFO:teuthology.orchestra.run.smithi103.stdout:/usr/bin/ceph: stderr
2024-09-19T06:40:23.803+0000 7fd334a6e640 1 -- 172.21.15.103:0/800488104 --> [v2:172.21.15.103:3300/0,v1:172.21.15.103:6789/0] -- mon_subscribe({osdmap=0}) -- 0x7fd33007c770 con 0x7fd3301078b0
2024-09-19T06:40:27.769 INFO:teuthology.orchestra.run.smithi103.stdout:/usr/bin/ceph: stderr
2024-09-19T06:40:23.804+0000 7fd31f7fe640 1 -- 172.21.15.103:0/800488104 <== mon.0 v2:172.21.15.103:3300/0 4 ==== mgrmap(e 8) ==== 46461+0+0 (secure 0 0 0) 0x7fd320045070 con 0x7fd3301078b0
2024-09-19T06:40:27.769 INFO:teuthology.orchestra.run.smithi103.stdout:/usr/bin/ceph: stderr
2024-09-19T06:40:23.804+0000 7fd334a6e640 1 -- 172.21.15.103:0/800488104 --> [v2:172.21.15.103:3300/0,v1:172.21.15.103:6789/0] -- mon_command({"prefix": "get_command_descriptions"} v 0) -- 0x7fd33010bf90 con 0x7fd3301078b0
2024-09-19T06:40:27.769 INFO:teuthology.orchestra.run.smithi103.stdout:/usr/bin/ceph: stderr
2024-09-19T06:40:23.804+0000 7fd31f7fe640 1 --2- 172.21.15.103:0/800488104 >> [v2:172.21.15.103:6800/4122140716,v1:172.21.15.103:6801/4122140716] conn(0x7fd318039200 0x7fd31803b6c0 unknown :-1 s=NONE pgs=0 cs=0 l=1 rev1=0 crypto rx=0 tx=0 comp rx=0 tx=0).connect
2024-09-19T06:40:27.769 INFO:teuthology.orchestra.run.smithi103.stdout:/usr/bin/ceph: stderr
2024-09-19T06:40:23.804+0000 7fd31f7fe640 1 -- 172.21.15.103:0/800488104 <== mon.0 v2:172.21.15.103:3300/0 5 ==== osd_map(2..2 src has 1..2) ==== 940+0+0 (secure 0 0 0) 0x7fd32006c1d0 con 0x7fd3301078b0
2024-09-19T06:40:27.769 INFO:teuthology.orchestra.run.smithi103.stdout:/usr/bin/ceph: stderr
2024-09-19T06:40:23.804+0000 7fd32dd9b640 1 --2- 172.21.15.103:0/800488104 >> [v2:172.21.15.103:6800/4122140716,v1:172.21.15.103:6801/4122140716] conn(0x7fd318039200 0x7fd31803b6c0 unknown :-1 s=BANNER_CONNECTING pgs=0 cs=0 l=1 rev1=0 crypto rx=0 tx=0 comp rx=0 tx=0)._handle_peer_banner_payload supported=3 required=0
2024-09-19T06:40:27.769 INFO:teuthology.orchestra.run.smithi103.stdout:/usr/bin/ceph: stderr
2024-09-19T06:40:23.805+0000 7fd32dd9b640 1 --2- 172.21.15.103:0/800488104 >> [v2:172.21.15.103:6800/4122140716,v1:172.21.15.103:6801/4122140716] conn(0x7fd318039200 0x7fd31803b6c0 secure :-1 s=READY pgs=11 cs=0 l=1 rev1=1 crypto rx=0x7fd3240098c0 tx=0x7fd324006db0 comp rx=0 tx=0).ready entity=mgr.14118 client_cookie=0 server_cookie=0 in_seq=0 out_seq=0
2024-09-19T06:40:27.769 INFO:teuthology.orchestra.run.smithi103.stdout:/usr/bin/ceph: stderr
2024-09-19T06:40:23.809+0000 7fd31f7fe640 1 -- 172.21.15.103:0/800488104 <== mon.0 v2:172.21.15.103:3300/0 6 ==== mon_command_ack([{"prefix": "get_command_descriptions"}]=0 v0) ==== 72+0+188913 (secure 0 0 0) 0x7fd320045360 con 0x7fd3301078b0
2024-09-19T06:40:27.769 INFO:teuthology.orchestra.run.smithi103.stdout:/usr/bin/ceph: stderr
2024-09-19T06:40:23.981+0000 7fd334a6e640 1 -- 172.21.15.103:0/800488104 --> [v2:172.21.15.103:6800/4122140716,v1:172.21.15.103:6801/4122140716] -- mgr_command(tid 0: {"prefix": "orch host add", "hostname": "smithi103", "addr": "172.21.15.103", "target": ["mon-mgr", ""]}) -- 0x7fd33007cff0 con 0x7fd318039200
2024-09-19T06:40:27.769 INFO:teuthology.orchestra.run.smithi103.stdout:/usr/bin/ceph: stderr
2024-09-19T06:40:27.206+0000 7fd31f7fe640 1 -- 172.21.15.103:0/800488104 <== mgr.14118 v2:172.21.15.103:6800/4122140716 1 ==== mgr_command_reply(tid 0: 0 ) ==== 8+0+49 (secure 0 0 0) 0x7fd33007cff0 con 0x7fd318039200
2024-09-19T06:40:27.769 INFO:teuthology.orchestra.run.smithi103.stdout:/usr/bin/ceph: stderr
2024-09-19T06:40:27.209+0000 7fd334a6e640 1 -- 172.21.15.103:0/800488104 >> [v2:172.21.15.103:6800/4122140716,v1:172.21.15.103:6801/4122140716] conn(0x7fd318039200 msgr2=0x7fd31803b6c0 secure :-1 s=STATE_CONNECTION_ESTABLISHED l=1).mark_down
2024-09-19T06:40:27.770 INFO:teuthology.orchestra.run.smithi103.stdout:/usr/bin/ceph: stderr
2024-09-19T06:40:27.209+0000 7fd334a6e640 1 --2- 172.21.15.103:0/800488104 >> [v2:172.21.15.103:6800/4122140716,v1:172.21.15.103:6801/4122140716] conn(0x7fd318039200 0x7fd31803b6c0 secure :-1 s=READY pgs=11 cs=0 l=1 rev1=1 crypto rx=0x7fd3240098c0 tx=0x7fd324006db0 comp rx=0 tx=0).stop
2024-09-19T06:40:27.770 INFO:teuthology.orchestra.run.smithi103.stdout:/usr/bin/ceph: stderr
2024-09-19T06:40:27.209+0000 7fd334a6e640 1 -- 172.21.15.103:0/800488104 >> [v2:172.21.15.103:3300/0,v1:172.21.15.103:6789/0] conn(0x7fd3301078b0 msgr2=0x7fd33007db00 secure :-1 s=STATE_CONNECTION_ESTABLISHED l=1).mark_down
2024-09-19T06:40:27.770 INFO:teuthology.orchestra.run.smithi103.stdout:/usr/bin/ceph: stderr
2024-09-19T06:40:27.209+0000 7fd334a6e640 1 --2- 172.21.15.103:0/800488104 >> [v2:172.21.15.103:3300/0,v1:172.21.15.103:6789/0] conn(0x7fd3301078b0 0x7fd33007db00 secure :-1 s=READY pgs=44 cs=0 l=1 rev1=1 crypto rx=0x7fd3200097f0 tx=0x7fd320030ec0 comp rx=0 tx=0).stop
2024-09-19T06:40:27.770 INFO:teuthology.orchestra.run.smithi103.stdout:/usr/bin/ceph: stderr
2024-09-19T06:40:27.209+0000 7fd334a6e640 1 -- 172.21.15.103:0/800488104 shutdown_connections
2024-09-19T06:40:27.770 INFO:teuthology.orchestra.run.smithi103.stdout:/usr/bin/ceph: stderr
2024-09-19T06:40:27.209+0000 7fd334a6e640 1 --2- 172.21.15.103:0/800488104 >> [v2:172.21.15.103:6800/4122140716,v1:172.21.15.103:6801/4122140716] conn(0x7fd318039200 0x7fd31803b6c0 unknown :-1 s=CLOSED pgs=11 cs=0 l=1 rev1=1 crypto rx=0 tx=0 comp rx=0 tx=0).stop
2024-09-19T06:40:27.770 INFO:teuthology.orchestra.run.smithi103.stdout:/usr/bin/ceph: stderr
2024-09-19T06:40:27.209+0000 7fd334a6e640 1 --2- 172.21.15.103:0/800488104 >> [v2:172.21.15.103:3300/0,v1:172.21.15.103:6789/0] conn(0x7fd3301078b0 0x7fd33007db00 unknown :-1 s=CLOSED pgs=44 cs=0 l=1 rev1=1 crypto rx=0 tx=0 comp rx=0 tx=0).stop
2024-09-19T06:40:27.770 INFO:teuthology.orchestra.run.smithi103.stdout:/usr/bin/ceph: stderr
2024-09-19T06:40:27.209+0000 7fd334a6e640 1 -- 172.21.15.103:0/800488104 >> 172.21.15.103:0/800488104 conn(0x7fd330103060 msgr2=0x7fd330103c90 unknown :-1 s=STATE_NONE l=0).mark_down
2024-09-19T06:40:27.770 INFO:teuthology.orchestra.run.smithi103.stdout:/usr/bin/ceph: stderr
2024-09-19T06:40:27.209+0000 7fd334a6e640 1 -- 172.21.15.103:0/800488104 shutdown_connections
2024-09-19T06:40:27.770 INFO:teuthology.orchestra.run.smithi103.stdout:/usr/bin/ceph: stderr
