2024-09-19T06:46:03.699 INFO:teuthology.orchestra.run.smithi003.stdout:/usr/bin/ceph: stderr
2024-09-19T06:46:02.911+0000 7f225115e640 1 -- 172.21.15.3:0/1778054742 --> [v2:172.21.15.3:3300/0,v1:172.21.15.3:6789/0] -- mon_subscribe({osdmap=0}) -- 0x7f224c190540 con 0x7f224c106720
2024-09-19T06:46:03.699 INFO:teuthology.orchestra.run.smithi003.stdout:/usr/bin/ceph: stderr
2024-09-19T06:46:02.912+0000 7f2248d99640 1 -- 172.21.15.3:0/1778054742 <== mon.0 v2:172.21.15.3:3300/0 4 ==== mgrmap(e 7) ==== 46355+0+0 (secure 0 0 0) 0x7f223c045070 con 0x7f224c106720
2024-09-19T06:46:03.699 INFO:teuthology.orchestra.run.smithi003.stdout:/usr/bin/ceph: stderr
2024-09-19T06:46:02.912+0000 7f225115e640 1 -- 172.21.15.3:0/1778054742 --> [v2:172.21.15.3:3300/0,v1:172.21.15.3:6789/0] -- mon_command({"prefix": "get_command_descriptions"} v 0) -- 0x7f224c10ae00 con 0x7f224c106720
2024-09-19T06:46:03.700 INFO:teuthology.orchestra.run.smithi003.stdout:/usr/bin/ceph: stderr
2024-09-19T06:46:02.912+0000 7f2248d99640 1 --2- 172.21.15.3:0/1778054742 >> [v2:172.21.15.3:6800/1657330414,v1:172.21.15.3:6801/1657330414] conn(0x7f22380390a0 0x7f223803b560 unknown :-1 s=NONE pgs=0 cs=0 l=1 rev1=0 crypto rx=0 tx=0 comp rx=0 tx=0).connect
2024-09-19T06:46:03.700 INFO:teuthology.orchestra.run.smithi003.stdout:/usr/bin/ceph: stderr
2024-09-19T06:46:02.912+0000 7f2248d99640 1 -- 172.21.15.3:0/1778054742 <== mon.0 v2:172.21.15.3:3300/0 5 ==== osd_map(2..2 src has 1..2) ==== 940+0+0 (secure 0 0 0) 0x7f223c06c220 con 0x7f224c106720
2024-09-19T06:46:03.700 INFO:teuthology.orchestra.run.smithi003.stdout:/usr/bin/ceph: stderr
2024-09-19T06:46:02.912+0000 7f2243fff640 1 --2- 172.21.15.3:0/1778054742 >> [v2:172.21.15.3:6800/1657330414,v1:172.21.15.3:6801/1657330414] conn(0x7f22380390a0 0x7f223803b560 unknown :-1 s=BANNER_CONNECTING pgs=0 cs=0 l=1 rev1=0 crypto rx=0 tx=0 comp rx=0 tx=0)._handle_peer_banner_payload supported=3 required=0
2024-09-19T06:46:03.700 INFO:teuthology.orchestra.run.smithi003.stdout:/usr/bin/ceph: stderr
2024-09-19T06:46:02.913+0000 7f2243fff640 1 --2- 172.21.15.3:0/1778054742 >> [v2:172.21.15.3:6800/1657330414,v1:172.21.15.3:6801/1657330414] conn(0x7f22380390a0 0x7f223803b560 secure :-1 s=READY pgs=7 cs=0 l=1 rev1=1 crypto rx=0x7f22340098c0 tx=0x7f2234006db0 comp rx=0 tx=0).ready entity=mgr.14118 client_cookie=0 server_cookie=0 in_seq=0 out_seq=0
2024-09-19T06:46:03.700 INFO:teuthology.orchestra.run.smithi003.stdout:/usr/bin/ceph: stderr
2024-09-19T06:46:02.917+0000 7f2248d99640 1 -- 172.21.15.3:0/1778054742 <== mon.0 v2:172.21.15.3:3300/0 6 ==== mon_command_ack([{"prefix": "get_command_descriptions"}]=0 v0) ==== 72+0+188913 (secure 0 0 0) 0x7f223c03be10 con 0x7f224c106720
2024-09-19T06:46:03.700 INFO:teuthology.orchestra.run.smithi003.stdout:/usr/bin/ceph: stderr
2024-09-19T06:46:03.109+0000 7f225115e640 1 -- 172.21.15.3:0/1778054742 --> [v2:172.21.15.3:6800/1657330414,v1:172.21.15.3:6801/1657330414] -- mgr_command(tid 0: {"prefix": "orch set backend", "module_name": "cephadm", "target": ["mon-mgr", ""]}) -- 0x7f224c1953d0 con 0x7f22380390a0
2024-09-19T06:46:03.700 INFO:teuthology.orchestra.run.smithi003.stdout:/usr/bin/ceph: stderr
2024-09-19T06:46:03.115+0000 7f2248d99640 1 -- 172.21.15.3:0/1778054742 <== mgr.14118 v2:172.21.15.3:6800/1657330414 1 ==== mgr_command_reply(tid 0: 0 ) ==== 8+0+0 (secure 0 0 0) 0x7f224c1953d0 con 0x7f22380390a0
2024-09-19T06:46:03.700 INFO:teuthology.orchestra.run.smithi003.stdout:/usr/bin/ceph: stderr
2024-09-19T06:46:03.117+0000 7f225115e640 1 -- 172.21.15.3:0/1778054742 >> [v2:172.21.15.3:6800/1657330414,v1:172.21.15.3:6801/1657330414] conn(0x7f22380390a0 msgr2=0x7f223803b560 secure :-1 s=STATE_CONNECTION_ESTABLISHED l=1).mark_down
2024-09-19T06:46:03.700 INFO:teuthology.orchestra.run.smithi003.stdout:/usr/bin/ceph: stderr
2024-09-19T06:46:03.117+0000 7f225115e640 1 --2- 172.21.15.3:0/1778054742 >> [v2:172.21.15.3:6800/1657330414,v1:172.21.15.3:6801/1657330414] conn(0x7f22380390a0 0x7f223803b560 secure :-1 s=READY pgs=7 cs=0 l=1 rev1=1 crypto rx=0x7f22340098c0 tx=0x7f2234006db0 comp rx=0 tx=0).stop
2024-09-19T06:46:03.700 INFO:teuthology.orchestra.run.smithi003.stdout:/usr/bin/ceph: stderr
2024-09-19T06:46:03.117+0000 7f225115e640 1 -- 172.21.15.3:0/1778054742 >> [v2:172.21.15.3:3300/0,v1:172.21.15.3:6789/0] conn(0x7f224c106720 msgr2=0x7f224c1918d0 secure :-1 s=STATE_CONNECTION_ESTABLISHED l=1).mark_down
2024-09-19T06:46:03.700 INFO:teuthology.orchestra.run.smithi003.stdout:/usr/bin/ceph: stderr
2024-09-19T06:46:03.117+0000 7f225115e640 1 --2- 172.21.15.3:0/1778054742 >> [v2:172.21.15.3:3300/0,v1:172.21.15.3:6789/0] conn(0x7f224c106720 0x7f224c1918d0 secure :-1 s=READY pgs=36 cs=0 l=1 rev1=1 crypto rx=0x7f223c009940 tx=0x7f223c032d90 comp rx=0 tx=0).stop
2024-09-19T06:46:03.700 INFO:teuthology.orchestra.run.smithi003.stdout:/usr/bin/ceph: stderr
2024-09-19T06:46:03.117+0000 7f225115e640 1 -- 172.21.15.3:0/1778054742 shutdown_connections
2024-09-19T06:46:03.701 INFO:teuthology.orchestra.run.smithi003.stdout:/usr/bin/ceph: stderr
2024-09-19T06:46:03.117+0000 7f225115e640 1 --2- 172.21.15.3:0/1778054742 >> [v2:172.21.15.3:6800/1657330414,v1:172.21.15.3:6801/1657330414] conn(0x7f22380390a0 0x7f223803b560 unknown :-1 s=CLOSED pgs=7 cs=0 l=1 rev1=1 crypto rx=0 tx=0 comp rx=0 tx=0).stop
2024-09-19T06:46:03.701 INFO:teuthology.orchestra.run.smithi003.stdout:/usr/bin/ceph: stderr
2024-09-19T06:46:03.117+0000 7f225115e640 1 --2- 172.21.15.3:0/1778054742 >> [v2:172.21.15.3:3300/0,v1:172.21.15.3:6789/0] conn(0x7f224c106720 0x7f224c1918d0 unknown :-1 s=CLOSED pgs=36 cs=0 l=1 rev1=1 crypto rx=0 tx=0 comp rx=0 tx=0).stop
2024-09-19T06:46:03.701 INFO:teuthology.orchestra.run.smithi003.stdout:/usr/bin/ceph: stderr
2024-09-19T06:46:03.117+0000 7f225115e640 1 -- 172.21.15.3:0/1778054742 >> 172.21.15.3:0/1778054742 conn(0x7f224c101ef0 msgr2=0x7f224c102e10 unknown :-1 s=STATE_NONE l=0).mark_down
2024-09-19T06:46:03.701 INFO:teuthology.orchestra.run.smithi003.stdout:/usr/bin/ceph: stderr
2024-09-19T06:46:03.117+0000 7f225115e640 1 -- 172.21.15.3:0/1778054742 shutdown_connections
2024-09-19T06:46:03.701 INFO:teuthology.orchestra.run.smithi003.stdout:/usr/bin/ceph: stderr
2024-09-19T06:46:03.117+0000 7f225115e640 1 -- 172.21.15.3:0/1778054742 wait complete.
2024-09-19T06:46:04.871 INFO:journalctl@ceph.mon.a.smithi003.stdout:Sep 19 06:46:04 smithi003 ceph-mon[30953]: [19/Sep/2024:06:46:03] ENGINE Bus STARTING
2024-09-19T06:46:04.871 INFO:journalctl@ceph.mon.a.smithi003.stdout:Sep 19 06:46:04 smithi003 ceph-mon[30953]: from='client.14130 -' entity='client.admin' cmd=[{"prefix": "orch set backend", "module_name": "cephadm", "target": ["mon-mgr", ""]}]: dispatch
2024-09-19T06:46:04.871 INFO:journalctl@ceph.mon.a.smithi003.stdout:Sep 19 06:46:04 smithi003 ceph-mon[30953]: [19/Sep/2024:06:46:03] ENGINE Serving on https://172.21.15.3:7150
2024-09-19T06:46:04.871 INFO:journalctl@ceph.mon.a.smithi003.stdout:Sep 19 06:46:04 smithi003 ceph-mon[30953]: [19/Sep/2024:06:46:03] ENGINE Error in HTTPServer.serve
2024-09-19T06:46:04.871 INFO:journalctl@ceph.mon.a.smithi003.stdout: Traceback (most recent call last):
2024-09-19T06:46:04.871 INFO:journalctl@ceph.mon.a.smithi003.stdout: File "/lib/python3.9/site-packages/cheroot/server.py", line 1823, in serve
2024-09-19T06:46:04.871 INFO:journalctl@ceph.mon.a.smithi003.stdout: self._connections.run(self.expiration_interval)
2024-09-19T06:46:04.871 INFO:journalctl@ceph.mon.a.smithi003.stdout: File "/lib/python3.9/site-packages/cheroot/connections.py", line 203, in run
2024-09-19T06:46:04.871 INFO:journalctl@ceph.mon.a.smithi003.stdout: self._run(expiration_interval)
2024-09-19T06:46:04.872 INFO:journalctl@ceph.mon.a.smithi003.stdout: File "/lib/python3.9/site-packages/cheroot/connections.py", line 246, in _run
2024-09-19T06:46:04.872 INFO:journalctl@ceph.mon.a.smithi003.stdout: new_conn = self._from_server_socket(self.server.socket)
2024-09-19T06:46:04.872 INFO:journalctl@ceph.mon.a.smithi003.stdout: File "/lib/python3.9/site-packages/cheroot/connections.py", line 300, in _from_server_socket
2024-09-19T06:46:04.872 INFO:journalctl@ceph.mon.a.smithi003.stdout: s, ssl_env = self.server.ssl_adapter.wrap(s)
2024-09-19T06:46:04.872 INFO:journalctl@ceph.mon.a.smithi003.stdout: File "/lib/python3.9/site-packages/cheroot/ssl/builtin.py", line 277, in wrap
2024-09-19T06:46:04.872 INFO:journalctl@ceph.mon.a.smithi003.stdout: s = self.context.wrap_socket(
2024-09-19T06:46:04.872 INFO:journalctl@ceph.mon.a.smithi003.stdout: File "/lib64/python3.9/ssl.py", line 501, in wrap_socket
2024-09-19T06:46:04.872 INFO:journalctl@ceph.mon.a.smithi003.stdout: return self.sslsocket_class._create(
2024-09-19T06:46:04.872 INFO:journalctl@ceph.mon.a.smithi003.stdout: File "/lib64/python3.9/ssl.py", line 1074, in _create
2024-09-19T06:46:04.872 INFO:journalctl@ceph.mon.a.smithi003.stdout: self.do_handshake()
2024-09-19T06:46:04.872 INFO:journalctl@ceph.mon.a.smithi003.stdout: File "/lib64/python3.9/ssl.py", line 1343, in do_handshake
2024-09-19T06:46:04.872 INFO:journalctl@ceph.mon.a.smithi003.stdout: self._sslobj.do_handshake()
2024-09-19T06:46:04.872 INFO:journalctl@ceph.mon.a.smithi003.stdout: ssl.SSLZeroReturnError: TLS/SSL connection has been closed (EOF) (_ssl.c:1133)
2024-09-19T06:46:04.873 INFO:journalctl@ceph.mon.a.smithi003.stdout:Sep 19 06:46:04 smithi003 ceph-mon[30953]: [19/Sep/2024:06:46:03] ENGINE Serving on http://172.21.15.3:8765
2024-09-19T06:46:04.873 INFO:journalctl@ceph.mon.a.smithi003.stdout:Sep 19 06:46:04 smithi003 ceph-mon[30953]: [19/Sep/2024:06:46:03] ENGINE Bus STARTED
2024-09-19T06:46:04.873 INFO:journalctl@ceph.mon.a.smithi003.stdout:Sep 19 06:46:04 smithi003 ceph-mon[30953]: mgrmap e8: x(active, since 2s)
2024-09-19T06:46:04.878 INFO:teuthology.orchestra.run.smithi003.stdout:/usr/bin/ceph: stdout value unchanged
2024-09-19T06:46:04.878 INFO:teuthology.orchestra.run.smithi003.stdout:/usr/bin/ceph: stderr
2024-09-19T06:46:04.081+0000 7fcae5c14640 1 Processor -- start
2024-09-19T06:46:04.878 INFO:teuthology.orchestra.run.smithi003.stdout:/usr/bin/ceph: stderr
2024-09-19T06:46:04.081+0000 7fcae5c14640 1 -- start start
2024-09-19T06:46:04.879 INFO:teuthology.orchestra.run.smithi003.stdout:/usr/bin/ceph: stderr
2024-09-19T06:46:04.081+0000 7fcae5c14640 1 --2- >> [v2:172.21.15.3:3300/0,v1:172.21.15.3:6789/0] conn(0x7fcae0107780 0x7fcae0107b80 unknown :-1 s=NONE pgs=0 cs=0 l=0 rev1=0 crypto rx=0 tx=0 comp rx=0 tx=0).connect
2024-09-19T06:46:04.879 INFO:teuthology.orchestra.run.smithi003.stdout:/usr/bin/ceph: stderr
2024-09-19T06:46:04.081+0000 7fcae5c14640 1 -- --> [v2:172.21.15.3:3300/0,v1:172.21.15.3:6789/0] -- mon_getmap magic: 0 -- 0x7fcae0108150 con 0x7fcae0107780
2024-09-19T06:46:04.879 INFO:teuthology.orchestra.run.smithi003.stdout:/usr/bin/ceph: stderr
2024-09-19T06:46:04.081+0000 7fcadf7fe640 1 --2- >> [v2:172.21.15.3:3300/0,v1:172.21.15.3:6789/0] conn(0x7fcae0107780 0x7fcae0107b80 unknown :-1 s=BANNER_CONNECTING pgs=0 cs=0 l=0 rev1=0 crypto rx=0 tx=0 comp rx=0 tx=0)._handle_peer_banner_payload supported=3 required=0
2024-09-19T06:46:04.879 INFO:teuthology.orchestra.run.smithi003.stdout:/usr/bin/ceph: stderr
2024-09-19T06:46:04.081+0000 7fcadf7fe640 1 --2- >> [v2:172.21.15.3:3300/0,v1:172.21.15.3:6789/0] conn(0x7fcae0107780 0x7fcae0107b80 unknown :-1 s=HELLO_CONNECTING pgs=0 cs=0 l=0 rev1=1 crypto rx=0 tx=0 comp rx=0 tx=0).handle_hello peer v2:172.21.15.3:3300/0 says I am v2:172.21.15.3:49740/0 (socket says 172.21.15.3:49740)
2024-09-19T06:46:04.879 INFO:teuthology.orchestra.run.smithi003.stdout:/usr/bin/ceph: stderr
2024-09-19T06:46:04.081+0000 7fcadf7fe640 1 -- 172.21.15.3:0/3562938330 learned_addr learned my addr 172.21.15.3:0/3562938330 (peer_addr_for_me v2:172.21.15.3:0/0)
2024-09-19T06:46:04.879 INFO:teuthology.orchestra.run.smithi003.stdout:/usr/bin/ceph: stderr
2024-09-19T06:46:04.081+0000 7fcadf7fe640 1 -- 172.21.15.3:0/3562938330 --> [v2:172.21.15.3:3300/0,v1:172.21.15.3:6789/0] -- mon_subscribe({config=0+,monmap=0+}) -- 0x7fcae0108980 con 0x7fcae0107780
2024-09-19T06:46:04.879 INFO:teuthology.orchestra.run.smithi003.stdout:/usr/bin/ceph: stderr
2024-09-19T06:46:04.082+0000 7fcadf7fe640 1 --2- 172.21.15.3:0/3562938330 >> [v2:172.21.15.3:3300/0,v1:172.21.15.3:6789/0] conn(0x7fcae0107780 0x7fcae0107b80 secure :-1 s=READY pgs=37 cs=0 l=1 rev1=1 crypto rx=0x7fcad0009820 tx=0x7fcad002a270 comp rx=0 tx=0).ready entity=mon.0 client_cookie=d5fc69b605121c98 server_cookie=0 in_seq=0 out_seq=0
2024-09-19T06:46:04.879 INFO:teuthology.orchestra.run.smithi003.stdout:/usr/bin/ceph: stderr
2024-09-19T06:46:04.082+0000 7fcade7fc640 1 -- 172.21.15.3:0/3562938330 <== mon.0 v2:172.21.15.3:3300/0 1 ==== mon_map magic: 0 ==== 205+0+0 (secure 0 0 0) 0x7fcad0037070 con 0x7fcae0107780
2024-09-19T06:46:04.879 INFO:teuthology.orchestra.run.smithi003.stdout:/usr/bin/ceph: stderr
2024-09-19T06:46:04.082+0000 7fcade7fc640 1 -- 172.21.15.3:0/3562938330 <== mon.0 v2:172.21.15.3:3300/0 2 ==== config(28 keys) ==== 1140+0+0 (secure 0 0 0) 0x7fcad0032920 con 0x7fcae0107780
2024-09-19T06:46:04.879 INFO:teuthology.orchestra.run.smithi003.stdout:/usr/bin/ceph: stderr
2024-09-19T06:46:04.082+0000 7fcade7fc640 1 -- 172.21.15.3:0/3562938330 <== mon.0 v2:172.21.15.3:3300/0 3 ==== mon_map magic: 0 ==== 205+0+0 (secure 0 0 0) 0x7fcad0030950 con 0x7fcae0107780
2024-09-19T06:46:04.879 INFO:teuthology.orchestra.run.smithi003.stdout:/usr/bin/ceph: stderr
2024-09-19T06:46:04.083+0000 7fcae5c14640 1 -- 172.21.15.3:0/3562938330 >> [v2:172.21.15.3:3300/0,v1:172.21.15.3:6789/0] conn(0x7fcae0107780 msgr2=0x7fcae0107b80 secure :-1 s=STATE_CONNECTION_ESTABLISHED l=1).mark_down
2024-09-19T06:46:04.879 INFO:teuthology.orchestra.run.smithi003.stdout:/usr/bin/ceph: stderr
2024-09-19T06:46:04.083+0000 7fcae5c14640 1 --2- 172.21.15.3:0/3562938330 >> [v2:172.21.15.3:3300/0,v1:172.21.15.3:6789/0] conn(0x7fcae0107780 0x7fcae0107b80 secure :-1 s=READY pgs=37 cs=0 l=1 rev1=1 crypto rx=0x7fcad0009820 tx=0x7fcad002a270 comp rx=0 tx=0).stop
2024-09-19T06:46:04.879 INFO:teuthology.orchestra.run.smithi003.stdout:/usr/bin/ceph: stderr
2024-09-19T06:46:04.083+0000 7fcae5c14640 1 -- 172.21.15.3:0/3562938330 shutdown_connections
2024-09-19T06:46:04.880 INFO:teuthology.orchestra.run.smithi003.stdout:/usr/bin/ceph: stderr
2024-09-19T06:46:04.083+0000 7fcae5c14640 1 --2- 172.21.15.3:0/3562938330 >> [v2:172.21.15.3:3300/0,v1:172.21.15.3:6789/0] conn(0x7fcae0107780 0x7fcae0107b80 unknown :-1 s=CLOSED pgs=37 cs=0 l=1 rev1=1 crypto rx=0 tx=0 comp rx=0 tx=0).stop
2024-09-19T06:46:04.880 INFO:teuthology.orchestra.run.smithi003.stdout:/usr/bin/ceph: stderr
2024-09-19T06:46:04.083+0000 7fcae5c14640 1 -- 172.21.15.3:0/3562938330 >> 172.21.15.3:0/3562938330 conn(0x7fcae0102f90 msgr2=0x7fcae01053b0 unknown :-1 s=STATE_NONE l=0).mark_down
2024-09-19T06:46:04.880 INFO:teuthology.orchestra.run.smithi003.stdout:/usr/bin/ceph: stderr
2024-09-19T06:46:04.083+0000 7fcae5c14640 1 -- 172.21.15.3:0/3562938330 shutdown_connections
2024-09-19T06:46:04.880 INFO:teuthology.orchestra.run.smithi003.stdout:/usr/bin/ceph: stderr
2024-09-19T06:46:04.083+0000 7fcae5c14640 1 -- 172.21.15.3:0/3562938330 wait complete.
2024-09-19T06:46:04.880 INFO:teuthology.orchestra.run.smithi003.stdout:/usr/bin/ceph: stderr
2024-09-19T06:46:04.084+0000 7fcae5c14640 1 Processor -- start
2024-09-19T06:46:04.880 INFO:teuthology.orchestra.run.smithi003.stdout:/usr/bin/ceph: stderr
2024-09-19T06:46:04.084+0000 7fcae5c14640 1 -- start start
2024-09-19T06:46:04.880 INFO:teuthology.orchestra.run.smithi003.stdout:/usr/bin/ceph: stderr
2024-09-19T06:46:04.084+0000 7fcae5c14640 1 --2- >> [v2:172.21.15.3:3300/0,v1:172.21.15.3:6789/0] conn(0x7fcae0107780 0x7fcae007e3f0 unknown :-1 s=NONE pgs=0 cs=0 l=1 rev1=0 crypto rx=0 tx=0 comp rx=0 tx=0).connect
2024-09-19T06:46:04.880 INFO:teuthology.orchestra.run.smithi003.stdout:/usr/bin/ceph: stderr
2024-09-19T06:46:04.084+0000 7fcae5c14640 1 -- --> [v2:172.21.15.3:3300/0,v1:172.21.15.3:6789/0] -- mon_getmap magic: 0 -- 0x7fcae010bd30 con 0x7fcae0107780
2024-09-19T06:46:04.880 INFO:teuthology.orchestra.run.smithi003.stdout:/usr/bin/ceph: stderr
2024-09-19T06:46:04.084+0000 7fcadf7fe640 1 --2- >> [v2:172.21.15.3:3300/0,v1:172.21.15.3:6789/0] conn(0x7fcae0107780 0x7fcae007e3f0 unknown :-1 s=BANNER_CONNECTING pgs=0 cs=0 l=1 rev1=0 crypto rx=0 tx=0 comp rx=0 tx=0)._handle_peer_banner_payload supported=3 required=0
2024-09-19T06:46:04.880 INFO:teuthology.orchestra.run.smithi003.stdout:/usr/bin/ceph: stderr
2024-09-19T06:46:04.084+0000 7fcadf7fe640 1 --2- >> [v2:172.21.15.3:3300/0,v1:172.21.15.3:6789/0] conn(0x7fcae0107780 0x7fcae007e3f0 unknown :-1 s=HELLO_CONNECTING pgs=0 cs=0 l=1 rev1=1 crypto rx=0 tx=0 comp rx=0 tx=0).handle_hello peer v2:172.21.15.3:3300/0 says I am v2:172.21.15.3:49752/0 (socket says 172.21.15.3:49752)
2024-09-19T06:46:04.880 INFO:teuthology.orchestra.run.smithi003.stdout:/usr/bin/ceph: stderr
2024-09-19T06:46:04.084+0000 7fcadf7fe640 1 -- 172.21.15.3:0/3319421349 learned_addr learned my addr 172.21.15.3:0/3319421349 (peer_addr_for_me v2:172.21.15.3:0/0)
2024-09-19T06:46:04.880 INFO:teuthology.orchestra.run.smithi003.stdout:/usr/bin/ceph: stderr
2024-09-19T06:46:04.084+0000 7fcadf7fe640 1 -- 172.21.15.3:0/3319421349 --> [v2:172.21.15.3:3300/0,v1:172.21.15.3:6789/0] -- mon_subscribe({config=0+,monmap=0+}) -- 0x7fcae007e930 con 0x7fcae0107780
2024-09-19T06:46:04.880 INFO:teuthology.orchestra.run.smithi003.stdout:/usr/bin/ceph: stderr
2024-09-19T06:46:04.084+0000 7fcadf7fe640 1 --2- 172.21.15.3:0/3319421349 >> [v2:172.21.15.3:3300/0,v1:172.21.15.3:6789/0] conn(0x7fcae0107780 0x7fcae007e3f0 secure :-1 s=READY pgs=38 cs=0 l=1 rev1=1 crypto rx=0x7fcad00097f0 tx=0x7fcad0032d00 comp rx=0 tx=0).ready entity=mon.0 client_cookie=0 server_cookie=0 in_seq=0 out_seq=0
2024-09-19T06:46:04.880 INFO:teuthology.orchestra.run.smithi003.stdout:/usr/bin/ceph: stderr
2024-09-19T06:46:04.085+0000 7fcadcff9640 1 -- 172.21.15.3:0/3319421349 <== mon.0 v2:172.21.15.3:3300/0 1 ==== mon_map magic: 0 ==== 205+0+0 (secure 0 0 0) 0x7fcad0037040 con 0x7fcae0107780
2024-09-19T06:46:04.881 INFO:teuthology.orchestra.run.smithi003.stdout:/usr/bin/ceph: stderr
2024-09-19T06:46:04.085+0000 7fcadcff9640 1 -- 172.21.15.3:0/3319421349 <== mon.0 v2:172.21.15.3:3300/0 2 ==== config(28 keys) ==== 1140+0+0 (secure 0 0 0) 0x7fcad0040070 con 0x7fcae0107780
2024-09-19T06:46:04.881 INFO:teuthology.orchestra.run.smithi003.stdout:/usr/bin/ceph: stderr
2024-09-19T06:46:04.085+0000 7fcae5c14640 1 -- 172.21.15.3:0/3319421349 --> [v2:172.21.15.3:3300/0,v1:172.21.15.3:6789/0] -- mon_subscribe({mgrmap=0+}) -- 0x7fcae007cb20 con 0x7fcae0107780
2024-09-19T06:46:04.881 INFO:teuthology.orchestra.run.smithi003.stdout:/usr/bin/ceph: stderr
2024-09-19T06:46:04.085+0000 7fcadcff9640 1 -- 172.21.15.3:0/3319421349 <== mon.0 v2:172.21.15.3:3300/0 3 ==== mon_map magic: 0 ==== 205+0+0 (secure 0 0 0) 0x7fcad003a5a0 con 0x7fcae0107780
2024-09-19T06:46:04.881 INFO:teuthology.orchestra.run.smithi003.stdout:/usr/bin/ceph: stderr
2024-09-19T06:46:04.085+0000 7fcae5c14640 1 -- 172.21.15.3:0/3319421349 --> [v2:172.21.15.3:3300/0,v1:172.21.15.3:6789/0] -- mon_subscribe({osdmap=0}) -- 0x7fcae007d060 con 0x7fcae0107780
2024-09-19T06:46:04.881 INFO:teuthology.orchestra.run.smithi003.stdout:/usr/bin/ceph: stderr
2024-09-19T06:46:04.085+0000 7fcadcff9640 1 -- 172.21.15.3:0/3319421349 <== mon.0 v2:172.21.15.3:3300/0 4 ==== mgrmap(e 8) ==== 46461+0+0 (secure 0 0 0) 0x7fcad003a790 con 0x7fcae0107780
2024-09-19T06:46:04.881 INFO:teuthology.orchestra.run.smithi003.stdout:/usr/bin/ceph: stderr
2024-09-19T06:46:04.086+0000 7fcadcff9640 1 --2- 172.21.15.3:0/3319421349 >> [v2:172.21.15.3:6800/1657330414,v1:172.21.15.3:6801/1657330414] conn(0x7fcac8039200 0x7fcac803b6c0 unknown :-1 s=NONE pgs=0 cs=0 l=1 rev1=0 crypto rx=0 tx=0 comp rx=0 tx=0).connect
2024-09-19T06:46:04.881 INFO:teuthology.orchestra.run.smithi003.stdout:/usr/bin/ceph: stderr
2024-09-19T06:46:04.086+0000 7fcadcff9640 1 -- 172.21.15.3:0/3319421349 <== mon.0 v2:172.21.15.3:3300/0 5 ==== osd_map(2..2 src has 1..2) ==== 940+0+0 (secure 0 0 0) 0x7fcad006c700 con 0x7fcae0107780
2024-09-19T06:46:04.881 INFO:teuthology.orchestra.run.smithi003.stdout:/usr/bin/ceph: stderr
2024-09-19T06:46:04.086+0000 7fcadeffd640 1 --2- 172.21.15.3:0/3319421349 >> [v2:172.21.15.3:6800/1657330414,v1:172.21.15.3:6801/1657330414] conn(0x7fcac8039200 0x7fcac803b6c0 unknown :-1 s=BANNER_CONNECTING pgs=0 cs=0 l=1 rev1=0 crypto rx=0 tx=0 comp rx=0 tx=0)._handle_peer_banner_payload supported=3 required=0
2024-09-19T06:46:04.881 INFO:teuthology.orchestra.run.smithi003.stdout:/usr/bin/ceph: stderr
2024-09-19T06:46:04.086+0000 7fcae5c14640 1 -- 172.21.15.3:0/3319421349 --> [v2:172.21.15.3:3300/0,v1:172.21.15.3:6789/0] -- mon_command({"prefix": "get_command_descriptions"} v 0) -- 0x7fcae0107c00 con 0x7fcae0107780
2024-09-19T06:46:04.881 INFO:teuthology.orchestra.run.smithi003.stdout:/usr/bin/ceph: stderr
2024-09-19T06:46:04.086+0000 7fcadeffd640 1 --2- 172.21.15.3:0/3319421349 >> [v2:172.21.15.3:6800/1657330414,v1:172.21.15.3:6801/1657330414] conn(0x7fcac8039200 0x7fcac803b6c0 secure :-1 s=READY pgs=8 cs=0 l=1 rev1=1 crypto rx=0x7fcad40098c0 tx=0x7fcad4006db0 comp rx=0 tx=0).ready entity=mgr.14118 client_cookie=0 server_cookie=0 in_seq=0 out_seq=0
2024-09-19T06:46:04.881 INFO:teuthology.orchestra.run.smithi003.stdout:/usr/bin/ceph: stderr
2024-09-19T06:46:04.091+0000 7fcadcff9640 1 -- 172.21.15.3:0/3319421349 <== mon.0 v2:172.21.15.3:3300/0 6 ==== mon_command_ack([{"prefix": "get_command_descriptions"}]=0 v0) ==== 72+0+188913 (secure 0 0 0) 0x7fcad0041270 con 0x7fcae0107780
2024-09-19T06:46:04.881 INFO:teuthology.orchestra.run.smithi003.stdout:/usr/bin/ceph: stderr
2024-09-19T06:46:04.270+0000 7fcae5c14640 1 -- 172.21.15.3:0/3319421349 --> [v2:172.21.15.3:6800/1657330414,v1:172.21.15.3:6801/1657330414] -- mgr_command(tid 0: {"prefix": "cephadm set-user", "user": "root", "target": ["mon-mgr", ""]}) -- 0x7fcae0195200 con 0x7fcac8039200
2024-09-19T06:46:04.881 INFO:teuthology.orchestra.run.smithi003.stdout:/usr/bin/ceph: stderr
2024-09-19T06:46:04.270+0000 7fcadcff9640 1 -- 172.21.15.3:0/3319421349 <== mgr.14118 v2:172.21.15.3:6800/1657330414 1 ==== mgr_command_reply(tid 0: 0 ) ==== 8+0+16 (secure 0 0 0) 0x7fcae0195200 con 0x7fcac8039200
2024-09-19T06:46:04.882 INFO:teuthology.orchestra.run.smithi003.stdout:/usr/bin/ceph: stderr
2024-09-19T06:46:04.273+0000 7fcae5c14640 1 -- 172.21.15.3:0/3319421349 >> [v2:172.21.15.3:6800/1657330414,v1:172.21.15.3:6801/1657330414] conn(0x7fcac8039200 msgr2=0x7fcac803b6c0 secure :-1 s=STATE_CONNECTION_ESTABLISHED l=1).mark_down
2024-09-19T06:46:04.882 INFO:teuthology.orchestra.run.smithi003.stdout:/usr/bin/ceph: stderr
2024-09-19T06:46:04.273+0000 7fcae5c14640 1 --2- 172.21.15.3:0/3319421349 >> [v2:172.21.15.3:6800/1657330414,v1:172.21.15.3:6801/1657330414] conn(0x7fcac8039200 0x7fcac803b6c0 secure :-1 s=READY pgs=8 cs=0 l=1 rev1=1 crypto rx=0x7fcad40098c0 tx=0x7fcad4006db0 comp rx=0 tx=0).stop
2024-09-19T06:46:04.882 INFO:teuthology.orchestra.run.smithi003.stdout:/usr/bin/ceph: stderr
2024-09-19T06:46:04.273+0000 7fcae5c14640 1 -- 172.21.15.3:0/3319421349 >> [v2:172.21.15.3:3300/0,v1:172.21.15.3:6789/0] conn(0x7fcae0107780 msgr2=0x7fcae007e3f0 secure :-1 s=STATE_CONNECTION_ESTABLISHED l=1).mark_down
2024-09-19T06:46:04.882 INFO:teuthology.orchestra.run.smithi003.stdout:/usr/bin/ceph: stderr
2024-09-19T06:46:04.273+0000 7fcae5c14640 1 --2- 172.21.15.3:0/3319421349 >> [v2:172.21.15.3:3300/0,v1:172.21.15.3:6789/0] conn(0x7fcae0107780 0x7fcae007e3f0 secure :-1 s=READY pgs=38 cs=0 l=1 rev1=1 crypto rx=0x7fcad00097f0 tx=0x7fcad0032d00 comp rx=0 tx=0).stop
2024-09-19T06:46:04.882 INFO:teuthology.orchestra.run.smithi003.stdout:/usr/bin/ceph: stderr
2024-09-19T06:46:04.273+0000 7fcae5c14640 1 -- 172.21.15.3:0/3319421349 shutdown_connections
2024-09-19T06:46:04.882 INFO:teuthology.orchestra.run.smithi003.stdout:/usr/bin/ceph: stderr
2024-09-19T06:46:04.273+0000 7fcae5c14640 1 --2- 172.21.15.3:0/3319421349 >> [v2:172.21.15.3:6800/1657330414,v1:172.21.15.3:6801/1657330414] conn(0x7fcac8039200 0x7fcac803b6c0 unknown :-1 s=CLOSED pgs=8 cs=0 l=1 rev1=1 crypto rx=0 tx=0 comp rx=0 tx=0).stop
2024-09-19T06:46:04.882 INFO:teuthology.orchestra.run.smithi003.stdout:/usr/bin/ceph: stderr
2024-09-19T06:46:04.273+0000 7fcae5c14640 1 --2- 172.21.15.3:0/3319421349 >> [v2:172.21.15.3:3300/0,v1:172.21.15.3:6789/0] conn(0x7fcae0107780 0x7fcae007e3f0 unknown :-1 s=CLOSED pgs=38 cs=0 l=1 rev1=1 crypto rx=0 tx=0 comp rx=0 tx=0).stop
2024-09-19T06:46:04.882 INFO:teuthology.orchestra.run.smithi003.stdout:/usr/bin/ceph: stderr
2024-09-19T06:46:04.273+0000 7fcae5c14640 1 -- 172.21.15.3:0/3319421349 >> 172.21.15.3:0/3319421349 conn(0x7fcae0102f90 msgr2=0x7fcae0103d20 unknown :-1 s=STATE_NONE l=0).mark_down
2024-09-19T06:46:04.882 INFO:teuthology.orchestra.run.smithi003.stdout:/usr/bin/ceph: stderr
2024-09-19T06:46:04.273+0000 7fcae5c14640 1 -- 172.21.15.3:0/3319421349 shutdown_connections
2024-09-19T06:46:04.882 INFO:teuthology.orchestra.run.smithi003.stdout:/usr/bin/ceph: stderr
2024-09-19T06:46:04.274+0000 7fcae5c14640 1 -- 172.21.15.3:0/3319421349 wait complete.
2024-09-19T06:46:04.882 INFO:teuthology.orchestra.run.smithi003.stdout:Generating ssh key...
2024-09-19T06:46:05.797 INFO:journalctl@ceph.mon.a.smithi003.stdout:Sep 19 06:46:05 smithi003 ceph-mon[30953]: from='client.14132 -' entity='client.admin' cmd=[{"prefix": "cephadm set-user", "user": "root", "target": ["mon-mgr", ""]}]: dispatch
2024-09-19T06:46:06.427 INFO:journalctl@ceph.mgr.x.smithi003.stdout:Sep 19 06:46:06 smithi003 ceph-99dcbc68-7652-11ef-bceb-c7b262605968-mgr-x[31183]: Generating public/private rsa key pair.
2024-09-19T06:46:06.427 INFO:journalctl@ceph.mgr.x.smithi003.stdout:Sep 19 06:46:06 smithi003 ceph-99dcbc68-7652-11ef-bceb-c7b262605968-mgr-x[31183]: Your identification has been saved in /tmp/tmp6ox1wf5e/key
2024-09-19T06:46:06.427 INFO:journalctl@ceph.mgr.x.smithi003.stdout:Sep 19 06:46:06 smithi003 ceph-99dcbc68-7652-11ef-bceb-c7b262605968-mgr-x[31183]: Your public key has been saved in /tmp/tmp6ox1wf5e/key.pub
2024-09-19T06:46:06.427 INFO:journalctl@ceph.mgr.x.smithi003.stdout:Sep 19 06:46:06 smithi003 ceph-99dcbc68-7652-11ef-bceb-c7b262605968-mgr-x[31183]: The key fingerprint is:
2024-09-19T06:46:06.428 INFO:journalctl@ceph.mgr.x.smithi003.stdout:Sep 19 06:46:06 smithi003 ceph-99dcbc68-7652-11ef-bceb-c7b262605968-mgr-x[31183]: SHA256:N/g/Kr/4prIHFzckeJbCtX1Mh/ynF1KtF9t/C+nUYvE ceph-99dcbc68-7652-11ef-bceb-c7b262605968
2024-09-19T06:46:06.428 INFO:journalctl@ceph.mgr.x.smithi003.stdout:Sep 19 06:46:06 smithi003 ceph-99dcbc68-7652-11ef-bceb-c7b262605968-mgr-x[31183]: The key's randomart image is:
2024-09-19T06:46:06.428 INFO:journalctl@ceph.mgr.x.smithi003.stdout:Sep 19 06:46:06 smithi003 ceph-99dcbc68-7652-11ef-bceb-c7b262605968-mgr-x[31183]: +---[RSA 3072]----+
2024-09-19T06:46:06.428 INFO:journalctl@ceph.mgr.x.smithi003.stdout:Sep 19 06:46:06 smithi003 ceph-99dcbc68-7652-11ef-bceb-c7b262605968-mgr-x[31183]: | . o.. .... .|
2024-09-19T06:46:06.428 INFO:journalctl@ceph.mgr.x.smithi003.stdout:Sep 19 06:46:06 smithi003 ceph-99dcbc68-7652-11ef-bceb-c7b262605968-mgr-x[31183]: | + =o.oo. o.|
2024-09-19T06:46:06.428 INFO:journalctl@ceph.mgr.x.smithi003.stdout:Sep 19 06:46:06 smithi003 ceph-99dcbc68-7652-11ef-bceb-c7b262605968-mgr-x[31183]: | +.o. o...+|
2024-09-19T06:46:06.428 INFO:journalctl@ceph.mgr.x.smithi003.stdout:Sep 19 06:46:06 smithi003 ceph-99dcbc68-7652-11ef-bceb-c7b262605968-mgr-x[31183]: | ..o. ooo+|
2024-09-19T06:46:06.428 INFO:journalctl@ceph.mgr.x.smithi003.stdout:Sep 19 06:46:06 smithi003 ceph-99dcbc68-7652-11ef-bceb-c7b262605968-mgr-x[31183]: | Soo. *+o|
2024-09-19T06:46:06.428 INFO:journalctl@ceph.mgr.x.smithi003.stdout:Sep 19 06:46:06 smithi003 ceph-99dcbc68-7652-11ef-bceb-c7b262605968-mgr-x[31183]: | . .o . *.E+|
2024-09-19T06:46:06.428 INFO:journalctl@ceph.mgr.x.smithi003.stdout:Sep 19 06:46:06 smithi003 ceph-99dcbc68-7652-11ef-bceb-c7b262605968-mgr-x[31183]: | o . + o.o|
2024-09-19T06:46:06.428 INFO:journalctl@ceph.mgr.x.smithi003.stdout:Sep 19 06:46:06 smithi003 ceph-99dcbc68-7652-11ef-bceb-c7b262605968-mgr-x[31183]: | . o..... . |
2024-09-19T06:46:06.428 INFO:journalctl@ceph.mgr.x.smithi003.stdout:Sep 19 06:46:06 smithi003 ceph-99dcbc68-7652-11ef-bceb-c7b262605968-mgr-x[31183]: | .+o*=o.. |
2024-09-19T06:46:06.428 INFO:journalctl@ceph.mgr.x.smithi003.stdout:Sep 19 06:46:06 smithi003 ceph-99dcbc68-7652-11ef-bceb-c7b262605968-mgr-x[31183]: +----[SHA256]-----+
2024-09-19T06:46:06.719 INFO:journalctl@ceph.mon.a.smithi003.stdout:Sep 19 06:46:06 smithi003 ceph-mon[30953]: from='client.14134 -' entity='client.admin' cmd=[{"prefix": "cephadm generate-key", "target": ["mon-mgr", ""]}]: dispatch
2024-09-19T06:46:06.719 INFO:journalctl@ceph.mon.a.smithi003.stdout:Sep 19 06:46:06 smithi003 ceph-mon[30953]: Generating ssh key...
2024-09-19T06:46:06.719 INFO:journalctl@ceph.mon.a.smithi003.stdout:Sep 19 06:46:06 smithi003 ceph-mon[30953]: from='mgr.14118 172.21.15.3:0/4274467824' entity='mgr.x'
2024-09-19T06:46:06.719 INFO:journalctl@ceph.mon.a.smithi003.stdout:Sep 19 06:46:06 smithi003 ceph-mon[30953]: from='mgr.14118 172.21.15.3:0/4274467824' entity='mgr.x'
2024-09-19T06:46:06.726 INFO:teuthology.orchestra.run.smithi003.stdout:/usr/bin/ceph: stderr
2024-09-19T06:46:05.276+0000 7f2a4f5aa640 1 Processor -- start
2024-09-19T06:46:06.726 INFO:teuthology.orchestra.run.smithi003.stdout:/usr/bin/ceph: stderr
2024-09-19T06:46:05.276+0000 7f2a4f5aa640 1 -- start start
2024-09-19T06:46:06.726 INFO:teuthology.orchestra.run.smithi003.stdout:/usr/bin/ceph: stderr
2024-09-19T06:46:05.276+0000 7f2a4f5aa640 1 --2- >> [v2:172.21.15.3:3300/0,v1:172.21.15.3:6789/0] conn(0x7f2a481077f0 0x7f2a48107bf0 unknown :-1 s=NONE pgs=0 cs=0 l=0 rev1=0 crypto rx=0 tx=0 comp rx=0 tx=0).connect
2024-09-19T06:46:06.726 INFO:teuthology.orchestra.run.smithi003.stdout:/usr/bin/ceph: stderr
2024-09-19T06:46:05.276+0000 7f2a4f5aa640 1 -- --> [v2:172.21.15.3:3300/0,v1:172.21.15.3:6789/0] -- mon_getmap magic: 0 -- 0x7f2a481081c0 con 0x7f2a481077f0
2024-09-19T06:46:06.726 INFO:teuthology.orchestra.run.smithi003.stdout:/usr/bin/ceph: stderr
2024-09-19T06:46:05.276+0000 7f2a4d346640 1 --2- >> [v2:172.21.15.3:3300/0,v1:172.21.15.3:6789/0] conn(0x7f2a481077f0 0x7f2a48107bf0 unknown :-1 s=BANNER_CONNECTING pgs=0 cs=0 l=0 rev1=0 crypto rx=0 tx=0 comp rx=0 tx=0)._handle_peer_banner_payload supported=3 required=0
2024-09-19T06:46:06.726 INFO:teuthology.orchestra.run.smithi003.stdout:/usr/bin/ceph: stderr
2024-09-19T06:46:05.276+0000 7f2a4d346640 1 --2- >> [v2:172.21.15.3:3300/0,v1:172.21.15.3:6789/0] conn(0x7f2a481077f0 0x7f2a48107bf0 unknown :-1 s=HELLO_CONNECTING pgs=0 cs=0 l=0 rev1=1 crypto rx=0 tx=0 comp rx=0 tx=0).handle_hello peer v2:172.21.15.3:3300/0 says I am v2:172.21.15.3:51116/0 (socket says 172.21.15.3:51116)
2024-09-19T06:46:06.726 INFO:teuthology.orchestra.run.smithi003.stdout:/usr/bin/ceph: stderr
2024-09-19T06:46:05.276+0000 7f2a4d346640 1 -- 172.21.15.3:0/129665241 learned_addr learned my addr 172.21.15.3:0/129665241 (peer_addr_for_me v2:172.21.15.3:0/0)
2024-09-19T06:46:06.726 INFO:teuthology.orchestra.run.smithi003.stdout:/usr/bin/ceph: stderr
2024-09-19T06:46:05.276+0000 7f2a4d346640 1 -- 172.21.15.3:0/129665241 --> [v2:172.21.15.3:3300/0,v1:172.21.15.3:6789/0] -- mon_subscribe({config=0+,monmap=0+}) -- 0x7f2a481089f0 con 0x7f2a481077f0
2024-09-19T06:46:06.726 INFO:teuthology.orchestra.run.smithi003.stdout:/usr/bin/ceph: stderr
2024-09-19T06:46:05.277+0000 7f2a4d346640 1 --2- 172.21.15.3:0/129665241 >> [v2:172.21.15.3:3300/0,v1:172.21.15.3:6789/0] conn(0x7f2a481077f0 0x7f2a48107bf0 secure :-1 s=READY pgs=39 cs=0 l=1 rev1=1 crypto rx=0x7f2a44009820 tx=0x7f2a4402a270 comp rx=0 tx=0).ready entity=mon.0 client_cookie=f3ea09f4c4c30c27 server_cookie=0 in_seq=0 out_seq=0
2024-09-19T06:46:06.727 INFO:teuthology.orchestra.run.smithi003.stdout:/usr/bin/ceph: stderr
2024-09-19T06:46:05.277+0000 7f2a3bfff640 1 -- 172.21.15.3:0/129665241 <== mon.0 v2:172.21.15.3:3300/0 1 ==== mon_map magic: 0 ==== 205+0+0 (secure 0 0 0) 0x7f2a44037070 con 0x7f2a481077f0
2024-09-19T06:46:06.727 INFO:teuthology.orchestra.run.smithi003.stdout:/usr/bin/ceph: stderr
2024-09-19T06:46:05.277+0000 7f2a3bfff640 1 -- 172.21.15.3:0/129665241 <== mon.0 v2:172.21.15.3:3300/0 2 ==== config(28 keys) ==== 1140+0+0 (secure 0 0 0) 0x7f2a44032920 con 0x7f2a481077f0
2024-09-19T06:46:06.727 INFO:teuthology.orchestra.run.smithi003.stdout:/usr/bin/ceph: stderr
2024-09-19T06:46:05.277+0000 7f2a3bfff640 1 -- 172.21.15.3:0/129665241 <== mon.0 v2:172.21.15.3:3300/0 3 ==== mon_map magic: 0 ==== 205+0+0 (secure 0 0 0) 0x7f2a44030950 con 0x7f2a481077f0
2024-09-19T06:46:06.727 INFO:teuthology.orchestra.run.smithi003.stdout:/usr/bin/ceph: stderr
2024-09-19T06:46:05.278+0000 7f2a4f5aa640 1 -- 172.21.15.3:0/129665241 >> [v2:172.21.15.3:3300/0,v1:172.21.15.3:6789/0] conn(0x7f2a481077f0 msgr2=0x7f2a48107bf0 secure :-1 s=STATE_CONNECTION_ESTABLISHED l=1).mark_down
2024-09-19T06:46:06.727 INFO:teuthology.orchestra.run.smithi003.stdout:/usr/bin/ceph: stderr
2024-09-19T06:46:05.278+0000 7f2a4f5aa640 1 --2- 172.21.15.3:0/129665241 >> [v2:172.21.15.3:3300/0,v1:172.21.15.3:6789/0] conn(0x7f2a481077f0 0x7f2a48107bf0 secure :-1 s=READY pgs=39 cs=0 l=1 rev1=1 crypto rx=0x7f2a44009820 tx=0x7f2a4402a270 comp rx=0 tx=0).stop
2024-09-19T06:46:06.727 INFO:teuthology.orchestra.run.smithi003.stdout:/usr/bin/ceph: stderr
2024-09-19T06:46:05.278+0000 7f2a4f5aa640 1 -- 172.21.15.3:0/129665241 shutdown_connections
2024-09-19T06:46:06.727 INFO:teuthology.orchestra.run.smithi003.stdout:/usr/bin/ceph: stderr
2024-09-19T06:46:05.278+0000 7f2a4f5aa640 1 --2- 172.21.15.3:0/129665241 >> [v2:172.21.15.3:3300/0,v1:172.21.15.3:6789/0] conn(0x7f2a481077f0 0x7f2a48107bf0 unknown :-1 s=CLOSED pgs=39 cs=0 l=1 rev1=1 crypto rx=0 tx=0 comp rx=0 tx=0).stop
2024-09-19T06:46:06.727 INFO:teuthology.orchestra.run.smithi003.stdout:/usr/bin/ceph: stderr
2024-09-19T06:46:05.278+0000 7f2a4f5aa640 1 -- 172.21.15.3:0/129665241 >> 172.21.15.3:0/129665241 conn(0x7f2a48102fe0 msgr2=0x7f2a48105400 unknown :-1 s=STATE_NONE l=0).mark_down
2024-09-19T06:46:06.727 INFO:teuthology.orchestra.run.smithi003.stdout:/usr/bin/ceph: stderr
2024-09-19T06:46:05.278+0000 7f2a4f5aa640 1 -- 172.21.15.3:0/129665241 shutdown_connections
2024-09-19T06:46:06.727 INFO:teuthology.orchestra.run.smithi003.stdout:/usr/bin/ceph: stderr
2024-09-19T06:46:05.278+0000 7f2a4f5aa640 1 -- 172.21.15.3:0/129665241 wait complete.
2024-09-19T06:46:06.727 INFO:teuthology.orchestra.run.smithi003.stdout:/usr/bin/ceph: stderr
2024-09-19T06:46:05.279+0000 7f2a4f5aa640 1 Processor -- start
2024-09-19T06:46:06.727 INFO:teuthology.orchestra.run.smithi003.stdout:/usr/bin/ceph: stderr
2024-09-19T06:46:05.279+0000 7f2a4f5aa640 1 -- start start
2024-09-19T06:46:06.727 INFO:teuthology.orchestra.run.smithi003.stdout:/usr/bin/ceph: stderr
2024-09-19T06:46:05.279+0000 7f2a4f5aa640 1 --2- >> [v2:172.21.15.3:3300/0,v1:172.21.15.3:6789/0] conn(0x7f2a481077f0 0x7f2a4819bb10 unknown :-1 s=NONE pgs=0 cs=0 l=1 rev1=0 crypto rx=0 tx=0 comp rx=0 tx=0).connect
2024-09-19T06:46:06.727 INFO:teuthology.orchestra.run.smithi003.stdout:/usr/bin/ceph: stderr
2024-09-19T06:46:05.279+0000 7f2a4f5aa640 1 -- --> [v2:172.21.15.3:3300/0,v1:172.21.15.3:6789/0] -- mon_getmap magic: 0 -- 0x7f2a4810bda0 con 0x7f2a481077f0
2024-09-19T06:46:06.727 INFO:teuthology.orchestra.run.smithi003.stdout:/usr/bin/ceph: stderr
2024-09-19T06:46:05.279+0000 7f2a4d346640 1 --2- >> [v2:172.21.15.3:3300/0,v1:172.21.15.3:6789/0] conn(0x7f2a481077f0 0x7f2a4819bb10 unknown :-1 s=BANNER_CONNECTING pgs=0 cs=0 l=1 rev1=0 crypto rx=0 tx=0 comp rx=0 tx=0)._handle_peer_banner_payload supported=3 required=0
2024-09-19T06:46:06.728 INFO:teuthology.orchestra.run.smithi003.stdout:/usr/bin/ceph: stderr
2024-09-19T06:46:05.279+0000 7f2a4d346640 1 --2- >> [v2:172.21.15.3:3300/0,v1:172.21.15.3:6789/0] conn(0x7f2a481077f0 0x7f2a4819bb10 unknown :-1 s=HELLO_CONNECTING pgs=0 cs=0 l=1 rev1=1 crypto rx=0 tx=0 comp rx=0 tx=0).handle_hello peer v2:172.21.15.3:3300/0 says I am v2:172.21.15.3:51126/0 (socket says 172.21.15.3:51126)
2024-09-19T06:46:06.728 INFO:teuthology.orchestra.run.smithi003.stdout:/usr/bin/ceph: stderr
2024-09-19T06:46:05.279+0000 7f2a4d346640 1 -- 172.21.15.3:0/1950518098 learned_addr learned my addr 172.21.15.3:0/1950518098 (peer_addr_for_me v2:172.21.15.3:0/0)
2024-09-19T06:46:06.728 INFO:teuthology.orchestra.run.smithi003.stdout:/usr/bin/ceph: stderr
2024-09-19T06:46:05.279+0000 7f2a4d346640 1 -- 172.21.15.3:0/1950518098 --> [v2:172.21.15.3:3300/0,v1:172.21.15.3:6789/0] -- mon_subscribe({config=0+,monmap=0+}) -- 0x7f2a4819c050 con 0x7f2a481077f0
2024-09-19T06:46:06.728 INFO:teuthology.orchestra.run.smithi003.stdout:/usr/bin/ceph: stderr
2024-09-19T06:46:05.279+0000 7f2a4d346640 1 --2- 172.21.15.3:0/1950518098 >> [v2:172.21.15.3:3300/0,v1:172.21.15.3:6789/0] conn(0x7f2a481077f0 0x7f2a4819bb10 secure :-1 s=READY pgs=40 cs=0 l=1 rev1=1 crypto rx=0x7f2a44009940 tx=0x7f2a44032d90 comp rx=0 tx=0).ready entity=mon.0 client_cookie=0 server_cookie=0 in_seq=0 out_seq=0
2024-09-19T06:46:06.728 INFO:teuthology.orchestra.run.smithi003.stdout:/usr/bin/ceph: stderr
2024-09-19T06:46:05.280+0000 7f2a3a7fc640 1 -- 172.21.15.3:0/1950518098 <== mon.0 v2:172.21.15.3:3300/0 1 ==== mon_map magic: 0 ==== 205+0+0 (secure 0 0 0) 0x7f2a44042070 con 0x7f2a481077f0
2024-09-19T06:46:06.728 INFO:teuthology.orchestra.run.smithi003.stdout:/usr/bin/ceph: stderr
2024-09-19T06:46:05.280+0000 7f2a3a7fc640 1 -- 172.21.15.3:0/1950518098 <== mon.0 v2:172.21.15.3:3300/0 2 ==== config(28 keys) ==== 1140+0+0 (secure 0 0 0) 0x7f2a44032570 con 0x7f2a481077f0
2024-09-19T06:46:06.728 INFO:teuthology.orchestra.run.smithi003.stdout:/usr/bin/ceph: stderr
2024-09-19T06:46:05.280+0000 7f2a4f5aa640 1 -- 172.21.15.3:0/1950518098 --> [v2:172.21.15.3:3300/0,v1:172.21.15.3:6789/0] -- mon_subscribe({mgrmap=0+}) -- 0x7f2a4819c2e0 con 0x7f2a481077f0
2024-09-19T06:46:06.728 INFO:teuthology.orchestra.run.smithi003.stdout:/usr/bin/ceph: stderr
2024-09-19T06:46:05.280+0000 7f2a3a7fc640 1 -- 172.21.15.3:0/1950518098 <== mon.0 v2:172.21.15.3:3300/0 3 ==== mon_map magic: 0 ==== 205+0+0 (secure 0 0 0) 0x7f2a44037040 con 0x7f2a481077f0
2024-09-19T06:46:06.728 INFO:teuthology.orchestra.run.smithi003.stdout:/usr/bin/ceph: stderr
2024-09-19T06:46:05.280+0000 7f2a4f5aa640 1 -- 172.21.15.3:0/1950518098 --> [v2:172.21.15.3:3300/0,v1:172.21.15.3:6789/0] -- mon_subscribe({osdmap=0}) -- 0x7f2a4819efd0 con 0x7f2a481077f0
2024-09-19T06:46:06.728 INFO:teuthology.orchestra.run.smithi003.stdout:/usr/bin/ceph: stderr
2024-09-19T06:46:05.281+0000 7f2a3a7fc640 1 -- 172.21.15.3:0/1950518098 <== mon.0 v2:172.21.15.3:3300/0 4 ==== mgrmap(e 8) ==== 46461+0+0 (secure 0 0 0) 0x7f2a44045070 con 0x7f2a481077f0
2024-09-19T06:46:06.728 INFO:teuthology.orchestra.run.smithi003.stdout:/usr/bin/ceph: stderr
2024-09-19T06:46:05.281+0000 7f2a4f5aa640 1 -- 172.21.15.3:0/1950518098 --> [v2:172.21.15.3:3300/0,v1:172.21.15.3:6789/0] -- mon_command({"prefix": "get_command_descriptions"} v 0) -- 0x7f2a4810bf20 con 0x7f2a481077f0
2024-09-19T06:46:06.728 INFO:teuthology.orchestra.run.smithi003.stdout:/usr/bin/ceph: stderr
2024-09-19T06:46:05.281+0000 7f2a3a7fc640 1 --2- 172.21.15.3:0/1950518098 >> [v2:172.21.15.3:6800/1657330414,v1:172.21.15.3:6801/1657330414] conn(0x7f2a34039200 0x7f2a3403b6c0 unknown :-1 s=NONE pgs=0 cs=0 l=1 rev1=0 crypto rx=0 tx=0 comp rx=0 tx=0).connect
2024-09-19T06:46:06.728 INFO:teuthology.orchestra.run.smithi003.stdout:/usr/bin/ceph: stderr
2024-09-19T06:46:05.281+0000 7f2a3a7fc640 1 -- 172.21.15.3:0/1950518098 <== mon.0 v2:172.21.15.3:3300/0 5 ==== osd_map(2..2 src has 1..2) ==== 940+0+0 (secure 0 0 0) 0x7f2a4406c360 con 0x7f2a481077f0
2024-09-19T06:46:06.729 INFO:teuthology.orchestra.run.smithi003.stdout:/usr/bin/ceph: stderr
2024-09-19T06:46:05.281+0000 7f2a4cb45640 1 --2- 172.21.15.3:0/1950518098 >> [v2:172.21.15.3:6800/1657330414,v1:172.21.15.3:6801/1657330414] conn(0x7f2a34039200 0x7f2a3403b6c0 unknown :-1 s=BANNER_CONNECTING pgs=0 cs=0 l=1 rev1=0 crypto rx=0 tx=0 comp rx=0 tx=0)._handle_peer_banner_payload supported=3 required=0
2024-09-19T06:46:06.729 INFO:teuthology.orchestra.run.smithi003.stdout:/usr/bin/ceph: stderr
2024-09-19T06:46:05.282+0000 7f2a4cb45640 1 --2- 172.21.15.3:0/1950518098 >> [v2:172.21.15.3:6800/1657330414,v1:172.21.15.3:6801/1657330414] conn(0x7f2a34039200 0x7f2a3403b6c0 secure :-1 s=READY pgs=9 cs=0 l=1 rev1=1 crypto rx=0x7f2a3c0098c0 tx=0x7f2a3c006db0 comp rx=0 tx=0).ready entity=mgr.14118 client_cookie=0 server_cookie=0 in_seq=0 out_seq=0
2024-09-19T06:46:06.729 INFO:teuthology.orchestra.run.smithi003.stdout:/usr/bin/ceph: stderr
2024-09-19T06:46:05.286+0000 7f2a3a7fc640 1 -- 172.21.15.3:0/1950518098 <== mon.0 v2:172.21.15.3:3300/0 6 ==== mon_command_ack([{"prefix": "get_command_descriptions"}]=0 v0) ==== 72+0+188913 (secure 0 0 0) 0x7f2a44045360 con 0x7f2a481077f0
2024-09-19T06:46:06.729 INFO:teuthology.orchestra.run.smithi003.stdout:/usr/bin/ceph: stderr
2024-09-19T06:46:05.462+0000 7f2a4f5aa640 1 -- 172.21.15.3:0/1950518098 --> [v2:172.21.15.3:6800/1657330414,v1:172.21.15.3:6801/1657330414] -- mgr_command(tid 0: {"prefix": "cephadm generate-key", "target": ["mon-mgr", ""]}) -- 0x7f2a48062630 con 0x7f2a34039200
2024-09-19T06:46:06.729 INFO:teuthology.orchestra.run.smithi003.stdout:/usr/bin/ceph: stderr
2024-09-19T06:46:06.135+0000 7f2a3a7fc640 1 -- 172.21.15.3:0/1950518098 <== mgr.14118 v2:172.21.15.3:6800/1657330414 1 ==== mgr_command_reply(tid 0: 0 ) ==== 8+0+0 (secure 0 0 0) 0x7f2a48062630 con 0x7f2a34039200
2024-09-19T06:46:06.729 INFO:teuthology.orchestra.run.smithi003.stdout:/usr/bin/ceph: stderr
2024-09-19T06:46:06.137+0000 7f2a4f5aa640 1 -- 172.21.15.3:0/1950518098 >> [v2:172.21.15.3:6800/1657330414,v1:172.21.15.3:6801/1657330414] conn(0x7f2a34039200 msgr2=0x7f2a3403b6c0 secure :-1 s=STATE_CONNECTION_ESTABLISHED l=1).mark_down
2024-09-19T06:46:06.729 INFO:teuthology.orchestra.run.smithi003.stdout:/usr/bin/ceph: stderr
2024-09-19T06:46:06.137+0000 7f2a4f5aa640 1 --2- 172.21.15.3:0/1950518098 >> [v2:172.21.15.3:6800/1657330414,v1:172.21.15.3:6801/1657330414] conn(0x7f2a34039200 0x7f2a3403b6c0 secure :-1 s=READY pgs=9 cs=0 l=1 rev1=1 crypto rx=0x7f2a3c0098c0 tx=0x7f2a3c006db0 comp rx=0 tx=0).stop
2024-09-19T06:46:06.729 INFO:teuthology.orchestra.run.smithi003.stdout:/usr/bin/ceph: stderr
2024-09-19T06:46:06.137+0000 7f2a4f5aa640 1 -- 172.21.15.3:0/1950518098 >> [v2:172.21.15.3:3300/0,v1:172.21.15.3:6789/0] conn(0x7f2a481077f0 msgr2=0x7f2a4819bb10 secure :-1 s=STATE_CONNECTION_ESTABLISHED l=1).mark_down
2024-09-19T06:46:06.729 INFO:teuthology.orchestra.run.smithi003.stdout:/usr/bin/ceph: stderr
2024-09-19T06:46:06.137+0000 7f2a4f5aa640 1 --2- 172.21.15.3:0/1950518098 >> [v2:172.21.15.3:3300/0,v1:172.21.15.3:6789/0] conn(0x7f2a481077f0 0x7f2a4819bb10 secure :-1 s=READY pgs=40 cs=0 l=1 rev1=1 crypto rx=0x7f2a44009940 tx=0x7f2a44032d90 comp rx=0 tx=0).stop
2024-09-19T06:46:06.729 INFO:teuthology.orchestra.run.smithi003.stdout:/usr/bin/ceph: stderr
2024-09-19T06:46:06.137+0000 7f2a4f5aa640 1 -- 172.21.15.3:0/1950518098 shutdown_connections
2024-09-19T06:46:06.729 INFO:teuthology.orchestra.run.smithi003.stdout:/usr/bin/ceph: stderr
2024-09-19T06:46:06.137+0000 7f2a4f5aa640 1 --2- 172.21.15.3:0/1950518098 >> [v2:172.21.15.3:6800/1657330414,v1:172.21.15.3:6801/1657330414] conn(0x7f2a34039200 0x7f2a3403b6c0 unknown :-1 s=CLOSED pgs=9 cs=0 l=1 rev1=1 crypto rx=0 tx=0 comp rx=0 tx=0).stop
2024-09-19T06:46:06.729 INFO:teuthology.orchestra.run.smithi003.stdout:/usr/bin/ceph: stderr
2024-09-19T06:46:06.137+0000 7f2a4f5aa640 1 --2- 172.21.15.3:0/1950518098 >> [v2:172.21.15.3:3300/0,v1:172.21.15.3:6789/0] conn(0x7f2a481077f0 0x7f2a4819bb10 unknown :-1 s=CLOSED pgs=40 cs=0 l=1 rev1=1 crypto rx=0 tx=0 comp rx=0 tx=0).stop
2024-09-19T06:46:06.729 INFO:teuthology.orchestra.run.smithi003.stdout:/usr/bin/ceph: stderr
2024-09-19T06:46:06.137+0000 7f2a4f5aa640 1 -- 172.21.15.3:0/1950518098 >> 172.21.15.3:0/1950518098 conn(0x7f2a48102fe0 msgr2=0x7f2a48103e00 unknown :-1 s=STATE_NONE l=0).mark_down
2024-09-19T06:46:06.730 INFO:teuthology.orchestra.run.smithi003.stdout:/usr/bin/ceph: stderr
2024-09-19T06:46:06.137+0000 7f2a4f5aa640 1 -- 172.21.15.3:0/1950518098 shutdown_connections
2024-09-19T06:46:06.730 INFO:teuthology.orchestra.run.smithi003.stdout:/usr/bin/ceph: stderr
2024-09-19T06:46:06.138+0000 7f2a4f5aa640 1 -- 172.21.15.3:0/1950518098 wait complete.
2024-09-19T06:46:07.975 INFO:teuthology.orchestra.run.smithi003.stdout:/usr/bin/ceph: stdout ssh-rsa AAAAB3NzaC1yc2EAAAADAQABAAABgQCTQtpo2bPnGOQ6Cnltsb/KpGj8BPERP7ZKOMXBIWNP0shmGDrpNakQiw92Eyd9FIDSApSXG16JRnZ+C8KGDYQlwDNlyMI+e5Dgv55jKRCSUVVh4C1bmrjxS89tEvhID9rOMItl90Y66CHycqOJWkjnnLfhd4I1bOH34HeDo+U/4oRVg5vcJ/m46mhKZ6+enom/8Vob4DRVtTSKxpJerlNSf56DCi6gI+87SCkjjIitgBgwNg27xJV0vON9F8OohSikT9E5cogqHK0eneHcQCyrVixJInlFq9jT+IfaZig4YAXfsrpnFWNEzdDT9qYuADaW3vtJKPtzcqafIDTdBGuy6VHEEIQkI1kbpk4/gtvXo4XJeo9QzOctIUPm4kgWW+WG9hgd++g3CPxK9X3POzbPc7Yie71cRGWADauQBo1VgPx/Rf1Gm6N/lGfGhugHZg8Y20Ag5OLi4xgA4KpV+/8pF6qBvyk9o8dkYXwRCLKY9s6CCrj4S2GA0QXIiTfkLXs= ceph-99dcbc68-7652-11ef-bceb-c7b262605968
2024-09-19T06:46:07.975 INFO:teuthology.orchestra.run.smithi003.stdout:/usr/bin/ceph: stderr
2024-09-19T06:46:07.100+0000 7fa798d24640 1 Processor -- start
2024-09-19T06:46:07.976 INFO:teuthology.orchestra.run.smithi003.stdout:/usr/bin/ceph: stderr
2024-09-19T06:46:07.100+0000 7fa798d24640 1 -- start start
2024-09-19T06:46:07.976 INFO:teuthology.orchestra.run.smithi003.stdout:/usr/bin/ceph: stderr
2024-09-19T06:46:07.100+0000 7fa798d24640 1 --2- >> [v2:172.21.15.3:3300/0,v1:172.21.15.3:6789/0] conn(0x7fa79407de70 0x7fa79407c2d0 unknown :-1 s=NONE pgs=0 cs=0 l=0 rev1=0 crypto rx=0 tx=0 comp rx=0 tx=0).connect
2024-09-19T06:46:07.976 INFO:teuthology.orchestra.run.smithi003.stdout:/usr/bin/ceph: stderr
2024-09-19T06:46:07.100+0000 7fa798d24640 1 -- --> [v2:172.21.15.3:3300/0,v1:172.21.15.3:6789/0] -- mon_getmap magic: 0 -- 0x7fa79407c8a0 con 0x7fa79407de70
2024-09-19T06:46:07.976 INFO:teuthology.orchestra.run.smithi003.stdout:/usr/bin/ceph: stderr
2024-09-19T06:46:07.100+0000 7fa79259c640 1 --2- >> [v2:172.21.15.3:3300/0,v1:172.21.15.3:6789/0] conn(0x7fa79407de70 0x7fa79407c2d0 unknown :-1 s=BANNER_CONNECTING pgs=0 cs=0 l=0 rev1=0 crypto rx=0 tx=0 comp rx=0 tx=0)._handle_peer_banner_payload supported=3 required=0
2024-09-19T06:46:07.976 INFO:teuthology.orchestra.run.smithi003.stdout:/usr/bin/ceph: stderr
2024-09-19T06:46:07.100+0000 7fa79259c640 1 --2- >> [v2:172.21.15.3:3300/0,v1:172.21.15.3:6789/0] conn(0x7fa79407de70 0x7fa79407c2d0 unknown :-1 s=HELLO_CONNECTING pgs=0 cs=0 l=0 rev1=1 crypto rx=0 tx=0 comp rx=0 tx=0).handle_hello peer v2:172.21.15.3:3300/0 says I am v2:172.21.15.3:51134/0 (socket says 172.21.15.3:51134)
2024-09-19T06:46:07.976 INFO:teuthology.orchestra.run.smithi003.stdout:/usr/bin/ceph: stderr
2024-09-19T06:46:07.100+0000 7fa79259c640 1 -- 172.21.15.3:0/206128996 learned_addr learned my addr 172.21.15.3:0/206128996 (peer_addr_for_me v2:172.21.15.3:0/0)
2024-09-19T06:46:07.976 INFO:teuthology.orchestra.run.smithi003.stdout:/usr/bin/ceph: stderr
2024-09-19T06:46:07.101+0000 7fa79259c640 1 -- 172.21.15.3:0/206128996 --> [v2:172.21.15.3:3300/0,v1:172.21.15.3:6789/0] -- mon_subscribe({config=0+,monmap=0+}) -- 0x7fa79407ca20 con 0x7fa79407de70
2024-09-19T06:46:07.976 INFO:teuthology.orchestra.run.smithi003.stdout:/usr/bin/ceph: stderr
2024-09-19T06:46:07.101+0000 7fa79259c640 1 --2- 172.21.15.3:0/206128996 >> [v2:172.21.15.3:3300/0,v1:172.21.15.3:6789/0] conn(0x7fa79407de70 0x7fa79407c2d0 secure :-1 s=READY pgs=41 cs=0 l=1 rev1=1 crypto rx=0x7fa784009820 tx=0x7fa78402a270 comp rx=0 tx=0).ready entity=mon.0 client_cookie=97572ddbdbad3c60 server_cookie=0 in_seq=0 out_seq=0
2024-09-19T06:46:07.976 INFO:teuthology.orchestra.run.smithi003.stdout:/usr/bin/ceph: stderr
2024-09-19T06:46:07.102+0000 7fa79159a640 1 -- 172.21.15.3:0/206128996 <== mon.0 v2:172.21.15.3:3300/0 1 ==== mon_map magic: 0 ==== 205+0+0 (secure 0 0 0) 0x7fa784037070 con 0x7fa79407de70
2024-09-19T06:46:07.976 INFO:teuthology.orchestra.run.smithi003.stdout:/usr/bin/ceph: stderr
2024-09-19T06:46:07.102+0000 7fa79159a640 1 -- 172.21.15.3:0/206128996 <== mon.0 v2:172.21.15.3:3300/0 2 ==== config(28 keys) ==== 1140+0+0 (secure 0 0 0) 0x7fa784032920 con 0x7fa79407de70
2024-09-19T06:46:07.976 INFO:teuthology.orchestra.run.smithi003.stdout:/usr/bin/ceph: stderr
2024-09-19T06:46:07.102+0000 7fa79159a640 1 -- 172.21.15.3:0/206128996 <== mon.0 v2:172.21.15.3:3300/0 3 ==== mon_map magic: 0 ==== 205+0+0 (secure 0 0 0) 0x7fa784030950 con 0x7fa79407de70
2024-09-19T06:46:07.976 INFO:teuthology.orchestra.run.smithi003.stdout:/usr/bin/ceph: stderr
2024-09-19T06:46:07.102+0000 7fa798d24640 1 -- 172.21.15.3:0/206128996 >> [v2:172.21.15.3:3300/0,v1:172.21.15.3:6789/0] conn(0x7fa79407de70 msgr2=0x7fa79407c2d0 secure :-1 s=STATE_CONNECTION_ESTABLISHED l=1).mark_down
2024-09-19T06:46:07.977 INFO:teuthology.orchestra.run.smithi003.stdout:/usr/bin/ceph: stderr
2024-09-19T06:46:07.102+0000 7fa798d24640 1 --2- 172.21.15.3:0/206128996 >> [v2:172.21.15.3:3300/0,v1:172.21.15.3:6789/0] conn(0x7fa79407de70 0x7fa79407c2d0 secure :-1 s=READY pgs=41 cs=0 l=1 rev1=1 crypto rx=0x7fa784009820 tx=0x7fa78402a270 comp rx=0 tx=0).stop
2024-09-19T06:46:07.977 INFO:teuthology.orchestra.run.smithi003.stdout:/usr/bin/ceph: stderr
2024-09-19T06:46:07.102+0000 7fa798d24640 1 -- 172.21.15.3:0/206128996 shutdown_connections
2024-09-19T06:46:07.977 INFO:teuthology.orchestra.run.smithi003.stdout:/usr/bin/ceph: stderr
2024-09-19T06:46:07.102+0000 7fa798d24640 1 --2- 172.21.15.3:0/206128996 >> [v2:172.21.15.3:3300/0,v1:172.21.15.3:6789/0] conn(0x7fa79407de70 0x7fa79407c2d0 unknown :-1 s=CLOSED pgs=41 cs=0 l=1 rev1=1 crypto rx=0 tx=0 comp rx=0 tx=0).stop
2024-09-19T06:46:07.977 INFO:teuthology.orchestra.run.smithi003.stdout:/usr/bin/ceph: stderr
