2024-09-19T06:57:34.779 INFO:journalctl@ceph.mon.a.smithi050.stdout:Sep 19 06:57:34 smithi050 ceph-mon[30955]: from='mgr.14150 172.21.15.50:0/4079827914' entity='mgr.x'
2024-09-19T06:57:34.779 INFO:journalctl@ceph.mon.a.smithi050.stdout:Sep 19 06:57:34 smithi050 ceph-mon[30955]: mgrmap e12: x(active, since 2s)
2024-09-19T06:57:35.706 INFO:teuthology.orchestra.run.smithi050.stdout:/usr/bin/ceph: stdout {"username": "admin", "password": "$2b$12$n0vpgsasw3JEjpnsgb0IzujlVIcTllD37bSqdIJu6Ln2MQaitLkoy", "roles": ["administrator"], "name": null, "email": null, "lastUpdate": 1726729055, "enabled": true, "pwdExpirationDate": null, "pwdUpdateRequired": true}
2024-09-19T06:57:35.706 INFO:teuthology.orchestra.run.smithi050.stdout:/usr/bin/ceph: stderr
2024-09-19T06:57:34.564+0000 7f164671b640 1 Processor -- start
2024-09-19T06:57:35.706 INFO:teuthology.orchestra.run.smithi050.stdout:/usr/bin/ceph: stderr
2024-09-19T06:57:34.564+0000 7f164671b640 1 -- start start
2024-09-19T06:57:35.706 INFO:teuthology.orchestra.run.smithi050.stdout:/usr/bin/ceph: stderr
2024-09-19T06:57:34.564+0000 7f164671b640 1 --2- >> [v2:172.21.15.50:3300/0,v1:172.21.15.50:6789/0] conn(0x7f16401080f0 0x7f164010a4e0 unknown :-1 s=NONE pgs=0 cs=0 l=0 rev1=0 crypto rx=0 tx=0 comp rx=0 tx=0).connect
2024-09-19T06:57:35.706 INFO:teuthology.orchestra.run.smithi050.stdout:/usr/bin/ceph: stderr
2024-09-19T06:57:34.564+0000 7f164671b640 1 -- --> [v2:172.21.15.50:3300/0,v1:172.21.15.50:6789/0] -- mon_getmap magic: 0 -- 0x7f164007be20 con 0x7f16401080f0
2024-09-19T06:57:35.706 INFO:teuthology.orchestra.run.smithi050.stdout:/usr/bin/ceph: stderr
2024-09-19T06:57:34.565+0000 7f163ffff640 1 --2- >> [v2:172.21.15.50:3300/0,v1:172.21.15.50:6789/0] conn(0x7f16401080f0 0x7f164010a4e0 unknown :-1 s=BANNER_CONNECTING pgs=0 cs=0 l=0 rev1=0 crypto rx=0 tx=0 comp rx=0 tx=0)._handle_peer_banner_payload supported=3 required=0
2024-09-19T06:57:35.706 INFO:teuthology.orchestra.run.smithi050.stdout:/usr/bin/ceph: stderr
2024-09-19T06:57:34.565+0000 7f163ffff640 1 --2- >> [v2:172.21.15.50:3300/0,v1:172.21.15.50:6789/0] conn(0x7f16401080f0 0x7f164010a4e0 unknown :-1 s=HELLO_CONNECTING pgs=0 cs=0 l=0 rev1=1 crypto rx=0 tx=0 comp rx=0 tx=0).handle_hello peer v2:172.21.15.50:3300/0 says I am v2:172.21.15.50:36276/0 (socket says 172.21.15.50:36276)
2024-09-19T06:57:35.706 INFO:teuthology.orchestra.run.smithi050.stdout:/usr/bin/ceph: stderr
2024-09-19T06:57:34.565+0000 7f163ffff640 1 -- 172.21.15.50:0/2338112161 learned_addr learned my addr 172.21.15.50:0/2338112161 (peer_addr_for_me v2:172.21.15.50:0/0)
2024-09-19T06:57:35.706 INFO:teuthology.orchestra.run.smithi050.stdout:/usr/bin/ceph: stderr
2024-09-19T06:57:34.565+0000 7f163ffff640 1 -- 172.21.15.50:0/2338112161 --> [v2:172.21.15.50:3300/0,v1:172.21.15.50:6789/0] -- mon_subscribe({config=0+,monmap=0+}) -- 0x7f164010aa20 con 0x7f16401080f0
2024-09-19T06:57:35.707 INFO:teuthology.orchestra.run.smithi050.stdout:/usr/bin/ceph: stderr
2024-09-19T06:57:34.566+0000 7f163ffff640 1 --2- 172.21.15.50:0/2338112161 >> [v2:172.21.15.50:3300/0,v1:172.21.15.50:6789/0] conn(0x7f16401080f0 0x7f164010a4e0 secure :-1 s=READY pgs=70 cs=0 l=1 rev1=1 crypto rx=0x7f1630009820 tx=0x7f163002a270 comp rx=0 tx=0).ready entity=mon.0 client_cookie=dab05ef777978ada server_cookie=0 in_seq=0 out_seq=0
2024-09-19T06:57:35.707 INFO:teuthology.orchestra.run.smithi050.stdout:/usr/bin/ceph: stderr
2024-09-19T06:57:34.566+0000 7f163effd640 1 -- 172.21.15.50:0/2338112161 <== mon.0 v2:172.21.15.50:3300/0 1 ==== mon_map magic: 0 ==== 205+0+0 (secure 0 0 0) 0x7f1630037070 con 0x7f16401080f0
2024-09-19T06:57:35.707 INFO:teuthology.orchestra.run.smithi050.stdout:/usr/bin/ceph: stderr
2024-09-19T06:57:34.566+0000 7f163effd640 1 -- 172.21.15.50:0/2338112161 <== mon.0 v2:172.21.15.50:3300/0 2 ==== config(27 keys) ==== 1140+0+0 (secure 0 0 0) 0x7f1630032920 con 0x7f16401080f0
2024-09-19T06:57:35.707 INFO:teuthology.orchestra.run.smithi050.stdout:/usr/bin/ceph: stderr
2024-09-19T06:57:34.566+0000 7f163effd640 1 -- 172.21.15.50:0/2338112161 <== mon.0 v2:172.21.15.50:3300/0 3 ==== mon_map magic: 0 ==== 205+0+0 (secure 0 0 0) 0x7f1630030810 con 0x7f16401080f0
2024-09-19T06:57:35.707 INFO:teuthology.orchestra.run.smithi050.stdout:/usr/bin/ceph: stderr
2024-09-19T06:57:34.567+0000 7f164671b640 1 -- 172.21.15.50:0/2338112161 >> [v2:172.21.15.50:3300/0,v1:172.21.15.50:6789/0] conn(0x7f16401080f0 msgr2=0x7f164010a4e0 secure :-1 s=STATE_CONNECTION_ESTABLISHED l=1).mark_down
2024-09-19T06:57:35.707 INFO:teuthology.orchestra.run.smithi050.stdout:/usr/bin/ceph: stderr
2024-09-19T06:57:34.567+0000 7f164671b640 1 --2- 172.21.15.50:0/2338112161 >> [v2:172.21.15.50:3300/0,v1:172.21.15.50:6789/0] conn(0x7f16401080f0 0x7f164010a4e0 secure :-1 s=READY pgs=70 cs=0 l=1 rev1=1 crypto rx=0x7f1630009820 tx=0x7f163002a270 comp rx=0 tx=0).stop
2024-09-19T06:57:35.707 INFO:teuthology.orchestra.run.smithi050.stdout:/usr/bin/ceph: stderr
2024-09-19T06:57:34.567+0000 7f164671b640 1 -- 172.21.15.50:0/2338112161 shutdown_connections
2024-09-19T06:57:35.707 INFO:teuthology.orchestra.run.smithi050.stdout:/usr/bin/ceph: stderr
2024-09-19T06:57:34.567+0000 7f164671b640 1 --2- 172.21.15.50:0/2338112161 >> [v2:172.21.15.50:3300/0,v1:172.21.15.50:6789/0] conn(0x7f16401080f0 0x7f164010a4e0 unknown :-1 s=CLOSED pgs=70 cs=0 l=1 rev1=1 crypto rx=0 tx=0 comp rx=0 tx=0).stop
2024-09-19T06:57:35.707 INFO:teuthology.orchestra.run.smithi050.stdout:/usr/bin/ceph: stderr
2024-09-19T06:57:34.567+0000 7f164671b640 1 -- 172.21.15.50:0/2338112161 >> 172.21.15.50:0/2338112161 conn(0x7f1640101cb0 msgr2=0x7f16401040f0 unknown :-1 s=STATE_NONE l=0).mark_down
2024-09-19T06:57:35.707 INFO:teuthology.orchestra.run.smithi050.stdout:/usr/bin/ceph: stderr
2024-09-19T06:57:34.567+0000 7f164671b640 1 -- 172.21.15.50:0/2338112161 shutdown_connections
2024-09-19T06:57:35.707 INFO:teuthology.orchestra.run.smithi050.stdout:/usr/bin/ceph: stderr
2024-09-19T06:57:34.567+0000 7f164671b640 1 -- 172.21.15.50:0/2338112161 wait complete.
2024-09-19T06:57:35.707 INFO:teuthology.orchestra.run.smithi050.stdout:/usr/bin/ceph: stderr
2024-09-19T06:57:34.568+0000 7f164671b640 1 Processor -- start
2024-09-19T06:57:35.707 INFO:teuthology.orchestra.run.smithi050.stdout:/usr/bin/ceph: stderr
2024-09-19T06:57:34.568+0000 7f164671b640 1 -- start start
2024-09-19T06:57:35.708 INFO:teuthology.orchestra.run.smithi050.stdout:/usr/bin/ceph: stderr
2024-09-19T06:57:34.568+0000 7f164671b640 1 --2- >> [v2:172.21.15.50:3300/0,v1:172.21.15.50:6789/0] conn(0x7f16401080f0 0x7f164019b640 unknown :-1 s=NONE pgs=0 cs=0 l=1 rev1=0 crypto rx=0 tx=0 comp rx=0 tx=0).connect
2024-09-19T06:57:35.708 INFO:teuthology.orchestra.run.smithi050.stdout:/usr/bin/ceph: stderr
2024-09-19T06:57:34.568+0000 7f164671b640 1 -- --> [v2:172.21.15.50:3300/0,v1:172.21.15.50:6789/0] -- mon_getmap magic: 0 -- 0x7f164010baa0 con 0x7f16401080f0
2024-09-19T06:57:35.708 INFO:teuthology.orchestra.run.smithi050.stdout:/usr/bin/ceph: stderr
2024-09-19T06:57:34.568+0000 7f163ffff640 1 --2- >> [v2:172.21.15.50:3300/0,v1:172.21.15.50:6789/0] conn(0x7f16401080f0 0x7f164019b640 unknown :-1 s=BANNER_CONNECTING pgs=0 cs=0 l=1 rev1=0 crypto rx=0 tx=0 comp rx=0 tx=0)._handle_peer_banner_payload supported=3 required=0
2024-09-19T06:57:35.708 INFO:teuthology.orchestra.run.smithi050.stdout:/usr/bin/ceph: stderr
2024-09-19T06:57:34.568+0000 7f163ffff640 1 --2- >> [v2:172.21.15.50:3300/0,v1:172.21.15.50:6789/0] conn(0x7f16401080f0 0x7f164019b640 unknown :-1 s=HELLO_CONNECTING pgs=0 cs=0 l=1 rev1=1 crypto rx=0 tx=0 comp rx=0 tx=0).handle_hello peer v2:172.21.15.50:3300/0 says I am v2:172.21.15.50:36286/0 (socket says 172.21.15.50:36286)
2024-09-19T06:57:35.708 INFO:teuthology.orchestra.run.smithi050.stdout:/usr/bin/ceph: stderr
2024-09-19T06:57:34.568+0000 7f163ffff640 1 -- 172.21.15.50:0/2591794741 learned_addr learned my addr 172.21.15.50:0/2591794741 (peer_addr_for_me v2:172.21.15.50:0/0)
2024-09-19T06:57:35.708 INFO:teuthology.orchestra.run.smithi050.stdout:/usr/bin/ceph: stderr
2024-09-19T06:57:34.569+0000 7f163ffff640 1 -- 172.21.15.50:0/2591794741 --> [v2:172.21.15.50:3300/0,v1:172.21.15.50:6789/0] -- mon_subscribe({config=0+,monmap=0+}) -- 0x7f164019bb80 con 0x7f16401080f0
2024-09-19T06:57:35.708 INFO:teuthology.orchestra.run.smithi050.stdout:/usr/bin/ceph: stderr
2024-09-19T06:57:34.569+0000 7f163ffff640 1 --2- 172.21.15.50:0/2591794741 >> [v2:172.21.15.50:3300/0,v1:172.21.15.50:6789/0] conn(0x7f16401080f0 0x7f164019b640 secure :-1 s=READY pgs=71 cs=0 l=1 rev1=1 crypto rx=0x7f1630030420 tx=0x7f1630032670 comp rx=0 tx=0).ready entity=mon.0 client_cookie=0 server_cookie=0 in_seq=0 out_seq=0
2024-09-19T06:57:35.708 INFO:teuthology.orchestra.run.smithi050.stdout:/usr/bin/ceph: stderr
2024-09-19T06:57:34.569+0000 7f163d7fa640 1 -- 172.21.15.50:0/2591794741 <== mon.0 v2:172.21.15.50:3300/0 1 ==== mon_map magic: 0 ==== 205+0+0 (secure 0 0 0) 0x7f1630037040 con 0x7f16401080f0
2024-09-19T06:57:35.708 INFO:teuthology.orchestra.run.smithi050.stdout:/usr/bin/ceph: stderr
2024-09-19T06:57:34.569+0000 7f163d7fa640 1 -- 172.21.15.50:0/2591794741 <== mon.0 v2:172.21.15.50:3300/0 2 ==== config(27 keys) ==== 1140+0+0 (secure 0 0 0) 0x7f1630040070 con 0x7f16401080f0
2024-09-19T06:57:35.708 INFO:teuthology.orchestra.run.smithi050.stdout:/usr/bin/ceph: stderr
2024-09-19T06:57:34.569+0000 7f164671b640 1 -- 172.21.15.50:0/2591794741 --> [v2:172.21.15.50:3300/0,v1:172.21.15.50:6789/0] -- mon_subscribe({mgrmap=0+}) -- 0x7f164019be10 con 0x7f16401080f0
2024-09-19T06:57:35.708 INFO:teuthology.orchestra.run.smithi050.stdout:/usr/bin/ceph: stderr
2024-09-19T06:57:34.569+0000 7f163d7fa640 1 -- 172.21.15.50:0/2591794741 <== mon.0 v2:172.21.15.50:3300/0 3 ==== mon_map magic: 0 ==== 205+0+0 (secure 0 0 0) 0x7f163003a6e0 con 0x7f16401080f0
2024-09-19T06:57:35.708 INFO:teuthology.orchestra.run.smithi050.stdout:/usr/bin/ceph: stderr
2024-09-19T06:57:34.569+0000 7f164671b640 1 -- 172.21.15.50:0/2591794741 --> [v2:172.21.15.50:3300/0,v1:172.21.15.50:6789/0] -- mon_subscribe({osdmap=0}) -- 0x7f164019eb00 con 0x7f16401080f0
2024-09-19T06:57:35.708 INFO:teuthology.orchestra.run.smithi050.stdout:/usr/bin/ceph: stderr
2024-09-19T06:57:34.570+0000 7f163d7fa640 1 -- 172.21.15.50:0/2591794741 <== mon.0 v2:172.21.15.50:3300/0 4 ==== mgrmap(e 12) ==== 46474+0+0 (secure 0 0 0) 0x7f163003a990 con 0x7f16401080f0
2024-09-19T06:57:35.709 INFO:teuthology.orchestra.run.smithi050.stdout:/usr/bin/ceph: stderr
2024-09-19T06:57:34.570+0000 7f164671b640 1 -- 172.21.15.50:0/2591794741 --> [v2:172.21.15.50:3300/0,v1:172.21.15.50:6789/0] -- mon_command({"prefix": "get_command_descriptions"} v 0) -- 0x7f1640108550 con 0x7f16401080f0
2024-09-19T06:57:35.709 INFO:teuthology.orchestra.run.smithi050.stdout:/usr/bin/ceph: stderr
2024-09-19T06:57:34.570+0000 7f163d7fa640 1 --2- 172.21.15.50:0/2591794741 >> [v2:172.21.15.50:6800/3714435393,v1:172.21.15.50:6801/3714435393] conn(0x7f1628039260 0x7f162803b720 unknown :-1 s=NONE pgs=0 cs=0 l=1 rev1=0 crypto rx=0 tx=0 comp rx=0 tx=0).connect
2024-09-19T06:57:35.709 INFO:teuthology.orchestra.run.smithi050.stdout:/usr/bin/ceph: stderr
2024-09-19T06:57:34.570+0000 7f163d7fa640 1 -- 172.21.15.50:0/2591794741 <== mon.0 v2:172.21.15.50:3300/0 5 ==== osd_map(3..3 src has 1..3) ==== 1155+0+0 (secure 0 0 0) 0x7f163006ca00 con 0x7f16401080f0
2024-09-19T06:57:35.709 INFO:teuthology.orchestra.run.smithi050.stdout:/usr/bin/ceph: stderr
2024-09-19T06:57:34.571+0000 7f163f7fe640 1 --2- 172.21.15.50:0/2591794741 >> [v2:172.21.15.50:6800/3714435393,v1:172.21.15.50:6801/3714435393] conn(0x7f1628039260 0x7f162803b720 unknown :-1 s=BANNER_CONNECTING pgs=0 cs=0 l=1 rev1=0 crypto rx=0 tx=0 comp rx=0 tx=0)._handle_peer_banner_payload supported=3 required=0
2024-09-19T06:57:35.709 INFO:teuthology.orchestra.run.smithi050.stdout:/usr/bin/ceph: stderr
2024-09-19T06:57:34.571+0000 7f163f7fe640 1 --2- 172.21.15.50:0/2591794741 >> [v2:172.21.15.50:6800/3714435393,v1:172.21.15.50:6801/3714435393] conn(0x7f1628039260 0x7f162803b720 secure :-1 s=READY pgs=8 cs=0 l=1 rev1=1 crypto rx=0x7f16340098c0 tx=0x7f1634006db0 comp rx=0 tx=0).ready entity=mgr.14150 client_cookie=0 server_cookie=0 in_seq=0 out_seq=0
2024-09-19T06:57:35.709 INFO:teuthology.orchestra.run.smithi050.stdout:/usr/bin/ceph: stderr
2024-09-19T06:57:34.582+0000 7f163d7fa640 1 -- 172.21.15.50:0/2591794741 <== mon.0 v2:172.21.15.50:3300/0 6 ==== mon_command_ack([{"prefix": "get_command_descriptions"}]=0 v0) ==== 72+0+188913 (secure 0 0 0) 0x7f1630044c70 con 0x7f16401080f0
2024-09-19T06:57:35.709 INFO:teuthology.orchestra.run.smithi050.stdout:/usr/bin/ceph: stderr
2024-09-19T06:57:34.777+0000 7f164671b640 1 -- 172.21.15.50:0/2591794741 --> [v2:172.21.15.50:6800/3714435393,v1:172.21.15.50:6801/3714435393] -- mgr_command(tid 0: {"prefix": "dashboard ac-user-create", "username": "admin", "rolename": "administrator", "force_password": true, "pwd_update_required": true, "target": ["mon-mgr", ""]}) -- 0x7f164019ed90 con 0x7f1628039260
2024-09-19T06:57:35.709 INFO:teuthology.orchestra.run.smithi050.stdout:/usr/bin/ceph: stderr
2024-09-19T06:57:35.026+0000 7f163d7fa640 1 -- 172.21.15.50:0/2591794741 <== mgr.14150 v2:172.21.15.50:6800/3714435393 1 ==== mgr_command_reply(tid 0: 0 ) ==== 8+0+252 (secure 0 0 0) 0x7f164019ed90 con 0x7f1628039260
2024-09-19T06:57:35.709 INFO:teuthology.orchestra.run.smithi050.stdout:/usr/bin/ceph: stderr
2024-09-19T06:57:35.029+0000 7f164671b640 1 -- 172.21.15.50:0/2591794741 >> [v2:172.21.15.50:6800/3714435393,v1:172.21.15.50:6801/3714435393] conn(0x7f1628039260 msgr2=0x7f162803b720 secure :-1 s=STATE_CONNECTION_ESTABLISHED l=1).mark_down
2024-09-19T06:57:35.709 INFO:teuthology.orchestra.run.smithi050.stdout:/usr/bin/ceph: stderr
2024-09-19T06:57:35.029+0000 7f164671b640 1 --2- 172.21.15.50:0/2591794741 >> [v2:172.21.15.50:6800/3714435393,v1:172.21.15.50:6801/3714435393] conn(0x7f1628039260 0x7f162803b720 secure :-1 s=READY pgs=8 cs=0 l=1 rev1=1 crypto rx=0x7f16340098c0 tx=0x7f1634006db0 comp rx=0 tx=0).stop
2024-09-19T06:57:35.709 INFO:teuthology.orchestra.run.smithi050.stdout:/usr/bin/ceph: stderr
2024-09-19T06:57:35.029+0000 7f164671b640 1 -- 172.21.15.50:0/2591794741 >> [v2:172.21.15.50:3300/0,v1:172.21.15.50:6789/0] conn(0x7f16401080f0 msgr2=0x7f164019b640 secure :-1 s=STATE_CONNECTION_ESTABLISHED l=1).mark_down
2024-09-19T06:57:35.709 INFO:teuthology.orchestra.run.smithi050.stdout:/usr/bin/ceph: stderr
2024-09-19T06:57:35.029+0000 7f164671b640 1 --2- 172.21.15.50:0/2591794741 >> [v2:172.21.15.50:3300/0,v1:172.21.15.50:6789/0] conn(0x7f16401080f0 0x7f164019b640 secure :-1 s=READY pgs=71 cs=0 l=1 rev1=1 crypto rx=0x7f1630030420 tx=0x7f1630032670 comp rx=0 tx=0).stop
2024-09-19T06:57:35.709 INFO:teuthology.orchestra.run.smithi050.stdout:/usr/bin/ceph: stderr
2024-09-19T06:57:35.029+0000 7f164671b640 1 -- 172.21.15.50:0/2591794741 shutdown_connections
2024-09-19T06:57:35.710 INFO:teuthology.orchestra.run.smithi050.stdout:/usr/bin/ceph: stderr
2024-09-19T06:57:35.029+0000 7f164671b640 1 --2- 172.21.15.50:0/2591794741 >> [v2:172.21.15.50:6800/3714435393,v1:172.21.15.50:6801/3714435393] conn(0x7f1628039260 0x7f162803b720 unknown :-1 s=CLOSED pgs=8 cs=0 l=1 rev1=1 crypto rx=0 tx=0 comp rx=0 tx=0).stop
2024-09-19T06:57:35.710 INFO:teuthology.orchestra.run.smithi050.stdout:/usr/bin/ceph: stderr
2024-09-19T06:57:35.029+0000 7f164671b640 1 --2- 172.21.15.50:0/2591794741 >> [v2:172.21.15.50:3300/0,v1:172.21.15.50:6789/0] conn(0x7f16401080f0 0x7f164019b640 unknown :-1 s=CLOSED pgs=71 cs=0 l=1 rev1=1 crypto rx=0 tx=0 comp rx=0 tx=0).stop
2024-09-19T06:57:35.710 INFO:teuthology.orchestra.run.smithi050.stdout:/usr/bin/ceph: stderr
2024-09-19T06:57:35.029+0000 7f164671b640 1 -- 172.21.15.50:0/2591794741 >> 172.21.15.50:0/2591794741 conn(0x7f1640101cb0 msgr2=0x7f16401028b0 unknown :-1 s=STATE_NONE l=0).mark_down
2024-09-19T06:57:35.710 INFO:teuthology.orchestra.run.smithi050.stdout:/usr/bin/ceph: stderr
2024-09-19T06:57:35.029+0000 7f164671b640 1 -- 172.21.15.50:0/2591794741 shutdown_connections
2024-09-19T06:57:35.710 INFO:teuthology.orchestra.run.smithi050.stdout:/usr/bin/ceph: stderr
2024-09-19T06:57:35.029+0000 7f164671b640 1 -- 172.21.15.50:0/2591794741 wait complete.
2024-09-19T06:57:35.710 INFO:teuthology.orchestra.run.smithi050.stdout:Fetching dashboard port number...
2024-09-19T06:57:36.415 INFO:journalctl@ceph.mon.a.smithi050.stdout:Sep 19 06:57:36 smithi050 ceph-mon[30955]: from='client.14164 -' entity='client.admin' cmd=[{"prefix": "dashboard ac-user-create", "username": "admin", "rolename": "administrator", "force_password": true, "pwd_update_required": true, "target": ["mon-mgr", ""]}]: dispatch
2024-09-19T06:57:36.415 INFO:journalctl@ceph.mon.a.smithi050.stdout:Sep 19 06:57:36 smithi050 ceph-mon[30955]: from='mgr.14150 172.21.15.50:0/4079827914' entity='mgr.x'
2024-09-19T06:57:37.216 INFO:journalctl@ceph.mon.a.smithi050.stdout:Sep 19 06:57:37 smithi050 ceph-mon[30955]: from='client.? 172.21.15.50:0/515362199' entity='client.admin' cmd=[{"prefix": "config get", "who": "mgr", "key": "mgr/dashboard/ssl_server_port"}]: dispatch
2024-09-19T06:57:37.224 INFO:teuthology.orchestra.run.smithi050.stdout:/usr/bin/ceph: stdout 8443
2024-09-19T06:57:37.224 INFO:teuthology.orchestra.run.smithi050.stdout:/usr/bin/ceph: stderr
2024-09-19T06:57:36.224+0000 7fce6de60640 1 Processor -- start
2024-09-19T06:57:37.224 INFO:teuthology.orchestra.run.smithi050.stdout:/usr/bin/ceph: stderr
2024-09-19T06:57:36.224+0000 7fce6de60640 1 -- start start
2024-09-19T06:57:37.224 INFO:teuthology.orchestra.run.smithi050.stdout:/usr/bin/ceph: stderr
2024-09-19T06:57:36.225+0000 7fce6de60640 1 --2- >> [v2:172.21.15.50:3300/0,v1:172.21.15.50:6789/0] conn(0x7fce681080c0 0x7fce6810a4b0 unknown :-1 s=NONE pgs=0 cs=0 l=0 rev1=0 crypto rx=0 tx=0 comp rx=0 tx=0).connect
2024-09-19T06:57:37.224 INFO:teuthology.orchestra.run.smithi050.stdout:/usr/bin/ceph: stderr
2024-09-19T06:57:36.225+0000 7fce6de60640 1 -- --> [v2:172.21.15.50:3300/0,v1:172.21.15.50:6789/0] -- mon_getmap magic: 0 -- 0x7fce6807bdf0 con 0x7fce681080c0
2024-09-19T06:57:37.224 INFO:teuthology.orchestra.run.smithi050.stdout:/usr/bin/ceph: stderr
2024-09-19T06:57:36.225+0000 7fce677fe640 1 --2- >> [v2:172.21.15.50:3300/0,v1:172.21.15.50:6789/0] conn(0x7fce681080c0 0x7fce6810a4b0 unknown :-1 s=BANNER_CONNECTING pgs=0 cs=0 l=0 rev1=0 crypto rx=0 tx=0 comp rx=0 tx=0)._handle_peer_banner_payload supported=3 required=0
2024-09-19T06:57:37.224 INFO:teuthology.orchestra.run.smithi050.stdout:/usr/bin/ceph: stderr
2024-09-19T06:57:36.225+0000 7fce677fe640 1 --2- >> [v2:172.21.15.50:3300/0,v1:172.21.15.50:6789/0] conn(0x7fce681080c0 0x7fce6810a4b0 unknown :-1 s=HELLO_CONNECTING pgs=0 cs=0 l=0 rev1=1 crypto rx=0 tx=0 comp rx=0 tx=0).handle_hello peer v2:172.21.15.50:3300/0 says I am v2:172.21.15.50:36296/0 (socket says 172.21.15.50:36296)
2024-09-19T06:57:37.224 INFO:teuthology.orchestra.run.smithi050.stdout:/usr/bin/ceph: stderr
2024-09-19T06:57:36.225+0000 7fce677fe640 1 -- 172.21.15.50:0/760539737 learned_addr learned my addr 172.21.15.50:0/760539737 (peer_addr_for_me v2:172.21.15.50:0/0)
2024-09-19T06:57:37.224 INFO:teuthology.orchestra.run.smithi050.stdout:/usr/bin/ceph: stderr
2024-09-19T06:57:36.225+0000 7fce677fe640 1 -- 172.21.15.50:0/760539737 --> [v2:172.21.15.50:3300/0,v1:172.21.15.50:6789/0] -- mon_subscribe({config=0+,monmap=0+}) -- 0x7fce6810a9f0 con 0x7fce681080c0
2024-09-19T06:57:37.224 INFO:teuthology.orchestra.run.smithi050.stdout:/usr/bin/ceph: stderr
2024-09-19T06:57:36.226+0000 7fce677fe640 1 --2- 172.21.15.50:0/760539737 >> [v2:172.21.15.50:3300/0,v1:172.21.15.50:6789/0] conn(0x7fce681080c0 0x7fce6810a4b0 secure :-1 s=READY pgs=72 cs=0 l=1 rev1=1 crypto rx=0x7fce58009820 tx=0x7fce5802a270 comp rx=0 tx=0).ready entity=mon.0 client_cookie=2731e7b1ddfd794f server_cookie=0 in_seq=0 out_seq=0
2024-09-19T06:57:37.224 INFO:teuthology.orchestra.run.smithi050.stdout:/usr/bin/ceph: stderr
2024-09-19T06:57:36.226+0000 7fce667fc640 1 -- 172.21.15.50:0/760539737 <== mon.0 v2:172.21.15.50:3300/0 1 ==== mon_map magic: 0 ==== 205+0+0 (secure 0 0 0) 0x7fce58037070 con 0x7fce681080c0
2024-09-19T06:57:37.224 INFO:teuthology.orchestra.run.smithi050.stdout:/usr/bin/ceph: stderr
2024-09-19T06:57:36.226+0000 7fce667fc640 1 -- 172.21.15.50:0/760539737 <== mon.0 v2:172.21.15.50:3300/0 2 ==== config(27 keys) ==== 1140+0+0 (secure 0 0 0) 0x7fce58032920 con 0x7fce681080c0
2024-09-19T06:57:37.225 INFO:teuthology.orchestra.run.smithi050.stdout:/usr/bin/ceph: stderr
2024-09-19T06:57:36.226+0000 7fce667fc640 1 -- 172.21.15.50:0/760539737 <== mon.0 v2:172.21.15.50:3300/0 3 ==== mon_map magic: 0 ==== 205+0+0 (secure 0 0 0) 0x7fce58030810 con 0x7fce681080c0
2024-09-19T06:57:37.225 INFO:teuthology.orchestra.run.smithi050.stdout:/usr/bin/ceph: stderr
2024-09-19T06:57:36.227+0000 7fce6de60640 1 -- 172.21.15.50:0/760539737 >> [v2:172.21.15.50:3300/0,v1:172.21.15.50:6789/0] conn(0x7fce681080c0 msgr2=0x7fce6810a4b0 secure :-1 s=STATE_CONNECTION_ESTABLISHED l=1).mark_down
2024-09-19T06:57:37.225 INFO:teuthology.orchestra.run.smithi050.stdout:/usr/bin/ceph: stderr
2024-09-19T06:57:36.227+0000 7fce6de60640 1 --2- 172.21.15.50:0/760539737 >> [v2:172.21.15.50:3300/0,v1:172.21.15.50:6789/0] conn(0x7fce681080c0 0x7fce6810a4b0 secure :-1 s=READY pgs=72 cs=0 l=1 rev1=1 crypto rx=0x7fce58009820 tx=0x7fce5802a270 comp rx=0 tx=0).stop
2024-09-19T06:57:37.225 INFO:teuthology.orchestra.run.smithi050.stdout:/usr/bin/ceph: stderr
2024-09-19T06:57:36.227+0000 7fce6de60640 1 -- 172.21.15.50:0/760539737 shutdown_connections
2024-09-19T06:57:37.225 INFO:teuthology.orchestra.run.smithi050.stdout:/usr/bin/ceph: stderr
2024-09-19T06:57:36.227+0000 7fce6de60640 1 --2- 172.21.15.50:0/760539737 >> [v2:172.21.15.50:3300/0,v1:172.21.15.50:6789/0] conn(0x7fce681080c0 0x7fce6810a4b0 unknown :-1 s=CLOSED pgs=72 cs=0 l=1 rev1=1 crypto rx=0 tx=0 comp rx=0 tx=0).stop
2024-09-19T06:57:37.225 INFO:teuthology.orchestra.run.smithi050.stdout:/usr/bin/ceph: stderr
2024-09-19T06:57:36.227+0000 7fce6de60640 1 -- 172.21.15.50:0/760539737 >> 172.21.15.50:0/760539737 conn(0x7fce68101ca0 msgr2=0x7fce681040e0 unknown :-1 s=STATE_NONE l=0).mark_down
2024-09-19T06:57:37.225 INFO:teuthology.orchestra.run.smithi050.stdout:/usr/bin/ceph: stderr
2024-09-19T06:57:36.227+0000 7fce6de60640 1 -- 172.21.15.50:0/760539737 shutdown_connections
2024-09-19T06:57:37.225 INFO:teuthology.orchestra.run.smithi050.stdout:/usr/bin/ceph: stderr
2024-09-19T06:57:36.227+0000 7fce6de60640 1 -- 172.21.15.50:0/760539737 wait complete.
2024-09-19T06:57:37.225 INFO:teuthology.orchestra.run.smithi050.stdout:/usr/bin/ceph: stderr
2024-09-19T06:57:36.228+0000 7fce6de60640 1 Processor -- start
2024-09-19T06:57:37.226 INFO:teuthology.orchestra.run.smithi050.stdout:/usr/bin/ceph: stderr
2024-09-19T06:57:36.228+0000 7fce6de60640 1 -- start start
2024-09-19T06:57:37.226 INFO:teuthology.orchestra.run.smithi050.stdout:/usr/bin/ceph: stderr
2024-09-19T06:57:36.228+0000 7fce6de60640 1 --2- >> [v2:172.21.15.50:3300/0,v1:172.21.15.50:6789/0] conn(0x7fce681080c0 0x7fce6819b600 unknown :-1 s=NONE pgs=0 cs=0 l=1 rev1=0 crypto rx=0 tx=0 comp rx=0 tx=0).connect
2024-09-19T06:57:37.226 INFO:teuthology.orchestra.run.smithi050.stdout:/usr/bin/ceph: stderr
2024-09-19T06:57:36.228+0000 7fce6de60640 1 -- --> [v2:172.21.15.50:3300/0,v1:172.21.15.50:6789/0] -- mon_getmap magic: 0 -- 0x7fce6810ba10 con 0x7fce681080c0
2024-09-19T06:57:37.226 INFO:teuthology.orchestra.run.smithi050.stdout:/usr/bin/ceph: stderr
2024-09-19T06:57:36.228+0000 7fce677fe640 1 --2- >> [v2:172.21.15.50:3300/0,v1:172.21.15.50:6789/0] conn(0x7fce681080c0 0x7fce6819b600 unknown :-1 s=BANNER_CONNECTING pgs=0 cs=0 l=1 rev1=0 crypto rx=0 tx=0 comp rx=0 tx=0)._handle_peer_banner_payload supported=3 required=0
2024-09-19T06:57:37.226 INFO:teuthology.orchestra.run.smithi050.stdout:/usr/bin/ceph: stderr
2024-09-19T06:57:36.228+0000 7fce677fe640 1 --2- >> [v2:172.21.15.50:3300/0,v1:172.21.15.50:6789/0] conn(0x7fce681080c0 0x7fce6819b600 unknown :-1 s=HELLO_CONNECTING pgs=0 cs=0 l=1 rev1=1 crypto rx=0 tx=0 comp rx=0 tx=0).handle_hello peer v2:172.21.15.50:3300/0 says I am v2:172.21.15.50:36298/0 (socket says 172.21.15.50:36298)
2024-09-19T06:57:37.226 INFO:teuthology.orchestra.run.smithi050.stdout:/usr/bin/ceph: stderr
2024-09-19T06:57:36.228+0000 7fce677fe640 1 -- 172.21.15.50:0/515362199 learned_addr learned my addr 172.21.15.50:0/515362199 (peer_addr_for_me v2:172.21.15.50:0/0)
2024-09-19T06:57:37.226 INFO:teuthology.orchestra.run.smithi050.stdout:/usr/bin/ceph: stderr
2024-09-19T06:57:36.229+0000 7fce677fe640 1 -- 172.21.15.50:0/515362199 --> [v2:172.21.15.50:3300/0,v1:172.21.15.50:6789/0] -- mon_subscribe({config=0+,monmap=0+}) -- 0x7fce6819bb40 con 0x7fce681080c0
2024-09-19T06:57:37.226 INFO:teuthology.orchestra.run.smithi050.stdout:/usr/bin/ceph: stderr
2024-09-19T06:57:36.229+0000 7fce677fe640 1 --2- 172.21.15.50:0/515362199 >> [v2:172.21.15.50:3300/0,v1:172.21.15.50:6789/0] conn(0x7fce681080c0 0x7fce6819b600 secure :-1 s=READY pgs=73 cs=0 l=1 rev1=1 crypto rx=0x7fce58030420 tx=0x7fce58032670 comp rx=0 tx=0).ready entity=mon.0 client_cookie=0 server_cookie=0 in_seq=0 out_seq=0
2024-09-19T06:57:37.226 INFO:teuthology.orchestra.run.smithi050.stdout:/usr/bin/ceph: stderr
2024-09-19T06:57:36.229+0000 7fce64ff9640 1 -- 172.21.15.50:0/515362199 <== mon.0 v2:172.21.15.50:3300/0 1 ==== mon_map magic: 0 ==== 205+0+0 (secure 0 0 0) 0x7fce58037040 con 0x7fce681080c0
2024-09-19T06:57:37.226 INFO:teuthology.orchestra.run.smithi050.stdout:/usr/bin/ceph: stderr
2024-09-19T06:57:36.229+0000 7fce6de60640 1 -- 172.21.15.50:0/515362199 --> [v2:172.21.15.50:3300/0,v1:172.21.15.50:6789/0] -- mon_subscribe({mgrmap=0+}) -- 0x7fce6819bdd0 con 0x7fce681080c0
2024-09-19T06:57:37.226 INFO:teuthology.orchestra.run.smithi050.stdout:/usr/bin/ceph: stderr
2024-09-19T06:57:36.229+0000 7fce64ff9640 1 -- 172.21.15.50:0/515362199 <== mon.0 v2:172.21.15.50:3300/0 2 ==== config(27 keys) ==== 1140+0+0 (secure 0 0 0) 0x7fce58040070 con 0x7fce681080c0
2024-09-19T06:57:37.226 INFO:teuthology.orchestra.run.smithi050.stdout:/usr/bin/ceph: stderr
2024-09-19T06:57:36.229+0000 7fce64ff9640 1 -- 172.21.15.50:0/515362199 <== mon.0 v2:172.21.15.50:3300/0 3 ==== mon_map magic: 0 ==== 205+0+0 (secure 0 0 0) 0x7fce5803a6e0 con 0x7fce681080c0
2024-09-19T06:57:37.226 INFO:teuthology.orchestra.run.smithi050.stdout:/usr/bin/ceph: stderr
2024-09-19T06:57:36.229+0000 7fce6de60640 1 -- 172.21.15.50:0/515362199 --> [v2:172.21.15.50:3300/0,v1:172.21.15.50:6789/0] -- mon_subscribe({osdmap=0}) -- 0x7fce6819eac0 con 0x7fce681080c0
2024-09-19T06:57:37.227 INFO:teuthology.orchestra.run.smithi050.stdout:/usr/bin/ceph: stderr
2024-09-19T06:57:36.230+0000 7fce64ff9640 1 -- 172.21.15.50:0/515362199 <== mon.0 v2:172.21.15.50:3300/0 4 ==== mgrmap(e 12) ==== 46474+0+0 (secure 0 0 0) 0x7fce5803a9e0 con 0x7fce681080c0
2024-09-19T06:57:37.227 INFO:teuthology.orchestra.run.smithi050.stdout:/usr/bin/ceph: stderr
2024-09-19T06:57:36.230+0000 7fce6de60640 1 -- 172.21.15.50:0/515362199 --> [v2:172.21.15.50:3300/0,v1:172.21.15.50:6789/0] -- mon_command({"prefix": "get_command_descriptions"} v 0) -- 0x7fce68108520 con 0x7fce681080c0
2024-09-19T06:57:37.227 INFO:teuthology.orchestra.run.smithi050.stdout:/usr/bin/ceph: stderr
2024-09-19T06:57:36.231+0000 7fce64ff9640 1 --2- 172.21.15.50:0/515362199 >> [v2:172.21.15.50:6800/3714435393,v1:172.21.15.50:6801/3714435393] conn(0x7fce54039200 0x7fce5403b6c0 unknown :-1 s=NONE pgs=0 cs=0 l=1 rev1=0 crypto rx=0 tx=0 comp rx=0 tx=0).connect
2024-09-19T06:57:37.227 INFO:teuthology.orchestra.run.smithi050.stdout:/usr/bin/ceph: stderr
2024-09-19T06:57:36.231+0000 7fce64ff9640 1 -- 172.21.15.50:0/515362199 <== mon.0 v2:172.21.15.50:3300/0 5 ==== osd_map(3..3 src has 1..3) ==== 1155+0+0 (secure 0 0 0) 0x7fce5806ca10 con 0x7fce681080c0
2024-09-19T06:57:37.227 INFO:teuthology.orchestra.run.smithi050.stdout:/usr/bin/ceph: stderr
2024-09-19T06:57:36.231+0000 7fce66ffd640 1 --2- 172.21.15.50:0/515362199 >> [v2:172.21.15.50:6800/3714435393,v1:172.21.15.50:6801/3714435393] conn(0x7fce54039200 0x7fce5403b6c0 unknown :-1 s=BANNER_CONNECTING pgs=0 cs=0 l=1 rev1=0 crypto rx=0 tx=0 comp rx=0 tx=0)._handle_peer_banner_payload supported=3 required=0
2024-09-19T06:57:37.227 INFO:teuthology.orchestra.run.smithi050.stdout:/usr/bin/ceph: stderr
2024-09-19T06:57:36.231+0000 7fce66ffd640 1 --2- 172.21.15.50:0/515362199 >> [v2:172.21.15.50:6800/3714435393,v1:172.21.15.50:6801/3714435393] conn(0x7fce54039200 0x7fce5403b6c0 secure :-1 s=READY pgs=9 cs=0 l=1 rev1=1 crypto rx=0x7fce500098c0 tx=0x7fce50006db0 comp rx=0 tx=0).ready entity=mgr.14150 client_cookie=0 server_cookie=0 in_seq=0 out_seq=0
2024-09-19T06:57:37.227 INFO:teuthology.orchestra.run.smithi050.stdout:/usr/bin/ceph: stderr
2024-09-19T06:57:36.236+0000 7fce64ff9640 1 -- 172.21.15.50:0/515362199 <== mon.0 v2:172.21.15.50:3300/0 6 ==== mon_command_ack([{"prefix": "get_command_descriptions"}]=0 v0) ==== 72+0+188913 (secure 0 0 0) 0x7fce58041270 con 0x7fce681080c0
2024-09-19T06:57:37.227 INFO:teuthology.orchestra.run.smithi050.stdout:/usr/bin/ceph: stderr
2024-09-19T06:57:36.413+0000 7fce6de60640 1 -- 172.21.15.50:0/515362199 --> [v2:172.21.15.50:3300/0,v1:172.21.15.50:6789/0] -- mon_command({"prefix": "config get", "who": "mgr", "key": "mgr/dashboard/ssl_server_port"} v 0) -- 0x7fce6819f0b0 con 0x7fce681080c0
2024-09-19T06:57:37.227 INFO:teuthology.orchestra.run.smithi050.stdout:/usr/bin/ceph: stderr
2024-09-19T06:57:36.413+0000 7fce64ff9640 1 -- 172.21.15.50:0/515362199 <== mon.0 v2:172.21.15.50:3300/0 7 ==== mon_command_ack([{"prefix": "config get", "who": "mgr", "key": "mgr/dashboard/ssl_server_port"}]=0 v8) ==== 112+0+5 (secure 0 0 0) 0x7fce5803ae20 con 0x7fce681080c0
2024-09-19T06:57:37.227 INFO:teuthology.orchestra.run.smithi050.stdout:/usr/bin/ceph: stderr
2024-09-19T06:57:36.416+0000 7fce6de60640 1 -- 172.21.15.50:0/515362199 >> [v2:172.21.15.50:6800/3714435393,v1:172.21.15.50:6801/3714435393] conn(0x7fce54039200 msgr2=0x7fce5403b6c0 secure :-1 s=STATE_CONNECTION_ESTABLISHED l=1).mark_down
2024-09-19T06:57:37.227 INFO:teuthology.orchestra.run.smithi050.stdout:/usr/bin/ceph: stderr
2024-09-19T06:57:36.416+0000 7fce6de60640 1 --2- 172.21.15.50:0/515362199 >> [v2:172.21.15.50:6800/3714435393,v1:172.21.15.50:6801/3714435393] conn(0x7fce54039200 0x7fce5403b6c0 secure :-1 s=READY pgs=9 cs=0 l=1 rev1=1 crypto rx=0x7fce500098c0 tx=0x7fce50006db0 comp rx=0 tx=0).stop
2024-09-19T06:57:37.227 INFO:teuthology.orchestra.run.smithi050.stdout:/usr/bin/ceph: stderr
2024-09-19T06:57:36.416+0000 7fce6de60640 1 -- 172.21.15.50:0/515362199 >> [v2:172.21.15.50:3300/0,v1:172.21.15.50:6789/0] conn(0x7fce681080c0 msgr2=0x7fce6819b600 secure :-1 s=STATE_CONNECTION_ESTABLISHED l=1).mark_down
2024-09-19T06:57:37.227 INFO:teuthology.orchestra.run.smithi050.stdout:/usr/bin/ceph: stderr
2024-09-19T06:57:36.416+0000 7fce6de60640 1 --2- 172.21.15.50:0/515362199 >> [v2:172.21.15.50:3300/0,v1:172.21.15.50:6789/0] conn(0x7fce681080c0 0x7fce6819b600 secure :-1 s=READY pgs=73 cs=0 l=1 rev1=1 crypto rx=0x7fce58030420 tx=0x7fce58032670 comp rx=0 tx=0).stop
2024-09-19T06:57:37.228 INFO:teuthology.orchestra.run.smithi050.stdout:/usr/bin/ceph: stderr
2024-09-19T06:57:36.416+0000 7fce6de60640 1 -- 172.21.15.50:0/515362199 shutdown_connections
2024-09-19T06:57:37.228 INFO:teuthology.orchestra.run.smithi050.stdout:/usr/bin/ceph: stderr
2024-09-19T06:57:36.416+0000 7fce6de60640 1 --2- 172.21.15.50:0/515362199 >> [v2:172.21.15.50:6800/3714435393,v1:172.21.15.50:6801/3714435393] conn(0x7fce54039200 0x7fce5403b6c0 unknown :-1 s=CLOSED pgs=9 cs=0 l=1 rev1=1 crypto rx=0 tx=0 comp rx=0 tx=0).stop
2024-09-19T06:57:37.228 INFO:teuthology.orchestra.run.smithi050.stdout:/usr/bin/ceph: stderr
2024-09-19T06:57:36.416+0000 7fce6de60640 1 --2- 172.21.15.50:0/515362199 >> [v2:172.21.15.50:3300/0,v1:172.21.15.50:6789/0] conn(0x7fce681080c0 0x7fce6819b600 unknown :-1 s=CLOSED pgs=73 cs=0 l=1 rev1=1 crypto rx=0 tx=0 comp rx=0 tx=0).stop
2024-09-19T06:57:37.228 INFO:teuthology.orchestra.run.smithi050.stdout:/usr/bin/ceph: stderr
2024-09-19T06:57:36.416+0000 7fce6de60640 1 -- 172.21.15.50:0/515362199 >> 172.21.15.50:0/515362199 conn(0x7fce68101ca0 msgr2=0x7fce68102880 unknown :-1 s=STATE_NONE l=0).mark_down
2024-09-19T06:57:37.228 INFO:teuthology.orchestra.run.smithi050.stdout:/usr/bin/ceph: stderr
2024-09-19T06:57:36.416+0000 7fce6de60640 1 -- 172.21.15.50:0/515362199 shutdown_connections
2024-09-19T06:57:37.228 INFO:teuthology.orchestra.run.smithi050.stdout:/usr/bin/ceph: stderr
2024-09-19T06:57:36.416+0000 7fce6de60640 1 -- 172.21.15.50:0/515362199 wait complete.
2024-09-19T06:57:37.234 INFO:teuthology.orchestra.run.smithi050.stdout:Non-zero exit code 1 from systemctl is-enabled firewalld.service
2024-09-19T06:57:37.234 INFO:teuthology.orchestra.run.smithi050.stdout:systemctl: stdout disabled
2024-09-19T06:57:37.242 INFO:teuthology.orchestra.run.smithi050.stdout:Non-zero exit code 3 from systemctl is-active firewalld.service
2024-09-19T06:57:37.242 INFO:teuthology.orchestra.run.smithi050.stdout:systemctl: stdout inactive
2024-09-19T06:57:37.242 INFO:teuthology.orchestra.run.smithi050.stdout:firewalld.service is not enabled
2024-09-19T06:57:37.243 INFO:teuthology.orchestra.run.smithi050.stdout:Not possible to open ports <[8443]>. firewalld.service is not available
2024-09-19T06:57:37.244 INFO:teuthology.orchestra.run.smithi050.stdout:Ceph Dashboard is now available at:
2024-09-19T06:57:37.244 INFO:teuthology.orchestra.run.smithi050.stdout:
2024-09-19T06:57:37.245 INFO:teuthology.orchestra.run.smithi050.stdout: URL: https://smithi050.front.sepia.ceph.com:8443/
2024-09-19T06:57:37.245 INFO:teuthology.orchestra.run.smithi050.stdout: User: admin
2024-09-19T06:57:37.245 INFO:teuthology.orchestra.run.smithi050.stdout: Password: exmww8fxdt
2024-09-19T06:57:37.245 INFO:teuthology.orchestra.run.smithi050.stdout:
2024-09-19T06:57:37.245 INFO:teuthology.orchestra.run.smithi050.stdout:Saving cluster configuration to /var/lib/ceph/2f8a374e-7654-11ef-bceb-c7b262605968/config directory
2024-09-19T06:57:38.474 INFO:teuthology.orchestra.run.smithi050.stdout:/usr/bin/ceph: stderr
2024-09-19T06:57:37.634+0000 7fdae7755640 1 Processor -- start
2024-09-19T06:57:38.474 INFO:teuthology.orchestra.run.smithi050.stdout:/usr/bin/ceph: stderr
2024-09-19T06:57:37.634+0000 7fdae7755640 1 -- start start
2024-09-19T06:57:38.474 INFO:teuthology.orchestra.run.smithi050.stdout:/usr/bin/ceph: stderr
2024-09-19T06:57:37.634+0000 7fdae7755640 1 --2- >> [v2:172.21.15.50:3300/0,v1:172.21.15.50:6789/0] conn(0x7fdae0108110 0x7fdae010a500 unknown :-1 s=NONE pgs=0 cs=0 l=0 rev1=0 crypto rx=0 tx=0 comp rx=0 tx=0).connect
2024-09-19T06:57:38.474 INFO:teuthology.orchestra.run.smithi050.stdout:/usr/bin/ceph: stderr
2024-09-19T06:57:37.634+0000 7fdae7755640 1 -- --> [v2:172.21.15.50:3300/0,v1:172.21.15.50:6789/0] -- mon_getmap magic: 0 -- 0x7fdae007be00 con 0x7fdae0108110
2024-09-19T06:57:38.474 INFO:teuthology.orchestra.run.smithi050.stdout:/usr/bin/ceph: stderr
2024-09-19T06:57:37.634+0000 7fdae54f1640 1 --2- >> [v2:172.21.15.50:3300/0,v1:172.21.15.50:6789/0] conn(0x7fdae0108110 0x7fdae010a500 unknown :-1 s=BANNER_CONNECTING pgs=0 cs=0 l=0 rev1=0 crypto rx=0 tx=0 comp rx=0 tx=0)._handle_peer_banner_payload supported=3 required=0
2024-09-19T06:57:38.474 INFO:teuthology.orchestra.run.smithi050.stdout:/usr/bin/ceph: stderr
2024-09-19T06:57:37.634+0000 7fdae54f1640 1 --2- >> [v2:172.21.15.50:3300/0,v1:172.21.15.50:6789/0] conn(0x7fdae0108110 0x7fdae010a500 unknown :-1 s=HELLO_CONNECTING pgs=0 cs=0 l=0 rev1=1 crypto rx=0 tx=0 comp rx=0 tx=0).handle_hello peer v2:172.21.15.50:3300/0 says I am v2:172.21.15.50:57920/0 (socket says 172.21.15.50:57920)
2024-09-19T06:57:38.474 INFO:teuthology.orchestra.run.smithi050.stdout:/usr/bin/ceph: stderr
2024-09-19T06:57:37.634+0000 7fdae54f1640 1 -- 172.21.15.50:0/1658892582 learned_addr learned my addr 172.21.15.50:0/1658892582 (peer_addr_for_me v2:172.21.15.50:0/0)
2024-09-19T06:57:38.474 INFO:teuthology.orchestra.run.smithi050.stdout:/usr/bin/ceph: stderr
2024-09-19T06:57:37.635+0000 7fdae54f1640 1 -- 172.21.15.50:0/1658892582 --> [v2:172.21.15.50:3300/0,v1:172.21.15.50:6789/0] -- mon_subscribe({config=0+,monmap=0+}) -- 0x7fdae010aa40 con 0x7fdae0108110
2024-09-19T06:57:38.474 INFO:teuthology.orchestra.run.smithi050.stdout:/usr/bin/ceph: stderr
2024-09-19T06:57:37.635+0000 7fdae54f1640 1 --2- 172.21.15.50:0/1658892582 >> [v2:172.21.15.50:3300/0,v1:172.21.15.50:6789/0] conn(0x7fdae0108110 0x7fdae010a500 secure :-1 s=READY pgs=74 cs=0 l=1 rev1=1 crypto rx=0x7fdad0009e80 tx=0x7fdad002a7a0 comp rx=0 tx=0).ready entity=mon.0 client_cookie=2e35d781e8d88447 server_cookie=0 in_seq=0 out_seq=0
2024-09-19T06:57:38.474 INFO:teuthology.orchestra.run.smithi050.stdout:/usr/bin/ceph: stderr
2024-09-19T06:57:37.636+0000 7fdadffff640 1 -- 172.21.15.50:0/1658892582 <== mon.0 v2:172.21.15.50:3300/0 1 ==== mon_map magic: 0 ==== 205+0+0 (secure 0 0 0) 0x7fdad0036070 con 0x7fdae0108110
2024-09-19T06:57:38.474 INFO:teuthology.orchestra.run.smithi050.stdout:/usr/bin/ceph: stderr
2024-09-19T06:57:37.636+0000 7fdadffff640 1 -- 172.21.15.50:0/1658892582 <== mon.0 v2:172.21.15.50:3300/0 2 ==== config(27 keys) ==== 1140+0+0 (secure 0 0 0) 0x7fdad00318e0 con 0x7fdae0108110
2024-09-19T06:57:38.475 INFO:teuthology.orchestra.run.smithi050.stdout:/usr/bin/ceph: stderr
2024-09-19T06:57:37.636+0000 7fdadffff640 1 -- 172.21.15.50:0/1658892582 <== mon.0 v2:172.21.15.50:3300/0 3 ==== mon_map magic: 0 ==== 205+0+0 (secure 0 0 0) 0x7fdad0007a00 con 0x7fdae0108110
2024-09-19T06:57:38.475 INFO:teuthology.orchestra.run.smithi050.stdout:/usr/bin/ceph: stderr
2024-09-19T06:57:37.636+0000 7fdae7755640 1 -- 172.21.15.50:0/1658892582 >> [v2:172.21.15.50:3300/0,v1:172.21.15.50:6789/0] conn(0x7fdae0108110 msgr2=0x7fdae010a500 secure :-1 s=STATE_CONNECTION_ESTABLISHED l=1).mark_down
2024-09-19T06:57:38.475 INFO:teuthology.orchestra.run.smithi050.stdout:/usr/bin/ceph: stderr
2024-09-19T06:57:37.636+0000 7fdae7755640 1 --2- 172.21.15.50:0/1658892582 >> [v2:172.21.15.50:3300/0,v1:172.21.15.50:6789/0] conn(0x7fdae0108110 0x7fdae010a500 secure :-1 s=READY pgs=74 cs=0 l=1 rev1=1 crypto rx=0x7fdad0009e80 tx=0x7fdad002a7a0 comp rx=0 tx=0).stop
2024-09-19T06:57:38.475 INFO:teuthology.orchestra.run.smithi050.stdout:/usr/bin/ceph: stderr
2024-09-19T06:57:37.636+0000 7fdae7755640 1 -- 172.21.15.50:0/1658892582 shutdown_connections
2024-09-19T06:57:38.475 INFO:teuthology.orchestra.run.smithi050.stdout:/usr/bin/ceph: stderr
2024-09-19T06:57:37.636+0000 7fdae7755640 1 --2- 172.21.15.50:0/1658892582 >> [v2:172.21.15.50:3300/0,v1:172.21.15.50:6789/0] conn(0x7fdae0108110 0x7fdae010a500 unknown :-1 s=CLOSED pgs=74 cs=0 l=1 rev1=1 crypto rx=0 tx=0 comp rx=0 tx=0).stop
2024-09-19T06:57:38.475 INFO:teuthology.orchestra.run.smithi050.stdout:/usr/bin/ceph: stderr
2024-09-19T06:57:37.636+0000 7fdae7755640 1 -- 172.21.15.50:0/1658892582 >> 172.21.15.50:0/1658892582 conn(0x7fdae0101cb0 msgr2=0x7fdae01040f0 unknown :-1 s=STATE_NONE l=0).mark_down
2024-09-19T06:57:38.475 INFO:teuthology.orchestra.run.smithi050.stdout:/usr/bin/ceph: stderr
2024-09-19T06:57:37.637+0000 7fdae7755640 1 -- 172.21.15.50:0/1658892582 shutdown_connections
2024-09-19T06:57:38.475 INFO:teuthology.orchestra.run.smithi050.stdout:/usr/bin/ceph: stderr
2024-09-19T06:57:37.637+0000 7fdae7755640 1 -- 172.21.15.50:0/1658892582 wait complete.
2024-09-19T06:57:38.475 INFO:teuthology.orchestra.run.smithi050.stdout:/usr/bin/ceph: stderr
2024-09-19T06:57:37.637+0000 7fdae7755640 1 Processor -- start
2024-09-19T06:57:38.475 INFO:teuthology.orchestra.run.smithi050.stdout:/usr/bin/ceph: stderr
2024-09-19T06:57:37.637+0000 7fdae7755640 1 -- start start
2024-09-19T06:57:38.475 INFO:teuthology.orchestra.run.smithi050.stdout:/usr/bin/ceph: stderr
2024-09-19T06:57:37.637+0000 7fdae7755640 1 --2- >> [v2:172.21.15.50:3300/0,v1:172.21.15.50:6789/0] conn(0x7fdae0108110 0x7fdae019d8e0 unknown :-1 s=NONE pgs=0 cs=0 l=1 rev1=0 crypto rx=0 tx=0 comp rx=0 tx=0).connect
2024-09-19T06:57:38.475 INFO:teuthology.orchestra.run.smithi050.stdout:/usr/bin/ceph: stderr
2024-09-19T06:57:37.637+0000 7fdae7755640 1 -- --> [v2:172.21.15.50:3300/0,v1:172.21.15.50:6789/0] -- mon_getmap magic: 0 -- 0x7fdae010ba60 con 0x7fdae0108110
2024-09-19T06:57:38.475 INFO:teuthology.orchestra.run.smithi050.stdout:/usr/bin/ceph: stderr
2024-09-19T06:57:37.638+0000 7fdae54f1640 1 --2- >> [v2:172.21.15.50:3300/0,v1:172.21.15.50:6789/0] conn(0x7fdae0108110 0x7fdae019d8e0 unknown :-1 s=BANNER_CONNECTING pgs=0 cs=0 l=1 rev1=0 crypto rx=0 tx=0 comp rx=0 tx=0)._handle_peer_banner_payload supported=3 required=0
2024-09-19T06:57:38.476 INFO:teuthology.orchestra.run.smithi050.stdout:/usr/bin/ceph: stderr
2024-09-19T06:57:37.638+0000 7fdae54f1640 1 --2- >> [v2:172.21.15.50:3300/0,v1:172.21.15.50:6789/0] conn(0x7fdae0108110 0x7fdae019d8e0 unknown :-1 s=HELLO_CONNECTING pgs=0 cs=0 l=1 rev1=1 crypto rx=0 tx=0 comp rx=0 tx=0).handle_hello peer v2:172.21.15.50:3300/0 says I am v2:172.21.15.50:57922/0 (socket says 172.21.15.50:57922)
2024-09-19T06:57:38.476 INFO:teuthology.orchestra.run.smithi050.stdout:/usr/bin/ceph: stderr
2024-09-19T06:57:37.638+0000 7fdae54f1640 1 -- 172.21.15.50:0/1234761756 learned_addr learned my addr 172.21.15.50:0/1234761756 (peer_addr_for_me v2:172.21.15.50:0/0)
2024-09-19T06:57:38.476 INFO:teuthology.orchestra.run.smithi050.stdout:/usr/bin/ceph: stderr
2024-09-19T06:57:37.638+0000 7fdae54f1640 1 -- 172.21.15.50:0/1234761756 --> [v2:172.21.15.50:3300/0,v1:172.21.15.50:6789/0] -- mon_subscribe({config=0+,monmap=0+}) -- 0x7fdae019de20 con 0x7fdae0108110
2024-09-19T06:57:38.476 INFO:teuthology.orchestra.run.smithi050.stdout:/usr/bin/ceph: stderr
2024-09-19T06:57:37.638+0000 7fdae54f1640 1 --2- 172.21.15.50:0/1234761756 >> [v2:172.21.15.50:3300/0,v1:172.21.15.50:6789/0] conn(0x7fdae0108110 0x7fdae019d8e0 secure :-1 s=READY pgs=75 cs=0 l=1 rev1=1 crypto rx=0x7fdad002acc0 tx=0x7fdad0031cc0 comp rx=0 tx=0).ready entity=mon.0 client_cookie=0 server_cookie=0 in_seq=0 out_seq=0
2024-09-19T06:57:38.476 INFO:teuthology.orchestra.run.smithi050.stdout:/usr/bin/ceph: stderr
2024-09-19T06:57:37.638+0000 7fdade7fc640 1 -- 172.21.15.50:0/1234761756 <== mon.0 v2:172.21.15.50:3300/0 1 ==== mon_map magic: 0 ==== 205+0+0 (secure 0 0 0) 0x7fdad0036050 con 0x7fdae0108110
2024-09-19T06:57:38.476 INFO:teuthology.orchestra.run.smithi050.stdout:/usr/bin/ceph: stderr
2024-09-19T06:57:37.638+0000 7fdade7fc640 1 -- 172.21.15.50:0/1234761756 <== mon.0 v2:172.21.15.50:3300/0 2 ==== config(27 keys) ==== 1140+0+0 (secure 0 0 0) 0x7fdad0037040 con 0x7fdae0108110
2024-09-19T06:57:38.476 INFO:teuthology.orchestra.run.smithi050.stdout:/usr/bin/ceph: stderr
2024-09-19T06:57:37.638+0000 7fdae7755640 1 -- 172.21.15.50:0/1234761756 --> [v2:172.21.15.50:3300/0,v1:172.21.15.50:6789/0] -- mon_subscribe({mgrmap=0+}) -- 0x7fdae019e0b0 con 0x7fdae0108110
2024-09-19T06:57:38.476 INFO:teuthology.orchestra.run.smithi050.stdout:/usr/bin/ceph: stderr
2024-09-19T06:57:37.638+0000 7fdade7fc640 1 -- 172.21.15.50:0/1234761756 <== mon.0 v2:172.21.15.50:3300/0 3 ==== mon_map magic: 0 ==== 205+0+0 (secure 0 0 0) 0x7fdad003d970 con 0x7fdae0108110
2024-09-19T06:57:38.476 INFO:teuthology.orchestra.run.smithi050.stdout:/usr/bin/ceph: stderr
2024-09-19T06:57:37.638+0000 7fdae7755640 1 -- 172.21.15.50:0/1234761756 --> [v2:172.21.15.50:3300/0,v1:172.21.15.50:6789/0] -- mon_subscribe({osdmap=0}) -- 0x7fdae01a0da0 con 0x7fdae0108110
2024-09-19T06:57:38.476 INFO:teuthology.orchestra.run.smithi050.stdout:/usr/bin/ceph: stderr
2024-09-19T06:57:37.639+0000 7fdade7fc640 1 -- 172.21.15.50:0/1234761756 <== mon.0 v2:172.21.15.50:3300/0 4 ==== mgrmap(e 12) ==== 46474+0+0 (secure 0 0 0) 0x7fdad0044020 con 0x7fdae0108110
2024-09-19T06:57:38.476 INFO:teuthology.orchestra.run.smithi050.stdout:/usr/bin/ceph: stderr
2024-09-19T06:57:37.639+0000 7fdade7fc640 1 --2- 172.21.15.50:0/1234761756 >> [v2:172.21.15.50:6800/3714435393,v1:172.21.15.50:6801/3714435393] conn(0x7fdac8039260 0x7fdac803b720 unknown :-1 s=NONE pgs=0 cs=0 l=1 rev1=0 crypto rx=0 tx=0 comp rx=0 tx=0).connect
2024-09-19T06:57:38.476 INFO:teuthology.orchestra.run.smithi050.stdout:/usr/bin/ceph: stderr
2024-09-19T06:57:37.639+0000 7fdae7755640 1 -- 172.21.15.50:0/1234761756 --> [v2:172.21.15.50:3300/0,v1:172.21.15.50:6789/0] -- mon_command({"prefix": "get_command_descriptions"} v 0) -- 0x7fdae0108570 con 0x7fdae0108110
2024-09-19T06:57:38.476 INFO:teuthology.orchestra.run.smithi050.stdout:/usr/bin/ceph: stderr
2024-09-19T06:57:37.639+0000 7fdade7fc640 1 -- 172.21.15.50:0/1234761756 <== mon.0 v2:172.21.15.50:3300/0 5 ==== osd_map(3..3 src has 1..3) ==== 1155+0+0 (secure 0 0 0) 0x7fdad0042020 con 0x7fdae0108110
2024-09-19T06:57:38.477 INFO:teuthology.orchestra.run.smithi050.stdout:/usr/bin/ceph: stderr
2024-09-19T06:57:37.640+0000 7fdae4cf0640 1 --2- 172.21.15.50:0/1234761756 >> [v2:172.21.15.50:6800/3714435393,v1:172.21.15.50:6801/3714435393] conn(0x7fdac8039260 0x7fdac803b720 unknown :-1 s=BANNER_CONNECTING pgs=0 cs=0 l=1 rev1=0 crypto rx=0 tx=0 comp rx=0 tx=0)._handle_peer_banner_payload supported=3 required=0
2024-09-19T06:57:38.477 INFO:teuthology.orchestra.run.smithi050.stdout:/usr/bin/ceph: stderr
2024-09-19T06:57:37.640+0000 7fdae4cf0640 1 --2- 172.21.15.50:0/1234761756 >> [v2:172.21.15.50:6800/3714435393,v1:172.21.15.50:6801/3714435393] conn(0x7fdac8039260 0x7fdac803b720 secure :-1 s=READY pgs=10 cs=0 l=1 rev1=1 crypto rx=0x7fdad40098c0 tx=0x7fdad4006db0 comp rx=0 tx=0).ready entity=mgr.14150 client_cookie=0 server_cookie=0 in_seq=0 out_seq=0
2024-09-19T06:57:38.477 INFO:teuthology.orchestra.run.smithi050.stdout:/usr/bin/ceph: stderr
2024-09-19T06:57:37.644+0000 7fdade7fc640 1 -- 172.21.15.50:0/1234761756 <== mon.0 v2:172.21.15.50:3300/0 6 ==== mon_command_ack([{"prefix": "get_command_descriptions"}]=0 v0) ==== 72+0+188913 (secure 0 0 0) 0x7fdad004b020 con 0x7fdae0108110
2024-09-19T06:57:38.477 INFO:teuthology.orchestra.run.smithi050.stdout:/usr/bin/ceph: stderr
2024-09-19T06:57:37.912+0000 7fdae7755640 1 -- 172.21.15.50:0/1234761756 --> [v2:172.21.15.50:3300/0,v1:172.21.15.50:6789/0] -- mon_command([{prefix=config-key set, key=mgr/dashboard/cluster/status}] v 0) -- 0x7fdae01a1320 con 0x7fdae0108110
2024-09-19T06:57:38.477 INFO:teuthology.orchestra.run.smithi050.stdout:/usr/bin/ceph: stderr
2024-09-19T06:57:37.914+0000 7fdade7fc640 1 -- 172.21.15.50:0/1234761756 <== mon.0 v2:172.21.15.50:3300/0 7 ==== mon_command_ack([{prefix=config-key set, key=mgr/dashboard/cluster/status}]=0 set mgr/dashboard/cluster/status v28)=0 set mgr/dashboard/cluster/status v28) ==== 153+0+0 (secure 0 0 0) 0x7fdad003bc60 con 0x7fdae0108110
2024-09-19T06:57:38.477 INFO:teuthology.orchestra.run.smithi050.stdout:/usr/bin/ceph: stderr set mgr/dashboard/cluster/status
2024-09-19T06:57:38.477 INFO:teuthology.orchestra.run.smithi050.stdout:/usr/bin/ceph: stderr
2024-09-19T06:57:37.916+0000 7fdae7755640 1 -- 172.21.15.50:0/1234761756 >> [v2:172.21.15.50:6800/3714435393,v1:172.21.15.50:6801/3714435393] conn(0x7fdac8039260 msgr2=0x7fdac803b720 secure :-1 s=STATE_CONNECTION_ESTABLISHED l=1).mark_down
2024-09-19T06:57:38.477 INFO:teuthology.orchestra.run.smithi050.stdout:/usr/bin/ceph: stderr
2024-09-19T06:57:37.916+0000 7fdae7755640 1 --2- 172.21.15.50:0/1234761756 >> [v2:172.21.15.50:6800/3714435393,v1:172.21.15.50:6801/3714435393] conn(0x7fdac8039260 0x7fdac803b720 secure :-1 s=READY pgs=10 cs=0 l=1 rev1=1 crypto rx=0x7fdad40098c0 tx=0x7fdad4006db0 comp rx=0 tx=0).stop
2024-09-19T06:57:38.477 INFO:teuthology.orchestra.run.smithi050.stdout:/usr/bin/ceph: stderr
2024-09-19T06:57:37.916+0000 7fdae7755640 1 -- 172.21.15.50:0/1234761756 >> [v2:172.21.15.50:3300/0,v1:172.21.15.50:6789/0] conn(0x7fdae0108110 msgr2=0x7fdae019d8e0 secure :-1 s=STATE_CONNECTION_ESTABLISHED l=1).mark_down
2024-09-19T06:57:38.477 INFO:teuthology.orchestra.run.smithi050.stdout:/usr/bin/ceph: stderr
2024-09-19T06:57:37.916+0000 7fdae7755640 1 --2- 172.21.15.50:0/1234761756 >> [v2:172.21.15.50:3300/0,v1:172.21.15.50:6789/0] conn(0x7fdae0108110 0x7fdae019d8e0 secure :-1 s=READY pgs=75 cs=0 l=1 rev1=1 crypto rx=0x7fdad002acc0 tx=0x7fdad0031cc0 comp rx=0 tx=0).stop
2024-09-19T06:57:38.477 INFO:teuthology.orchestra.run.smithi050.stdout:/usr/bin/ceph: stderr
2024-09-19T06:57:37.916+0000 7fdae7755640 1 -- 172.21.15.50:0/1234761756 shutdown_connections
2024-09-19T06:57:38.477 INFO:teuthology.orchestra.run.smithi050.stdout:/usr/bin/ceph: stderr
2024-09-19T06:57:37.916+0000 7fdae7755640 1 --2- 172.21.15.50:0/1234761756 >> [v2:172.21.15.50:6800/3714435393,v1:172.21.15.50:6801/3714435393] conn(0x7fdac8039260 0x7fdac803b720 unknown :-1 s=CLOSED pgs=10 cs=0 l=1 rev1=1 crypto rx=0 tx=0 comp rx=0 tx=0).stop
2024-09-19T06:57:38.478 INFO:teuthology.orchestra.run.smithi050.stdout:/usr/bin/ceph: stderr
2024-09-19T06:57:37.916+0000 7fdae7755640 1 --2- 172.21.15.50:0/1234761756 >> [v2:172.21.15.50:3300/0,v1:172.21.15.50:6789/0] conn(0x7fdae0108110 0x7fdae019d8e0 unknown :-1 s=CLOSED pgs=75 cs=0 l=1 rev1=1 crypto rx=0 tx=0 comp rx=0 tx=0).stop
2024-09-19T06:57:38.478 INFO:teuthology.orchestra.run.smithi050.stdout:/usr/bin/ceph: stderr
2024-09-19T06:57:37.916+0000 7fdae7755640 1 -- 172.21.15.50:0/1234761756 >> 172.21.15.50:0/1234761756 conn(0x7fdae0101cb0 msgr2=0x7fdae01028c0 unknown :-1 s=STATE_NONE l=0).mark_down
2024-09-19T06:57:38.478 INFO:teuthology.orchestra.run.smithi050.stdout:/usr/bin/ceph: stderr
2024-09-19T06:57:37.916+0000 7fdae7755640 1 -- 172.21.15.50:0/1234761756 shutdown_connections
2024-09-19T06:57:38.478 INFO:teuthology.orchestra.run.smithi050.stdout:/usr/bin/ceph: stderr
2024-09-19T06:57:37.916+0000 7fdae7755640 1 -- 172.21.15.50:0/1234761756 wait complete.
2024-09-19T06:57:38.478 INFO:teuthology.orchestra.run.smithi050.stdout:You can access the Ceph CLI as following in case of multi-cluster or non-default config:
2024-09-19T06:57:38.478 INFO:teuthology.orchestra.run.smithi050.stdout:
