2024-09-19T06:57:10.868+0000 7f7247fff640 1 -- 172.21.15.50:0/680546664 --> [v2:172.21.15.50:3300/0,v1:172.21.15.50:6789/0] -- mon_subscribe({config=0+,monmap=0+}) -- 0x7f72481076c0 con 0x7f7248106510
2024-09-19T06:57:11.978 INFO:teuthology.orchestra.run.smithi050.stdout:/usr/bin/ceph: stderr
2024-09-19T06:57:10.869+0000 7f7247fff640 1 --2- 172.21.15.50:0/680546664 >> [v2:172.21.15.50:3300/0,v1:172.21.15.50:6789/0] conn(0x7f7248106510 0x7f7248106910 secure :-1 s=READY pgs=39 cs=0 l=1 rev1=1 crypto rx=0x7f7238009820 tx=0x7f723802a270 comp rx=0 tx=0).ready entity=mon.0 client_cookie=bd7d8f28068fa91f server_cookie=0 in_seq=0 out_seq=0
2024-09-19T06:57:11.979 INFO:teuthology.orchestra.run.smithi050.stdout:/usr/bin/ceph: stderr
2024-09-19T06:57:10.869+0000 7f7246ffd640 1 -- 172.21.15.50:0/680546664 <== mon.0 v2:172.21.15.50:3300/0 1 ==== mon_map magic: 0 ==== 205+0+0 (secure 0 0 0) 0x7f7238037070 con 0x7f7248106510
2024-09-19T06:57:11.979 INFO:teuthology.orchestra.run.smithi050.stdout:/usr/bin/ceph: stderr
2024-09-19T06:57:10.869+0000 7f7246ffd640 1 -- 172.21.15.50:0/680546664 <== mon.0 v2:172.21.15.50:3300/0 2 ==== config(27 keys) ==== 1109+0+0 (secure 0 0 0) 0x7f7238032900 con 0x7f7248106510
2024-09-19T06:57:11.979 INFO:teuthology.orchestra.run.smithi050.stdout:/usr/bin/ceph: stderr
2024-09-19T06:57:10.869+0000 7f7246ffd640 1 -- 172.21.15.50:0/680546664 <== mon.0 v2:172.21.15.50:3300/0 3 ==== mon_map magic: 0 ==== 205+0+0 (secure 0 0 0) 0x7f7238030850 con 0x7f7248106510
2024-09-19T06:57:11.979 INFO:teuthology.orchestra.run.smithi050.stdout:/usr/bin/ceph: stderr
2024-09-19T06:57:10.870+0000 7f724e5f5640 1 -- 172.21.15.50:0/680546664 >> [v2:172.21.15.50:3300/0,v1:172.21.15.50:6789/0] conn(0x7f7248106510 msgr2=0x7f7248106910 secure :-1 s=STATE_CONNECTION_ESTABLISHED l=1).mark_down
2024-09-19T06:57:11.979 INFO:teuthology.orchestra.run.smithi050.stdout:/usr/bin/ceph: stderr
2024-09-19T06:57:10.870+0000 7f724e5f5640 1 --2- 172.21.15.50:0/680546664 >> [v2:172.21.15.50:3300/0,v1:172.21.15.50:6789/0] conn(0x7f7248106510 0x7f7248106910 secure :-1 s=READY pgs=39 cs=0 l=1 rev1=1 crypto rx=0x7f7238009820 tx=0x7f723802a270 comp rx=0 tx=0).stop
2024-09-19T06:57:11.979 INFO:teuthology.orchestra.run.smithi050.stdout:/usr/bin/ceph: stderr
2024-09-19T06:57:10.870+0000 7f724e5f5640 1 -- 172.21.15.50:0/680546664 shutdown_connections
2024-09-19T06:57:11.979 INFO:teuthology.orchestra.run.smithi050.stdout:/usr/bin/ceph: stderr
2024-09-19T06:57:10.870+0000 7f724e5f5640 1 --2- 172.21.15.50:0/680546664 >> [v2:172.21.15.50:3300/0,v1:172.21.15.50:6789/0] conn(0x7f7248106510 0x7f7248106910 unknown :-1 s=CLOSED pgs=39 cs=0 l=1 rev1=1 crypto rx=0 tx=0 comp rx=0 tx=0).stop
2024-09-19T06:57:11.979 INFO:teuthology.orchestra.run.smithi050.stdout:/usr/bin/ceph: stderr
2024-09-19T06:57:10.870+0000 7f724e5f5640 1 -- 172.21.15.50:0/680546664 >> 172.21.15.50:0/680546664 conn(0x7f7248101ca0 msgr2=0x7f72481040e0 unknown :-1 s=STATE_NONE l=0).mark_down
2024-09-19T06:57:11.979 INFO:teuthology.orchestra.run.smithi050.stdout:/usr/bin/ceph: stderr
2024-09-19T06:57:10.870+0000 7f724e5f5640 1 -- 172.21.15.50:0/680546664 shutdown_connections
2024-09-19T06:57:11.979 INFO:teuthology.orchestra.run.smithi050.stdout:/usr/bin/ceph: stderr
2024-09-19T06:57:10.870+0000 7f724e5f5640 1 -- 172.21.15.50:0/680546664 wait complete.
2024-09-19T06:57:11.979 INFO:teuthology.orchestra.run.smithi050.stdout:/usr/bin/ceph: stderr
2024-09-19T06:57:10.870+0000 7f724e5f5640 1 Processor -- start
2024-09-19T06:57:11.979 INFO:teuthology.orchestra.run.smithi050.stdout:/usr/bin/ceph: stderr
2024-09-19T06:57:10.870+0000 7f724e5f5640 1 -- start start
2024-09-19T06:57:11.980 INFO:teuthology.orchestra.run.smithi050.stdout:/usr/bin/ceph: stderr
2024-09-19T06:57:10.871+0000 7f724e5f5640 1 --2- >> [v2:172.21.15.50:3300/0,v1:172.21.15.50:6789/0] conn(0x7f7248106510 0x7f724819b630 unknown :-1 s=NONE pgs=0 cs=0 l=1 rev1=0 crypto rx=0 tx=0 comp rx=0 tx=0).connect
2024-09-19T06:57:11.980 INFO:teuthology.orchestra.run.smithi050.stdout:/usr/bin/ceph: stderr
2024-09-19T06:57:10.871+0000 7f724e5f5640 1 -- --> [v2:172.21.15.50:3300/0,v1:172.21.15.50:6789/0] -- mon_getmap magic: 0 -- 0x7f724810aa70 con 0x7f7248106510
2024-09-19T06:57:11.980 INFO:teuthology.orchestra.run.smithi050.stdout:/usr/bin/ceph: stderr
2024-09-19T06:57:10.871+0000 7f7247fff640 1 --2- >> [v2:172.21.15.50:3300/0,v1:172.21.15.50:6789/0] conn(0x7f7248106510 0x7f724819b630 unknown :-1 s=BANNER_CONNECTING pgs=0 cs=0 l=1 rev1=0 crypto rx=0 tx=0 comp rx=0 tx=0)._handle_peer_banner_payload supported=3 required=0
2024-09-19T06:57:11.980 INFO:teuthology.orchestra.run.smithi050.stdout:/usr/bin/ceph: stderr
2024-09-19T06:57:10.871+0000 7f7247fff640 1 --2- >> [v2:172.21.15.50:3300/0,v1:172.21.15.50:6789/0] conn(0x7f7248106510 0x7f724819b630 unknown :-1 s=HELLO_CONNECTING pgs=0 cs=0 l=1 rev1=1 crypto rx=0 tx=0 comp rx=0 tx=0).handle_hello peer v2:172.21.15.50:3300/0 says I am v2:172.21.15.50:41714/0 (socket says 172.21.15.50:41714)
2024-09-19T06:57:11.980 INFO:teuthology.orchestra.run.smithi050.stdout:/usr/bin/ceph: stderr
2024-09-19T06:57:10.871+0000 7f7247fff640 1 -- 172.21.15.50:0/18933244 learned_addr learned my addr 172.21.15.50:0/18933244 (peer_addr_for_me v2:172.21.15.50:0/0)
2024-09-19T06:57:11.980 INFO:teuthology.orchestra.run.smithi050.stdout:/usr/bin/ceph: stderr
2024-09-19T06:57:10.871+0000 7f7247fff640 1 -- 172.21.15.50:0/18933244 --> [v2:172.21.15.50:3300/0,v1:172.21.15.50:6789/0] -- mon_subscribe({config=0+,monmap=0+}) -- 0x7f724819bb70 con 0x7f7248106510
2024-09-19T06:57:11.980 INFO:teuthology.orchestra.run.smithi050.stdout:/usr/bin/ceph: stderr
2024-09-19T06:57:10.871+0000 7f7247fff640 1 --2- 172.21.15.50:0/18933244 >> [v2:172.21.15.50:3300/0,v1:172.21.15.50:6789/0] conn(0x7f7248106510 0x7f724819b630 secure :-1 s=READY pgs=40 cs=0 l=1 rev1=1 crypto rx=0x7f7238009940 tx=0x7f72380326e0 comp rx=0 tx=0).ready entity=mon.0 client_cookie=0 server_cookie=0 in_seq=0 out_seq=0
2024-09-19T06:57:11.980 INFO:teuthology.orchestra.run.smithi050.stdout:/usr/bin/ceph: stderr
2024-09-19T06:57:10.872+0000 7f72457fa640 1 -- 172.21.15.50:0/18933244 <== mon.0 v2:172.21.15.50:3300/0 1 ==== mon_map magic: 0 ==== 205+0+0 (secure 0 0 0) 0x7f7238042070 con 0x7f7248106510
2024-09-19T06:57:11.980 INFO:teuthology.orchestra.run.smithi050.stdout:/usr/bin/ceph: stderr
2024-09-19T06:57:10.872+0000 7f72457fa640 1 -- 172.21.15.50:0/18933244 <== mon.0 v2:172.21.15.50:3300/0 2 ==== config(27 keys) ==== 1109+0+0 (secure 0 0 0) 0x7f7238032be0 con 0x7f7248106510
2024-09-19T06:57:11.980 INFO:teuthology.orchestra.run.smithi050.stdout:/usr/bin/ceph: stderr
2024-09-19T06:57:10.872+0000 7f72457fa640 1 -- 172.21.15.50:0/18933244 <== mon.0 v2:172.21.15.50:3300/0 3 ==== mon_map magic: 0 ==== 205+0+0 (secure 0 0 0) 0x7f7238037040 con 0x7f7248106510
2024-09-19T06:57:11.980 INFO:teuthology.orchestra.run.smithi050.stdout:/usr/bin/ceph: stderr
2024-09-19T06:57:10.872+0000 7f724e5f5640 1 -- 172.21.15.50:0/18933244 --> [v2:172.21.15.50:3300/0,v1:172.21.15.50:6789/0] -- mon_subscribe({mgrmap=0+}) -- 0x7f724819be00 con 0x7f7248106510
2024-09-19T06:57:11.980 INFO:teuthology.orchestra.run.smithi050.stdout:/usr/bin/ceph: stderr
2024-09-19T06:57:10.872+0000 7f724e5f5640 1 -- 172.21.15.50:0/18933244 --> [v2:172.21.15.50:3300/0,v1:172.21.15.50:6789/0] -- mon_subscribe({osdmap=0}) -- 0x7f724819eaf0 con 0x7f7248106510
2024-09-19T06:57:11.980 INFO:teuthology.orchestra.run.smithi050.stdout:/usr/bin/ceph: stderr
2024-09-19T06:57:10.873+0000 7f72457fa640 1 -- 172.21.15.50:0/18933244 <== mon.0 v2:172.21.15.50:3300/0 4 ==== mgrmap(e 8) ==== 46461+0+0 (secure 0 0 0) 0x7f7238045070 con 0x7f7248106510
2024-09-19T06:57:11.980 INFO:teuthology.orchestra.run.smithi050.stdout:/usr/bin/ceph: stderr
2024-09-19T06:57:10.873+0000 7f724e5f5640 1 -- 172.21.15.50:0/18933244 --> [v2:172.21.15.50:3300/0,v1:172.21.15.50:6789/0] -- mon_command({"prefix": "get_command_descriptions"} v 0) -- 0x7f724810abf0 con 0x7f7248106510
2024-09-19T06:57:11.981 INFO:teuthology.orchestra.run.smithi050.stdout:/usr/bin/ceph: stderr
2024-09-19T06:57:10.873+0000 7f72457fa640 1 --2- 172.21.15.50:0/18933244 >> [v2:172.21.15.50:6800/1465330242,v1:172.21.15.50:6801/1465330242] conn(0x7f72300391b0 0x7f723003b670 unknown :-1 s=NONE pgs=0 cs=0 l=1 rev1=0 crypto rx=0 tx=0 comp rx=0 tx=0).connect
2024-09-19T06:57:11.981 INFO:teuthology.orchestra.run.smithi050.stdout:/usr/bin/ceph: stderr
2024-09-19T06:57:10.873+0000 7f72457fa640 1 -- 172.21.15.50:0/18933244 <== mon.0 v2:172.21.15.50:3300/0 5 ==== osd_map(2..2 src has 1..2) ==== 940+0+0 (secure 0 0 0) 0x7f723806c1e0 con 0x7f7248106510
2024-09-19T06:57:11.981 INFO:teuthology.orchestra.run.smithi050.stdout:/usr/bin/ceph: stderr
2024-09-19T06:57:10.873+0000 7f72477fe640 1 --2- 172.21.15.50:0/18933244 >> [v2:172.21.15.50:6800/1465330242,v1:172.21.15.50:6801/1465330242] conn(0x7f72300391b0 0x7f723003b670 unknown :-1 s=BANNER_CONNECTING pgs=0 cs=0 l=1 rev1=0 crypto rx=0 tx=0 comp rx=0 tx=0)._handle_peer_banner_payload supported=3 required=0
2024-09-19T06:57:11.981 INFO:teuthology.orchestra.run.smithi050.stdout:/usr/bin/ceph: stderr
2024-09-19T06:57:10.874+0000 7f72477fe640 1 --2- 172.21.15.50:0/18933244 >> [v2:172.21.15.50:6800/1465330242,v1:172.21.15.50:6801/1465330242] conn(0x7f72300391b0 0x7f723003b670 secure :-1 s=READY pgs=9 cs=0 l=1 rev1=1 crypto rx=0x7f723c0098c0 tx=0x7f723c006db0 comp rx=0 tx=0).ready entity=mgr.14118 client_cookie=0 server_cookie=0 in_seq=0 out_seq=0
2024-09-19T06:57:11.981 INFO:teuthology.orchestra.run.smithi050.stdout:/usr/bin/ceph: stderr
2024-09-19T06:57:10.878+0000 7f72457fa640 1 -- 172.21.15.50:0/18933244 <== mon.0 v2:172.21.15.50:3300/0 6 ==== mon_command_ack([{"prefix": "get_command_descriptions"}]=0 v0) ==== 72+0+188913 (secure 0 0 0) 0x7f723804b170 con 0x7f7248106510
2024-09-19T06:57:11.981 INFO:teuthology.orchestra.run.smithi050.stdout:/usr/bin/ceph: stderr
2024-09-19T06:57:11.060+0000 7f724e5f5640 1 -- 172.21.15.50:0/18933244 --> [v2:172.21.15.50:6800/1465330242,v1:172.21.15.50:6801/1465330242] -- mgr_command(tid 0: {"prefix": "cephadm generate-key", "target": ["mon-mgr", ""]}) -- 0x7f724802daa0 con 0x7f72300391b0
2024-09-19T06:57:11.981 INFO:teuthology.orchestra.run.smithi050.stdout:/usr/bin/ceph: stderr
2024-09-19T06:57:11.459+0000 7f72457fa640 1 -- 172.21.15.50:0/18933244 <== mgr.14118 v2:172.21.15.50:6800/1465330242 1 ==== mgr_command_reply(tid 0: 0 ) ==== 8+0+0 (secure 0 0 0) 0x7f724802daa0 con 0x7f72300391b0
2024-09-19T06:57:11.981 INFO:teuthology.orchestra.run.smithi050.stdout:/usr/bin/ceph: stderr
2024-09-19T06:57:11.461+0000 7f724e5f5640 1 -- 172.21.15.50:0/18933244 >> [v2:172.21.15.50:6800/1465330242,v1:172.21.15.50:6801/1465330242] conn(0x7f72300391b0 msgr2=0x7f723003b670 secure :-1 s=STATE_CONNECTION_ESTABLISHED l=1).mark_down
2024-09-19T06:57:11.981 INFO:teuthology.orchestra.run.smithi050.stdout:/usr/bin/ceph: stderr
2024-09-19T06:57:11.461+0000 7f724e5f5640 1 --2- 172.21.15.50:0/18933244 >> [v2:172.21.15.50:6800/1465330242,v1:172.21.15.50:6801/1465330242] conn(0x7f72300391b0 0x7f723003b670 secure :-1 s=READY pgs=9 cs=0 l=1 rev1=1 crypto rx=0x7f723c0098c0 tx=0x7f723c006db0 comp rx=0 tx=0).stop
2024-09-19T06:57:11.981 INFO:teuthology.orchestra.run.smithi050.stdout:/usr/bin/ceph: stderr
2024-09-19T06:57:11.461+0000 7f724e5f5640 1 -- 172.21.15.50:0/18933244 >> [v2:172.21.15.50:3300/0,v1:172.21.15.50:6789/0] conn(0x7f7248106510 msgr2=0x7f724819b630 secure :-1 s=STATE_CONNECTION_ESTABLISHED l=1).mark_down
2024-09-19T06:57:11.981 INFO:teuthology.orchestra.run.smithi050.stdout:/usr/bin/ceph: stderr
2024-09-19T06:57:11.461+0000 7f724e5f5640 1 --2- 172.21.15.50:0/18933244 >> [v2:172.21.15.50:3300/0,v1:172.21.15.50:6789/0] conn(0x7f7248106510 0x7f724819b630 secure :-1 s=READY pgs=40 cs=0 l=1 rev1=1 crypto rx=0x7f7238009940 tx=0x7f72380326e0 comp rx=0 tx=0).stop
2024-09-19T06:57:11.981 INFO:teuthology.orchestra.run.smithi050.stdout:/usr/bin/ceph: stderr
2024-09-19T06:57:11.461+0000 7f724e5f5640 1 -- 172.21.15.50:0/18933244 shutdown_connections
2024-09-19T06:57:11.982 INFO:teuthology.orchestra.run.smithi050.stdout:/usr/bin/ceph: stderr
2024-09-19T06:57:11.461+0000 7f724e5f5640 1 --2- 172.21.15.50:0/18933244 >> [v2:172.21.15.50:6800/1465330242,v1:172.21.15.50:6801/1465330242] conn(0x7f72300391b0 0x7f723003b670 unknown :-1 s=CLOSED pgs=9 cs=0 l=1 rev1=1 crypto rx=0 tx=0 comp rx=0 tx=0).stop
2024-09-19T06:57:11.982 INFO:teuthology.orchestra.run.smithi050.stdout:/usr/bin/ceph: stderr
2024-09-19T06:57:11.461+0000 7f724e5f5640 1 --2- 172.21.15.50:0/18933244 >> [v2:172.21.15.50:3300/0,v1:172.21.15.50:6789/0] conn(0x7f7248106510 0x7f724819b630 unknown :-1 s=CLOSED pgs=40 cs=0 l=1 rev1=1 crypto rx=0 tx=0 comp rx=0 tx=0).stop
2024-09-19T06:57:11.982 INFO:teuthology.orchestra.run.smithi050.stdout:/usr/bin/ceph: stderr
2024-09-19T06:57:11.461+0000 7f724e5f5640 1 -- 172.21.15.50:0/18933244 >> 172.21.15.50:0/18933244 conn(0x7f7248101ca0 msgr2=0x7f7248102c00 unknown :-1 s=STATE_NONE l=0).mark_down
2024-09-19T06:57:11.982 INFO:teuthology.orchestra.run.smithi050.stdout:/usr/bin/ceph: stderr
2024-09-19T06:57:11.462+0000 7f724e5f5640 1 -- 172.21.15.50:0/18933244 shutdown_connections
2024-09-19T06:57:11.982 INFO:teuthology.orchestra.run.smithi050.stdout:/usr/bin/ceph: stderr
2024-09-19T06:57:11.462+0000 7f724e5f5640 1 -- 172.21.15.50:0/18933244 wait complete.
2024-09-19T06:57:12.570 INFO:journalctl@ceph.mon.a.smithi050.stdout:Sep 19 06:57:12 smithi050 ceph-mon[30955]: from='client.14134 -' entity='client.admin' cmd=[{"prefix": "cephadm generate-key", "target": ["mon-mgr", ""]}]: dispatch
2024-09-19T06:57:12.570 INFO:journalctl@ceph.mon.a.smithi050.stdout:Sep 19 06:57:12 smithi050 ceph-mon[30955]: Generating ssh key...
2024-09-19T06:57:12.570 INFO:journalctl@ceph.mon.a.smithi050.stdout:Sep 19 06:57:12 smithi050 ceph-mon[30955]: from='mgr.14118 172.21.15.50:0/3523578139' entity='mgr.x'
2024-09-19T06:57:12.571 INFO:journalctl@ceph.mon.a.smithi050.stdout:Sep 19 06:57:12 smithi050 ceph-mon[30955]: from='mgr.14118 172.21.15.50:0/3523578139' entity='mgr.x'
2024-09-19T06:57:13.194 INFO:teuthology.orchestra.run.smithi050.stdout:/usr/bin/ceph: stdout ssh-rsa AAAAB3NzaC1yc2EAAAADAQABAAABgQC277VDDtuQ7FgzhUO6puhSEjMsTkkBrzecx2bPk0W+pZWVnlkNluIJvk6y2/a/w7QSnlU00KFXSq9EkX6JBxeVDoCXV8BjfJg9KSuBrDq0VlG8DakUqECe+AjRt59bj3TL6KaM3jbnIF7snReMZJCE1cO5/CjpxEnjXJlcDwl+hGl8lKDD6USpF3/RwCKO9DPucxNCn7bhM2cSubSING1XNABVq26nA1cQlg7UFOj/mThR+NoJL1sN5lGwbsT8jh1PhHr40aoRLBV3SW2ulxg7bRXRXQVVsXj1wnLEPHd8vSKGjlN7qvVqE5yUlgoz4xeMnrVch0u4UHxymnXKdp3RCp/C1smrSulbIQYzPd7XDU3UgXqXKOBhDcyKkekPy/kylkX3BGtW7j+TeYmFGHkrB35d8dlIGNh89dirXXfVF4fL3YFcSu1fv0YcSrHb6XgydbYI3QluOVvIzgzFoJDekrvU1omrfaS0oOY7cxs9rDBCsxJA/Gf+EVBHr8n6XIU= ceph-2f8a374e-7654-11ef-bceb-c7b262605968
2024-09-19T06:57:13.194 INFO:teuthology.orchestra.run.smithi050.stdout:/usr/bin/ceph: stderr
2024-09-19T06:57:12.379+0000 7fa5090b8640 1 Processor -- start
2024-09-19T06:57:13.194 INFO:teuthology.orchestra.run.smithi050.stdout:/usr/bin/ceph: stderr
2024-09-19T06:57:12.379+0000 7fa5090b8640 1 -- start start
2024-09-19T06:57:13.194 INFO:teuthology.orchestra.run.smithi050.stdout:/usr/bin/ceph: stderr
2024-09-19T06:57:12.379+0000 7fa5090b8640 1 --2- >> [v2:172.21.15.50:3300/0,v1:172.21.15.50:6789/0] conn(0x7fa504108130 0x7fa50410a520 unknown :-1 s=NONE pgs=0 cs=0 l=0 rev1=0 crypto rx=0 tx=0 comp rx=0 tx=0).connect
2024-09-19T06:57:13.194 INFO:teuthology.orchestra.run.smithi050.stdout:/usr/bin/ceph: stderr
2024-09-19T06:57:12.379+0000 7fa5090b8640 1 -- --> [v2:172.21.15.50:3300/0,v1:172.21.15.50:6789/0] -- mon_getmap magic: 0 -- 0x7fa50407bde0 con 0x7fa504108130
2024-09-19T06:57:13.194 INFO:teuthology.orchestra.run.smithi050.stdout:/usr/bin/ceph: stderr
2024-09-19T06:57:12.379+0000 7fa502d9d640 1 --2- >> [v2:172.21.15.50:3300/0,v1:172.21.15.50:6789/0] conn(0x7fa504108130 0x7fa50410a520 unknown :-1 s=BANNER_CONNECTING pgs=0 cs=0 l=0 rev1=0 crypto rx=0 tx=0 comp rx=0 tx=0)._handle_peer_banner_payload supported=3 required=0
2024-09-19T06:57:13.194 INFO:teuthology.orchestra.run.smithi050.stdout:/usr/bin/ceph: stderr
2024-09-19T06:57:12.379+0000 7fa502d9d640 1 --2- >> [v2:172.21.15.50:3300/0,v1:172.21.15.50:6789/0] conn(0x7fa504108130 0x7fa50410a520 unknown :-1 s=HELLO_CONNECTING pgs=0 cs=0 l=0 rev1=1 crypto rx=0 tx=0 comp rx=0 tx=0).handle_hello peer v2:172.21.15.50:3300/0 says I am v2:172.21.15.50:41722/0 (socket says 172.21.15.50:41722)
2024-09-19T06:57:13.194 INFO:teuthology.orchestra.run.smithi050.stdout:/usr/bin/ceph: stderr
2024-09-19T06:57:12.379+0000 7fa502d9d640 1 -- 172.21.15.50:0/1148141606 learned_addr learned my addr 172.21.15.50:0/1148141606 (peer_addr_for_me v2:172.21.15.50:0/0)
2024-09-19T06:57:13.194 INFO:teuthology.orchestra.run.smithi050.stdout:/usr/bin/ceph: stderr
2024-09-19T06:57:12.380+0000 7fa502d9d640 1 -- 172.21.15.50:0/1148141606 --> [v2:172.21.15.50:3300/0,v1:172.21.15.50:6789/0] -- mon_subscribe({config=0+,monmap=0+}) -- 0x7fa50410aa60 con 0x7fa504108130
2024-09-19T06:57:13.194 INFO:teuthology.orchestra.run.smithi050.stdout:/usr/bin/ceph: stderr
2024-09-19T06:57:12.380+0000 7fa502d9d640 1 --2- 172.21.15.50:0/1148141606 >> [v2:172.21.15.50:3300/0,v1:172.21.15.50:6789/0] conn(0x7fa504108130 0x7fa50410a520 secure :-1 s=READY pgs=41 cs=0 l=1 rev1=1 crypto rx=0x7fa4f4009820 tx=0x7fa4f402a270 comp rx=0 tx=0).ready entity=mon.0 client_cookie=5f934c26808d1f43 server_cookie=0 in_seq=0 out_seq=0
2024-09-19T06:57:13.194 INFO:teuthology.orchestra.run.smithi050.stdout:/usr/bin/ceph: stderr
2024-09-19T06:57:12.380+0000 7fa501d9b640 1 -- 172.21.15.50:0/1148141606 <== mon.0 v2:172.21.15.50:3300/0 1 ==== mon_map magic: 0 ==== 205+0+0 (secure 0 0 0) 0x7fa4f4037070 con 0x7fa504108130
2024-09-19T06:57:13.195 INFO:teuthology.orchestra.run.smithi050.stdout:/usr/bin/ceph: stderr
2024-09-19T06:57:12.380+0000 7fa501d9b640 1 -- 172.21.15.50:0/1148141606 <== mon.0 v2:172.21.15.50:3300/0 2 ==== config(27 keys) ==== 1109+0+0 (secure 0 0 0) 0x7fa4f4032900 con 0x7fa504108130
2024-09-19T06:57:13.195 INFO:teuthology.orchestra.run.smithi050.stdout:/usr/bin/ceph: stderr
2024-09-19T06:57:12.380+0000 7fa501d9b640 1 -- 172.21.15.50:0/1148141606 <== mon.0 v2:172.21.15.50:3300/0 3 ==== mon_map magic: 0 ==== 205+0+0 (secure 0 0 0) 0x7fa4f4030850 con 0x7fa504108130
2024-09-19T06:57:13.195 INFO:teuthology.orchestra.run.smithi050.stdout:/usr/bin/ceph: stderr
2024-09-19T06:57:12.381+0000 7fa5090b8640 1 -- 172.21.15.50:0/1148141606 >> [v2:172.21.15.50:3300/0,v1:172.21.15.50:6789/0] conn(0x7fa504108130 msgr2=0x7fa50410a520 secure :-1 s=STATE_CONNECTION_ESTABLISHED l=1).mark_down
2024-09-19T06:57:13.195 INFO:teuthology.orchestra.run.smithi050.stdout:/usr/bin/ceph: stderr
2024-09-19T06:57:12.381+0000 7fa5090b8640 1 --2- 172.21.15.50:0/1148141606 >> [v2:172.21.15.50:3300/0,v1:172.21.15.50:6789/0] conn(0x7fa504108130 0x7fa50410a520 secure :-1 s=READY pgs=41 cs=0 l=1 rev1=1 crypto rx=0x7fa4f4009820 tx=0x7fa4f402a270 comp rx=0 tx=0).stop
2024-09-19T06:57:13.195 INFO:teuthology.orchestra.run.smithi050.stdout:/usr/bin/ceph: stderr
2024-09-19T06:57:12.381+0000 7fa5090b8640 1 -- 172.21.15.50:0/1148141606 shutdown_connections
2024-09-19T06:57:13.195 INFO:teuthology.orchestra.run.smithi050.stdout:/usr/bin/ceph: stderr
2024-09-19T06:57:12.381+0000 7fa5090b8640 1 --2- 172.21.15.50:0/1148141606 >> [v2:172.21.15.50:3300/0,v1:172.21.15.50:6789/0] conn(0x7fa504108130 0x7fa50410a520 unknown :-1 s=CLOSED pgs=41 cs=0 l=1 rev1=1 crypto rx=0 tx=0 comp rx=0 tx=0).stop
2024-09-19T06:57:13.195 INFO:teuthology.orchestra.run.smithi050.stdout:/usr/bin/ceph: stderr
2024-09-19T06:57:12.381+0000 7fa5090b8640 1 -- 172.21.15.50:0/1148141606 >> 172.21.15.50:0/1148141606 conn(0x7fa504101cb0 msgr2=0x7fa5041040f0 unknown :-1 s=STATE_NONE l=0).mark_down
2024-09-19T06:57:13.195 INFO:teuthology.orchestra.run.smithi050.stdout:/usr/bin/ceph: stderr
2024-09-19T06:57:12.381+0000 7fa5090b8640 1 -- 172.21.15.50:0/1148141606 shutdown_connections
2024-09-19T06:57:13.195 INFO:teuthology.orchestra.run.smithi050.stdout:/usr/bin/ceph: stderr
2024-09-19T06:57:12.381+0000 7fa5090b8640 1 -- 172.21.15.50:0/1148141606 wait complete.
2024-09-19T06:57:13.195 INFO:teuthology.orchestra.run.smithi050.stdout:/usr/bin/ceph: stderr
2024-09-19T06:57:12.382+0000 7fa5090b8640 1 Processor -- start
2024-09-19T06:57:13.195 INFO:teuthology.orchestra.run.smithi050.stdout:/usr/bin/ceph: stderr
2024-09-19T06:57:12.382+0000 7fa5090b8640 1 -- start start
2024-09-19T06:57:13.195 INFO:teuthology.orchestra.run.smithi050.stdout:/usr/bin/ceph: stderr
2024-09-19T06:57:12.382+0000 7fa5090b8640 1 --2- >> [v2:172.21.15.50:3300/0,v1:172.21.15.50:6789/0] conn(0x7fa504108130 0x7fa50419b690 unknown :-1 s=NONE pgs=0 cs=0 l=1 rev1=0 crypto rx=0 tx=0 comp rx=0 tx=0).connect
2024-09-19T06:57:13.195 INFO:teuthology.orchestra.run.smithi050.stdout:/usr/bin/ceph: stderr
2024-09-19T06:57:12.382+0000 7fa5090b8640 1 -- --> [v2:172.21.15.50:3300/0,v1:172.21.15.50:6789/0] -- mon_getmap magic: 0 -- 0x7fa50410ba40 con 0x7fa504108130
2024-09-19T06:57:13.196 INFO:teuthology.orchestra.run.smithi050.stdout:/usr/bin/ceph: stderr
2024-09-19T06:57:12.382+0000 7fa502d9d640 1 --2- >> [v2:172.21.15.50:3300/0,v1:172.21.15.50:6789/0] conn(0x7fa504108130 0x7fa50419b690 unknown :-1 s=BANNER_CONNECTING pgs=0 cs=0 l=1 rev1=0 crypto rx=0 tx=0 comp rx=0 tx=0)._handle_peer_banner_payload supported=3 required=0
2024-09-19T06:57:13.196 INFO:teuthology.orchestra.run.smithi050.stdout:/usr/bin/ceph: stderr
2024-09-19T06:57:12.382+0000 7fa502d9d640 1 --2- >> [v2:172.21.15.50:3300/0,v1:172.21.15.50:6789/0] conn(0x7fa504108130 0x7fa50419b690 unknown :-1 s=HELLO_CONNECTING pgs=0 cs=0 l=1 rev1=1 crypto rx=0 tx=0 comp rx=0 tx=0).handle_hello peer v2:172.21.15.50:3300/0 says I am v2:172.21.15.50:41724/0 (socket says 172.21.15.50:41724)
2024-09-19T06:57:13.196 INFO:teuthology.orchestra.run.smithi050.stdout:/usr/bin/ceph: stderr
2024-09-19T06:57:12.382+0000 7fa502d9d640 1 -- 172.21.15.50:0/1178277867 learned_addr learned my addr 172.21.15.50:0/1178277867 (peer_addr_for_me v2:172.21.15.50:0/0)
2024-09-19T06:57:13.196 INFO:teuthology.orchestra.run.smithi050.stdout:/usr/bin/ceph: stderr
2024-09-19T06:57:12.382+0000 7fa502d9d640 1 -- 172.21.15.50:0/1178277867 --> [v2:172.21.15.50:3300/0,v1:172.21.15.50:6789/0] -- mon_subscribe({config=0+,monmap=0+}) -- 0x7fa50419bbd0 con 0x7fa504108130
2024-09-19T06:57:13.196 INFO:teuthology.orchestra.run.smithi050.stdout:/usr/bin/ceph: stderr
2024-09-19T06:57:12.383+0000 7fa502d9d640 1 --2- 172.21.15.50:0/1178277867 >> [v2:172.21.15.50:3300/0,v1:172.21.15.50:6789/0] conn(0x7fa504108130 0x7fa50419b690 secure :-1 s=READY pgs=42 cs=0 l=1 rev1=1 crypto rx=0x7fa4f4031000 tx=0x7fa4f40326e0 comp rx=0 tx=0).ready entity=mon.0 client_cookie=0 server_cookie=0 in_seq=0 out_seq=0
2024-09-19T06:57:13.196 INFO:teuthology.orchestra.run.smithi050.stdout:/usr/bin/ceph: stderr
2024-09-19T06:57:12.383+0000 7fa4ebfff640 1 -- 172.21.15.50:0/1178277867 <== mon.0 v2:172.21.15.50:3300/0 1 ==== mon_map magic: 0 ==== 205+0+0 (secure 0 0 0) 0x7fa4f4042070 con 0x7fa504108130
2024-09-19T06:57:13.196 INFO:teuthology.orchestra.run.smithi050.stdout:/usr/bin/ceph: stderr
2024-09-19T06:57:12.383+0000 7fa5090b8640 1 -- 172.21.15.50:0/1178277867 --> [v2:172.21.15.50:3300/0,v1:172.21.15.50:6789/0] -- mon_subscribe({mgrmap=0+}) -- 0x7fa50419be60 con 0x7fa504108130
2024-09-19T06:57:13.196 INFO:teuthology.orchestra.run.smithi050.stdout:/usr/bin/ceph: stderr
2024-09-19T06:57:12.383+0000 7fa4ebfff640 1 -- 172.21.15.50:0/1178277867 <== mon.0 v2:172.21.15.50:3300/0 2 ==== config(27 keys) ==== 1109+0+0 (secure 0 0 0) 0x7fa4f4032be0 con 0x7fa504108130
2024-09-19T06:57:13.196 INFO:teuthology.orchestra.run.smithi050.stdout:/usr/bin/ceph: stderr
2024-09-19T06:57:12.383+0000 7fa4ebfff640 1 -- 172.21.15.50:0/1178277867 <== mon.0 v2:172.21.15.50:3300/0 3 ==== mon_map magic: 0 ==== 205+0+0 (secure 0 0 0) 0x7fa4f4037040 con 0x7fa504108130
2024-09-19T06:57:13.197 INFO:teuthology.orchestra.run.smithi050.stdout:/usr/bin/ceph: stderr
2024-09-19T06:57:12.383+0000 7fa5090b8640 1 -- 172.21.15.50:0/1178277867 --> [v2:172.21.15.50:3300/0,v1:172.21.15.50:6789/0] -- mon_subscribe({osdmap=0}) -- 0x7fa50419eb50 con 0x7fa504108130
2024-09-19T06:57:13.197 INFO:teuthology.orchestra.run.smithi050.stdout:/usr/bin/ceph: stderr
2024-09-19T06:57:12.384+0000 7fa4ebfff640 1 -- 172.21.15.50:0/1178277867 <== mon.0 v2:172.21.15.50:3300/0 4 ==== mgrmap(e 8) ==== 46461+0+0 (secure 0 0 0) 0x7fa4f4045070 con 0x7fa504108130
2024-09-19T06:57:13.197 INFO:teuthology.orchestra.run.smithi050.stdout:/usr/bin/ceph: stderr
2024-09-19T06:57:12.384+0000 7fa5090b8640 1 -- 172.21.15.50:0/1178277867 --> [v2:172.21.15.50:3300/0,v1:172.21.15.50:6789/0] -- mon_command({"prefix": "get_command_descriptions"} v 0) -- 0x7fa504108590 con 0x7fa504108130
2024-09-19T06:57:13.197 INFO:teuthology.orchestra.run.smithi050.stdout:/usr/bin/ceph: stderr
2024-09-19T06:57:12.384+0000 7fa4ebfff640 1 --2- 172.21.15.50:0/1178277867 >> [v2:172.21.15.50:6800/1465330242,v1:172.21.15.50:6801/1465330242] conn(0x7fa4ec0391b0 0x7fa4ec03b670 unknown :-1 s=NONE pgs=0 cs=0 l=1 rev1=0 crypto rx=0 tx=0 comp rx=0 tx=0).connect
2024-09-19T06:57:13.197 INFO:teuthology.orchestra.run.smithi050.stdout:/usr/bin/ceph: stderr
2024-09-19T06:57:12.384+0000 7fa4ebfff640 1 -- 172.21.15.50:0/1178277867 <== mon.0 v2:172.21.15.50:3300/0 5 ==== osd_map(2..2 src has 1..2) ==== 940+0+0 (secure 0 0 0) 0x7fa4f406c2d0 con 0x7fa504108130
2024-09-19T06:57:13.197 INFO:teuthology.orchestra.run.smithi050.stdout:/usr/bin/ceph: stderr
2024-09-19T06:57:12.384+0000 7fa50259c640 1 --2- 172.21.15.50:0/1178277867 >> [v2:172.21.15.50:6800/1465330242,v1:172.21.15.50:6801/1465330242] conn(0x7fa4ec0391b0 0x7fa4ec03b670 unknown :-1 s=BANNER_CONNECTING pgs=0 cs=0 l=1 rev1=0 crypto rx=0 tx=0 comp rx=0 tx=0)._handle_peer_banner_payload supported=3 required=0
2024-09-19T06:57:13.197 INFO:teuthology.orchestra.run.smithi050.stdout:/usr/bin/ceph: stderr
2024-09-19T06:57:12.385+0000 7fa50259c640 1 --2- 172.21.15.50:0/1178277867 >> [v2:172.21.15.50:6800/1465330242,v1:172.21.15.50:6801/1465330242] conn(0x7fa4ec0391b0 0x7fa4ec03b670 secure :-1 s=READY pgs=10 cs=0 l=1 rev1=1 crypto rx=0x7fa4f80098c0 tx=0x7fa4f8006db0 comp rx=0 tx=0).ready entity=mgr.14118 client_cookie=0 server_cookie=0 in_seq=0 out_seq=0
2024-09-19T06:57:13.197 INFO:teuthology.orchestra.run.smithi050.stdout:/usr/bin/ceph: stderr
2024-09-19T06:57:12.389+0000 7fa4ebfff640 1 -- 172.21.15.50:0/1178277867 <== mon.0 v2:172.21.15.50:3300/0 6 ==== mon_command_ack([{"prefix": "get_command_descriptions"}]=0 v0) ==== 72+0+188913 (secure 0 0 0) 0x7fa4f4042210 con 0x7fa504108130
2024-09-19T06:57:13.197 INFO:teuthology.orchestra.run.smithi050.stdout:/usr/bin/ceph: stderr
2024-09-19T06:57:12.569+0000 7fa5090b8640 1 -- 172.21.15.50:0/1178277867 --> [v2:172.21.15.50:6800/1465330242,v1:172.21.15.50:6801/1465330242] -- mgr_command(tid 0: {"prefix": "cephadm get-pub-key", "target": ["mon-mgr", ""]}) -- 0x7fa504102fd0 con 0x7fa4ec0391b0
2024-09-19T06:57:13.197 INFO:teuthology.orchestra.run.smithi050.stdout:/usr/bin/ceph: stderr
2024-09-19T06:57:12.570+0000 7fa4ebfff640 1 -- 172.21.15.50:0/1178277867 <== mgr.14118 v2:172.21.15.50:6800/1465330242 1 ==== mgr_command_reply(tid 0: 0 ) ==== 8+0+595 (secure 0 0 0) 0x7fa504102fd0 con 0x7fa4ec0391b0
2024-09-19T06:57:13.197 INFO:teuthology.orchestra.run.smithi050.stdout:/usr/bin/ceph: stderr
2024-09-19T06:57:12.573+0000 7fa5090b8640 1 -- 172.21.15.50:0/1178277867 >> [v2:172.21.15.50:6800/1465330242,v1:172.21.15.50:6801/1465330242] conn(0x7fa4ec0391b0 msgr2=0x7fa4ec03b670 secure :-1 s=STATE_CONNECTION_ESTABLISHED l=1).mark_down
2024-09-19T06:57:13.197 INFO:teuthology.orchestra.run.smithi050.stdout:/usr/bin/ceph: stderr
2024-09-19T06:57:12.573+0000 7fa5090b8640 1 --2- 172.21.15.50:0/1178277867 >> [v2:172.21.15.50:6800/1465330242,v1:172.21.15.50:6801/1465330242] conn(0x7fa4ec0391b0 0x7fa4ec03b670 secure :-1 s=READY pgs=10 cs=0 l=1 rev1=1 crypto rx=0x7fa4f80098c0 tx=0x7fa4f8006db0 comp rx=0 tx=0).stop
2024-09-19T06:57:13.197 INFO:teuthology.orchestra.run.smithi050.stdout:/usr/bin/ceph: stderr
2024-09-19T06:57:12.573+0000 7fa5090b8640 1 -- 172.21.15.50:0/1178277867 >> [v2:172.21.15.50:3300/0,v1:172.21.15.50:6789/0] conn(0x7fa504108130 msgr2=0x7fa50419b690 secure :-1 s=STATE_CONNECTION_ESTABLISHED l=1).mark_down
2024-09-19T06:57:13.198 INFO:teuthology.orchestra.run.smithi050.stdout:/usr/bin/ceph: stderr
2024-09-19T06:57:12.573+0000 7fa5090b8640 1 --2- 172.21.15.50:0/1178277867 >> [v2:172.21.15.50:3300/0,v1:172.21.15.50:6789/0] conn(0x7fa504108130 0x7fa50419b690 secure :-1 s=READY pgs=42 cs=0 l=1 rev1=1 crypto rx=0x7fa4f4031000 tx=0x7fa4f40326e0 comp rx=0 tx=0).stop
2024-09-19T06:57:13.198 INFO:teuthology.orchestra.run.smithi050.stdout:/usr/bin/ceph: stderr
2024-09-19T06:57:12.573+0000 7fa5090b8640 1 -- 172.21.15.50:0/1178277867 shutdown_connections
2024-09-19T06:57:13.198 INFO:teuthology.orchestra.run.smithi050.stdout:/usr/bin/ceph: stderr
2024-09-19T06:57:12.573+0000 7fa5090b8640 1 --2- 172.21.15.50:0/1178277867 >> [v2:172.21.15.50:6800/1465330242,v1:172.21.15.50:6801/1465330242] conn(0x7fa4ec0391b0 0x7fa4ec03b670 unknown :-1 s=CLOSED pgs=10 cs=0 l=1 rev1=1 crypto rx=0 tx=0 comp rx=0 tx=0).stop
2024-09-19T06:57:13.198 INFO:teuthology.orchestra.run.smithi050.stdout:/usr/bin/ceph: stderr
2024-09-19T06:57:12.573+0000 7fa5090b8640 1 --2- 172.21.15.50:0/1178277867 >> [v2:172.21.15.50:3300/0,v1:172.21.15.50:6789/0] conn(0x7fa504108130 0x7fa50419b690 unknown :-1 s=CLOSED pgs=42 cs=0 l=1 rev1=1 crypto rx=0 tx=0 comp rx=0 tx=0).stop
2024-09-19T06:57:13.198 INFO:teuthology.orchestra.run.smithi050.stdout:/usr/bin/ceph: stderr
2024-09-19T06:57:12.573+0000 7fa5090b8640 1 -- 172.21.15.50:0/1178277867 >> 172.21.15.50:0/1178277867 conn(0x7fa504101cb0 msgr2=0x7fa5041028c0 unknown :-1 s=STATE_NONE l=0).mark_down
2024-09-19T06:57:13.199 INFO:teuthology.orchestra.run.smithi050.stdout:/usr/bin/ceph: stderr
2024-09-19T06:57:12.573+0000 7fa5090b8640 1 -- 172.21.15.50:0/1178277867 shutdown_connections
2024-09-19T06:57:13.199 INFO:teuthology.orchestra.run.smithi050.stdout:/usr/bin/ceph: stderr
2024-09-19T06:57:12.573+0000 7fa5090b8640 1 -- 172.21.15.50:0/1178277867 wait complete.
2024-09-19T06:57:13.199 INFO:teuthology.orchestra.run.smithi050.stdout:Wrote public SSH key to /home/ubuntu/cephtest/ceph.pub
2024-09-19T06:57:13.199 INFO:teuthology.orchestra.run.smithi050.stdout:Adding key to root@localhost authorized_keys...
2024-09-19T06:57:13.203 INFO:teuthology.orchestra.run.smithi050.stdout:Adding host smithi050...
2024-09-19T06:57:13.670 INFO:journalctl@ceph.mon.a.smithi050.stdout:Sep 19 06:57:13 smithi050 ceph-mon[30955]: from='client.14136 -' entity='client.admin' cmd=[{"prefix": "cephadm get-pub-key", "target": ["mon-mgr", ""]}]: dispatch
2024-09-19T06:57:14.555 INFO:journalctl@ceph.mon.a.smithi050.stdout:Sep 19 06:57:14 smithi050 ceph-mon[30955]: from='client.14138 -' entity='client.admin' cmd=[{"prefix": "orch host add", "hostname": "smithi050", "addr": "172.21.15.50", "target": ["mon-mgr", ""]}]: dispatch
2024-09-19T06:57:15.802 INFO:journalctl@ceph.mon.a.smithi050.stdout:Sep 19 06:57:15 smithi050 ceph-mon[30955]: Deploying cephadm binary to smithi050
2024-09-19T06:57:18.309 INFO:teuthology.orchestra.run.smithi050.stdout:/usr/bin/ceph: stdout Added host 'smithi050' with addr '172.21.15.50'
2024-09-19T06:57:18.310 INFO:teuthology.orchestra.run.smithi050.stdout:/usr/bin/ceph: stderr
2024-09-19T06:57:13.629+0000 7f1956be2640 1 Processor -- start
2024-09-19T06:57:18.310 INFO:teuthology.orchestra.run.smithi050.stdout:/usr/bin/ceph: stderr
2024-09-19T06:57:13.629+0000 7f1956be2640 1 -- start start
2024-09-19T06:57:18.310 INFO:teuthology.orchestra.run.smithi050.stdout:/usr/bin/ceph: stderr
2024-09-19T06:57:13.629+0000 7f1956be2640 1 --2- >> [v2:172.21.15.50:3300/0,v1:172.21.15.50:6789/0] conn(0x7f1950108120 0x7f195010a510 unknown :-1 s=NONE pgs=0 cs=0 l=0 rev1=0 crypto rx=0 tx=0 comp rx=0 tx=0).connect
2024-09-19T06:57:18.310 INFO:teuthology.orchestra.run.smithi050.stdout:/usr/bin/ceph: stderr
2024-09-19T06:57:13.629+0000 7f1956be2640 1 -- --> [v2:172.21.15.50:3300/0,v1:172.21.15.50:6789/0] -- mon_getmap magic: 0 -- 0x7f195007bd90 con 0x7f1950108120
2024-09-19T06:57:18.310 INFO:teuthology.orchestra.run.smithi050.stdout:/usr/bin/ceph: stderr
2024-09-19T06:57:13.629+0000 7f195497e640 1 --2- >> [v2:172.21.15.50:3300/0,v1:172.21.15.50:6789/0] conn(0x7f1950108120 0x7f195010a510 unknown :-1 s=BANNER_CONNECTING pgs=0 cs=0 l=0 rev1=0 crypto rx=0 tx=0 comp rx=0 tx=0)._handle_peer_banner_payload supported=3 required=0
2024-09-19T06:57:18.310 INFO:teuthology.orchestra.run.smithi050.stdout:/usr/bin/ceph: stderr
2024-09-19T06:57:13.629+0000 7f195497e640 1 --2- >> [v2:172.21.15.50:3300/0,v1:172.21.15.50:6789/0] conn(0x7f1950108120 0x7f195010a510 unknown :-1 s=HELLO_CONNECTING pgs=0 cs=0 l=0 rev1=1 crypto rx=0 tx=0 comp rx=0 tx=0).handle_hello peer v2:172.21.15.50:3300/0 says I am v2:172.21.15.50:41736/0 (socket says 172.21.15.50:41736)
2024-09-19T06:57:18.310 INFO:teuthology.orchestra.run.smithi050.stdout:/usr/bin/ceph: stderr
2024-09-19T06:57:13.629+0000 7f195497e640 1 -- 172.21.15.50:0/382646417 learned_addr learned my addr 172.21.15.50:0/382646417 (peer_addr_for_me v2:172.21.15.50:0/0)
2024-09-19T06:57:18.310 INFO:teuthology.orchestra.run.smithi050.stdout:/usr/bin/ceph: stderr
2024-09-19T06:57:13.630+0000 7f195497e640 1 -- 172.21.15.50:0/382646417 --> [v2:172.21.15.50:3300/0,v1:172.21.15.50:6789/0] -- mon_subscribe({config=0+,monmap=0+}) -- 0x7f195010aa50 con 0x7f1950108120
2024-09-19T06:57:18.310 INFO:teuthology.orchestra.run.smithi050.stdout:/usr/bin/ceph: stderr
2024-09-19T06:57:13.631+0000 7f195497e640 1 --2- 172.21.15.50:0/382646417 >> [v2:172.21.15.50:3300/0,v1:172.21.15.50:6789/0] conn(0x7f1950108120 0x7f195010a510 secure :-1 s=READY pgs=43 cs=0 l=1 rev1=1 crypto rx=0x7f1944009820 tx=0x7f194402a270 comp rx=0 tx=0).ready entity=mon.0 client_cookie=67f987143e41faad server_cookie=0 in_seq=0 out_seq=0
2024-09-19T06:57:18.310 INFO:teuthology.orchestra.run.smithi050.stdout:/usr/bin/ceph: stderr
2024-09-19T06:57:13.631+0000 7f194f7fe640 1 -- 172.21.15.50:0/382646417 <== mon.0 v2:172.21.15.50:3300/0 1 ==== mon_map magic: 0 ==== 205+0+0 (secure 0 0 0) 0x7f1944037070 con 0x7f1950108120
2024-09-19T06:57:18.310 INFO:teuthology.orchestra.run.smithi050.stdout:/usr/bin/ceph: stderr
2024-09-19T06:57:13.631+0000 7f194f7fe640 1 -- 172.21.15.50:0/382646417 <== mon.0 v2:172.21.15.50:3300/0 2 ==== config(27 keys) ==== 1109+0+0 (secure 0 0 0) 0x7f1944032900 con 0x7f1950108120
2024-09-19T06:57:18.310 INFO:teuthology.orchestra.run.smithi050.stdout:/usr/bin/ceph: stderr
2024-09-19T06:57:13.631+0000 7f194f7fe640 1 -- 172.21.15.50:0/382646417 <== mon.0 v2:172.21.15.50:3300/0 3 ==== mon_map magic: 0 ==== 205+0+0 (secure 0 0 0) 0x7f1944030850 con 0x7f1950108120
2024-09-19T06:57:18.311 INFO:teuthology.orchestra.run.smithi050.stdout:/usr/bin/ceph: stderr
2024-09-19T06:57:13.631+0000 7f1956be2640 1 -- 172.21.15.50:0/382646417 >> [v2:172.21.15.50:3300/0,v1:172.21.15.50:6789/0] conn(0x7f1950108120 msgr2=0x7f195010a510 secure :-1 s=STATE_CONNECTION_ESTABLISHED l=1).mark_down
2024-09-19T06:57:18.311 INFO:teuthology.orchestra.run.smithi050.stdout:/usr/bin/ceph: stderr
2024-09-19T06:57:13.632+0000 7f1956be2640 1 --2- 172.21.15.50:0/382646417 >> [v2:172.21.15.50:3300/0,v1:172.21.15.50:6789/0] conn(0x7f1950108120 0x7f195010a510 secure :-1 s=READY pgs=43 cs=0 l=1 rev1=1 crypto rx=0x7f1944009820 tx=0x7f194402a270 comp rx=0 tx=0).stop
2024-09-19T06:57:18.311 INFO:teuthology.orchestra.run.smithi050.stdout:/usr/bin/ceph: stderr
2024-09-19T06:57:13.632+0000 7f1956be2640 1 -- 172.21.15.50:0/382646417 shutdown_connections
2024-09-19T06:57:18.311 INFO:teuthology.orchestra.run.smithi050.stdout:/usr/bin/ceph: stderr
2024-09-19T06:57:13.632+0000 7f1956be2640 1 --2- 172.21.15.50:0/382646417 >> [v2:172.21.15.50:3300/0,v1:172.21.15.50:6789/0] conn(0x7f1950108120 0x7f195010a510 unknown :-1 s=CLOSED pgs=43 cs=0 l=1 rev1=1 crypto rx=0 tx=0 comp rx=0 tx=0).stop
2024-09-19T06:57:18.311 INFO:teuthology.orchestra.run.smithi050.stdout:/usr/bin/ceph: stderr
2024-09-19T06:57:13.632+0000 7f1956be2640 1 -- 172.21.15.50:0/382646417 >> 172.21.15.50:0/382646417 conn(0x7f1950101ca0 msgr2=0x7f19501040e0 unknown :-1 s=STATE_NONE l=0).mark_down
2024-09-19T06:57:18.311 INFO:teuthology.orchestra.run.smithi050.stdout:/usr/bin/ceph: stderr
2024-09-19T06:57:13.632+0000 7f1956be2640 1 -- 172.21.15.50:0/382646417 shutdown_connections
2024-09-19T06:57:18.311 INFO:teuthology.orchestra.run.smithi050.stdout:/usr/bin/ceph: stderr
2024-09-19T06:57:13.632+0000 7f1956be2640 1 -- 172.21.15.50:0/382646417 wait complete.
2024-09-19T06:57:18.311 INFO:teuthology.orchestra.run.smithi050.stdout:/usr/bin/ceph: stderr
2024-09-19T06:57:13.632+0000 7f1956be2640 1 Processor -- start
2024-09-19T06:57:18.311 INFO:teuthology.orchestra.run.smithi050.stdout:/usr/bin/ceph: stderr
2024-09-19T06:57:13.632+0000 7f1956be2640 1 -- start start
2024-09-19T06:57:18.311 INFO:teuthology.orchestra.run.smithi050.stdout:/usr/bin/ceph: stderr
2024-09-19T06:57:13.633+0000 7f1956be2640 1 --2- >> [v2:172.21.15.50:3300/0,v1:172.21.15.50:6789/0] conn(0x7f1950108120 0x7f195019b5c0 unknown :-1 s=NONE pgs=0 cs=0 l=1 rev1=0 crypto rx=0 tx=0 comp rx=0 tx=0).connect
2024-09-19T06:57:18.311 INFO:teuthology.orchestra.run.smithi050.stdout:/usr/bin/ceph: stderr
2024-09-19T06:57:13.633+0000 7f1956be2640 1 -- --> [v2:172.21.15.50:3300/0,v1:172.21.15.50:6789/0] -- mon_getmap magic: 0 -- 0x7f195010b9d0 con 0x7f1950108120
2024-09-19T06:57:18.311 INFO:teuthology.orchestra.run.smithi050.stdout:/usr/bin/ceph: stderr
2024-09-19T06:57:13.633+0000 7f195497e640 1 --2- >> [v2:172.21.15.50:3300/0,v1:172.21.15.50:6789/0] conn(0x7f1950108120 0x7f195019b5c0 unknown :-1 s=BANNER_CONNECTING pgs=0 cs=0 l=1 rev1=0 crypto rx=0 tx=0 comp rx=0 tx=0)._handle_peer_banner_payload supported=3 required=0
2024-09-19T06:57:18.311 INFO:teuthology.orchestra.run.smithi050.stdout:/usr/bin/ceph: stderr
2024-09-19T06:57:13.633+0000 7f195497e640 1 --2- >> [v2:172.21.15.50:3300/0,v1:172.21.15.50:6789/0] conn(0x7f1950108120 0x7f195019b5c0 unknown :-1 s=HELLO_CONNECTING pgs=0 cs=0 l=1 rev1=1 crypto rx=0 tx=0 comp rx=0 tx=0).handle_hello peer v2:172.21.15.50:3300/0 says I am v2:172.21.15.50:41740/0 (socket says 172.21.15.50:41740)
2024-09-19T06:57:18.312 INFO:teuthology.orchestra.run.smithi050.stdout:/usr/bin/ceph: stderr
2024-09-19T06:57:13.633+0000 7f195497e640 1 -- 172.21.15.50:0/3539067701 learned_addr learned my addr 172.21.15.50:0/3539067701 (peer_addr_for_me v2:172.21.15.50:0/0)
2024-09-19T06:57:18.312 INFO:teuthology.orchestra.run.smithi050.stdout:/usr/bin/ceph: stderr
2024-09-19T06:57:13.633+0000 7f195497e640 1 -- 172.21.15.50:0/3539067701 --> [v2:172.21.15.50:3300/0,v1:172.21.15.50:6789/0] -- mon_subscribe({config=0+,monmap=0+}) -- 0x7f195019bb00 con 0x7f1950108120
2024-09-19T06:57:18.312 INFO:teuthology.orchestra.run.smithi050.stdout:/usr/bin/ceph: stderr
2024-09-19T06:57:13.633+0000 7f195497e640 1 --2- 172.21.15.50:0/3539067701 >> [v2:172.21.15.50:3300/0,v1:172.21.15.50:6789/0] conn(0x7f1950108120 0x7f195019b5c0 secure :-1 s=READY pgs=44 cs=0 l=1 rev1=1 crypto rx=0x7f1944031000 tx=0x7f19440326e0 comp rx=0 tx=0).ready entity=mon.0 client_cookie=0 server_cookie=0 in_seq=0 out_seq=0
2024-09-19T06:57:18.312 INFO:teuthology.orchestra.run.smithi050.stdout:/usr/bin/ceph: stderr
2024-09-19T06:57:13.633+0000 7f194dffb640 1 -- 172.21.15.50:0/3539067701 <== mon.0 v2:172.21.15.50:3300/0 1 ==== mon_map magic: 0 ==== 205+0+0 (secure 0 0 0) 0x7f1944042070 con 0x7f1950108120
2024-09-19T06:57:18.312 INFO:teuthology.orchestra.run.smithi050.stdout:/usr/bin/ceph: stderr
2024-09-19T06:57:13.633+0000 7f194dffb640 1 -- 172.21.15.50:0/3539067701 <== mon.0 v2:172.21.15.50:3300/0 2 ==== config(27 keys) ==== 1109+0+0 (secure 0 0 0) 0x7f1944032be0 con 0x7f1950108120
2024-09-19T06:57:18.312 INFO:teuthology.orchestra.run.smithi050.stdout:/usr/bin/ceph: stderr
2024-09-19T06:57:13.633+0000 7f194dffb640 1 -- 172.21.15.50:0/3539067701 <== mon.0 v2:172.21.15.50:3300/0 3 ==== mon_map magic: 0 ==== 205+0+0 (secure 0 0 0) 0x7f1944037040 con 0x7f1950108120
2024-09-19T06:57:18.312 INFO:teuthology.orchestra.run.smithi050.stdout:/usr/bin/ceph: stderr
2024-09-19T06:57:13.633+0000 7f1956be2640 1 -- 172.21.15.50:0/3539067701 --> [v2:172.21.15.50:3300/0,v1:172.21.15.50:6789/0] -- mon_subscribe({mgrmap=0+}) -- 0x7f195019bd90 con 0x7f1950108120
2024-09-19T06:57:18.312 INFO:teuthology.orchestra.run.smithi050.stdout:/usr/bin/ceph: stderr
2024-09-19T06:57:13.634+0000 7f1956be2640 1 -- 172.21.15.50:0/3539067701 --> [v2:172.21.15.50:3300/0,v1:172.21.15.50:6789/0] -- mon_subscribe({osdmap=0}) -- 0x7f195019ea80 con 0x7f1950108120
2024-09-19T06:57:18.312 INFO:teuthology.orchestra.run.smithi050.stdout:/usr/bin/ceph: stderr
2024-09-19T06:57:13.634+0000 7f194dffb640 1 -- 172.21.15.50:0/3539067701 <== mon.0 v2:172.21.15.50:3300/0 4 ==== mgrmap(e 8) ==== 46461+0+0 (secure 0 0 0) 0x7f1944045070 con 0x7f1950108120
2024-09-19T06:57:18.313 INFO:teuthology.orchestra.run.smithi050.stdout:/usr/bin/ceph: stderr
2024-09-19T06:57:13.635+0000 7f194dffb640 1 --2- 172.21.15.50:0/3539067701 >> [v2:172.21.15.50:6800/1465330242,v1:172.21.15.50:6801/1465330242] conn(0x7f1940039200 0x7f194003b6c0 unknown :-1 s=NONE pgs=0 cs=0 l=1 rev1=0 crypto rx=0 tx=0 comp rx=0 tx=0).connect
2024-09-19T06:57:18.313 INFO:teuthology.orchestra.run.smithi050.stdout:/usr/bin/ceph: stderr
2024-09-19T06:57:13.635+0000 7f1956be2640 1 -- 172.21.15.50:0/3539067701 --> [v2:172.21.15.50:3300/0,v1:172.21.15.50:6789/0] -- mon_command({"prefix": "get_command_descriptions"} v 0) -- 0x7f1950108580 con 0x7f1950108120
2024-09-19T06:57:18.313 INFO:teuthology.orchestra.run.smithi050.stdout:/usr/bin/ceph: stderr
2024-09-19T06:57:13.635+0000 7f194dffb640 1 -- 172.21.15.50:0/3539067701 <== mon.0 v2:172.21.15.50:3300/0 5 ==== osd_map(2..2 src has 1..2) ==== 940+0+0 (secure 0 0 0) 0x7f194406c250 con 0x7f1950108120
2024-09-19T06:57:18.313 INFO:teuthology.orchestra.run.smithi050.stdout:/usr/bin/ceph: stderr
2024-09-19T06:57:13.635+0000 7f194ffff640 1 --2- 172.21.15.50:0/3539067701 >> [v2:172.21.15.50:6800/1465330242,v1:172.21.15.50:6801/1465330242] conn(0x7f1940039200 0x7f194003b6c0 unknown :-1 s=BANNER_CONNECTING pgs=0 cs=0 l=1 rev1=0 crypto rx=0 tx=0 comp rx=0 tx=0)._handle_peer_banner_payload supported=3 required=0
2024-09-19T06:57:18.313 INFO:teuthology.orchestra.run.smithi050.stdout:/usr/bin/ceph: stderr
2024-09-19T06:57:13.635+0000 7f194ffff640 1 --2- 172.21.15.50:0/3539067701 >> [v2:172.21.15.50:6800/1465330242,v1:172.21.15.50:6801/1465330242] conn(0x7f1940039200 0x7f194003b6c0 secure :-1 s=READY pgs=11 cs=0 l=1 rev1=1 crypto rx=0x7f193c0098c0 tx=0x7f193c006db0 comp rx=0 tx=0).ready entity=mgr.14118 client_cookie=0 server_cookie=0 in_seq=0 out_seq=0
2024-09-19T06:57:18.313 INFO:teuthology.orchestra.run.smithi050.stdout:/usr/bin/ceph: stderr
2024-09-19T06:57:13.640+0000 7f194dffb640 1 -- 172.21.15.50:0/3539067701 <== mon.0 v2:172.21.15.50:3300/0 6 ==== mon_command_ack([{"prefix": "get_command_descriptions"}]=0 v0) ==== 72+0+188913 (secure 0 0 0) 0x7f194402f2a0 con 0x7f1950108120
2024-09-19T06:57:18.313 INFO:teuthology.orchestra.run.smithi050.stdout:/usr/bin/ceph: stderr
2024-09-19T06:57:13.822+0000 7f1956be2640 1 -- 172.21.15.50:0/3539067701 --> [v2:172.21.15.50:6800/1465330242,v1:172.21.15.50:6801/1465330242] -- mgr_command(tid 0: {"prefix": "orch host add", "hostname": "smithi050", "addr": "172.21.15.50", "target": ["mon-mgr", ""]}) -- 0x7f1950102f70 con 0x7f1940039200
2024-09-19T06:57:18.313 INFO:teuthology.orchestra.run.smithi050.stdout:/usr/bin/ceph: stderr
2024-09-19T06:57:17.742+0000 7f194dffb640 1 -- 172.21.15.50:0/3539067701 <== mgr.14118 v2:172.21.15.50:6800/1465330242 1 ==== mgr_command_reply(tid 0: 0 ) ==== 8+0+48 (secure 0 0 0) 0x7f1950102f70 con 0x7f1940039200
2024-09-19T06:57:18.313 INFO:teuthology.orchestra.run.smithi050.stdout:/usr/bin/ceph: stderr
2024-09-19T06:57:17.745+0000 7f1956be2640 1 -- 172.21.15.50:0/3539067701 >> [v2:172.21.15.50:6800/1465330242,v1:172.21.15.50:6801/1465330242] conn(0x7f1940039200 msgr2=0x7f194003b6c0 secure :-1 s=STATE_CONNECTION_ESTABLISHED l=1).mark_down
2024-09-19T06:57:18.313 INFO:teuthology.orchestra.run.smithi050.stdout:/usr/bin/ceph: stderr
2024-09-19T06:57:17.745+0000 7f1956be2640 1 --2- 172.21.15.50:0/3539067701 >> [v2:172.21.15.50:6800/1465330242,v1:172.21.15.50:6801/1465330242] conn(0x7f1940039200 0x7f194003b6c0 secure :-1 s=READY pgs=11 cs=0 l=1 rev1=1 crypto rx=0x7f193c0098c0 tx=0x7f193c006db0 comp rx=0 tx=0).stop
2024-09-19T06:57:18.314 INFO:teuthology.orchestra.run.smithi050.stdout:/usr/bin/ceph: stderr
2024-09-19T06:57:17.745+0000 7f1956be2640 1 -- 172.21.15.50:0/3539067701 >> [v2:172.21.15.50:3300/0,v1:172.21.15.50:6789/0] conn(0x7f1950108120 msgr2=0x7f195019b5c0 secure :-1 s=STATE_CONNECTION_ESTABLISHED l=1).mark_down
2024-09-19T06:57:18.314 INFO:teuthology.orchestra.run.smithi050.stdout:/usr/bin/ceph: stderr
2024-09-19T06:57:17.745+0000 7f1956be2640 1 --2- 172.21.15.50:0/3539067701 >> [v2:172.21.15.50:3300/0,v1:172.21.15.50:6789/0] conn(0x7f1950108120 0x7f195019b5c0 secure :-1 s=READY pgs=44 cs=0 l=1 rev1=1 crypto rx=0x7f1944031000 tx=0x7f19440326e0 comp rx=0 tx=0).stop
2024-09-19T06:57:18.314 INFO:teuthology.orchestra.run.smithi050.stdout:/usr/bin/ceph: stderr
2024-09-19T06:57:17.745+0000 7f1956be2640 1 -- 172.21.15.50:0/3539067701 shutdown_connections
2024-09-19T06:57:18.314 INFO:teuthology.orchestra.run.smithi050.stdout:/usr/bin/ceph: stderr
2024-09-19T06:57:17.745+0000 7f1956be2640 1 --2- 172.21.15.50:0/3539067701 >> [v2:172.21.15.50:6800/1465330242,v1:172.21.15.50:6801/1465330242] conn(0x7f1940039200 0x7f194003b6c0 unknown :-1 s=CLOSED pgs=11 cs=0 l=1 rev1=1 crypto rx=0 tx=0 comp rx=0 tx=0).stop
2024-09-19T06:57:18.314 INFO:teuthology.orchestra.run.smithi050.stdout:/usr/bin/ceph: stderr
2024-09-19T06:57:17.745+0000 7f1956be2640 1 --2- 172.21.15.50:0/3539067701 >> [v2:172.21.15.50:3300/0,v1:172.21.15.50:6789/0] conn(0x7f1950108120 0x7f195019b5c0 unknown :-1 s=CLOSED pgs=44 cs=0 l=1 rev1=1 crypto rx=0 tx=0 comp rx=0 tx=0).stop
2024-09-19T06:57:18.314 INFO:teuthology.orchestra.run.smithi050.stdout:/usr/bin/ceph: stderr
2024-09-19T06:57:17.745+0000 7f1956be2640 1 -- 172.21.15.50:0/3539067701 >> 172.21.15.50:0/3539067701 conn(0x7f1950101ca0 msgr2=0x7f1950102860 unknown :-1 s=STATE_NONE l=0).mark_down
2024-09-19T06:57:18.314 INFO:teuthology.orchestra.run.smithi050.stdout:/usr/bin/ceph: stderr
2024-09-19T06:57:17.746+0000 7f1956be2640 1 -- 172.21.15.50:0/3539067701 shutdown_connections
2024-09-19T06:57:18.314 INFO:teuthology.orchestra.run.smithi050.stdout:/usr/bin/ceph: stderr
2024-09-19T06:57:17.746+0000 7f1956be2640 1 -- 172.21.15.50:0/3539067701 wait complete.
2024-09-19T06:57:18.314 INFO:teuthology.orchestra.run.smithi050.stdout:Deploying unmanaged mon service...
2024-09-19T06:57:19.035 INFO:journalctl@ceph.mon.a.smithi050.stdout:Sep 19 06:57:18 smithi050 ceph-mon[30955]: from='mgr.14118 172.21.15.50:0/3523578139' entity='mgr.x'
2024-09-19T06:57:19.035 INFO:journalctl@ceph.mon.a.smithi050.stdout:Sep 19 06:57:18 smithi050 ceph-mon[30955]: Added host smithi050
2024-09-19T06:57:19.035 INFO:journalctl@ceph.mon.a.smithi050.stdout:Sep 19 06:57:18 smithi050 ceph-mon[30955]: from='mgr.14118 172.21.15.50:0/3523578139' entity='mgr.x' cmd=[{"prefix": "config dump", "format": "json"}]: dispatch
2024-09-19T06:57:19.603 INFO:teuthology.orchestra.run.smithi050.stdout:/usr/bin/ceph: stdout Scheduled mon update...
2024-09-19T06:57:19.603 INFO:teuthology.orchestra.run.smithi050.stdout:/usr/bin/ceph: stderr
2024-09-19T06:57:18.838+0000 7efdd5b78640 1 Processor -- start
2024-09-19T06:57:19.603 INFO:teuthology.orchestra.run.smithi050.stdout:/usr/bin/ceph: stderr
2024-09-19T06:57:18.838+0000 7efdd5b78640 1 -- start start
2024-09-19T06:57:19.603 INFO:teuthology.orchestra.run.smithi050.stdout:/usr/bin/ceph: stderr
2024-09-19T06:57:18.838+0000 7efdd5b78640 1 --2- >> [v2:172.21.15.50:3300/0,v1:172.21.15.50:6789/0] conn(0x7efdd0105f00 0x7efdd0106300 unknown :-1 s=NONE pgs=0 cs=0 l=0 rev1=0 crypto rx=0 tx=0 comp rx=0 tx=0).connect
2024-09-19T06:57:19.603 INFO:teuthology.orchestra.run.smithi050.stdout:/usr/bin/ceph: stderr
2024-09-19T06:57:18.838+0000 7efdd5b78640 1 -- --> [v2:172.21.15.50:3300/0,v1:172.21.15.50:6789/0] -- mon_getmap magic: 0 -- 0x7efdd007be00 con 0x7efdd0105f00
2024-09-19T06:57:19.603 INFO:teuthology.orchestra.run.smithi050.stdout:/usr/bin/ceph: stderr
2024-09-19T06:57:18.838+0000 7efdcf7fe640 1 --2- >> [v2:172.21.15.50:3300/0,v1:172.21.15.50:6789/0] conn(0x7efdd0105f00 0x7efdd0106300 unknown :-1 s=BANNER_CONNECTING pgs=0 cs=0 l=0 rev1=0 crypto rx=0 tx=0 comp rx=0 tx=0)._handle_peer_banner_payload supported=3 required=0
2024-09-19T06:57:19.603 INFO:teuthology.orchestra.run.smithi050.stdout:/usr/bin/ceph: stderr
2024-09-19T06:57:18.838+0000 7efdcf7fe640 1 --2- >> [v2:172.21.15.50:3300/0,v1:172.21.15.50:6789/0] conn(0x7efdd0105f00 0x7efdd0106300 unknown :-1 s=HELLO_CONNECTING pgs=0 cs=0 l=0 rev1=1 crypto rx=0 tx=0 comp rx=0 tx=0).handle_hello peer v2:172.21.15.50:3300/0 says I am v2:172.21.15.50:48358/0 (socket says 172.21.15.50:48358)
2024-09-19T06:57:19.603 INFO:teuthology.orchestra.run.smithi050.stdout:/usr/bin/ceph: stderr
2024-09-19T06:57:18.838+0000 7efdcf7fe640 1 -- 172.21.15.50:0/3855199029 learned_addr learned my addr 172.21.15.50:0/3855199029 (peer_addr_for_me v2:172.21.15.50:0/0)
2024-09-19T06:57:19.604 INFO:teuthology.orchestra.run.smithi050.stdout:/usr/bin/ceph: stderr
2024-09-19T06:57:18.839+0000 7efdcf7fe640 1 -- 172.21.15.50:0/3855199029 --> [v2:172.21.15.50:3300/0,v1:172.21.15.50:6789/0] -- mon_subscribe({config=0+,monmap=0+}) -- 0x7efdd0106840 con 0x7efdd0105f00
2024-09-19T06:57:19.604 INFO:teuthology.orchestra.run.smithi050.stdout:/usr/bin/ceph: stderr
