2024-09-19T06:56:58.953 INFO:teuthology.orchestra.run.smithi050.stdout:/usr/bin/ceph: stdout "election_epoch": 5,
2024-09-19T06:56:58.953 INFO:teuthology.orchestra.run.smithi050.stdout:/usr/bin/ceph: stdout "quorum": [
2024-09-19T06:56:58.953 INFO:teuthology.orchestra.run.smithi050.stdout:/usr/bin/ceph: stdout 0
2024-09-19T06:56:58.953 INFO:teuthology.orchestra.run.smithi050.stdout:/usr/bin/ceph: stdout ],
2024-09-19T06:56:58.953 INFO:teuthology.orchestra.run.smithi050.stdout:/usr/bin/ceph: stdout "quorum_names": [
2024-09-19T06:56:58.953 INFO:teuthology.orchestra.run.smithi050.stdout:/usr/bin/ceph: stdout "a"
2024-09-19T06:56:58.953 INFO:teuthology.orchestra.run.smithi050.stdout:/usr/bin/ceph: stdout ],
2024-09-19T06:56:58.954 INFO:teuthology.orchestra.run.smithi050.stdout:/usr/bin/ceph: stdout "quorum_age": 9,
2024-09-19T06:56:58.954 INFO:teuthology.orchestra.run.smithi050.stdout:/usr/bin/ceph: stdout "monmap": {
2024-09-19T06:56:58.954 INFO:teuthology.orchestra.run.smithi050.stdout:/usr/bin/ceph: stdout "epoch": 1,
2024-09-19T06:56:58.954 INFO:teuthology.orchestra.run.smithi050.stdout:/usr/bin/ceph: stdout "min_mon_release_name": "squid",
2024-09-19T06:56:58.954 INFO:teuthology.orchestra.run.smithi050.stdout:/usr/bin/ceph: stdout "num_mons": 1
2024-09-19T06:56:58.954 INFO:teuthology.orchestra.run.smithi050.stdout:/usr/bin/ceph: stdout },
2024-09-19T06:56:58.954 INFO:teuthology.orchestra.run.smithi050.stdout:/usr/bin/ceph: stdout "osdmap": {
2024-09-19T06:56:58.954 INFO:teuthology.orchestra.run.smithi050.stdout:/usr/bin/ceph: stdout "epoch": 1,
2024-09-19T06:56:58.954 INFO:teuthology.orchestra.run.smithi050.stdout:/usr/bin/ceph: stdout "num_osds": 0,
2024-09-19T06:56:58.954 INFO:teuthology.orchestra.run.smithi050.stdout:/usr/bin/ceph: stdout "num_up_osds": 0,
2024-09-19T06:56:58.954 INFO:teuthology.orchestra.run.smithi050.stdout:/usr/bin/ceph: stdout "osd_up_since": 0,
2024-09-19T06:56:58.963 INFO:teuthology.orchestra.run.smithi050.stdout:/usr/bin/ceph: stdout "num_in_osds": 0,
2024-09-19T06:56:58.963 INFO:teuthology.orchestra.run.smithi050.stdout:/usr/bin/ceph: stdout "osd_in_since": 0,
2024-09-19T06:56:58.964 INFO:teuthology.orchestra.run.smithi050.stdout:/usr/bin/ceph: stdout "num_remapped_pgs": 0
2024-09-19T06:56:58.964 INFO:teuthology.orchestra.run.smithi050.stdout:/usr/bin/ceph: stdout },
2024-09-19T06:56:58.964 INFO:teuthology.orchestra.run.smithi050.stdout:/usr/bin/ceph: stdout "pgmap": {
2024-09-19T06:56:58.964 INFO:teuthology.orchestra.run.smithi050.stdout:/usr/bin/ceph: stdout "pgs_by_state": [],
2024-09-19T06:56:58.964 INFO:teuthology.orchestra.run.smithi050.stdout:/usr/bin/ceph: stdout "num_pgs": 0,
2024-09-19T06:56:58.964 INFO:teuthology.orchestra.run.smithi050.stdout:/usr/bin/ceph: stdout "num_pools": 0,
2024-09-19T06:56:58.964 INFO:teuthology.orchestra.run.smithi050.stdout:/usr/bin/ceph: stdout "num_objects": 0,
2024-09-19T06:56:58.964 INFO:teuthology.orchestra.run.smithi050.stdout:/usr/bin/ceph: stdout "data_bytes": 0,
2024-09-19T06:56:58.964 INFO:teuthology.orchestra.run.smithi050.stdout:/usr/bin/ceph: stdout "bytes_used": 0,
2024-09-19T06:56:58.964 INFO:teuthology.orchestra.run.smithi050.stdout:/usr/bin/ceph: stdout "bytes_avail": 0,
2024-09-19T06:56:58.964 INFO:teuthology.orchestra.run.smithi050.stdout:/usr/bin/ceph: stdout "bytes_total": 0
2024-09-19T06:56:58.964 INFO:teuthology.orchestra.run.smithi050.stdout:/usr/bin/ceph: stdout },
2024-09-19T06:56:58.964 INFO:teuthology.orchestra.run.smithi050.stdout:/usr/bin/ceph: stdout "fsmap": {
2024-09-19T06:56:58.965 INFO:teuthology.orchestra.run.smithi050.stdout:/usr/bin/ceph: stdout "epoch": 1,
2024-09-19T06:56:58.965 INFO:teuthology.orchestra.run.smithi050.stdout:/usr/bin/ceph: stdout "btime": "2024-09-19T06:56:44:384668+0000",
2024-09-19T06:56:58.965 INFO:teuthology.orchestra.run.smithi050.stdout:/usr/bin/ceph: stdout "by_rank": [],
2024-09-19T06:56:58.965 INFO:teuthology.orchestra.run.smithi050.stdout:/usr/bin/ceph: stdout "up:standby": 0
2024-09-19T06:56:58.965 INFO:teuthology.orchestra.run.smithi050.stdout:/usr/bin/ceph: stdout },
2024-09-19T06:56:58.965 INFO:teuthology.orchestra.run.smithi050.stdout:/usr/bin/ceph: stdout "mgrmap": {
2024-09-19T06:56:58.965 INFO:teuthology.orchestra.run.smithi050.stdout:/usr/bin/ceph: stdout "available": true,
2024-09-19T06:56:58.965 INFO:teuthology.orchestra.run.smithi050.stdout:/usr/bin/ceph: stdout "num_standbys": 0,
2024-09-19T06:56:58.965 INFO:teuthology.orchestra.run.smithi050.stdout:/usr/bin/ceph: stdout "modules": [
2024-09-19T06:56:58.965 INFO:teuthology.orchestra.run.smithi050.stdout:/usr/bin/ceph: stdout "iostat",
2024-09-19T06:56:58.965 INFO:teuthology.orchestra.run.smithi050.stdout:/usr/bin/ceph: stdout "nfs",
2024-09-19T06:56:58.965 INFO:teuthology.orchestra.run.smithi050.stdout:/usr/bin/ceph: stdout "restful"
2024-09-19T06:56:58.966 INFO:teuthology.orchestra.run.smithi050.stdout:/usr/bin/ceph: stdout ],
2024-09-19T06:56:58.966 INFO:teuthology.orchestra.run.smithi050.stdout:/usr/bin/ceph: stdout "services": {}
2024-09-19T06:56:58.966 INFO:teuthology.orchestra.run.smithi050.stdout:/usr/bin/ceph: stdout },
2024-09-19T06:56:58.966 INFO:teuthology.orchestra.run.smithi050.stdout:/usr/bin/ceph: stdout "servicemap": {
2024-09-19T06:56:58.966 INFO:teuthology.orchestra.run.smithi050.stdout:/usr/bin/ceph: stdout "epoch": 1,
2024-09-19T06:56:58.966 INFO:teuthology.orchestra.run.smithi050.stdout:/usr/bin/ceph: stdout "modified": "2024-09-19T06:56:44.385334+0000",
2024-09-19T06:56:58.966 INFO:teuthology.orchestra.run.smithi050.stdout:/usr/bin/ceph: stdout "services": {}
2024-09-19T06:56:58.966 INFO:teuthology.orchestra.run.smithi050.stdout:/usr/bin/ceph: stdout },
2024-09-19T06:56:58.966 INFO:teuthology.orchestra.run.smithi050.stdout:/usr/bin/ceph: stdout "progress_events": {}
2024-09-19T06:56:58.966 INFO:teuthology.orchestra.run.smithi050.stdout:/usr/bin/ceph: stdout }
2024-09-19T06:56:58.966 INFO:teuthology.orchestra.run.smithi050.stdout:/usr/bin/ceph: stderr
2024-09-19T06:56:58.142+0000 7fa8f8c83640 1 Processor -- start
2024-09-19T06:56:58.966 INFO:teuthology.orchestra.run.smithi050.stdout:/usr/bin/ceph: stderr
2024-09-19T06:56:58.142+0000 7fa8f8c83640 1 -- start start
2024-09-19T06:56:58.966 INFO:teuthology.orchestra.run.smithi050.stdout:/usr/bin/ceph: stderr
2024-09-19T06:56:58.143+0000 7fa8f8c83640 1 --2- >> [v2:172.21.15.50:3300/0,v1:172.21.15.50:6789/0] conn(0x7fa8f41080e0 0x7fa8f410a4d0 unknown :-1 s=NONE pgs=0 cs=0 l=0 rev1=0 crypto rx=0 tx=0 comp rx=0 tx=0).connect
2024-09-19T06:56:58.966 INFO:teuthology.orchestra.run.smithi050.stdout:/usr/bin/ceph: stderr
2024-09-19T06:56:58.143+0000 7fa8f8c83640 1 -- --> [v2:172.21.15.50:3300/0,v1:172.21.15.50:6789/0] -- mon_getmap magic: 0 -- 0x7fa8f407bdd0 con 0x7fa8f41080e0
2024-09-19T06:56:58.966 INFO:teuthology.orchestra.run.smithi050.stdout:/usr/bin/ceph: stderr
2024-09-19T06:56:58.143+0000 7fa8f259c640 1 --2- >> [v2:172.21.15.50:3300/0,v1:172.21.15.50:6789/0] conn(0x7fa8f41080e0 0x7fa8f410a4d0 unknown :-1 s=BANNER_CONNECTING pgs=0 cs=0 l=0 rev1=0 crypto rx=0 tx=0 comp rx=0 tx=0)._handle_peer_banner_payload supported=3 required=0
2024-09-19T06:56:58.967 INFO:teuthology.orchestra.run.smithi050.stdout:/usr/bin/ceph: stderr
2024-09-19T06:56:58.143+0000 7fa8f259c640 1 --2- >> [v2:172.21.15.50:3300/0,v1:172.21.15.50:6789/0] conn(0x7fa8f41080e0 0x7fa8f410a4d0 unknown :-1 s=HELLO_CONNECTING pgs=0 cs=0 l=0 rev1=1 crypto rx=0 tx=0 comp rx=0 tx=0).handle_hello peer v2:172.21.15.50:3300/0 says I am v2:172.21.15.50:45418/0 (socket says 172.21.15.50:45418)
2024-09-19T06:56:58.967 INFO:teuthology.orchestra.run.smithi050.stdout:/usr/bin/ceph: stderr
2024-09-19T06:56:58.143+0000 7fa8f259c640 1 -- 172.21.15.50:0/629619493 learned_addr learned my addr 172.21.15.50:0/629619493 (peer_addr_for_me v2:172.21.15.50:0/0)
2024-09-19T06:56:58.967 INFO:teuthology.orchestra.run.smithi050.stdout:/usr/bin/ceph: stderr
2024-09-19T06:56:58.143+0000 7fa8f259c640 1 -- 172.21.15.50:0/629619493 --> [v2:172.21.15.50:3300/0,v1:172.21.15.50:6789/0] -- mon_subscribe({config=0+,monmap=0+}) -- 0x7fa8f410aa10 con 0x7fa8f41080e0
2024-09-19T06:56:58.967 INFO:teuthology.orchestra.run.smithi050.stdout:/usr/bin/ceph: stderr
2024-09-19T06:56:58.144+0000 7fa8f259c640 1 --2- 172.21.15.50:0/629619493 >> [v2:172.21.15.50:3300/0,v1:172.21.15.50:6789/0] conn(0x7fa8f41080e0 0x7fa8f410a4d0 secure :-1 s=READY pgs=16 cs=0 l=1 rev1=1 crypto rx=0x7fa8ec009820 tx=0x7fa8ec02a270 comp rx=0 tx=0).ready entity=mon.0 client_cookie=a18bcb093b52887 server_cookie=0 in_seq=0 out_seq=0
2024-09-19T06:56:58.967 INFO:teuthology.orchestra.run.smithi050.stdout:/usr/bin/ceph: stderr
2024-09-19T06:56:58.144+0000 7fa8f159a640 1 -- 172.21.15.50:0/629619493 <== mon.0 v2:172.21.15.50:3300/0 1 ==== mon_map magic: 0 ==== 205+0+0 (secure 0 0 0) 0x7fa8ec037070 con 0x7fa8f41080e0
2024-09-19T06:56:58.967 INFO:teuthology.orchestra.run.smithi050.stdout:/usr/bin/ceph: stderr
2024-09-19T06:56:58.144+0000 7fa8f159a640 1 -- 172.21.15.50:0/629619493 <== mon.0 v2:172.21.15.50:3300/0 2 ==== config(27 keys) ==== 1109+0+0 (secure 0 0 0) 0x7fa8ec032900 con 0x7fa8f41080e0
2024-09-19T06:56:58.967 INFO:teuthology.orchestra.run.smithi050.stdout:/usr/bin/ceph: stderr
2024-09-19T06:56:58.144+0000 7fa8f159a640 1 -- 172.21.15.50:0/629619493 <== mon.0 v2:172.21.15.50:3300/0 3 ==== mon_map magic: 0 ==== 205+0+0 (secure 0 0 0) 0x7fa8ec030850 con 0x7fa8f41080e0
2024-09-19T06:56:58.967 INFO:teuthology.orchestra.run.smithi050.stdout:/usr/bin/ceph: stderr
2024-09-19T06:56:58.145+0000 7fa8f8c83640 1 -- 172.21.15.50:0/629619493 >> [v2:172.21.15.50:3300/0,v1:172.21.15.50:6789/0] conn(0x7fa8f41080e0 msgr2=0x7fa8f410a4d0 secure :-1 s=STATE_CONNECTION_ESTABLISHED l=1).mark_down
2024-09-19T06:56:58.967 INFO:teuthology.orchestra.run.smithi050.stdout:/usr/bin/ceph: stderr
2024-09-19T06:56:58.145+0000 7fa8f8c83640 1 --2- 172.21.15.50:0/629619493 >> [v2:172.21.15.50:3300/0,v1:172.21.15.50:6789/0] conn(0x7fa8f41080e0 0x7fa8f410a4d0 secure :-1 s=READY pgs=16 cs=0 l=1 rev1=1 crypto rx=0x7fa8ec009820 tx=0x7fa8ec02a270 comp rx=0 tx=0).stop
2024-09-19T06:56:58.967 INFO:teuthology.orchestra.run.smithi050.stdout:/usr/bin/ceph: stderr
2024-09-19T06:56:58.145+0000 7fa8f8c83640 1 -- 172.21.15.50:0/629619493 shutdown_connections
2024-09-19T06:56:58.967 INFO:teuthology.orchestra.run.smithi050.stdout:/usr/bin/ceph: stderr
2024-09-19T06:56:58.145+0000 7fa8f8c83640 1 --2- 172.21.15.50:0/629619493 >> [v2:172.21.15.50:3300/0,v1:172.21.15.50:6789/0] conn(0x7fa8f41080e0 0x7fa8f410a4d0 unknown :-1 s=CLOSED pgs=16 cs=0 l=1 rev1=1 crypto rx=0 tx=0 comp rx=0 tx=0).stop
2024-09-19T06:56:58.967 INFO:teuthology.orchestra.run.smithi050.stdout:/usr/bin/ceph: stderr
2024-09-19T06:56:58.145+0000 7fa8f8c83640 1 -- 172.21.15.50:0/629619493 >> 172.21.15.50:0/629619493 conn(0x7fa8f4101ca0 msgr2=0x7fa8f41040e0 unknown :-1 s=STATE_NONE l=0).mark_down
2024-09-19T06:56:58.967 INFO:teuthology.orchestra.run.smithi050.stdout:/usr/bin/ceph: stderr
2024-09-19T06:56:58.145+0000 7fa8f8c83640 1 -- 172.21.15.50:0/629619493 shutdown_connections
2024-09-19T06:56:58.967 INFO:teuthology.orchestra.run.smithi050.stdout:/usr/bin/ceph: stderr
2024-09-19T06:56:58.145+0000 7fa8f8c83640 1 -- 172.21.15.50:0/629619493 wait complete.
2024-09-19T06:56:58.967 INFO:teuthology.orchestra.run.smithi050.stdout:/usr/bin/ceph: stderr
2024-09-19T06:56:58.146+0000 7fa8f8c83640 1 Processor -- start
2024-09-19T06:56:58.967 INFO:teuthology.orchestra.run.smithi050.stdout:/usr/bin/ceph: stderr
2024-09-19T06:56:58.146+0000 7fa8f8c83640 1 -- start start
2024-09-19T06:56:58.968 INFO:teuthology.orchestra.run.smithi050.stdout:/usr/bin/ceph: stderr
2024-09-19T06:56:58.146+0000 7fa8f8c83640 1 --2- >> [v2:172.21.15.50:3300/0,v1:172.21.15.50:6789/0] conn(0x7fa8f41080e0 0x7fa8f419b630 unknown :-1 s=NONE pgs=0 cs=0 l=1 rev1=0 crypto rx=0 tx=0 comp rx=0 tx=0).connect
2024-09-19T06:56:58.968 INFO:teuthology.orchestra.run.smithi050.stdout:/usr/bin/ceph: stderr
2024-09-19T06:56:58.146+0000 7fa8f8c83640 1 -- --> [v2:172.21.15.50:3300/0,v1:172.21.15.50:6789/0] -- mon_getmap magic: 0 -- 0x7fa8f410b9f0 con 0x7fa8f41080e0
2024-09-19T06:56:58.968 INFO:teuthology.orchestra.run.smithi050.stdout:/usr/bin/ceph: stderr
2024-09-19T06:56:58.146+0000 7fa8f259c640 1 --2- >> [v2:172.21.15.50:3300/0,v1:172.21.15.50:6789/0] conn(0x7fa8f41080e0 0x7fa8f419b630 unknown :-1 s=BANNER_CONNECTING pgs=0 cs=0 l=1 rev1=0 crypto rx=0 tx=0 comp rx=0 tx=0)._handle_peer_banner_payload supported=3 required=0
2024-09-19T06:56:58.968 INFO:teuthology.orchestra.run.smithi050.stdout:/usr/bin/ceph: stderr
2024-09-19T06:56:58.146+0000 7fa8f259c640 1 --2- >> [v2:172.21.15.50:3300/0,v1:172.21.15.50:6789/0] conn(0x7fa8f41080e0 0x7fa8f419b630 unknown :-1 s=HELLO_CONNECTING pgs=0 cs=0 l=1 rev1=1 crypto rx=0 tx=0 comp rx=0 tx=0).handle_hello peer v2:172.21.15.50:3300/0 says I am v2:172.21.15.50:45434/0 (socket says 172.21.15.50:45434)
2024-09-19T06:56:58.968 INFO:teuthology.orchestra.run.smithi050.stdout:/usr/bin/ceph: stderr
2024-09-19T06:56:58.146+0000 7fa8f259c640 1 -- 172.21.15.50:0/2245557679 learned_addr learned my addr 172.21.15.50:0/2245557679 (peer_addr_for_me v2:172.21.15.50:0/0)
2024-09-19T06:56:58.968 INFO:teuthology.orchestra.run.smithi050.stdout:/usr/bin/ceph: stderr
2024-09-19T06:56:58.146+0000 7fa8f259c640 1 -- 172.21.15.50:0/2245557679 --> [v2:172.21.15.50:3300/0,v1:172.21.15.50:6789/0] -- mon_subscribe({config=0+,monmap=0+}) -- 0x7fa8f419bb70 con 0x7fa8f41080e0
2024-09-19T06:56:58.968 INFO:teuthology.orchestra.run.smithi050.stdout:/usr/bin/ceph: stderr
2024-09-19T06:56:58.147+0000 7fa8f259c640 1 --2- 172.21.15.50:0/2245557679 >> [v2:172.21.15.50:3300/0,v1:172.21.15.50:6789/0] conn(0x7fa8f41080e0 0x7fa8f419b630 secure :-1 s=READY pgs=17 cs=0 l=1 rev1=1 crypto rx=0x7fa8ec031000 tx=0x7fa8ec0326e0 comp rx=0 tx=0).ready entity=mon.0 client_cookie=0 server_cookie=0 in_seq=0 out_seq=0
2024-09-19T06:56:58.968 INFO:teuthology.orchestra.run.smithi050.stdout:/usr/bin/ceph: stderr
2024-09-19T06:56:58.147+0000 7fa8eb7fe640 1 -- 172.21.15.50:0/2245557679 <== mon.0 v2:172.21.15.50:3300/0 1 ==== mon_map magic: 0 ==== 205+0+0 (secure 0 0 0) 0x7fa8ec042070 con 0x7fa8f41080e0
2024-09-19T06:56:58.968 INFO:teuthology.orchestra.run.smithi050.stdout:/usr/bin/ceph: stderr
2024-09-19T06:56:58.147+0000 7fa8eb7fe640 1 -- 172.21.15.50:0/2245557679 <== mon.0 v2:172.21.15.50:3300/0 2 ==== config(27 keys) ==== 1109+0+0 (secure 0 0 0) 0x7fa8ec032be0 con 0x7fa8f41080e0
2024-09-19T06:56:58.968 INFO:teuthology.orchestra.run.smithi050.stdout:/usr/bin/ceph: stderr
2024-09-19T06:56:58.147+0000 7fa8f8c83640 1 -- 172.21.15.50:0/2245557679 --> [v2:172.21.15.50:3300/0,v1:172.21.15.50:6789/0] -- mon_subscribe({mgrmap=0+}) -- 0x7fa8f419be00 con 0x7fa8f41080e0
2024-09-19T06:56:58.968 INFO:teuthology.orchestra.run.smithi050.stdout:/usr/bin/ceph: stderr
2024-09-19T06:56:58.147+0000 7fa8eb7fe640 1 -- 172.21.15.50:0/2245557679 <== mon.0 v2:172.21.15.50:3300/0 3 ==== mon_map magic: 0 ==== 205+0+0 (secure 0 0 0) 0x7fa8ec037040 con 0x7fa8f41080e0
2024-09-19T06:56:58.968 INFO:teuthology.orchestra.run.smithi050.stdout:/usr/bin/ceph: stderr
2024-09-19T06:56:58.147+0000 7fa8f8c83640 1 -- 172.21.15.50:0/2245557679 --> [v2:172.21.15.50:3300/0,v1:172.21.15.50:6789/0] -- mon_subscribe({osdmap=0}) -- 0x7fa8f419eaf0 con 0x7fa8f41080e0
2024-09-19T06:56:58.968 INFO:teuthology.orchestra.run.smithi050.stdout:/usr/bin/ceph: stderr
2024-09-19T06:56:58.148+0000 7fa8eb7fe640 1 -- 172.21.15.50:0/2245557679 <== mon.0 v2:172.21.15.50:3300/0 4 ==== mgrmap(e 3) ==== 46344+0+0 (secure 0 0 0) 0x7fa8ec045070 con 0x7fa8f41080e0
2024-09-19T06:56:58.969 INFO:teuthology.orchestra.run.smithi050.stdout:/usr/bin/ceph: stderr
2024-09-19T06:56:58.148+0000 7fa8eb7fe640 1 --2- 172.21.15.50:0/2245557679 >> [v2:172.21.15.50:6800/369264057,v1:172.21.15.50:6801/369264057] conn(0x7fa8e00390a0 0x7fa8e003b560 unknown :-1 s=NONE pgs=0 cs=0 l=1 rev1=0 crypto rx=0 tx=0 comp rx=0 tx=0).connect
2024-09-19T06:56:58.969 INFO:teuthology.orchestra.run.smithi050.stdout:/usr/bin/ceph: stderr
2024-09-19T06:56:58.148+0000 7fa8f8c83640 1 -- 172.21.15.50:0/2245557679 --> [v2:172.21.15.50:3300/0,v1:172.21.15.50:6789/0] -- mon_command({"prefix": "get_command_descriptions"} v 0) -- 0x7fa8f4108540 con 0x7fa8f41080e0
2024-09-19T06:56:58.969 INFO:teuthology.orchestra.run.smithi050.stdout:/usr/bin/ceph: stderr
2024-09-19T06:56:58.148+0000 7fa8eb7fe640 1 -- 172.21.15.50:0/2245557679 <== mon.0 v2:172.21.15.50:3300/0 5 ==== osd_map(1..1 src has 1..1) ==== 725+0+0 (secure 0 0 0) 0x7fa8ec06bfe0 con 0x7fa8f41080e0
2024-09-19T06:56:58.969 INFO:teuthology.orchestra.run.smithi050.stdout:/usr/bin/ceph: stderr
2024-09-19T06:56:58.148+0000 7fa8f1d9b640 1 --2- 172.21.15.50:0/2245557679 >> [v2:172.21.15.50:6800/369264057,v1:172.21.15.50:6801/369264057] conn(0x7fa8e00390a0 0x7fa8e003b560 unknown :-1 s=BANNER_CONNECTING pgs=0 cs=0 l=1 rev1=0 crypto rx=0 tx=0 comp rx=0 tx=0)._handle_peer_banner_payload supported=3 required=0
2024-09-19T06:56:58.969 INFO:teuthology.orchestra.run.smithi050.stdout:/usr/bin/ceph: stderr
2024-09-19T06:56:58.149+0000 7fa8f1d9b640 1 --2- 172.21.15.50:0/2245557679 >> [v2:172.21.15.50:6800/369264057,v1:172.21.15.50:6801/369264057] conn(0x7fa8e00390a0 0x7fa8e003b560 secure :-1 s=READY pgs=6 cs=0 l=1 rev1=1 crypto rx=0x7fa8dc0098c0 tx=0x7fa8dc006db0 comp rx=0 tx=0).ready entity=mgr.14100 client_cookie=0 server_cookie=0 in_seq=0 out_seq=0
2024-09-19T06:56:58.969 INFO:teuthology.orchestra.run.smithi050.stdout:/usr/bin/ceph: stderr
2024-09-19T06:56:58.153+0000 7fa8eb7fe640 1 -- 172.21.15.50:0/2245557679 <== mon.0 v2:172.21.15.50:3300/0 6 ==== mon_command_ack([{"prefix": "get_command_descriptions"}]=0 v0) ==== 72+0+188913 (secure 0 0 0) 0x7fa8ec042210 con 0x7fa8f41080e0
2024-09-19T06:56:58.969 INFO:teuthology.orchestra.run.smithi050.stdout:/usr/bin/ceph: stderr
2024-09-19T06:56:58.360+0000 7fa8eb7fe640 1 -- 172.21.15.50:0/2245557679 <== mon.0 v2:172.21.15.50:3300/0 7 ==== mgrmap(e 4) ==== 46450+0+0 (secure 0 0 0) 0x7fa8ec047440 con 0x7fa8f41080e0
2024-09-19T06:56:58.969 INFO:teuthology.orchestra.run.smithi050.stdout:/usr/bin/ceph: stderr
2024-09-19T06:56:58.397+0000 7fa8f8c83640 1 -- 172.21.15.50:0/2245557679 --> [v2:172.21.15.50:3300/0,v1:172.21.15.50:6789/0] -- mon_command({"prefix": "status", "format": "json-pretty"} v 0) -- 0x7fa8f419ecc0 con 0x7fa8f41080e0
2024-09-19T06:56:58.969 INFO:teuthology.orchestra.run.smithi050.stdout:/usr/bin/ceph: stderr
2024-09-19T06:56:58.397+0000 7fa8eb7fe640 1 -- 172.21.15.50:0/2245557679 <== mon.0 v2:172.21.15.50:3300/0 8 ==== mon_command_ack([{"prefix": "status", "format": "json-pretty"}]=0 v0) ==== 79+0+1290 (secure 0 0 0) 0x7fa8ec06fe50 con 0x7fa8f41080e0
2024-09-19T06:56:58.969 INFO:teuthology.orchestra.run.smithi050.stdout:/usr/bin/ceph: stderr
2024-09-19T06:56:58.399+0000 7fa8f8c83640 1 -- 172.21.15.50:0/2245557679 >> [v2:172.21.15.50:6800/369264057,v1:172.21.15.50:6801/369264057] conn(0x7fa8e00390a0 msgr2=0x7fa8e003b560 secure :-1 s=STATE_CONNECTION_ESTABLISHED l=1).mark_down
2024-09-19T06:56:58.969 INFO:teuthology.orchestra.run.smithi050.stdout:/usr/bin/ceph: stderr
2024-09-19T06:56:58.399+0000 7fa8f8c83640 1 --2- 172.21.15.50:0/2245557679 >> [v2:172.21.15.50:6800/369264057,v1:172.21.15.50:6801/369264057] conn(0x7fa8e00390a0 0x7fa8e003b560 secure :-1 s=READY pgs=6 cs=0 l=1 rev1=1 crypto rx=0x7fa8dc0098c0 tx=0x7fa8dc006db0 comp rx=0 tx=0).stop
2024-09-19T06:56:58.969 INFO:teuthology.orchestra.run.smithi050.stdout:/usr/bin/ceph: stderr
2024-09-19T06:56:58.399+0000 7fa8f8c83640 1 -- 172.21.15.50:0/2245557679 >> [v2:172.21.15.50:3300/0,v1:172.21.15.50:6789/0] conn(0x7fa8f41080e0 msgr2=0x7fa8f419b630 secure :-1 s=STATE_CONNECTION_ESTABLISHED l=1).mark_down
2024-09-19T06:56:58.969 INFO:teuthology.orchestra.run.smithi050.stdout:/usr/bin/ceph: stderr
2024-09-19T06:56:58.399+0000 7fa8f8c83640 1 --2- 172.21.15.50:0/2245557679 >> [v2:172.21.15.50:3300/0,v1:172.21.15.50:6789/0] conn(0x7fa8f41080e0 0x7fa8f419b630 secure :-1 s=READY pgs=17 cs=0 l=1 rev1=1 crypto rx=0x7fa8ec031000 tx=0x7fa8ec0326e0 comp rx=0 tx=0).stop
2024-09-19T06:56:58.970 INFO:teuthology.orchestra.run.smithi050.stdout:/usr/bin/ceph: stderr
2024-09-19T06:56:58.400+0000 7fa8f8c83640 1 -- 172.21.15.50:0/2245557679 shutdown_connections
2024-09-19T06:56:58.970 INFO:teuthology.orchestra.run.smithi050.stdout:/usr/bin/ceph: stderr
2024-09-19T06:56:58.400+0000 7fa8f8c83640 1 --2- 172.21.15.50:0/2245557679 >> [v2:172.21.15.50:6800/369264057,v1:172.21.15.50:6801/369264057] conn(0x7fa8e00390a0 0x7fa8e003b560 unknown :-1 s=CLOSED pgs=6 cs=0 l=1 rev1=1 crypto rx=0 tx=0 comp rx=0 tx=0).stop
2024-09-19T06:56:58.970 INFO:teuthology.orchestra.run.smithi050.stdout:/usr/bin/ceph: stderr
2024-09-19T06:56:58.400+0000 7fa8f8c83640 1 --2- 172.21.15.50:0/2245557679 >> [v2:172.21.15.50:3300/0,v1:172.21.15.50:6789/0] conn(0x7fa8f41080e0 0x7fa8f419b630 unknown :-1 s=CLOSED pgs=17 cs=0 l=1 rev1=1 crypto rx=0 tx=0 comp rx=0 tx=0).stop
2024-09-19T06:56:58.970 INFO:teuthology.orchestra.run.smithi050.stdout:/usr/bin/ceph: stderr
2024-09-19T06:56:58.400+0000 7fa8f8c83640 1 -- 172.21.15.50:0/2245557679 >> 172.21.15.50:0/2245557679 conn(0x7fa8f4101ca0 msgr2=0x7fa8f4102860 unknown :-1 s=STATE_NONE l=0).mark_down
2024-09-19T06:56:58.970 INFO:teuthology.orchestra.run.smithi050.stdout:/usr/bin/ceph: stderr
2024-09-19T06:56:58.400+0000 7fa8f8c83640 1 -- 172.21.15.50:0/2245557679 shutdown_connections
2024-09-19T06:56:58.970 INFO:teuthology.orchestra.run.smithi050.stdout:/usr/bin/ceph: stderr
2024-09-19T06:56:58.400+0000 7fa8f8c83640 1 -- 172.21.15.50:0/2245557679 wait complete.
2024-09-19T06:56:58.970 INFO:teuthology.orchestra.run.smithi050.stdout:mgr is available
2024-09-19T06:56:59.571 INFO:journalctl@ceph.mon.a.smithi050.stdout:Sep 19 06:56:59 smithi050 ceph-mon[30955]: mgrmap e4: x(active, since 2s)
2024-09-19T06:56:59.571 INFO:journalctl@ceph.mon.a.smithi050.stdout:Sep 19 06:56:59 smithi050 ceph-mon[30955]: from='client.? 172.21.15.50:0/2245557679' entity='client.admin' cmd=[{"prefix": "status", "format": "json-pretty"}]: dispatch
2024-09-19T06:57:00.139 INFO:teuthology.orchestra.run.smithi050.stdout:/usr/bin/ceph: stdout
2024-09-19T06:57:00.139 INFO:teuthology.orchestra.run.smithi050.stdout:/usr/bin/ceph: stdout [global]
2024-09-19T06:57:00.139 INFO:teuthology.orchestra.run.smithi050.stdout:/usr/bin/ceph: stdout fsid = 2f8a374e-7654-11ef-bceb-c7b262605968
2024-09-19T06:57:00.139 INFO:teuthology.orchestra.run.smithi050.stdout:/usr/bin/ceph: stdout mon_host = [v2:172.21.15.50:3300,v1:172.21.15.50:6789]
2024-09-19T06:57:00.139 INFO:teuthology.orchestra.run.smithi050.stdout:/usr/bin/ceph: stdout mon_osd_allow_pg_remap = true
2024-09-19T06:57:00.139 INFO:teuthology.orchestra.run.smithi050.stdout:/usr/bin/ceph: stdout mon_osd_allow_primary_affinity = true
2024-09-19T06:57:00.139 INFO:teuthology.orchestra.run.smithi050.stdout:/usr/bin/ceph: stdout mon_warn_on_no_sortbitwise = false
2024-09-19T06:57:00.139 INFO:teuthology.orchestra.run.smithi050.stdout:/usr/bin/ceph: stdout osd_crush_chooseleaf_type = 0
2024-09-19T06:57:00.139 INFO:teuthology.orchestra.run.smithi050.stdout:/usr/bin/ceph: stdout
2024-09-19T06:57:00.139 INFO:teuthology.orchestra.run.smithi050.stdout:/usr/bin/ceph: stdout [mgr]
2024-09-19T06:57:00.140 INFO:teuthology.orchestra.run.smithi050.stdout:/usr/bin/ceph: stdout mgr/telemetry/nag = false
2024-09-19T06:57:00.140 INFO:teuthology.orchestra.run.smithi050.stdout:/usr/bin/ceph: stdout
2024-09-19T06:57:00.140 INFO:teuthology.orchestra.run.smithi050.stdout:/usr/bin/ceph: stdout [osd]
2024-09-19T06:57:00.140 INFO:teuthology.orchestra.run.smithi050.stdout:/usr/bin/ceph: stdout mon_osd_backfillfull_ratio = 0.85
2024-09-19T06:57:00.140 INFO:teuthology.orchestra.run.smithi050.stdout:/usr/bin/ceph: stdout mon_osd_full_ratio = 0.9
2024-09-19T06:57:00.140 INFO:teuthology.orchestra.run.smithi050.stdout:/usr/bin/ceph: stdout mon_osd_nearfull_ratio = 0.8
2024-09-19T06:57:00.140 INFO:teuthology.orchestra.run.smithi050.stdout:/usr/bin/ceph: stdout osd_map_max_advance = 10
2024-09-19T06:57:00.140 INFO:teuthology.orchestra.run.smithi050.stdout:/usr/bin/ceph: stdout osd_sloppy_crc = true
2024-09-19T06:57:00.140 INFO:teuthology.orchestra.run.smithi050.stdout:/usr/bin/ceph: stderr
2024-09-19T06:56:59.380+0000 7fa7b2210640 1 Processor -- start
2024-09-19T06:57:00.140 INFO:teuthology.orchestra.run.smithi050.stdout:/usr/bin/ceph: stderr
2024-09-19T06:56:59.380+0000 7fa7b2210640 1 -- start start
2024-09-19T06:57:00.140 INFO:teuthology.orchestra.run.smithi050.stdout:/usr/bin/ceph: stderr
2024-09-19T06:56:59.380+0000 7fa7b2210640 1 --2- >> [v2:172.21.15.50:3300/0,v1:172.21.15.50:6789/0] conn(0x7fa7ac1080d0 0x7fa7ac10a4c0 unknown :-1 s=NONE pgs=0 cs=0 l=0 rev1=0 crypto rx=0 tx=0 comp rx=0 tx=0).connect
2024-09-19T06:57:00.140 INFO:teuthology.orchestra.run.smithi050.stdout:/usr/bin/ceph: stderr
2024-09-19T06:56:59.381+0000 7fa7b2210640 1 -- --> [v2:172.21.15.50:3300/0,v1:172.21.15.50:6789/0] -- mon_getmap magic: 0 -- 0x7fa7ac07be40 con 0x7fa7ac1080d0
2024-09-19T06:57:00.140 INFO:teuthology.orchestra.run.smithi050.stdout:/usr/bin/ceph: stderr
2024-09-19T06:56:59.381+0000 7fa7ab7fe640 1 --2- >> [v2:172.21.15.50:3300/0,v1:172.21.15.50:6789/0] conn(0x7fa7ac1080d0 0x7fa7ac10a4c0 unknown :-1 s=BANNER_CONNECTING pgs=0 cs=0 l=0 rev1=0 crypto rx=0 tx=0 comp rx=0 tx=0)._handle_peer_banner_payload supported=3 required=0
2024-09-19T06:57:00.141 INFO:teuthology.orchestra.run.smithi050.stdout:/usr/bin/ceph: stderr
2024-09-19T06:56:59.381+0000 7fa7ab7fe640 1 --2- >> [v2:172.21.15.50:3300/0,v1:172.21.15.50:6789/0] conn(0x7fa7ac1080d0 0x7fa7ac10a4c0 unknown :-1 s=HELLO_CONNECTING pgs=0 cs=0 l=0 rev1=1 crypto rx=0 tx=0 comp rx=0 tx=0).handle_hello peer v2:172.21.15.50:3300/0 says I am v2:172.21.15.50:45438/0 (socket says 172.21.15.50:45438)
2024-09-19T06:57:00.141 INFO:teuthology.orchestra.run.smithi050.stdout:/usr/bin/ceph: stderr
2024-09-19T06:56:59.381+0000 7fa7ab7fe640 1 -- 172.21.15.50:0/1403379029 learned_addr learned my addr 172.21.15.50:0/1403379029 (peer_addr_for_me v2:172.21.15.50:0/0)
2024-09-19T06:57:00.141 INFO:teuthology.orchestra.run.smithi050.stdout:/usr/bin/ceph: stderr
2024-09-19T06:56:59.381+0000 7fa7ab7fe640 1 -- 172.21.15.50:0/1403379029 --> [v2:172.21.15.50:3300/0,v1:172.21.15.50:6789/0] -- mon_subscribe({config=0+,monmap=0+}) -- 0x7fa7ac10aa00 con 0x7fa7ac1080d0
2024-09-19T06:57:00.141 INFO:teuthology.orchestra.run.smithi050.stdout:/usr/bin/ceph: stderr
2024-09-19T06:56:59.382+0000 7fa7ab7fe640 1 --2- 172.21.15.50:0/1403379029 >> [v2:172.21.15.50:3300/0,v1:172.21.15.50:6789/0] conn(0x7fa7ac1080d0 0x7fa7ac10a4c0 secure :-1 s=READY pgs=18 cs=0 l=1 rev1=1 crypto rx=0x7fa79c009820 tx=0x7fa79c02a270 comp rx=0 tx=0).ready entity=mon.0 client_cookie=7e8933d0c92eb774 server_cookie=0 in_seq=0 out_seq=0
2024-09-19T06:57:00.141 INFO:teuthology.orchestra.run.smithi050.stdout:/usr/bin/ceph: stderr
2024-09-19T06:56:59.382+0000 7fa7aa7fc640 1 -- 172.21.15.50:0/1403379029 <== mon.0 v2:172.21.15.50:3300/0 1 ==== mon_map magic: 0 ==== 205+0+0 (secure 0 0 0) 0x7fa79c037070 con 0x7fa7ac1080d0
2024-09-19T06:57:00.141 INFO:teuthology.orchestra.run.smithi050.stdout:/usr/bin/ceph: stderr
2024-09-19T06:56:59.382+0000 7fa7aa7fc640 1 -- 172.21.15.50:0/1403379029 <== mon.0 v2:172.21.15.50:3300/0 2 ==== config(27 keys) ==== 1109+0+0 (secure 0 0 0) 0x7fa79c032900 con 0x7fa7ac1080d0
2024-09-19T06:57:00.141 INFO:teuthology.orchestra.run.smithi050.stdout:/usr/bin/ceph: stderr
2024-09-19T06:56:59.382+0000 7fa7aa7fc640 1 -- 172.21.15.50:0/1403379029 <== mon.0 v2:172.21.15.50:3300/0 3 ==== mon_map magic: 0 ==== 205+0+0 (secure 0 0 0) 0x7fa79c030850 con 0x7fa7ac1080d0
2024-09-19T06:57:00.141 INFO:teuthology.orchestra.run.smithi050.stdout:/usr/bin/ceph: stderr
2024-09-19T06:56:59.383+0000 7fa7b2210640 1 -- 172.21.15.50:0/1403379029 >> [v2:172.21.15.50:3300/0,v1:172.21.15.50:6789/0] conn(0x7fa7ac1080d0 msgr2=0x7fa7ac10a4c0 secure :-1 s=STATE_CONNECTION_ESTABLISHED l=1).mark_down
2024-09-19T06:57:00.141 INFO:teuthology.orchestra.run.smithi050.stdout:/usr/bin/ceph: stderr
2024-09-19T06:56:59.383+0000 7fa7b2210640 1 --2- 172.21.15.50:0/1403379029 >> [v2:172.21.15.50:3300/0,v1:172.21.15.50:6789/0] conn(0x7fa7ac1080d0 0x7fa7ac10a4c0 secure :-1 s=READY pgs=18 cs=0 l=1 rev1=1 crypto rx=0x7fa79c009820 tx=0x7fa79c02a270 comp rx=0 tx=0).stop
2024-09-19T06:57:00.141 INFO:teuthology.orchestra.run.smithi050.stdout:/usr/bin/ceph: stderr
2024-09-19T06:56:59.383+0000 7fa7b2210640 1 -- 172.21.15.50:0/1403379029 shutdown_connections
2024-09-19T06:57:00.141 INFO:teuthology.orchestra.run.smithi050.stdout:/usr/bin/ceph: stderr
2024-09-19T06:56:59.383+0000 7fa7b2210640 1 --2- 172.21.15.50:0/1403379029 >> [v2:172.21.15.50:3300/0,v1:172.21.15.50:6789/0] conn(0x7fa7ac1080d0 0x7fa7ac10a4c0 unknown :-1 s=CLOSED pgs=18 cs=0 l=1 rev1=1 crypto rx=0 tx=0 comp rx=0 tx=0).stop
2024-09-19T06:57:00.141 INFO:teuthology.orchestra.run.smithi050.stdout:/usr/bin/ceph: stderr
2024-09-19T06:56:59.383+0000 7fa7b2210640 1 -- 172.21.15.50:0/1403379029 >> 172.21.15.50:0/1403379029 conn(0x7fa7ac101cb0 msgr2=0x7fa7ac1040f0 unknown :-1 s=STATE_NONE l=0).mark_down
2024-09-19T06:57:00.141 INFO:teuthology.orchestra.run.smithi050.stdout:/usr/bin/ceph: stderr
2024-09-19T06:56:59.383+0000 7fa7b2210640 1 -- 172.21.15.50:0/1403379029 shutdown_connections
2024-09-19T06:57:00.142 INFO:teuthology.orchestra.run.smithi050.stdout:/usr/bin/ceph: stderr
2024-09-19T06:56:59.383+0000 7fa7b2210640 1 -- 172.21.15.50:0/1403379029 wait complete.
2024-09-19T06:57:00.142 INFO:teuthology.orchestra.run.smithi050.stdout:/usr/bin/ceph: stderr
2024-09-19T06:56:59.383+0000 7fa7b2210640 1 Processor -- start
2024-09-19T06:57:00.142 INFO:teuthology.orchestra.run.smithi050.stdout:/usr/bin/ceph: stderr
2024-09-19T06:56:59.384+0000 7fa7b2210640 1 -- start start
2024-09-19T06:57:00.142 INFO:teuthology.orchestra.run.smithi050.stdout:/usr/bin/ceph: stderr
2024-09-19T06:56:59.384+0000 7fa7b2210640 1 --2- >> [v2:172.21.15.50:3300/0,v1:172.21.15.50:6789/0] conn(0x7fa7ac1080d0 0x7fa7ac19b660 unknown :-1 s=NONE pgs=0 cs=0 l=1 rev1=0 crypto rx=0 tx=0 comp rx=0 tx=0).connect
2024-09-19T06:57:00.142 INFO:teuthology.orchestra.run.smithi050.stdout:/usr/bin/ceph: stderr
2024-09-19T06:56:59.384+0000 7fa7b2210640 1 -- --> [v2:172.21.15.50:3300/0,v1:172.21.15.50:6789/0] -- mon_getmap magic: 0 -- 0x7fa7ac10ba40 con 0x7fa7ac1080d0
2024-09-19T06:57:00.142 INFO:teuthology.orchestra.run.smithi050.stdout:/usr/bin/ceph: stderr
2024-09-19T06:56:59.384+0000 7fa7ab7fe640 1 --2- >> [v2:172.21.15.50:3300/0,v1:172.21.15.50:6789/0] conn(0x7fa7ac1080d0 0x7fa7ac19b660 unknown :-1 s=BANNER_CONNECTING pgs=0 cs=0 l=1 rev1=0 crypto rx=0 tx=0 comp rx=0 tx=0)._handle_peer_banner_payload supported=3 required=0
2024-09-19T06:57:00.142 INFO:teuthology.orchestra.run.smithi050.stdout:/usr/bin/ceph: stderr
2024-09-19T06:56:59.384+0000 7fa7ab7fe640 1 --2- >> [v2:172.21.15.50:3300/0,v1:172.21.15.50:6789/0] conn(0x7fa7ac1080d0 0x7fa7ac19b660 unknown :-1 s=HELLO_CONNECTING pgs=0 cs=0 l=1 rev1=1 crypto rx=0 tx=0 comp rx=0 tx=0).handle_hello peer v2:172.21.15.50:3300/0 says I am v2:172.21.15.50:45448/0 (socket says 172.21.15.50:45448)
2024-09-19T06:57:00.142 INFO:teuthology.orchestra.run.smithi050.stdout:/usr/bin/ceph: stderr
2024-09-19T06:56:59.384+0000 7fa7ab7fe640 1 -- 172.21.15.50:0/3893913252 learned_addr learned my addr 172.21.15.50:0/3893913252 (peer_addr_for_me v2:172.21.15.50:0/0)
2024-09-19T06:57:00.142 INFO:teuthology.orchestra.run.smithi050.stdout:/usr/bin/ceph: stderr
2024-09-19T06:56:59.384+0000 7fa7ab7fe640 1 -- 172.21.15.50:0/3893913252 --> [v2:172.21.15.50:3300/0,v1:172.21.15.50:6789/0] -- mon_subscribe({config=0+,monmap=0+}) -- 0x7fa7ac19bba0 con 0x7fa7ac1080d0
2024-09-19T06:57:00.142 INFO:teuthology.orchestra.run.smithi050.stdout:/usr/bin/ceph: stderr
2024-09-19T06:56:59.384+0000 7fa7ab7fe640 1 --2- 172.21.15.50:0/3893913252 >> [v2:172.21.15.50:3300/0,v1:172.21.15.50:6789/0] conn(0x7fa7ac1080d0 0x7fa7ac19b660 secure :-1 s=READY pgs=19 cs=0 l=1 rev1=1 crypto rx=0x7fa79c0097f0 tx=0x7fa79c030ec0 comp rx=0 tx=0).ready entity=mon.0 client_cookie=0 server_cookie=0 in_seq=0 out_seq=0
2024-09-19T06:57:00.142 INFO:teuthology.orchestra.run.smithi050.stdout:/usr/bin/ceph: stderr
2024-09-19T06:56:59.385+0000 7fa7a8ff9640 1 -- 172.21.15.50:0/3893913252 <== mon.0 v2:172.21.15.50:3300/0 1 ==== mon_map magic: 0 ==== 205+0+0 (secure 0 0 0) 0x7fa79c042070 con 0x7fa7ac1080d0
2024-09-19T06:57:00.142 INFO:teuthology.orchestra.run.smithi050.stdout:/usr/bin/ceph: stderr
2024-09-19T06:56:59.385+0000 7fa7a8ff9640 1 -- 172.21.15.50:0/3893913252 <== mon.0 v2:172.21.15.50:3300/0 2 ==== config(27 keys) ==== 1109+0+0 (secure 0 0 0) 0x7fa79c032ca0 con 0x7fa7ac1080d0
2024-09-19T06:57:00.142 INFO:teuthology.orchestra.run.smithi050.stdout:/usr/bin/ceph: stderr
2024-09-19T06:56:59.385+0000 7fa7b2210640 1 -- 172.21.15.50:0/3893913252 --> [v2:172.21.15.50:3300/0,v1:172.21.15.50:6789/0] -- mon_subscribe({mgrmap=0+}) -- 0x7fa7ac19be30 con 0x7fa7ac1080d0
2024-09-19T06:57:00.142 INFO:teuthology.orchestra.run.smithi050.stdout:/usr/bin/ceph: stderr
2024-09-19T06:56:59.385+0000 7fa7a8ff9640 1 -- 172.21.15.50:0/3893913252 <== mon.0 v2:172.21.15.50:3300/0 3 ==== mon_map magic: 0 ==== 205+0+0 (secure 0 0 0) 0x7fa79c037040 con 0x7fa7ac1080d0
2024-09-19T06:57:00.143 INFO:teuthology.orchestra.run.smithi050.stdout:/usr/bin/ceph: stderr
2024-09-19T06:56:59.385+0000 7fa7b2210640 1 -- 172.21.15.50:0/3893913252 --> [v2:172.21.15.50:3300/0,v1:172.21.15.50:6789/0] -- mon_subscribe({osdmap=0}) -- 0x7fa7ac19eb20 con 0x7fa7ac1080d0
2024-09-19T06:57:00.143 INFO:teuthology.orchestra.run.smithi050.stdout:/usr/bin/ceph: stderr
2024-09-19T06:56:59.386+0000 7fa7a8ff9640 1 -- 172.21.15.50:0/3893913252 <== mon.0 v2:172.21.15.50:3300/0 4 ==== mgrmap(e 4) ==== 46450+0+0 (secure 0 0 0) 0x7fa79c045070 con 0x7fa7ac1080d0
2024-09-19T06:57:00.143 INFO:teuthology.orchestra.run.smithi050.stdout:/usr/bin/ceph: stderr
2024-09-19T06:56:59.386+0000 7fa7a8ff9640 1 --2- 172.21.15.50:0/3893913252 >> [v2:172.21.15.50:6800/369264057,v1:172.21.15.50:6801/369264057] conn(0x7fa7940391b0 0x7fa79403b670 unknown :-1 s=NONE pgs=0 cs=0 l=1 rev1=0 crypto rx=0 tx=0 comp rx=0 tx=0).connect
2024-09-19T06:57:00.143 INFO:teuthology.orchestra.run.smithi050.stdout:/usr/bin/ceph: stderr
2024-09-19T06:56:59.386+0000 7fa7b2210640 1 -- 172.21.15.50:0/3893913252 --> [v2:172.21.15.50:3300/0,v1:172.21.15.50:6789/0] -- mon_command({"prefix": "get_command_descriptions"} v 0) -- 0x7fa7ac108530 con 0x7fa7ac1080d0
2024-09-19T06:57:00.143 INFO:teuthology.orchestra.run.smithi050.stdout:/usr/bin/ceph: stderr
2024-09-19T06:56:59.386+0000 7fa7a8ff9640 1 -- 172.21.15.50:0/3893913252 <== mon.0 v2:172.21.15.50:3300/0 5 ==== osd_map(1..1 src has 1..1) ==== 725+0+0 (secure 0 0 0) 0x7fa79c06c220 con 0x7fa7ac1080d0
2024-09-19T06:57:00.143 INFO:teuthology.orchestra.run.smithi050.stdout:/usr/bin/ceph: stderr
2024-09-19T06:56:59.386+0000 7fa7aaffd640 1 --2- 172.21.15.50:0/3893913252 >> [v2:172.21.15.50:6800/369264057,v1:172.21.15.50:6801/369264057] conn(0x7fa7940391b0 0x7fa79403b670 unknown :-1 s=BANNER_CONNECTING pgs=0 cs=0 l=1 rev1=0 crypto rx=0 tx=0 comp rx=0 tx=0)._handle_peer_banner_payload supported=3 required=0
2024-09-19T06:57:00.143 INFO:teuthology.orchestra.run.smithi050.stdout:/usr/bin/ceph: stderr
2024-09-19T06:56:59.386+0000 7fa7aaffd640 1 --2- 172.21.15.50:0/3893913252 >> [v2:172.21.15.50:6800/369264057,v1:172.21.15.50:6801/369264057] conn(0x7fa7940391b0 0x7fa79403b670 secure :-1 s=READY pgs=7 cs=0 l=1 rev1=1 crypto rx=0x7fa7a00098c0 tx=0x7fa7a0006db0 comp rx=0 tx=0).ready entity=mgr.14100 client_cookie=0 server_cookie=0 in_seq=0 out_seq=0
2024-09-19T06:57:00.143 INFO:teuthology.orchestra.run.smithi050.stdout:/usr/bin/ceph: stderr
2024-09-19T06:56:59.391+0000 7fa7a8ff9640 1 -- 172.21.15.50:0/3893913252 <== mon.0 v2:172.21.15.50:3300/0 6 ==== mon_command_ack([{"prefix": "get_command_descriptions"}]=0 v0) ==== 72+0+188913 (secure 0 0 0) 0x7fa79c03add0 con 0x7fa7ac1080d0
2024-09-19T06:57:00.143 INFO:teuthology.orchestra.run.smithi050.stdout:/usr/bin/ceph: stderr
2024-09-19T06:56:59.569+0000 7fa7b2210640 1 -- 172.21.15.50:0/3893913252 --> [v2:172.21.15.50:3300/0,v1:172.21.15.50:6789/0] -- mon_command({"prefix": "config assimilate-conf"} v 0) -- 0x7fa7ac19ecf0 con 0x7fa7ac1080d0
2024-09-19T06:57:00.143 INFO:teuthology.orchestra.run.smithi050.stdout:/usr/bin/ceph: stderr
2024-09-19T06:56:59.570+0000 7fa7a8ff9640 1 -- 172.21.15.50:0/3893913252 <== mon.0 v2:172.21.15.50:3300/0 7 ==== mon_command_ack([{"prefix": "config assimilate-conf"}]=0 v3) ==== 70+0+429 (secure 0 0 0) 0x7fa7ac19ecf0 con 0x7fa7ac1080d0
2024-09-19T06:57:00.143 INFO:teuthology.orchestra.run.smithi050.stdout:/usr/bin/ceph: stderr
2024-09-19T06:56:59.572+0000 7fa7b2210640 1 -- 172.21.15.50:0/3893913252 >> [v2:172.21.15.50:6800/369264057,v1:172.21.15.50:6801/369264057] conn(0x7fa7940391b0 msgr2=0x7fa79403b670 secure :-1 s=STATE_CONNECTION_ESTABLISHED l=1).mark_down
2024-09-19T06:57:00.143 INFO:teuthology.orchestra.run.smithi050.stdout:/usr/bin/ceph: stderr
2024-09-19T06:56:59.572+0000 7fa7b2210640 1 --2- 172.21.15.50:0/3893913252 >> [v2:172.21.15.50:6800/369264057,v1:172.21.15.50:6801/369264057] conn(0x7fa7940391b0 0x7fa79403b670 secure :-1 s=READY pgs=7 cs=0 l=1 rev1=1 crypto rx=0x7fa7a00098c0 tx=0x7fa7a0006db0 comp rx=0 tx=0).stop
2024-09-19T06:57:00.143 INFO:teuthology.orchestra.run.smithi050.stdout:/usr/bin/ceph: stderr
2024-09-19T06:56:59.572+0000 7fa7b2210640 1 -- 172.21.15.50:0/3893913252 >> [v2:172.21.15.50:3300/0,v1:172.21.15.50:6789/0] conn(0x7fa7ac1080d0 msgr2=0x7fa7ac19b660 secure :-1 s=STATE_CONNECTION_ESTABLISHED l=1).mark_down
2024-09-19T06:57:00.143 INFO:teuthology.orchestra.run.smithi050.stdout:/usr/bin/ceph: stderr
2024-09-19T06:56:59.572+0000 7fa7b2210640 1 --2- 172.21.15.50:0/3893913252 >> [v2:172.21.15.50:3300/0,v1:172.21.15.50:6789/0] conn(0x7fa7ac1080d0 0x7fa7ac19b660 secure :-1 s=READY pgs=19 cs=0 l=1 rev1=1 crypto rx=0x7fa79c0097f0 tx=0x7fa79c030ec0 comp rx=0 tx=0).stop
2024-09-19T06:57:00.144 INFO:teuthology.orchestra.run.smithi050.stdout:/usr/bin/ceph: stderr
2024-09-19T06:56:59.572+0000 7fa7b2210640 1 -- 172.21.15.50:0/3893913252 shutdown_connections
2024-09-19T06:57:00.144 INFO:teuthology.orchestra.run.smithi050.stdout:/usr/bin/ceph: stderr
2024-09-19T06:56:59.572+0000 7fa7b2210640 1 --2- 172.21.15.50:0/3893913252 >> [v2:172.21.15.50:6800/369264057,v1:172.21.15.50:6801/369264057] conn(0x7fa7940391b0 0x7fa79403b670 unknown :-1 s=CLOSED pgs=7 cs=0 l=1 rev1=1 crypto rx=0 tx=0 comp rx=0 tx=0).stop
2024-09-19T06:57:00.144 INFO:teuthology.orchestra.run.smithi050.stdout:/usr/bin/ceph: stderr
2024-09-19T06:56:59.572+0000 7fa7b2210640 1 --2- 172.21.15.50:0/3893913252 >> [v2:172.21.15.50:3300/0,v1:172.21.15.50:6789/0] conn(0x7fa7ac1080d0 0x7fa7ac19b660 unknown :-1 s=CLOSED pgs=19 cs=0 l=1 rev1=1 crypto rx=0 tx=0 comp rx=0 tx=0).stop
2024-09-19T06:57:00.144 INFO:teuthology.orchestra.run.smithi050.stdout:/usr/bin/ceph: stderr
2024-09-19T06:56:59.572+0000 7fa7b2210640 1 -- 172.21.15.50:0/3893913252 >> 172.21.15.50:0/3893913252 conn(0x7fa7ac101cb0 msgr2=0x7fa7ac1028e0 unknown :-1 s=STATE_NONE l=0).mark_down
2024-09-19T06:57:00.144 INFO:teuthology.orchestra.run.smithi050.stdout:/usr/bin/ceph: stderr
2024-09-19T06:56:59.572+0000 7fa7b2210640 1 -- 172.21.15.50:0/3893913252 shutdown_connections
2024-09-19T06:57:00.144 INFO:teuthology.orchestra.run.smithi050.stdout:/usr/bin/ceph: stderr
2024-09-19T06:56:59.572+0000 7fa7b2210640 1 -- 172.21.15.50:0/3893913252 wait complete.
2024-09-19T06:57:00.144 INFO:teuthology.orchestra.run.smithi050.stdout:Enabling cephadm module...
2024-09-19T06:57:00.420 INFO:journalctl@ceph.mon.a.smithi050.stdout:Sep 19 06:57:00 smithi050 ceph-mon[30955]: from='client.? 172.21.15.50:0/3893913252' entity='client.admin' cmd=[{"prefix": "config assimilate-conf"}]: dispatch
2024-09-19T06:57:01.670 INFO:journalctl@ceph.mon.a.smithi050.stdout:Sep 19 06:57:01 smithi050 ceph-mon[30955]: from='client.? 172.21.15.50:0/346681182' entity='client.admin' cmd=[{"prefix": "mgr module enable", "module": "cephadm"}]: dispatch
2024-09-19T06:57:01.670 INFO:journalctl@ceph.mgr.x.smithi050.stdout:Sep 19 06:57:01 smithi050 ceph-2f8a374e-7654-11ef-bceb-c7b262605968-mgr-x[31181]: ignoring --setuser ceph since I am not root
2024-09-19T06:57:01.670 INFO:journalctl@ceph.mgr.x.smithi050.stdout:Sep 19 06:57:01 smithi050 ceph-2f8a374e-7654-11ef-bceb-c7b262605968-mgr-x[31181]: ignoring --setgroup ceph since I am not root
2024-09-19T06:57:01.670 INFO:journalctl@ceph.mgr.x.smithi050.stdout:Sep 19 06:57:01 smithi050 ceph-2f8a374e-7654-11ef-bceb-c7b262605968-mgr-x[31181]:
2024-09-19T06:57:01.518+0000 7f703ccb3040 -1 mgr[py] Module osd_perf_query has missing NOTIFY_TYPES member
2024-09-19T06:57:01.670 INFO:journalctl@ceph.mgr.x.smithi050.stdout:Sep 19 06:57:01 smithi050 ceph-2f8a374e-7654-11ef-bceb-c7b262605968-mgr-x[31181]:
2024-09-19T06:57:01.577+0000 7f703ccb3040 -1 mgr[py] Module osd_support has missing NOTIFY_TYPES member
2024-09-19T06:57:01.957 INFO:journalctl@ceph.mgr.x.smithi050.stdout:Sep 19 06:57:01 smithi050 ceph-2f8a374e-7654-11ef-bceb-c7b262605968-mgr-x[31181]:
2024-09-19T06:57:01.732+0000 7f703ccb3040 -1 mgr[py] Module diskprediction_local has missing NOTIFY_TYPES member
2024-09-19T06:57:01.957 INFO:journalctl@ceph.mgr.x.smithi050.stdout:Sep 19 06:57:01 smithi050 ceph-2f8a374e-7654-11ef-bceb-c7b262605968-mgr-x[31181]:
2024-09-19T06:57:01.802+0000 7f703ccb3040 -1 mgr[py] Module crash has missing NOTIFY_TYPES member
2024-09-19T06:57:01.957 INFO:journalctl@ceph.mgr.x.smithi050.stdout:Sep 19 06:57:01 smithi050 ceph-2f8a374e-7654-11ef-bceb-c7b262605968-mgr-x[31181]:
2024-09-19T06:57:01.955+0000 7f703ccb3040 -1 mgr[py] Module test_orchestrator has missing NOTIFY_TYPES member
2024-09-19T06:57:01.992 INFO:teuthology.orchestra.run.smithi050.stdout:/usr/bin/ceph: stderr
2024-09-19T06:57:00.542+0000 7fa7179df640 1 Processor -- start
2024-09-19T06:57:01.993 INFO:teuthology.orchestra.run.smithi050.stdout:/usr/bin/ceph: stderr
2024-09-19T06:57:00.542+0000 7fa7179df640 1 -- start start
2024-09-19T06:57:01.993 INFO:teuthology.orchestra.run.smithi050.stdout:/usr/bin/ceph: stderr
2024-09-19T06:57:00.542+0000 7fa7179df640 1 --2- >> [v2:172.21.15.50:3300/0,v1:172.21.15.50:6789/0] conn(0x7fa71007de50 0x7fa71007c2b0 unknown :-1 s=NONE pgs=0 cs=0 l=0 rev1=0 crypto rx=0 tx=0 comp rx=0 tx=0).connect
2024-09-19T06:57:01.993 INFO:teuthology.orchestra.run.smithi050.stdout:/usr/bin/ceph: stderr
2024-09-19T06:57:00.542+0000 7fa7179df640 1 -- --> [v2:172.21.15.50:3300/0,v1:172.21.15.50:6789/0] -- mon_getmap magic: 0 -- 0x7fa71007c880 con 0x7fa71007de50
2024-09-19T06:57:01.993 INFO:teuthology.orchestra.run.smithi050.stdout:/usr/bin/ceph: stderr
2024-09-19T06:57:00.543+0000 7fa71577b640 1 --2- >> [v2:172.21.15.50:3300/0,v1:172.21.15.50:6789/0] conn(0x7fa71007de50 0x7fa71007c2b0 unknown :-1 s=BANNER_CONNECTING pgs=0 cs=0 l=0 rev1=0 crypto rx=0 tx=0 comp rx=0 tx=0)._handle_peer_banner_payload supported=3 required=0
2024-09-19T06:57:01.993 INFO:teuthology.orchestra.run.smithi050.stdout:/usr/bin/ceph: stderr
2024-09-19T06:57:00.543+0000 7fa71577b640 1 --2- >> [v2:172.21.15.50:3300/0,v1:172.21.15.50:6789/0] conn(0x7fa71007de50 0x7fa71007c2b0 unknown :-1 s=HELLO_CONNECTING pgs=0 cs=0 l=0 rev1=1 crypto rx=0 tx=0 comp rx=0 tx=0).handle_hello peer v2:172.21.15.50:3300/0 says I am v2:172.21.15.50:45454/0 (socket says 172.21.15.50:45454)
2024-09-19T06:57:01.993 INFO:teuthology.orchestra.run.smithi050.stdout:/usr/bin/ceph: stderr
2024-09-19T06:57:00.543+0000 7fa71577b640 1 -- 172.21.15.50:0/3794340225 learned_addr learned my addr 172.21.15.50:0/3794340225 (peer_addr_for_me v2:172.21.15.50:0/0)
2024-09-19T06:57:01.993 INFO:teuthology.orchestra.run.smithi050.stdout:/usr/bin/ceph: stderr
2024-09-19T06:57:00.543+0000 7fa71577b640 1 -- 172.21.15.50:0/3794340225 --> [v2:172.21.15.50:3300/0,v1:172.21.15.50:6789/0] -- mon_subscribe({config=0+,monmap=0+}) -- 0x7fa71007ca00 con 0x7fa71007de50
2024-09-19T06:57:01.993 INFO:teuthology.orchestra.run.smithi050.stdout:/usr/bin/ceph: stderr
2024-09-19T06:57:00.544+0000 7fa71577b640 1 --2- 172.21.15.50:0/3794340225 >> [v2:172.21.15.50:3300/0,v1:172.21.15.50:6789/0] conn(0x7fa71007de50 0x7fa71007c2b0 secure :-1 s=READY pgs=20 cs=0 l=1 rev1=1 crypto rx=0x7fa70c009820 tx=0x7fa70c02a270 comp rx=0 tx=0).ready entity=mon.0 client_cookie=55424c2512224fbf server_cookie=0 in_seq=0 out_seq=0
2024-09-19T06:57:01.993 INFO:teuthology.orchestra.run.smithi050.stdout:/usr/bin/ceph: stderr
2024-09-19T06:57:00.544+0000 7fa707fff640 1 -- 172.21.15.50:0/3794340225 <== mon.0 v2:172.21.15.50:3300/0 1 ==== mon_map magic: 0 ==== 205+0+0 (secure 0 0 0) 0x7fa70c037070 con 0x7fa71007de50
2024-09-19T06:57:01.993 INFO:teuthology.orchestra.run.smithi050.stdout:/usr/bin/ceph: stderr
2024-09-19T06:57:00.544+0000 7fa707fff640 1 -- 172.21.15.50:0/3794340225 <== mon.0 v2:172.21.15.50:3300/0 2 ==== config(27 keys) ==== 1109+0+0 (secure 0 0 0) 0x7fa70c032900 con 0x7fa71007de50
2024-09-19T06:57:01.993 INFO:teuthology.orchestra.run.smithi050.stdout:/usr/bin/ceph: stderr
2024-09-19T06:57:00.544+0000 7fa707fff640 1 -- 172.21.15.50:0/3794340225 <== mon.0 v2:172.21.15.50:3300/0 3 ==== mon_map magic: 0 ==== 205+0+0 (secure 0 0 0) 0x7fa70c030850 con 0x7fa71007de50
2024-09-19T06:57:01.993 INFO:teuthology.orchestra.run.smithi050.stdout:/usr/bin/ceph: stderr
2024-09-19T06:57:00.544+0000 7fa7179df640 1 -- 172.21.15.50:0/3794340225 >> [v2:172.21.15.50:3300/0,v1:172.21.15.50:6789/0] conn(0x7fa71007de50 msgr2=0x7fa71007c2b0 secure :-1 s=STATE_CONNECTION_ESTABLISHED l=1).mark_down
2024-09-19T06:57:01.994 INFO:teuthology.orchestra.run.smithi050.stdout:/usr/bin/ceph: stderr
2024-09-19T06:57:00.544+0000 7fa7179df640 1 --2- 172.21.15.50:0/3794340225 >> [v2:172.21.15.50:3300/0,v1:172.21.15.50:6789/0] conn(0x7fa71007de50 0x7fa71007c2b0 secure :-1 s=READY pgs=20 cs=0 l=1 rev1=1 crypto rx=0x7fa70c009820 tx=0x7fa70c02a270 comp rx=0 tx=0).stop
2024-09-19T06:57:01.994 INFO:teuthology.orchestra.run.smithi050.stdout:/usr/bin/ceph: stderr
2024-09-19T06:57:00.545+0000 7fa7179df640 1 -- 172.21.15.50:0/3794340225 shutdown_connections
2024-09-19T06:57:01.994 INFO:teuthology.orchestra.run.smithi050.stdout:/usr/bin/ceph: stderr
2024-09-19T06:57:00.545+0000 7fa7179df640 1 --2- 172.21.15.50:0/3794340225 >> [v2:172.21.15.50:3300/0,v1:172.21.15.50:6789/0] conn(0x7fa71007de50 0x7fa71007c2b0 unknown :-1 s=CLOSED pgs=20 cs=0 l=1 rev1=1 crypto rx=0 tx=0 comp rx=0 tx=0).stop
2024-09-19T06:57:01.994 INFO:teuthology.orchestra.run.smithi050.stdout:/usr/bin/ceph: stderr
2024-09-19T06:57:00.545+0000 7fa7179df640 1 -- 172.21.15.50:0/3794340225 >> 172.21.15.50:0/3794340225 conn(0x7fa710102db0 msgr2=0x7fa7101051f0 unknown :-1 s=STATE_NONE l=0).mark_down
2024-09-19T06:57:01.994 INFO:teuthology.orchestra.run.smithi050.stdout:/usr/bin/ceph: stderr
2024-09-19T06:57:00.545+0000 7fa7179df640 1 -- 172.21.15.50:0/3794340225 shutdown_connections
2024-09-19T06:57:01.994 INFO:teuthology.orchestra.run.smithi050.stdout:/usr/bin/ceph: stderr
2024-09-19T06:57:00.545+0000 7fa7179df640 1 -- 172.21.15.50:0/3794340225 wait complete.
2024-09-19T06:57:01.994 INFO:teuthology.orchestra.run.smithi050.stdout:/usr/bin/ceph: stderr
2024-09-19T06:57:00.545+0000 7fa7179df640 1 Processor -- start
2024-09-19T06:57:01.994 INFO:teuthology.orchestra.run.smithi050.stdout:/usr/bin/ceph: stderr
2024-09-19T06:57:00.545+0000 7fa7179df640 1 -- start start
2024-09-19T06:57:01.994 INFO:teuthology.orchestra.run.smithi050.stdout:/usr/bin/ceph: stderr
2024-09-19T06:57:00.546+0000 7fa7179df640 1 --2- >> [v2:172.21.15.50:3300/0,v1:172.21.15.50:6789/0] conn(0x7fa71007de50 0x7fa71019d860 unknown :-1 s=NONE pgs=0 cs=0 l=1 rev1=0 crypto rx=0 tx=0 comp rx=0 tx=0).connect
2024-09-19T06:57:01.994 INFO:teuthology.orchestra.run.smithi050.stdout:/usr/bin/ceph: stderr
2024-09-19T06:57:00.546+0000 7fa7179df640 1 -- --> [v2:172.21.15.50:3300/0,v1:172.21.15.50:6789/0] -- mon_getmap magic: 0 -- 0x7fa71010dc50 con 0x7fa71007de50
2024-09-19T06:57:01.994 INFO:teuthology.orchestra.run.smithi050.stdout:/usr/bin/ceph: stderr
2024-09-19T06:57:00.546+0000 7fa71577b640 1 --2- >> [v2:172.21.15.50:3300/0,v1:172.21.15.50:6789/0] conn(0x7fa71007de50 0x7fa71019d860 unknown :-1 s=BANNER_CONNECTING pgs=0 cs=0 l=1 rev1=0 crypto rx=0 tx=0 comp rx=0 tx=0)._handle_peer_banner_payload supported=3 required=0
2024-09-19T06:57:01.994 INFO:teuthology.orchestra.run.smithi050.stdout:/usr/bin/ceph: stderr
2024-09-19T06:57:00.546+0000 7fa71577b640 1 --2- >> [v2:172.21.15.50:3300/0,v1:172.21.15.50:6789/0] conn(0x7fa71007de50 0x7fa71019d860 unknown :-1 s=HELLO_CONNECTING pgs=0 cs=0 l=1 rev1=1 crypto rx=0 tx=0 comp rx=0 tx=0).handle_hello peer v2:172.21.15.50:3300/0 says I am v2:172.21.15.50:45470/0 (socket says 172.21.15.50:45470)
2024-09-19T06:57:01.994 INFO:teuthology.orchestra.run.smithi050.stdout:/usr/bin/ceph: stderr
2024-09-19T06:57:00.546+0000 7fa71577b640 1 -- 172.21.15.50:0/346681182 learned_addr learned my addr 172.21.15.50:0/346681182 (peer_addr_for_me v2:172.21.15.50:0/0)
2024-09-19T06:57:01.995 INFO:teuthology.orchestra.run.smithi050.stdout:/usr/bin/ceph: stderr
2024-09-19T06:57:00.546+0000 7fa71577b640 1 -- 172.21.15.50:0/346681182 --> [v2:172.21.15.50:3300/0,v1:172.21.15.50:6789/0] -- mon_subscribe({config=0+,monmap=0+}) -- 0x7fa71019dda0 con 0x7fa71007de50
2024-09-19T06:57:01.995 INFO:teuthology.orchestra.run.smithi050.stdout:/usr/bin/ceph: stderr
2024-09-19T06:57:00.546+0000 7fa71577b640 1 --2- 172.21.15.50:0/346681182 >> [v2:172.21.15.50:3300/0,v1:172.21.15.50:6789/0] conn(0x7fa71007de50 0x7fa71019d860 secure :-1 s=READY pgs=21 cs=0 l=1 rev1=1 crypto rx=0x7fa70c032e20 tx=0x7fa70c032e50 comp rx=0 tx=0).ready entity=mon.0 client_cookie=0 server_cookie=0 in_seq=0 out_seq=0
2024-09-19T06:57:01.995 INFO:teuthology.orchestra.run.smithi050.stdout:/usr/bin/ceph: stderr
