2024-09-19T06:58:51.339 INFO:teuthology.orchestra.run.smithi029.stdout:/usr/bin/ceph: stderr
2024-09-19T06:58:50.496+0000 7fe9ff7fe640 1 --2- 172.21.15.29:0/3063506367 >> [v2:172.21.15.29:3300/0,v1:172.21.15.29:6789/0] conn(0x7fea00107390 0x7fea0019b2c0 secure :-1 s=READY pgs=36 cs=0 l=1 rev1=1 crypto rx=0x7fe9f002acc0 tx=0x7fe9f0031c70 comp rx=0 tx=0).ready entity=mon.0 client_cookie=0 server_cookie=0 in_seq=0 out_seq=0
2024-09-19T06:58:51.339 INFO:teuthology.orchestra.run.smithi029.stdout:/usr/bin/ceph: stderr
2024-09-19T06:58:50.496+0000 7fe9fcff9640 1 -- 172.21.15.29:0/3063506367 <== mon.0 v2:172.21.15.29:3300/0 1 ==== mon_map magic: 0 ==== 205+0+0 (secure 0 0 0) 0x7fe9f0041030 con 0x7fea00107390
2024-09-19T06:58:51.339 INFO:teuthology.orchestra.run.smithi029.stdout:/usr/bin/ceph: stderr
2024-09-19T06:58:50.496+0000 7fe9fcff9640 1 -- 172.21.15.29:0/3063506367 <== mon.0 v2:172.21.15.29:3300/0 2 ==== config(26 keys) ==== 1071+0+0 (secure 0 0 0) 0x7fe9f003c900 con 0x7fea00107390
2024-09-19T06:58:51.339 INFO:teuthology.orchestra.run.smithi029.stdout:/usr/bin/ceph: stderr
2024-09-19T06:58:50.496+0000 7fea06007640 1 -- 172.21.15.29:0/3063506367 --> [v2:172.21.15.29:3300/0,v1:172.21.15.29:6789/0] -- mon_subscribe({mgrmap=0+}) -- 0x7fea0019ba90 con 0x7fea00107390
2024-09-19T06:58:51.340 INFO:teuthology.orchestra.run.smithi029.stdout:/usr/bin/ceph: stderr
2024-09-19T06:58:50.496+0000 7fe9fcff9640 1 -- 172.21.15.29:0/3063506367 <== mon.0 v2:172.21.15.29:3300/0 3 ==== mon_map magic: 0 ==== 205+0+0 (secure 0 0 0) 0x7fe9f0036040 con 0x7fea00107390
2024-09-19T06:58:51.340 INFO:teuthology.orchestra.run.smithi029.stdout:/usr/bin/ceph: stderr
2024-09-19T06:58:50.496+0000 7fea06007640 1 -- 172.21.15.29:0/3063506367 --> [v2:172.21.15.29:3300/0,v1:172.21.15.29:6789/0] -- mon_subscribe({osdmap=0}) -- 0x7fea0019e780 con 0x7fea00107390
2024-09-19T06:58:51.340 INFO:teuthology.orchestra.run.smithi029.stdout:/usr/bin/ceph: stderr
2024-09-19T06:58:50.497+0000 7fe9fcff9640 1 -- 172.21.15.29:0/3063506367 <== mon.0 v2:172.21.15.29:3300/0 4 ==== mgrmap(e 7) ==== 46355+0+0 (secure 0 0 0) 0x7fe9f0044070 con 0x7fea00107390
2024-09-19T06:58:51.340 INFO:teuthology.orchestra.run.smithi029.stdout:/usr/bin/ceph: stderr
2024-09-19T06:58:50.497+0000 7fe9fcff9640 1 --2- 172.21.15.29:0/3063506367 >> [v2:172.21.15.29:6800/1256989766,v1:172.21.15.29:6801/1256989766] conn(0x7fe9e80390f0 0x7fe9e803b5b0 unknown :-1 s=NONE pgs=0 cs=0 l=1 rev1=0 crypto rx=0 tx=0 comp rx=0 tx=0).connect
2024-09-19T06:58:51.340 INFO:teuthology.orchestra.run.smithi029.stdout:/usr/bin/ceph: stderr
2024-09-19T06:58:50.497+0000 7fea06007640 1 -- 172.21.15.29:0/3063506367 --> [v2:172.21.15.29:3300/0,v1:172.21.15.29:6789/0] -- mon_command({"prefix": "get_command_descriptions"} v 0) -- 0x7fea00107810 con 0x7fea00107390
2024-09-19T06:58:51.340 INFO:teuthology.orchestra.run.smithi029.stdout:/usr/bin/ceph: stderr
2024-09-19T06:58:50.497+0000 7fe9fcff9640 1 -- 172.21.15.29:0/3063506367 <== mon.0 v2:172.21.15.29:3300/0 5 ==== osd_map(2..2 src has 1..2) ==== 940+0+0 (secure 0 0 0) 0x7fe9f0042070 con 0x7fea00107390
2024-09-19T06:58:51.340 INFO:teuthology.orchestra.run.smithi029.stdout:/usr/bin/ceph: stderr
2024-09-19T06:58:50.497+0000 7fe9feffd640 1 --2- 172.21.15.29:0/3063506367 >> [v2:172.21.15.29:6800/1256989766,v1:172.21.15.29:6801/1256989766] conn(0x7fe9e80390f0 0x7fe9e803b5b0 unknown :-1 s=BANNER_CONNECTING pgs=0 cs=0 l=1 rev1=0 crypto rx=0 tx=0 comp rx=0 tx=0)._handle_peer_banner_payload supported=3 required=0
2024-09-19T06:58:51.340 INFO:teuthology.orchestra.run.smithi029.stdout:/usr/bin/ceph: stderr
2024-09-19T06:58:50.498+0000 7fe9feffd640 1 --2- 172.21.15.29:0/3063506367 >> [v2:172.21.15.29:6800/1256989766,v1:172.21.15.29:6801/1256989766] conn(0x7fe9e80390f0 0x7fe9e803b5b0 secure :-1 s=READY pgs=7 cs=0 l=1 rev1=1 crypto rx=0x7fe9f40098c0 tx=0x7fe9f4006db0 comp rx=0 tx=0).ready entity=mgr.14118 client_cookie=0 server_cookie=0 in_seq=0 out_seq=0
2024-09-19T06:58:51.340 INFO:teuthology.orchestra.run.smithi029.stdout:/usr/bin/ceph: stderr
2024-09-19T06:58:50.502+0000 7fe9fcff9640 1 -- 172.21.15.29:0/3063506367 <== mon.0 v2:172.21.15.29:3300/0 6 ==== mon_command_ack([{"prefix": "get_command_descriptions"}]=0 v0) ==== 72+0+188913 (secure 0 0 0) 0x7fe9f004b070 con 0x7fea00107390
2024-09-19T06:58:51.340 INFO:teuthology.orchestra.run.smithi029.stdout:/usr/bin/ceph: stderr
2024-09-19T06:58:50.692+0000 7fea06007640 1 -- 172.21.15.29:0/3063506367 --> [v2:172.21.15.29:6800/1256989766,v1:172.21.15.29:6801/1256989766] -- mgr_command(tid 0: {"prefix": "orch set backend", "module_name": "cephadm", "target": ["mon-mgr", ""]}) -- 0x7fea00103d90 con 0x7fe9e80390f0
2024-09-19T06:58:51.340 INFO:teuthology.orchestra.run.smithi029.stdout:/usr/bin/ceph: stderr
2024-09-19T06:58:50.696+0000 7fe9fcff9640 1 -- 172.21.15.29:0/3063506367 <== mgr.14118 v2:172.21.15.29:6800/1256989766 1 ==== mgr_command_reply(tid 0: 0 ) ==== 8+0+0 (secure 0 0 0) 0x7fea00103d90 con 0x7fe9e80390f0
2024-09-19T06:58:51.340 INFO:teuthology.orchestra.run.smithi029.stdout:/usr/bin/ceph: stderr
2024-09-19T06:58:50.699+0000 7fea06007640 1 -- 172.21.15.29:0/3063506367 >> [v2:172.21.15.29:6800/1256989766,v1:172.21.15.29:6801/1256989766] conn(0x7fe9e80390f0 msgr2=0x7fe9e803b5b0 secure :-1 s=STATE_CONNECTION_ESTABLISHED l=1).mark_down
2024-09-19T06:58:51.341 INFO:teuthology.orchestra.run.smithi029.stdout:/usr/bin/ceph: stderr
2024-09-19T06:58:50.699+0000 7fea06007640 1 --2- 172.21.15.29:0/3063506367 >> [v2:172.21.15.29:6800/1256989766,v1:172.21.15.29:6801/1256989766] conn(0x7fe9e80390f0 0x7fe9e803b5b0 secure :-1 s=READY pgs=7 cs=0 l=1 rev1=1 crypto rx=0x7fe9f40098c0 tx=0x7fe9f4006db0 comp rx=0 tx=0).stop
2024-09-19T06:58:51.341 INFO:teuthology.orchestra.run.smithi029.stdout:/usr/bin/ceph: stderr
2024-09-19T06:58:50.699+0000 7fea06007640 1 -- 172.21.15.29:0/3063506367 >> [v2:172.21.15.29:3300/0,v1:172.21.15.29:6789/0] conn(0x7fea00107390 msgr2=0x7fea0019b2c0 secure :-1 s=STATE_CONNECTION_ESTABLISHED l=1).mark_down
2024-09-19T06:58:51.341 INFO:teuthology.orchestra.run.smithi029.stdout:/usr/bin/ceph: stderr
2024-09-19T06:58:50.699+0000 7fea06007640 1 --2- 172.21.15.29:0/3063506367 >> [v2:172.21.15.29:3300/0,v1:172.21.15.29:6789/0] conn(0x7fea00107390 0x7fea0019b2c0 secure :-1 s=READY pgs=36 cs=0 l=1 rev1=1 crypto rx=0x7fe9f002acc0 tx=0x7fe9f0031c70 comp rx=0 tx=0).stop
2024-09-19T06:58:51.341 INFO:teuthology.orchestra.run.smithi029.stdout:/usr/bin/ceph: stderr
2024-09-19T06:58:50.699+0000 7fea06007640 1 -- 172.21.15.29:0/3063506367 shutdown_connections
2024-09-19T06:58:51.341 INFO:teuthology.orchestra.run.smithi029.stdout:/usr/bin/ceph: stderr
2024-09-19T06:58:50.699+0000 7fea06007640 1 --2- 172.21.15.29:0/3063506367 >> [v2:172.21.15.29:6800/1256989766,v1:172.21.15.29:6801/1256989766] conn(0x7fe9e80390f0 0x7fe9e803b5b0 unknown :-1 s=CLOSED pgs=7 cs=0 l=1 rev1=1 crypto rx=0 tx=0 comp rx=0 tx=0).stop
2024-09-19T06:58:51.341 INFO:teuthology.orchestra.run.smithi029.stdout:/usr/bin/ceph: stderr
2024-09-19T06:58:50.699+0000 7fea06007640 1 --2- 172.21.15.29:0/3063506367 >> [v2:172.21.15.29:3300/0,v1:172.21.15.29:6789/0] conn(0x7fea00107390 0x7fea0019b2c0 unknown :-1 s=CLOSED pgs=36 cs=0 l=1 rev1=1 crypto rx=0 tx=0 comp rx=0 tx=0).stop
2024-09-19T06:58:51.341 INFO:teuthology.orchestra.run.smithi029.stdout:/usr/bin/ceph: stderr
2024-09-19T06:58:50.699+0000 7fea06007640 1 -- 172.21.15.29:0/3063506367 >> 172.21.15.29:0/3063506367 conn(0x7fea00102ae0 msgr2=0x7fea00103680 unknown :-1 s=STATE_NONE l=0).mark_down
2024-09-19T06:58:51.341 INFO:teuthology.orchestra.run.smithi029.stdout:/usr/bin/ceph: stderr
2024-09-19T06:58:50.699+0000 7fea06007640 1 -- 172.21.15.29:0/3063506367 shutdown_connections
2024-09-19T06:58:51.341 INFO:teuthology.orchestra.run.smithi029.stdout:/usr/bin/ceph: stderr
2024-09-19T06:58:50.699+0000 7fea06007640 1 -- 172.21.15.29:0/3063506367 wait complete.
2024-09-19T06:58:52.300 INFO:journalctl@ceph.mon.a.smithi029.stdout:Sep 19 06:58:52 smithi029 ceph-mon[31255]: [19/Sep/2024:06:58:50] ENGINE Bus STARTING
2024-09-19T06:58:52.300 INFO:journalctl@ceph.mon.a.smithi029.stdout:Sep 19 06:58:52 smithi029 ceph-mon[31255]: [19/Sep/2024:06:58:50] ENGINE Serving on http://172.21.15.29:8765
2024-09-19T06:58:52.300 INFO:journalctl@ceph.mon.a.smithi029.stdout:Sep 19 06:58:52 smithi029 ceph-mon[31255]: from='client.14130 -' entity='client.admin' cmd=[{"prefix": "orch set backend", "module_name": "cephadm", "target": ["mon-mgr", ""]}]: dispatch
2024-09-19T06:58:52.301 INFO:journalctl@ceph.mon.a.smithi029.stdout:Sep 19 06:58:52 smithi029 ceph-mon[31255]: [19/Sep/2024:06:58:50] ENGINE Serving on https://172.21.15.29:7150
2024-09-19T06:58:52.301 INFO:journalctl@ceph.mon.a.smithi029.stdout:Sep 19 06:58:52 smithi029 ceph-mon[31255]: [19/Sep/2024:06:58:50] ENGINE Bus STARTED
2024-09-19T06:58:52.301 INFO:journalctl@ceph.mon.a.smithi029.stdout:Sep 19 06:58:52 smithi029 ceph-mon[31255]: [19/Sep/2024:06:58:50] ENGINE Error in HTTPServer.serve
2024-09-19T06:58:52.301 INFO:journalctl@ceph.mon.a.smithi029.stdout: Traceback (most recent call last):
2024-09-19T06:58:52.301 INFO:journalctl@ceph.mon.a.smithi029.stdout: File "/lib/python3.9/site-packages/cheroot/server.py", line 1823, in serve
2024-09-19T06:58:52.301 INFO:journalctl@ceph.mon.a.smithi029.stdout: self._connections.run(self.expiration_interval)
2024-09-19T06:58:52.301 INFO:journalctl@ceph.mon.a.smithi029.stdout: File "/lib/python3.9/site-packages/cheroot/connections.py", line 203, in run
2024-09-19T06:58:52.301 INFO:journalctl@ceph.mon.a.smithi029.stdout: self._run(expiration_interval)
2024-09-19T06:58:52.301 INFO:journalctl@ceph.mon.a.smithi029.stdout: File "/lib/python3.9/site-packages/cheroot/connections.py", line 246, in _run
2024-09-19T06:58:52.301 INFO:journalctl@ceph.mon.a.smithi029.stdout: new_conn = self._from_server_socket(self.server.socket)
2024-09-19T06:58:52.301 INFO:journalctl@ceph.mon.a.smithi029.stdout: File "/lib/python3.9/site-packages/cheroot/connections.py", line 300, in _from_server_socket
2024-09-19T06:58:52.301 INFO:journalctl@ceph.mon.a.smithi029.stdout: s, ssl_env = self.server.ssl_adapter.wrap(s)
2024-09-19T06:58:52.302 INFO:journalctl@ceph.mon.a.smithi029.stdout: File "/lib/python3.9/site-packages/cheroot/ssl/builtin.py", line 277, in wrap
2024-09-19T06:58:52.302 INFO:journalctl@ceph.mon.a.smithi029.stdout: s = self.context.wrap_socket(
2024-09-19T06:58:52.302 INFO:journalctl@ceph.mon.a.smithi029.stdout: File "/lib64/python3.9/ssl.py", line 501, in wrap_socket
2024-09-19T06:58:52.302 INFO:journalctl@ceph.mon.a.smithi029.stdout: return self.sslsocket_class._create(
2024-09-19T06:58:52.302 INFO:journalctl@ceph.mon.a.smithi029.stdout: File "/lib64/python3.9/ssl.py", line 1074, in _create
2024-09-19T06:58:52.302 INFO:journalctl@ceph.mon.a.smithi029.stdout: self.do_handshake()
2024-09-19T06:58:52.302 INFO:journalctl@ceph.mon.a.smithi029.stdout: File "/lib64/python3.9/ssl.py", line 1343, in do_handshake
2024-09-19T06:58:52.302 INFO:journalctl@ceph.mon.a.smithi029.stdout: self._sslobj.do_handshake()
2024-09-19T06:58:52.302 INFO:journalctl@ceph.mon.a.smithi029.stdout: ssl.SSLZeroReturnError: TLS/SSL connection has been closed (EOF) (_ssl.c:1133)
2024-09-19T06:58:52.302 INFO:journalctl@ceph.mon.a.smithi029.stdout:Sep 19 06:58:52 smithi029 ceph-mon[31255]: mgrmap e8: x(active, since 2s)
2024-09-19T06:58:52.602 INFO:teuthology.orchestra.run.smithi029.stdout:/usr/bin/ceph: stdout value unchanged
2024-09-19T06:58:52.603 INFO:teuthology.orchestra.run.smithi029.stdout:/usr/bin/ceph: stderr
2024-09-19T06:58:51.754+0000 7fe30dddf640 1 Processor -- start
2024-09-19T06:58:52.603 INFO:teuthology.orchestra.run.smithi029.stdout:/usr/bin/ceph: stderr
2024-09-19T06:58:51.754+0000 7fe30dddf640 1 -- start start
2024-09-19T06:58:52.603 INFO:teuthology.orchestra.run.smithi029.stdout:/usr/bin/ceph: stderr
2024-09-19T06:58:51.754+0000 7fe30dddf640 1 --2- >> [v2:172.21.15.29:3300/0,v1:172.21.15.29:6789/0] conn(0x7fe308107420 0x7fe308107820 unknown :-1 s=NONE pgs=0 cs=0 l=0 rev1=0 crypto rx=0 tx=0 comp rx=0 tx=0).connect
2024-09-19T06:58:52.603 INFO:teuthology.orchestra.run.smithi029.stdout:/usr/bin/ceph: stderr
2024-09-19T06:58:51.754+0000 7fe30dddf640 1 -- --> [v2:172.21.15.29:3300/0,v1:172.21.15.29:6789/0] -- mon_getmap magic: 0 -- 0x7fe308107df0 con 0x7fe308107420
2024-09-19T06:58:52.603 INFO:teuthology.orchestra.run.smithi029.stdout:/usr/bin/ceph: stderr
2024-09-19T06:58:51.754+0000 7fe3077fe640 1 --2- >> [v2:172.21.15.29:3300/0,v1:172.21.15.29:6789/0] conn(0x7fe308107420 0x7fe308107820 unknown :-1 s=BANNER_CONNECTING pgs=0 cs=0 l=0 rev1=0 crypto rx=0 tx=0 comp rx=0 tx=0)._handle_peer_banner_payload supported=3 required=0
2024-09-19T06:58:52.603 INFO:teuthology.orchestra.run.smithi029.stdout:/usr/bin/ceph: stderr
2024-09-19T06:58:51.754+0000 7fe3077fe640 1 --2- >> [v2:172.21.15.29:3300/0,v1:172.21.15.29:6789/0] conn(0x7fe308107420 0x7fe308107820 unknown :-1 s=HELLO_CONNECTING pgs=0 cs=0 l=0 rev1=1 crypto rx=0 tx=0 comp rx=0 tx=0).handle_hello peer v2:172.21.15.29:3300/0 says I am v2:172.21.15.29:53838/0 (socket says 172.21.15.29:53838)
2024-09-19T06:58:52.603 INFO:teuthology.orchestra.run.smithi029.stdout:/usr/bin/ceph: stderr
2024-09-19T06:58:51.754+0000 7fe3077fe640 1 -- 172.21.15.29:0/1350391219 learned_addr learned my addr 172.21.15.29:0/1350391219 (peer_addr_for_me v2:172.21.15.29:0/0)
2024-09-19T06:58:52.603 INFO:teuthology.orchestra.run.smithi029.stdout:/usr/bin/ceph: stderr
2024-09-19T06:58:51.755+0000 7fe3077fe640 1 -- 172.21.15.29:0/1350391219 --> [v2:172.21.15.29:3300/0,v1:172.21.15.29:6789/0] -- mon_subscribe({config=0+,monmap=0+}) -- 0x7fe308108580 con 0x7fe308107420
2024-09-19T06:58:52.603 INFO:teuthology.orchestra.run.smithi029.stdout:/usr/bin/ceph: stderr
2024-09-19T06:58:51.755+0000 7fe3077fe640 1 --2- 172.21.15.29:0/1350391219 >> [v2:172.21.15.29:3300/0,v1:172.21.15.29:6789/0] conn(0x7fe308107420 0x7fe308107820 secure :-1 s=READY pgs=37 cs=0 l=1 rev1=1 crypto rx=0x7fe2f8009820 tx=0x7fe2f802a270 comp rx=0 tx=0).ready entity=mon.0 client_cookie=4921da7bf697ed75 server_cookie=0 in_seq=0 out_seq=0
2024-09-19T06:58:52.603 INFO:teuthology.orchestra.run.smithi029.stdout:/usr/bin/ceph: stderr
2024-09-19T06:58:51.756+0000 7fe306ffd640 1 -- 172.21.15.29:0/1350391219 <== mon.0 v2:172.21.15.29:3300/0 1 ==== mon_map magic: 0 ==== 205+0+0 (secure 0 0 0) 0x7fe2f8037070 con 0x7fe308107420
2024-09-19T06:58:52.603 INFO:teuthology.orchestra.run.smithi029.stdout:/usr/bin/ceph: stderr
2024-09-19T06:58:51.756+0000 7fe306ffd640 1 -- 172.21.15.29:0/1350391219 <== mon.0 v2:172.21.15.29:3300/0 2 ==== config(26 keys) ==== 1071+0+0 (secure 0 0 0) 0x7fe2f80328d0 con 0x7fe308107420
2024-09-19T06:58:52.604 INFO:teuthology.orchestra.run.smithi029.stdout:/usr/bin/ceph: stderr
2024-09-19T06:58:51.756+0000 7fe306ffd640 1 -- 172.21.15.29:0/1350391219 <== mon.0 v2:172.21.15.29:3300/0 3 ==== mon_map magic: 0 ==== 205+0+0 (secure 0 0 0) 0x7fe2f80307d0 con 0x7fe308107420
2024-09-19T06:58:52.604 INFO:teuthology.orchestra.run.smithi029.stdout:/usr/bin/ceph: stderr
2024-09-19T06:58:51.756+0000 7fe30dddf640 1 -- 172.21.15.29:0/1350391219 >> [v2:172.21.15.29:3300/0,v1:172.21.15.29:6789/0] conn(0x7fe308107420 msgr2=0x7fe308107820 secure :-1 s=STATE_CONNECTION_ESTABLISHED l=1).mark_down
2024-09-19T06:58:52.604 INFO:teuthology.orchestra.run.smithi029.stdout:/usr/bin/ceph: stderr
2024-09-19T06:58:51.756+0000 7fe30dddf640 1 --2- 172.21.15.29:0/1350391219 >> [v2:172.21.15.29:3300/0,v1:172.21.15.29:6789/0] conn(0x7fe308107420 0x7fe308107820 secure :-1 s=READY pgs=37 cs=0 l=1 rev1=1 crypto rx=0x7fe2f8009820 tx=0x7fe2f802a270 comp rx=0 tx=0).stop
2024-09-19T06:58:52.604 INFO:teuthology.orchestra.run.smithi029.stdout:/usr/bin/ceph: stderr
2024-09-19T06:58:51.756+0000 7fe30dddf640 1 -- 172.21.15.29:0/1350391219 shutdown_connections
2024-09-19T06:58:52.604 INFO:teuthology.orchestra.run.smithi029.stdout:/usr/bin/ceph: stderr
2024-09-19T06:58:51.756+0000 7fe30dddf640 1 --2- 172.21.15.29:0/1350391219 >> [v2:172.21.15.29:3300/0,v1:172.21.15.29:6789/0] conn(0x7fe308107420 0x7fe308107820 unknown :-1 s=CLOSED pgs=37 cs=0 l=1 rev1=1 crypto rx=0 tx=0 comp rx=0 tx=0).stop
2024-09-19T06:58:52.604 INFO:teuthology.orchestra.run.smithi029.stdout:/usr/bin/ceph: stderr
2024-09-19T06:58:51.756+0000 7fe30dddf640 1 -- 172.21.15.29:0/1350391219 >> 172.21.15.29:0/1350391219 conn(0x7fe308102b70 msgr2=0x7fe308104ff0 unknown :-1 s=STATE_NONE l=0).mark_down
2024-09-19T06:58:52.604 INFO:teuthology.orchestra.run.smithi029.stdout:/usr/bin/ceph: stderr
2024-09-19T06:58:51.756+0000 7fe30dddf640 1 -- 172.21.15.29:0/1350391219 shutdown_connections
2024-09-19T06:58:52.604 INFO:teuthology.orchestra.run.smithi029.stdout:/usr/bin/ceph: stderr
2024-09-19T06:58:51.756+0000 7fe30dddf640 1 -- 172.21.15.29:0/1350391219 wait complete.
2024-09-19T06:58:52.604 INFO:teuthology.orchestra.run.smithi029.stdout:/usr/bin/ceph: stderr
2024-09-19T06:58:51.757+0000 7fe30dddf640 1 Processor -- start
2024-09-19T06:58:52.604 INFO:teuthology.orchestra.run.smithi029.stdout:/usr/bin/ceph: stderr
2024-09-19T06:58:51.757+0000 7fe30dddf640 1 -- start start
2024-09-19T06:58:52.604 INFO:teuthology.orchestra.run.smithi029.stdout:/usr/bin/ceph: stderr
2024-09-19T06:58:51.757+0000 7fe30dddf640 1 --2- >> [v2:172.21.15.29:3300/0,v1:172.21.15.29:6789/0] conn(0x7fe308107420 0x7fe30819b5f0 unknown :-1 s=NONE pgs=0 cs=0 l=1 rev1=0 crypto rx=0 tx=0 comp rx=0 tx=0).connect
2024-09-19T06:58:52.605 INFO:teuthology.orchestra.run.smithi029.stdout:/usr/bin/ceph: stderr
2024-09-19T06:58:51.757+0000 7fe30dddf640 1 -- --> [v2:172.21.15.29:3300/0,v1:172.21.15.29:6789/0] -- mon_getmap magic: 0 -- 0x7fe30810b930 con 0x7fe308107420
2024-09-19T06:58:52.605 INFO:teuthology.orchestra.run.smithi029.stdout:/usr/bin/ceph: stderr
2024-09-19T06:58:51.758+0000 7fe3077fe640 1 --2- >> [v2:172.21.15.29:3300/0,v1:172.21.15.29:6789/0] conn(0x7fe308107420 0x7fe30819b5f0 unknown :-1 s=BANNER_CONNECTING pgs=0 cs=0 l=1 rev1=0 crypto rx=0 tx=0 comp rx=0 tx=0)._handle_peer_banner_payload supported=3 required=0
2024-09-19T06:58:52.605 INFO:teuthology.orchestra.run.smithi029.stdout:/usr/bin/ceph: stderr
2024-09-19T06:58:51.758+0000 7fe3077fe640 1 --2- >> [v2:172.21.15.29:3300/0,v1:172.21.15.29:6789/0] conn(0x7fe308107420 0x7fe30819b5f0 unknown :-1 s=HELLO_CONNECTING pgs=0 cs=0 l=1 rev1=1 crypto rx=0 tx=0 comp rx=0 tx=0).handle_hello peer v2:172.21.15.29:3300/0 says I am v2:172.21.15.29:53840/0 (socket says 172.21.15.29:53840)
2024-09-19T06:58:52.605 INFO:teuthology.orchestra.run.smithi029.stdout:/usr/bin/ceph: stderr
2024-09-19T06:58:51.758+0000 7fe3077fe640 1 -- 172.21.15.29:0/388207156 learned_addr learned my addr 172.21.15.29:0/388207156 (peer_addr_for_me v2:172.21.15.29:0/0)
2024-09-19T06:58:52.605 INFO:teuthology.orchestra.run.smithi029.stdout:/usr/bin/ceph: stderr
2024-09-19T06:58:51.758+0000 7fe3077fe640 1 -- 172.21.15.29:0/388207156 --> [v2:172.21.15.29:3300/0,v1:172.21.15.29:6789/0] -- mon_subscribe({config=0+,monmap=0+}) -- 0x7fe30819bb30 con 0x7fe308107420
2024-09-19T06:58:52.605 INFO:teuthology.orchestra.run.smithi029.stdout:/usr/bin/ceph: stderr
2024-09-19T06:58:51.758+0000 7fe3077fe640 1 --2- 172.21.15.29:0/388207156 >> [v2:172.21.15.29:3300/0,v1:172.21.15.29:6789/0] conn(0x7fe308107420 0x7fe30819b5f0 secure :-1 s=READY pgs=38 cs=0 l=1 rev1=1 crypto rx=0x7fe2f8009940 tx=0x7fe2f8032e10 comp rx=0 tx=0).ready entity=mon.0 client_cookie=0 server_cookie=0 in_seq=0 out_seq=0
2024-09-19T06:58:52.605 INFO:teuthology.orchestra.run.smithi029.stdout:/usr/bin/ceph: stderr
2024-09-19T06:58:51.758+0000 7fe3057fa640 1 -- 172.21.15.29:0/388207156 <== mon.0 v2:172.21.15.29:3300/0 1 ==== mon_map magic: 0 ==== 205+0+0 (secure 0 0 0) 0x7fe2f8042070 con 0x7fe308107420
2024-09-19T06:58:52.605 INFO:teuthology.orchestra.run.smithi029.stdout:/usr/bin/ceph: stderr
2024-09-19T06:58:51.758+0000 7fe3057fa640 1 -- 172.21.15.29:0/388207156 <== mon.0 v2:172.21.15.29:3300/0 2 ==== config(26 keys) ==== 1071+0+0 (secure 0 0 0) 0x7fe2f8030c80 con 0x7fe308107420
2024-09-19T06:58:52.605 INFO:teuthology.orchestra.run.smithi029.stdout:/usr/bin/ceph: stderr
2024-09-19T06:58:51.758+0000 7fe3057fa640 1 -- 172.21.15.29:0/388207156 <== mon.0 v2:172.21.15.29:3300/0 3 ==== mon_map magic: 0 ==== 205+0+0 (secure 0 0 0) 0x7fe2f8037040 con 0x7fe308107420
2024-09-19T06:58:52.605 INFO:teuthology.orchestra.run.smithi029.stdout:/usr/bin/ceph: stderr
2024-09-19T06:58:51.758+0000 7fe30dddf640 1 -- 172.21.15.29:0/388207156 --> [v2:172.21.15.29:3300/0,v1:172.21.15.29:6789/0] -- mon_subscribe({mgrmap=0+}) -- 0x7fe30819bdc0 con 0x7fe308107420
2024-09-19T06:58:52.605 INFO:teuthology.orchestra.run.smithi029.stdout:/usr/bin/ceph: stderr
2024-09-19T06:58:51.758+0000 7fe30dddf640 1 -- 172.21.15.29:0/388207156 --> [v2:172.21.15.29:3300/0,v1:172.21.15.29:6789/0] -- mon_subscribe({osdmap=0}) -- 0x7fe30819eab0 con 0x7fe308107420
2024-09-19T06:58:52.605 INFO:teuthology.orchestra.run.smithi029.stdout:/usr/bin/ceph: stderr
2024-09-19T06:58:51.759+0000 7fe3057fa640 1 -- 172.21.15.29:0/388207156 <== mon.0 v2:172.21.15.29:3300/0 4 ==== mgrmap(e 8) ==== 46461+0+0 (secure 0 0 0) 0x7fe2f8045070 con 0x7fe308107420
2024-09-19T06:58:52.606 INFO:teuthology.orchestra.run.smithi029.stdout:/usr/bin/ceph: stderr
2024-09-19T06:58:51.759+0000 7fe30dddf640 1 -- 172.21.15.29:0/388207156 --> [v2:172.21.15.29:3300/0,v1:172.21.15.29:6789/0] -- mon_command({"prefix": "get_command_descriptions"} v 0) -- 0x7fe30810bab0 con 0x7fe308107420
2024-09-19T06:58:52.606 INFO:teuthology.orchestra.run.smithi029.stdout:/usr/bin/ceph: stderr
2024-09-19T06:58:51.759+0000 7fe3057fa640 1 --2- 172.21.15.29:0/388207156 >> [v2:172.21.15.29:6800/1256989766,v1:172.21.15.29:6801/1256989766] conn(0x7fe2f4039200 0x7fe2f403b6c0 unknown :-1 s=NONE pgs=0 cs=0 l=1 rev1=0 crypto rx=0 tx=0 comp rx=0 tx=0).connect
2024-09-19T06:58:52.606 INFO:teuthology.orchestra.run.smithi029.stdout:/usr/bin/ceph: stderr
2024-09-19T06:58:51.759+0000 7fe3057fa640 1 -- 172.21.15.29:0/388207156 <== mon.0 v2:172.21.15.29:3300/0 5 ==== osd_map(2..2 src has 1..2) ==== 940+0+0 (secure 0 0 0) 0x7fe2f806c150 con 0x7fe308107420
2024-09-19T06:58:52.606 INFO:teuthology.orchestra.run.smithi029.stdout:/usr/bin/ceph: stderr
2024-09-19T06:58:51.760+0000 7fe2feffd640 1 --2- 172.21.15.29:0/388207156 >> [v2:172.21.15.29:6800/1256989766,v1:172.21.15.29:6801/1256989766] conn(0x7fe2f4039200 0x7fe2f403b6c0 unknown :-1 s=BANNER_CONNECTING pgs=0 cs=0 l=1 rev1=0 crypto rx=0 tx=0 comp rx=0 tx=0)._handle_peer_banner_payload supported=3 required=0
2024-09-19T06:58:52.606 INFO:teuthology.orchestra.run.smithi029.stdout:/usr/bin/ceph: stderr
2024-09-19T06:58:51.760+0000 7fe2feffd640 1 --2- 172.21.15.29:0/388207156 >> [v2:172.21.15.29:6800/1256989766,v1:172.21.15.29:6801/1256989766] conn(0x7fe2f4039200 0x7fe2f403b6c0 secure :-1 s=READY pgs=8 cs=0 l=1 rev1=1 crypto rx=0x7fe2f00098c0 tx=0x7fe2f0006db0 comp rx=0 tx=0).ready entity=mgr.14118 client_cookie=0 server_cookie=0 in_seq=0 out_seq=0
2024-09-19T06:58:52.606 INFO:teuthology.orchestra.run.smithi029.stdout:/usr/bin/ceph: stderr
2024-09-19T06:58:51.764+0000 7fe3057fa640 1 -- 172.21.15.29:0/388207156 <== mon.0 v2:172.21.15.29:3300/0 6 ==== mon_command_ack([{"prefix": "get_command_descriptions"}]=0 v0) ==== 72+0+188913 (secure 0 0 0) 0x7fe2f8045360 con 0x7fe308107420
2024-09-19T06:58:52.606 INFO:teuthology.orchestra.run.smithi029.stdout:/usr/bin/ceph: stderr
2024-09-19T06:58:51.941+0000 7fe30dddf640 1 -- 172.21.15.29:0/388207156 --> [v2:172.21.15.29:6800/1256989766,v1:172.21.15.29:6801/1256989766] -- mgr_command(tid 0: {"prefix": "cephadm set-user", "user": "root", "target": ["mon-mgr", ""]}) -- 0x7fe308103ee0 con 0x7fe2f4039200
2024-09-19T06:58:52.606 INFO:teuthology.orchestra.run.smithi029.stdout:/usr/bin/ceph: stderr
2024-09-19T06:58:51.941+0000 7fe3057fa640 1 -- 172.21.15.29:0/388207156 <== mgr.14118 v2:172.21.15.29:6800/1256989766 1 ==== mgr_command_reply(tid 0: 0 ) ==== 8+0+16 (secure 0 0 0) 0x7fe308103ee0 con 0x7fe2f4039200
2024-09-19T06:58:52.606 INFO:teuthology.orchestra.run.smithi029.stdout:/usr/bin/ceph: stderr
2024-09-19T06:58:51.943+0000 7fe30dddf640 1 -- 172.21.15.29:0/388207156 >> [v2:172.21.15.29:6800/1256989766,v1:172.21.15.29:6801/1256989766] conn(0x7fe2f4039200 msgr2=0x7fe2f403b6c0 secure :-1 s=STATE_CONNECTION_ESTABLISHED l=1).mark_down
2024-09-19T06:58:52.606 INFO:teuthology.orchestra.run.smithi029.stdout:/usr/bin/ceph: stderr
2024-09-19T06:58:51.943+0000 7fe30dddf640 1 --2- 172.21.15.29:0/388207156 >> [v2:172.21.15.29:6800/1256989766,v1:172.21.15.29:6801/1256989766] conn(0x7fe2f4039200 0x7fe2f403b6c0 secure :-1 s=READY pgs=8 cs=0 l=1 rev1=1 crypto rx=0x7fe2f00098c0 tx=0x7fe2f0006db0 comp rx=0 tx=0).stop
2024-09-19T06:58:52.606 INFO:teuthology.orchestra.run.smithi029.stdout:/usr/bin/ceph: stderr
2024-09-19T06:58:51.943+0000 7fe30dddf640 1 -- 172.21.15.29:0/388207156 >> [v2:172.21.15.29:3300/0,v1:172.21.15.29:6789/0] conn(0x7fe308107420 msgr2=0x7fe30819b5f0 secure :-1 s=STATE_CONNECTION_ESTABLISHED l=1).mark_down
2024-09-19T06:58:52.607 INFO:teuthology.orchestra.run.smithi029.stdout:/usr/bin/ceph: stderr
2024-09-19T06:58:51.943+0000 7fe30dddf640 1 --2- 172.21.15.29:0/388207156 >> [v2:172.21.15.29:3300/0,v1:172.21.15.29:6789/0] conn(0x7fe308107420 0x7fe30819b5f0 secure :-1 s=READY pgs=38 cs=0 l=1 rev1=1 crypto rx=0x7fe2f8009940 tx=0x7fe2f8032e10 comp rx=0 tx=0).stop
2024-09-19T06:58:52.607 INFO:teuthology.orchestra.run.smithi029.stdout:/usr/bin/ceph: stderr
2024-09-19T06:58:51.944+0000 7fe30dddf640 1 -- 172.21.15.29:0/388207156 shutdown_connections
2024-09-19T06:58:52.607 INFO:teuthology.orchestra.run.smithi029.stdout:/usr/bin/ceph: stderr
2024-09-19T06:58:51.944+0000 7fe30dddf640 1 --2- 172.21.15.29:0/388207156 >> [v2:172.21.15.29:6800/1256989766,v1:172.21.15.29:6801/1256989766] conn(0x7fe2f4039200 0x7fe2f403b6c0 unknown :-1 s=CLOSED pgs=8 cs=0 l=1 rev1=1 crypto rx=0 tx=0 comp rx=0 tx=0).stop
2024-09-19T06:58:52.607 INFO:teuthology.orchestra.run.smithi029.stdout:/usr/bin/ceph: stderr
2024-09-19T06:58:51.944+0000 7fe30dddf640 1 --2- 172.21.15.29:0/388207156 >> [v2:172.21.15.29:3300/0,v1:172.21.15.29:6789/0] conn(0x7fe308107420 0x7fe30819b5f0 unknown :-1 s=CLOSED pgs=38 cs=0 l=1 rev1=1 crypto rx=0 tx=0 comp rx=0 tx=0).stop
2024-09-19T06:58:52.607 INFO:teuthology.orchestra.run.smithi029.stdout:/usr/bin/ceph: stderr
2024-09-19T06:58:51.944+0000 7fe30dddf640 1 -- 172.21.15.29:0/388207156 >> 172.21.15.29:0/388207156 conn(0x7fe308102b70 msgr2=0x7fe308103790 unknown :-1 s=STATE_NONE l=0).mark_down
2024-09-19T06:58:52.607 INFO:teuthology.orchestra.run.smithi029.stdout:/usr/bin/ceph: stderr
2024-09-19T06:58:51.944+0000 7fe30dddf640 1 -- 172.21.15.29:0/388207156 shutdown_connections
2024-09-19T06:58:52.607 INFO:teuthology.orchestra.run.smithi029.stdout:/usr/bin/ceph: stderr
2024-09-19T06:58:51.944+0000 7fe30dddf640 1 -- 172.21.15.29:0/388207156 wait complete.
2024-09-19T06:58:52.607 INFO:teuthology.orchestra.run.smithi029.stdout:Generating ssh key...
2024-09-19T06:58:53.124 INFO:journalctl@ceph.mon.a.smithi029.stdout:Sep 19 06:58:53 smithi029 ceph-mon[31255]: from='client.14132 -' entity='client.admin' cmd=[{"prefix": "cephadm set-user", "user": "root", "target": ["mon-mgr", ""]}]: dispatch
2024-09-19T06:58:53.875 INFO:journalctl@ceph.mgr.x.smithi029.stdout:Sep 19 06:58:53 smithi029 ceph-6a046fca-7654-11ef-bceb-c7b262605968-mgr-x[31482]: Generating public/private rsa key pair.
2024-09-19T06:58:53.875 INFO:journalctl@ceph.mgr.x.smithi029.stdout:Sep 19 06:58:53 smithi029 ceph-6a046fca-7654-11ef-bceb-c7b262605968-mgr-x[31482]: Your identification has been saved in /tmp/tmpgw3tcees/key
2024-09-19T06:58:53.875 INFO:journalctl@ceph.mgr.x.smithi029.stdout:Sep 19 06:58:53 smithi029 ceph-6a046fca-7654-11ef-bceb-c7b262605968-mgr-x[31482]: Your public key has been saved in /tmp/tmpgw3tcees/key.pub
2024-09-19T06:58:53.875 INFO:journalctl@ceph.mgr.x.smithi029.stdout:Sep 19 06:58:53 smithi029 ceph-6a046fca-7654-11ef-bceb-c7b262605968-mgr-x[31482]: The key fingerprint is:
2024-09-19T06:58:53.875 INFO:journalctl@ceph.mgr.x.smithi029.stdout:Sep 19 06:58:53 smithi029 ceph-6a046fca-7654-11ef-bceb-c7b262605968-mgr-x[31482]: SHA256:6Y0P+R0HAmMgmksR4IUqc/kBOzGi7e0p6ieKk0QZ8f4 ceph-6a046fca-7654-11ef-bceb-c7b262605968
2024-09-19T06:58:53.876 INFO:journalctl@ceph.mgr.x.smithi029.stdout:Sep 19 06:58:53 smithi029 ceph-6a046fca-7654-11ef-bceb-c7b262605968-mgr-x[31482]: The key's randomart image is:
2024-09-19T06:58:53.876 INFO:journalctl@ceph.mgr.x.smithi029.stdout:Sep 19 06:58:53 smithi029 ceph-6a046fca-7654-11ef-bceb-c7b262605968-mgr-x[31482]: +---[RSA 3072]----+
2024-09-19T06:58:53.876 INFO:journalctl@ceph.mgr.x.smithi029.stdout:Sep 19 06:58:53 smithi029 ceph-6a046fca-7654-11ef-bceb-c7b262605968-mgr-x[31482]: |.o=o. . |
2024-09-19T06:58:53.876 INFO:journalctl@ceph.mgr.x.smithi029.stdout:Sep 19 06:58:53 smithi029 ceph-6a046fca-7654-11ef-bceb-c7b262605968-mgr-x[31482]: |oo*+ . . |
2024-09-19T06:58:53.876 INFO:journalctl@ceph.mgr.x.smithi029.stdout:Sep 19 06:58:53 smithi029 ceph-6a046fca-7654-11ef-bceb-c7b262605968-mgr-x[31482]: |o+*B + |
2024-09-19T06:58:53.876 INFO:journalctl@ceph.mgr.x.smithi029.stdout:Sep 19 06:58:53 smithi029 ceph-6a046fca-7654-11ef-bceb-c7b262605968-mgr-x[31482]: |=+B.. . + |
2024-09-19T06:58:53.877 INFO:journalctl@ceph.mgr.x.smithi029.stdout:Sep 19 06:58:53 smithi029 ceph-6a046fca-7654-11ef-bceb-c7b262605968-mgr-x[31482]: |o+.= . S . . |
2024-09-19T06:58:53.877 INFO:journalctl@ceph.mgr.x.smithi029.stdout:Sep 19 06:58:53 smithi029 ceph-6a046fca-7654-11ef-bceb-c7b262605968-mgr-x[31482]: | .. + . + . . |
2024-09-19T06:58:53.877 INFO:journalctl@ceph.mgr.x.smithi029.stdout:Sep 19 06:58:53 smithi029 ceph-6a046fca-7654-11ef-bceb-c7b262605968-mgr-x[31482]: |.. . E = . . . |
2024-09-19T06:58:53.877 INFO:journalctl@ceph.mgr.x.smithi029.stdout:Sep 19 06:58:53 smithi029 ceph-6a046fca-7654-11ef-bceb-c7b262605968-mgr-x[31482]: |+...o + . o |
2024-09-19T06:58:53.877 INFO:journalctl@ceph.mgr.x.smithi029.stdout:Sep 19 06:58:53 smithi029 ceph-6a046fca-7654-11ef-bceb-c7b262605968-mgr-x[31482]: |*+o. o . |
2024-09-19T06:58:53.877 INFO:journalctl@ceph.mgr.x.smithi029.stdout:Sep 19 06:58:53 smithi029 ceph-6a046fca-7654-11ef-bceb-c7b262605968-mgr-x[31482]: +----[SHA256]-----+
2024-09-19T06:58:54.175 INFO:journalctl@ceph.mon.a.smithi029.stdout:Sep 19 06:58:54 smithi029 ceph-mon[31255]: from='client.14134 -' entity='client.admin' cmd=[{"prefix": "cephadm generate-key", "target": ["mon-mgr", ""]}]: dispatch
2024-09-19T06:58:54.175 INFO:journalctl@ceph.mon.a.smithi029.stdout:Sep 19 06:58:54 smithi029 ceph-mon[31255]: Generating ssh key...
2024-09-19T06:58:54.175 INFO:journalctl@ceph.mon.a.smithi029.stdout:Sep 19 06:58:54 smithi029 ceph-mon[31255]: from='mgr.14118 172.21.15.29:0/3812793991' entity='mgr.x'
2024-09-19T06:58:54.175 INFO:journalctl@ceph.mon.a.smithi029.stdout:Sep 19 06:58:54 smithi029 ceph-mon[31255]: from='mgr.14118 172.21.15.29:0/3812793991' entity='mgr.x'
2024-09-19T06:58:54.183 INFO:teuthology.orchestra.run.smithi029.stdout:/usr/bin/ceph: stderr
2024-09-19T06:58:53.018+0000 7f3fbe878640 1 Processor -- start
2024-09-19T06:58:54.183 INFO:teuthology.orchestra.run.smithi029.stdout:/usr/bin/ceph: stderr
2024-09-19T06:58:53.018+0000 7f3fbe878640 1 -- start start
2024-09-19T06:58:54.183 INFO:teuthology.orchestra.run.smithi029.stdout:/usr/bin/ceph: stderr
2024-09-19T06:58:53.018+0000 7f3fbe878640 1 --2- >> [v2:172.21.15.29:3300/0,v1:172.21.15.29:6789/0] conn(0x7f3fb807de20 0x7f3fb807c280 unknown :-1 s=NONE pgs=0 cs=0 l=0 rev1=0 crypto rx=0 tx=0 comp rx=0 tx=0).connect
2024-09-19T06:58:54.183 INFO:teuthology.orchestra.run.smithi029.stdout:/usr/bin/ceph: stderr
2024-09-19T06:58:53.018+0000 7f3fbe878640 1 -- --> [v2:172.21.15.29:3300/0,v1:172.21.15.29:6789/0] -- mon_getmap magic: 0 -- 0x7f3fb807c850 con 0x7f3fb807de20
2024-09-19T06:58:54.183 INFO:teuthology.orchestra.run.smithi029.stdout:/usr/bin/ceph: stderr
2024-09-19T06:58:53.019+0000 7f3fb7fff640 1 --2- >> [v2:172.21.15.29:3300/0,v1:172.21.15.29:6789/0] conn(0x7f3fb807de20 0x7f3fb807c280 unknown :-1 s=BANNER_CONNECTING pgs=0 cs=0 l=0 rev1=0 crypto rx=0 tx=0 comp rx=0 tx=0)._handle_peer_banner_payload supported=3 required=0
2024-09-19T06:58:54.184 INFO:teuthology.orchestra.run.smithi029.stdout:/usr/bin/ceph: stderr
2024-09-19T06:58:53.019+0000 7f3fb7fff640 1 --2- >> [v2:172.21.15.29:3300/0,v1:172.21.15.29:6789/0] conn(0x7f3fb807de20 0x7f3fb807c280 unknown :-1 s=HELLO_CONNECTING pgs=0 cs=0 l=0 rev1=1 crypto rx=0 tx=0 comp rx=0 tx=0).handle_hello peer v2:172.21.15.29:3300/0 says I am v2:172.21.15.29:53852/0 (socket says 172.21.15.29:53852)
2024-09-19T06:58:54.184 INFO:teuthology.orchestra.run.smithi029.stdout:/usr/bin/ceph: stderr
2024-09-19T06:58:53.019+0000 7f3fb7fff640 1 -- 172.21.15.29:0/3569857149 learned_addr learned my addr 172.21.15.29:0/3569857149 (peer_addr_for_me v2:172.21.15.29:0/0)
2024-09-19T06:58:54.184 INFO:teuthology.orchestra.run.smithi029.stdout:/usr/bin/ceph: stderr
2024-09-19T06:58:53.019+0000 7f3fb7fff640 1 -- 172.21.15.29:0/3569857149 --> [v2:172.21.15.29:3300/0,v1:172.21.15.29:6789/0] -- mon_subscribe({config=0+,monmap=0+}) -- 0x7f3fb807c9d0 con 0x7f3fb807de20
2024-09-19T06:58:54.184 INFO:teuthology.orchestra.run.smithi029.stdout:/usr/bin/ceph: stderr
2024-09-19T06:58:53.020+0000 7f3fb7fff640 1 --2- 172.21.15.29:0/3569857149 >> [v2:172.21.15.29:3300/0,v1:172.21.15.29:6789/0] conn(0x7f3fb807de20 0x7f3fb807c280 secure :-1 s=READY pgs=39 cs=0 l=1 rev1=1 crypto rx=0x7f3fa8009820 tx=0x7f3fa802a270 comp rx=0 tx=0).ready entity=mon.0 client_cookie=3652e8de2121a531 server_cookie=0 in_seq=0 out_seq=0
2024-09-19T06:58:54.184 INFO:teuthology.orchestra.run.smithi029.stdout:/usr/bin/ceph: stderr
2024-09-19T06:58:53.020+0000 7f3fb6ffd640 1 -- 172.21.15.29:0/3569857149 <== mon.0 v2:172.21.15.29:3300/0 1 ==== mon_map magic: 0 ==== 205+0+0 (secure 0 0 0) 0x7f3fa8037070 con 0x7f3fb807de20
2024-09-19T06:58:54.184 INFO:teuthology.orchestra.run.smithi029.stdout:/usr/bin/ceph: stderr
2024-09-19T06:58:53.020+0000 7f3fb6ffd640 1 -- 172.21.15.29:0/3569857149 <== mon.0 v2:172.21.15.29:3300/0 2 ==== config(26 keys) ==== 1071+0+0 (secure 0 0 0) 0x7f3fa80328d0 con 0x7f3fb807de20
2024-09-19T06:58:54.184 INFO:teuthology.orchestra.run.smithi029.stdout:/usr/bin/ceph: stderr
2024-09-19T06:58:53.020+0000 7f3fb6ffd640 1 -- 172.21.15.29:0/3569857149 <== mon.0 v2:172.21.15.29:3300/0 3 ==== mon_map magic: 0 ==== 205+0+0 (secure 0 0 0) 0x7f3fa80307d0 con 0x7f3fb807de20
2024-09-19T06:58:54.184 INFO:teuthology.orchestra.run.smithi029.stdout:/usr/bin/ceph: stderr
2024-09-19T06:58:53.020+0000 7f3fbe878640 1 -- 172.21.15.29:0/3569857149 >> [v2:172.21.15.29:3300/0,v1:172.21.15.29:6789/0] conn(0x7f3fb807de20 msgr2=0x7f3fb807c280 secure :-1 s=STATE_CONNECTION_ESTABLISHED l=1).mark_down
2024-09-19T06:58:54.184 INFO:teuthology.orchestra.run.smithi029.stdout:/usr/bin/ceph: stderr
2024-09-19T06:58:53.020+0000 7f3fbe878640 1 --2- 172.21.15.29:0/3569857149 >> [v2:172.21.15.29:3300/0,v1:172.21.15.29:6789/0] conn(0x7f3fb807de20 0x7f3fb807c280 secure :-1 s=READY pgs=39 cs=0 l=1 rev1=1 crypto rx=0x7f3fa8009820 tx=0x7f3fa802a270 comp rx=0 tx=0).stop
2024-09-19T06:58:54.184 INFO:teuthology.orchestra.run.smithi029.stdout:/usr/bin/ceph: stderr
2024-09-19T06:58:53.020+0000 7f3fbe878640 1 -- 172.21.15.29:0/3569857149 shutdown_connections
2024-09-19T06:58:54.184 INFO:teuthology.orchestra.run.smithi029.stdout:/usr/bin/ceph: stderr
2024-09-19T06:58:53.020+0000 7f3fbe878640 1 --2- 172.21.15.29:0/3569857149 >> [v2:172.21.15.29:3300/0,v1:172.21.15.29:6789/0] conn(0x7f3fb807de20 0x7f3fb807c280 unknown :-1 s=CLOSED pgs=39 cs=0 l=1 rev1=1 crypto rx=0 tx=0 comp rx=0 tx=0).stop
2024-09-19T06:58:54.185 INFO:teuthology.orchestra.run.smithi029.stdout:/usr/bin/ceph: stderr
2024-09-19T06:58:53.020+0000 7f3fbe878640 1 -- 172.21.15.29:0/3569857149 >> 172.21.15.29:0/3569857149 conn(0x7f3fb8102b10 msgr2=0x7f3fb8104f50 unknown :-1 s=STATE_NONE l=0).mark_down
2024-09-19T06:58:54.185 INFO:teuthology.orchestra.run.smithi029.stdout:/usr/bin/ceph: stderr
2024-09-19T06:58:53.021+0000 7f3fbe878640 1 -- 172.21.15.29:0/3569857149 shutdown_connections
2024-09-19T06:58:54.185 INFO:teuthology.orchestra.run.smithi029.stdout:/usr/bin/ceph: stderr
2024-09-19T06:58:53.021+0000 7f3fbe878640 1 -- 172.21.15.29:0/3569857149 wait complete.
2024-09-19T06:58:54.185 INFO:teuthology.orchestra.run.smithi029.stdout:/usr/bin/ceph: stderr
2024-09-19T06:58:53.021+0000 7f3fbe878640 1 Processor -- start
2024-09-19T06:58:54.185 INFO:teuthology.orchestra.run.smithi029.stdout:/usr/bin/ceph: stderr
2024-09-19T06:58:53.021+0000 7f3fbe878640 1 -- start start
2024-09-19T06:58:54.185 INFO:teuthology.orchestra.run.smithi029.stdout:/usr/bin/ceph: stderr
2024-09-19T06:58:53.022+0000 7f3fbe878640 1 --2- >> [v2:172.21.15.29:3300/0,v1:172.21.15.29:6789/0] conn(0x7f3fb807de20 0x7f3fb819d790 unknown :-1 s=NONE pgs=0 cs=0 l=1 rev1=0 crypto rx=0 tx=0 comp rx=0 tx=0).connect
2024-09-19T06:58:54.185 INFO:teuthology.orchestra.run.smithi029.stdout:/usr/bin/ceph: stderr
2024-09-19T06:58:53.022+0000 7f3fbe878640 1 -- --> [v2:172.21.15.29:3300/0,v1:172.21.15.29:6789/0] -- mon_getmap magic: 0 -- 0x7f3fb810d950 con 0x7f3fb807de20
2024-09-19T06:58:54.185 INFO:teuthology.orchestra.run.smithi029.stdout:/usr/bin/ceph: stderr
2024-09-19T06:58:53.022+0000 7f3fb7fff640 1 --2- >> [v2:172.21.15.29:3300/0,v1:172.21.15.29:6789/0] conn(0x7f3fb807de20 0x7f3fb819d790 unknown :-1 s=BANNER_CONNECTING pgs=0 cs=0 l=1 rev1=0 crypto rx=0 tx=0 comp rx=0 tx=0)._handle_peer_banner_payload supported=3 required=0
2024-09-19T06:58:54.185 INFO:teuthology.orchestra.run.smithi029.stdout:/usr/bin/ceph: stderr
2024-09-19T06:58:53.022+0000 7f3fb7fff640 1 --2- >> [v2:172.21.15.29:3300/0,v1:172.21.15.29:6789/0] conn(0x7f3fb807de20 0x7f3fb819d790 unknown :-1 s=HELLO_CONNECTING pgs=0 cs=0 l=1 rev1=1 crypto rx=0 tx=0 comp rx=0 tx=0).handle_hello peer v2:172.21.15.29:3300/0 says I am v2:172.21.15.29:53856/0 (socket says 172.21.15.29:53856)
2024-09-19T06:58:54.185 INFO:teuthology.orchestra.run.smithi029.stdout:/usr/bin/ceph: stderr
2024-09-19T06:58:53.022+0000 7f3fb7fff640 1 -- 172.21.15.29:0/2562214011 learned_addr learned my addr 172.21.15.29:0/2562214011 (peer_addr_for_me v2:172.21.15.29:0/0)
2024-09-19T06:58:54.185 INFO:teuthology.orchestra.run.smithi029.stdout:/usr/bin/ceph: stderr
2024-09-19T06:58:53.022+0000 7f3fb7fff640 1 -- 172.21.15.29:0/2562214011 --> [v2:172.21.15.29:3300/0,v1:172.21.15.29:6789/0] -- mon_subscribe({config=0+,monmap=0+}) -- 0x7f3fb819dcd0 con 0x7f3fb807de20
2024-09-19T06:58:54.185 INFO:teuthology.orchestra.run.smithi029.stdout:/usr/bin/ceph: stderr
2024-09-19T06:58:53.022+0000 7f3fb7fff640 1 --2- 172.21.15.29:0/2562214011 >> [v2:172.21.15.29:3300/0,v1:172.21.15.29:6789/0] conn(0x7f3fb807de20 0x7f3fb819d790 secure :-1 s=READY pgs=40 cs=0 l=1 rev1=1 crypto rx=0x7f3fa80097f0 tx=0x7f3fa8030d00 comp rx=0 tx=0).ready entity=mon.0 client_cookie=0 server_cookie=0 in_seq=0 out_seq=0
2024-09-19T06:58:54.186 INFO:teuthology.orchestra.run.smithi029.stdout:/usr/bin/ceph: stderr
2024-09-19T06:58:53.022+0000 7f3fb57fa640 1 -- 172.21.15.29:0/2562214011 <== mon.0 v2:172.21.15.29:3300/0 1 ==== mon_map magic: 0 ==== 205+0+0 (secure 0 0 0) 0x7f3fa8037040 con 0x7f3fb807de20
2024-09-19T06:58:54.186 INFO:teuthology.orchestra.run.smithi029.stdout:/usr/bin/ceph: stderr
2024-09-19T06:58:53.022+0000 7f3fb57fa640 1 -- 172.21.15.29:0/2562214011 <== mon.0 v2:172.21.15.29:3300/0 2 ==== config(26 keys) ==== 1071+0+0 (secure 0 0 0) 0x7f3fa8032bb0 con 0x7f3fb807de20
2024-09-19T06:58:54.186 INFO:teuthology.orchestra.run.smithi029.stdout:/usr/bin/ceph: stderr
2024-09-19T06:58:53.022+0000 7f3fbe878640 1 -- 172.21.15.29:0/2562214011 --> [v2:172.21.15.29:3300/0,v1:172.21.15.29:6789/0] -- mon_subscribe({mgrmap=0+}) -- 0x7f3fb819df60 con 0x7f3fb807de20
2024-09-19T06:58:54.186 INFO:teuthology.orchestra.run.smithi029.stdout:/usr/bin/ceph: stderr
2024-09-19T06:58:53.022+0000 7f3fb57fa640 1 -- 172.21.15.29:0/2562214011 <== mon.0 v2:172.21.15.29:3300/0 3 ==== mon_map magic: 0 ==== 205+0+0 (secure 0 0 0) 0x7f3fa803a390 con 0x7f3fb807de20
2024-09-19T06:58:54.186 INFO:teuthology.orchestra.run.smithi029.stdout:/usr/bin/ceph: stderr
2024-09-19T06:58:53.022+0000 7f3fbe878640 1 -- 172.21.15.29:0/2562214011 --> [v2:172.21.15.29:3300/0,v1:172.21.15.29:6789/0] -- mon_subscribe({osdmap=0}) -- 0x7f3fb81a0c50 con 0x7f3fb807de20
2024-09-19T06:58:54.186 INFO:teuthology.orchestra.run.smithi029.stdout:/usr/bin/ceph: stderr
2024-09-19T06:58:53.023+0000 7f3fb57fa640 1 -- 172.21.15.29:0/2562214011 <== mon.0 v2:172.21.15.29:3300/0 4 ==== mgrmap(e 8) ==== 46461+0+0 (secure 0 0 0) 0x7f3fa803a580 con 0x7f3fb807de20
2024-09-19T06:58:54.186 INFO:teuthology.orchestra.run.smithi029.stdout:/usr/bin/ceph: stderr
2024-09-19T06:58:53.024+0000 7f3fb57fa640 1 --2- 172.21.15.29:0/2562214011 >> [v2:172.21.15.29:6800/1256989766,v1:172.21.15.29:6801/1256989766] conn(0x7f3fa0039200 0x7f3fa003b6c0 unknown :-1 s=NONE pgs=0 cs=0 l=1 rev1=0 crypto rx=0 tx=0 comp rx=0 tx=0).connect
2024-09-19T06:58:54.186 INFO:teuthology.orchestra.run.smithi029.stdout:/usr/bin/ceph: stderr
2024-09-19T06:58:53.024+0000 7f3fb57fa640 1 -- 172.21.15.29:0/2562214011 <== mon.0 v2:172.21.15.29:3300/0 5 ==== osd_map(2..2 src has 1..2) ==== 940+0+0 (secure 0 0 0) 0x7f3fa806c4c0 con 0x7f3fb807de20
2024-09-19T06:58:54.186 INFO:teuthology.orchestra.run.smithi029.stdout:/usr/bin/ceph: stderr
2024-09-19T06:58:53.024+0000 7f3fbe878640 1 -- 172.21.15.29:0/2562214011 --> [v2:172.21.15.29:3300/0,v1:172.21.15.29:6789/0] -- mon_command({"prefix": "get_command_descriptions"} v 0) -- 0x7f3fb807c300 con 0x7f3fb807de20
2024-09-19T06:58:54.187 INFO:teuthology.orchestra.run.smithi029.stdout:/usr/bin/ceph: stderr
2024-09-19T06:58:53.024+0000 7f3fb77fe640 1 --2- 172.21.15.29:0/2562214011 >> [v2:172.21.15.29:6800/1256989766,v1:172.21.15.29:6801/1256989766] conn(0x7f3fa0039200 0x7f3fa003b6c0 unknown :-1 s=BANNER_CONNECTING pgs=0 cs=0 l=1 rev1=0 crypto rx=0 tx=0 comp rx=0 tx=0)._handle_peer_banner_payload supported=3 required=0
2024-09-19T06:58:54.187 INFO:teuthology.orchestra.run.smithi029.stdout:/usr/bin/ceph: stderr
2024-09-19T06:58:53.024+0000 7f3fb77fe640 1 --2- 172.21.15.29:0/2562214011 >> [v2:172.21.15.29:6800/1256989766,v1:172.21.15.29:6801/1256989766] conn(0x7f3fa0039200 0x7f3fa003b6c0 secure :-1 s=READY pgs=9 cs=0 l=1 rev1=1 crypto rx=0x7f3fac0098c0 tx=0x7f3fac006db0 comp rx=0 tx=0).ready entity=mgr.14118 client_cookie=0 server_cookie=0 in_seq=0 out_seq=0
2024-09-19T06:58:54.187 INFO:teuthology.orchestra.run.smithi029.stdout:/usr/bin/ceph: stderr
2024-09-19T06:58:53.029+0000 7f3fb57fa640 1 -- 172.21.15.29:0/2562214011 <== mon.0 v2:172.21.15.29:3300/0 6 ==== mon_command_ack([{"prefix": "get_command_descriptions"}]=0 v0) ==== 72+0+188913 (secure 0 0 0) 0x7f3fa8040210 con 0x7f3fb807de20
2024-09-19T06:58:54.187 INFO:teuthology.orchestra.run.smithi029.stdout:/usr/bin/ceph: stderr
2024-09-19T06:58:53.209+0000 7f3fbe878640 1 -- 172.21.15.29:0/2562214011 --> [v2:172.21.15.29:6800/1256989766,v1:172.21.15.29:6801/1256989766] -- mgr_command(tid 0: {"prefix": "cephadm generate-key", "target": ["mon-mgr", ""]}) -- 0x7f3fb8103e90 con 0x7f3fa0039200
2024-09-19T06:58:54.187 INFO:teuthology.orchestra.run.smithi029.stdout:/usr/bin/ceph: stderr
2024-09-19T06:58:53.617+0000 7f3fb57fa640 1 -- 172.21.15.29:0/2562214011 <== mgr.14118 v2:172.21.15.29:6800/1256989766 1 ==== mgr_command_reply(tid 0: 0 ) ==== 8+0+0 (secure 0 0 0) 0x7f3fb8103e90 con 0x7f3fa0039200
2024-09-19T06:58:54.187 INFO:teuthology.orchestra.run.smithi029.stdout:/usr/bin/ceph: stderr
2024-09-19T06:58:53.619+0000 7f3fbe878640 1 -- 172.21.15.29:0/2562214011 >> [v2:172.21.15.29:6800/1256989766,v1:172.21.15.29:6801/1256989766] conn(0x7f3fa0039200 msgr2=0x7f3fa003b6c0 secure :-1 s=STATE_CONNECTION_ESTABLISHED l=1).mark_down
2024-09-19T06:58:54.187 INFO:teuthology.orchestra.run.smithi029.stdout:/usr/bin/ceph: stderr
2024-09-19T06:58:53.619+0000 7f3fbe878640 1 --2- 172.21.15.29:0/2562214011 >> [v2:172.21.15.29:6800/1256989766,v1:172.21.15.29:6801/1256989766] conn(0x7f3fa0039200 0x7f3fa003b6c0 secure :-1 s=READY pgs=9 cs=0 l=1 rev1=1 crypto rx=0x7f3fac0098c0 tx=0x7f3fac006db0 comp rx=0 tx=0).stop
2024-09-19T06:58:54.188 INFO:teuthology.orchestra.run.smithi029.stdout:/usr/bin/ceph: stderr
2024-09-19T06:58:53.619+0000 7f3fbe878640 1 -- 172.21.15.29:0/2562214011 >> [v2:172.21.15.29:3300/0,v1:172.21.15.29:6789/0] conn(0x7f3fb807de20 msgr2=0x7f3fb819d790 secure :-1 s=STATE_CONNECTION_ESTABLISHED l=1).mark_down
2024-09-19T06:58:54.188 INFO:teuthology.orchestra.run.smithi029.stdout:/usr/bin/ceph: stderr
2024-09-19T06:58:53.619+0000 7f3fbe878640 1 --2- 172.21.15.29:0/2562214011 >> [v2:172.21.15.29:3300/0,v1:172.21.15.29:6789/0] conn(0x7f3fb807de20 0x7f3fb819d790 secure :-1 s=READY pgs=40 cs=0 l=1 rev1=1 crypto rx=0x7f3fa80097f0 tx=0x7f3fa8030d00 comp rx=0 tx=0).stop
2024-09-19T06:58:54.188 INFO:teuthology.orchestra.run.smithi029.stdout:/usr/bin/ceph: stderr
2024-09-19T06:58:53.619+0000 7f3fbe878640 1 -- 172.21.15.29:0/2562214011 shutdown_connections
2024-09-19T06:58:54.188 INFO:teuthology.orchestra.run.smithi029.stdout:/usr/bin/ceph: stderr
2024-09-19T06:58:53.619+0000 7f3fbe878640 1 --2- 172.21.15.29:0/2562214011 >> [v2:172.21.15.29:6800/1256989766,v1:172.21.15.29:6801/1256989766] conn(0x7f3fa0039200 0x7f3fa003b6c0 unknown :-1 s=CLOSED pgs=9 cs=0 l=1 rev1=1 crypto rx=0 tx=0 comp rx=0 tx=0).stop
2024-09-19T06:58:54.188 INFO:teuthology.orchestra.run.smithi029.stdout:/usr/bin/ceph: stderr
2024-09-19T06:58:53.619+0000 7f3fbe878640 1 --2- 172.21.15.29:0/2562214011 >> [v2:172.21.15.29:3300/0,v1:172.21.15.29:6789/0] conn(0x7f3fb807de20 0x7f3fb819d790 unknown :-1 s=CLOSED pgs=40 cs=0 l=1 rev1=1 crypto rx=0 tx=0 comp rx=0 tx=0).stop
2024-09-19T06:58:54.188 INFO:teuthology.orchestra.run.smithi029.stdout:/usr/bin/ceph: stderr
2024-09-19T06:58:53.619+0000 7f3fbe878640 1 -- 172.21.15.29:0/2562214011 >> 172.21.15.29:0/2562214011 conn(0x7f3fb8102b10 msgr2=0x7f3fb8103720 unknown :-1 s=STATE_NONE l=0).mark_down
2024-09-19T06:58:54.188 INFO:teuthology.orchestra.run.smithi029.stdout:/usr/bin/ceph: stderr
2024-09-19T06:58:53.619+0000 7f3fbe878640 1 -- 172.21.15.29:0/2562214011 shutdown_connections
2024-09-19T06:58:54.188 INFO:teuthology.orchestra.run.smithi029.stdout:/usr/bin/ceph: stderr
2024-09-19T06:58:53.619+0000 7f3fbe878640 1 -- 172.21.15.29:0/2562214011 wait complete.
2024-09-19T06:58:55.373 INFO:teuthology.orchestra.run.smithi029.stdout:/usr/bin/ceph: stdout ssh-rsa AAAAB3NzaC1yc2EAAAADAQABAAABgQDzf714UYxUwX8GTxtCfiKObUX3ruTkGud8lyBeK1y3NZNQgLn/OOV4d8NG+Dg+a+nTTS+d5uuHYUBEeTIhx2NtEUd3V7tWE9RhJCiSj9WwQgcM0gnmKNSM1fOWXi9MK8L53cNDHZ3P43ilw88XIlCxch5EpK0rnOqqw8gFMTE7wvmgdoUGiPZysZ1bOFw2ohTCn6yELvBzH65mZ4kPxojPfRbUaGtxfyxOCvfTdOo2SPk+NXeUT3eNiA5+I2dQqmI9EEcl5a7h7BE471BryNyoooujOQFqeH5F1u7B7suFuH4vWFJ7iwQ03sQESPNG/SjwKeOFs5mSBREjBD7RfY5VrhG+0gpaCWuEuxJMQw6/DyJTngUjUcdbG0z95fZcprKNxD/gVsM3+Du84HKKpyJVA5AmX0szW9fqPfTFrnur06EjBXTS+SqkyC72ib+ElWYses3vE382EFR0cw08GTU8Y7nxFuqPCIDoatvg4zNJ3doY6FJ8Xy39FkRm7s7ndSs= ceph-6a046fca-7654-11ef-bceb-c7b262605968
2024-09-19T06:58:55.373 INFO:teuthology.orchestra.run.smithi029.stdout:/usr/bin/ceph: stderr
2024-09-19T06:58:54.569+0000 7fcb343da640 1 Processor -- start
2024-09-19T06:58:55.373 INFO:teuthology.orchestra.run.smithi029.stdout:/usr/bin/ceph: stderr
2024-09-19T06:58:54.569+0000 7fcb343da640 1 -- start start
2024-09-19T06:58:55.373 INFO:teuthology.orchestra.run.smithi029.stdout:/usr/bin/ceph: stderr
2024-09-19T06:58:54.570+0000 7fcb343da640 1 --2- >> [v2:172.21.15.29:3300/0,v1:172.21.15.29:6789/0] conn(0x7fcb2c107380 0x7fcb2c107780 unknown :-1 s=NONE pgs=0 cs=0 l=0 rev1=0 crypto rx=0 tx=0 comp rx=0 tx=0).connect
2024-09-19T06:58:55.373 INFO:teuthology.orchestra.run.smithi029.stdout:/usr/bin/ceph: stderr
2024-09-19T06:58:54.570+0000 7fcb343da640 1 -- --> [v2:172.21.15.29:3300/0,v1:172.21.15.29:6789/0] -- mon_getmap magic: 0 -- 0x7fcb2c107d50 con 0x7fcb2c107380
2024-09-19T06:58:55.373 INFO:teuthology.orchestra.run.smithi029.stdout:/usr/bin/ceph: stderr
2024-09-19T06:58:54.570+0000 7fcb32176640 1 --2- >> [v2:172.21.15.29:3300/0,v1:172.21.15.29:6789/0] conn(0x7fcb2c107380 0x7fcb2c107780 unknown :-1 s=BANNER_CONNECTING pgs=0 cs=0 l=0 rev1=0 crypto rx=0 tx=0 comp rx=0 tx=0)._handle_peer_banner_payload supported=3 required=0
2024-09-19T06:58:55.373 INFO:teuthology.orchestra.run.smithi029.stdout:/usr/bin/ceph: stderr
2024-09-19T06:58:54.570+0000 7fcb32176640 1 --2- >> [v2:172.21.15.29:3300/0,v1:172.21.15.29:6789/0] conn(0x7fcb2c107380 0x7fcb2c107780 unknown :-1 s=HELLO_CONNECTING pgs=0 cs=0 l=0 rev1=1 crypto rx=0 tx=0 comp rx=0 tx=0).handle_hello peer v2:172.21.15.29:3300/0 says I am v2:172.21.15.29:53864/0 (socket says 172.21.15.29:53864)
2024-09-19T06:58:55.373 INFO:teuthology.orchestra.run.smithi029.stdout:/usr/bin/ceph: stderr
2024-09-19T06:58:54.570+0000 7fcb32176640 1 -- 172.21.15.29:0/1584495091 learned_addr learned my addr 172.21.15.29:0/1584495091 (peer_addr_for_me v2:172.21.15.29:0/0)
2024-09-19T06:58:55.373 INFO:teuthology.orchestra.run.smithi029.stdout:/usr/bin/ceph: stderr
2024-09-19T06:58:54.570+0000 7fcb32176640 1 -- 172.21.15.29:0/1584495091 --> [v2:172.21.15.29:3300/0,v1:172.21.15.29:6789/0] -- mon_subscribe({config=0+,monmap=0+}) -- 0x7fcb2c108580 con 0x7fcb2c107380
2024-09-19T06:58:55.373 INFO:teuthology.orchestra.run.smithi029.stdout:/usr/bin/ceph: stderr
2024-09-19T06:58:54.571+0000 7fcb32176640 1 --2- 172.21.15.29:0/1584495091 >> [v2:172.21.15.29:3300/0,v1:172.21.15.29:6789/0] conn(0x7fcb2c107380 0x7fcb2c107780 secure :-1 s=READY pgs=41 cs=0 l=1 rev1=1 crypto rx=0x7fcb24009e80 tx=0x7fcb2402a7a0 comp rx=0 tx=0).ready entity=mon.0 client_cookie=431567f0586126c8 server_cookie=0 in_seq=0 out_seq=0
2024-09-19T06:58:55.374 INFO:teuthology.orchestra.run.smithi029.stdout:/usr/bin/ceph: stderr
2024-09-19T06:58:54.571+0000 7fcb31174640 1 -- 172.21.15.29:0/1584495091 <== mon.0 v2:172.21.15.29:3300/0 1 ==== mon_map magic: 0 ==== 205+0+0 (secure 0 0 0) 0x7fcb24036070 con 0x7fcb2c107380
