2024-09-19T06:59:02.327+0000 7f1e3effd640 1 -- 172.21.15.29:0/2532617969 <== mon.0 v2:172.21.15.29:3300/0 3 ==== mon_map magic: 0 ==== 205+0+0 (secure 0 0 0) 0x7f1e300307d0 con 0x7f1e40105c60
2024-09-19T06:59:04.248 INFO:teuthology.orchestra.run.smithi029.stdout:/usr/bin/ceph: stderr
2024-09-19T06:59:02.327+0000 7f1e4661b640 1 -- 172.21.15.29:0/2532617969 >> [v2:172.21.15.29:3300/0,v1:172.21.15.29:6789/0] conn(0x7f1e40105c60 msgr2=0x7f1e40106060 secure :-1 s=STATE_CONNECTION_ESTABLISHED l=1).mark_down
2024-09-19T06:59:04.248 INFO:teuthology.orchestra.run.smithi029.stdout:/usr/bin/ceph: stderr
2024-09-19T06:59:02.327+0000 7f1e4661b640 1 --2- 172.21.15.29:0/2532617969 >> [v2:172.21.15.29:3300/0,v1:172.21.15.29:6789/0] conn(0x7f1e40105c60 0x7f1e40106060 secure :-1 s=READY pgs=47 cs=0 l=1 rev1=1 crypto rx=0x7f1e30009820 tx=0x7f1e3002a270 comp rx=0 tx=0).stop
2024-09-19T06:59:04.248 INFO:teuthology.orchestra.run.smithi029.stdout:/usr/bin/ceph: stderr
2024-09-19T06:59:02.327+0000 7f1e4661b640 1 -- 172.21.15.29:0/2532617969 shutdown_connections
2024-09-19T06:59:04.248 INFO:teuthology.orchestra.run.smithi029.stdout:/usr/bin/ceph: stderr
2024-09-19T06:59:02.327+0000 7f1e4661b640 1 --2- 172.21.15.29:0/2532617969 >> [v2:172.21.15.29:3300/0,v1:172.21.15.29:6789/0] conn(0x7f1e40105c60 0x7f1e40106060 unknown :-1 s=CLOSED pgs=47 cs=0 l=1 rev1=1 crypto rx=0 tx=0 comp rx=0 tx=0).stop
2024-09-19T06:59:04.248 INFO:teuthology.orchestra.run.smithi029.stdout:/usr/bin/ceph: stderr
2024-09-19T06:59:02.327+0000 7f1e4661b640 1 -- 172.21.15.29:0/2532617969 >> 172.21.15.29:0/2532617969 conn(0x7f1e401019d0 msgr2=0x7f1e40103e50 unknown :-1 s=STATE_NONE l=0).mark_down
2024-09-19T06:59:04.248 INFO:teuthology.orchestra.run.smithi029.stdout:/usr/bin/ceph: stderr
2024-09-19T06:59:02.327+0000 7f1e4661b640 1 -- 172.21.15.29:0/2532617969 shutdown_connections
2024-09-19T06:59:04.248 INFO:teuthology.orchestra.run.smithi029.stdout:/usr/bin/ceph: stderr
2024-09-19T06:59:02.327+0000 7f1e4661b640 1 -- 172.21.15.29:0/2532617969 wait complete.
2024-09-19T06:59:04.248 INFO:teuthology.orchestra.run.smithi029.stdout:/usr/bin/ceph: stderr
2024-09-19T06:59:02.328+0000 7f1e4661b640 1 Processor -- start
2024-09-19T06:59:04.248 INFO:teuthology.orchestra.run.smithi029.stdout:/usr/bin/ceph: stderr
2024-09-19T06:59:02.328+0000 7f1e4661b640 1 -- start start
2024-09-19T06:59:04.248 INFO:teuthology.orchestra.run.smithi029.stdout:/usr/bin/ceph: stderr
2024-09-19T06:59:02.328+0000 7f1e4661b640 1 --2- >> [v2:172.21.15.29:3300/0,v1:172.21.15.29:6789/0] conn(0x7f1e40105c60 0x7f1e4019d810 unknown :-1 s=NONE pgs=0 cs=0 l=1 rev1=0 crypto rx=0 tx=0 comp rx=0 tx=0).connect
2024-09-19T06:59:04.249 INFO:teuthology.orchestra.run.smithi029.stdout:/usr/bin/ceph: stderr
2024-09-19T06:59:02.328+0000 7f1e4661b640 1 -- --> [v2:172.21.15.29:3300/0,v1:172.21.15.29:6789/0] -- mon_getmap magic: 0 -- 0x7f1e40107640 con 0x7f1e40105c60
2024-09-19T06:59:04.249 INFO:teuthology.orchestra.run.smithi029.stdout:/usr/bin/ceph: stderr
2024-09-19T06:59:02.329+0000 7f1e3ffff640 1 --2- >> [v2:172.21.15.29:3300/0,v1:172.21.15.29:6789/0] conn(0x7f1e40105c60 0x7f1e4019d810 unknown :-1 s=BANNER_CONNECTING pgs=0 cs=0 l=1 rev1=0 crypto rx=0 tx=0 comp rx=0 tx=0)._handle_peer_banner_payload supported=3 required=0
2024-09-19T06:59:04.249 INFO:teuthology.orchestra.run.smithi029.stdout:/usr/bin/ceph: stderr
2024-09-19T06:59:02.329+0000 7f1e3ffff640 1 --2- >> [v2:172.21.15.29:3300/0,v1:172.21.15.29:6789/0] conn(0x7f1e40105c60 0x7f1e4019d810 unknown :-1 s=HELLO_CONNECTING pgs=0 cs=0 l=1 rev1=1 crypto rx=0 tx=0 comp rx=0 tx=0).handle_hello peer v2:172.21.15.29:3300/0 says I am v2:172.21.15.29:36514/0 (socket says 172.21.15.29:36514)
2024-09-19T06:59:04.249 INFO:teuthology.orchestra.run.smithi029.stdout:/usr/bin/ceph: stderr
2024-09-19T06:59:02.329+0000 7f1e3ffff640 1 -- 172.21.15.29:0/2521013563 learned_addr learned my addr 172.21.15.29:0/2521013563 (peer_addr_for_me v2:172.21.15.29:0/0)
2024-09-19T06:59:04.249 INFO:teuthology.orchestra.run.smithi029.stdout:/usr/bin/ceph: stderr
2024-09-19T06:59:02.329+0000 7f1e3ffff640 1 -- 172.21.15.29:0/2521013563 --> [v2:172.21.15.29:3300/0,v1:172.21.15.29:6789/0] -- mon_subscribe({config=0+,monmap=0+}) -- 0x7f1e4019dd50 con 0x7f1e40105c60
2024-09-19T06:59:04.249 INFO:teuthology.orchestra.run.smithi029.stdout:/usr/bin/ceph: stderr
2024-09-19T06:59:02.329+0000 7f1e3ffff640 1 --2- 172.21.15.29:0/2521013563 >> [v2:172.21.15.29:3300/0,v1:172.21.15.29:6789/0] conn(0x7f1e40105c60 0x7f1e4019d810 secure :-1 s=READY pgs=48 cs=0 l=1 rev1=1 crypto rx=0x7f1e300097f0 tx=0x7f1e30030d00 comp rx=0 tx=0).ready entity=mon.0 client_cookie=0 server_cookie=0 in_seq=0 out_seq=0
2024-09-19T06:59:04.249 INFO:teuthology.orchestra.run.smithi029.stdout:/usr/bin/ceph: stderr
2024-09-19T06:59:02.329+0000 7f1e3d7fa640 1 -- 172.21.15.29:0/2521013563 <== mon.0 v2:172.21.15.29:3300/0 1 ==== mon_map magic: 0 ==== 205+0+0 (secure 0 0 0) 0x7f1e30037040 con 0x7f1e40105c60
2024-09-19T06:59:04.249 INFO:teuthology.orchestra.run.smithi029.stdout:/usr/bin/ceph: stderr
2024-09-19T06:59:02.329+0000 7f1e3d7fa640 1 -- 172.21.15.29:0/2521013563 <== mon.0 v2:172.21.15.29:3300/0 2 ==== config(26 keys) ==== 1071+0+0 (secure 0 0 0) 0x7f1e3003b3f0 con 0x7f1e40105c60
2024-09-19T06:59:04.249 INFO:teuthology.orchestra.run.smithi029.stdout:/usr/bin/ceph: stderr
2024-09-19T06:59:02.329+0000 7f1e4661b640 1 -- 172.21.15.29:0/2521013563 --> [v2:172.21.15.29:3300/0,v1:172.21.15.29:6789/0] -- mon_subscribe({mgrmap=0+}) -- 0x7f1e4019dfe0 con 0x7f1e40105c60
2024-09-19T06:59:04.249 INFO:teuthology.orchestra.run.smithi029.stdout:/usr/bin/ceph: stderr
2024-09-19T06:59:02.329+0000 7f1e3d7fa640 1 -- 172.21.15.29:0/2521013563 <== mon.0 v2:172.21.15.29:3300/0 3 ==== mon_map magic: 0 ==== 205+0+0 (secure 0 0 0) 0x7f1e3003a520 con 0x7f1e40105c60
2024-09-19T06:59:04.249 INFO:teuthology.orchestra.run.smithi029.stdout:/usr/bin/ceph: stderr
2024-09-19T06:59:02.329+0000 7f1e4661b640 1 -- 172.21.15.29:0/2521013563 --> [v2:172.21.15.29:3300/0,v1:172.21.15.29:6789/0] -- mon_subscribe({osdmap=0}) -- 0x7f1e401a0cd0 con 0x7f1e40105c60
2024-09-19T06:59:04.249 INFO:teuthology.orchestra.run.smithi029.stdout:/usr/bin/ceph: stderr
2024-09-19T06:59:02.330+0000 7f1e3d7fa640 1 -- 172.21.15.29:0/2521013563 <== mon.0 v2:172.21.15.29:3300/0 4 ==== mgrmap(e 8) ==== 46461+0+0 (secure 0 0 0) 0x7f1e3003a6c0 con 0x7f1e40105c60
2024-09-19T06:59:04.249 INFO:teuthology.orchestra.run.smithi029.stdout:/usr/bin/ceph: stderr
2024-09-19T06:59:02.331+0000 7f1e3d7fa640 1 --2- 172.21.15.29:0/2521013563 >> [v2:172.21.15.29:6800/1256989766,v1:172.21.15.29:6801/1256989766] conn(0x7f1e28039200 0x7f1e2803b6c0 unknown :-1 s=NONE pgs=0 cs=0 l=1 rev1=0 crypto rx=0 tx=0 comp rx=0 tx=0).connect
2024-09-19T06:59:04.250 INFO:teuthology.orchestra.run.smithi029.stdout:/usr/bin/ceph: stderr
2024-09-19T06:59:02.330+0000 7f1e4661b640 1 -- 172.21.15.29:0/2521013563 --> [v2:172.21.15.29:3300/0,v1:172.21.15.29:6789/0] -- mon_command({"prefix": "get_command_descriptions"} v 0) -- 0x7f1e40106060 con 0x7f1e40105c60
2024-09-19T06:59:04.250 INFO:teuthology.orchestra.run.smithi029.stdout:/usr/bin/ceph: stderr
2024-09-19T06:59:02.331+0000 7f1e3d7fa640 1 -- 172.21.15.29:0/2521013563 <== mon.0 v2:172.21.15.29:3300/0 5 ==== osd_map(2..2 src has 1..2) ==== 940+0+0 (secure 0 0 0) 0x7f1e3006c550 con 0x7f1e40105c60
2024-09-19T06:59:04.250 INFO:teuthology.orchestra.run.smithi029.stdout:/usr/bin/ceph: stderr
2024-09-19T06:59:02.331+0000 7f1e3f7fe640 1 --2- 172.21.15.29:0/2521013563 >> [v2:172.21.15.29:6800/1256989766,v1:172.21.15.29:6801/1256989766] conn(0x7f1e28039200 0x7f1e2803b6c0 unknown :-1 s=BANNER_CONNECTING pgs=0 cs=0 l=1 rev1=0 crypto rx=0 tx=0 comp rx=0 tx=0)._handle_peer_banner_payload supported=3 required=0
2024-09-19T06:59:04.250 INFO:teuthology.orchestra.run.smithi029.stdout:/usr/bin/ceph: stderr
2024-09-19T06:59:02.331+0000 7f1e3f7fe640 1 --2- 172.21.15.29:0/2521013563 >> [v2:172.21.15.29:6800/1256989766,v1:172.21.15.29:6801/1256989766] conn(0x7f1e28039200 0x7f1e2803b6c0 secure :-1 s=READY pgs=13 cs=0 l=1 rev1=1 crypto rx=0x7f1e340098c0 tx=0x7f1e34006db0 comp rx=0 tx=0).ready entity=mgr.14118 client_cookie=0 server_cookie=0 in_seq=0 out_seq=0
2024-09-19T06:59:04.250 INFO:teuthology.orchestra.run.smithi029.stdout:/usr/bin/ceph: stderr
2024-09-19T06:59:02.336+0000 7f1e3d7fa640 1 -- 172.21.15.29:0/2521013563 <== mon.0 v2:172.21.15.29:3300/0 6 ==== mon_command_ack([{"prefix": "get_command_descriptions"}]=0 v0) ==== 72+0+188913 (secure 0 0 0) 0x7f1e30040210 con 0x7f1e40105c60
2024-09-19T06:59:04.250 INFO:teuthology.orchestra.run.smithi029.stdout:/usr/bin/ceph: stderr
2024-09-19T06:59:02.539+0000 7f1e4661b640 1 -- 172.21.15.29:0/2521013563 --> [v2:172.21.15.29:6800/1256989766,v1:172.21.15.29:6801/1256989766] -- mgr_command(tid 0: {"prefix": "orch apply", "service_type": "mgr", "unmanaged": true, "target": ["mon-mgr", ""]}) -- 0x7f1e40062630 con 0x7f1e28039200
2024-09-19T06:59:04.250 INFO:teuthology.orchestra.run.smithi029.stdout:/usr/bin/ceph: stderr
2024-09-19T06:59:02.543+0000 7f1e3d7fa640 1 -- 172.21.15.29:0/2521013563 <== mgr.14118 v2:172.21.15.29:6800/1256989766 1 ==== mgr_command_reply(tid 0: 0 ) ==== 8+0+24 (secure 0 0 0) 0x7f1e40062630 con 0x7f1e28039200
2024-09-19T06:59:04.250 INFO:teuthology.orchestra.run.smithi029.stdout:/usr/bin/ceph: stderr
2024-09-19T06:59:02.546+0000 7f1e4661b640 1 -- 172.21.15.29:0/2521013563 >> [v2:172.21.15.29:6800/1256989766,v1:172.21.15.29:6801/1256989766] conn(0x7f1e28039200 msgr2=0x7f1e2803b6c0 secure :-1 s=STATE_CONNECTION_ESTABLISHED l=1).mark_down
2024-09-19T06:59:04.250 INFO:teuthology.orchestra.run.smithi029.stdout:/usr/bin/ceph: stderr
2024-09-19T06:59:02.546+0000 7f1e4661b640 1 --2- 172.21.15.29:0/2521013563 >> [v2:172.21.15.29:6800/1256989766,v1:172.21.15.29:6801/1256989766] conn(0x7f1e28039200 0x7f1e2803b6c0 secure :-1 s=READY pgs=13 cs=0 l=1 rev1=1 crypto rx=0x7f1e340098c0 tx=0x7f1e34006db0 comp rx=0 tx=0).stop
2024-09-19T06:59:04.250 INFO:teuthology.orchestra.run.smithi029.stdout:/usr/bin/ceph: stderr
2024-09-19T06:59:02.546+0000 7f1e4661b640 1 -- 172.21.15.29:0/2521013563 >> [v2:172.21.15.29:3300/0,v1:172.21.15.29:6789/0] conn(0x7f1e40105c60 msgr2=0x7f1e4019d810 secure :-1 s=STATE_CONNECTION_ESTABLISHED l=1).mark_down
2024-09-19T06:59:04.250 INFO:teuthology.orchestra.run.smithi029.stdout:/usr/bin/ceph: stderr
2024-09-19T06:59:02.546+0000 7f1e4661b640 1 --2- 172.21.15.29:0/2521013563 >> [v2:172.21.15.29:3300/0,v1:172.21.15.29:6789/0] conn(0x7f1e40105c60 0x7f1e4019d810 secure :-1 s=READY pgs=48 cs=0 l=1 rev1=1 crypto rx=0x7f1e300097f0 tx=0x7f1e30030d00 comp rx=0 tx=0).stop
2024-09-19T06:59:04.250 INFO:teuthology.orchestra.run.smithi029.stdout:/usr/bin/ceph: stderr
2024-09-19T06:59:02.546+0000 7f1e4661b640 1 -- 172.21.15.29:0/2521013563 shutdown_connections
2024-09-19T06:59:04.250 INFO:teuthology.orchestra.run.smithi029.stdout:/usr/bin/ceph: stderr
2024-09-19T06:59:02.546+0000 7f1e4661b640 1 --2- 172.21.15.29:0/2521013563 >> [v2:172.21.15.29:6800/1256989766,v1:172.21.15.29:6801/1256989766] conn(0x7f1e28039200 0x7f1e2803b6c0 unknown :-1 s=CLOSED pgs=13 cs=0 l=1 rev1=1 crypto rx=0 tx=0 comp rx=0 tx=0).stop
2024-09-19T06:59:04.251 INFO:teuthology.orchestra.run.smithi029.stdout:/usr/bin/ceph: stderr
2024-09-19T06:59:02.546+0000 7f1e4661b640 1 --2- 172.21.15.29:0/2521013563 >> [v2:172.21.15.29:3300/0,v1:172.21.15.29:6789/0] conn(0x7f1e40105c60 0x7f1e4019d810 unknown :-1 s=CLOSED pgs=48 cs=0 l=1 rev1=1 crypto rx=0 tx=0 comp rx=0 tx=0).stop
2024-09-19T06:59:04.251 INFO:teuthology.orchestra.run.smithi029.stdout:/usr/bin/ceph: stderr
2024-09-19T06:59:02.546+0000 7f1e4661b640 1 -- 172.21.15.29:0/2521013563 >> 172.21.15.29:0/2521013563 conn(0x7f1e401019d0 msgr2=0x7f1e401941c0 unknown :-1 s=STATE_NONE l=0).mark_down
2024-09-19T06:59:04.251 INFO:teuthology.orchestra.run.smithi029.stdout:/usr/bin/ceph: stderr
2024-09-19T06:59:02.546+0000 7f1e4661b640 1 -- 172.21.15.29:0/2521013563 shutdown_connections
2024-09-19T06:59:04.251 INFO:teuthology.orchestra.run.smithi029.stdout:/usr/bin/ceph: stderr
2024-09-19T06:59:02.546+0000 7f1e4661b640 1 -- 172.21.15.29:0/2521013563 wait complete.
2024-09-19T06:59:05.042 INFO:journalctl@ceph.mon.a.smithi029.stdout:Sep 19 06:59:04 smithi029 ceph-mon[31255]: from='mgr.14118 172.21.15.29:0/3812793991' entity='mgr.x'
2024-09-19T06:59:05.042 INFO:journalctl@ceph.mon.a.smithi029.stdout:Sep 19 06:59:04 smithi029 ceph-mon[31255]: from='mgr.14118 172.21.15.29:0/3812793991' entity='mgr.x'
2024-09-19T06:59:06.124 INFO:journalctl@ceph.mon.a.smithi029.stdout:Sep 19 06:59:05 smithi029 ceph-mon[31255]: from='client.? 172.21.15.29:0/841103192' entity='client.admin'
2024-09-19T06:59:06.124 INFO:journalctl@ceph.mon.a.smithi029.stdout:Sep 19 06:59:05 smithi029 ceph-mon[31255]: from='mgr.14118 172.21.15.29:0/3812793991' entity='mgr.x'
2024-09-19T06:59:06.196 INFO:teuthology.orchestra.run.smithi029.stdout:/usr/bin/ceph: stderr
2024-09-19T06:59:04.661+0000 7f6047768640 1 Processor -- start
2024-09-19T06:59:06.196 INFO:teuthology.orchestra.run.smithi029.stdout:/usr/bin/ceph: stderr
2024-09-19T06:59:04.661+0000 7f6047768640 1 -- start start
2024-09-19T06:59:06.196 INFO:teuthology.orchestra.run.smithi029.stdout:/usr/bin/ceph: stderr
2024-09-19T06:59:04.661+0000 7f6047768640 1 --2- >> [v2:172.21.15.29:3300/0,v1:172.21.15.29:6789/0] conn(0x7f604007de40 0x7f604007c2a0 unknown :-1 s=NONE pgs=0 cs=0 l=0 rev1=0 crypto rx=0 tx=0 comp rx=0 tx=0).connect
2024-09-19T06:59:06.196 INFO:teuthology.orchestra.run.smithi029.stdout:/usr/bin/ceph: stderr
2024-09-19T06:59:04.661+0000 7f6047768640 1 -- --> [v2:172.21.15.29:3300/0,v1:172.21.15.29:6789/0] -- mon_getmap magic: 0 -- 0x7f604007c870 con 0x7f604007de40
2024-09-19T06:59:06.196 INFO:teuthology.orchestra.run.smithi029.stdout:/usr/bin/ceph: stderr
2024-09-19T06:59:04.661+0000 7f6045504640 1 --2- >> [v2:172.21.15.29:3300/0,v1:172.21.15.29:6789/0] conn(0x7f604007de40 0x7f604007c2a0 unknown :-1 s=BANNER_CONNECTING pgs=0 cs=0 l=0 rev1=0 crypto rx=0 tx=0 comp rx=0 tx=0)._handle_peer_banner_payload supported=3 required=0
2024-09-19T06:59:06.196 INFO:teuthology.orchestra.run.smithi029.stdout:/usr/bin/ceph: stderr
2024-09-19T06:59:04.661+0000 7f6045504640 1 --2- >> [v2:172.21.15.29:3300/0,v1:172.21.15.29:6789/0] conn(0x7f604007de40 0x7f604007c2a0 unknown :-1 s=HELLO_CONNECTING pgs=0 cs=0 l=0 rev1=1 crypto rx=0 tx=0 comp rx=0 tx=0).handle_hello peer v2:172.21.15.29:3300/0 says I am v2:172.21.15.29:36526/0 (socket says 172.21.15.29:36526)
2024-09-19T06:59:06.197 INFO:teuthology.orchestra.run.smithi029.stdout:/usr/bin/ceph: stderr
2024-09-19T06:59:04.661+0000 7f6045504640 1 -- 172.21.15.29:0/1228510791 learned_addr learned my addr 172.21.15.29:0/1228510791 (peer_addr_for_me v2:172.21.15.29:0/0)
2024-09-19T06:59:06.197 INFO:teuthology.orchestra.run.smithi029.stdout:/usr/bin/ceph: stderr
2024-09-19T06:59:04.661+0000 7f6045504640 1 -- 172.21.15.29:0/1228510791 --> [v2:172.21.15.29:3300/0,v1:172.21.15.29:6789/0] -- mon_subscribe({config=0+,monmap=0+}) -- 0x7f604007c9f0 con 0x7f604007de40
2024-09-19T06:59:06.197 INFO:teuthology.orchestra.run.smithi029.stdout:/usr/bin/ceph: stderr
2024-09-19T06:59:04.662+0000 7f6045504640 1 --2- 172.21.15.29:0/1228510791 >> [v2:172.21.15.29:3300/0,v1:172.21.15.29:6789/0] conn(0x7f604007de40 0x7f604007c2a0 secure :-1 s=READY pgs=49 cs=0 l=1 rev1=1 crypto rx=0x7f603c009820 tx=0x7f603c02a270 comp rx=0 tx=0).ready entity=mon.0 client_cookie=b2945bb889d4b133 server_cookie=0 in_seq=0 out_seq=0
2024-09-19T06:59:06.197 INFO:teuthology.orchestra.run.smithi029.stdout:/usr/bin/ceph: stderr
2024-09-19T06:59:04.662+0000 7f6037fff640 1 -- 172.21.15.29:0/1228510791 <== mon.0 v2:172.21.15.29:3300/0 1 ==== mon_map magic: 0 ==== 205+0+0 (secure 0 0 0) 0x7f603c037070 con 0x7f604007de40
2024-09-19T06:59:06.197 INFO:teuthology.orchestra.run.smithi029.stdout:/usr/bin/ceph: stderr
2024-09-19T06:59:04.662+0000 7f6037fff640 1 -- 172.21.15.29:0/1228510791 <== mon.0 v2:172.21.15.29:3300/0 2 ==== config(26 keys) ==== 1102+0+0 (secure 0 0 0) 0x7f603c0328f0 con 0x7f604007de40
2024-09-19T06:59:06.197 INFO:teuthology.orchestra.run.smithi029.stdout:/usr/bin/ceph: stderr
2024-09-19T06:59:04.662+0000 7f6037fff640 1 -- 172.21.15.29:0/1228510791 <== mon.0 v2:172.21.15.29:3300/0 3 ==== mon_map magic: 0 ==== 205+0+0 (secure 0 0 0) 0x7f603c030740 con 0x7f604007de40
2024-09-19T06:59:06.197 INFO:teuthology.orchestra.run.smithi029.stdout:/usr/bin/ceph: stderr
2024-09-19T06:59:04.663+0000 7f6047768640 1 -- 172.21.15.29:0/1228510791 >> [v2:172.21.15.29:3300/0,v1:172.21.15.29:6789/0] conn(0x7f604007de40 msgr2=0x7f604007c2a0 secure :-1 s=STATE_CONNECTION_ESTABLISHED l=1).mark_down
2024-09-19T06:59:06.197 INFO:teuthology.orchestra.run.smithi029.stdout:/usr/bin/ceph: stderr
2024-09-19T06:59:04.663+0000 7f6047768640 1 --2- 172.21.15.29:0/1228510791 >> [v2:172.21.15.29:3300/0,v1:172.21.15.29:6789/0] conn(0x7f604007de40 0x7f604007c2a0 secure :-1 s=READY pgs=49 cs=0 l=1 rev1=1 crypto rx=0x7f603c009820 tx=0x7f603c02a270 comp rx=0 tx=0).stop
2024-09-19T06:59:06.198 INFO:teuthology.orchestra.run.smithi029.stdout:/usr/bin/ceph: stderr
2024-09-19T06:59:04.663+0000 7f6047768640 1 -- 172.21.15.29:0/1228510791 shutdown_connections
2024-09-19T06:59:06.198 INFO:teuthology.orchestra.run.smithi029.stdout:/usr/bin/ceph: stderr
2024-09-19T06:59:04.663+0000 7f6047768640 1 --2- 172.21.15.29:0/1228510791 >> [v2:172.21.15.29:3300/0,v1:172.21.15.29:6789/0] conn(0x7f604007de40 0x7f604007c2a0 unknown :-1 s=CLOSED pgs=49 cs=0 l=1 rev1=1 crypto rx=0 tx=0 comp rx=0 tx=0).stop
2024-09-19T06:59:06.198 INFO:teuthology.orchestra.run.smithi029.stdout:/usr/bin/ceph: stderr
2024-09-19T06:59:04.663+0000 7f6047768640 1 -- 172.21.15.29:0/1228510791 >> 172.21.15.29:0/1228510791 conn(0x7f6040102b10 msgr2=0x7f6040104f50 unknown :-1 s=STATE_NONE l=0).mark_down
2024-09-19T06:59:06.198 INFO:teuthology.orchestra.run.smithi029.stdout:/usr/bin/ceph: stderr
2024-09-19T06:59:04.663+0000 7f6047768640 1 -- 172.21.15.29:0/1228510791 shutdown_connections
2024-09-19T06:59:06.198 INFO:teuthology.orchestra.run.smithi029.stdout:/usr/bin/ceph: stderr
2024-09-19T06:59:04.663+0000 7f6047768640 1 -- 172.21.15.29:0/1228510791 wait complete.
2024-09-19T06:59:06.198 INFO:teuthology.orchestra.run.smithi029.stdout:/usr/bin/ceph: stderr
2024-09-19T06:59:04.664+0000 7f6047768640 1 Processor -- start
2024-09-19T06:59:06.198 INFO:teuthology.orchestra.run.smithi029.stdout:/usr/bin/ceph: stderr
2024-09-19T06:59:04.664+0000 7f6047768640 1 -- start start
2024-09-19T06:59:06.198 INFO:teuthology.orchestra.run.smithi029.stdout:/usr/bin/ceph: stderr
2024-09-19T06:59:04.664+0000 7f6047768640 1 --2- >> [v2:172.21.15.29:3300/0,v1:172.21.15.29:6789/0] conn(0x7f604007de40 0x7f604019d7b0 unknown :-1 s=NONE pgs=0 cs=0 l=1 rev1=0 crypto rx=0 tx=0 comp rx=0 tx=0).connect
2024-09-19T06:59:06.198 INFO:teuthology.orchestra.run.smithi029.stdout:/usr/bin/ceph: stderr
2024-09-19T06:59:04.664+0000 7f6047768640 1 -- --> [v2:172.21.15.29:3300/0,v1:172.21.15.29:6789/0] -- mon_getmap magic: 0 -- 0x7f604010d9f0 con 0x7f604007de40
2024-09-19T06:59:06.198 INFO:teuthology.orchestra.run.smithi029.stdout:/usr/bin/ceph: stderr
2024-09-19T06:59:04.664+0000 7f6045504640 1 --2- >> [v2:172.21.15.29:3300/0,v1:172.21.15.29:6789/0] conn(0x7f604007de40 0x7f604019d7b0 unknown :-1 s=BANNER_CONNECTING pgs=0 cs=0 l=1 rev1=0 crypto rx=0 tx=0 comp rx=0 tx=0)._handle_peer_banner_payload supported=3 required=0
2024-09-19T06:59:06.198 INFO:teuthology.orchestra.run.smithi029.stdout:/usr/bin/ceph: stderr
2024-09-19T06:59:04.664+0000 7f6045504640 1 --2- >> [v2:172.21.15.29:3300/0,v1:172.21.15.29:6789/0] conn(0x7f604007de40 0x7f604019d7b0 unknown :-1 s=HELLO_CONNECTING pgs=0 cs=0 l=1 rev1=1 crypto rx=0 tx=0 comp rx=0 tx=0).handle_hello peer v2:172.21.15.29:3300/0 says I am v2:172.21.15.29:36542/0 (socket says 172.21.15.29:36542)
2024-09-19T06:59:06.198 INFO:teuthology.orchestra.run.smithi029.stdout:/usr/bin/ceph: stderr
2024-09-19T06:59:04.664+0000 7f6045504640 1 -- 172.21.15.29:0/841103192 learned_addr learned my addr 172.21.15.29:0/841103192 (peer_addr_for_me v2:172.21.15.29:0/0)
2024-09-19T06:59:06.198 INFO:teuthology.orchestra.run.smithi029.stdout:/usr/bin/ceph: stderr
2024-09-19T06:59:04.664+0000 7f6045504640 1 -- 172.21.15.29:0/841103192 --> [v2:172.21.15.29:3300/0,v1:172.21.15.29:6789/0] -- mon_subscribe({config=0+,monmap=0+}) -- 0x7f604019dcf0 con 0x7f604007de40
2024-09-19T06:59:06.199 INFO:teuthology.orchestra.run.smithi029.stdout:/usr/bin/ceph: stderr
2024-09-19T06:59:04.664+0000 7f6045504640 1 --2- 172.21.15.29:0/841103192 >> [v2:172.21.15.29:3300/0,v1:172.21.15.29:6789/0] conn(0x7f604007de40 0x7f604019d7b0 secure :-1 s=READY pgs=50 cs=0 l=1 rev1=1 crypto rx=0x7f603c030cc0 tx=0x7f603c030cf0 comp rx=0 tx=0).ready entity=mon.0 client_cookie=0 server_cookie=0 in_seq=0 out_seq=0
2024-09-19T06:59:06.199 INFO:teuthology.orchestra.run.smithi029.stdout:/usr/bin/ceph: stderr
2024-09-19T06:59:04.664+0000 7f60367fc640 1 -- 172.21.15.29:0/841103192 <== mon.0 v2:172.21.15.29:3300/0 1 ==== mon_map magic: 0 ==== 205+0+0 (secure 0 0 0) 0x7f603c042070 con 0x7f604007de40
2024-09-19T06:59:06.199 INFO:teuthology.orchestra.run.smithi029.stdout:/usr/bin/ceph: stderr
2024-09-19T06:59:04.664+0000 7f60367fc640 1 -- 172.21.15.29:0/841103192 <== mon.0 v2:172.21.15.29:3300/0 2 ==== config(26 keys) ==== 1102+0+0 (secure 0 0 0) 0x7f603c030e60 con 0x7f604007de40
2024-09-19T06:59:06.199 INFO:teuthology.orchestra.run.smithi029.stdout:/usr/bin/ceph: stderr
2024-09-19T06:59:04.664+0000 7f6047768640 1 -- 172.21.15.29:0/841103192 --> [v2:172.21.15.29:3300/0,v1:172.21.15.29:6789/0] -- mon_subscribe({mgrmap=0+}) -- 0x7f604019df80 con 0x7f604007de40
2024-09-19T06:59:06.199 INFO:teuthology.orchestra.run.smithi029.stdout:/usr/bin/ceph: stderr
2024-09-19T06:59:04.664+0000 7f60367fc640 1 -- 172.21.15.29:0/841103192 <== mon.0 v2:172.21.15.29:3300/0 3 ==== mon_map magic: 0 ==== 205+0+0 (secure 0 0 0) 0x7f603c037040 con 0x7f604007de40
2024-09-19T06:59:06.199 INFO:teuthology.orchestra.run.smithi029.stdout:/usr/bin/ceph: stderr
2024-09-19T06:59:04.665+0000 7f6047768640 1 -- 172.21.15.29:0/841103192 --> [v2:172.21.15.29:3300/0,v1:172.21.15.29:6789/0] -- mon_subscribe({osdmap=0}) -- 0x7f60401a0c70 con 0x7f604007de40
2024-09-19T06:59:06.199 INFO:teuthology.orchestra.run.smithi029.stdout:/usr/bin/ceph: stderr
2024-09-19T06:59:04.666+0000 7f60367fc640 1 -- 172.21.15.29:0/841103192 <== mon.0 v2:172.21.15.29:3300/0 4 ==== mgrmap(e 8) ==== 46461+0+0 (secure 0 0 0) 0x7f603c045070 con 0x7f604007de40
2024-09-19T06:59:06.199 INFO:teuthology.orchestra.run.smithi029.stdout:/usr/bin/ceph: stderr
2024-09-19T06:59:04.666+0000 7f6047768640 1 -- 172.21.15.29:0/841103192 --> [v2:172.21.15.29:3300/0,v1:172.21.15.29:6789/0] -- mon_command({"prefix": "get_command_descriptions"} v 0) -- 0x7f604007c320 con 0x7f604007de40
2024-09-19T06:59:06.199 INFO:teuthology.orchestra.run.smithi029.stdout:/usr/bin/ceph: stderr
2024-09-19T06:59:04.666+0000 7f60367fc640 1 --2- 172.21.15.29:0/841103192 >> [v2:172.21.15.29:6800/1256989766,v1:172.21.15.29:6801/1256989766] conn(0x7f602c039200 0x7f602c03b6c0 unknown :-1 s=NONE pgs=0 cs=0 l=1 rev1=0 crypto rx=0 tx=0 comp rx=0 tx=0).connect
2024-09-19T06:59:06.200 INFO:teuthology.orchestra.run.smithi029.stdout:/usr/bin/ceph: stderr
2024-09-19T06:59:04.666+0000 7f60367fc640 1 -- 172.21.15.29:0/841103192 <== mon.0 v2:172.21.15.29:3300/0 5 ==== osd_map(2..2 src has 1..2) ==== 940+0+0 (secure 0 0 0) 0x7f603c06c2f0 con 0x7f604007de40
2024-09-19T06:59:06.200 INFO:teuthology.orchestra.run.smithi029.stdout:/usr/bin/ceph: stderr
2024-09-19T06:59:04.666+0000 7f6044d03640 1 --2- 172.21.15.29:0/841103192 >> [v2:172.21.15.29:6800/1256989766,v1:172.21.15.29:6801/1256989766] conn(0x7f602c039200 0x7f602c03b6c0 unknown :-1 s=BANNER_CONNECTING pgs=0 cs=0 l=1 rev1=0 crypto rx=0 tx=0 comp rx=0 tx=0)._handle_peer_banner_payload supported=3 required=0
2024-09-19T06:59:06.200 INFO:teuthology.orchestra.run.smithi029.stdout:/usr/bin/ceph: stderr
2024-09-19T06:59:04.666+0000 7f6044d03640 1 --2- 172.21.15.29:0/841103192 >> [v2:172.21.15.29:6800/1256989766,v1:172.21.15.29:6801/1256989766] conn(0x7f602c039200 0x7f602c03b6c0 secure :-1 s=READY pgs=14 cs=0 l=1 rev1=1 crypto rx=0x7f60300098c0 tx=0x7f6030006db0 comp rx=0 tx=0).ready entity=mgr.14118 client_cookie=0 server_cookie=0 in_seq=0 out_seq=0
2024-09-19T06:59:06.200 INFO:teuthology.orchestra.run.smithi029.stdout:/usr/bin/ceph: stderr
2024-09-19T06:59:04.671+0000 7f60367fc640 1 -- 172.21.15.29:0/841103192 <== mon.0 v2:172.21.15.29:3300/0 6 ==== mon_command_ack([{"prefix": "get_command_descriptions"}]=0 v0) ==== 72+0+188913 (secure 0 0 0) 0x7f603c04b170 con 0x7f604007de40
2024-09-19T06:59:06.200 INFO:teuthology.orchestra.run.smithi029.stdout:/usr/bin/ceph: stderr
2024-09-19T06:59:04.866+0000 7f6047768640 1 -- 172.21.15.29:0/841103192 --> [v2:172.21.15.29:3300/0,v1:172.21.15.29:6789/0] -- mon_command([{prefix=config set, name=mgr/cephadm/container_init}] v 0) -- 0x7f60401a0f50 con 0x7f604007de40
2024-09-19T06:59:06.200 INFO:teuthology.orchestra.run.smithi029.stdout:/usr/bin/ceph: stderr
2024-09-19T06:59:04.868+0000 7f60367fc640 1 -- 172.21.15.29:0/841103192 <== mon.0 v2:172.21.15.29:3300/0 7 ==== mon_command_ack([{prefix=config set, name=mgr/cephadm/container_init}]=0 v7)=0 v7) ==== 142+0+0 (secure 0 0 0) 0x7f603c02fd90 con 0x7f604007de40
2024-09-19T06:59:06.200 INFO:teuthology.orchestra.run.smithi029.stdout:/usr/bin/ceph: stderr
2024-09-19T06:59:04.871+0000 7f6047768640 1 -- 172.21.15.29:0/841103192 >> [v2:172.21.15.29:6800/1256989766,v1:172.21.15.29:6801/1256989766] conn(0x7f602c039200 msgr2=0x7f602c03b6c0 secure :-1 s=STATE_CONNECTION_ESTABLISHED l=1).mark_down
2024-09-19T06:59:06.200 INFO:teuthology.orchestra.run.smithi029.stdout:/usr/bin/ceph: stderr
2024-09-19T06:59:04.871+0000 7f6047768640 1 --2- 172.21.15.29:0/841103192 >> [v2:172.21.15.29:6800/1256989766,v1:172.21.15.29:6801/1256989766] conn(0x7f602c039200 0x7f602c03b6c0 secure :-1 s=READY pgs=14 cs=0 l=1 rev1=1 crypto rx=0x7f60300098c0 tx=0x7f6030006db0 comp rx=0 tx=0).stop
2024-09-19T06:59:06.200 INFO:teuthology.orchestra.run.smithi029.stdout:/usr/bin/ceph: stderr
2024-09-19T06:59:04.871+0000 7f6047768640 1 -- 172.21.15.29:0/841103192 >> [v2:172.21.15.29:3300/0,v1:172.21.15.29:6789/0] conn(0x7f604007de40 msgr2=0x7f604019d7b0 secure :-1 s=STATE_CONNECTION_ESTABLISHED l=1).mark_down
2024-09-19T06:59:06.200 INFO:teuthology.orchestra.run.smithi029.stdout:/usr/bin/ceph: stderr
2024-09-19T06:59:04.871+0000 7f6047768640 1 --2- 172.21.15.29:0/841103192 >> [v2:172.21.15.29:3300/0,v1:172.21.15.29:6789/0] conn(0x7f604007de40 0x7f604019d7b0 secure :-1 s=READY pgs=50 cs=0 l=1 rev1=1 crypto rx=0x7f603c030cc0 tx=0x7f603c030cf0 comp rx=0 tx=0).stop
2024-09-19T06:59:06.200 INFO:teuthology.orchestra.run.smithi029.stdout:/usr/bin/ceph: stderr
2024-09-19T06:59:04.871+0000 7f6047768640 1 -- 172.21.15.29:0/841103192 shutdown_connections
2024-09-19T06:59:06.200 INFO:teuthology.orchestra.run.smithi029.stdout:/usr/bin/ceph: stderr
2024-09-19T06:59:04.871+0000 7f6047768640 1 --2- 172.21.15.29:0/841103192 >> [v2:172.21.15.29:6800/1256989766,v1:172.21.15.29:6801/1256989766] conn(0x7f602c039200 0x7f602c03b6c0 unknown :-1 s=CLOSED pgs=14 cs=0 l=1 rev1=1 crypto rx=0 tx=0 comp rx=0 tx=0).stop
2024-09-19T06:59:06.200 INFO:teuthology.orchestra.run.smithi029.stdout:/usr/bin/ceph: stderr
2024-09-19T06:59:04.871+0000 7f6047768640 1 --2- 172.21.15.29:0/841103192 >> [v2:172.21.15.29:3300/0,v1:172.21.15.29:6789/0] conn(0x7f604007de40 0x7f604019d7b0 unknown :-1 s=CLOSED pgs=50 cs=0 l=1 rev1=1 crypto rx=0 tx=0 comp rx=0 tx=0).stop
2024-09-19T06:59:06.201 INFO:teuthology.orchestra.run.smithi029.stdout:/usr/bin/ceph: stderr
2024-09-19T06:59:04.871+0000 7f6047768640 1 -- 172.21.15.29:0/841103192 >> 172.21.15.29:0/841103192 conn(0x7f6040102b10 msgr2=0x7f6040103720 unknown :-1 s=STATE_NONE l=0).mark_down
2024-09-19T06:59:06.201 INFO:teuthology.orchestra.run.smithi029.stdout:/usr/bin/ceph: stderr
2024-09-19T06:59:04.871+0000 7f6047768640 1 -- 172.21.15.29:0/841103192 shutdown_connections
2024-09-19T06:59:06.201 INFO:teuthology.orchestra.run.smithi029.stdout:/usr/bin/ceph: stderr
2024-09-19T06:59:04.871+0000 7f6047768640 1 -- 172.21.15.29:0/841103192 wait complete.
2024-09-19T06:59:07.627 INFO:teuthology.orchestra.run.smithi029.stdout:/usr/bin/ceph: stderr
2024-09-19T06:59:06.698+0000 7f650b860640 1 Processor -- start
2024-09-19T06:59:07.627 INFO:teuthology.orchestra.run.smithi029.stdout:/usr/bin/ceph: stderr
2024-09-19T06:59:06.698+0000 7f650b860640 1 -- start start
2024-09-19T06:59:07.627 INFO:teuthology.orchestra.run.smithi029.stdout:/usr/bin/ceph: stderr
2024-09-19T06:59:06.698+0000 7f650b860640 1 --2- >> [v2:172.21.15.29:3300/0,v1:172.21.15.29:6789/0] conn(0x7f650407ccf0 0x7f650407b150 unknown :-1 s=NONE pgs=0 cs=0 l=0 rev1=0 crypto rx=0 tx=0 comp rx=0 tx=0).connect
2024-09-19T06:59:07.627 INFO:teuthology.orchestra.run.smithi029.stdout:/usr/bin/ceph: stderr
2024-09-19T06:59:06.698+0000 7f650b860640 1 -- --> [v2:172.21.15.29:3300/0,v1:172.21.15.29:6789/0] -- mon_getmap magic: 0 -- 0x7f650407b690 con 0x7f650407ccf0
2024-09-19T06:59:07.627 INFO:teuthology.orchestra.run.smithi029.stdout:/usr/bin/ceph: stderr
2024-09-19T06:59:06.699+0000 7f65095fc640 1 --2- >> [v2:172.21.15.29:3300/0,v1:172.21.15.29:6789/0] conn(0x7f650407ccf0 0x7f650407b150 unknown :-1 s=BANNER_CONNECTING pgs=0 cs=0 l=0 rev1=0 crypto rx=0 tx=0 comp rx=0 tx=0)._handle_peer_banner_payload supported=3 required=0
2024-09-19T06:59:07.627 INFO:teuthology.orchestra.run.smithi029.stdout:/usr/bin/ceph: stderr
2024-09-19T06:59:06.699+0000 7f65095fc640 1 --2- >> [v2:172.21.15.29:3300/0,v1:172.21.15.29:6789/0] conn(0x7f650407ccf0 0x7f650407b150 unknown :-1 s=HELLO_CONNECTING pgs=0 cs=0 l=0 rev1=1 crypto rx=0 tx=0 comp rx=0 tx=0).handle_hello peer v2:172.21.15.29:3300/0 says I am v2:172.21.15.29:34634/0 (socket says 172.21.15.29:34634)
2024-09-19T06:59:07.627 INFO:teuthology.orchestra.run.smithi029.stdout:/usr/bin/ceph: stderr
2024-09-19T06:59:06.699+0000 7f65095fc640 1 -- 172.21.15.29:0/2250616625 learned_addr learned my addr 172.21.15.29:0/2250616625 (peer_addr_for_me v2:172.21.15.29:0/0)
2024-09-19T06:59:07.627 INFO:teuthology.orchestra.run.smithi029.stdout:/usr/bin/ceph: stderr
2024-09-19T06:59:06.699+0000 7f65095fc640 1 -- 172.21.15.29:0/2250616625 --> [v2:172.21.15.29:3300/0,v1:172.21.15.29:6789/0] -- mon_subscribe({config=0+,monmap=0+}) -- 0x7f650407b810 con 0x7f650407ccf0
2024-09-19T06:59:07.627 INFO:teuthology.orchestra.run.smithi029.stdout:/usr/bin/ceph: stderr
2024-09-19T06:59:06.699+0000 7f65095fc640 1 --2- 172.21.15.29:0/2250616625 >> [v2:172.21.15.29:3300/0,v1:172.21.15.29:6789/0] conn(0x7f650407ccf0 0x7f650407b150 secure :-1 s=READY pgs=51 cs=0 l=1 rev1=1 crypto rx=0x7f6500009820 tx=0x7f650002a270 comp rx=0 tx=0).ready entity=mon.0 client_cookie=4a0fa34669139872 server_cookie=0 in_seq=0 out_seq=0
2024-09-19T06:59:07.627 INFO:teuthology.orchestra.run.smithi029.stdout:/usr/bin/ceph: stderr
2024-09-19T06:59:06.700+0000 7f64fbfff640 1 -- 172.21.15.29:0/2250616625 <== mon.0 v2:172.21.15.29:3300/0 1 ==== mon_map magic: 0 ==== 205+0+0 (secure 0 0 0) 0x7f6500037070 con 0x7f650407ccf0
2024-09-19T06:59:07.627 INFO:teuthology.orchestra.run.smithi029.stdout:/usr/bin/ceph: stderr
2024-09-19T06:59:06.700+0000 7f64fbfff640 1 -- 172.21.15.29:0/2250616625 <== mon.0 v2:172.21.15.29:3300/0 2 ==== config(26 keys) ==== 1102+0+0 (secure 0 0 0) 0x7f65000328f0 con 0x7f650407ccf0
2024-09-19T06:59:07.627 INFO:teuthology.orchestra.run.smithi029.stdout:/usr/bin/ceph: stderr
2024-09-19T06:59:06.700+0000 7f64fbfff640 1 -- 172.21.15.29:0/2250616625 <== mon.0 v2:172.21.15.29:3300/0 3 ==== mon_map magic: 0 ==== 205+0+0 (secure 0 0 0) 0x7f6500030740 con 0x7f650407ccf0
2024-09-19T06:59:07.628 INFO:teuthology.orchestra.run.smithi029.stdout:/usr/bin/ceph: stderr
2024-09-19T06:59:06.700+0000 7f650b860640 1 -- 172.21.15.29:0/2250616625 >> [v2:172.21.15.29:3300/0,v1:172.21.15.29:6789/0] conn(0x7f650407ccf0 msgr2=0x7f650407b150 secure :-1 s=STATE_CONNECTION_ESTABLISHED l=1).mark_down
2024-09-19T06:59:07.628 INFO:teuthology.orchestra.run.smithi029.stdout:/usr/bin/ceph: stderr
2024-09-19T06:59:06.700+0000 7f650b860640 1 --2- 172.21.15.29:0/2250616625 >> [v2:172.21.15.29:3300/0,v1:172.21.15.29:6789/0] conn(0x7f650407ccf0 0x7f650407b150 secure :-1 s=READY pgs=51 cs=0 l=1 rev1=1 crypto rx=0x7f6500009820 tx=0x7f650002a270 comp rx=0 tx=0).stop
2024-09-19T06:59:07.628 INFO:teuthology.orchestra.run.smithi029.stdout:/usr/bin/ceph: stderr
2024-09-19T06:59:06.700+0000 7f650b860640 1 -- 172.21.15.29:0/2250616625 shutdown_connections
2024-09-19T06:59:07.628 INFO:teuthology.orchestra.run.smithi029.stdout:/usr/bin/ceph: stderr
2024-09-19T06:59:06.700+0000 7f650b860640 1 --2- 172.21.15.29:0/2250616625 >> [v2:172.21.15.29:3300/0,v1:172.21.15.29:6789/0] conn(0x7f650407ccf0 0x7f650407b150 unknown :-1 s=CLOSED pgs=51 cs=0 l=1 rev1=1 crypto rx=0 tx=0 comp rx=0 tx=0).stop
2024-09-19T06:59:07.628 INFO:teuthology.orchestra.run.smithi029.stdout:/usr/bin/ceph: stderr
2024-09-19T06:59:06.700+0000 7f650b860640 1 -- 172.21.15.29:0/2250616625 >> 172.21.15.29:0/2250616625 conn(0x7f6504102ae0 msgr2=0x7f6504104f60 unknown :-1 s=STATE_NONE l=0).mark_down
2024-09-19T06:59:07.628 INFO:teuthology.orchestra.run.smithi029.stdout:/usr/bin/ceph: stderr
2024-09-19T06:59:06.701+0000 7f650b860640 1 -- 172.21.15.29:0/2250616625 shutdown_connections
2024-09-19T06:59:07.628 INFO:teuthology.orchestra.run.smithi029.stdout:/usr/bin/ceph: stderr
2024-09-19T06:59:06.701+0000 7f650b860640 1 -- 172.21.15.29:0/2250616625 wait complete.
2024-09-19T06:59:07.628 INFO:teuthology.orchestra.run.smithi029.stdout:/usr/bin/ceph: stderr
2024-09-19T06:59:06.701+0000 7f650b860640 1 Processor -- start
2024-09-19T06:59:07.628 INFO:teuthology.orchestra.run.smithi029.stdout:/usr/bin/ceph: stderr
2024-09-19T06:59:06.701+0000 7f650b860640 1 -- start start
2024-09-19T06:59:07.628 INFO:teuthology.orchestra.run.smithi029.stdout:/usr/bin/ceph: stderr
2024-09-19T06:59:06.701+0000 7f650b860640 1 --2- >> [v2:172.21.15.29:3300/0,v1:172.21.15.29:6789/0] conn(0x7f650407ccf0 0x7f650419d810 unknown :-1 s=NONE pgs=0 cs=0 l=1 rev1=0 crypto rx=0 tx=0 comp rx=0 tx=0).connect
2024-09-19T06:59:07.628 INFO:teuthology.orchestra.run.smithi029.stdout:/usr/bin/ceph: stderr
2024-09-19T06:59:06.701+0000 7f650b860640 1 -- --> [v2:172.21.15.29:3300/0,v1:172.21.15.29:6789/0] -- mon_getmap magic: 0 -- 0x7f650410d980 con 0x7f650407ccf0
2024-09-19T06:59:07.628 INFO:teuthology.orchestra.run.smithi029.stdout:/usr/bin/ceph: stderr
2024-09-19T06:59:06.702+0000 7f65095fc640 1 --2- >> [v2:172.21.15.29:3300/0,v1:172.21.15.29:6789/0] conn(0x7f650407ccf0 0x7f650419d810 unknown :-1 s=BANNER_CONNECTING pgs=0 cs=0 l=1 rev1=0 crypto rx=0 tx=0 comp rx=0 tx=0)._handle_peer_banner_payload supported=3 required=0
2024-09-19T06:59:07.628 INFO:teuthology.orchestra.run.smithi029.stdout:/usr/bin/ceph: stderr
2024-09-19T06:59:06.702+0000 7f65095fc640 1 --2- >> [v2:172.21.15.29:3300/0,v1:172.21.15.29:6789/0] conn(0x7f650407ccf0 0x7f650419d810 unknown :-1 s=HELLO_CONNECTING pgs=0 cs=0 l=1 rev1=1 crypto rx=0 tx=0 comp rx=0 tx=0).handle_hello peer v2:172.21.15.29:3300/0 says I am v2:172.21.15.29:34646/0 (socket says 172.21.15.29:34646)
2024-09-19T06:59:07.629 INFO:teuthology.orchestra.run.smithi029.stdout:/usr/bin/ceph: stderr
2024-09-19T06:59:06.702+0000 7f65095fc640 1 -- 172.21.15.29:0/1629864355 learned_addr learned my addr 172.21.15.29:0/1629864355 (peer_addr_for_me v2:172.21.15.29:0/0)
2024-09-19T06:59:07.629 INFO:teuthology.orchestra.run.smithi029.stdout:/usr/bin/ceph: stderr
2024-09-19T06:59:06.702+0000 7f65095fc640 1 -- 172.21.15.29:0/1629864355 --> [v2:172.21.15.29:3300/0,v1:172.21.15.29:6789/0] -- mon_subscribe({config=0+,monmap=0+}) -- 0x7f650419dd50 con 0x7f650407ccf0
2024-09-19T06:59:07.629 INFO:teuthology.orchestra.run.smithi029.stdout:/usr/bin/ceph: stderr
2024-09-19T06:59:06.702+0000 7f65095fc640 1 --2- 172.21.15.29:0/1629864355 >> [v2:172.21.15.29:3300/0,v1:172.21.15.29:6789/0] conn(0x7f650407ccf0 0x7f650419d810 secure :-1 s=READY pgs=52 cs=0 l=1 rev1=1 crypto rx=0x7f6500030cc0 tx=0x7f6500030cf0 comp rx=0 tx=0).ready entity=mon.0 client_cookie=0 server_cookie=0 in_seq=0 out_seq=0
2024-09-19T06:59:07.629 INFO:teuthology.orchestra.run.smithi029.stdout:/usr/bin/ceph: stderr
2024-09-19T06:59:06.702+0000 7f64fa7fc640 1 -- 172.21.15.29:0/1629864355 <== mon.0 v2:172.21.15.29:3300/0 1 ==== mon_map magic: 0 ==== 205+0+0 (secure 0 0 0) 0x7f6500042070 con 0x7f650407ccf0
2024-09-19T06:59:07.629 INFO:teuthology.orchestra.run.smithi029.stdout:/usr/bin/ceph: stderr
2024-09-19T06:59:06.702+0000 7f64fa7fc640 1 -- 172.21.15.29:0/1629864355 <== mon.0 v2:172.21.15.29:3300/0 2 ==== config(26 keys) ==== 1102+0+0 (secure 0 0 0) 0x7f6500030e60 con 0x7f650407ccf0
2024-09-19T06:59:07.629 INFO:teuthology.orchestra.run.smithi029.stdout:/usr/bin/ceph: stderr
2024-09-19T06:59:06.702+0000 7f650b860640 1 -- 172.21.15.29:0/1629864355 --> [v2:172.21.15.29:3300/0,v1:172.21.15.29:6789/0] -- mon_subscribe({mgrmap=0+}) -- 0x7f650419dfe0 con 0x7f650407ccf0
2024-09-19T06:59:07.629 INFO:teuthology.orchestra.run.smithi029.stdout:/usr/bin/ceph: stderr
2024-09-19T06:59:06.702+0000 7f64fa7fc640 1 -- 172.21.15.29:0/1629864355 <== mon.0 v2:172.21.15.29:3300/0 3 ==== mon_map magic: 0 ==== 205+0+0 (secure 0 0 0) 0x7f6500037040 con 0x7f650407ccf0
2024-09-19T06:59:07.629 INFO:teuthology.orchestra.run.smithi029.stdout:/usr/bin/ceph: stderr
2024-09-19T06:59:06.702+0000 7f650b860640 1 -- 172.21.15.29:0/1629864355 --> [v2:172.21.15.29:3300/0,v1:172.21.15.29:6789/0] -- mon_subscribe({osdmap=0}) -- 0x7f65041a0cd0 con 0x7f650407ccf0
2024-09-19T06:59:07.629 INFO:teuthology.orchestra.run.smithi029.stdout:/usr/bin/ceph: stderr
2024-09-19T06:59:06.703+0000 7f64fa7fc640 1 -- 172.21.15.29:0/1629864355 <== mon.0 v2:172.21.15.29:3300/0 4 ==== mgrmap(e 8) ==== 46461+0+0 (secure 0 0 0) 0x7f6500045070 con 0x7f650407ccf0
2024-09-19T06:59:07.629 INFO:teuthology.orchestra.run.smithi029.stdout:/usr/bin/ceph: stderr
2024-09-19T06:59:06.703+0000 7f650b860640 1 -- 172.21.15.29:0/1629864355 --> [v2:172.21.15.29:3300/0,v1:172.21.15.29:6789/0] -- mon_command({"prefix": "get_command_descriptions"} v 0) -- 0x7f650407b1d0 con 0x7f650407ccf0
2024-09-19T06:59:07.629 INFO:teuthology.orchestra.run.smithi029.stdout:/usr/bin/ceph: stderr
2024-09-19T06:59:06.703+0000 7f64fa7fc640 1 --2- 172.21.15.29:0/1629864355 >> [v2:172.21.15.29:6800/1256989766,v1:172.21.15.29:6801/1256989766] conn(0x7f64f0039200 0x7f64f003b6c0 unknown :-1 s=NONE pgs=0 cs=0 l=1 rev1=0 crypto rx=0 tx=0 comp rx=0 tx=0).connect
2024-09-19T06:59:07.629 INFO:teuthology.orchestra.run.smithi029.stdout:/usr/bin/ceph: stderr
2024-09-19T06:59:06.703+0000 7f64fa7fc640 1 -- 172.21.15.29:0/1629864355 <== mon.0 v2:172.21.15.29:3300/0 5 ==== osd_map(2..2 src has 1..2) ==== 940+0+0 (secure 0 0 0) 0x7f650006c2d0 con 0x7f650407ccf0
2024-09-19T06:59:07.629 INFO:teuthology.orchestra.run.smithi029.stdout:/usr/bin/ceph: stderr
2024-09-19T06:59:06.704+0000 7f6508dfb640 1 --2- 172.21.15.29:0/1629864355 >> [v2:172.21.15.29:6800/1256989766,v1:172.21.15.29:6801/1256989766] conn(0x7f64f0039200 0x7f64f003b6c0 unknown :-1 s=BANNER_CONNECTING pgs=0 cs=0 l=1 rev1=0 crypto rx=0 tx=0 comp rx=0 tx=0)._handle_peer_banner_payload supported=3 required=0
2024-09-19T06:59:07.630 INFO:teuthology.orchestra.run.smithi029.stdout:/usr/bin/ceph: stderr
2024-09-19T06:59:06.704+0000 7f6508dfb640 1 --2- 172.21.15.29:0/1629864355 >> [v2:172.21.15.29:6800/1256989766,v1:172.21.15.29:6801/1256989766] conn(0x7f64f0039200 0x7f64f003b6c0 secure :-1 s=READY pgs=15 cs=0 l=1 rev1=1 crypto rx=0x7f64f40098c0 tx=0x7f64f4006db0 comp rx=0 tx=0).ready entity=mgr.14118 client_cookie=0 server_cookie=0 in_seq=0 out_seq=0
2024-09-19T06:59:07.630 INFO:teuthology.orchestra.run.smithi029.stdout:/usr/bin/ceph: stderr
2024-09-19T06:59:06.708+0000 7f64fa7fc640 1 -- 172.21.15.29:0/1629864355 <== mon.0 v2:172.21.15.29:3300/0 6 ==== mon_command_ack([{"prefix": "get_command_descriptions"}]=0 v0) ==== 72+0+188913 (secure 0 0 0) 0x7f650004b170 con 0x7f650407ccf0
2024-09-19T06:59:07.630 INFO:teuthology.orchestra.run.smithi029.stdout:/usr/bin/ceph: stderr
2024-09-19T06:59:06.890+0000 7f650b860640 1 -- 172.21.15.29:0/1629864355 --> [v2:172.21.15.29:3300/0,v1:172.21.15.29:6789/0] -- mon_command([{prefix=config set, name=mgr/dashboard/ssl_server_port}] v 0) -- 0x7f650402d7c0 con 0x7f650407ccf0
2024-09-19T06:59:07.630 INFO:teuthology.orchestra.run.smithi029.stdout:/usr/bin/ceph: stderr
2024-09-19T06:59:06.893+0000 7f64fa7fc640 1 -- 172.21.15.29:0/1629864355 <== mon.0 v2:172.21.15.29:3300/0 7 ==== mon_command_ack([{prefix=config set, name=mgr/dashboard/ssl_server_port}]=0 v8)=0 v8) ==== 130+0+0 (secure 0 0 0) 0x7f650002fd90 con 0x7f650407ccf0
2024-09-19T06:59:07.630 INFO:teuthology.orchestra.run.smithi029.stdout:/usr/bin/ceph: stderr
2024-09-19T06:59:06.895+0000 7f650b860640 1 -- 172.21.15.29:0/1629864355 >> [v2:172.21.15.29:6800/1256989766,v1:172.21.15.29:6801/1256989766] conn(0x7f64f0039200 msgr2=0x7f64f003b6c0 secure :-1 s=STATE_CONNECTION_ESTABLISHED l=1).mark_down
2024-09-19T06:59:07.630 INFO:teuthology.orchestra.run.smithi029.stdout:/usr/bin/ceph: stderr
2024-09-19T06:59:06.895+0000 7f650b860640 1 --2- 172.21.15.29:0/1629864355 >> [v2:172.21.15.29:6800/1256989766,v1:172.21.15.29:6801/1256989766] conn(0x7f64f0039200 0x7f64f003b6c0 secure :-1 s=READY pgs=15 cs=0 l=1 rev1=1 crypto rx=0x7f64f40098c0 tx=0x7f64f4006db0 comp rx=0 tx=0).stop
2024-09-19T06:59:07.630 INFO:teuthology.orchestra.run.smithi029.stdout:/usr/bin/ceph: stderr
2024-09-19T06:59:06.895+0000 7f650b860640 1 -- 172.21.15.29:0/1629864355 >> [v2:172.21.15.29:3300/0,v1:172.21.15.29:6789/0] conn(0x7f650407ccf0 msgr2=0x7f650419d810 secure :-1 s=STATE_CONNECTION_ESTABLISHED l=1).mark_down
2024-09-19T06:59:07.630 INFO:teuthology.orchestra.run.smithi029.stdout:/usr/bin/ceph: stderr
2024-09-19T06:59:06.895+0000 7f650b860640 1 --2- 172.21.15.29:0/1629864355 >> [v2:172.21.15.29:3300/0,v1:172.21.15.29:6789/0] conn(0x7f650407ccf0 0x7f650419d810 secure :-1 s=READY pgs=52 cs=0 l=1 rev1=1 crypto rx=0x7f6500030cc0 tx=0x7f6500030cf0 comp rx=0 tx=0).stop
2024-09-19T06:59:07.630 INFO:teuthology.orchestra.run.smithi029.stdout:/usr/bin/ceph: stderr
2024-09-19T06:59:06.895+0000 7f650b860640 1 -- 172.21.15.29:0/1629864355 shutdown_connections
2024-09-19T06:59:07.630 INFO:teuthology.orchestra.run.smithi029.stdout:/usr/bin/ceph: stderr
2024-09-19T06:59:06.896+0000 7f650b860640 1 --2- 172.21.15.29:0/1629864355 >> [v2:172.21.15.29:6800/1256989766,v1:172.21.15.29:6801/1256989766] conn(0x7f64f0039200 0x7f64f003b6c0 unknown :-1 s=CLOSED pgs=15 cs=0 l=1 rev1=1 crypto rx=0 tx=0 comp rx=0 tx=0).stop
2024-09-19T06:59:07.630 INFO:teuthology.orchestra.run.smithi029.stdout:/usr/bin/ceph: stderr
2024-09-19T06:59:06.896+0000 7f650b860640 1 --2- 172.21.15.29:0/1629864355 >> [v2:172.21.15.29:3300/0,v1:172.21.15.29:6789/0] conn(0x7f650407ccf0 0x7f650419d810 unknown :-1 s=CLOSED pgs=52 cs=0 l=1 rev1=1 crypto rx=0 tx=0 comp rx=0 tx=0).stop
2024-09-19T06:59:07.630 INFO:teuthology.orchestra.run.smithi029.stdout:/usr/bin/ceph: stderr
2024-09-19T06:59:06.896+0000 7f650b860640 1 -- 172.21.15.29:0/1629864355 >> 172.21.15.29:0/1629864355 conn(0x7f6504102ae0 msgr2=0x7f6504103790 unknown :-1 s=STATE_NONE l=0).mark_down
2024-09-19T06:59:07.631 INFO:teuthology.orchestra.run.smithi029.stdout:/usr/bin/ceph: stderr
2024-09-19T06:59:06.896+0000 7f650b860640 1 -- 172.21.15.29:0/1629864355 shutdown_connections
2024-09-19T06:59:07.631 INFO:teuthology.orchestra.run.smithi029.stdout:/usr/bin/ceph: stderr
2024-09-19T06:59:06.896+0000 7f650b860640 1 -- 172.21.15.29:0/1629864355 wait complete.
2024-09-19T06:59:07.631 INFO:teuthology.orchestra.run.smithi029.stdout:Enabling the dashboard module...
2024-09-19T06:59:07.874 INFO:journalctl@ceph.mon.a.smithi029.stdout:Sep 19 06:59:07 smithi029 ceph-mon[31255]: from='mgr.14118 172.21.15.29:0/3812793991' entity='mgr.x'
2024-09-19T06:59:07.874 INFO:journalctl@ceph.mon.a.smithi029.stdout:Sep 19 06:59:07 smithi029 ceph-mon[31255]: from='client.? 172.21.15.29:0/1629864355' entity='client.admin'
2024-09-19T06:59:08.852 INFO:journalctl@ceph.mon.a.smithi029.stdout:Sep 19 06:59:08 smithi029 ceph-mon[31255]: from='client.? 172.21.15.29:0/1492240767' entity='client.admin' cmd=[{"prefix": "mgr module enable", "module": "dashboard"}]: dispatch
2024-09-19T06:59:08.852 INFO:journalctl@ceph.mgr.x.smithi029.stdout:Sep 19 06:59:08 smithi029 ceph-6a046fca-7654-11ef-bceb-c7b262605968-mgr-x[31482]: ignoring --setuser ceph since I am not root
2024-09-19T06:59:08.853 INFO:journalctl@ceph.mgr.x.smithi029.stdout:Sep 19 06:59:08 smithi029 ceph-6a046fca-7654-11ef-bceb-c7b262605968-mgr-x[31482]: ignoring --setgroup ceph since I am not root
2024-09-19T06:59:08.853 INFO:journalctl@ceph.mgr.x.smithi029.stdout:Sep 19 06:59:08 smithi029 ceph-6a046fca-7654-11ef-bceb-c7b262605968-mgr-x[31482]:
2024-09-19T06:59:08.811+0000 7fa45815a040 -1 mgr[py] Module osd_perf_query has missing NOTIFY_TYPES member
2024-09-19T06:59:09.124 INFO:journalctl@ceph.mgr.x.smithi029.stdout:Sep 19 06:59:08 smithi029 ceph-6a046fca-7654-11ef-bceb-c7b262605968-mgr-x[31482]:
2024-09-19T06:59:08.871+0000 7fa45815a040 -1 mgr[py] Module osd_support has missing NOTIFY_TYPES member
2024-09-19T06:59:09.124 INFO:journalctl@ceph.mgr.x.smithi029.stdout:Sep 19 06:59:09 smithi029 ceph-6a046fca-7654-11ef-bceb-c7b262605968-mgr-x[31482]:
2024-09-19T06:59:09.026+0000 7fa45815a040 -1 mgr[py] Module diskprediction_local has missing NOTIFY_TYPES member
2024-09-19T06:59:09.124 INFO:journalctl@ceph.mgr.x.smithi029.stdout:Sep 19 06:59:09 smithi029 ceph-6a046fca-7654-11ef-bceb-c7b262605968-mgr-x[31482]:
2024-09-19T06:59:09.095+0000 7fa45815a040 -1 mgr[py] Module crash has missing NOTIFY_TYPES member
2024-09-19T06:59:09.544 INFO:journalctl@ceph.mgr.x.smithi029.stdout:Sep 19 06:59:09 smithi029 ceph-6a046fca-7654-11ef-bceb-c7b262605968-mgr-x[31482]:
2024-09-19T06:59:09.253+0000 7fa45815a040 -1 mgr[py] Module test_orchestrator has missing NOTIFY_TYPES member
2024-09-19T06:59:09.545 INFO:journalctl@ceph.mgr.x.smithi029.stdout:Sep 19 06:59:09 smithi029 ceph-6a046fca-7654-11ef-bceb-c7b262605968-mgr-x[31482]:
2024-09-19T06:59:09.401+0000 7fa45815a040 -1 mgr[py] Module snap_schedule has missing NOTIFY_TYPES member
2024-09-19T06:59:09.800 INFO:journalctl@ceph.mon.a.smithi029.stdout:Sep 19 06:59:09 smithi029 ceph-mon[31255]: from='client.? 172.21.15.29:0/1492240767' entity='client.admin' cmd='[{"prefix": "mgr module enable", "module": "dashboard"}]': finished
2024-09-19T06:59:09.800 INFO:journalctl@ceph.mon.a.smithi029.stdout:Sep 19 06:59:09 smithi029 ceph-mon[31255]: mgrmap e9: x(active, since 20s)
2024-09-19T06:59:09.800 INFO:journalctl@ceph.mgr.x.smithi029.stdout:Sep 19 06:59:09 smithi029 ceph-6a046fca-7654-11ef-bceb-c7b262605968-mgr-x[31482]:
2024-09-19T06:59:09.734+0000 7fa45815a040 -1 mgr[py] Module prometheus has missing NOTIFY_TYPES member
2024-09-19T06:59:09.801 INFO:journalctl@ceph.mgr.x.smithi029.stdout:Sep 19 06:59:09 smithi029 ceph-6a046fca-7654-11ef-bceb-c7b262605968-mgr-x[31482]:
2024-09-19T06:59:09.798+0000 7fa45815a040 -1 mgr[py] Module selftest has missing NOTIFY_TYPES member
2024-09-19T06:59:09.948 INFO:teuthology.orchestra.run.smithi029.stdout:/usr/bin/ceph: stderr
2024-09-19T06:59:08.057+0000 7f319c1d3640 1 Processor -- start
2024-09-19T06:59:09.948 INFO:teuthology.orchestra.run.smithi029.stdout:/usr/bin/ceph: stderr
2024-09-19T06:59:08.057+0000 7f319c1d3640 1 -- start start
2024-09-19T06:59:09.948 INFO:teuthology.orchestra.run.smithi029.stdout:/usr/bin/ceph: stderr
2024-09-19T06:59:08.057+0000 7f319c1d3640 1 --2- >> [v2:172.21.15.29:3300/0,v1:172.21.15.29:6789/0] conn(0x7f3194108a60 0x7f3194108e60 unknown :-1 s=NONE pgs=0 cs=0 l=0 rev1=0 crypto rx=0 tx=0 comp rx=0 tx=0).connect
2024-09-19T06:59:09.948 INFO:teuthology.orchestra.run.smithi029.stdout:/usr/bin/ceph: stderr
2024-09-19T06:59:08.057+0000 7f319c1d3640 1 -- --> [v2:172.21.15.29:3300/0,v1:172.21.15.29:6789/0] -- mon_getmap magic: 0 -- 0x7f3194107040 con 0x7f3194108a60
2024-09-19T06:59:09.948 INFO:teuthology.orchestra.run.smithi029.stdout:/usr/bin/ceph: stderr
2024-09-19T06:59:08.057+0000 7f3199f6f640 1 --2- >> [v2:172.21.15.29:3300/0,v1:172.21.15.29:6789/0] conn(0x7f3194108a60 0x7f3194108e60 unknown :-1 s=BANNER_CONNECTING pgs=0 cs=0 l=0 rev1=0 crypto rx=0 tx=0 comp rx=0 tx=0)._handle_peer_banner_payload supported=3 required=0
2024-09-19T06:59:09.948 INFO:teuthology.orchestra.run.smithi029.stdout:/usr/bin/ceph: stderr
2024-09-19T06:59:08.057+0000 7f3199f6f640 1 --2- >> [v2:172.21.15.29:3300/0,v1:172.21.15.29:6789/0] conn(0x7f3194108a60 0x7f3194108e60 unknown :-1 s=HELLO_CONNECTING pgs=0 cs=0 l=0 rev1=1 crypto rx=0 tx=0 comp rx=0 tx=0).handle_hello peer v2:172.21.15.29:3300/0 says I am v2:172.21.15.29:34654/0 (socket says 172.21.15.29:34654)
2024-09-19T06:59:09.949 INFO:teuthology.orchestra.run.smithi029.stdout:/usr/bin/ceph: stderr
2024-09-19T06:59:08.057+0000 7f3199f6f640 1 -- 172.21.15.29:0/3572184710 learned_addr learned my addr 172.21.15.29:0/3572184710 (peer_addr_for_me v2:172.21.15.29:0/0)
2024-09-19T06:59:09.949 INFO:teuthology.orchestra.run.smithi029.stdout:/usr/bin/ceph: stderr
2024-09-19T06:59:08.058+0000 7f3199f6f640 1 -- 172.21.15.29:0/3572184710 --> [v2:172.21.15.29:3300/0,v1:172.21.15.29:6789/0] -- mon_subscribe({config=0+,monmap=0+}) -- 0x7f31941071c0 con 0x7f3194108a60
2024-09-19T06:59:09.949 INFO:teuthology.orchestra.run.smithi029.stdout:/usr/bin/ceph: stderr
2024-09-19T06:59:08.058+0000 7f3199f6f640 1 --2- 172.21.15.29:0/3572184710 >> [v2:172.21.15.29:3300/0,v1:172.21.15.29:6789/0] conn(0x7f3194108a60 0x7f3194108e60 secure :-1 s=READY pgs=53 cs=0 l=1 rev1=1 crypto rx=0x7f3190009820 tx=0x7f319002a270 comp rx=0 tx=0).ready entity=mon.0 client_cookie=82161825e8c07c51 server_cookie=0 in_seq=0 out_seq=0
2024-09-19T06:59:09.949 INFO:teuthology.orchestra.run.smithi029.stdout:/usr/bin/ceph: stderr
