2024-09-19T07:02:19.198+0000 7f5cd2b58640 1 --2- 172.21.15.148:0/3269066634 >> [v2:172.21.15.148:6800/1949849385,v1:172.21.15.148:6801/1949849385] conn(0x7f5cbc0391b0 0x7f5cbc03b670 unknown :-1 s=CLOSED pgs=9 cs=0 l=1 rev1=1 crypto rx=0 tx=0 comp rx=0 tx=0).stop
2024-09-19T07:02:19.812 INFO:teuthology.orchestra.run.smithi148.stdout:/usr/bin/ceph: stderr
2024-09-19T07:02:19.198+0000 7f5cd2b58640 1 --2- 172.21.15.148:0/3269066634 >> [v2:172.21.15.148:3300/0,v1:172.21.15.148:6789/0] conn(0x7f5ccc07de20 0x7f5ccc19d9d0 unknown :-1 s=CLOSED pgs=38 cs=0 l=1 rev1=1 crypto rx=0 tx=0 comp rx=0 tx=0).stop
2024-09-19T07:02:19.812 INFO:teuthology.orchestra.run.smithi148.stdout:/usr/bin/ceph: stderr
2024-09-19T07:02:19.198+0000 7f5cd2b58640 1 -- 172.21.15.148:0/3269066634 >> 172.21.15.148:0/3269066634 conn(0x7f5ccc102f60 msgr2=0x7f5ccc103b40 unknown :-1 s=STATE_NONE l=0).mark_down
2024-09-19T07:02:19.812 INFO:teuthology.orchestra.run.smithi148.stdout:/usr/bin/ceph: stderr
2024-09-19T07:02:19.198+0000 7f5cd2b58640 1 -- 172.21.15.148:0/3269066634 shutdown_connections
2024-09-19T07:02:19.812 INFO:teuthology.orchestra.run.smithi148.stdout:/usr/bin/ceph: stderr
2024-09-19T07:02:19.198+0000 7f5cd2b58640 1 -- 172.21.15.148:0/3269066634 wait complete.
2024-09-19T07:02:20.368 INFO:journalctl@ceph.mon.a.smithi148.stdout:Sep 19 07:02:20 smithi148 ceph-mon[31180]: from='client.14132 -' entity='client.admin' cmd=[{"prefix": "cephadm generate-key", "target": ["mon-mgr", ""]}]: dispatch
2024-09-19T07:02:20.368 INFO:journalctl@ceph.mon.a.smithi148.stdout:Sep 19 07:02:20 smithi148 ceph-mon[31180]: Generating ssh key...
2024-09-19T07:02:20.368 INFO:journalctl@ceph.mon.a.smithi148.stdout:Sep 19 07:02:20 smithi148 ceph-mon[31180]: from='mgr.14116 172.21.15.148:0/2118014832' entity='mgr.x'
2024-09-19T07:02:20.368 INFO:journalctl@ceph.mon.a.smithi148.stdout:Sep 19 07:02:20 smithi148 ceph-mon[31180]: from='mgr.14116 172.21.15.148:0/2118014832' entity='mgr.x'
2024-09-19T07:02:20.990 INFO:teuthology.orchestra.run.smithi148.stdout:/usr/bin/ceph: stdout ssh-rsa AAAAB3NzaC1yc2EAAAADAQABAAABgQCj3EiwnnJCWnLxqqlKiSRzADo0UWAxlBMSEMl1L0pYdOdHFjWK9HYa1LTK6Ra9SdRuzCwqvyqqL448fL+/PLgxzbPhgpFPowNe2vRXe5rnARNNHFUno3BRiZniifzmJq2zJvi0CwzY2kkVuVGyz9BrZtyo0KUgfgT9ufzEBA385Zs8TGFjnr/DPJ57Hxi6/LL+XHm6t4KgLQ8kUP8uM0bolDpp1ZMPO5e3yrmws2daty/kzm/vJAEIAbsJFykuUuHbyEBmqsbPe+vSDX5rFyNtRBY7gtYhbMkpq29ZNm2iXe+1kYwmNuRLLEPK/kKXATTQMMYzlwZXxtGJDTmRQEFS6Ydt78QY2mRYWrDQRmrTeGG94feL5fWgjYVxGcJWuw3LLEjLfPhnhYCs9ZDorQNsMU+YF44k2E0eE6ZxCTuPzhqAk7+OM/zHFVUPiNN23KDk/wJKExPMQfluRkpsARPOoDQ2VWgDrEjRue6cYPeCvRQDGtY+dfGh7Zc36zl3v5k= ceph-eae8a4a8-7654-11ef-bceb-c7b262605968
2024-09-19T07:02:20.990 INFO:teuthology.orchestra.run.smithi148.stdout:/usr/bin/ceph: stderr
2024-09-19T07:02:20.187+0000 7f127585d640 1 Processor -- start
2024-09-19T07:02:20.990 INFO:teuthology.orchestra.run.smithi148.stdout:/usr/bin/ceph: stderr
2024-09-19T07:02:20.187+0000 7f127585d640 1 -- start start
2024-09-19T07:02:20.990 INFO:teuthology.orchestra.run.smithi148.stdout:/usr/bin/ceph: stderr
2024-09-19T07:02:20.187+0000 7f127585d640 1 --2- >> [v2:172.21.15.148:3300/0,v1:172.21.15.148:6789/0] conn(0x7f12701077f0 0x7f1270107bf0 unknown :-1 s=NONE pgs=0 cs=0 l=0 rev1=0 crypto rx=0 tx=0 comp rx=0 tx=0).connect
2024-09-19T07:02:20.991 INFO:teuthology.orchestra.run.smithi148.stdout:/usr/bin/ceph: stderr
2024-09-19T07:02:20.187+0000 7f127585d640 1 -- --> [v2:172.21.15.148:3300/0,v1:172.21.15.148:6789/0] -- mon_getmap magic: 0 -- 0x7f12701081c0 con 0x7f12701077f0
2024-09-19T07:02:20.991 INFO:teuthology.orchestra.run.smithi148.stdout:/usr/bin/ceph: stderr
2024-09-19T07:02:20.187+0000 7f126effd640 1 --2- >> [v2:172.21.15.148:3300/0,v1:172.21.15.148:6789/0] conn(0x7f12701077f0 0x7f1270107bf0 unknown :-1 s=BANNER_CONNECTING pgs=0 cs=0 l=0 rev1=0 crypto rx=0 tx=0 comp rx=0 tx=0)._handle_peer_banner_payload supported=3 required=0
2024-09-19T07:02:20.991 INFO:teuthology.orchestra.run.smithi148.stdout:/usr/bin/ceph: stderr
2024-09-19T07:02:20.187+0000 7f126effd640 1 --2- >> [v2:172.21.15.148:3300/0,v1:172.21.15.148:6789/0] conn(0x7f12701077f0 0x7f1270107bf0 unknown :-1 s=HELLO_CONNECTING pgs=0 cs=0 l=0 rev1=1 crypto rx=0 tx=0 comp rx=0 tx=0).handle_hello peer v2:172.21.15.148:3300/0 says I am v2:172.21.15.148:43534/0 (socket says 172.21.15.148:43534)
2024-09-19T07:02:20.991 INFO:teuthology.orchestra.run.smithi148.stdout:/usr/bin/ceph: stderr
2024-09-19T07:02:20.187+0000 7f126effd640 1 -- 172.21.15.148:0/2359709558 learned_addr learned my addr 172.21.15.148:0/2359709558 (peer_addr_for_me v2:172.21.15.148:0/0)
2024-09-19T07:02:20.991 INFO:teuthology.orchestra.run.smithi148.stdout:/usr/bin/ceph: stderr
2024-09-19T07:02:20.188+0000 7f126effd640 1 -- 172.21.15.148:0/2359709558 --> [v2:172.21.15.148:3300/0,v1:172.21.15.148:6789/0] -- mon_subscribe({config=0+,monmap=0+}) -- 0x7f12701089f0 con 0x7f12701077f0
2024-09-19T07:02:20.991 INFO:teuthology.orchestra.run.smithi148.stdout:/usr/bin/ceph: stderr
2024-09-19T07:02:20.188+0000 7f126effd640 1 --2- 172.21.15.148:0/2359709558 >> [v2:172.21.15.148:3300/0,v1:172.21.15.148:6789/0] conn(0x7f12701077f0 0x7f1270107bf0 secure :-1 s=READY pgs=39 cs=0 l=1 rev1=1 crypto rx=0x7f1260009e80 tx=0x7f126002a7a0 comp rx=0 tx=0).ready entity=mon.0 client_cookie=2a2d8a1d7ed7b397 server_cookie=0 in_seq=0 out_seq=0
2024-09-19T07:02:20.991 INFO:teuthology.orchestra.run.smithi148.stdout:/usr/bin/ceph: stderr
2024-09-19T07:02:20.189+0000 7f126dffb640 1 -- 172.21.15.148:0/2359709558 <== mon.0 v2:172.21.15.148:3300/0 1 ==== mon_map magic: 0 ==== 205+0+0 (secure 0 0 0) 0x7f1260036070 con 0x7f12701077f0
2024-09-19T07:02:20.991 INFO:teuthology.orchestra.run.smithi148.stdout:/usr/bin/ceph: stderr
2024-09-19T07:02:20.189+0000 7f126dffb640 1 -- 172.21.15.148:0/2359709558 <== mon.0 v2:172.21.15.148:3300/0 2 ==== config(27 keys) ==== 1109+0+0 (secure 0 0 0) 0x7f12600318c0 con 0x7f12701077f0
2024-09-19T07:02:20.991 INFO:teuthology.orchestra.run.smithi148.stdout:/usr/bin/ceph: stderr
2024-09-19T07:02:20.189+0000 7f126dffb640 1 -- 172.21.15.148:0/2359709558 <== mon.0 v2:172.21.15.148:3300/0 3 ==== mon_map magic: 0 ==== 205+0+0 (secure 0 0 0) 0x7f1260007ab0 con 0x7f12701077f0
2024-09-19T07:02:20.991 INFO:teuthology.orchestra.run.smithi148.stdout:/usr/bin/ceph: stderr
2024-09-19T07:02:20.189+0000 7f127585d640 1 -- 172.21.15.148:0/2359709558 >> [v2:172.21.15.148:3300/0,v1:172.21.15.148:6789/0] conn(0x7f12701077f0 msgr2=0x7f1270107bf0 secure :-1 s=STATE_CONNECTION_ESTABLISHED l=1).mark_down
2024-09-19T07:02:20.991 INFO:teuthology.orchestra.run.smithi148.stdout:/usr/bin/ceph: stderr
2024-09-19T07:02:20.189+0000 7f127585d640 1 --2- 172.21.15.148:0/2359709558 >> [v2:172.21.15.148:3300/0,v1:172.21.15.148:6789/0] conn(0x7f12701077f0 0x7f1270107bf0 secure :-1 s=READY pgs=39 cs=0 l=1 rev1=1 crypto rx=0x7f1260009e80 tx=0x7f126002a7a0 comp rx=0 tx=0).stop
2024-09-19T07:02:20.991 INFO:teuthology.orchestra.run.smithi148.stdout:/usr/bin/ceph: stderr
2024-09-19T07:02:20.189+0000 7f127585d640 1 -- 172.21.15.148:0/2359709558 shutdown_connections
2024-09-19T07:02:20.991 INFO:teuthology.orchestra.run.smithi148.stdout:/usr/bin/ceph: stderr
2024-09-19T07:02:20.189+0000 7f127585d640 1 --2- 172.21.15.148:0/2359709558 >> [v2:172.21.15.148:3300/0,v1:172.21.15.148:6789/0] conn(0x7f12701077f0 0x7f1270107bf0 unknown :-1 s=CLOSED pgs=39 cs=0 l=1 rev1=1 crypto rx=0 tx=0 comp rx=0 tx=0).stop
2024-09-19T07:02:20.992 INFO:teuthology.orchestra.run.smithi148.stdout:/usr/bin/ceph: stderr
2024-09-19T07:02:20.189+0000 7f127585d640 1 -- 172.21.15.148:0/2359709558 >> 172.21.15.148:0/2359709558 conn(0x7f1270103060 msgr2=0x7f1270105480 unknown :-1 s=STATE_NONE l=0).mark_down
2024-09-19T07:02:20.992 INFO:teuthology.orchestra.run.smithi148.stdout:/usr/bin/ceph: stderr
2024-09-19T07:02:20.189+0000 7f127585d640 1 -- 172.21.15.148:0/2359709558 shutdown_connections
2024-09-19T07:02:20.992 INFO:teuthology.orchestra.run.smithi148.stdout:/usr/bin/ceph: stderr
2024-09-19T07:02:20.189+0000 7f127585d640 1 -- 172.21.15.148:0/2359709558 wait complete.
2024-09-19T07:02:20.992 INFO:teuthology.orchestra.run.smithi148.stdout:/usr/bin/ceph: stderr
2024-09-19T07:02:20.190+0000 7f127585d640 1 Processor -- start
2024-09-19T07:02:20.992 INFO:teuthology.orchestra.run.smithi148.stdout:/usr/bin/ceph: stderr
2024-09-19T07:02:20.190+0000 7f127585d640 1 -- start start
2024-09-19T07:02:20.992 INFO:teuthology.orchestra.run.smithi148.stdout:/usr/bin/ceph: stderr
2024-09-19T07:02:20.190+0000 7f127585d640 1 --2- >> [v2:172.21.15.148:3300/0,v1:172.21.15.148:6789/0] conn(0x7f12701077f0 0x7f127019b7a0 unknown :-1 s=NONE pgs=0 cs=0 l=1 rev1=0 crypto rx=0 tx=0 comp rx=0 tx=0).connect
2024-09-19T07:02:20.992 INFO:teuthology.orchestra.run.smithi148.stdout:/usr/bin/ceph: stderr
2024-09-19T07:02:20.190+0000 7f127585d640 1 -- --> [v2:172.21.15.148:3300/0,v1:172.21.15.148:6789/0] -- mon_getmap magic: 0 -- 0x7f127010bda0 con 0x7f12701077f0
2024-09-19T07:02:20.992 INFO:teuthology.orchestra.run.smithi148.stdout:/usr/bin/ceph: stderr
2024-09-19T07:02:20.190+0000 7f126effd640 1 --2- >> [v2:172.21.15.148:3300/0,v1:172.21.15.148:6789/0] conn(0x7f12701077f0 0x7f127019b7a0 unknown :-1 s=BANNER_CONNECTING pgs=0 cs=0 l=1 rev1=0 crypto rx=0 tx=0 comp rx=0 tx=0)._handle_peer_banner_payload supported=3 required=0
2024-09-19T07:02:20.992 INFO:teuthology.orchestra.run.smithi148.stdout:/usr/bin/ceph: stderr
2024-09-19T07:02:20.190+0000 7f126effd640 1 --2- >> [v2:172.21.15.148:3300/0,v1:172.21.15.148:6789/0] conn(0x7f12701077f0 0x7f127019b7a0 unknown :-1 s=HELLO_CONNECTING pgs=0 cs=0 l=1 rev1=1 crypto rx=0 tx=0 comp rx=0 tx=0).handle_hello peer v2:172.21.15.148:3300/0 says I am v2:172.21.15.148:43550/0 (socket says 172.21.15.148:43550)
2024-09-19T07:02:20.992 INFO:teuthology.orchestra.run.smithi148.stdout:/usr/bin/ceph: stderr
2024-09-19T07:02:20.190+0000 7f126effd640 1 -- 172.21.15.148:0/1224177760 learned_addr learned my addr 172.21.15.148:0/1224177760 (peer_addr_for_me v2:172.21.15.148:0/0)
2024-09-19T07:02:20.992 INFO:teuthology.orchestra.run.smithi148.stdout:/usr/bin/ceph: stderr
2024-09-19T07:02:20.191+0000 7f126effd640 1 -- 172.21.15.148:0/1224177760 --> [v2:172.21.15.148:3300/0,v1:172.21.15.148:6789/0] -- mon_subscribe({config=0+,monmap=0+}) -- 0x7f127019bce0 con 0x7f12701077f0
2024-09-19T07:02:20.992 INFO:teuthology.orchestra.run.smithi148.stdout:/usr/bin/ceph: stderr
2024-09-19T07:02:20.191+0000 7f126effd640 1 --2- 172.21.15.148:0/1224177760 >> [v2:172.21.15.148:3300/0,v1:172.21.15.148:6789/0] conn(0x7f12701077f0 0x7f127019b7a0 secure :-1 s=READY pgs=40 cs=0 l=1 rev1=1 crypto rx=0x7f126002ad90 tx=0x7f1260031ca0 comp rx=0 tx=0).ready entity=mon.0 client_cookie=0 server_cookie=0 in_seq=0 out_seq=0
2024-09-19T07:02:20.993 INFO:teuthology.orchestra.run.smithi148.stdout:/usr/bin/ceph: stderr
2024-09-19T07:02:20.191+0000 7f127485b640 1 -- 172.21.15.148:0/1224177760 <== mon.0 v2:172.21.15.148:3300/0 1 ==== mon_map magic: 0 ==== 205+0+0 (secure 0 0 0) 0x7f1260036050 con 0x7f12701077f0
2024-09-19T07:02:20.993 INFO:teuthology.orchestra.run.smithi148.stdout:/usr/bin/ceph: stderr
2024-09-19T07:02:20.191+0000 7f127485b640 1 -- 172.21.15.148:0/1224177760 <== mon.0 v2:172.21.15.148:3300/0 2 ==== config(27 keys) ==== 1109+0+0 (secure 0 0 0) 0x7f1260042070 con 0x7f12701077f0
2024-09-19T07:02:20.993 INFO:teuthology.orchestra.run.smithi148.stdout:/usr/bin/ceph: stderr
2024-09-19T07:02:20.191+0000 7f127585d640 1 -- 172.21.15.148:0/1224177760 --> [v2:172.21.15.148:3300/0,v1:172.21.15.148:6789/0] -- mon_subscribe({mgrmap=0+}) -- 0x7f127019bf70 con 0x7f12701077f0
2024-09-19T07:02:20.993 INFO:teuthology.orchestra.run.smithi148.stdout:/usr/bin/ceph: stderr
2024-09-19T07:02:20.191+0000 7f127485b640 1 -- 172.21.15.148:0/1224177760 <== mon.0 v2:172.21.15.148:3300/0 3 ==== mon_map magic: 0 ==== 205+0+0 (secure 0 0 0) 0x7f126003d7e0 con 0x7f12701077f0
2024-09-19T07:02:20.993 INFO:teuthology.orchestra.run.smithi148.stdout:/usr/bin/ceph: stderr
2024-09-19T07:02:20.191+0000 7f127585d640 1 -- 172.21.15.148:0/1224177760 --> [v2:172.21.15.148:3300/0,v1:172.21.15.148:6789/0] -- mon_subscribe({osdmap=0}) -- 0x7f127019ec60 con 0x7f12701077f0
2024-09-19T07:02:20.993 INFO:teuthology.orchestra.run.smithi148.stdout:/usr/bin/ceph: stderr
2024-09-19T07:02:20.192+0000 7f127485b640 1 -- 172.21.15.148:0/1224177760 <== mon.0 v2:172.21.15.148:3300/0 4 ==== mgrmap(e 8) ==== 46461+0+0 (secure 0 0 0) 0x7f126003dae0 con 0x7f12701077f0
2024-09-19T07:02:20.993 INFO:teuthology.orchestra.run.smithi148.stdout:/usr/bin/ceph: stderr
2024-09-19T07:02:20.192+0000 7f127585d640 1 -- 172.21.15.148:0/1224177760 --> [v2:172.21.15.148:3300/0,v1:172.21.15.148:6789/0] -- mon_command({"prefix": "get_command_descriptions"} v 0) -- 0x7f1270107c70 con 0x7f12701077f0
2024-09-19T07:02:20.993 INFO:teuthology.orchestra.run.smithi148.stdout:/usr/bin/ceph: stderr
2024-09-19T07:02:20.192+0000 7f127485b640 1 --2- 172.21.15.148:0/1224177760 >> [v2:172.21.15.148:6800/1949849385,v1:172.21.15.148:6801/1949849385] conn(0x7f12580391b0 0x7f125803b670 unknown :-1 s=NONE pgs=0 cs=0 l=1 rev1=0 crypto rx=0 tx=0 comp rx=0 tx=0).connect
2024-09-19T07:02:20.993 INFO:teuthology.orchestra.run.smithi148.stdout:/usr/bin/ceph: stderr
2024-09-19T07:02:20.192+0000 7f127485b640 1 -- 172.21.15.148:0/1224177760 <== mon.0 v2:172.21.15.148:3300/0 5 ==== osd_map(2..2 src has 1..2) ==== 940+0+0 (secure 0 0 0) 0x7f1260007e00 con 0x7f12701077f0
2024-09-19T07:02:20.993 INFO:teuthology.orchestra.run.smithi148.stdout:/usr/bin/ceph: stderr
2024-09-19T07:02:20.192+0000 7f126e7fc640 1 --2- 172.21.15.148:0/1224177760 >> [v2:172.21.15.148:6800/1949849385,v1:172.21.15.148:6801/1949849385] conn(0x7f12580391b0 0x7f125803b670 unknown :-1 s=BANNER_CONNECTING pgs=0 cs=0 l=1 rev1=0 crypto rx=0 tx=0 comp rx=0 tx=0)._handle_peer_banner_payload supported=3 required=0
2024-09-19T07:02:20.993 INFO:teuthology.orchestra.run.smithi148.stdout:/usr/bin/ceph: stderr
2024-09-19T07:02:20.193+0000 7f126e7fc640 1 --2- 172.21.15.148:0/1224177760 >> [v2:172.21.15.148:6800/1949849385,v1:172.21.15.148:6801/1949849385] conn(0x7f12580391b0 0x7f125803b670 secure :-1 s=READY pgs=10 cs=0 l=1 rev1=1 crypto rx=0x7f12640098c0 tx=0x7f1264006db0 comp rx=0 tx=0).ready entity=mgr.14116 client_cookie=0 server_cookie=0 in_seq=0 out_seq=0
2024-09-19T07:02:20.993 INFO:teuthology.orchestra.run.smithi148.stdout:/usr/bin/ceph: stderr
2024-09-19T07:02:20.201+0000 7f127485b640 1 -- 172.21.15.148:0/1224177760 <== mon.0 v2:172.21.15.148:3300/0 6 ==== mon_command_ack([{"prefix": "get_command_descriptions"}]=0 v0) ==== 72+0+188913 (secure 0 0 0) 0x7f12600371f0 con 0x7f12701077f0
2024-09-19T07:02:20.993 INFO:teuthology.orchestra.run.smithi148.stdout:/usr/bin/ceph: stderr
2024-09-19T07:02:20.366+0000 7f127585d640 1 -- 172.21.15.148:0/1224177760 --> [v2:172.21.15.148:6800/1949849385,v1:172.21.15.148:6801/1949849385] -- mgr_command(tid 0: {"prefix": "cephadm get-pub-key", "target": ["mon-mgr", ""]}) -- 0x7f12701042f0 con 0x7f12580391b0
2024-09-19T07:02:20.994 INFO:teuthology.orchestra.run.smithi148.stdout:/usr/bin/ceph: stderr
2024-09-19T07:02:20.367+0000 7f127485b640 1 -- 172.21.15.148:0/1224177760 <== mgr.14116 v2:172.21.15.148:6800/1949849385 1 ==== mgr_command_reply(tid 0: 0 ) ==== 8+0+595 (secure 0 0 0) 0x7f12701042f0 con 0x7f12580391b0
2024-09-19T07:02:20.994 INFO:teuthology.orchestra.run.smithi148.stdout:/usr/bin/ceph: stderr
2024-09-19T07:02:20.369+0000 7f127585d640 1 -- 172.21.15.148:0/1224177760 >> [v2:172.21.15.148:6800/1949849385,v1:172.21.15.148:6801/1949849385] conn(0x7f12580391b0 msgr2=0x7f125803b670 secure :-1 s=STATE_CONNECTION_ESTABLISHED l=1).mark_down
2024-09-19T07:02:20.994 INFO:teuthology.orchestra.run.smithi148.stdout:/usr/bin/ceph: stderr
2024-09-19T07:02:20.369+0000 7f127585d640 1 --2- 172.21.15.148:0/1224177760 >> [v2:172.21.15.148:6800/1949849385,v1:172.21.15.148:6801/1949849385] conn(0x7f12580391b0 0x7f125803b670 secure :-1 s=READY pgs=10 cs=0 l=1 rev1=1 crypto rx=0x7f12640098c0 tx=0x7f1264006db0 comp rx=0 tx=0).stop
2024-09-19T07:02:20.994 INFO:teuthology.orchestra.run.smithi148.stdout:/usr/bin/ceph: stderr
2024-09-19T07:02:20.369+0000 7f127585d640 1 -- 172.21.15.148:0/1224177760 >> [v2:172.21.15.148:3300/0,v1:172.21.15.148:6789/0] conn(0x7f12701077f0 msgr2=0x7f127019b7a0 secure :-1 s=STATE_CONNECTION_ESTABLISHED l=1).mark_down
2024-09-19T07:02:20.994 INFO:teuthology.orchestra.run.smithi148.stdout:/usr/bin/ceph: stderr
2024-09-19T07:02:20.369+0000 7f127585d640 1 --2- 172.21.15.148:0/1224177760 >> [v2:172.21.15.148:3300/0,v1:172.21.15.148:6789/0] conn(0x7f12701077f0 0x7f127019b7a0 secure :-1 s=READY pgs=40 cs=0 l=1 rev1=1 crypto rx=0x7f126002ad90 tx=0x7f1260031ca0 comp rx=0 tx=0).stop
2024-09-19T07:02:20.994 INFO:teuthology.orchestra.run.smithi148.stdout:/usr/bin/ceph: stderr
2024-09-19T07:02:20.369+0000 7f127585d640 1 -- 172.21.15.148:0/1224177760 shutdown_connections
2024-09-19T07:02:20.994 INFO:teuthology.orchestra.run.smithi148.stdout:/usr/bin/ceph: stderr
2024-09-19T07:02:20.369+0000 7f127585d640 1 --2- 172.21.15.148:0/1224177760 >> [v2:172.21.15.148:6800/1949849385,v1:172.21.15.148:6801/1949849385] conn(0x7f12580391b0 0x7f125803b670 unknown :-1 s=CLOSED pgs=10 cs=0 l=1 rev1=1 crypto rx=0 tx=0 comp rx=0 tx=0).stop
2024-09-19T07:02:20.994 INFO:teuthology.orchestra.run.smithi148.stdout:/usr/bin/ceph: stderr
2024-09-19T07:02:20.369+0000 7f127585d640 1 --2- 172.21.15.148:0/1224177760 >> [v2:172.21.15.148:3300/0,v1:172.21.15.148:6789/0] conn(0x7f12701077f0 0x7f127019b7a0 unknown :-1 s=CLOSED pgs=40 cs=0 l=1 rev1=1 crypto rx=0 tx=0 comp rx=0 tx=0).stop
2024-09-19T07:02:20.994 INFO:teuthology.orchestra.run.smithi148.stdout:/usr/bin/ceph: stderr
2024-09-19T07:02:20.369+0000 7f127585d640 1 -- 172.21.15.148:0/1224177760 >> 172.21.15.148:0/1224177760 conn(0x7f1270103060 msgr2=0x7f1270103be0 unknown :-1 s=STATE_NONE l=0).mark_down
2024-09-19T07:02:20.994 INFO:teuthology.orchestra.run.smithi148.stdout:/usr/bin/ceph: stderr
2024-09-19T07:02:20.369+0000 7f127585d640 1 -- 172.21.15.148:0/1224177760 shutdown_connections
2024-09-19T07:02:20.994 INFO:teuthology.orchestra.run.smithi148.stdout:/usr/bin/ceph: stderr
2024-09-19T07:02:20.369+0000 7f127585d640 1 -- 172.21.15.148:0/1224177760 wait complete.
2024-09-19T07:02:20.994 INFO:teuthology.orchestra.run.smithi148.stdout:Wrote public SSH key to /home/ubuntu/cephtest/ceph.pub
2024-09-19T07:02:20.994 INFO:teuthology.orchestra.run.smithi148.stdout:Adding key to root@localhost authorized_keys...
2024-09-19T07:02:20.996 INFO:teuthology.orchestra.run.smithi148.stdout:Adding host smithi148...
2024-09-19T07:02:21.284 INFO:journalctl@ceph.mon.a.smithi148.stdout:Sep 19 07:02:21 smithi148 ceph-mon[31180]: from='client.14134 -' entity='client.admin' cmd=[{"prefix": "cephadm get-pub-key", "target": ["mon-mgr", ""]}]: dispatch
2024-09-19T07:02:22.333 INFO:journalctl@ceph.mon.a.smithi148.stdout:Sep 19 07:02:22 smithi148 ceph-mon[31180]: from='client.14136 -' entity='client.admin' cmd=[{"prefix": "orch host add", "hostname": "smithi148", "addr": "172.21.15.148", "target": ["mon-mgr", ""]}]: dispatch
2024-09-19T07:02:23.303 INFO:journalctl@ceph.mon.a.smithi148.stdout:Sep 19 07:02:23 smithi148 ceph-mon[31180]: Deploying cephadm binary to smithi148
2024-09-19T07:02:25.264 INFO:teuthology.orchestra.run.smithi148.stdout:/usr/bin/ceph: stdout Added host 'smithi148' with addr '172.21.15.148'
2024-09-19T07:02:25.264 INFO:teuthology.orchestra.run.smithi148.stdout:/usr/bin/ceph: stderr
2024-09-19T07:02:21.363+0000 7ff1cbd11640 1 Processor -- start
2024-09-19T07:02:25.264 INFO:teuthology.orchestra.run.smithi148.stdout:/usr/bin/ceph: stderr
2024-09-19T07:02:21.363+0000 7ff1cbd11640 1 -- start start
2024-09-19T07:02:25.264 INFO:teuthology.orchestra.run.smithi148.stdout:/usr/bin/ceph: stderr
2024-09-19T07:02:21.364+0000 7ff1cbd11640 1 --2- >> [v2:172.21.15.148:3300/0,v1:172.21.15.148:6789/0] conn(0x7ff1c41066d0 0x7ff1c4106ad0 unknown :-1 s=NONE pgs=0 cs=0 l=0 rev1=0 crypto rx=0 tx=0 comp rx=0 tx=0).connect
2024-09-19T07:02:25.264 INFO:teuthology.orchestra.run.smithi148.stdout:/usr/bin/ceph: stderr
2024-09-19T07:02:21.364+0000 7ff1cbd11640 1 -- --> [v2:172.21.15.148:3300/0,v1:172.21.15.148:6789/0] -- mon_getmap magic: 0 -- 0x7ff1c41070a0 con 0x7ff1c41066d0
2024-09-19T07:02:25.264 INFO:teuthology.orchestra.run.smithi148.stdout:/usr/bin/ceph: stderr
2024-09-19T07:02:21.364+0000 7ff1c9aad640 1 --2- >> [v2:172.21.15.148:3300/0,v1:172.21.15.148:6789/0] conn(0x7ff1c41066d0 0x7ff1c4106ad0 unknown :-1 s=BANNER_CONNECTING pgs=0 cs=0 l=0 rev1=0 crypto rx=0 tx=0 comp rx=0 tx=0)._handle_peer_banner_payload supported=3 required=0
2024-09-19T07:02:25.264 INFO:teuthology.orchestra.run.smithi148.stdout:/usr/bin/ceph: stderr
2024-09-19T07:02:21.364+0000 7ff1c9aad640 1 --2- >> [v2:172.21.15.148:3300/0,v1:172.21.15.148:6789/0] conn(0x7ff1c41066d0 0x7ff1c4106ad0 unknown :-1 s=HELLO_CONNECTING pgs=0 cs=0 l=0 rev1=1 crypto rx=0 tx=0 comp rx=0 tx=0).handle_hello peer v2:172.21.15.148:3300/0 says I am v2:172.21.15.148:43562/0 (socket says 172.21.15.148:43562)
2024-09-19T07:02:25.264 INFO:teuthology.orchestra.run.smithi148.stdout:/usr/bin/ceph: stderr
2024-09-19T07:02:21.364+0000 7ff1c9aad640 1 -- 172.21.15.148:0/3546623394 learned_addr learned my addr 172.21.15.148:0/3546623394 (peer_addr_for_me v2:172.21.15.148:0/0)
2024-09-19T07:02:25.265 INFO:teuthology.orchestra.run.smithi148.stdout:/usr/bin/ceph: stderr
2024-09-19T07:02:21.364+0000 7ff1c9aad640 1 -- 172.21.15.148:0/3546623394 --> [v2:172.21.15.148:3300/0,v1:172.21.15.148:6789/0] -- mon_subscribe({config=0+,monmap=0+}) -- 0x7ff1c41078d0 con 0x7ff1c41066d0
2024-09-19T07:02:25.265 INFO:teuthology.orchestra.run.smithi148.stdout:/usr/bin/ceph: stderr
2024-09-19T07:02:21.365+0000 7ff1c9aad640 1 --2- 172.21.15.148:0/3546623394 >> [v2:172.21.15.148:3300/0,v1:172.21.15.148:6789/0] conn(0x7ff1c41066d0 0x7ff1c4106ad0 secure :-1 s=READY pgs=41 cs=0 l=1 rev1=1 crypto rx=0x7ff1b4009820 tx=0x7ff1b402a270 comp rx=0 tx=0).ready entity=mon.0 client_cookie=76679bc8beaca4cd server_cookie=0 in_seq=0 out_seq=0
2024-09-19T07:02:25.265 INFO:teuthology.orchestra.run.smithi148.stdout:/usr/bin/ceph: stderr
2024-09-19T07:02:21.365+0000 7ff1c8aab640 1 -- 172.21.15.148:0/3546623394 <== mon.0 v2:172.21.15.148:3300/0 1 ==== mon_map magic: 0 ==== 205+0+0 (secure 0 0 0) 0x7ff1b4037070 con 0x7ff1c41066d0
2024-09-19T07:02:25.265 INFO:teuthology.orchestra.run.smithi148.stdout:/usr/bin/ceph: stderr
2024-09-19T07:02:21.365+0000 7ff1c8aab640 1 -- 172.21.15.148:0/3546623394 <== mon.0 v2:172.21.15.148:3300/0 2 ==== config(27 keys) ==== 1109+0+0 (secure 0 0 0) 0x7ff1b4032900 con 0x7ff1c41066d0
2024-09-19T07:02:25.265 INFO:teuthology.orchestra.run.smithi148.stdout:/usr/bin/ceph: stderr
2024-09-19T07:02:21.365+0000 7ff1c8aab640 1 -- 172.21.15.148:0/3546623394 <== mon.0 v2:172.21.15.148:3300/0 3 ==== mon_map magic: 0 ==== 205+0+0 (secure 0 0 0) 0x7ff1b4030850 con 0x7ff1c41066d0
2024-09-19T07:02:25.265 INFO:teuthology.orchestra.run.smithi148.stdout:/usr/bin/ceph: stderr
2024-09-19T07:02:21.365+0000 7ff1cbd11640 1 -- 172.21.15.148:0/3546623394 >> [v2:172.21.15.148:3300/0,v1:172.21.15.148:6789/0] conn(0x7ff1c41066d0 msgr2=0x7ff1c4106ad0 secure :-1 s=STATE_CONNECTION_ESTABLISHED l=1).mark_down
2024-09-19T07:02:25.265 INFO:teuthology.orchestra.run.smithi148.stdout:/usr/bin/ceph: stderr
2024-09-19T07:02:21.365+0000 7ff1cbd11640 1 --2- 172.21.15.148:0/3546623394 >> [v2:172.21.15.148:3300/0,v1:172.21.15.148:6789/0] conn(0x7ff1c41066d0 0x7ff1c4106ad0 secure :-1 s=READY pgs=41 cs=0 l=1 rev1=1 crypto rx=0x7ff1b4009820 tx=0x7ff1b402a270 comp rx=0 tx=0).stop
2024-09-19T07:02:25.265 INFO:teuthology.orchestra.run.smithi148.stdout:/usr/bin/ceph: stderr
2024-09-19T07:02:21.365+0000 7ff1cbd11640 1 -- 172.21.15.148:0/3546623394 shutdown_connections
2024-09-19T07:02:25.265 INFO:teuthology.orchestra.run.smithi148.stdout:/usr/bin/ceph: stderr
2024-09-19T07:02:21.365+0000 7ff1cbd11640 1 --2- 172.21.15.148:0/3546623394 >> [v2:172.21.15.148:3300/0,v1:172.21.15.148:6789/0] conn(0x7ff1c41066d0 0x7ff1c4106ad0 unknown :-1 s=CLOSED pgs=41 cs=0 l=1 rev1=1 crypto rx=0 tx=0 comp rx=0 tx=0).stop
2024-09-19T07:02:25.265 INFO:teuthology.orchestra.run.smithi148.stdout:/usr/bin/ceph: stderr
2024-09-19T07:02:21.365+0000 7ff1cbd11640 1 -- 172.21.15.148:0/3546623394 >> 172.21.15.148:0/3546623394 conn(0x7ff1c4101e60 msgr2=0x7ff1c41042a0 unknown :-1 s=STATE_NONE l=0).mark_down
2024-09-19T07:02:25.265 INFO:teuthology.orchestra.run.smithi148.stdout:/usr/bin/ceph: stderr
2024-09-19T07:02:21.365+0000 7ff1cbd11640 1 -- 172.21.15.148:0/3546623394 shutdown_connections
2024-09-19T07:02:25.265 INFO:teuthology.orchestra.run.smithi148.stdout:/usr/bin/ceph: stderr
2024-09-19T07:02:21.365+0000 7ff1cbd11640 1 -- 172.21.15.148:0/3546623394 wait complete.
2024-09-19T07:02:25.266 INFO:teuthology.orchestra.run.smithi148.stdout:/usr/bin/ceph: stderr
2024-09-19T07:02:21.366+0000 7ff1cbd11640 1 Processor -- start
2024-09-19T07:02:25.266 INFO:teuthology.orchestra.run.smithi148.stdout:/usr/bin/ceph: stderr
2024-09-19T07:02:21.366+0000 7ff1cbd11640 1 -- start start
2024-09-19T07:02:25.266 INFO:teuthology.orchestra.run.smithi148.stdout:/usr/bin/ceph: stderr
2024-09-19T07:02:21.366+0000 7ff1cbd11640 1 --2- >> [v2:172.21.15.148:3300/0,v1:172.21.15.148:6789/0] conn(0x7ff1c41066d0 0x7ff1c4191890 unknown :-1 s=NONE pgs=0 cs=0 l=1 rev1=0 crypto rx=0 tx=0 comp rx=0 tx=0).connect
2024-09-19T07:02:25.266 INFO:teuthology.orchestra.run.smithi148.stdout:/usr/bin/ceph: stderr
2024-09-19T07:02:21.366+0000 7ff1cbd11640 1 -- --> [v2:172.21.15.148:3300/0,v1:172.21.15.148:6789/0] -- mon_getmap magic: 0 -- 0x7ff1c410ac80 con 0x7ff1c41066d0
2024-09-19T07:02:25.266 INFO:teuthology.orchestra.run.smithi148.stdout:/usr/bin/ceph: stderr
2024-09-19T07:02:21.366+0000 7ff1c9aad640 1 --2- >> [v2:172.21.15.148:3300/0,v1:172.21.15.148:6789/0] conn(0x7ff1c41066d0 0x7ff1c4191890 unknown :-1 s=BANNER_CONNECTING pgs=0 cs=0 l=1 rev1=0 crypto rx=0 tx=0 comp rx=0 tx=0)._handle_peer_banner_payload supported=3 required=0
2024-09-19T07:02:25.266 INFO:teuthology.orchestra.run.smithi148.stdout:/usr/bin/ceph: stderr
2024-09-19T07:02:21.366+0000 7ff1c9aad640 1 --2- >> [v2:172.21.15.148:3300/0,v1:172.21.15.148:6789/0] conn(0x7ff1c41066d0 0x7ff1c4191890 unknown :-1 s=HELLO_CONNECTING pgs=0 cs=0 l=1 rev1=1 crypto rx=0 tx=0 comp rx=0 tx=0).handle_hello peer v2:172.21.15.148:3300/0 says I am v2:172.21.15.148:43566/0 (socket says 172.21.15.148:43566)
2024-09-19T07:02:25.266 INFO:teuthology.orchestra.run.smithi148.stdout:/usr/bin/ceph: stderr
2024-09-19T07:02:21.366+0000 7ff1c9aad640 1 -- 172.21.15.148:0/3852972954 learned_addr learned my addr 172.21.15.148:0/3852972954 (peer_addr_for_me v2:172.21.15.148:0/0)
2024-09-19T07:02:25.266 INFO:teuthology.orchestra.run.smithi148.stdout:/usr/bin/ceph: stderr
2024-09-19T07:02:21.366+0000 7ff1c9aad640 1 -- 172.21.15.148:0/3852972954 --> [v2:172.21.15.148:3300/0,v1:172.21.15.148:6789/0] -- mon_subscribe({config=0+,monmap=0+}) -- 0x7ff1c4191dd0 con 0x7ff1c41066d0
2024-09-19T07:02:25.266 INFO:teuthology.orchestra.run.smithi148.stdout:/usr/bin/ceph: stderr
2024-09-19T07:02:21.367+0000 7ff1c9aad640 1 --2- 172.21.15.148:0/3852972954 >> [v2:172.21.15.148:3300/0,v1:172.21.15.148:6789/0] conn(0x7ff1c41066d0 0x7ff1c4191890 secure :-1 s=READY pgs=42 cs=0 l=1 rev1=1 crypto rx=0x7ff1b4009940 tx=0x7ff1b4032ce0 comp rx=0 tx=0).ready entity=mon.0 client_cookie=0 server_cookie=0 in_seq=0 out_seq=0
2024-09-19T07:02:25.266 INFO:teuthology.orchestra.run.smithi148.stdout:/usr/bin/ceph: stderr
2024-09-19T07:02:21.367+0000 7ff1baffd640 1 -- 172.21.15.148:0/3852972954 <== mon.0 v2:172.21.15.148:3300/0 1 ==== mon_map magic: 0 ==== 205+0+0 (secure 0 0 0) 0x7ff1b4042070 con 0x7ff1c41066d0
2024-09-19T07:02:25.266 INFO:teuthology.orchestra.run.smithi148.stdout:/usr/bin/ceph: stderr
2024-09-19T07:02:21.367+0000 7ff1baffd640 1 -- 172.21.15.148:0/3852972954 <== mon.0 v2:172.21.15.148:3300/0 2 ==== config(27 keys) ==== 1109+0+0 (secure 0 0 0) 0x7ff1b40308c0 con 0x7ff1c41066d0
2024-09-19T07:02:25.266 INFO:teuthology.orchestra.run.smithi148.stdout:/usr/bin/ceph: stderr
2024-09-19T07:02:21.367+0000 7ff1baffd640 1 -- 172.21.15.148:0/3852972954 <== mon.0 v2:172.21.15.148:3300/0 3 ==== mon_map magic: 0 ==== 205+0+0 (secure 0 0 0) 0x7ff1b4037040 con 0x7ff1c41066d0
2024-09-19T07:02:25.266 INFO:teuthology.orchestra.run.smithi148.stdout:/usr/bin/ceph: stderr
2024-09-19T07:02:21.367+0000 7ff1cbd11640 1 -- 172.21.15.148:0/3852972954 --> [v2:172.21.15.148:3300/0,v1:172.21.15.148:6789/0] -- mon_subscribe({mgrmap=0+}) -- 0x7ff1c418ffc0 con 0x7ff1c41066d0
2024-09-19T07:02:25.266 INFO:teuthology.orchestra.run.smithi148.stdout:/usr/bin/ceph: stderr
2024-09-19T07:02:21.367+0000 7ff1cbd11640 1 -- 172.21.15.148:0/3852972954 --> [v2:172.21.15.148:3300/0,v1:172.21.15.148:6789/0] -- mon_subscribe({osdmap=0}) -- 0x7ff1c4190500 con 0x7ff1c41066d0
2024-09-19T07:02:25.267 INFO:teuthology.orchestra.run.smithi148.stdout:/usr/bin/ceph: stderr
2024-09-19T07:02:21.368+0000 7ff1baffd640 1 -- 172.21.15.148:0/3852972954 <== mon.0 v2:172.21.15.148:3300/0 4 ==== mgrmap(e 8) ==== 46461+0+0 (secure 0 0 0) 0x7ff1b4045070 con 0x7ff1c41066d0
2024-09-19T07:02:25.267 INFO:teuthology.orchestra.run.smithi148.stdout:/usr/bin/ceph: stderr
2024-09-19T07:02:21.368+0000 7ff1cbd11640 1 -- 172.21.15.148:0/3852972954 --> [v2:172.21.15.148:3300/0,v1:172.21.15.148:6789/0] -- mon_command({"prefix": "get_command_descriptions"} v 0) -- 0x7ff1c4106b50 con 0x7ff1c41066d0
2024-09-19T07:02:25.267 INFO:teuthology.orchestra.run.smithi148.stdout:/usr/bin/ceph: stderr
2024-09-19T07:02:21.368+0000 7ff1baffd640 1 --2- 172.21.15.148:0/3852972954 >> [v2:172.21.15.148:6800/1949849385,v1:172.21.15.148:6801/1949849385] conn(0x7ff1b0039200 0x7ff1b003b6c0 unknown :-1 s=NONE pgs=0 cs=0 l=1 rev1=0 crypto rx=0 tx=0 comp rx=0 tx=0).connect
2024-09-19T07:02:25.267 INFO:teuthology.orchestra.run.smithi148.stdout:/usr/bin/ceph: stderr
2024-09-19T07:02:21.368+0000 7ff1baffd640 1 -- 172.21.15.148:0/3852972954 <== mon.0 v2:172.21.15.148:3300/0 5 ==== osd_map(2..2 src has 1..2) ==== 940+0+0 (secure 0 0 0) 0x7ff1b406c2e0 con 0x7ff1c41066d0
2024-09-19T07:02:25.267 INFO:teuthology.orchestra.run.smithi148.stdout:/usr/bin/ceph: stderr
2024-09-19T07:02:21.368+0000 7ff1c92ac640 1 --2- 172.21.15.148:0/3852972954 >> [v2:172.21.15.148:6800/1949849385,v1:172.21.15.148:6801/1949849385] conn(0x7ff1b0039200 0x7ff1b003b6c0 unknown :-1 s=BANNER_CONNECTING pgs=0 cs=0 l=1 rev1=0 crypto rx=0 tx=0 comp rx=0 tx=0)._handle_peer_banner_payload supported=3 required=0
2024-09-19T07:02:25.267 INFO:teuthology.orchestra.run.smithi148.stdout:/usr/bin/ceph: stderr
2024-09-19T07:02:21.369+0000 7ff1c92ac640 1 --2- 172.21.15.148:0/3852972954 >> [v2:172.21.15.148:6800/1949849385,v1:172.21.15.148:6801/1949849385] conn(0x7ff1b0039200 0x7ff1b003b6c0 secure :-1 s=READY pgs=11 cs=0 l=1 rev1=1 crypto rx=0x7ff1c00098c0 tx=0x7ff1c0006db0 comp rx=0 tx=0).ready entity=mgr.14116 client_cookie=0 server_cookie=0 in_seq=0 out_seq=0
2024-09-19T07:02:25.267 INFO:teuthology.orchestra.run.smithi148.stdout:/usr/bin/ceph: stderr
2024-09-19T07:02:21.373+0000 7ff1baffd640 1 -- 172.21.15.148:0/3852972954 <== mon.0 v2:172.21.15.148:3300/0 6 ==== mon_command_ack([{"prefix": "get_command_descriptions"}]=0 v0) ==== 72+0+188913 (secure 0 0 0) 0x7ff1b404b170 con 0x7ff1c41066d0
2024-09-19T07:02:25.267 INFO:teuthology.orchestra.run.smithi148.stdout:/usr/bin/ceph: stderr
2024-09-19T07:02:21.542+0000 7ff1cbd11640 1 -- 172.21.15.148:0/3852972954 --> [v2:172.21.15.148:6800/1949849385,v1:172.21.15.148:6801/1949849385] -- mgr_command(tid 0: {"prefix": "orch host add", "hostname": "smithi148", "addr": "172.21.15.148", "target": ["mon-mgr", ""]}) -- 0x7ff1c41956f0 con 0x7ff1b0039200
2024-09-19T07:02:25.267 INFO:teuthology.orchestra.run.smithi148.stdout:/usr/bin/ceph: stderr
2024-09-19T07:02:24.738+0000 7ff1baffd640 1 -- 172.21.15.148:0/3852972954 <== mgr.14116 v2:172.21.15.148:6800/1949849385 1 ==== mgr_command_reply(tid 0: 0 ) ==== 8+0+49 (secure 0 0 0) 0x7ff1c41956f0 con 0x7ff1b0039200
2024-09-19T07:02:25.267 INFO:teuthology.orchestra.run.smithi148.stdout:/usr/bin/ceph: stderr
2024-09-19T07:02:24.740+0000 7ff1cbd11640 1 -- 172.21.15.148:0/3852972954 >> [v2:172.21.15.148:6800/1949849385,v1:172.21.15.148:6801/1949849385] conn(0x7ff1b0039200 msgr2=0x7ff1b003b6c0 secure :-1 s=STATE_CONNECTION_ESTABLISHED l=1).mark_down
2024-09-19T07:02:25.267 INFO:teuthology.orchestra.run.smithi148.stdout:/usr/bin/ceph: stderr
2024-09-19T07:02:24.740+0000 7ff1cbd11640 1 --2- 172.21.15.148:0/3852972954 >> [v2:172.21.15.148:6800/1949849385,v1:172.21.15.148:6801/1949849385] conn(0x7ff1b0039200 0x7ff1b003b6c0 secure :-1 s=READY pgs=11 cs=0 l=1 rev1=1 crypto rx=0x7ff1c00098c0 tx=0x7ff1c0006db0 comp rx=0 tx=0).stop
2024-09-19T07:02:25.267 INFO:teuthology.orchestra.run.smithi148.stdout:/usr/bin/ceph: stderr
2024-09-19T07:02:24.740+0000 7ff1cbd11640 1 -- 172.21.15.148:0/3852972954 >> [v2:172.21.15.148:3300/0,v1:172.21.15.148:6789/0] conn(0x7ff1c41066d0 msgr2=0x7ff1c4191890 secure :-1 s=STATE_CONNECTION_ESTABLISHED l=1).mark_down
2024-09-19T07:02:25.268 INFO:teuthology.orchestra.run.smithi148.stdout:/usr/bin/ceph: stderr
2024-09-19T07:02:24.740+0000 7ff1cbd11640 1 --2- 172.21.15.148:0/3852972954 >> [v2:172.21.15.148:3300/0,v1:172.21.15.148:6789/0] conn(0x7ff1c41066d0 0x7ff1c4191890 secure :-1 s=READY pgs=42 cs=0 l=1 rev1=1 crypto rx=0x7ff1b4009940 tx=0x7ff1b4032ce0 comp rx=0 tx=0).stop
2024-09-19T07:02:25.268 INFO:teuthology.orchestra.run.smithi148.stdout:/usr/bin/ceph: stderr
2024-09-19T07:02:24.740+0000 7ff1cbd11640 1 -- 172.21.15.148:0/3852972954 shutdown_connections
2024-09-19T07:02:25.268 INFO:teuthology.orchestra.run.smithi148.stdout:/usr/bin/ceph: stderr
2024-09-19T07:02:24.740+0000 7ff1cbd11640 1 --2- 172.21.15.148:0/3852972954 >> [v2:172.21.15.148:6800/1949849385,v1:172.21.15.148:6801/1949849385] conn(0x7ff1b0039200 0x7ff1b003b6c0 unknown :-1 s=CLOSED pgs=11 cs=0 l=1 rev1=1 crypto rx=0 tx=0 comp rx=0 tx=0).stop
2024-09-19T07:02:25.268 INFO:teuthology.orchestra.run.smithi148.stdout:/usr/bin/ceph: stderr
2024-09-19T07:02:24.740+0000 7ff1cbd11640 1 --2- 172.21.15.148:0/3852972954 >> [v2:172.21.15.148:3300/0,v1:172.21.15.148:6789/0] conn(0x7ff1c41066d0 0x7ff1c4191890 unknown :-1 s=CLOSED pgs=42 cs=0 l=1 rev1=1 crypto rx=0 tx=0 comp rx=0 tx=0).stop
2024-09-19T07:02:25.268 INFO:teuthology.orchestra.run.smithi148.stdout:/usr/bin/ceph: stderr
2024-09-19T07:02:24.740+0000 7ff1cbd11640 1 -- 172.21.15.148:0/3852972954 >> 172.21.15.148:0/3852972954 conn(0x7ff1c4101e60 msgr2=0x7ff1c4102e00 unknown :-1 s=STATE_NONE l=0).mark_down
2024-09-19T07:02:25.268 INFO:teuthology.orchestra.run.smithi148.stdout:/usr/bin/ceph: stderr
2024-09-19T07:02:24.741+0000 7ff1cbd11640 1 -- 172.21.15.148:0/3852972954 shutdown_connections
2024-09-19T07:02:25.268 INFO:teuthology.orchestra.run.smithi148.stdout:/usr/bin/ceph: stderr
2024-09-19T07:02:24.741+0000 7ff1cbd11640 1 -- 172.21.15.148:0/3852972954 wait complete.
2024-09-19T07:02:25.268 INFO:teuthology.orchestra.run.smithi148.stdout:Deploying unmanaged mon service...
2024-09-19T07:02:25.833 INFO:journalctl@ceph.mon.a.smithi148.stdout:Sep 19 07:02:25 smithi148 ceph-mon[31180]: from='mgr.14116 172.21.15.148:0/2118014832' entity='mgr.x'
2024-09-19T07:02:25.833 INFO:journalctl@ceph.mon.a.smithi148.stdout:Sep 19 07:02:25 smithi148 ceph-mon[31180]: Added host smithi148
2024-09-19T07:02:25.833 INFO:journalctl@ceph.mon.a.smithi148.stdout:Sep 19 07:02:25 smithi148 ceph-mon[31180]: from='mgr.14116 172.21.15.148:0/2118014832' entity='mgr.x' cmd=[{"prefix": "config dump", "format": "json"}]: dispatch
2024-09-19T07:02:26.681 INFO:teuthology.orchestra.run.smithi148.stdout:/usr/bin/ceph: stdout Scheduled mon update...
2024-09-19T07:02:26.681 INFO:teuthology.orchestra.run.smithi148.stdout:/usr/bin/ceph: stderr
2024-09-19T07:02:25.655+0000 7f5c7d365640 1 Processor -- start
2024-09-19T07:02:26.681 INFO:teuthology.orchestra.run.smithi148.stdout:/usr/bin/ceph: stderr
2024-09-19T07:02:25.655+0000 7f5c7d365640 1 -- start start
2024-09-19T07:02:26.681 INFO:teuthology.orchestra.run.smithi148.stdout:/usr/bin/ceph: stderr
2024-09-19T07:02:25.655+0000 7f5c7d365640 1 --2- >> [v2:172.21.15.148:3300/0,v1:172.21.15.148:6789/0] conn(0x7f5c781066e0 0x7f5c78106ae0 unknown :-1 s=NONE pgs=0 cs=0 l=0 rev1=0 crypto rx=0 tx=0 comp rx=0 tx=0).connect
2024-09-19T07:02:26.681 INFO:teuthology.orchestra.run.smithi148.stdout:/usr/bin/ceph: stderr
2024-09-19T07:02:25.655+0000 7f5c7d365640 1 -- --> [v2:172.21.15.148:3300/0,v1:172.21.15.148:6789/0] -- mon_getmap magic: 0 -- 0x7f5c781070b0 con 0x7f5c781066e0
2024-09-19T07:02:26.681 INFO:teuthology.orchestra.run.smithi148.stdout:/usr/bin/ceph: stderr
2024-09-19T07:02:25.655+0000 7f5c76ffd640 1 --2- >> [v2:172.21.15.148:3300/0,v1:172.21.15.148:6789/0] conn(0x7f5c781066e0 0x7f5c78106ae0 unknown :-1 s=BANNER_CONNECTING pgs=0 cs=0 l=0 rev1=0 crypto rx=0 tx=0 comp rx=0 tx=0)._handle_peer_banner_payload supported=3 required=0
2024-09-19T07:02:26.682 INFO:teuthology.orchestra.run.smithi148.stdout:/usr/bin/ceph: stderr
2024-09-19T07:02:25.655+0000 7f5c76ffd640 1 --2- >> [v2:172.21.15.148:3300/0,v1:172.21.15.148:6789/0] conn(0x7f5c781066e0 0x7f5c78106ae0 unknown :-1 s=HELLO_CONNECTING pgs=0 cs=0 l=0 rev1=1 crypto rx=0 tx=0 comp rx=0 tx=0).handle_hello peer v2:172.21.15.148:3300/0 says I am v2:172.21.15.148:32858/0 (socket says 172.21.15.148:32858)
2024-09-19T07:02:26.682 INFO:teuthology.orchestra.run.smithi148.stdout:/usr/bin/ceph: stderr
2024-09-19T07:02:25.655+0000 7f5c76ffd640 1 -- 172.21.15.148:0/349484434 learned_addr learned my addr 172.21.15.148:0/349484434 (peer_addr_for_me v2:172.21.15.148:0/0)
2024-09-19T07:02:26.682 INFO:teuthology.orchestra.run.smithi148.stdout:/usr/bin/ceph: stderr
2024-09-19T07:02:25.656+0000 7f5c76ffd640 1 -- 172.21.15.148:0/349484434 --> [v2:172.21.15.148:3300/0,v1:172.21.15.148:6789/0] -- mon_subscribe({config=0+,monmap=0+}) -- 0x7f5c781078e0 con 0x7f5c781066e0
2024-09-19T07:02:26.682 INFO:teuthology.orchestra.run.smithi148.stdout:/usr/bin/ceph: stderr
2024-09-19T07:02:25.656+0000 7f5c76ffd640 1 --2- 172.21.15.148:0/349484434 >> [v2:172.21.15.148:3300/0,v1:172.21.15.148:6789/0] conn(0x7f5c781066e0 0x7f5c78106ae0 secure :-1 s=READY pgs=43 cs=0 l=1 rev1=1 crypto rx=0x7f5c68009e80 tx=0x7f5c6802a7a0 comp rx=0 tx=0).ready entity=mon.0 client_cookie=86afac0fd3d600ad server_cookie=0 in_seq=0 out_seq=0
2024-09-19T07:02:26.682 INFO:teuthology.orchestra.run.smithi148.stdout:/usr/bin/ceph: stderr
2024-09-19T07:02:25.657+0000 7f5c75ffb640 1 -- 172.21.15.148:0/349484434 <== mon.0 v2:172.21.15.148:3300/0 1 ==== mon_map magic: 0 ==== 205+0+0 (secure 0 0 0) 0x7f5c68036070 con 0x7f5c781066e0
2024-09-19T07:02:26.682 INFO:teuthology.orchestra.run.smithi148.stdout:/usr/bin/ceph: stderr
2024-09-19T07:02:25.657+0000 7f5c75ffb640 1 -- 172.21.15.148:0/349484434 <== mon.0 v2:172.21.15.148:3300/0 2 ==== config(27 keys) ==== 1109+0+0 (secure 0 0 0) 0x7f5c680318c0 con 0x7f5c781066e0
2024-09-19T07:02:26.682 INFO:teuthology.orchestra.run.smithi148.stdout:/usr/bin/ceph: stderr
2024-09-19T07:02:25.657+0000 7f5c75ffb640 1 -- 172.21.15.148:0/349484434 <== mon.0 v2:172.21.15.148:3300/0 3 ==== mon_map magic: 0 ==== 205+0+0 (secure 0 0 0) 0x7f5c68007ab0 con 0x7f5c781066e0
2024-09-19T07:02:26.682 INFO:teuthology.orchestra.run.smithi148.stdout:/usr/bin/ceph: stderr
2024-09-19T07:02:25.657+0000 7f5c7d365640 1 -- 172.21.15.148:0/349484434 >> [v2:172.21.15.148:3300/0,v1:172.21.15.148:6789/0] conn(0x7f5c781066e0 msgr2=0x7f5c78106ae0 secure :-1 s=STATE_CONNECTION_ESTABLISHED l=1).mark_down
2024-09-19T07:02:26.682 INFO:teuthology.orchestra.run.smithi148.stdout:/usr/bin/ceph: stderr
2024-09-19T07:02:25.657+0000 7f5c7d365640 1 --2- 172.21.15.148:0/349484434 >> [v2:172.21.15.148:3300/0,v1:172.21.15.148:6789/0] conn(0x7f5c781066e0 0x7f5c78106ae0 secure :-1 s=READY pgs=43 cs=0 l=1 rev1=1 crypto rx=0x7f5c68009e80 tx=0x7f5c6802a7a0 comp rx=0 tx=0).stop
2024-09-19T07:02:26.682 INFO:teuthology.orchestra.run.smithi148.stdout:/usr/bin/ceph: stderr
2024-09-19T07:02:25.657+0000 7f5c7d365640 1 -- 172.21.15.148:0/349484434 shutdown_connections
2024-09-19T07:02:26.682 INFO:teuthology.orchestra.run.smithi148.stdout:/usr/bin/ceph: stderr
2024-09-19T07:02:25.657+0000 7f5c7d365640 1 --2- 172.21.15.148:0/349484434 >> [v2:172.21.15.148:3300/0,v1:172.21.15.148:6789/0] conn(0x7f5c781066e0 0x7f5c78106ae0 unknown :-1 s=CLOSED pgs=43 cs=0 l=1 rev1=1 crypto rx=0 tx=0 comp rx=0 tx=0).stop
2024-09-19T07:02:26.682 INFO:teuthology.orchestra.run.smithi148.stdout:/usr/bin/ceph: stderr
2024-09-19T07:02:25.657+0000 7f5c7d365640 1 -- 172.21.15.148:0/349484434 >> 172.21.15.148:0/349484434 conn(0x7f5c78101ed0 msgr2=0x7f5c781042f0 unknown :-1 s=STATE_NONE l=0).mark_down
2024-09-19T07:02:26.683 INFO:teuthology.orchestra.run.smithi148.stdout:/usr/bin/ceph: stderr
2024-09-19T07:02:25.657+0000 7f5c7d365640 1 -- 172.21.15.148:0/349484434 shutdown_connections
2024-09-19T07:02:26.683 INFO:teuthology.orchestra.run.smithi148.stdout:/usr/bin/ceph: stderr
2024-09-19T07:02:25.657+0000 7f5c7d365640 1 -- 172.21.15.148:0/349484434 wait complete.
2024-09-19T07:02:26.683 INFO:teuthology.orchestra.run.smithi148.stdout:/usr/bin/ceph: stderr
2024-09-19T07:02:25.658+0000 7f5c7d365640 1 Processor -- start
2024-09-19T07:02:26.683 INFO:teuthology.orchestra.run.smithi148.stdout:/usr/bin/ceph: stderr
2024-09-19T07:02:25.658+0000 7f5c7d365640 1 -- start start
2024-09-19T07:02:26.683 INFO:teuthology.orchestra.run.smithi148.stdout:/usr/bin/ceph: stderr
2024-09-19T07:02:25.658+0000 7f5c7d365640 1 --2- >> [v2:172.21.15.148:3300/0,v1:172.21.15.148:6789/0] conn(0x7f5c781066e0 0x7f5c7819d9d0 unknown :-1 s=NONE pgs=0 cs=0 l=1 rev1=0 crypto rx=0 tx=0 comp rx=0 tx=0).connect
2024-09-19T07:02:26.683 INFO:teuthology.orchestra.run.smithi148.stdout:/usr/bin/ceph: stderr
2024-09-19T07:02:25.658+0000 7f5c7d365640 1 -- --> [v2:172.21.15.148:3300/0,v1:172.21.15.148:6789/0] -- mon_getmap magic: 0 -- 0x7f5c7810ac90 con 0x7f5c781066e0
2024-09-19T07:02:26.683 INFO:teuthology.orchestra.run.smithi148.stdout:/usr/bin/ceph: stderr
2024-09-19T07:02:25.658+0000 7f5c76ffd640 1 --2- >> [v2:172.21.15.148:3300/0,v1:172.21.15.148:6789/0] conn(0x7f5c781066e0 0x7f5c7819d9d0 unknown :-1 s=BANNER_CONNECTING pgs=0 cs=0 l=1 rev1=0 crypto rx=0 tx=0 comp rx=0 tx=0)._handle_peer_banner_payload supported=3 required=0
2024-09-19T07:02:26.683 INFO:teuthology.orchestra.run.smithi148.stdout:/usr/bin/ceph: stderr
2024-09-19T07:02:25.658+0000 7f5c76ffd640 1 --2- >> [v2:172.21.15.148:3300/0,v1:172.21.15.148:6789/0] conn(0x7f5c781066e0 0x7f5c7819d9d0 unknown :-1 s=HELLO_CONNECTING pgs=0 cs=0 l=1 rev1=1 crypto rx=0 tx=0 comp rx=0 tx=0).handle_hello peer v2:172.21.15.148:3300/0 says I am v2:172.21.15.148:32874/0 (socket says 172.21.15.148:32874)
2024-09-19T07:02:26.683 INFO:teuthology.orchestra.run.smithi148.stdout:/usr/bin/ceph: stderr
2024-09-19T07:02:25.658+0000 7f5c76ffd640 1 -- 172.21.15.148:0/188769957 learned_addr learned my addr 172.21.15.148:0/188769957 (peer_addr_for_me v2:172.21.15.148:0/0)
2024-09-19T07:02:26.683 INFO:teuthology.orchestra.run.smithi148.stdout:/usr/bin/ceph: stderr
2024-09-19T07:02:25.659+0000 7f5c76ffd640 1 -- 172.21.15.148:0/188769957 --> [v2:172.21.15.148:3300/0,v1:172.21.15.148:6789/0] -- mon_subscribe({config=0+,monmap=0+}) -- 0x7f5c7819df10 con 0x7f5c781066e0
2024-09-19T07:02:26.683 INFO:teuthology.orchestra.run.smithi148.stdout:/usr/bin/ceph: stderr
2024-09-19T07:02:25.659+0000 7f5c76ffd640 1 --2- 172.21.15.148:0/188769957 >> [v2:172.21.15.148:3300/0,v1:172.21.15.148:6789/0] conn(0x7f5c781066e0 0x7f5c7819d9d0 secure :-1 s=READY pgs=44 cs=0 l=1 rev1=1 crypto rx=0x7f5c6802acc0 tx=0x7f5c68031ca0 comp rx=0 tx=0).ready entity=mon.0 client_cookie=0 server_cookie=0 in_seq=0 out_seq=0
2024-09-19T07:02:26.683 INFO:teuthology.orchestra.run.smithi148.stdout:/usr/bin/ceph: stderr
2024-09-19T07:02:25.659+0000 7f5c5ffff640 1 -- 172.21.15.148:0/188769957 <== mon.0 v2:172.21.15.148:3300/0 1 ==== mon_map magic: 0 ==== 205+0+0 (secure 0 0 0) 0x7f5c68036050 con 0x7f5c781066e0
2024-09-19T07:02:26.683 INFO:teuthology.orchestra.run.smithi148.stdout:/usr/bin/ceph: stderr
2024-09-19T07:02:25.659+0000 7f5c7d365640 1 -- 172.21.15.148:0/188769957 --> [v2:172.21.15.148:3300/0,v1:172.21.15.148:6789/0] -- mon_subscribe({mgrmap=0+}) -- 0x7f5c7819e1a0 con 0x7f5c781066e0
2024-09-19T07:02:26.684 INFO:teuthology.orchestra.run.smithi148.stdout:/usr/bin/ceph: stderr
2024-09-19T07:02:25.659+0000 7f5c5ffff640 1 -- 172.21.15.148:0/188769957 <== mon.0 v2:172.21.15.148:3300/0 2 ==== config(27 keys) ==== 1109+0+0 (secure 0 0 0) 0x7f5c68037040 con 0x7f5c781066e0
2024-09-19T07:02:26.684 INFO:teuthology.orchestra.run.smithi148.stdout:/usr/bin/ceph: stderr
2024-09-19T07:02:25.659+0000 7f5c5ffff640 1 -- 172.21.15.148:0/188769957 <== mon.0 v2:172.21.15.148:3300/0 3 ==== mon_map magic: 0 ==== 205+0+0 (secure 0 0 0) 0x7f5c6803d8c0 con 0x7f5c781066e0
2024-09-19T07:02:26.684 INFO:teuthology.orchestra.run.smithi148.stdout:/usr/bin/ceph: stderr
2024-09-19T07:02:25.659+0000 7f5c7d365640 1 -- 172.21.15.148:0/188769957 --> [v2:172.21.15.148:3300/0,v1:172.21.15.148:6789/0] -- mon_subscribe({osdmap=0}) -- 0x7f5c781a0e90 con 0x7f5c781066e0
2024-09-19T07:02:26.684 INFO:teuthology.orchestra.run.smithi148.stdout:/usr/bin/ceph: stderr
2024-09-19T07:02:25.660+0000 7f5c5ffff640 1 -- 172.21.15.148:0/188769957 <== mon.0 v2:172.21.15.148:3300/0 4 ==== mgrmap(e 8) ==== 46461+0+0 (secure 0 0 0) 0x7f5c68044020 con 0x7f5c781066e0
2024-09-19T07:02:26.684 INFO:teuthology.orchestra.run.smithi148.stdout:/usr/bin/ceph: stderr
2024-09-19T07:02:25.660+0000 7f5c5ffff640 1 --2- 172.21.15.148:0/188769957 >> [v2:172.21.15.148:6800/1949849385,v1:172.21.15.148:6801/1949849385] conn(0x7f5c600391b0 0x7f5c6003b670 unknown :-1 s=NONE pgs=0 cs=0 l=1 rev1=0 crypto rx=0 tx=0 comp rx=0 tx=0).connect
2024-09-19T07:02:26.684 INFO:teuthology.orchestra.run.smithi148.stdout:/usr/bin/ceph: stderr
2024-09-19T07:02:25.660+0000 7f5c7d365640 1 -- 172.21.15.148:0/188769957 --> [v2:172.21.15.148:3300/0,v1:172.21.15.148:6789/0] -- mon_command({"prefix": "get_command_descriptions"} v 0) -- 0x7f5c78106b60 con 0x7f5c781066e0
2024-09-19T07:02:26.684 INFO:teuthology.orchestra.run.smithi148.stdout:/usr/bin/ceph: stderr
2024-09-19T07:02:25.660+0000 7f5c5ffff640 1 -- 172.21.15.148:0/188769957 <== mon.0 v2:172.21.15.148:3300/0 5 ==== osd_map(2..2 src has 1..2) ==== 940+0+0 (secure 0 0 0) 0x7f5c68042020 con 0x7f5c781066e0
2024-09-19T07:02:26.684 INFO:teuthology.orchestra.run.smithi148.stdout:/usr/bin/ceph: stderr
2024-09-19T07:02:25.660+0000 7f5c767fc640 1 --2- 172.21.15.148:0/188769957 >> [v2:172.21.15.148:6800/1949849385,v1:172.21.15.148:6801/1949849385] conn(0x7f5c600391b0 0x7f5c6003b670 unknown :-1 s=BANNER_CONNECTING pgs=0 cs=0 l=1 rev1=0 crypto rx=0 tx=0 comp rx=0 tx=0)._handle_peer_banner_payload supported=3 required=0
2024-09-19T07:02:26.684 INFO:teuthology.orchestra.run.smithi148.stdout:/usr/bin/ceph: stderr
2024-09-19T07:02:25.661+0000 7f5c767fc640 1 --2- 172.21.15.148:0/188769957 >> [v2:172.21.15.148:6800/1949849385,v1:172.21.15.148:6801/1949849385] conn(0x7f5c600391b0 0x7f5c6003b670 secure :-1 s=READY pgs=12 cs=0 l=1 rev1=1 crypto rx=0x7f5c6c0098c0 tx=0x7f5c6c006db0 comp rx=0 tx=0).ready entity=mgr.14116 client_cookie=0 server_cookie=0 in_seq=0 out_seq=0
2024-09-19T07:02:26.684 INFO:teuthology.orchestra.run.smithi148.stdout:/usr/bin/ceph: stderr
2024-09-19T07:02:25.665+0000 7f5c5ffff640 1 -- 172.21.15.148:0/188769957 <== mon.0 v2:172.21.15.148:3300/0 6 ==== mon_command_ack([{"prefix": "get_command_descriptions"}]=0 v0) ==== 72+0+188913 (secure 0 0 0) 0x7f5c6804b020 con 0x7f5c781066e0
2024-09-19T07:02:26.684 INFO:teuthology.orchestra.run.smithi148.stdout:/usr/bin/ceph: stderr
2024-09-19T07:02:25.880+0000 7f5c7d365640 1 -- 172.21.15.148:0/188769957 --> [v2:172.21.15.148:6800/1949849385,v1:172.21.15.148:6801/1949849385] -- mgr_command(tid 0: {"prefix": "orch apply", "service_type": "mon", "unmanaged": true, "target": ["mon-mgr", ""]}) -- 0x7f5c7802da90 con 0x7f5c600391b0
2024-09-19T07:02:26.684 INFO:teuthology.orchestra.run.smithi148.stdout:/usr/bin/ceph: stderr
2024-09-19T07:02:25.885+0000 7f5c5ffff640 1 -- 172.21.15.148:0/188769957 <== mgr.14116 v2:172.21.15.148:6800/1949849385 1 ==== mgr_command_reply(tid 0: 0 ) ==== 8+0+24 (secure 0 0 0) 0x7f5c7802da90 con 0x7f5c600391b0
2024-09-19T07:02:26.685 INFO:teuthology.orchestra.run.smithi148.stdout:/usr/bin/ceph: stderr
2024-09-19T07:02:25.887+0000 7f5c7d365640 1 -- 172.21.15.148:0/188769957 >> [v2:172.21.15.148:6800/1949849385,v1:172.21.15.148:6801/1949849385] conn(0x7f5c600391b0 msgr2=0x7f5c6003b670 secure :-1 s=STATE_CONNECTION_ESTABLISHED l=1).mark_down
2024-09-19T07:02:26.685 INFO:teuthology.orchestra.run.smithi148.stdout:/usr/bin/ceph: stderr
2024-09-19T07:02:25.887+0000 7f5c7d365640 1 --2- 172.21.15.148:0/188769957 >> [v2:172.21.15.148:6800/1949849385,v1:172.21.15.148:6801/1949849385] conn(0x7f5c600391b0 0x7f5c6003b670 secure :-1 s=READY pgs=12 cs=0 l=1 rev1=1 crypto rx=0x7f5c6c0098c0 tx=0x7f5c6c006db0 comp rx=0 tx=0).stop
2024-09-19T07:02:26.685 INFO:teuthology.orchestra.run.smithi148.stdout:/usr/bin/ceph: stderr
2024-09-19T07:02:25.887+0000 7f5c7d365640 1 -- 172.21.15.148:0/188769957 >> [v2:172.21.15.148:3300/0,v1:172.21.15.148:6789/0] conn(0x7f5c781066e0 msgr2=0x7f5c7819d9d0 secure :-1 s=STATE_CONNECTION_ESTABLISHED l=1).mark_down
2024-09-19T07:02:26.685 INFO:teuthology.orchestra.run.smithi148.stdout:/usr/bin/ceph: stderr
2024-09-19T07:02:25.887+0000 7f5c7d365640 1 --2- 172.21.15.148:0/188769957 >> [v2:172.21.15.148:3300/0,v1:172.21.15.148:6789/0] conn(0x7f5c781066e0 0x7f5c7819d9d0 secure :-1 s=READY pgs=44 cs=0 l=1 rev1=1 crypto rx=0x7f5c6802acc0 tx=0x7f5c68031ca0 comp rx=0 tx=0).stop
2024-09-19T07:02:26.685 INFO:teuthology.orchestra.run.smithi148.stdout:/usr/bin/ceph: stderr
2024-09-19T07:02:25.887+0000 7f5c7d365640 1 -- 172.21.15.148:0/188769957 shutdown_connections
2024-09-19T07:02:26.685 INFO:teuthology.orchestra.run.smithi148.stdout:/usr/bin/ceph: stderr
