2024-09-19T07:42:07.297+0000 7f6227fff640 1 -- 172.21.15.76:0/980155966 >> [v2:172.21.15.76:6800/2265753650,v1:172.21.15.76:6801/2265753650] conn(0x7f62180391b0 msgr2=0x7f621803b670 unknown :-1 s=STATE_CONNECTING_RE l=1).process reconnect failed to v2:172.21.15.76:6800/2265753650
2024-09-19T07:42:10.903 INFO:teuthology.orchestra.run.smithi076.stdout:/usr/bin/ceph: stderr
2024-09-19T07:42:07.297+0000 7f6227fff640 1 --2- 172.21.15.76:0/980155966 >> [v2:172.21.15.76:6800/2265753650,v1:172.21.15.76:6801/2265753650] conn(0x7f62180391b0 0x7f621803b670 unknown :-1 s=START_CONNECT pgs=0 cs=0 l=1 rev1=0 crypto rx=0 tx=0 comp rx=0 tx=0)._fault waiting 0.800000
2024-09-19T07:42:10.903 INFO:teuthology.orchestra.run.smithi076.stdout:/usr/bin/ceph: stderr
2024-09-19T07:42:08.098+0000 7f6227fff640 1 -- 172.21.15.76:0/980155966 >> [v2:172.21.15.76:6800/2265753650,v1:172.21.15.76:6801/2265753650] conn(0x7f62180391b0 msgr2=0x7f621803b670 unknown :-1 s=STATE_CONNECTING_RE l=1).process reconnect failed to v2:172.21.15.76:6800/2265753650
2024-09-19T07:42:10.903 INFO:teuthology.orchestra.run.smithi076.stdout:/usr/bin/ceph: stderr
2024-09-19T07:42:08.098+0000 7f6227fff640 1 --2- 172.21.15.76:0/980155966 >> [v2:172.21.15.76:6800/2265753650,v1:172.21.15.76:6801/2265753650] conn(0x7f62180391b0 0x7f621803b670 unknown :-1 s=START_CONNECT pgs=0 cs=0 l=1 rev1=0 crypto rx=0 tx=0 comp rx=0 tx=0)._fault waiting 1.600000
2024-09-19T07:42:10.903 INFO:teuthology.orchestra.run.smithi076.stdout:/usr/bin/ceph: stderr
2024-09-19T07:42:09.274+0000 7f6225ffb640 1 -- 172.21.15.76:0/980155966 <== mon.0 v2:172.21.15.76:3300/0 6 ==== mgrmap(e 6) ==== 46228+0+0 (secure 0 0 0) 0x7f621c06ae80 con 0x7f622807ddf0
2024-09-19T07:42:10.903 INFO:teuthology.orchestra.run.smithi076.stdout:/usr/bin/ceph: stderr
2024-09-19T07:42:09.275+0000 7f6225ffb640 1 -- 172.21.15.76:0/980155966 >> [v2:172.21.15.76:6800/2265753650,v1:172.21.15.76:6801/2265753650] conn(0x7f62180391b0 msgr2=0x7f621803b670 unknown :-1 s=STATE_CONNECTING l=1).mark_down
2024-09-19T07:42:10.903 INFO:teuthology.orchestra.run.smithi076.stdout:/usr/bin/ceph: stderr
2024-09-19T07:42:09.275+0000 7f6225ffb640 1 --2- 172.21.15.76:0/980155966 >> [v2:172.21.15.76:6800/2265753650,v1:172.21.15.76:6801/2265753650] conn(0x7f62180391b0 0x7f621803b670 unknown :-1 s=START_CONNECT pgs=0 cs=0 l=1 rev1=0 crypto rx=0 tx=0 comp rx=0 tx=0).stop
2024-09-19T07:42:10.903 INFO:teuthology.orchestra.run.smithi076.stdout:/usr/bin/ceph: stderr
2024-09-19T07:42:10.275+0000 7f6225ffb640 1 -- 172.21.15.76:0/980155966 <== mon.0 v2:172.21.15.76:3300/0 7 ==== mgrmap(e 7) ==== 46355+0+0 (secure 0 0 0) 0x7f621c03ad50 con 0x7f622807ddf0
2024-09-19T07:42:10.903 INFO:teuthology.orchestra.run.smithi076.stdout:/usr/bin/ceph: stderr
2024-09-19T07:42:10.275+0000 7f6225ffb640 1 --2- 172.21.15.76:0/980155966 >> [v2:172.21.15.76:6800/1863850030,v1:172.21.15.76:6801/1863850030] conn(0x7f621803cae0 0x7f621803eed0 unknown :-1 s=NONE pgs=0 cs=0 l=1 rev1=0 crypto rx=0 tx=0 comp rx=0 tx=0).connect
2024-09-19T07:42:10.903 INFO:teuthology.orchestra.run.smithi076.stdout:/usr/bin/ceph: stderr
2024-09-19T07:42:10.275+0000 7f6225ffb640 1 -- 172.21.15.76:0/980155966 --> [v2:172.21.15.76:6800/1863850030,v1:172.21.15.76:6801/1863850030] -- command(tid 0: {"prefix": "get_command_descriptions"}) -- 0x7f621c00af30 con 0x7f621803cae0
2024-09-19T07:42:10.903 INFO:teuthology.orchestra.run.smithi076.stdout:/usr/bin/ceph: stderr
2024-09-19T07:42:10.276+0000 7f6227fff640 1 --2- 172.21.15.76:0/980155966 >> [v2:172.21.15.76:6800/1863850030,v1:172.21.15.76:6801/1863850030] conn(0x7f621803cae0 0x7f621803eed0 unknown :-1 s=BANNER_CONNECTING pgs=0 cs=0 l=1 rev1=0 crypto rx=0 tx=0 comp rx=0 tx=0)._handle_peer_banner_payload supported=3 required=0
2024-09-19T07:42:10.903 INFO:teuthology.orchestra.run.smithi076.stdout:/usr/bin/ceph: stderr
2024-09-19T07:42:10.276+0000 7f6227fff640 1 --2- 172.21.15.76:0/980155966 >> [v2:172.21.15.76:6800/1863850030,v1:172.21.15.76:6801/1863850030] conn(0x7f621803cae0 0x7f621803eed0 secure :-1 s=READY pgs=2 cs=0 l=1 rev1=1 crypto rx=0x7f6214003980 tx=0x7f6214006e10 comp rx=0 tx=0).ready entity=mgr.14118 client_cookie=0 server_cookie=0 in_seq=0 out_seq=0
2024-09-19T07:42:10.904 INFO:teuthology.orchestra.run.smithi076.stdout:/usr/bin/ceph: stderr
2024-09-19T07:42:10.277+0000 7f6225ffb640 1 -- 172.21.15.76:0/980155966 <== mgr.14118 v2:172.21.15.76:6800/1863850030 1 ==== command_reply(tid 0: 0 ) ==== 8+0+9564 (secure 0 0 0) 0x7f621c00af30 con 0x7f621803cae0
2024-09-19T07:42:10.904 INFO:teuthology.orchestra.run.smithi076.stdout:/usr/bin/ceph: stderr
2024-09-19T07:42:10.284+0000 7f622ee89640 1 -- 172.21.15.76:0/980155966 --> [v2:172.21.15.76:6800/1863850030,v1:172.21.15.76:6801/1863850030] -- command(tid 1: {"prefix": "mgr_status"}) -- 0x7f622807c320 con 0x7f621803cae0
2024-09-19T07:42:10.904 INFO:teuthology.orchestra.run.smithi076.stdout:/usr/bin/ceph: stderr
2024-09-19T07:42:10.284+0000 7f6225ffb640 1 -- 172.21.15.76:0/980155966 <== mgr.14118 v2:172.21.15.76:6800/1863850030 2 ==== command_reply(tid 1: 0 ) ==== 8+0+51 (secure 0 0 0) 0x7f622807c320 con 0x7f621803cae0
2024-09-19T07:42:10.904 INFO:teuthology.orchestra.run.smithi076.stdout:/usr/bin/ceph: stderr
2024-09-19T07:42:10.284+0000 7f622ee89640 1 -- 172.21.15.76:0/980155966 >> [v2:172.21.15.76:6800/1863850030,v1:172.21.15.76:6801/1863850030] conn(0x7f621803cae0 msgr2=0x7f621803eed0 secure :-1 s=STATE_CONNECTION_ESTABLISHED l=1).mark_down
2024-09-19T07:42:10.904 INFO:teuthology.orchestra.run.smithi076.stdout:/usr/bin/ceph: stderr
2024-09-19T07:42:10.284+0000 7f622ee89640 1 --2- 172.21.15.76:0/980155966 >> [v2:172.21.15.76:6800/1863850030,v1:172.21.15.76:6801/1863850030] conn(0x7f621803cae0 0x7f621803eed0 secure :-1 s=READY pgs=2 cs=0 l=1 rev1=1 crypto rx=0x7f6214003980 tx=0x7f6214006e10 comp rx=0 tx=0).stop
2024-09-19T07:42:10.904 INFO:teuthology.orchestra.run.smithi076.stdout:/usr/bin/ceph: stderr
2024-09-19T07:42:10.284+0000 7f622ee89640 1 -- 172.21.15.76:0/980155966 >> [v2:172.21.15.76:3300/0,v1:172.21.15.76:6789/0] conn(0x7f622807ddf0 msgr2=0x7f622819dad0 secure :-1 s=STATE_CONNECTION_ESTABLISHED l=1).mark_down
2024-09-19T07:42:10.904 INFO:teuthology.orchestra.run.smithi076.stdout:/usr/bin/ceph: stderr
2024-09-19T07:42:10.284+0000 7f622ee89640 1 --2- 172.21.15.76:0/980155966 >> [v2:172.21.15.76:3300/0,v1:172.21.15.76:6789/0] conn(0x7f622807ddf0 0x7f622819dad0 secure :-1 s=READY pgs=27 cs=0 l=1 rev1=1 crypto rx=0x7f621c0306f0 tx=0x7f621c0327b0 comp rx=0 tx=0).stop
2024-09-19T07:42:10.904 INFO:teuthology.orchestra.run.smithi076.stdout:/usr/bin/ceph: stderr
2024-09-19T07:42:10.284+0000 7f622ee89640 1 -- 172.21.15.76:0/980155966 shutdown_connections
2024-09-19T07:42:10.904 INFO:teuthology.orchestra.run.smithi076.stdout:/usr/bin/ceph: stderr
2024-09-19T07:42:10.284+0000 7f622ee89640 1 --2- 172.21.15.76:0/980155966 >> [v2:172.21.15.76:6800/1863850030,v1:172.21.15.76:6801/1863850030] conn(0x7f621803cae0 0x7f621803eed0 unknown :-1 s=CLOSED pgs=2 cs=0 l=1 rev1=1 crypto rx=0 tx=0 comp rx=0 tx=0).stop
2024-09-19T07:42:10.904 INFO:teuthology.orchestra.run.smithi076.stdout:/usr/bin/ceph: stderr
2024-09-19T07:42:10.284+0000 7f622ee89640 1 --2- 172.21.15.76:0/980155966 >> [v2:172.21.15.76:6800/2265753650,v1:172.21.15.76:6801/2265753650] conn(0x7f62180391b0 0x7f621803b670 unknown :-1 s=CLOSED pgs=0 cs=0 l=1 rev1=0 crypto rx=0 tx=0 comp rx=0 tx=0).stop
2024-09-19T07:42:10.904 INFO:teuthology.orchestra.run.smithi076.stdout:/usr/bin/ceph: stderr
2024-09-19T07:42:10.284+0000 7f622ee89640 1 --2- 172.21.15.76:0/980155966 >> [v2:172.21.15.76:3300/0,v1:172.21.15.76:6789/0] conn(0x7f622807ddf0 0x7f622819dad0 unknown :-1 s=CLOSED pgs=27 cs=0 l=1 rev1=1 crypto rx=0 tx=0 comp rx=0 tx=0).stop
2024-09-19T07:42:10.904 INFO:teuthology.orchestra.run.smithi076.stdout:/usr/bin/ceph: stderr
2024-09-19T07:42:10.284+0000 7f622ee89640 1 -- 172.21.15.76:0/980155966 >> 172.21.15.76:0/980155966 conn(0x7f6228103090 msgr2=0x7f6228103ce0 unknown :-1 s=STATE_NONE l=0).mark_down
2024-09-19T07:42:10.904 INFO:teuthology.orchestra.run.smithi076.stdout:/usr/bin/ceph: stderr
2024-09-19T07:42:10.285+0000 7f622ee89640 1 -- 172.21.15.76:0/980155966 shutdown_connections
2024-09-19T07:42:10.905 INFO:teuthology.orchestra.run.smithi076.stdout:/usr/bin/ceph: stderr
2024-09-19T07:42:10.285+0000 7f622ee89640 1 -- 172.21.15.76:0/980155966 wait complete.
2024-09-19T07:42:10.905 INFO:teuthology.orchestra.run.smithi076.stdout:mgr epoch 5 is available
2024-09-19T07:42:10.905 INFO:teuthology.orchestra.run.smithi076.stdout:Setting orchestrator backend to cephadm...
2024-09-19T07:42:11.194 INFO:journalctl@ceph.mgr.x.smithi076.stdout:Sep 19 07:42:10 smithi076 ceph-6aad871c-765a-11ef-bceb-c7b262605968-mgr-x[31156]:
2024-09-19T07:42:10.902+0000 7f7af5f48640 -1 log_channel(cephadm) log [ERR] : [19/Sep/2024:07:42:10] ENGINE Error in HTTPServer.serve
2024-09-19T07:42:11.194 INFO:journalctl@ceph.mgr.x.smithi076.stdout:Sep 19 07:42:10 smithi076 ceph-6aad871c-765a-11ef-bceb-c7b262605968-mgr-x[31156]: Traceback (most recent call last):
2024-09-19T07:42:11.194 INFO:journalctl@ceph.mgr.x.smithi076.stdout:Sep 19 07:42:10 smithi076 ceph-6aad871c-765a-11ef-bceb-c7b262605968-mgr-x[31156]: File "/lib/python3.9/site-packages/cheroot/server.py", line 1823, in serve
2024-09-19T07:42:11.194 INFO:journalctl@ceph.mgr.x.smithi076.stdout:Sep 19 07:42:10 smithi076 ceph-6aad871c-765a-11ef-bceb-c7b262605968-mgr-x[31156]: self._connections.run(self.expiration_interval)
2024-09-19T07:42:11.195 INFO:journalctl@ceph.mgr.x.smithi076.stdout:Sep 19 07:42:10 smithi076 ceph-6aad871c-765a-11ef-bceb-c7b262605968-mgr-x[31156]: File "/lib/python3.9/site-packages/cheroot/connections.py", line 203, in run
2024-09-19T07:42:11.195 INFO:journalctl@ceph.mgr.x.smithi076.stdout:Sep 19 07:42:10 smithi076 ceph-6aad871c-765a-11ef-bceb-c7b262605968-mgr-x[31156]: self._run(expiration_interval)
2024-09-19T07:42:11.195 INFO:journalctl@ceph.mgr.x.smithi076.stdout:Sep 19 07:42:10 smithi076 ceph-6aad871c-765a-11ef-bceb-c7b262605968-mgr-x[31156]: File "/lib/python3.9/site-packages/cheroot/connections.py", line 246, in _run
2024-09-19T07:42:11.195 INFO:journalctl@ceph.mgr.x.smithi076.stdout:Sep 19 07:42:10 smithi076 ceph-6aad871c-765a-11ef-bceb-c7b262605968-mgr-x[31156]: new_conn = self._from_server_socket(self.server.socket)
2024-09-19T07:42:11.195 INFO:journalctl@ceph.mgr.x.smithi076.stdout:Sep 19 07:42:10 smithi076 ceph-6aad871c-765a-11ef-bceb-c7b262605968-mgr-x[31156]: File "/lib/python3.9/site-packages/cheroot/connections.py", line 300, in _from_server_socket
2024-09-19T07:42:11.195 INFO:journalctl@ceph.mgr.x.smithi076.stdout:Sep 19 07:42:10 smithi076 ceph-6aad871c-765a-11ef-bceb-c7b262605968-mgr-x[31156]: s, ssl_env = self.server.ssl_adapter.wrap(s)
2024-09-19T07:42:11.195 INFO:journalctl@ceph.mgr.x.smithi076.stdout:Sep 19 07:42:10 smithi076 ceph-6aad871c-765a-11ef-bceb-c7b262605968-mgr-x[31156]: File "/lib/python3.9/site-packages/cheroot/ssl/builtin.py", line 277, in wrap
2024-09-19T07:42:11.195 INFO:journalctl@ceph.mgr.x.smithi076.stdout:Sep 19 07:42:10 smithi076 ceph-6aad871c-765a-11ef-bceb-c7b262605968-mgr-x[31156]: s = self.context.wrap_socket(
2024-09-19T07:42:11.195 INFO:journalctl@ceph.mgr.x.smithi076.stdout:Sep 19 07:42:10 smithi076 ceph-6aad871c-765a-11ef-bceb-c7b262605968-mgr-x[31156]: File "/lib64/python3.9/ssl.py", line 501, in wrap_socket
2024-09-19T07:42:11.195 INFO:journalctl@ceph.mgr.x.smithi076.stdout:Sep 19 07:42:10 smithi076 ceph-6aad871c-765a-11ef-bceb-c7b262605968-mgr-x[31156]: return self.sslsocket_class._create(
2024-09-19T07:42:11.195 INFO:journalctl@ceph.mgr.x.smithi076.stdout:Sep 19 07:42:10 smithi076 ceph-6aad871c-765a-11ef-bceb-c7b262605968-mgr-x[31156]: File "/lib64/python3.9/ssl.py", line 1074, in _create
2024-09-19T07:42:11.195 INFO:journalctl@ceph.mgr.x.smithi076.stdout:Sep 19 07:42:10 smithi076 ceph-6aad871c-765a-11ef-bceb-c7b262605968-mgr-x[31156]: self.do_handshake()
2024-09-19T07:42:11.195 INFO:journalctl@ceph.mgr.x.smithi076.stdout:Sep 19 07:42:10 smithi076 ceph-6aad871c-765a-11ef-bceb-c7b262605968-mgr-x[31156]: File "/lib64/python3.9/ssl.py", line 1343, in do_handshake
2024-09-19T07:42:11.195 INFO:journalctl@ceph.mgr.x.smithi076.stdout:Sep 19 07:42:10 smithi076 ceph-6aad871c-765a-11ef-bceb-c7b262605968-mgr-x[31156]: self._sslobj.do_handshake()
2024-09-19T07:42:11.196 INFO:journalctl@ceph.mgr.x.smithi076.stdout:Sep 19 07:42:10 smithi076 ceph-6aad871c-765a-11ef-bceb-c7b262605968-mgr-x[31156]: ssl.SSLZeroReturnError: TLS/SSL connection has been closed (EOF) (_ssl.c:1133)
2024-09-19T07:42:11.196 INFO:journalctl@ceph.mgr.x.smithi076.stdout:Sep 19 07:42:10 smithi076 ceph-6aad871c-765a-11ef-bceb-c7b262605968-mgr-x[31156]:
2024-09-19T07:42:11.494 INFO:journalctl@ceph.mon.a.smithi076.stdout:Sep 19 07:42:11 smithi076 ceph-mon[30930]: from='client.14122 -' entity='client.admin' cmd=[{"prefix": "get_command_descriptions"}]: dispatch
2024-09-19T07:42:11.494 INFO:journalctl@ceph.mon.a.smithi076.stdout:Sep 19 07:42:11 smithi076 ceph-mon[30930]: from='client.14122 -' entity='client.admin' cmd=[{"prefix": "mgr_status"}]: dispatch
2024-09-19T07:42:11.495 INFO:journalctl@ceph.mon.a.smithi076.stdout:Sep 19 07:42:11 smithi076 ceph-mon[30930]: from='mgr.14118 172.21.15.76:0/3948104424' entity='mgr.x' cmd=[{"prefix": "config dump", "format": "json"}]: dispatch
2024-09-19T07:42:12.097 INFO:teuthology.orchestra.run.smithi076.stdout:/usr/bin/ceph: stderr
2024-09-19T07:42:11.304+0000 7ff881d17640 1 Processor -- start
2024-09-19T07:42:12.097 INFO:teuthology.orchestra.run.smithi076.stdout:/usr/bin/ceph: stderr
2024-09-19T07:42:11.305+0000 7ff881d17640 1 -- start start
2024-09-19T07:42:12.097 INFO:teuthology.orchestra.run.smithi076.stdout:/usr/bin/ceph: stderr
2024-09-19T07:42:11.305+0000 7ff881d17640 1 --2- >> [v2:172.21.15.76:3300/0,v1:172.21.15.76:6789/0] conn(0x7ff87c1083d0 0x7ff87c10a7c0 unknown :-1 s=NONE pgs=0 cs=0 l=0 rev1=0 crypto rx=0 tx=0 comp rx=0 tx=0).connect
2024-09-19T07:42:12.098 INFO:teuthology.orchestra.run.smithi076.stdout:/usr/bin/ceph: stderr
2024-09-19T07:42:11.305+0000 7ff881d17640 1 -- --> [v2:172.21.15.76:3300/0,v1:172.21.15.76:6789/0] -- mon_getmap magic: 0 -- 0x7ff87c07bd90 con 0x7ff87c1083d0
2024-09-19T07:42:12.098 INFO:teuthology.orchestra.run.smithi076.stdout:/usr/bin/ceph: stderr
2024-09-19T07:42:11.305+0000 7ff87b7fe640 1 --2- >> [v2:172.21.15.76:3300/0,v1:172.21.15.76:6789/0] conn(0x7ff87c1083d0 0x7ff87c10a7c0 unknown :-1 s=BANNER_CONNECTING pgs=0 cs=0 l=0 rev1=0 crypto rx=0 tx=0 comp rx=0 tx=0)._handle_peer_banner_payload supported=3 required=0
2024-09-19T07:42:12.098 INFO:teuthology.orchestra.run.smithi076.stdout:/usr/bin/ceph: stderr
2024-09-19T07:42:11.305+0000 7ff87b7fe640 1 --2- >> [v2:172.21.15.76:3300/0,v1:172.21.15.76:6789/0] conn(0x7ff87c1083d0 0x7ff87c10a7c0 unknown :-1 s=HELLO_CONNECTING pgs=0 cs=0 l=0 rev1=1 crypto rx=0 tx=0 comp rx=0 tx=0).handle_hello peer v2:172.21.15.76:3300/0 says I am v2:172.21.15.76:50170/0 (socket says 172.21.15.76:50170)
2024-09-19T07:42:12.098 INFO:teuthology.orchestra.run.smithi076.stdout:/usr/bin/ceph: stderr
2024-09-19T07:42:11.305+0000 7ff87b7fe640 1 -- 172.21.15.76:0/3354037225 learned_addr learned my addr 172.21.15.76:0/3354037225 (peer_addr_for_me v2:172.21.15.76:0/0)
2024-09-19T07:42:12.098 INFO:teuthology.orchestra.run.smithi076.stdout:/usr/bin/ceph: stderr
2024-09-19T07:42:11.305+0000 7ff87b7fe640 1 -- 172.21.15.76:0/3354037225 --> [v2:172.21.15.76:3300/0,v1:172.21.15.76:6789/0] -- mon_subscribe({config=0+,monmap=0+}) -- 0x7ff87c10ad00 con 0x7ff87c1083d0
2024-09-19T07:42:12.098 INFO:teuthology.orchestra.run.smithi076.stdout:/usr/bin/ceph: stderr
2024-09-19T07:42:11.306+0000 7ff87b7fe640 1 --2- 172.21.15.76:0/3354037225 >> [v2:172.21.15.76:3300/0,v1:172.21.15.76:6789/0] conn(0x7ff87c1083d0 0x7ff87c10a7c0 secure :-1 s=READY pgs=35 cs=0 l=1 rev1=1 crypto rx=0x7ff86c009820 tx=0x7ff86c02a270 comp rx=0 tx=0).ready entity=mon.0 client_cookie=c8ca50ef91e9522e server_cookie=0 in_seq=0 out_seq=0
2024-09-19T07:42:12.098 INFO:teuthology.orchestra.run.smithi076.stdout:/usr/bin/ceph: stderr
2024-09-19T07:42:11.306+0000 7ff87affd640 1 -- 172.21.15.76:0/3354037225 <== mon.0 v2:172.21.15.76:3300/0 1 ==== mon_map magic: 0 ==== 205+0+0 (secure 0 0 0) 0x7ff86c037070 con 0x7ff87c1083d0
2024-09-19T07:42:12.098 INFO:teuthology.orchestra.run.smithi076.stdout:/usr/bin/ceph: stderr
2024-09-19T07:42:11.306+0000 7ff87affd640 1 -- 172.21.15.76:0/3354037225 <== mon.0 v2:172.21.15.76:3300/0 2 ==== config(28 keys) ==== 1143+0+0 (secure 0 0 0) 0x7ff86c032920 con 0x7ff87c1083d0
2024-09-19T07:42:12.098 INFO:teuthology.orchestra.run.smithi076.stdout:/usr/bin/ceph: stderr
2024-09-19T07:42:11.306+0000 7ff87affd640 1 -- 172.21.15.76:0/3354037225 <== mon.0 v2:172.21.15.76:3300/0 3 ==== mon_map magic: 0 ==== 205+0+0 (secure 0 0 0) 0x7ff86c030950 con 0x7ff87c1083d0
2024-09-19T07:42:12.098 INFO:teuthology.orchestra.run.smithi076.stdout:/usr/bin/ceph: stderr
2024-09-19T07:42:11.307+0000 7ff881d17640 1 -- 172.21.15.76:0/3354037225 >> [v2:172.21.15.76:3300/0,v1:172.21.15.76:6789/0] conn(0x7ff87c1083d0 msgr2=0x7ff87c10a7c0 secure :-1 s=STATE_CONNECTION_ESTABLISHED l=1).mark_down
2024-09-19T07:42:12.098 INFO:teuthology.orchestra.run.smithi076.stdout:/usr/bin/ceph: stderr
2024-09-19T07:42:11.307+0000 7ff881d17640 1 --2- 172.21.15.76:0/3354037225 >> [v2:172.21.15.76:3300/0,v1:172.21.15.76:6789/0] conn(0x7ff87c1083d0 0x7ff87c10a7c0 secure :-1 s=READY pgs=35 cs=0 l=1 rev1=1 crypto rx=0x7ff86c009820 tx=0x7ff86c02a270 comp rx=0 tx=0).stop
2024-09-19T07:42:12.098 INFO:teuthology.orchestra.run.smithi076.stdout:/usr/bin/ceph: stderr
2024-09-19T07:42:11.307+0000 7ff881d17640 1 -- 172.21.15.76:0/3354037225 shutdown_connections
2024-09-19T07:42:12.098 INFO:teuthology.orchestra.run.smithi076.stdout:/usr/bin/ceph: stderr
2024-09-19T07:42:11.307+0000 7ff881d17640 1 --2- 172.21.15.76:0/3354037225 >> [v2:172.21.15.76:3300/0,v1:172.21.15.76:6789/0] conn(0x7ff87c1083d0 0x7ff87c10a7c0 unknown :-1 s=CLOSED pgs=35 cs=0 l=1 rev1=1 crypto rx=0 tx=0 comp rx=0 tx=0).stop
2024-09-19T07:42:12.098 INFO:teuthology.orchestra.run.smithi076.stdout:/usr/bin/ceph: stderr
2024-09-19T07:42:11.307+0000 7ff881d17640 1 -- 172.21.15.76:0/3354037225 >> 172.21.15.76:0/3354037225 conn(0x7ff87c101f30 msgr2=0x7ff87c104370 unknown :-1 s=STATE_NONE l=0).mark_down
2024-09-19T07:42:12.098 INFO:teuthology.orchestra.run.smithi076.stdout:/usr/bin/ceph: stderr
2024-09-19T07:42:11.307+0000 7ff881d17640 1 -- 172.21.15.76:0/3354037225 shutdown_connections
2024-09-19T07:42:12.099 INFO:teuthology.orchestra.run.smithi076.stdout:/usr/bin/ceph: stderr
2024-09-19T07:42:11.307+0000 7ff881d17640 1 -- 172.21.15.76:0/3354037225 wait complete.
2024-09-19T07:42:12.099 INFO:teuthology.orchestra.run.smithi076.stdout:/usr/bin/ceph: stderr
2024-09-19T07:42:11.307+0000 7ff881d17640 1 Processor -- start
2024-09-19T07:42:12.099 INFO:teuthology.orchestra.run.smithi076.stdout:/usr/bin/ceph: stderr
2024-09-19T07:42:11.307+0000 7ff881d17640 1 -- start start
2024-09-19T07:42:12.099 INFO:teuthology.orchestra.run.smithi076.stdout:/usr/bin/ceph: stderr
2024-09-19T07:42:11.308+0000 7ff881d17640 1 --2- >> [v2:172.21.15.76:3300/0,v1:172.21.15.76:6789/0] conn(0x7ff87c1083d0 0x7ff87c19b890 unknown :-1 s=NONE pgs=0 cs=0 l=1 rev1=0 crypto rx=0 tx=0 comp rx=0 tx=0).connect
2024-09-19T07:42:12.099 INFO:teuthology.orchestra.run.smithi076.stdout:/usr/bin/ceph: stderr
2024-09-19T07:42:11.308+0000 7ff881d17640 1 -- --> [v2:172.21.15.76:3300/0,v1:172.21.15.76:6789/0] -- mon_getmap magic: 0 -- 0x7ff87c10bcd0 con 0x7ff87c1083d0
2024-09-19T07:42:12.099 INFO:teuthology.orchestra.run.smithi076.stdout:/usr/bin/ceph: stderr
2024-09-19T07:42:11.308+0000 7ff87b7fe640 1 --2- >> [v2:172.21.15.76:3300/0,v1:172.21.15.76:6789/0] conn(0x7ff87c1083d0 0x7ff87c19b890 unknown :-1 s=BANNER_CONNECTING pgs=0 cs=0 l=1 rev1=0 crypto rx=0 tx=0 comp rx=0 tx=0)._handle_peer_banner_payload supported=3 required=0
2024-09-19T07:42:12.099 INFO:teuthology.orchestra.run.smithi076.stdout:/usr/bin/ceph: stderr
2024-09-19T07:42:11.308+0000 7ff87b7fe640 1 --2- >> [v2:172.21.15.76:3300/0,v1:172.21.15.76:6789/0] conn(0x7ff87c1083d0 0x7ff87c19b890 unknown :-1 s=HELLO_CONNECTING pgs=0 cs=0 l=1 rev1=1 crypto rx=0 tx=0 comp rx=0 tx=0).handle_hello peer v2:172.21.15.76:3300/0 says I am v2:172.21.15.76:50172/0 (socket says 172.21.15.76:50172)
2024-09-19T07:42:12.099 INFO:teuthology.orchestra.run.smithi076.stdout:/usr/bin/ceph: stderr
2024-09-19T07:42:11.308+0000 7ff87b7fe640 1 -- 172.21.15.76:0/1179655025 learned_addr learned my addr 172.21.15.76:0/1179655025 (peer_addr_for_me v2:172.21.15.76:0/0)
2024-09-19T07:42:12.099 INFO:teuthology.orchestra.run.smithi076.stdout:/usr/bin/ceph: stderr
2024-09-19T07:42:11.308+0000 7ff87b7fe640 1 -- 172.21.15.76:0/1179655025 --> [v2:172.21.15.76:3300/0,v1:172.21.15.76:6789/0] -- mon_subscribe({config=0+,monmap=0+}) -- 0x7ff87c19bdd0 con 0x7ff87c1083d0
2024-09-19T07:42:12.099 INFO:teuthology.orchestra.run.smithi076.stdout:/usr/bin/ceph: stderr
2024-09-19T07:42:11.308+0000 7ff87b7fe640 1 --2- 172.21.15.76:0/1179655025 >> [v2:172.21.15.76:3300/0,v1:172.21.15.76:6789/0] conn(0x7ff87c1083d0 0x7ff87c19b890 secure :-1 s=READY pgs=36 cs=0 l=1 rev1=1 crypto rx=0x7ff86c031000 tx=0x7ff86c032e40 comp rx=0 tx=0).ready entity=mon.0 client_cookie=0 server_cookie=0 in_seq=0 out_seq=0
2024-09-19T07:42:12.099 INFO:teuthology.orchestra.run.smithi076.stdout:/usr/bin/ceph: stderr
2024-09-19T07:42:11.308+0000 7ff8797fa640 1 -- 172.21.15.76:0/1179655025 <== mon.0 v2:172.21.15.76:3300/0 1 ==== mon_map magic: 0 ==== 205+0+0 (secure 0 0 0) 0x7ff86c042070 con 0x7ff87c1083d0
2024-09-19T07:42:12.099 INFO:teuthology.orchestra.run.smithi076.stdout:/usr/bin/ceph: stderr
2024-09-19T07:42:11.308+0000 7ff881d17640 1 -- 172.21.15.76:0/1179655025 --> [v2:172.21.15.76:3300/0,v1:172.21.15.76:6789/0] -- mon_subscribe({mgrmap=0+}) -- 0x7ff87c19c060 con 0x7ff87c1083d0
2024-09-19T07:42:12.099 INFO:teuthology.orchestra.run.smithi076.stdout:/usr/bin/ceph: stderr
2024-09-19T07:42:11.308+0000 7ff8797fa640 1 -- 172.21.15.76:0/1179655025 <== mon.0 v2:172.21.15.76:3300/0 2 ==== config(28 keys) ==== 1143+0+0 (secure 0 0 0) 0x7ff86c0326b0 con 0x7ff87c1083d0
2024-09-19T07:42:12.099 INFO:teuthology.orchestra.run.smithi076.stdout:/usr/bin/ceph: stderr
2024-09-19T07:42:11.308+0000 7ff8797fa640 1 -- 172.21.15.76:0/1179655025 <== mon.0 v2:172.21.15.76:3300/0 3 ==== mon_map magic: 0 ==== 205+0+0 (secure 0 0 0) 0x7ff86c037040 con 0x7ff87c1083d0
2024-09-19T07:42:12.100 INFO:teuthology.orchestra.run.smithi076.stdout:/usr/bin/ceph: stderr
2024-09-19T07:42:11.308+0000 7ff881d17640 1 -- 172.21.15.76:0/1179655025 --> [v2:172.21.15.76:3300/0,v1:172.21.15.76:6789/0] -- mon_subscribe({osdmap=0}) -- 0x7ff87c19ed50 con 0x7ff87c1083d0
2024-09-19T07:42:12.100 INFO:teuthology.orchestra.run.smithi076.stdout:/usr/bin/ceph: stderr
2024-09-19T07:42:11.309+0000 7ff8797fa640 1 -- 172.21.15.76:0/1179655025 <== mon.0 v2:172.21.15.76:3300/0 4 ==== mgrmap(e 7) ==== 46355+0+0 (secure 0 0 0) 0x7ff86c045070 con 0x7ff87c1083d0
2024-09-19T07:42:12.100 INFO:teuthology.orchestra.run.smithi076.stdout:/usr/bin/ceph: stderr
2024-09-19T07:42:11.309+0000 7ff881d17640 1 -- 172.21.15.76:0/1179655025 --> [v2:172.21.15.76:3300/0,v1:172.21.15.76:6789/0] -- mon_command({"prefix": "get_command_descriptions"} v 0) -- 0x7ff87c108830 con 0x7ff87c1083d0
2024-09-19T07:42:12.100 INFO:teuthology.orchestra.run.smithi076.stdout:/usr/bin/ceph: stderr
2024-09-19T07:42:11.309+0000 7ff8797fa640 1 --2- 172.21.15.76:0/1179655025 >> [v2:172.21.15.76:6800/1863850030,v1:172.21.15.76:6801/1863850030] conn(0x7ff8680390a0 0x7ff86803b560 unknown :-1 s=NONE pgs=0 cs=0 l=1 rev1=0 crypto rx=0 tx=0 comp rx=0 tx=0).connect
2024-09-19T07:42:12.100 INFO:teuthology.orchestra.run.smithi076.stdout:/usr/bin/ceph: stderr
2024-09-19T07:42:11.309+0000 7ff8797fa640 1 -- 172.21.15.76:0/1179655025 <== mon.0 v2:172.21.15.76:3300/0 5 ==== osd_map(2..2 src has 1..2) ==== 940+0+0 (secure 0 0 0) 0x7ff86c06c0d0 con 0x7ff87c1083d0
2024-09-19T07:42:12.100 INFO:teuthology.orchestra.run.smithi076.stdout:/usr/bin/ceph: stderr
2024-09-19T07:42:11.309+0000 7ff873fff640 1 --2- 172.21.15.76:0/1179655025 >> [v2:172.21.15.76:6800/1863850030,v1:172.21.15.76:6801/1863850030] conn(0x7ff8680390a0 0x7ff86803b560 unknown :-1 s=BANNER_CONNECTING pgs=0 cs=0 l=1 rev1=0 crypto rx=0 tx=0 comp rx=0 tx=0)._handle_peer_banner_payload supported=3 required=0
2024-09-19T07:42:12.100 INFO:teuthology.orchestra.run.smithi076.stdout:/usr/bin/ceph: stderr
2024-09-19T07:42:11.310+0000 7ff873fff640 1 --2- 172.21.15.76:0/1179655025 >> [v2:172.21.15.76:6800/1863850030,v1:172.21.15.76:6801/1863850030] conn(0x7ff8680390a0 0x7ff86803b560 secure :-1 s=READY pgs=7 cs=0 l=1 rev1=1 crypto rx=0x7ff8640098c0 tx=0x7ff864006db0 comp rx=0 tx=0).ready entity=mgr.14118 client_cookie=0 server_cookie=0 in_seq=0 out_seq=0
2024-09-19T07:42:12.100 INFO:teuthology.orchestra.run.smithi076.stdout:/usr/bin/ceph: stderr
2024-09-19T07:42:11.314+0000 7ff8797fa640 1 -- 172.21.15.76:0/1179655025 <== mon.0 v2:172.21.15.76:3300/0 6 ==== mon_command_ack([{"prefix": "get_command_descriptions"}]=0 v0) ==== 72+0+188913 (secure 0 0 0) 0x7ff86c04b170 con 0x7ff87c1083d0
2024-09-19T07:42:12.100 INFO:teuthology.orchestra.run.smithi076.stdout:/usr/bin/ceph: stderr
2024-09-19T07:42:11.327+0000 7ff8797fa640 1 -- 172.21.15.76:0/1179655025 <== mon.0 v2:172.21.15.76:3300/0 7 ==== mgrmap(e 8) ==== 46461+0+0 (secure 0 0 0) 0x7ff86c03dbf0 con 0x7ff87c1083d0
2024-09-19T07:42:12.100 INFO:teuthology.orchestra.run.smithi076.stdout:/usr/bin/ceph: stderr
2024-09-19T07:42:11.494+0000 7ff881d17640 1 -- 172.21.15.76:0/1179655025 --> [v2:172.21.15.76:6800/1863850030,v1:172.21.15.76:6801/1863850030] -- mgr_command(tid 0: {"prefix": "orch set backend", "module_name": "cephadm", "target": ["mon-mgr", ""]}) -- 0x7ff87c103230 con 0x7ff8680390a0
2024-09-19T07:42:12.100 INFO:teuthology.orchestra.run.smithi076.stdout:/usr/bin/ceph: stderr
2024-09-19T07:42:11.499+0000 7ff8797fa640 1 -- 172.21.15.76:0/1179655025 <== mgr.14118 v2:172.21.15.76:6800/1863850030 1 ==== mgr_command_reply(tid 0: 0 ) ==== 8+0+0 (secure 0 0 0) 0x7ff87c103230 con 0x7ff8680390a0
2024-09-19T07:42:12.100 INFO:teuthology.orchestra.run.smithi076.stdout:/usr/bin/ceph: stderr
2024-09-19T07:42:11.501+0000 7ff881d17640 1 -- 172.21.15.76:0/1179655025 >> [v2:172.21.15.76:6800/1863850030,v1:172.21.15.76:6801/1863850030] conn(0x7ff8680390a0 msgr2=0x7ff86803b560 secure :-1 s=STATE_CONNECTION_ESTABLISHED l=1).mark_down
2024-09-19T07:42:12.100 INFO:teuthology.orchestra.run.smithi076.stdout:/usr/bin/ceph: stderr
2024-09-19T07:42:11.501+0000 7ff881d17640 1 --2- 172.21.15.76:0/1179655025 >> [v2:172.21.15.76:6800/1863850030,v1:172.21.15.76:6801/1863850030] conn(0x7ff8680390a0 0x7ff86803b560 secure :-1 s=READY pgs=7 cs=0 l=1 rev1=1 crypto rx=0x7ff8640098c0 tx=0x7ff864006db0 comp rx=0 tx=0).stop
2024-09-19T07:42:12.101 INFO:teuthology.orchestra.run.smithi076.stdout:/usr/bin/ceph: stderr
2024-09-19T07:42:11.501+0000 7ff881d17640 1 -- 172.21.15.76:0/1179655025 >> [v2:172.21.15.76:3300/0,v1:172.21.15.76:6789/0] conn(0x7ff87c1083d0 msgr2=0x7ff87c19b890 secure :-1 s=STATE_CONNECTION_ESTABLISHED l=1).mark_down
2024-09-19T07:42:12.101 INFO:teuthology.orchestra.run.smithi076.stdout:/usr/bin/ceph: stderr
2024-09-19T07:42:11.501+0000 7ff881d17640 1 --2- 172.21.15.76:0/1179655025 >> [v2:172.21.15.76:3300/0,v1:172.21.15.76:6789/0] conn(0x7ff87c1083d0 0x7ff87c19b890 secure :-1 s=READY pgs=36 cs=0 l=1 rev1=1 crypto rx=0x7ff86c031000 tx=0x7ff86c032e40 comp rx=0 tx=0).stop
2024-09-19T07:42:12.101 INFO:teuthology.orchestra.run.smithi076.stdout:/usr/bin/ceph: stderr
2024-09-19T07:42:11.501+0000 7ff881d17640 1 -- 172.21.15.76:0/1179655025 shutdown_connections
2024-09-19T07:42:12.101 INFO:teuthology.orchestra.run.smithi076.stdout:/usr/bin/ceph: stderr
2024-09-19T07:42:11.501+0000 7ff881d17640 1 --2- 172.21.15.76:0/1179655025 >> [v2:172.21.15.76:6800/1863850030,v1:172.21.15.76:6801/1863850030] conn(0x7ff8680390a0 0x7ff86803b560 unknown :-1 s=CLOSED pgs=7 cs=0 l=1 rev1=1 crypto rx=0 tx=0 comp rx=0 tx=0).stop
2024-09-19T07:42:12.101 INFO:teuthology.orchestra.run.smithi076.stdout:/usr/bin/ceph: stderr
2024-09-19T07:42:11.501+0000 7ff881d17640 1 --2- 172.21.15.76:0/1179655025 >> [v2:172.21.15.76:3300/0,v1:172.21.15.76:6789/0] conn(0x7ff87c1083d0 0x7ff87c19b890 unknown :-1 s=CLOSED pgs=36 cs=0 l=1 rev1=1 crypto rx=0 tx=0 comp rx=0 tx=0).stop
2024-09-19T07:42:12.101 INFO:teuthology.orchestra.run.smithi076.stdout:/usr/bin/ceph: stderr
2024-09-19T07:42:11.501+0000 7ff881d17640 1 -- 172.21.15.76:0/1179655025 >> 172.21.15.76:0/1179655025 conn(0x7ff87c101f30 msgr2=0x7ff87c102b20 unknown :-1 s=STATE_NONE l=0).mark_down
2024-09-19T07:42:12.101 INFO:teuthology.orchestra.run.smithi076.stdout:/usr/bin/ceph: stderr
2024-09-19T07:42:11.501+0000 7ff881d17640 1 -- 172.21.15.76:0/1179655025 shutdown_connections
2024-09-19T07:42:12.101 INFO:teuthology.orchestra.run.smithi076.stdout:/usr/bin/ceph: stderr
2024-09-19T07:42:11.501+0000 7ff881d17640 1 -- 172.21.15.76:0/1179655025 wait complete.
2024-09-19T07:42:12.443 INFO:journalctl@ceph.mon.a.smithi076.stdout:Sep 19 07:42:12 smithi076 ceph-mon[30930]: [19/Sep/2024:07:42:10] ENGINE Bus STARTING
2024-09-19T07:42:12.444 INFO:journalctl@ceph.mon.a.smithi076.stdout:Sep 19 07:42:12 smithi076 ceph-mon[30930]: [19/Sep/2024:07:42:10] ENGINE Serving on http://172.21.15.76:8765
2024-09-19T07:42:12.444 INFO:journalctl@ceph.mon.a.smithi076.stdout:Sep 19 07:42:12 smithi076 ceph-mon[30930]: [19/Sep/2024:07:42:10] ENGINE Serving on https://172.21.15.76:7150
2024-09-19T07:42:12.444 INFO:journalctl@ceph.mon.a.smithi076.stdout:Sep 19 07:42:12 smithi076 ceph-mon[30930]: [19/Sep/2024:07:42:10] ENGINE Bus STARTED
2024-09-19T07:42:12.444 INFO:journalctl@ceph.mon.a.smithi076.stdout:Sep 19 07:42:12 smithi076 ceph-mon[30930]: [19/Sep/2024:07:42:10] ENGINE Error in HTTPServer.serve
2024-09-19T07:42:12.444 INFO:journalctl@ceph.mon.a.smithi076.stdout: Traceback (most recent call last):
2024-09-19T07:42:12.444 INFO:journalctl@ceph.mon.a.smithi076.stdout: File "/lib/python3.9/site-packages/cheroot/server.py", line 1823, in serve
2024-09-19T07:42:12.444 INFO:journalctl@ceph.mon.a.smithi076.stdout: self._connections.run(self.expiration_interval)
2024-09-19T07:42:12.444 INFO:journalctl@ceph.mon.a.smithi076.stdout: File "/lib/python3.9/site-packages/cheroot/connections.py", line 203, in run
2024-09-19T07:42:12.444 INFO:journalctl@ceph.mon.a.smithi076.stdout: self._run(expiration_interval)
2024-09-19T07:42:12.444 INFO:journalctl@ceph.mon.a.smithi076.stdout: File "/lib/python3.9/site-packages/cheroot/connections.py", line 246, in _run
2024-09-19T07:42:12.444 INFO:journalctl@ceph.mon.a.smithi076.stdout: new_conn = self._from_server_socket(self.server.socket)
2024-09-19T07:42:12.444 INFO:journalctl@ceph.mon.a.smithi076.stdout: File "/lib/python3.9/site-packages/cheroot/connections.py", line 300, in _from_server_socket
2024-09-19T07:42:12.445 INFO:journalctl@ceph.mon.a.smithi076.stdout: s, ssl_env = self.server.ssl_adapter.wrap(s)
2024-09-19T07:42:12.445 INFO:journalctl@ceph.mon.a.smithi076.stdout: File "/lib/python3.9/site-packages/cheroot/ssl/builtin.py", line 277, in wrap
2024-09-19T07:42:12.445 INFO:journalctl@ceph.mon.a.smithi076.stdout: s = self.context.wrap_socket(
2024-09-19T07:42:12.445 INFO:journalctl@ceph.mon.a.smithi076.stdout: File "/lib64/python3.9/ssl.py", line 501, in wrap_socket
2024-09-19T07:42:12.445 INFO:journalctl@ceph.mon.a.smithi076.stdout: return self.sslsocket_class._create(
2024-09-19T07:42:12.445 INFO:journalctl@ceph.mon.a.smithi076.stdout: File "/lib64/python3.9/ssl.py", line 1074, in _create
2024-09-19T07:42:12.445 INFO:journalctl@ceph.mon.a.smithi076.stdout: self.do_handshake()
2024-09-19T07:42:12.445 INFO:journalctl@ceph.mon.a.smithi076.stdout: File "/lib64/python3.9/ssl.py", line 1343, in do_handshake
2024-09-19T07:42:12.445 INFO:journalctl@ceph.mon.a.smithi076.stdout: self._sslobj.do_handshake()
2024-09-19T07:42:12.445 INFO:journalctl@ceph.mon.a.smithi076.stdout: ssl.SSLZeroReturnError: TLS/SSL connection has been closed (EOF) (_ssl.c:1133)
2024-09-19T07:42:12.445 INFO:journalctl@ceph.mon.a.smithi076.stdout:Sep 19 07:42:12 smithi076 ceph-mon[30930]: mgrmap e8: x(active, since 2s)
2024-09-19T07:42:12.445 INFO:journalctl@ceph.mon.a.smithi076.stdout:Sep 19 07:42:12 smithi076 ceph-mon[30930]: from='mgr.14118 172.21.15.76:0/3948104424' entity='mgr.x'
2024-09-19T07:42:12.445 INFO:journalctl@ceph.mon.a.smithi076.stdout:Sep 19 07:42:12 smithi076 ceph-mon[30930]: from='mgr.14118 172.21.15.76:0/3948104424' entity='mgr.x' cmd=[{"prefix": "config dump", "format": "json"}]: dispatch
2024-09-19T07:42:13.322 INFO:teuthology.orchestra.run.smithi076.stdout:/usr/bin/ceph: stdout value unchanged
2024-09-19T07:42:13.322 INFO:teuthology.orchestra.run.smithi076.stdout:/usr/bin/ceph: stderr
2024-09-19T07:42:12.519+0000 7f9552a0d640 1 Processor -- start
2024-09-19T07:42:13.322 INFO:teuthology.orchestra.run.smithi076.stdout:/usr/bin/ceph: stderr
2024-09-19T07:42:12.520+0000 7f9552a0d640 1 -- start start
2024-09-19T07:42:13.322 INFO:teuthology.orchestra.run.smithi076.stdout:/usr/bin/ceph: stderr
2024-09-19T07:42:12.520+0000 7f9552a0d640 1 --2- >> [v2:172.21.15.76:3300/0,v1:172.21.15.76:6789/0] conn(0x7f954c07e6d0 0x7f954c07cb30 unknown :-1 s=NONE pgs=0 cs=0 l=0 rev1=0 crypto rx=0 tx=0 comp rx=0 tx=0).connect
2024-09-19T07:42:13.323 INFO:teuthology.orchestra.run.smithi076.stdout:/usr/bin/ceph: stderr
2024-09-19T07:42:12.520+0000 7f9552a0d640 1 -- --> [v2:172.21.15.76:3300/0,v1:172.21.15.76:6789/0] -- mon_getmap magic: 0 -- 0x7f954c07d100 con 0x7f954c07e6d0
2024-09-19T07:42:13.323 INFO:teuthology.orchestra.run.smithi076.stdout:/usr/bin/ceph: stderr
2024-09-19T07:42:12.520+0000 7f954bfff640 1 --2- >> [v2:172.21.15.76:3300/0,v1:172.21.15.76:6789/0] conn(0x7f954c07e6d0 0x7f954c07cb30 unknown :-1 s=BANNER_CONNECTING pgs=0 cs=0 l=0 rev1=0 crypto rx=0 tx=0 comp rx=0 tx=0)._handle_peer_banner_payload supported=3 required=0
2024-09-19T07:42:13.323 INFO:teuthology.orchestra.run.smithi076.stdout:/usr/bin/ceph: stderr
2024-09-19T07:42:12.520+0000 7f954bfff640 1 --2- >> [v2:172.21.15.76:3300/0,v1:172.21.15.76:6789/0] conn(0x7f954c07e6d0 0x7f954c07cb30 unknown :-1 s=HELLO_CONNECTING pgs=0 cs=0 l=0 rev1=1 crypto rx=0 tx=0 comp rx=0 tx=0).handle_hello peer v2:172.21.15.76:3300/0 says I am v2:172.21.15.76:50188/0 (socket says 172.21.15.76:50188)
2024-09-19T07:42:13.323 INFO:teuthology.orchestra.run.smithi076.stdout:/usr/bin/ceph: stderr
2024-09-19T07:42:12.520+0000 7f954bfff640 1 -- 172.21.15.76:0/3671034294 learned_addr learned my addr 172.21.15.76:0/3671034294 (peer_addr_for_me v2:172.21.15.76:0/0)
2024-09-19T07:42:13.323 INFO:teuthology.orchestra.run.smithi076.stdout:/usr/bin/ceph: stderr
2024-09-19T07:42:12.520+0000 7f954bfff640 1 -- 172.21.15.76:0/3671034294 --> [v2:172.21.15.76:3300/0,v1:172.21.15.76:6789/0] -- mon_subscribe({config=0+,monmap=0+}) -- 0x7f954c07d280 con 0x7f954c07e6d0
2024-09-19T07:42:13.323 INFO:teuthology.orchestra.run.smithi076.stdout:/usr/bin/ceph: stderr
2024-09-19T07:42:12.521+0000 7f954bfff640 1 --2- 172.21.15.76:0/3671034294 >> [v2:172.21.15.76:3300/0,v1:172.21.15.76:6789/0] conn(0x7f954c07e6d0 0x7f954c07cb30 secure :-1 s=READY pgs=37 cs=0 l=1 rev1=1 crypto rx=0x7f953c009820 tx=0x7f953c02a270 comp rx=0 tx=0).ready entity=mon.0 client_cookie=3079075bf1d2de server_cookie=0 in_seq=0 out_seq=0
2024-09-19T07:42:13.323 INFO:teuthology.orchestra.run.smithi076.stdout:/usr/bin/ceph: stderr
2024-09-19T07:42:12.521+0000 7f954affd640 1 -- 172.21.15.76:0/3671034294 <== mon.0 v2:172.21.15.76:3300/0 1 ==== mon_map magic: 0 ==== 205+0+0 (secure 0 0 0) 0x7f953c037070 con 0x7f954c07e6d0
2024-09-19T07:42:13.323 INFO:teuthology.orchestra.run.smithi076.stdout:/usr/bin/ceph: stderr
2024-09-19T07:42:12.521+0000 7f954affd640 1 -- 172.21.15.76:0/3671034294 <== mon.0 v2:172.21.15.76:3300/0 2 ==== config(28 keys) ==== 1143+0+0 (secure 0 0 0) 0x7f953c032920 con 0x7f954c07e6d0
2024-09-19T07:42:13.323 INFO:teuthology.orchestra.run.smithi076.stdout:/usr/bin/ceph: stderr
2024-09-19T07:42:12.521+0000 7f954affd640 1 -- 172.21.15.76:0/3671034294 <== mon.0 v2:172.21.15.76:3300/0 3 ==== mon_map magic: 0 ==== 205+0+0 (secure 0 0 0) 0x7f953c030950 con 0x7f954c07e6d0
2024-09-19T07:42:13.323 INFO:teuthology.orchestra.run.smithi076.stdout:/usr/bin/ceph: stderr
2024-09-19T07:42:12.522+0000 7f9552a0d640 1 -- 172.21.15.76:0/3671034294 >> [v2:172.21.15.76:3300/0,v1:172.21.15.76:6789/0] conn(0x7f954c07e6d0 msgr2=0x7f954c07cb30 secure :-1 s=STATE_CONNECTION_ESTABLISHED l=1).mark_down
2024-09-19T07:42:13.323 INFO:teuthology.orchestra.run.smithi076.stdout:/usr/bin/ceph: stderr
2024-09-19T07:42:12.522+0000 7f9552a0d640 1 --2- 172.21.15.76:0/3671034294 >> [v2:172.21.15.76:3300/0,v1:172.21.15.76:6789/0] conn(0x7f954c07e6d0 0x7f954c07cb30 secure :-1 s=READY pgs=37 cs=0 l=1 rev1=1 crypto rx=0x7f953c009820 tx=0x7f953c02a270 comp rx=0 tx=0).stop
2024-09-19T07:42:13.323 INFO:teuthology.orchestra.run.smithi076.stdout:/usr/bin/ceph: stderr
2024-09-19T07:42:12.522+0000 7f9552a0d640 1 -- 172.21.15.76:0/3671034294 shutdown_connections
2024-09-19T07:42:13.323 INFO:teuthology.orchestra.run.smithi076.stdout:/usr/bin/ceph: stderr
2024-09-19T07:42:12.522+0000 7f9552a0d640 1 --2- 172.21.15.76:0/3671034294 >> [v2:172.21.15.76:3300/0,v1:172.21.15.76:6789/0] conn(0x7f954c07e6d0 0x7f954c07cb30 unknown :-1 s=CLOSED pgs=37 cs=0 l=1 rev1=1 crypto rx=0 tx=0 comp rx=0 tx=0).stop
2024-09-19T07:42:13.324 INFO:teuthology.orchestra.run.smithi076.stdout:/usr/bin/ceph: stderr
2024-09-19T07:42:12.522+0000 7f9552a0d640 1 -- 172.21.15.76:0/3671034294 >> 172.21.15.76:0/3671034294 conn(0x7f954c103070 msgr2=0x7f954c105490 unknown :-1 s=STATE_NONE l=0).mark_down
2024-09-19T07:42:13.324 INFO:teuthology.orchestra.run.smithi076.stdout:/usr/bin/ceph: stderr
2024-09-19T07:42:12.522+0000 7f9552a0d640 1 -- 172.21.15.76:0/3671034294 shutdown_connections
2024-09-19T07:42:13.324 INFO:teuthology.orchestra.run.smithi076.stdout:/usr/bin/ceph: stderr
2024-09-19T07:42:12.522+0000 7f9552a0d640 1 -- 172.21.15.76:0/3671034294 wait complete.
2024-09-19T07:42:13.324 INFO:teuthology.orchestra.run.smithi076.stdout:/usr/bin/ceph: stderr
2024-09-19T07:42:12.522+0000 7f9552a0d640 1 Processor -- start
2024-09-19T07:42:13.324 INFO:teuthology.orchestra.run.smithi076.stdout:/usr/bin/ceph: stderr
2024-09-19T07:42:12.522+0000 7f9552a0d640 1 -- start start
2024-09-19T07:42:13.324 INFO:teuthology.orchestra.run.smithi076.stdout:/usr/bin/ceph: stderr
2024-09-19T07:42:12.523+0000 7f9552a0d640 1 --2- >> [v2:172.21.15.76:3300/0,v1:172.21.15.76:6789/0] conn(0x7f954c07e6d0 0x7f954c19dac0 unknown :-1 s=NONE pgs=0 cs=0 l=1 rev1=0 crypto rx=0 tx=0 comp rx=0 tx=0).connect
2024-09-19T07:42:13.324 INFO:teuthology.orchestra.run.smithi076.stdout:/usr/bin/ceph: stderr
2024-09-19T07:42:12.523+0000 7f9552a0d640 1 -- --> [v2:172.21.15.76:3300/0,v1:172.21.15.76:6789/0] -- mon_getmap magic: 0 -- 0x7f954c10def0 con 0x7f954c07e6d0
2024-09-19T07:42:13.324 INFO:teuthology.orchestra.run.smithi076.stdout:/usr/bin/ceph: stderr
2024-09-19T07:42:12.523+0000 7f954bfff640 1 --2- >> [v2:172.21.15.76:3300/0,v1:172.21.15.76:6789/0] conn(0x7f954c07e6d0 0x7f954c19dac0 unknown :-1 s=BANNER_CONNECTING pgs=0 cs=0 l=1 rev1=0 crypto rx=0 tx=0 comp rx=0 tx=0)._handle_peer_banner_payload supported=3 required=0
2024-09-19T07:42:13.324 INFO:teuthology.orchestra.run.smithi076.stdout:/usr/bin/ceph: stderr
2024-09-19T07:42:12.523+0000 7f954bfff640 1 --2- >> [v2:172.21.15.76:3300/0,v1:172.21.15.76:6789/0] conn(0x7f954c07e6d0 0x7f954c19dac0 unknown :-1 s=HELLO_CONNECTING pgs=0 cs=0 l=1 rev1=1 crypto rx=0 tx=0 comp rx=0 tx=0).handle_hello peer v2:172.21.15.76:3300/0 says I am v2:172.21.15.76:50196/0 (socket says 172.21.15.76:50196)
2024-09-19T07:42:13.324 INFO:teuthology.orchestra.run.smithi076.stdout:/usr/bin/ceph: stderr
2024-09-19T07:42:12.523+0000 7f954bfff640 1 -- 172.21.15.76:0/3286385204 learned_addr learned my addr 172.21.15.76:0/3286385204 (peer_addr_for_me v2:172.21.15.76:0/0)
2024-09-19T07:42:13.324 INFO:teuthology.orchestra.run.smithi076.stdout:/usr/bin/ceph: stderr
2024-09-19T07:42:12.523+0000 7f954bfff640 1 -- 172.21.15.76:0/3286385204 --> [v2:172.21.15.76:3300/0,v1:172.21.15.76:6789/0] -- mon_subscribe({config=0+,monmap=0+}) -- 0x7f954c19e000 con 0x7f954c07e6d0
2024-09-19T07:42:13.324 INFO:teuthology.orchestra.run.smithi076.stdout:/usr/bin/ceph: stderr
2024-09-19T07:42:12.523+0000 7f954bfff640 1 --2- 172.21.15.76:0/3286385204 >> [v2:172.21.15.76:3300/0,v1:172.21.15.76:6789/0] conn(0x7f954c07e6d0 0x7f954c19dac0 secure :-1 s=READY pgs=38 cs=0 l=1 rev1=1 crypto rx=0x7f953c031000 tx=0x7f953c032e40 comp rx=0 tx=0).ready entity=mon.0 client_cookie=0 server_cookie=0 in_seq=0 out_seq=0
2024-09-19T07:42:13.324 INFO:teuthology.orchestra.run.smithi076.stdout:/usr/bin/ceph: stderr
2024-09-19T07:42:12.523+0000 7f95497fa640 1 -- 172.21.15.76:0/3286385204 <== mon.0 v2:172.21.15.76:3300/0 1 ==== mon_map magic: 0 ==== 205+0+0 (secure 0 0 0) 0x7f953c042070 con 0x7f954c07e6d0
2024-09-19T07:42:13.325 INFO:teuthology.orchestra.run.smithi076.stdout:/usr/bin/ceph: stderr
2024-09-19T07:42:12.523+0000 7f95497fa640 1 -- 172.21.15.76:0/3286385204 <== mon.0 v2:172.21.15.76:3300/0 2 ==== config(28 keys) ==== 1143+0+0 (secure 0 0 0) 0x7f953c0325f0 con 0x7f954c07e6d0
2024-09-19T07:42:13.325 INFO:teuthology.orchestra.run.smithi076.stdout:/usr/bin/ceph: stderr
2024-09-19T07:42:12.523+0000 7f9552a0d640 1 -- 172.21.15.76:0/3286385204 --> [v2:172.21.15.76:3300/0,v1:172.21.15.76:6789/0] -- mon_subscribe({mgrmap=0+}) -- 0x7f954c19e290 con 0x7f954c07e6d0
2024-09-19T07:42:13.325 INFO:teuthology.orchestra.run.smithi076.stdout:/usr/bin/ceph: stderr
2024-09-19T07:42:12.523+0000 7f95497fa640 1 -- 172.21.15.76:0/3286385204 <== mon.0 v2:172.21.15.76:3300/0 3 ==== mon_map magic: 0 ==== 205+0+0 (secure 0 0 0) 0x7f953c037040 con 0x7f954c07e6d0
2024-09-19T07:42:13.325 INFO:teuthology.orchestra.run.smithi076.stdout:/usr/bin/ceph: stderr
2024-09-19T07:42:12.523+0000 7f9552a0d640 1 -- 172.21.15.76:0/3286385204 --> [v2:172.21.15.76:3300/0,v1:172.21.15.76:6789/0] -- mon_subscribe({osdmap=0}) -- 0x7f954c1a0f80 con 0x7f954c07e6d0
2024-09-19T07:42:13.325 INFO:teuthology.orchestra.run.smithi076.stdout:/usr/bin/ceph: stderr
2024-09-19T07:42:12.524+0000 7f95497fa640 1 -- 172.21.15.76:0/3286385204 <== mon.0 v2:172.21.15.76:3300/0 4 ==== mgrmap(e 8) ==== 46461+0+0 (secure 0 0 0) 0x7f953c045070 con 0x7f954c07e6d0
2024-09-19T07:42:13.325 INFO:teuthology.orchestra.run.smithi076.stdout:/usr/bin/ceph: stderr
2024-09-19T07:42:12.524+0000 7f9552a0d640 1 -- 172.21.15.76:0/3286385204 --> [v2:172.21.15.76:3300/0,v1:172.21.15.76:6789/0] -- mon_command({"prefix": "get_command_descriptions"} v 0) -- 0x7f954c07cbb0 con 0x7f954c07e6d0
2024-09-19T07:42:13.325 INFO:teuthology.orchestra.run.smithi076.stdout:/usr/bin/ceph: stderr
2024-09-19T07:42:12.524+0000 7f95497fa640 1 --2- 172.21.15.76:0/3286385204 >> [v2:172.21.15.76:6800/1863850030,v1:172.21.15.76:6801/1863850030] conn(0x7f95340391b0 0x7f953403b670 unknown :-1 s=NONE pgs=0 cs=0 l=1 rev1=0 crypto rx=0 tx=0 comp rx=0 tx=0).connect
2024-09-19T07:42:13.325 INFO:teuthology.orchestra.run.smithi076.stdout:/usr/bin/ceph: stderr
2024-09-19T07:42:12.525+0000 7f95497fa640 1 -- 172.21.15.76:0/3286385204 <== mon.0 v2:172.21.15.76:3300/0 5 ==== osd_map(2..2 src has 1..2) ==== 940+0+0 (secure 0 0 0) 0x7f953c06c520 con 0x7f954c07e6d0
2024-09-19T07:42:13.325 INFO:teuthology.orchestra.run.smithi076.stdout:/usr/bin/ceph: stderr
2024-09-19T07:42:12.525+0000 7f954b7fe640 1 --2- 172.21.15.76:0/3286385204 >> [v2:172.21.15.76:6800/1863850030,v1:172.21.15.76:6801/1863850030] conn(0x7f95340391b0 0x7f953403b670 unknown :-1 s=BANNER_CONNECTING pgs=0 cs=0 l=1 rev1=0 crypto rx=0 tx=0 comp rx=0 tx=0)._handle_peer_banner_payload supported=3 required=0
2024-09-19T07:42:13.325 INFO:teuthology.orchestra.run.smithi076.stdout:/usr/bin/ceph: stderr
2024-09-19T07:42:12.525+0000 7f954b7fe640 1 --2- 172.21.15.76:0/3286385204 >> [v2:172.21.15.76:6800/1863850030,v1:172.21.15.76:6801/1863850030] conn(0x7f95340391b0 0x7f953403b670 secure :-1 s=READY pgs=8 cs=0 l=1 rev1=1 crypto rx=0x7f95400098c0 tx=0x7f9540006db0 comp rx=0 tx=0).ready entity=mgr.14118 client_cookie=0 server_cookie=0 in_seq=0 out_seq=0
2024-09-19T07:42:13.325 INFO:teuthology.orchestra.run.smithi076.stdout:/usr/bin/ceph: stderr
2024-09-19T07:42:12.529+0000 7f95497fa640 1 -- 172.21.15.76:0/3286385204 <== mon.0 v2:172.21.15.76:3300/0 6 ==== mon_command_ack([{"prefix": "get_command_descriptions"}]=0 v0) ==== 72+0+188913 (secure 0 0 0) 0x7f953c047440 con 0x7f954c07e6d0
2024-09-19T07:42:13.325 INFO:teuthology.orchestra.run.smithi076.stdout:/usr/bin/ceph: stderr
2024-09-19T07:42:12.697+0000 7f9552a0d640 1 -- 172.21.15.76:0/3286385204 --> [v2:172.21.15.76:6800/1863850030,v1:172.21.15.76:6801/1863850030] -- mgr_command(tid 0: {"prefix": "cephadm set-user", "user": "root", "target": ["mon-mgr", ""]}) -- 0x7f954c1043b0 con 0x7f95340391b0
2024-09-19T07:42:13.325 INFO:teuthology.orchestra.run.smithi076.stdout:/usr/bin/ceph: stderr
2024-09-19T07:42:12.698+0000 7f95497fa640 1 -- 172.21.15.76:0/3286385204 <== mgr.14118 v2:172.21.15.76:6800/1863850030 1 ==== mgr_command_reply(tid 0: 0 ) ==== 8+0+16 (secure 0 0 0) 0x7f954c1043b0 con 0x7f95340391b0
2024-09-19T07:42:13.325 INFO:teuthology.orchestra.run.smithi076.stdout:/usr/bin/ceph: stderr
2024-09-19T07:42:12.700+0000 7f9552a0d640 1 -- 172.21.15.76:0/3286385204 >> [v2:172.21.15.76:6800/1863850030,v1:172.21.15.76:6801/1863850030] conn(0x7f95340391b0 msgr2=0x7f953403b670 secure :-1 s=STATE_CONNECTION_ESTABLISHED l=1).mark_down
2024-09-19T07:42:13.326 INFO:teuthology.orchestra.run.smithi076.stdout:/usr/bin/ceph: stderr
2024-09-19T07:42:12.700+0000 7f9552a0d640 1 --2- 172.21.15.76:0/3286385204 >> [v2:172.21.15.76:6800/1863850030,v1:172.21.15.76:6801/1863850030] conn(0x7f95340391b0 0x7f953403b670 secure :-1 s=READY pgs=8 cs=0 l=1 rev1=1 crypto rx=0x7f95400098c0 tx=0x7f9540006db0 comp rx=0 tx=0).stop
2024-09-19T07:42:13.326 INFO:teuthology.orchestra.run.smithi076.stdout:/usr/bin/ceph: stderr
2024-09-19T07:42:12.700+0000 7f9552a0d640 1 -- 172.21.15.76:0/3286385204 >> [v2:172.21.15.76:3300/0,v1:172.21.15.76:6789/0] conn(0x7f954c07e6d0 msgr2=0x7f954c19dac0 secure :-1 s=STATE_CONNECTION_ESTABLISHED l=1).mark_down
2024-09-19T07:42:13.326 INFO:teuthology.orchestra.run.smithi076.stdout:/usr/bin/ceph: stderr
2024-09-19T07:42:12.700+0000 7f9552a0d640 1 --2- 172.21.15.76:0/3286385204 >> [v2:172.21.15.76:3300/0,v1:172.21.15.76:6789/0] conn(0x7f954c07e6d0 0x7f954c19dac0 secure :-1 s=READY pgs=38 cs=0 l=1 rev1=1 crypto rx=0x7f953c031000 tx=0x7f953c032e40 comp rx=0 tx=0).stop
2024-09-19T07:42:13.326 INFO:teuthology.orchestra.run.smithi076.stdout:/usr/bin/ceph: stderr
2024-09-19T07:42:12.700+0000 7f9552a0d640 1 -- 172.21.15.76:0/3286385204 shutdown_connections
2024-09-19T07:42:13.326 INFO:teuthology.orchestra.run.smithi076.stdout:/usr/bin/ceph: stderr
2024-09-19T07:42:12.700+0000 7f9552a0d640 1 --2- 172.21.15.76:0/3286385204 >> [v2:172.21.15.76:6800/1863850030,v1:172.21.15.76:6801/1863850030] conn(0x7f95340391b0 0x7f953403b670 unknown :-1 s=CLOSED pgs=8 cs=0 l=1 rev1=1 crypto rx=0 tx=0 comp rx=0 tx=0).stop
2024-09-19T07:42:13.326 INFO:teuthology.orchestra.run.smithi076.stdout:/usr/bin/ceph: stderr
2024-09-19T07:42:12.700+0000 7f9552a0d640 1 --2- 172.21.15.76:0/3286385204 >> [v2:172.21.15.76:3300/0,v1:172.21.15.76:6789/0] conn(0x7f954c07e6d0 0x7f954c19dac0 unknown :-1 s=CLOSED pgs=38 cs=0 l=1 rev1=1 crypto rx=0 tx=0 comp rx=0 tx=0).stop
2024-09-19T07:42:13.326 INFO:teuthology.orchestra.run.smithi076.stdout:/usr/bin/ceph: stderr
2024-09-19T07:42:12.700+0000 7f9552a0d640 1 -- 172.21.15.76:0/3286385204 >> 172.21.15.76:0/3286385204 conn(0x7f954c103070 msgr2=0x7f954c103ca0 unknown :-1 s=STATE_NONE l=0).mark_down
2024-09-19T07:42:13.326 INFO:teuthology.orchestra.run.smithi076.stdout:/usr/bin/ceph: stderr
2024-09-19T07:42:12.700+0000 7f9552a0d640 1 -- 172.21.15.76:0/3286385204 shutdown_connections
2024-09-19T07:42:13.326 INFO:teuthology.orchestra.run.smithi076.stdout:/usr/bin/ceph: stderr
2024-09-19T07:42:12.700+0000 7f9552a0d640 1 -- 172.21.15.76:0/3286385204 wait complete.
2024-09-19T07:42:13.326 INFO:teuthology.orchestra.run.smithi076.stdout:Generating ssh key...
2024-09-19T07:42:13.601 INFO:journalctl@ceph.mon.a.smithi076.stdout:Sep 19 07:42:13 smithi076 ceph-mon[30930]: from='client.14130 -' entity='client.admin' cmd=[{"prefix": "orch set backend", "module_name": "cephadm", "target": ["mon-mgr", ""]}]: dispatch
2024-09-19T07:42:14.194 INFO:journalctl@ceph.mgr.x.smithi076.stdout:Sep 19 07:42:13 smithi076 ceph-6aad871c-765a-11ef-bceb-c7b262605968-mgr-x[31156]: Generating public/private rsa key pair.
2024-09-19T07:42:14.194 INFO:journalctl@ceph.mgr.x.smithi076.stdout:Sep 19 07:42:13 smithi076 ceph-6aad871c-765a-11ef-bceb-c7b262605968-mgr-x[31156]: Your identification has been saved in /tmp/tmp_5caetco/key
2024-09-19T07:42:14.194 INFO:journalctl@ceph.mgr.x.smithi076.stdout:Sep 19 07:42:13 smithi076 ceph-6aad871c-765a-11ef-bceb-c7b262605968-mgr-x[31156]: Your public key has been saved in /tmp/tmp_5caetco/key.pub
2024-09-19T07:42:14.194 INFO:journalctl@ceph.mgr.x.smithi076.stdout:Sep 19 07:42:13 smithi076 ceph-6aad871c-765a-11ef-bceb-c7b262605968-mgr-x[31156]: The key fingerprint is:
2024-09-19T07:42:14.194 INFO:journalctl@ceph.mgr.x.smithi076.stdout:Sep 19 07:42:13 smithi076 ceph-6aad871c-765a-11ef-bceb-c7b262605968-mgr-x[31156]: SHA256:bhQDn7PG1wZB4SzwIyIKvbLfcon2aSxaFaqPK14VpjY ceph-6aad871c-765a-11ef-bceb-c7b262605968
2024-09-19T07:42:14.195 INFO:journalctl@ceph.mgr.x.smithi076.stdout:Sep 19 07:42:13 smithi076 ceph-6aad871c-765a-11ef-bceb-c7b262605968-mgr-x[31156]: The key's randomart image is:
2024-09-19T07:42:14.195 INFO:journalctl@ceph.mgr.x.smithi076.stdout:Sep 19 07:42:13 smithi076 ceph-6aad871c-765a-11ef-bceb-c7b262605968-mgr-x[31156]: +---[RSA 3072]----+
