2024-09-19T07:42:34.856+0000 7fd29cff9640 1 -- 172.21.15.76:0/3215018093 <== mgr.14150 v2:172.21.15.76:6800/1377496784 1 ==== mgr_command_reply(tid 0: 0 ) ==== 8+0+32 (secure 0 0 0) 0x7fd2a0103230 con 0x7fd28c039260
2024-09-19T07:42:35.508 INFO:teuthology.orchestra.run.smithi076.stdout:/usr/bin/ceph: stderr
2024-09-19T07:42:34.858+0000 7fd2a5f0c640 1 -- 172.21.15.76:0/3215018093 >> [v2:172.21.15.76:6800/1377496784,v1:172.21.15.76:6801/1377496784] conn(0x7fd28c039260 msgr2=0x7fd28c03b720 secure :-1 s=STATE_CONNECTION_ESTABLISHED l=1).mark_down
2024-09-19T07:42:35.508 INFO:teuthology.orchestra.run.smithi076.stdout:/usr/bin/ceph: stderr
2024-09-19T07:42:34.858+0000 7fd2a5f0c640 1 --2- 172.21.15.76:0/3215018093 >> [v2:172.21.15.76:6800/1377496784,v1:172.21.15.76:6801/1377496784] conn(0x7fd28c039260 0x7fd28c03b720 secure :-1 s=READY pgs=7 cs=0 l=1 rev1=1 crypto rx=0x7fd2880098c0 tx=0x7fd288006db0 comp rx=0 tx=0).stop
2024-09-19T07:42:35.508 INFO:teuthology.orchestra.run.smithi076.stdout:/usr/bin/ceph: stderr
2024-09-19T07:42:34.858+0000 7fd2a5f0c640 1 -- 172.21.15.76:0/3215018093 >> [v2:172.21.15.76:3300/0,v1:172.21.15.76:6789/0] conn(0x7fd2a01082c0 msgr2=0x7fd2a019b8a0 secure :-1 s=STATE_CONNECTION_ESTABLISHED l=1).mark_down
2024-09-19T07:42:35.508 INFO:teuthology.orchestra.run.smithi076.stdout:/usr/bin/ceph: stderr
2024-09-19T07:42:34.858+0000 7fd2a5f0c640 1 --2- 172.21.15.76:0/3215018093 >> [v2:172.21.15.76:3300/0,v1:172.21.15.76:6789/0] conn(0x7fd2a01082c0 0x7fd2a019b8a0 secure :-1 s=READY pgs=69 cs=0 l=1 rev1=1 crypto rx=0x7fd290032670 tx=0x7fd2900326a0 comp rx=0 tx=0).stop
2024-09-19T07:42:35.508 INFO:teuthology.orchestra.run.smithi076.stdout:/usr/bin/ceph: stderr
2024-09-19T07:42:34.858+0000 7fd2a5f0c640 1 -- 172.21.15.76:0/3215018093 shutdown_connections
2024-09-19T07:42:35.508 INFO:teuthology.orchestra.run.smithi076.stdout:/usr/bin/ceph: stderr
2024-09-19T07:42:34.858+0000 7fd2a5f0c640 1 --2- 172.21.15.76:0/3215018093 >> [v2:172.21.15.76:6800/1377496784,v1:172.21.15.76:6801/1377496784] conn(0x7fd28c039260 0x7fd28c03b720 unknown :-1 s=CLOSED pgs=7 cs=0 l=1 rev1=1 crypto rx=0 tx=0 comp rx=0 tx=0).stop
2024-09-19T07:42:35.508 INFO:teuthology.orchestra.run.smithi076.stdout:/usr/bin/ceph: stderr
2024-09-19T07:42:34.858+0000 7fd2a5f0c640 1 --2- 172.21.15.76:0/3215018093 >> [v2:172.21.15.76:3300/0,v1:172.21.15.76:6789/0] conn(0x7fd2a01082c0 0x7fd2a019b8a0 unknown :-1 s=CLOSED pgs=69 cs=0 l=1 rev1=1 crypto rx=0 tx=0 comp rx=0 tx=0).stop
2024-09-19T07:42:35.508 INFO:teuthology.orchestra.run.smithi076.stdout:/usr/bin/ceph: stderr
2024-09-19T07:42:34.858+0000 7fd2a5f0c640 1 -- 172.21.15.76:0/3215018093 >> 172.21.15.76:0/3215018093 conn(0x7fd2a0101f20 msgr2=0x7fd2a0102b20 unknown :-1 s=STATE_NONE l=0).mark_down
2024-09-19T07:42:35.508 INFO:teuthology.orchestra.run.smithi076.stdout:/usr/bin/ceph: stderr
2024-09-19T07:42:34.858+0000 7fd2a5f0c640 1 -- 172.21.15.76:0/3215018093 shutdown_connections
2024-09-19T07:42:35.508 INFO:teuthology.orchestra.run.smithi076.stdout:/usr/bin/ceph: stderr
2024-09-19T07:42:34.858+0000 7fd2a5f0c640 1 -- 172.21.15.76:0/3215018093 wait complete.
2024-09-19T07:42:35.509 INFO:teuthology.orchestra.run.smithi076.stdout:Creating initial admin user...
2024-09-19T07:42:35.694 INFO:journalctl@ceph.mon.a.smithi076.stdout:Sep 19 07:42:35 smithi076 ceph-mon[30930]: [19/Sep/2024:07:42:33] ENGINE Serving on http://172.21.15.76:8765
2024-09-19T07:42:35.694 INFO:journalctl@ceph.mon.a.smithi076.stdout:Sep 19 07:42:35 smithi076 ceph-mon[30930]: [19/Sep/2024:07:42:33] ENGINE Bus STARTED
2024-09-19T07:42:35.694 INFO:journalctl@ceph.mon.a.smithi076.stdout:Sep 19 07:42:35 smithi076 ceph-mon[30930]: mgrmap e12: x(active, since 2s)
2024-09-19T07:42:35.694 INFO:journalctl@ceph.mon.a.smithi076.stdout:Sep 19 07:42:35 smithi076 ceph-mon[30930]: from='mgr.14150 172.21.15.76:0/3010647651' entity='mgr.x'
2024-09-19T07:42:35.694 INFO:journalctl@ceph.mon.a.smithi076.stdout:Sep 19 07:42:35 smithi076 ceph-mon[30930]: from='mgr.14150 172.21.15.76:0/3010647651' entity='mgr.x'
2024-09-19T07:42:35.694 INFO:journalctl@ceph.mon.a.smithi076.stdout:Sep 19 07:42:35 smithi076 ceph-mon[30930]: from='mgr.14150 172.21.15.76:0/3010647651' entity='mgr.x'
2024-09-19T07:42:36.694 INFO:journalctl@ceph.mon.a.smithi076.stdout:Sep 19 07:42:36 smithi076 ceph-mon[30930]: from='client.14162 -' entity='client.admin' cmd=[{"prefix": "dashboard create-self-signed-cert", "target": ["mon-mgr", ""]}]: dispatch
2024-09-19T07:42:36.694 INFO:journalctl@ceph.mon.a.smithi076.stdout:Sep 19 07:42:36 smithi076 ceph-mon[30930]: from='mgr.14150 172.21.15.76:0/3010647651' entity='mgr.x'
2024-09-19T07:42:36.694 INFO:journalctl@ceph.mon.a.smithi076.stdout:Sep 19 07:42:36 smithi076 ceph-mon[30930]: from='mgr.14150 172.21.15.76:0/3010647651' entity='mgr.x'
2024-09-19T07:42:37.504 INFO:teuthology.orchestra.run.smithi076.stdout:/usr/bin/ceph: stdout {"username": "admin", "password": "$2b$12$IJW15hU0Clpvi9wNWp11v.akdAFAjuRRWPneGQYizCaMANX/BNP/S", "roles": ["administrator"], "name": null, "email": null, "lastUpdate": 1726731756, "enabled": true, "pwdExpirationDate": null, "pwdUpdateRequired": true}
2024-09-19T07:42:37.504 INFO:teuthology.orchestra.run.smithi076.stdout:/usr/bin/ceph: stderr
2024-09-19T07:42:35.957+0000 7f897d0fa640 1 Processor -- start
2024-09-19T07:42:37.504 INFO:teuthology.orchestra.run.smithi076.stdout:/usr/bin/ceph: stderr
2024-09-19T07:42:35.957+0000 7f897d0fa640 1 -- start start
2024-09-19T07:42:37.504 INFO:teuthology.orchestra.run.smithi076.stdout:/usr/bin/ceph: stderr
2024-09-19T07:42:35.957+0000 7f897d0fa640 1 --2- >> [v2:172.21.15.76:3300/0,v1:172.21.15.76:6789/0] conn(0x7f8978105e70 0x7f8978106270 unknown :-1 s=NONE pgs=0 cs=0 l=0 rev1=0 crypto rx=0 tx=0 comp rx=0 tx=0).connect
2024-09-19T07:42:37.504 INFO:teuthology.orchestra.run.smithi076.stdout:/usr/bin/ceph: stderr
2024-09-19T07:42:35.957+0000 7f897d0fa640 1 -- --> [v2:172.21.15.76:3300/0,v1:172.21.15.76:6789/0] -- mon_getmap magic: 0 -- 0x7f89781067b0 con 0x7f8978105e70
2024-09-19T07:42:37.505 INFO:teuthology.orchestra.run.smithi076.stdout:/usr/bin/ceph: stderr
2024-09-19T07:42:35.957+0000 7f8976d9d640 1 --2- >> [v2:172.21.15.76:3300/0,v1:172.21.15.76:6789/0] conn(0x7f8978105e70 0x7f8978106270 unknown :-1 s=BANNER_CONNECTING pgs=0 cs=0 l=0 rev1=0 crypto rx=0 tx=0 comp rx=0 tx=0)._handle_peer_banner_payload supported=3 required=0
2024-09-19T07:42:37.505 INFO:teuthology.orchestra.run.smithi076.stdout:/usr/bin/ceph: stderr
2024-09-19T07:42:35.957+0000 7f8976d9d640 1 --2- >> [v2:172.21.15.76:3300/0,v1:172.21.15.76:6789/0] conn(0x7f8978105e70 0x7f8978106270 unknown :-1 s=HELLO_CONNECTING pgs=0 cs=0 l=0 rev1=1 crypto rx=0 tx=0 comp rx=0 tx=0).handle_hello peer v2:172.21.15.76:3300/0 says I am v2:172.21.15.76:38654/0 (socket says 172.21.15.76:38654)
2024-09-19T07:42:37.505 INFO:teuthology.orchestra.run.smithi076.stdout:/usr/bin/ceph: stderr
2024-09-19T07:42:35.957+0000 7f8976d9d640 1 -- 172.21.15.76:0/350441566 learned_addr learned my addr 172.21.15.76:0/350441566 (peer_addr_for_me v2:172.21.15.76:0/0)
2024-09-19T07:42:37.505 INFO:teuthology.orchestra.run.smithi076.stdout:/usr/bin/ceph: stderr
2024-09-19T07:42:35.958+0000 7f8976d9d640 1 -- 172.21.15.76:0/350441566 --> [v2:172.21.15.76:3300/0,v1:172.21.15.76:6789/0] -- mon_subscribe({config=0+,monmap=0+}) -- 0x7f8978107060 con 0x7f8978105e70
2024-09-19T07:42:37.505 INFO:teuthology.orchestra.run.smithi076.stdout:/usr/bin/ceph: stderr
2024-09-19T07:42:35.958+0000 7f8976d9d640 1 --2- 172.21.15.76:0/350441566 >> [v2:172.21.15.76:3300/0,v1:172.21.15.76:6789/0] conn(0x7f8978105e70 0x7f8978106270 secure :-1 s=READY pgs=70 cs=0 l=1 rev1=1 crypto rx=0x7f8968009820 tx=0x7f896802a270 comp rx=0 tx=0).ready entity=mon.0 client_cookie=677c4349805bc224 server_cookie=0 in_seq=0 out_seq=0
2024-09-19T07:42:37.505 INFO:teuthology.orchestra.run.smithi076.stdout:/usr/bin/ceph: stderr
2024-09-19T07:42:35.958+0000 7f8975d9b640 1 -- 172.21.15.76:0/350441566 <== mon.0 v2:172.21.15.76:3300/0 1 ==== mon_map magic: 0 ==== 205+0+0 (secure 0 0 0) 0x7f8968037070 con 0x7f8978105e70
2024-09-19T07:42:37.505 INFO:teuthology.orchestra.run.smithi076.stdout:/usr/bin/ceph: stderr
2024-09-19T07:42:35.958+0000 7f8975d9b640 1 -- 172.21.15.76:0/350441566 <== mon.0 v2:172.21.15.76:3300/0 2 ==== config(28 keys) ==== 1174+0+0 (secure 0 0 0) 0x7f8968032940 con 0x7f8978105e70
2024-09-19T07:42:37.505 INFO:teuthology.orchestra.run.smithi076.stdout:/usr/bin/ceph: stderr
2024-09-19T07:42:35.958+0000 7f8975d9b640 1 -- 172.21.15.76:0/350441566 <== mon.0 v2:172.21.15.76:3300/0 3 ==== mon_map magic: 0 ==== 205+0+0 (secure 0 0 0) 0x7f89680308b0 con 0x7f8978105e70
2024-09-19T07:42:37.505 INFO:teuthology.orchestra.run.smithi076.stdout:/usr/bin/ceph: stderr
2024-09-19T07:42:35.959+0000 7f897d0fa640 1 -- 172.21.15.76:0/350441566 >> [v2:172.21.15.76:3300/0,v1:172.21.15.76:6789/0] conn(0x7f8978105e70 msgr2=0x7f8978106270 secure :-1 s=STATE_CONNECTION_ESTABLISHED l=1).mark_down
2024-09-19T07:42:37.505 INFO:teuthology.orchestra.run.smithi076.stdout:/usr/bin/ceph: stderr
2024-09-19T07:42:35.959+0000 7f897d0fa640 1 --2- 172.21.15.76:0/350441566 >> [v2:172.21.15.76:3300/0,v1:172.21.15.76:6789/0] conn(0x7f8978105e70 0x7f8978106270 secure :-1 s=READY pgs=70 cs=0 l=1 rev1=1 crypto rx=0x7f8968009820 tx=0x7f896802a270 comp rx=0 tx=0).stop
2024-09-19T07:42:37.505 INFO:teuthology.orchestra.run.smithi076.stdout:/usr/bin/ceph: stderr
2024-09-19T07:42:35.959+0000 7f897d0fa640 1 -- 172.21.15.76:0/350441566 shutdown_connections
2024-09-19T07:42:37.506 INFO:teuthology.orchestra.run.smithi076.stdout:/usr/bin/ceph: stderr
2024-09-19T07:42:35.959+0000 7f897d0fa640 1 --2- 172.21.15.76:0/350441566 >> [v2:172.21.15.76:3300/0,v1:172.21.15.76:6789/0] conn(0x7f8978105e70 0x7f8978106270 unknown :-1 s=CLOSED pgs=70 cs=0 l=1 rev1=1 crypto rx=0 tx=0 comp rx=0 tx=0).stop
2024-09-19T07:42:37.506 INFO:teuthology.orchestra.run.smithi076.stdout:/usr/bin/ceph: stderr
2024-09-19T07:42:35.959+0000 7f897d0fa640 1 -- 172.21.15.76:0/350441566 >> 172.21.15.76:0/350441566 conn(0x7f89781016b0 msgr2=0x7f8978103ad0 unknown :-1 s=STATE_NONE l=0).mark_down
2024-09-19T07:42:37.506 INFO:teuthology.orchestra.run.smithi076.stdout:/usr/bin/ceph: stderr
2024-09-19T07:42:35.959+0000 7f897d0fa640 1 -- 172.21.15.76:0/350441566 shutdown_connections
2024-09-19T07:42:37.506 INFO:teuthology.orchestra.run.smithi076.stdout:/usr/bin/ceph: stderr
2024-09-19T07:42:35.959+0000 7f897d0fa640 1 -- 172.21.15.76:0/350441566 wait complete.
2024-09-19T07:42:37.506 INFO:teuthology.orchestra.run.smithi076.stdout:/usr/bin/ceph: stderr
2024-09-19T07:42:35.960+0000 7f897d0fa640 1 Processor -- start
2024-09-19T07:42:37.506 INFO:teuthology.orchestra.run.smithi076.stdout:/usr/bin/ceph: stderr
2024-09-19T07:42:35.960+0000 7f897d0fa640 1 -- start start
2024-09-19T07:42:37.506 INFO:teuthology.orchestra.run.smithi076.stdout:/usr/bin/ceph: stderr
2024-09-19T07:42:35.960+0000 7f897d0fa640 1 --2- >> [v2:172.21.15.76:3300/0,v1:172.21.15.76:6789/0] conn(0x7f8978105e70 0x7f897819b8e0 unknown :-1 s=NONE pgs=0 cs=0 l=1 rev1=0 crypto rx=0 tx=0 comp rx=0 tx=0).connect
2024-09-19T07:42:37.506 INFO:teuthology.orchestra.run.smithi076.stdout:/usr/bin/ceph: stderr
2024-09-19T07:42:35.960+0000 7f897d0fa640 1 -- --> [v2:172.21.15.76:3300/0,v1:172.21.15.76:6789/0] -- mon_getmap magic: 0 -- 0x7f897810a320 con 0x7f8978105e70
2024-09-19T07:42:37.506 INFO:teuthology.orchestra.run.smithi076.stdout:/usr/bin/ceph: stderr
2024-09-19T07:42:35.960+0000 7f8976d9d640 1 --2- >> [v2:172.21.15.76:3300/0,v1:172.21.15.76:6789/0] conn(0x7f8978105e70 0x7f897819b8e0 unknown :-1 s=BANNER_CONNECTING pgs=0 cs=0 l=1 rev1=0 crypto rx=0 tx=0 comp rx=0 tx=0)._handle_peer_banner_payload supported=3 required=0
2024-09-19T07:42:37.506 INFO:teuthology.orchestra.run.smithi076.stdout:/usr/bin/ceph: stderr
2024-09-19T07:42:35.960+0000 7f8976d9d640 1 --2- >> [v2:172.21.15.76:3300/0,v1:172.21.15.76:6789/0] conn(0x7f8978105e70 0x7f897819b8e0 unknown :-1 s=HELLO_CONNECTING pgs=0 cs=0 l=1 rev1=1 crypto rx=0 tx=0 comp rx=0 tx=0).handle_hello peer v2:172.21.15.76:3300/0 says I am v2:172.21.15.76:38664/0 (socket says 172.21.15.76:38664)
2024-09-19T07:42:37.506 INFO:teuthology.orchestra.run.smithi076.stdout:/usr/bin/ceph: stderr
2024-09-19T07:42:35.960+0000 7f8976d9d640 1 -- 172.21.15.76:0/1834659857 learned_addr learned my addr 172.21.15.76:0/1834659857 (peer_addr_for_me v2:172.21.15.76:0/0)
2024-09-19T07:42:37.506 INFO:teuthology.orchestra.run.smithi076.stdout:/usr/bin/ceph: stderr
2024-09-19T07:42:35.961+0000 7f8976d9d640 1 -- 172.21.15.76:0/1834659857 --> [v2:172.21.15.76:3300/0,v1:172.21.15.76:6789/0] -- mon_subscribe({config=0+,monmap=0+}) -- 0x7f897819be20 con 0x7f8978105e70
2024-09-19T07:42:37.507 INFO:teuthology.orchestra.run.smithi076.stdout:/usr/bin/ceph: stderr
2024-09-19T07:42:35.961+0000 7f8976d9d640 1 --2- 172.21.15.76:0/1834659857 >> [v2:172.21.15.76:3300/0,v1:172.21.15.76:6789/0] conn(0x7f8978105e70 0x7f897819b8e0 secure :-1 s=READY pgs=71 cs=0 l=1 rev1=1 crypto rx=0x7f8968032670 tx=0x7f89680326a0 comp rx=0 tx=0).ready entity=mon.0 client_cookie=0 server_cookie=0 in_seq=0 out_seq=0
2024-09-19T07:42:37.507 INFO:teuthology.orchestra.run.smithi076.stdout:/usr/bin/ceph: stderr
2024-09-19T07:42:35.961+0000 7f895ffff640 1 -- 172.21.15.76:0/1834659857 <== mon.0 v2:172.21.15.76:3300/0 1 ==== mon_map magic: 0 ==== 205+0+0 (secure 0 0 0) 0x7f8968042070 con 0x7f8978105e70
2024-09-19T07:42:37.507 INFO:teuthology.orchestra.run.smithi076.stdout:/usr/bin/ceph: stderr
2024-09-19T07:42:35.961+0000 7f897d0fa640 1 -- 172.21.15.76:0/1834659857 --> [v2:172.21.15.76:3300/0,v1:172.21.15.76:6789/0] -- mon_subscribe({mgrmap=0+}) -- 0x7f897819c0b0 con 0x7f8978105e70
2024-09-19T07:42:37.507 INFO:teuthology.orchestra.run.smithi076.stdout:/usr/bin/ceph: stderr
2024-09-19T07:42:35.961+0000 7f895ffff640 1 -- 172.21.15.76:0/1834659857 <== mon.0 v2:172.21.15.76:3300/0 2 ==== config(28 keys) ==== 1174+0+0 (secure 0 0 0) 0x7f896803d930 con 0x7f8978105e70
2024-09-19T07:42:37.507 INFO:teuthology.orchestra.run.smithi076.stdout:/usr/bin/ceph: stderr
2024-09-19T07:42:35.961+0000 7f895ffff640 1 -- 172.21.15.76:0/1834659857 <== mon.0 v2:172.21.15.76:3300/0 3 ==== mon_map magic: 0 ==== 205+0+0 (secure 0 0 0) 0x7f8968037040 con 0x7f8978105e70
2024-09-19T07:42:37.507 INFO:teuthology.orchestra.run.smithi076.stdout:/usr/bin/ceph: stderr
2024-09-19T07:42:35.961+0000 7f897d0fa640 1 -- 172.21.15.76:0/1834659857 --> [v2:172.21.15.76:3300/0,v1:172.21.15.76:6789/0] -- mon_subscribe({osdmap=0}) -- 0x7f897819eda0 con 0x7f8978105e70
2024-09-19T07:42:37.507 INFO:teuthology.orchestra.run.smithi076.stdout:/usr/bin/ceph: stderr
2024-09-19T07:42:35.962+0000 7f895ffff640 1 -- 172.21.15.76:0/1834659857 <== mon.0 v2:172.21.15.76:3300/0 4 ==== mgrmap(e 12) ==== 46474+0+0 (secure 0 0 0) 0x7f8968045070 con 0x7f8978105e70
2024-09-19T07:42:37.507 INFO:teuthology.orchestra.run.smithi076.stdout:/usr/bin/ceph: stderr
2024-09-19T07:42:35.962+0000 7f895ffff640 1 --2- 172.21.15.76:0/1834659857 >> [v2:172.21.15.76:6800/1377496784,v1:172.21.15.76:6801/1377496784] conn(0x7f8960039200 0x7f896003b6c0 unknown :-1 s=NONE pgs=0 cs=0 l=1 rev1=0 crypto rx=0 tx=0 comp rx=0 tx=0).connect
2024-09-19T07:42:37.507 INFO:teuthology.orchestra.run.smithi076.stdout:/usr/bin/ceph: stderr
2024-09-19T07:42:35.962+0000 7f895ffff640 1 -- 172.21.15.76:0/1834659857 <== mon.0 v2:172.21.15.76:3300/0 5 ==== osd_map(3..3 src has 1..3) ==== 1155+0+0 (secure 0 0 0) 0x7f896806c540 con 0x7f8978105e70
2024-09-19T07:42:37.507 INFO:teuthology.orchestra.run.smithi076.stdout:/usr/bin/ceph: stderr
2024-09-19T07:42:35.962+0000 7f897d0fa640 1 -- 172.21.15.76:0/1834659857 --> [v2:172.21.15.76:3300/0,v1:172.21.15.76:6789/0] -- mon_command({"prefix": "get_command_descriptions"} v 0) -- 0x7f89781062f0 con 0x7f8978105e70
2024-09-19T07:42:37.507 INFO:teuthology.orchestra.run.smithi076.stdout:/usr/bin/ceph: stderr
2024-09-19T07:42:35.962+0000 7f897659c640 1 --2- 172.21.15.76:0/1834659857 >> [v2:172.21.15.76:6800/1377496784,v1:172.21.15.76:6801/1377496784] conn(0x7f8960039200 0x7f896003b6c0 unknown :-1 s=BANNER_CONNECTING pgs=0 cs=0 l=1 rev1=0 crypto rx=0 tx=0 comp rx=0 tx=0)._handle_peer_banner_payload supported=3 required=0
2024-09-19T07:42:37.507 INFO:teuthology.orchestra.run.smithi076.stdout:/usr/bin/ceph: stderr
2024-09-19T07:42:35.962+0000 7f897659c640 1 --2- 172.21.15.76:0/1834659857 >> [v2:172.21.15.76:6800/1377496784,v1:172.21.15.76:6801/1377496784] conn(0x7f8960039200 0x7f896003b6c0 secure :-1 s=READY pgs=8 cs=0 l=1 rev1=1 crypto rx=0x7f896c0098c0 tx=0x7f896c006db0 comp rx=0 tx=0).ready entity=mgr.14150 client_cookie=0 server_cookie=0 in_seq=0 out_seq=0
2024-09-19T07:42:37.508 INFO:teuthology.orchestra.run.smithi076.stdout:/usr/bin/ceph: stderr
2024-09-19T07:42:35.967+0000 7f895ffff640 1 -- 172.21.15.76:0/1834659857 <== mon.0 v2:172.21.15.76:3300/0 6 ==== mon_command_ack([{"prefix": "get_command_descriptions"}]=0 v0) ==== 72+0+188913 (secure 0 0 0) 0x7f896803c920 con 0x7f8978105e70
2024-09-19T07:42:37.508 INFO:teuthology.orchestra.run.smithi076.stdout:/usr/bin/ceph: stderr
2024-09-19T07:42:36.156+0000 7f897d0fa640 1 -- 172.21.15.76:0/1834659857 --> [v2:172.21.15.76:6800/1377496784,v1:172.21.15.76:6801/1377496784] -- mgr_command(tid 0: {"prefix": "dashboard ac-user-create", "username": "admin", "rolename": "administrator", "force_password": true, "pwd_update_required": true, "target": ["mon-mgr", ""]}) -- 0x7f897802d8c0 con 0x7f8960039200
2024-09-19T07:42:37.508 INFO:teuthology.orchestra.run.smithi076.stdout:/usr/bin/ceph: stderr
2024-09-19T07:42:36.381+0000 7f895ffff640 1 -- 172.21.15.76:0/1834659857 <== mgr.14150 v2:172.21.15.76:6800/1377496784 1 ==== mgr_command_reply(tid 0: 0 ) ==== 8+0+252 (secure 0 0 0) 0x7f897802d8c0 con 0x7f8960039200
2024-09-19T07:42:37.508 INFO:teuthology.orchestra.run.smithi076.stdout:/usr/bin/ceph: stderr
2024-09-19T07:42:36.383+0000 7f897d0fa640 1 -- 172.21.15.76:0/1834659857 >> [v2:172.21.15.76:6800/1377496784,v1:172.21.15.76:6801/1377496784] conn(0x7f8960039200 msgr2=0x7f896003b6c0 secure :-1 s=STATE_CONNECTION_ESTABLISHED l=1).mark_down
2024-09-19T07:42:37.508 INFO:teuthology.orchestra.run.smithi076.stdout:/usr/bin/ceph: stderr
2024-09-19T07:42:36.383+0000 7f897d0fa640 1 --2- 172.21.15.76:0/1834659857 >> [v2:172.21.15.76:6800/1377496784,v1:172.21.15.76:6801/1377496784] conn(0x7f8960039200 0x7f896003b6c0 secure :-1 s=READY pgs=8 cs=0 l=1 rev1=1 crypto rx=0x7f896c0098c0 tx=0x7f896c006db0 comp rx=0 tx=0).stop
2024-09-19T07:42:37.508 INFO:teuthology.orchestra.run.smithi076.stdout:/usr/bin/ceph: stderr
2024-09-19T07:42:36.383+0000 7f897d0fa640 1 -- 172.21.15.76:0/1834659857 >> [v2:172.21.15.76:3300/0,v1:172.21.15.76:6789/0] conn(0x7f8978105e70 msgr2=0x7f897819b8e0 secure :-1 s=STATE_CONNECTION_ESTABLISHED l=1).mark_down
2024-09-19T07:42:37.508 INFO:teuthology.orchestra.run.smithi076.stdout:/usr/bin/ceph: stderr
2024-09-19T07:42:36.383+0000 7f897d0fa640 1 --2- 172.21.15.76:0/1834659857 >> [v2:172.21.15.76:3300/0,v1:172.21.15.76:6789/0] conn(0x7f8978105e70 0x7f897819b8e0 secure :-1 s=READY pgs=71 cs=0 l=1 rev1=1 crypto rx=0x7f8968032670 tx=0x7f89680326a0 comp rx=0 tx=0).stop
2024-09-19T07:42:37.508 INFO:teuthology.orchestra.run.smithi076.stdout:/usr/bin/ceph: stderr
2024-09-19T07:42:36.383+0000 7f897d0fa640 1 -- 172.21.15.76:0/1834659857 shutdown_connections
2024-09-19T07:42:37.508 INFO:teuthology.orchestra.run.smithi076.stdout:/usr/bin/ceph: stderr
2024-09-19T07:42:36.383+0000 7f897d0fa640 1 --2- 172.21.15.76:0/1834659857 >> [v2:172.21.15.76:6800/1377496784,v1:172.21.15.76:6801/1377496784] conn(0x7f8960039200 0x7f896003b6c0 unknown :-1 s=CLOSED pgs=8 cs=0 l=1 rev1=1 crypto rx=0 tx=0 comp rx=0 tx=0).stop
2024-09-19T07:42:37.508 INFO:teuthology.orchestra.run.smithi076.stdout:/usr/bin/ceph: stderr
2024-09-19T07:42:36.383+0000 7f897d0fa640 1 --2- 172.21.15.76:0/1834659857 >> [v2:172.21.15.76:3300/0,v1:172.21.15.76:6789/0] conn(0x7f8978105e70 0x7f897819b8e0 unknown :-1 s=CLOSED pgs=71 cs=0 l=1 rev1=1 crypto rx=0 tx=0 comp rx=0 tx=0).stop
2024-09-19T07:42:37.508 INFO:teuthology.orchestra.run.smithi076.stdout:/usr/bin/ceph: stderr
2024-09-19T07:42:36.383+0000 7f897d0fa640 1 -- 172.21.15.76:0/1834659857 >> 172.21.15.76:0/1834659857 conn(0x7f89781016b0 msgr2=0x7f8978103a70 unknown :-1 s=STATE_NONE l=0).mark_down
2024-09-19T07:42:37.508 INFO:teuthology.orchestra.run.smithi076.stdout:/usr/bin/ceph: stderr
2024-09-19T07:42:36.383+0000 7f897d0fa640 1 -- 172.21.15.76:0/1834659857 shutdown_connections
2024-09-19T07:42:37.508 INFO:teuthology.orchestra.run.smithi076.stdout:/usr/bin/ceph: stderr
2024-09-19T07:42:36.383+0000 7f897d0fa640 1 -- 172.21.15.76:0/1834659857 wait complete.
2024-09-19T07:42:37.509 INFO:teuthology.orchestra.run.smithi076.stdout:Fetching dashboard port number...
2024-09-19T07:42:37.672 INFO:journalctl@ceph.mon.a.smithi076.stdout:Sep 19 07:42:37 smithi076 ceph-mon[30930]: from='client.14164 -' entity='client.admin' cmd=[{"prefix": "dashboard ac-user-create", "username": "admin", "rolename": "administrator", "force_password": true, "pwd_update_required": true, "target": ["mon-mgr", ""]}]: dispatch
2024-09-19T07:42:38.694 INFO:journalctl@ceph.mon.a.smithi076.stdout:Sep 19 07:42:38 smithi076 ceph-mon[30930]: from='client.? 172.21.15.76:0/2824371477' entity='client.admin' cmd=[{"prefix": "config get", "who": "mgr", "key": "mgr/dashboard/ssl_server_port"}]: dispatch
2024-09-19T07:42:38.703 INFO:teuthology.orchestra.run.smithi076.stdout:/usr/bin/ceph: stdout 8443
2024-09-19T07:42:38.704 INFO:teuthology.orchestra.run.smithi076.stdout:/usr/bin/ceph: stderr
2024-09-19T07:42:37.962+0000 7f5638921640 1 Processor -- start
2024-09-19T07:42:38.704 INFO:teuthology.orchestra.run.smithi076.stdout:/usr/bin/ceph: stderr
2024-09-19T07:42:37.962+0000 7f5638921640 1 -- start start
2024-09-19T07:42:38.704 INFO:teuthology.orchestra.run.smithi076.stdout:/usr/bin/ceph: stderr
2024-09-19T07:42:37.963+0000 7f5638921640 1 --2- >> [v2:172.21.15.76:3300/0,v1:172.21.15.76:6789/0] conn(0x7f5634106180 0x7f5634106580 unknown :-1 s=NONE pgs=0 cs=0 l=0 rev1=0 crypto rx=0 tx=0 comp rx=0 tx=0).connect
2024-09-19T07:42:38.704 INFO:teuthology.orchestra.run.smithi076.stdout:/usr/bin/ceph: stderr
2024-09-19T07:42:37.963+0000 7f5638921640 1 -- --> [v2:172.21.15.76:3300/0,v1:172.21.15.76:6789/0] -- mon_getmap magic: 0 -- 0x7f563407bdd0 con 0x7f5634106180
2024-09-19T07:42:38.704 INFO:teuthology.orchestra.run.smithi076.stdout:/usr/bin/ceph: stderr
2024-09-19T07:42:37.963+0000 7f563259c640 1 --2- >> [v2:172.21.15.76:3300/0,v1:172.21.15.76:6789/0] conn(0x7f5634106180 0x7f5634106580 unknown :-1 s=BANNER_CONNECTING pgs=0 cs=0 l=0 rev1=0 crypto rx=0 tx=0 comp rx=0 tx=0)._handle_peer_banner_payload supported=3 required=0
2024-09-19T07:42:38.704 INFO:teuthology.orchestra.run.smithi076.stdout:/usr/bin/ceph: stderr
2024-09-19T07:42:37.963+0000 7f563259c640 1 --2- >> [v2:172.21.15.76:3300/0,v1:172.21.15.76:6789/0] conn(0x7f5634106180 0x7f5634106580 unknown :-1 s=HELLO_CONNECTING pgs=0 cs=0 l=0 rev1=1 crypto rx=0 tx=0 comp rx=0 tx=0).handle_hello peer v2:172.21.15.76:3300/0 says I am v2:172.21.15.76:38674/0 (socket says 172.21.15.76:38674)
2024-09-19T07:42:38.704 INFO:teuthology.orchestra.run.smithi076.stdout:/usr/bin/ceph: stderr
2024-09-19T07:42:37.963+0000 7f563259c640 1 -- 172.21.15.76:0/855349194 learned_addr learned my addr 172.21.15.76:0/855349194 (peer_addr_for_me v2:172.21.15.76:0/0)
2024-09-19T07:42:38.704 INFO:teuthology.orchestra.run.smithi076.stdout:/usr/bin/ceph: stderr
2024-09-19T07:42:37.963+0000 7f563259c640 1 -- 172.21.15.76:0/855349194 --> [v2:172.21.15.76:3300/0,v1:172.21.15.76:6789/0] -- mon_subscribe({config=0+,monmap=0+}) -- 0x7f5634106ac0 con 0x7f5634106180
2024-09-19T07:42:38.704 INFO:teuthology.orchestra.run.smithi076.stdout:/usr/bin/ceph: stderr
2024-09-19T07:42:37.964+0000 7f563259c640 1 --2- 172.21.15.76:0/855349194 >> [v2:172.21.15.76:3300/0,v1:172.21.15.76:6789/0] conn(0x7f5634106180 0x7f5634106580 secure :-1 s=READY pgs=72 cs=0 l=1 rev1=1 crypto rx=0x7f5624009820 tx=0x7f562402a270 comp rx=0 tx=0).ready entity=mon.0 client_cookie=f190c382e7e8153 server_cookie=0 in_seq=0 out_seq=0
2024-09-19T07:42:38.704 INFO:teuthology.orchestra.run.smithi076.stdout:/usr/bin/ceph: stderr
2024-09-19T07:42:37.964+0000 7f563159a640 1 -- 172.21.15.76:0/855349194 <== mon.0 v2:172.21.15.76:3300/0 1 ==== mon_map magic: 0 ==== 205+0+0 (secure 0 0 0) 0x7f5624037070 con 0x7f5634106180
2024-09-19T07:42:38.704 INFO:teuthology.orchestra.run.smithi076.stdout:/usr/bin/ceph: stderr
2024-09-19T07:42:37.964+0000 7f563159a640 1 -- 172.21.15.76:0/855349194 <== mon.0 v2:172.21.15.76:3300/0 2 ==== config(28 keys) ==== 1174+0+0 (secure 0 0 0) 0x7f5624032940 con 0x7f5634106180
2024-09-19T07:42:38.704 INFO:teuthology.orchestra.run.smithi076.stdout:/usr/bin/ceph: stderr
2024-09-19T07:42:37.964+0000 7f563159a640 1 -- 172.21.15.76:0/855349194 <== mon.0 v2:172.21.15.76:3300/0 3 ==== mon_map magic: 0 ==== 205+0+0 (secure 0 0 0) 0x7f56240308b0 con 0x7f5634106180
2024-09-19T07:42:38.705 INFO:teuthology.orchestra.run.smithi076.stdout:/usr/bin/ceph: stderr
2024-09-19T07:42:37.964+0000 7f5638921640 1 -- 172.21.15.76:0/855349194 >> [v2:172.21.15.76:3300/0,v1:172.21.15.76:6789/0] conn(0x7f5634106180 msgr2=0x7f5634106580 secure :-1 s=STATE_CONNECTION_ESTABLISHED l=1).mark_down
2024-09-19T07:42:38.705 INFO:teuthology.orchestra.run.smithi076.stdout:/usr/bin/ceph: stderr
2024-09-19T07:42:37.964+0000 7f5638921640 1 --2- 172.21.15.76:0/855349194 >> [v2:172.21.15.76:3300/0,v1:172.21.15.76:6789/0] conn(0x7f5634106180 0x7f5634106580 secure :-1 s=READY pgs=72 cs=0 l=1 rev1=1 crypto rx=0x7f5624009820 tx=0x7f562402a270 comp rx=0 tx=0).stop
2024-09-19T07:42:38.705 INFO:teuthology.orchestra.run.smithi076.stdout:/usr/bin/ceph: stderr
2024-09-19T07:42:37.965+0000 7f5638921640 1 -- 172.21.15.76:0/855349194 shutdown_connections
2024-09-19T07:42:38.705 INFO:teuthology.orchestra.run.smithi076.stdout:/usr/bin/ceph: stderr
2024-09-19T07:42:37.965+0000 7f5638921640 1 --2- 172.21.15.76:0/855349194 >> [v2:172.21.15.76:3300/0,v1:172.21.15.76:6789/0] conn(0x7f5634106180 0x7f5634106580 unknown :-1 s=CLOSED pgs=72 cs=0 l=1 rev1=1 crypto rx=0 tx=0 comp rx=0 tx=0).stop
2024-09-19T07:42:38.705 INFO:teuthology.orchestra.run.smithi076.stdout:/usr/bin/ceph: stderr
2024-09-19T07:42:37.965+0000 7f5638921640 1 -- 172.21.15.76:0/855349194 >> 172.21.15.76:0/855349194 conn(0x7f5634101f30 msgr2=0x7f5634104370 unknown :-1 s=STATE_NONE l=0).mark_down
2024-09-19T07:42:38.705 INFO:teuthology.orchestra.run.smithi076.stdout:/usr/bin/ceph: stderr
2024-09-19T07:42:37.965+0000 7f5638921640 1 -- 172.21.15.76:0/855349194 shutdown_connections
2024-09-19T07:42:38.705 INFO:teuthology.orchestra.run.smithi076.stdout:/usr/bin/ceph: stderr
2024-09-19T07:42:37.965+0000 7f5638921640 1 -- 172.21.15.76:0/855349194 wait complete.
2024-09-19T07:42:38.705 INFO:teuthology.orchestra.run.smithi076.stdout:/usr/bin/ceph: stderr
2024-09-19T07:42:37.965+0000 7f5638921640 1 Processor -- start
2024-09-19T07:42:38.705 INFO:teuthology.orchestra.run.smithi076.stdout:/usr/bin/ceph: stderr
2024-09-19T07:42:37.965+0000 7f5638921640 1 -- start start
2024-09-19T07:42:38.705 INFO:teuthology.orchestra.run.smithi076.stdout:/usr/bin/ceph: stderr
2024-09-19T07:42:37.966+0000 7f5638921640 1 --2- >> [v2:172.21.15.76:3300/0,v1:172.21.15.76:6789/0] conn(0x7f5634106180 0x7f563419da50 unknown :-1 s=NONE pgs=0 cs=0 l=1 rev1=0 crypto rx=0 tx=0 comp rx=0 tx=0).connect
2024-09-19T07:42:38.705 INFO:teuthology.orchestra.run.smithi076.stdout:/usr/bin/ceph: stderr
2024-09-19T07:42:37.966+0000 7f5638921640 1 -- --> [v2:172.21.15.76:3300/0,v1:172.21.15.76:6789/0] -- mon_getmap magic: 0 -- 0x7f5634107bf0 con 0x7f5634106180
2024-09-19T07:42:38.705 INFO:teuthology.orchestra.run.smithi076.stdout:/usr/bin/ceph: stderr
2024-09-19T07:42:37.966+0000 7f563259c640 1 --2- >> [v2:172.21.15.76:3300/0,v1:172.21.15.76:6789/0] conn(0x7f5634106180 0x7f563419da50 unknown :-1 s=BANNER_CONNECTING pgs=0 cs=0 l=1 rev1=0 crypto rx=0 tx=0 comp rx=0 tx=0)._handle_peer_banner_payload supported=3 required=0
2024-09-19T07:42:38.705 INFO:teuthology.orchestra.run.smithi076.stdout:/usr/bin/ceph: stderr
2024-09-19T07:42:37.966+0000 7f563259c640 1 --2- >> [v2:172.21.15.76:3300/0,v1:172.21.15.76:6789/0] conn(0x7f5634106180 0x7f563419da50 unknown :-1 s=HELLO_CONNECTING pgs=0 cs=0 l=1 rev1=1 crypto rx=0 tx=0 comp rx=0 tx=0).handle_hello peer v2:172.21.15.76:3300/0 says I am v2:172.21.15.76:38684/0 (socket says 172.21.15.76:38684)
2024-09-19T07:42:38.705 INFO:teuthology.orchestra.run.smithi076.stdout:/usr/bin/ceph: stderr
2024-09-19T07:42:37.966+0000 7f563259c640 1 -- 172.21.15.76:0/2824371477 learned_addr learned my addr 172.21.15.76:0/2824371477 (peer_addr_for_me v2:172.21.15.76:0/0)
2024-09-19T07:42:38.706 INFO:teuthology.orchestra.run.smithi076.stdout:/usr/bin/ceph: stderr
2024-09-19T07:42:37.966+0000 7f563259c640 1 -- 172.21.15.76:0/2824371477 --> [v2:172.21.15.76:3300/0,v1:172.21.15.76:6789/0] -- mon_subscribe({config=0+,monmap=0+}) -- 0x7f563419df90 con 0x7f5634106180
2024-09-19T07:42:38.706 INFO:teuthology.orchestra.run.smithi076.stdout:/usr/bin/ceph: stderr
2024-09-19T07:42:37.966+0000 7f563259c640 1 --2- 172.21.15.76:0/2824371477 >> [v2:172.21.15.76:3300/0,v1:172.21.15.76:6789/0] conn(0x7f5634106180 0x7f563419da50 secure :-1 s=READY pgs=73 cs=0 l=1 rev1=1 crypto rx=0x7f5624032670 tx=0x7f56240326a0 comp rx=0 tx=0).ready entity=mon.0 client_cookie=0 server_cookie=0 in_seq=0 out_seq=0
2024-09-19T07:42:38.706 INFO:teuthology.orchestra.run.smithi076.stdout:/usr/bin/ceph: stderr
2024-09-19T07:42:37.966+0000 7f56237fe640 1 -- 172.21.15.76:0/2824371477 <== mon.0 v2:172.21.15.76:3300/0 1 ==== mon_map magic: 0 ==== 205+0+0 (secure 0 0 0) 0x7f5624042070 con 0x7f5634106180
2024-09-19T07:42:38.706 INFO:teuthology.orchestra.run.smithi076.stdout:/usr/bin/ceph: stderr
2024-09-19T07:42:37.966+0000 7f56237fe640 1 -- 172.21.15.76:0/2824371477 <== mon.0 v2:172.21.15.76:3300/0 2 ==== config(28 keys) ==== 1174+0+0 (secure 0 0 0) 0x7f562403d930 con 0x7f5634106180
2024-09-19T07:42:38.706 INFO:teuthology.orchestra.run.smithi076.stdout:/usr/bin/ceph: stderr
2024-09-19T07:42:37.966+0000 7f5638921640 1 -- 172.21.15.76:0/2824371477 --> [v2:172.21.15.76:3300/0,v1:172.21.15.76:6789/0] -- mon_subscribe({mgrmap=0+}) -- 0x7f563419e220 con 0x7f5634106180
2024-09-19T07:42:38.706 INFO:teuthology.orchestra.run.smithi076.stdout:/usr/bin/ceph: stderr
2024-09-19T07:42:37.966+0000 7f56237fe640 1 -- 172.21.15.76:0/2824371477 <== mon.0 v2:172.21.15.76:3300/0 3 ==== mon_map magic: 0 ==== 205+0+0 (secure 0 0 0) 0x7f5624037040 con 0x7f5634106180
2024-09-19T07:42:38.706 INFO:teuthology.orchestra.run.smithi076.stdout:/usr/bin/ceph: stderr
2024-09-19T07:42:37.966+0000 7f5638921640 1 -- 172.21.15.76:0/2824371477 --> [v2:172.21.15.76:3300/0,v1:172.21.15.76:6789/0] -- mon_subscribe({osdmap=0}) -- 0x7f56341a0f10 con 0x7f5634106180
2024-09-19T07:42:38.706 INFO:teuthology.orchestra.run.smithi076.stdout:/usr/bin/ceph: stderr
2024-09-19T07:42:37.967+0000 7f56237fe640 1 -- 172.21.15.76:0/2824371477 <== mon.0 v2:172.21.15.76:3300/0 4 ==== mgrmap(e 12) ==== 46474+0+0 (secure 0 0 0) 0x7f5624045070 con 0x7f5634106180
2024-09-19T07:42:38.706 INFO:teuthology.orchestra.run.smithi076.stdout:/usr/bin/ceph: stderr
2024-09-19T07:42:37.967+0000 7f56237fe640 1 --2- 172.21.15.76:0/2824371477 >> [v2:172.21.15.76:6800/1377496784,v1:172.21.15.76:6801/1377496784] conn(0x7f561c039200 0x7f561c03b6c0 unknown :-1 s=NONE pgs=0 cs=0 l=1 rev1=0 crypto rx=0 tx=0 comp rx=0 tx=0).connect
2024-09-19T07:42:38.706 INFO:teuthology.orchestra.run.smithi076.stdout:/usr/bin/ceph: stderr
2024-09-19T07:42:37.967+0000 7f56237fe640 1 -- 172.21.15.76:0/2824371477 <== mon.0 v2:172.21.15.76:3300/0 5 ==== osd_map(3..3 src has 1..3) ==== 1155+0+0 (secure 0 0 0) 0x7f562406d5d0 con 0x7f5634106180
2024-09-19T07:42:38.706 INFO:teuthology.orchestra.run.smithi076.stdout:/usr/bin/ceph: stderr
2024-09-19T07:42:37.967+0000 7f5638921640 1 -- 172.21.15.76:0/2824371477 --> [v2:172.21.15.76:3300/0,v1:172.21.15.76:6789/0] -- mon_command({"prefix": "get_command_descriptions"} v 0) -- 0x7f5634106580 con 0x7f5634106180
2024-09-19T07:42:38.706 INFO:teuthology.orchestra.run.smithi076.stdout:/usr/bin/ceph: stderr
2024-09-19T07:42:37.967+0000 7f5631d9b640 1 --2- 172.21.15.76:0/2824371477 >> [v2:172.21.15.76:6800/1377496784,v1:172.21.15.76:6801/1377496784] conn(0x7f561c039200 0x7f561c03b6c0 unknown :-1 s=BANNER_CONNECTING pgs=0 cs=0 l=1 rev1=0 crypto rx=0 tx=0 comp rx=0 tx=0)._handle_peer_banner_payload supported=3 required=0
2024-09-19T07:42:38.706 INFO:teuthology.orchestra.run.smithi076.stdout:/usr/bin/ceph: stderr
2024-09-19T07:42:37.968+0000 7f5631d9b640 1 --2- 172.21.15.76:0/2824371477 >> [v2:172.21.15.76:6800/1377496784,v1:172.21.15.76:6801/1377496784] conn(0x7f561c039200 0x7f561c03b6c0 secure :-1 s=READY pgs=9 cs=0 l=1 rev1=1 crypto rx=0x7f56280098c0 tx=0x7f5628006db0 comp rx=0 tx=0).ready entity=mgr.14150 client_cookie=0 server_cookie=0 in_seq=0 out_seq=0
2024-09-19T07:42:38.707 INFO:teuthology.orchestra.run.smithi076.stdout:/usr/bin/ceph: stderr
2024-09-19T07:42:37.972+0000 7f56237fe640 1 -- 172.21.15.76:0/2824371477 <== mon.0 v2:172.21.15.76:3300/0 6 ==== mon_command_ack([{"prefix": "get_command_descriptions"}]=0 v0) ==== 72+0+188913 (secure 0 0 0) 0x7f562403cdf0 con 0x7f5634106180
2024-09-19T07:42:38.707 INFO:teuthology.orchestra.run.smithi076.stdout:/usr/bin/ceph: stderr
2024-09-19T07:42:38.142+0000 7f5638921640 1 -- 172.21.15.76:0/2824371477 --> [v2:172.21.15.76:3300/0,v1:172.21.15.76:6789/0] -- mon_command({"prefix": "config get", "who": "mgr", "key": "mgr/dashboard/ssl_server_port"} v 0) -- 0x7f563402d9f0 con 0x7f5634106180
2024-09-19T07:42:38.707 INFO:teuthology.orchestra.run.smithi076.stdout:/usr/bin/ceph: stderr
2024-09-19T07:42:38.143+0000 7f56237fe640 1 -- 172.21.15.76:0/2824371477 <== mon.0 v2:172.21.15.76:3300/0 7 ==== mon_command_ack([{"prefix": "config get", "who": "mgr", "key": "mgr/dashboard/ssl_server_port"}]=0 v8) ==== 112+0+5 (secure 0 0 0) 0x7f562403dae0 con 0x7f5634106180
2024-09-19T07:42:38.707 INFO:teuthology.orchestra.run.smithi076.stdout:/usr/bin/ceph: stderr
2024-09-19T07:42:38.145+0000 7f5638921640 1 -- 172.21.15.76:0/2824371477 >> [v2:172.21.15.76:6800/1377496784,v1:172.21.15.76:6801/1377496784] conn(0x7f561c039200 msgr2=0x7f561c03b6c0 secure :-1 s=STATE_CONNECTION_ESTABLISHED l=1).mark_down
2024-09-19T07:42:38.707 INFO:teuthology.orchestra.run.smithi076.stdout:/usr/bin/ceph: stderr
2024-09-19T07:42:38.145+0000 7f5638921640 1 --2- 172.21.15.76:0/2824371477 >> [v2:172.21.15.76:6800/1377496784,v1:172.21.15.76:6801/1377496784] conn(0x7f561c039200 0x7f561c03b6c0 secure :-1 s=READY pgs=9 cs=0 l=1 rev1=1 crypto rx=0x7f56280098c0 tx=0x7f5628006db0 comp rx=0 tx=0).stop
2024-09-19T07:42:38.707 INFO:teuthology.orchestra.run.smithi076.stdout:/usr/bin/ceph: stderr
2024-09-19T07:42:38.145+0000 7f5638921640 1 -- 172.21.15.76:0/2824371477 >> [v2:172.21.15.76:3300/0,v1:172.21.15.76:6789/0] conn(0x7f5634106180 msgr2=0x7f563419da50 secure :-1 s=STATE_CONNECTION_ESTABLISHED l=1).mark_down
2024-09-19T07:42:38.707 INFO:teuthology.orchestra.run.smithi076.stdout:/usr/bin/ceph: stderr
2024-09-19T07:42:38.145+0000 7f5638921640 1 --2- 172.21.15.76:0/2824371477 >> [v2:172.21.15.76:3300/0,v1:172.21.15.76:6789/0] conn(0x7f5634106180 0x7f563419da50 secure :-1 s=READY pgs=73 cs=0 l=1 rev1=1 crypto rx=0x7f5624032670 tx=0x7f56240326a0 comp rx=0 tx=0).stop
2024-09-19T07:42:38.707 INFO:teuthology.orchestra.run.smithi076.stdout:/usr/bin/ceph: stderr
2024-09-19T07:42:38.145+0000 7f5638921640 1 -- 172.21.15.76:0/2824371477 shutdown_connections
2024-09-19T07:42:38.707 INFO:teuthology.orchestra.run.smithi076.stdout:/usr/bin/ceph: stderr
2024-09-19T07:42:38.145+0000 7f5638921640 1 --2- 172.21.15.76:0/2824371477 >> [v2:172.21.15.76:6800/1377496784,v1:172.21.15.76:6801/1377496784] conn(0x7f561c039200 0x7f561c03b6c0 unknown :-1 s=CLOSED pgs=9 cs=0 l=1 rev1=1 crypto rx=0 tx=0 comp rx=0 tx=0).stop
2024-09-19T07:42:38.707 INFO:teuthology.orchestra.run.smithi076.stdout:/usr/bin/ceph: stderr
2024-09-19T07:42:38.145+0000 7f5638921640 1 --2- 172.21.15.76:0/2824371477 >> [v2:172.21.15.76:3300/0,v1:172.21.15.76:6789/0] conn(0x7f5634106180 0x7f563419da50 unknown :-1 s=CLOSED pgs=73 cs=0 l=1 rev1=1 crypto rx=0 tx=0 comp rx=0 tx=0).stop
2024-09-19T07:42:38.707 INFO:teuthology.orchestra.run.smithi076.stdout:/usr/bin/ceph: stderr
2024-09-19T07:42:38.145+0000 7f5638921640 1 -- 172.21.15.76:0/2824371477 >> 172.21.15.76:0/2824371477 conn(0x7f5634101f30 msgr2=0x7f5634194730 unknown :-1 s=STATE_NONE l=0).mark_down
2024-09-19T07:42:38.707 INFO:teuthology.orchestra.run.smithi076.stdout:/usr/bin/ceph: stderr
2024-09-19T07:42:38.145+0000 7f5638921640 1 -- 172.21.15.76:0/2824371477 shutdown_connections
2024-09-19T07:42:38.707 INFO:teuthology.orchestra.run.smithi076.stdout:/usr/bin/ceph: stderr
2024-09-19T07:42:38.145+0000 7f5638921640 1 -- 172.21.15.76:0/2824371477 wait complete.
2024-09-19T07:42:38.710 INFO:teuthology.orchestra.run.smithi076.stdout:Non-zero exit code 1 from systemctl is-enabled firewalld.service
2024-09-19T07:42:38.710 INFO:teuthology.orchestra.run.smithi076.stdout:systemctl: stdout disabled
2024-09-19T07:42:38.717 INFO:teuthology.orchestra.run.smithi076.stdout:Non-zero exit code 3 from systemctl is-active firewalld.service
2024-09-19T07:42:38.717 INFO:teuthology.orchestra.run.smithi076.stdout:systemctl: stdout inactive
2024-09-19T07:42:38.717 INFO:teuthology.orchestra.run.smithi076.stdout:firewalld.service is not enabled
2024-09-19T07:42:38.717 INFO:teuthology.orchestra.run.smithi076.stdout:Not possible to open ports <[8443]>. firewalld.service is not available
2024-09-19T07:42:38.719 INFO:teuthology.orchestra.run.smithi076.stdout:Ceph Dashboard is now available at:
2024-09-19T07:42:38.719 INFO:teuthology.orchestra.run.smithi076.stdout:
2024-09-19T07:42:38.719 INFO:teuthology.orchestra.run.smithi076.stdout: URL: https://smithi076.front.sepia.ceph.com:8443/
2024-09-19T07:42:38.719 INFO:teuthology.orchestra.run.smithi076.stdout: User: admin
2024-09-19T07:42:38.719 INFO:teuthology.orchestra.run.smithi076.stdout: Password: hrtrubq0kg
2024-09-19T07:42:38.719 INFO:teuthology.orchestra.run.smithi076.stdout:
2024-09-19T07:42:38.720 INFO:teuthology.orchestra.run.smithi076.stdout:Saving cluster configuration to /var/lib/ceph/6aad871c-765a-11ef-bceb-c7b262605968/config directory
2024-09-19T07:42:39.653 INFO:journalctl@ceph.mon.a.smithi076.stdout:Sep 19 07:42:39 smithi076 ceph-mon[30930]: mgrmap e13: x(active, since 6s)
2024-09-19T07:42:39.653 INFO:journalctl@ceph.mon.a.smithi076.stdout:Sep 19 07:42:39 smithi076 ceph-mon[30930]: from='client.? 172.21.15.76:0/3259652765' entity='client.admin'
2024-09-19T07:42:39.988 INFO:teuthology.orchestra.run.smithi076.stdout:/usr/bin/ceph: stderr
2024-09-19T07:42:39.086+0000 7f8cea52e640 1 Processor -- start
2024-09-19T07:42:39.989 INFO:teuthology.orchestra.run.smithi076.stdout:/usr/bin/ceph: stderr
2024-09-19T07:42:39.086+0000 7f8cea52e640 1 -- start start
2024-09-19T07:42:39.989 INFO:teuthology.orchestra.run.smithi076.stdout:/usr/bin/ceph: stderr
2024-09-19T07:42:39.087+0000 7f8cea52e640 1 --2- >> [v2:172.21.15.76:3300/0,v1:172.21.15.76:6789/0] conn(0x7f8ce41067a0 0x7f8ce4106ba0 unknown :-1 s=NONE pgs=0 cs=0 l=0 rev1=0 crypto rx=0 tx=0 comp rx=0 tx=0).connect
2024-09-19T07:42:39.989 INFO:teuthology.orchestra.run.smithi076.stdout:/usr/bin/ceph: stderr
2024-09-19T07:42:39.087+0000 7f8cea52e640 1 -- --> [v2:172.21.15.76:3300/0,v1:172.21.15.76:6789/0] -- mon_getmap magic: 0 -- 0x7f8ce4107170 con 0x7f8ce41067a0
2024-09-19T07:42:39.989 INFO:teuthology.orchestra.run.smithi076.stdout:/usr/bin/ceph: stderr
2024-09-19T07:42:39.087+0000 7f8ce3fff640 1 --2- >> [v2:172.21.15.76:3300/0,v1:172.21.15.76:6789/0] conn(0x7f8ce41067a0 0x7f8ce4106ba0 unknown :-1 s=BANNER_CONNECTING pgs=0 cs=0 l=0 rev1=0 crypto rx=0 tx=0 comp rx=0 tx=0)._handle_peer_banner_payload supported=3 required=0
2024-09-19T07:42:39.989 INFO:teuthology.orchestra.run.smithi076.stdout:/usr/bin/ceph: stderr
2024-09-19T07:42:39.087+0000 7f8ce3fff640 1 --2- >> [v2:172.21.15.76:3300/0,v1:172.21.15.76:6789/0] conn(0x7f8ce41067a0 0x7f8ce4106ba0 unknown :-1 s=HELLO_CONNECTING pgs=0 cs=0 l=0 rev1=1 crypto rx=0 tx=0 comp rx=0 tx=0).handle_hello peer v2:172.21.15.76:3300/0 says I am v2:172.21.15.76:38688/0 (socket says 172.21.15.76:38688)
2024-09-19T07:42:39.989 INFO:teuthology.orchestra.run.smithi076.stdout:/usr/bin/ceph: stderr
2024-09-19T07:42:39.087+0000 7f8ce3fff640 1 -- 172.21.15.76:0/1773468400 learned_addr learned my addr 172.21.15.76:0/1773468400 (peer_addr_for_me v2:172.21.15.76:0/0)
2024-09-19T07:42:39.989 INFO:teuthology.orchestra.run.smithi076.stdout:/usr/bin/ceph: stderr
2024-09-19T07:42:39.087+0000 7f8ce3fff640 1 -- 172.21.15.76:0/1773468400 --> [v2:172.21.15.76:3300/0,v1:172.21.15.76:6789/0] -- mon_subscribe({config=0+,monmap=0+}) -- 0x7f8ce41079a0 con 0x7f8ce41067a0
2024-09-19T07:42:39.989 INFO:teuthology.orchestra.run.smithi076.stdout:/usr/bin/ceph: stderr
2024-09-19T07:42:39.088+0000 7f8ce3fff640 1 --2- 172.21.15.76:0/1773468400 >> [v2:172.21.15.76:3300/0,v1:172.21.15.76:6789/0] conn(0x7f8ce41067a0 0x7f8ce4106ba0 secure :-1 s=READY pgs=74 cs=0 l=1 rev1=1 crypto rx=0x7f8cd4009820 tx=0x7f8cd402a270 comp rx=0 tx=0).ready entity=mon.0 client_cookie=6ad1fc73d4e40b59 server_cookie=0 in_seq=0 out_seq=0
2024-09-19T07:42:39.990 INFO:teuthology.orchestra.run.smithi076.stdout:/usr/bin/ceph: stderr
2024-09-19T07:42:39.088+0000 7f8ce37fe640 1 -- 172.21.15.76:0/1773468400 <== mon.0 v2:172.21.15.76:3300/0 1 ==== mon_map magic: 0 ==== 205+0+0 (secure 0 0 0) 0x7f8cd4037070 con 0x7f8ce41067a0
2024-09-19T07:42:39.990 INFO:teuthology.orchestra.run.smithi076.stdout:/usr/bin/ceph: stderr
2024-09-19T07:42:39.088+0000 7f8ce37fe640 1 -- 172.21.15.76:0/1773468400 <== mon.0 v2:172.21.15.76:3300/0 2 ==== config(28 keys) ==== 1174+0+0 (secure 0 0 0) 0x7f8cd4032940 con 0x7f8ce41067a0
2024-09-19T07:42:39.990 INFO:teuthology.orchestra.run.smithi076.stdout:/usr/bin/ceph: stderr
2024-09-19T07:42:39.088+0000 7f8ce37fe640 1 -- 172.21.15.76:0/1773468400 <== mon.0 v2:172.21.15.76:3300/0 3 ==== mon_map magic: 0 ==== 205+0+0 (secure 0 0 0) 0x7f8cd40308b0 con 0x7f8ce41067a0
2024-09-19T07:42:39.990 INFO:teuthology.orchestra.run.smithi076.stdout:/usr/bin/ceph: stderr
2024-09-19T07:42:39.088+0000 7f8cea52e640 1 -- 172.21.15.76:0/1773468400 >> [v2:172.21.15.76:3300/0,v1:172.21.15.76:6789/0] conn(0x7f8ce41067a0 msgr2=0x7f8ce4106ba0 secure :-1 s=STATE_CONNECTION_ESTABLISHED l=1).mark_down
2024-09-19T07:42:39.990 INFO:teuthology.orchestra.run.smithi076.stdout:/usr/bin/ceph: stderr
2024-09-19T07:42:39.088+0000 7f8cea52e640 1 --2- 172.21.15.76:0/1773468400 >> [v2:172.21.15.76:3300/0,v1:172.21.15.76:6789/0] conn(0x7f8ce41067a0 0x7f8ce4106ba0 secure :-1 s=READY pgs=74 cs=0 l=1 rev1=1 crypto rx=0x7f8cd4009820 tx=0x7f8cd402a270 comp rx=0 tx=0).stop
2024-09-19T07:42:39.990 INFO:teuthology.orchestra.run.smithi076.stdout:/usr/bin/ceph: stderr
2024-09-19T07:42:39.088+0000 7f8cea52e640 1 -- 172.21.15.76:0/1773468400 shutdown_connections
2024-09-19T07:42:39.990 INFO:teuthology.orchestra.run.smithi076.stdout:/usr/bin/ceph: stderr
2024-09-19T07:42:39.088+0000 7f8cea52e640 1 --2- 172.21.15.76:0/1773468400 >> [v2:172.21.15.76:3300/0,v1:172.21.15.76:6789/0] conn(0x7f8ce41067a0 0x7f8ce4106ba0 unknown :-1 s=CLOSED pgs=74 cs=0 l=1 rev1=1 crypto rx=0 tx=0 comp rx=0 tx=0).stop
2024-09-19T07:42:39.990 INFO:teuthology.orchestra.run.smithi076.stdout:/usr/bin/ceph: stderr
2024-09-19T07:42:39.088+0000 7f8cea52e640 1 -- 172.21.15.76:0/1773468400 >> 172.21.15.76:0/1773468400 conn(0x7f8ce4101f30 msgr2=0x7f8ce4104370 unknown :-1 s=STATE_NONE l=0).mark_down
2024-09-19T07:42:39.990 INFO:teuthology.orchestra.run.smithi076.stdout:/usr/bin/ceph: stderr
2024-09-19T07:42:39.089+0000 7f8cea52e640 1 -- 172.21.15.76:0/1773468400 shutdown_connections
2024-09-19T07:42:39.990 INFO:teuthology.orchestra.run.smithi076.stdout:/usr/bin/ceph: stderr
2024-09-19T07:42:39.089+0000 7f8cea52e640 1 -- 172.21.15.76:0/1773468400 wait complete.
2024-09-19T07:42:39.991 INFO:teuthology.orchestra.run.smithi076.stdout:/usr/bin/ceph: stderr
2024-09-19T07:42:39.089+0000 7f8cea52e640 1 Processor -- start
2024-09-19T07:42:39.991 INFO:teuthology.orchestra.run.smithi076.stdout:/usr/bin/ceph: stderr
2024-09-19T07:42:39.089+0000 7f8cea52e640 1 -- start start
2024-09-19T07:42:39.991 INFO:teuthology.orchestra.run.smithi076.stdout:/usr/bin/ceph: stderr
2024-09-19T07:42:39.089+0000 7f8cea52e640 1 --2- >> [v2:172.21.15.76:3300/0,v1:172.21.15.76:6789/0] conn(0x7f8ce41067a0 0x7f8ce407b9f0 unknown :-1 s=NONE pgs=0 cs=0 l=1 rev1=0 crypto rx=0 tx=0 comp rx=0 tx=0).connect
2024-09-19T07:42:39.991 INFO:teuthology.orchestra.run.smithi076.stdout:/usr/bin/ceph: stderr
2024-09-19T07:42:39.089+0000 7f8cea52e640 1 -- --> [v2:172.21.15.76:3300/0,v1:172.21.15.76:6789/0] -- mon_getmap magic: 0 -- 0x7f8ce410ad50 con 0x7f8ce41067a0
2024-09-19T07:42:39.991 INFO:teuthology.orchestra.run.smithi076.stdout:/usr/bin/ceph: stderr
2024-09-19T07:42:39.089+0000 7f8ce3fff640 1 --2- >> [v2:172.21.15.76:3300/0,v1:172.21.15.76:6789/0] conn(0x7f8ce41067a0 0x7f8ce407b9f0 unknown :-1 s=BANNER_CONNECTING pgs=0 cs=0 l=1 rev1=0 crypto rx=0 tx=0 comp rx=0 tx=0)._handle_peer_banner_payload supported=3 required=0
2024-09-19T07:42:39.991 INFO:teuthology.orchestra.run.smithi076.stdout:/usr/bin/ceph: stderr
2024-09-19T07:42:39.089+0000 7f8ce3fff640 1 --2- >> [v2:172.21.15.76:3300/0,v1:172.21.15.76:6789/0] conn(0x7f8ce41067a0 0x7f8ce407b9f0 unknown :-1 s=HELLO_CONNECTING pgs=0 cs=0 l=1 rev1=1 crypto rx=0 tx=0 comp rx=0 tx=0).handle_hello peer v2:172.21.15.76:3300/0 says I am v2:172.21.15.76:38694/0 (socket says 172.21.15.76:38694)
2024-09-19T07:42:39.991 INFO:teuthology.orchestra.run.smithi076.stdout:/usr/bin/ceph: stderr
2024-09-19T07:42:39.089+0000 7f8ce3fff640 1 -- 172.21.15.76:0/3259652765 learned_addr learned my addr 172.21.15.76:0/3259652765 (peer_addr_for_me v2:172.21.15.76:0/0)
2024-09-19T07:42:39.992 INFO:teuthology.orchestra.run.smithi076.stdout:/usr/bin/ceph: stderr
2024-09-19T07:42:39.090+0000 7f8ce3fff640 1 -- 172.21.15.76:0/3259652765 --> [v2:172.21.15.76:3300/0,v1:172.21.15.76:6789/0] -- mon_subscribe({config=0+,monmap=0+}) -- 0x7f8ce419e620 con 0x7f8ce41067a0
2024-09-19T07:42:39.992 INFO:teuthology.orchestra.run.smithi076.stdout:/usr/bin/ceph: stderr
2024-09-19T07:42:39.090+0000 7f8ce3fff640 1 --2- 172.21.15.76:0/3259652765 >> [v2:172.21.15.76:3300/0,v1:172.21.15.76:6789/0] conn(0x7f8ce41067a0 0x7f8ce407b9f0 secure :-1 s=READY pgs=75 cs=0 l=1 rev1=1 crypto rx=0x7f8cd4009940 tx=0x7f8cd4032670 comp rx=0 tx=0).ready entity=mon.0 client_cookie=0 server_cookie=0 in_seq=0 out_seq=0
2024-09-19T07:42:39.992 INFO:teuthology.orchestra.run.smithi076.stdout:/usr/bin/ceph: stderr
2024-09-19T07:42:39.090+0000 7f8ce1ffb640 1 -- 172.21.15.76:0/3259652765 <== mon.0 v2:172.21.15.76:3300/0 1 ==== mon_map magic: 0 ==== 205+0+0 (secure 0 0 0) 0x7f8cd4042070 con 0x7f8ce41067a0
2024-09-19T07:42:39.992 INFO:teuthology.orchestra.run.smithi076.stdout:/usr/bin/ceph: stderr
2024-09-19T07:42:39.090+0000 7f8ce1ffb640 1 -- 172.21.15.76:0/3259652765 <== mon.0 v2:172.21.15.76:3300/0 2 ==== config(28 keys) ==== 1174+0+0 (secure 0 0 0) 0x7f8cd403d930 con 0x7f8ce41067a0
2024-09-19T07:42:39.992 INFO:teuthology.orchestra.run.smithi076.stdout:/usr/bin/ceph: stderr
2024-09-19T07:42:39.090+0000 7f8ce1ffb640 1 -- 172.21.15.76:0/3259652765 <== mon.0 v2:172.21.15.76:3300/0 3 ==== mon_map magic: 0 ==== 205+0+0 (secure 0 0 0) 0x7f8cd4037040 con 0x7f8ce41067a0
2024-09-19T07:42:39.992 INFO:teuthology.orchestra.run.smithi076.stdout:/usr/bin/ceph: stderr
2024-09-19T07:42:39.090+0000 7f8cea52e640 1 -- 172.21.15.76:0/3259652765 --> [v2:172.21.15.76:3300/0,v1:172.21.15.76:6789/0] -- mon_subscribe({mgrmap=0+}) -- 0x7f8ce419e7f0 con 0x7f8ce41067a0
2024-09-19T07:42:39.992 INFO:teuthology.orchestra.run.smithi076.stdout:/usr/bin/ceph: stderr
2024-09-19T07:42:39.090+0000 7f8cea52e640 1 -- 172.21.15.76:0/3259652765 --> [v2:172.21.15.76:3300/0,v1:172.21.15.76:6789/0] -- mon_subscribe({osdmap=0}) -- 0x7f8ce419eb90 con 0x7f8ce41067a0
2024-09-19T07:42:39.992 INFO:teuthology.orchestra.run.smithi076.stdout:/usr/bin/ceph: stderr
2024-09-19T07:42:39.091+0000 7f8ce1ffb640 1 -- 172.21.15.76:0/3259652765 <== mon.0 v2:172.21.15.76:3300/0 4 ==== mgrmap(e 13) ==== 46517+0+0 (secure 0 0 0) 0x7f8cd4045070 con 0x7f8ce41067a0
2024-09-19T07:42:39.992 INFO:teuthology.orchestra.run.smithi076.stdout:/usr/bin/ceph: stderr
2024-09-19T07:42:39.091+0000 7f8ce1ffb640 1 --2- 172.21.15.76:0/3259652765 >> [v2:172.21.15.76:6800/1377496784,v1:172.21.15.76:6801/1377496784] conn(0x7f8cd00392a0 0x7f8cd003b760 unknown :-1 s=NONE pgs=0 cs=0 l=1 rev1=0 crypto rx=0 tx=0 comp rx=0 tx=0).connect
2024-09-19T07:42:39.992 INFO:teuthology.orchestra.run.smithi076.stdout:/usr/bin/ceph: stderr
2024-09-19T07:42:39.091+0000 7f8cea52e640 1 -- 172.21.15.76:0/3259652765 --> [v2:172.21.15.76:3300/0,v1:172.21.15.76:6789/0] -- mon_command({"prefix": "get_command_descriptions"} v 0) -- 0x7f8ce4106ba0 con 0x7f8ce41067a0
2024-09-19T07:42:39.992 INFO:teuthology.orchestra.run.smithi076.stdout:/usr/bin/ceph: stderr
2024-09-19T07:42:39.091+0000 7f8ce1ffb640 1 -- 172.21.15.76:0/3259652765 <== mon.0 v2:172.21.15.76:3300/0 5 ==== osd_map(3..3 src has 1..3) ==== 1155+0+0 (secure 0 0 0) 0x7f8cd406c750 con 0x7f8ce41067a0
2024-09-19T07:42:39.992 INFO:teuthology.orchestra.run.smithi076.stdout:/usr/bin/ceph: stderr
2024-09-19T07:42:39.091+0000 7f8cdbfff640 1 --2- 172.21.15.76:0/3259652765 >> [v2:172.21.15.76:6800/1377496784,v1:172.21.15.76:6801/1377496784] conn(0x7f8cd00392a0 0x7f8cd003b760 unknown :-1 s=BANNER_CONNECTING pgs=0 cs=0 l=1 rev1=0 crypto rx=0 tx=0 comp rx=0 tx=0)._handle_peer_banner_payload supported=3 required=0
2024-09-19T07:42:39.993 INFO:teuthology.orchestra.run.smithi076.stdout:/usr/bin/ceph: stderr
