2024-09-19T07:54:27.756+0000 7fb9d0f06640 1 --2- 172.21.15.98:0/4247305375 >> [v2:172.21.15.98:6800/470997812,v1:172.21.15.98:6801/470997812] conn(0x7fb9b4039140 0x7fb9b403b600 secure :-1 s=READY pgs=7 cs=0 l=1 rev1=1 crypto rx=0x7fb9c00098c0 tx=0x7fb9c0006db0 comp rx=0 tx=0).stop
2024-09-19T07:54:28.369 INFO:teuthology.orchestra.run.smithi098.stdout:/usr/bin/ceph: stderr
2024-09-19T07:54:27.757+0000 7fb9d0f06640 1 -- 172.21.15.98:0/4247305375 >> [v2:172.21.15.98:3300/0,v1:172.21.15.98:6789/0] conn(0x7fb9cc07de60 msgr2=0x7fb9cc19dab0 secure :-1 s=STATE_CONNECTION_ESTABLISHED l=1).mark_down
2024-09-19T07:54:28.369 INFO:teuthology.orchestra.run.smithi098.stdout:/usr/bin/ceph: stderr
2024-09-19T07:54:27.757+0000 7fb9d0f06640 1 --2- 172.21.15.98:0/4247305375 >> [v2:172.21.15.98:3300/0,v1:172.21.15.98:6789/0] conn(0x7fb9cc07de60 0x7fb9cc19dab0 secure :-1 s=READY pgs=69 cs=0 l=1 rev1=1 crypto rx=0x7fb9bc0097f0 tx=0x7fb9bc0327b0 comp rx=0 tx=0).stop
2024-09-19T07:54:28.369 INFO:teuthology.orchestra.run.smithi098.stdout:/usr/bin/ceph: stderr
2024-09-19T07:54:27.757+0000 7fb9d0f06640 1 -- 172.21.15.98:0/4247305375 shutdown_connections
2024-09-19T07:54:28.369 INFO:teuthology.orchestra.run.smithi098.stdout:/usr/bin/ceph: stderr
2024-09-19T07:54:27.757+0000 7fb9d0f06640 1 --2- 172.21.15.98:0/4247305375 >> [v2:172.21.15.98:6800/470997812,v1:172.21.15.98:6801/470997812] conn(0x7fb9b4039140 0x7fb9b403b600 unknown :-1 s=CLOSED pgs=7 cs=0 l=1 rev1=1 crypto rx=0 tx=0 comp rx=0 tx=0).stop
2024-09-19T07:54:28.369 INFO:teuthology.orchestra.run.smithi098.stdout:/usr/bin/ceph: stderr
2024-09-19T07:54:27.757+0000 7fb9d0f06640 1 --2- 172.21.15.98:0/4247305375 >> [v2:172.21.15.98:3300/0,v1:172.21.15.98:6789/0] conn(0x7fb9cc07de60 0x7fb9cc19dab0 unknown :-1 s=CLOSED pgs=69 cs=0 l=1 rev1=1 crypto rx=0 tx=0 comp rx=0 tx=0).stop
2024-09-19T07:54:28.369 INFO:teuthology.orchestra.run.smithi098.stdout:/usr/bin/ceph: stderr
2024-09-19T07:54:27.757+0000 7fb9d0f06640 1 -- 172.21.15.98:0/4247305375 >> 172.21.15.98:0/4247305375 conn(0x7fb9cc1030b0 msgr2=0x7fb9cc103c40 unknown :-1 s=STATE_NONE l=0).mark_down
2024-09-19T07:54:28.369 INFO:teuthology.orchestra.run.smithi098.stdout:/usr/bin/ceph: stderr
2024-09-19T07:54:27.757+0000 7fb9d0f06640 1 -- 172.21.15.98:0/4247305375 shutdown_connections
2024-09-19T07:54:28.369 INFO:teuthology.orchestra.run.smithi098.stdout:/usr/bin/ceph: stderr
2024-09-19T07:54:27.757+0000 7fb9d0f06640 1 -- 172.21.15.98:0/4247305375 wait complete.
2024-09-19T07:54:28.369 INFO:teuthology.orchestra.run.smithi098.stdout:Creating initial admin user...
2024-09-19T07:54:28.612 INFO:journalctl@ceph.mon.a.smithi098.stdout:Sep 19 07:54:28 smithi098 ceph-mon[31333]: [19/Sep/2024:07:54:26] ENGINE Serving on https://172.21.15.98:7150
2024-09-19T07:54:28.612 INFO:journalctl@ceph.mon.a.smithi098.stdout:Sep 19 07:54:28 smithi098 ceph-mon[31333]: [19/Sep/2024:07:54:26] ENGINE Error in HTTPServer.serve
2024-09-19T07:54:28.612 INFO:journalctl@ceph.mon.a.smithi098.stdout: Traceback (most recent call last):
2024-09-19T07:54:28.613 INFO:journalctl@ceph.mon.a.smithi098.stdout: File "/lib/python3.9/site-packages/cheroot/server.py", line 1823, in serve
2024-09-19T07:54:28.613 INFO:journalctl@ceph.mon.a.smithi098.stdout: self._connections.run(self.expiration_interval)
2024-09-19T07:54:28.613 INFO:journalctl@ceph.mon.a.smithi098.stdout: File "/lib/python3.9/site-packages/cheroot/connections.py", line 203, in run
2024-09-19T07:54:28.613 INFO:journalctl@ceph.mon.a.smithi098.stdout: self._run(expiration_interval)
2024-09-19T07:54:28.613 INFO:journalctl@ceph.mon.a.smithi098.stdout: File "/lib/python3.9/site-packages/cheroot/connections.py", line 246, in _run
2024-09-19T07:54:28.613 INFO:journalctl@ceph.mon.a.smithi098.stdout: new_conn = self._from_server_socket(self.server.socket)
2024-09-19T07:54:28.613 INFO:journalctl@ceph.mon.a.smithi098.stdout: File "/lib/python3.9/site-packages/cheroot/connections.py", line 300, in _from_server_socket
2024-09-19T07:54:28.613 INFO:journalctl@ceph.mon.a.smithi098.stdout: s, ssl_env = self.server.ssl_adapter.wrap(s)
2024-09-19T07:54:28.613 INFO:journalctl@ceph.mon.a.smithi098.stdout: File "/lib/python3.9/site-packages/cheroot/ssl/builtin.py", line 277, in wrap
2024-09-19T07:54:28.613 INFO:journalctl@ceph.mon.a.smithi098.stdout: s = self.context.wrap_socket(
2024-09-19T07:54:28.614 INFO:journalctl@ceph.mon.a.smithi098.stdout: File "/lib64/python3.9/ssl.py", line 501, in wrap_socket
2024-09-19T07:54:28.614 INFO:journalctl@ceph.mon.a.smithi098.stdout: return self.sslsocket_class._create(
2024-09-19T07:54:28.614 INFO:journalctl@ceph.mon.a.smithi098.stdout: File "/lib64/python3.9/ssl.py", line 1074, in _create
2024-09-19T07:54:28.614 INFO:journalctl@ceph.mon.a.smithi098.stdout: self.do_handshake()
2024-09-19T07:54:28.614 INFO:journalctl@ceph.mon.a.smithi098.stdout: File "/lib64/python3.9/ssl.py", line 1343, in do_handshake
2024-09-19T07:54:28.614 INFO:journalctl@ceph.mon.a.smithi098.stdout: self._sslobj.do_handshake()
2024-09-19T07:54:28.614 INFO:journalctl@ceph.mon.a.smithi098.stdout: ssl.SSLZeroReturnError: TLS/SSL connection has been closed (EOF) (_ssl.c:1133)
2024-09-19T07:54:28.614 INFO:journalctl@ceph.mon.a.smithi098.stdout:Sep 19 07:54:28 smithi098 ceph-mon[31333]: [19/Sep/2024:07:54:26] ENGINE Serving on http://172.21.15.98:8765
2024-09-19T07:54:28.614 INFO:journalctl@ceph.mon.a.smithi098.stdout:Sep 19 07:54:28 smithi098 ceph-mon[31333]: [19/Sep/2024:07:54:26] ENGINE Bus STARTED
2024-09-19T07:54:28.615 INFO:journalctl@ceph.mon.a.smithi098.stdout:Sep 19 07:54:28 smithi098 ceph-mon[31333]: from='mgr.14150 172.21.15.98:0/2068150341' entity='mgr.x'
2024-09-19T07:54:28.615 INFO:journalctl@ceph.mon.a.smithi098.stdout:Sep 19 07:54:28 smithi098 ceph-mon[31333]: from='mgr.14150 172.21.15.98:0/2068150341' entity='mgr.x'
2024-09-19T07:54:28.615 INFO:journalctl@ceph.mon.a.smithi098.stdout:Sep 19 07:54:28 smithi098 ceph-mon[31333]: from='mgr.14150 172.21.15.98:0/2068150341' entity='mgr.x'
2024-09-19T07:54:28.615 INFO:journalctl@ceph.mon.a.smithi098.stdout:Sep 19 07:54:28 smithi098 ceph-mon[31333]: mgrmap e12: x(active, since 2s)
2024-09-19T07:54:29.682 INFO:journalctl@ceph.mon.a.smithi098.stdout:Sep 19 07:54:29 smithi098 ceph-mon[31333]: from='client.14162 -' entity='client.admin' cmd=[{"prefix": "dashboard create-self-signed-cert", "target": ["mon-mgr", ""]}]: dispatch
2024-09-19T07:54:29.682 INFO:journalctl@ceph.mon.a.smithi098.stdout:Sep 19 07:54:29 smithi098 ceph-mon[31333]: from='mgr.14150 172.21.15.98:0/2068150341' entity='mgr.x'
2024-09-19T07:54:30.470 INFO:teuthology.orchestra.run.smithi098.stdout:/usr/bin/ceph: stdout {"username": "admin", "password": "$2b$12$wu4lHlNVUL0YU1alhWPDPefhX..kFl/6/GIO18HJEQSmSE5zGx3Bi", "roles": ["administrator"], "name": null, "email": null, "lastUpdate": 1726732469, "enabled": true, "pwdExpirationDate": null, "pwdUpdateRequired": true}
2024-09-19T07:54:30.470 INFO:teuthology.orchestra.run.smithi098.stdout:/usr/bin/ceph: stderr
2024-09-19T07:54:28.819+0000 7f0403abc640 1 Processor -- start
2024-09-19T07:54:30.470 INFO:teuthology.orchestra.run.smithi098.stdout:/usr/bin/ceph: stderr
2024-09-19T07:54:28.819+0000 7f0403abc640 1 -- start start
2024-09-19T07:54:30.470 INFO:teuthology.orchestra.run.smithi098.stdout:/usr/bin/ceph: stderr
2024-09-19T07:54:28.819+0000 7f0403abc640 1 --2- >> [v2:172.21.15.98:3300/0,v1:172.21.15.98:6789/0] conn(0x7f03fc106190 0x7f03fc106590 unknown :-1 s=NONE pgs=0 cs=0 l=0 rev1=0 crypto rx=0 tx=0 comp rx=0 tx=0).connect
2024-09-19T07:54:30.470 INFO:teuthology.orchestra.run.smithi098.stdout:/usr/bin/ceph: stderr
2024-09-19T07:54:28.819+0000 7f0403abc640 1 -- --> [v2:172.21.15.98:3300/0,v1:172.21.15.98:6789/0] -- mon_getmap magic: 0 -- 0x7f03fc07be10 con 0x7f03fc106190
2024-09-19T07:54:30.470 INFO:teuthology.orchestra.run.smithi098.stdout:/usr/bin/ceph: stderr
2024-09-19T07:54:28.819+0000 7f0401858640 1 --2- >> [v2:172.21.15.98:3300/0,v1:172.21.15.98:6789/0] conn(0x7f03fc106190 0x7f03fc106590 unknown :-1 s=BANNER_CONNECTING pgs=0 cs=0 l=0 rev1=0 crypto rx=0 tx=0 comp rx=0 tx=0)._handle_peer_banner_payload supported=3 required=0
2024-09-19T07:54:30.470 INFO:teuthology.orchestra.run.smithi098.stdout:/usr/bin/ceph: stderr
2024-09-19T07:54:28.819+0000 7f0401858640 1 --2- >> [v2:172.21.15.98:3300/0,v1:172.21.15.98:6789/0] conn(0x7f03fc106190 0x7f03fc106590 unknown :-1 s=HELLO_CONNECTING pgs=0 cs=0 l=0 rev1=1 crypto rx=0 tx=0 comp rx=0 tx=0).handle_hello peer v2:172.21.15.98:3300/0 says I am v2:172.21.15.98:49126/0 (socket says 172.21.15.98:49126)
2024-09-19T07:54:30.470 INFO:teuthology.orchestra.run.smithi098.stdout:/usr/bin/ceph: stderr
2024-09-19T07:54:28.819+0000 7f0401858640 1 -- 172.21.15.98:0/1514152855 learned_addr learned my addr 172.21.15.98:0/1514152855 (peer_addr_for_me v2:172.21.15.98:0/0)
2024-09-19T07:54:30.470 INFO:teuthology.orchestra.run.smithi098.stdout:/usr/bin/ceph: stderr
2024-09-19T07:54:28.819+0000 7f0401858640 1 -- 172.21.15.98:0/1514152855 --> [v2:172.21.15.98:3300/0,v1:172.21.15.98:6789/0] -- mon_subscribe({config=0+,monmap=0+}) -- 0x7f03fc106ad0 con 0x7f03fc106190
2024-09-19T07:54:30.470 INFO:teuthology.orchestra.run.smithi098.stdout:/usr/bin/ceph: stderr
2024-09-19T07:54:28.820+0000 7f0401858640 1 --2- 172.21.15.98:0/1514152855 >> [v2:172.21.15.98:3300/0,v1:172.21.15.98:6789/0] conn(0x7f03fc106190 0x7f03fc106590 secure :-1 s=READY pgs=70 cs=0 l=1 rev1=1 crypto rx=0x7f03f8009820 tx=0x7f03f802a270 comp rx=0 tx=0).ready entity=mon.0 client_cookie=e068b09ff0a864ed server_cookie=0 in_seq=0 out_seq=0
2024-09-19T07:54:30.470 INFO:teuthology.orchestra.run.smithi098.stdout:/usr/bin/ceph: stderr
2024-09-19T07:54:28.820+0000 7f0400856640 1 -- 172.21.15.98:0/1514152855 <== mon.0 v2:172.21.15.98:3300/0 1 ==== mon_map magic: 0 ==== 205+0+0 (secure 0 0 0) 0x7f03f8037070 con 0x7f03fc106190
2024-09-19T07:54:30.471 INFO:teuthology.orchestra.run.smithi098.stdout:/usr/bin/ceph: stderr
2024-09-19T07:54:28.820+0000 7f0400856640 1 -- 172.21.15.98:0/1514152855 <== mon.0 v2:172.21.15.98:3300/0 2 ==== config(27 keys) ==== 1140+0+0 (secure 0 0 0) 0x7f03f8032920 con 0x7f03fc106190
2024-09-19T07:54:30.471 INFO:teuthology.orchestra.run.smithi098.stdout:/usr/bin/ceph: stderr
2024-09-19T07:54:28.820+0000 7f0400856640 1 -- 172.21.15.98:0/1514152855 <== mon.0 v2:172.21.15.98:3300/0 3 ==== mon_map magic: 0 ==== 205+0+0 (secure 0 0 0) 0x7f03f8030810 con 0x7f03fc106190
2024-09-19T07:54:30.471 INFO:teuthology.orchestra.run.smithi098.stdout:/usr/bin/ceph: stderr
2024-09-19T07:54:28.821+0000 7f0403abc640 1 -- 172.21.15.98:0/1514152855 >> [v2:172.21.15.98:3300/0,v1:172.21.15.98:6789/0] conn(0x7f03fc106190 msgr2=0x7f03fc106590 secure :-1 s=STATE_CONNECTION_ESTABLISHED l=1).mark_down
2024-09-19T07:54:30.471 INFO:teuthology.orchestra.run.smithi098.stdout:/usr/bin/ceph: stderr
2024-09-19T07:54:28.821+0000 7f0403abc640 1 --2- 172.21.15.98:0/1514152855 >> [v2:172.21.15.98:3300/0,v1:172.21.15.98:6789/0] conn(0x7f03fc106190 0x7f03fc106590 secure :-1 s=READY pgs=70 cs=0 l=1 rev1=1 crypto rx=0x7f03f8009820 tx=0x7f03f802a270 comp rx=0 tx=0).stop
2024-09-19T07:54:30.471 INFO:teuthology.orchestra.run.smithi098.stdout:/usr/bin/ceph: stderr
2024-09-19T07:54:28.821+0000 7f0403abc640 1 -- 172.21.15.98:0/1514152855 shutdown_connections
2024-09-19T07:54:30.471 INFO:teuthology.orchestra.run.smithi098.stdout:/usr/bin/ceph: stderr
2024-09-19T07:54:28.821+0000 7f0403abc640 1 --2- 172.21.15.98:0/1514152855 >> [v2:172.21.15.98:3300/0,v1:172.21.15.98:6789/0] conn(0x7f03fc106190 0x7f03fc106590 unknown :-1 s=CLOSED pgs=70 cs=0 l=1 rev1=1 crypto rx=0 tx=0 comp rx=0 tx=0).stop
2024-09-19T07:54:30.471 INFO:teuthology.orchestra.run.smithi098.stdout:/usr/bin/ceph: stderr
2024-09-19T07:54:28.821+0000 7f0403abc640 1 -- 172.21.15.98:0/1514152855 >> 172.21.15.98:0/1514152855 conn(0x7f03fc101f40 msgr2=0x7f03fc104380 unknown :-1 s=STATE_NONE l=0).mark_down
2024-09-19T07:54:30.471 INFO:teuthology.orchestra.run.smithi098.stdout:/usr/bin/ceph: stderr
2024-09-19T07:54:28.821+0000 7f0403abc640 1 -- 172.21.15.98:0/1514152855 shutdown_connections
2024-09-19T07:54:30.471 INFO:teuthology.orchestra.run.smithi098.stdout:/usr/bin/ceph: stderr
2024-09-19T07:54:28.821+0000 7f0403abc640 1 -- 172.21.15.98:0/1514152855 wait complete.
2024-09-19T07:54:30.471 INFO:teuthology.orchestra.run.smithi098.stdout:/usr/bin/ceph: stderr
2024-09-19T07:54:28.821+0000 7f0403abc640 1 Processor -- start
2024-09-19T07:54:30.471 INFO:teuthology.orchestra.run.smithi098.stdout:/usr/bin/ceph: stderr
2024-09-19T07:54:28.822+0000 7f0403abc640 1 -- start start
2024-09-19T07:54:30.471 INFO:teuthology.orchestra.run.smithi098.stdout:/usr/bin/ceph: stderr
2024-09-19T07:54:28.822+0000 7f0403abc640 1 --2- >> [v2:172.21.15.98:3300/0,v1:172.21.15.98:6789/0] conn(0x7f03fc106190 0x7f03fc19da60 unknown :-1 s=NONE pgs=0 cs=0 l=1 rev1=0 crypto rx=0 tx=0 comp rx=0 tx=0).connect
2024-09-19T07:54:30.471 INFO:teuthology.orchestra.run.smithi098.stdout:/usr/bin/ceph: stderr
2024-09-19T07:54:28.822+0000 7f0403abc640 1 -- --> [v2:172.21.15.98:3300/0,v1:172.21.15.98:6789/0] -- mon_getmap magic: 0 -- 0x7f03fc107ba0 con 0x7f03fc106190
2024-09-19T07:54:30.472 INFO:teuthology.orchestra.run.smithi098.stdout:/usr/bin/ceph: stderr
2024-09-19T07:54:28.822+0000 7f0401858640 1 --2- >> [v2:172.21.15.98:3300/0,v1:172.21.15.98:6789/0] conn(0x7f03fc106190 0x7f03fc19da60 unknown :-1 s=BANNER_CONNECTING pgs=0 cs=0 l=1 rev1=0 crypto rx=0 tx=0 comp rx=0 tx=0)._handle_peer_banner_payload supported=3 required=0
2024-09-19T07:54:30.472 INFO:teuthology.orchestra.run.smithi098.stdout:/usr/bin/ceph: stderr
2024-09-19T07:54:28.822+0000 7f0401858640 1 --2- >> [v2:172.21.15.98:3300/0,v1:172.21.15.98:6789/0] conn(0x7f03fc106190 0x7f03fc19da60 unknown :-1 s=HELLO_CONNECTING pgs=0 cs=0 l=1 rev1=1 crypto rx=0 tx=0 comp rx=0 tx=0).handle_hello peer v2:172.21.15.98:3300/0 says I am v2:172.21.15.98:49138/0 (socket says 172.21.15.98:49138)
2024-09-19T07:54:30.472 INFO:teuthology.orchestra.run.smithi098.stdout:/usr/bin/ceph: stderr
2024-09-19T07:54:28.822+0000 7f0401858640 1 -- 172.21.15.98:0/1118247562 learned_addr learned my addr 172.21.15.98:0/1118247562 (peer_addr_for_me v2:172.21.15.98:0/0)
2024-09-19T07:54:30.472 INFO:teuthology.orchestra.run.smithi098.stdout:/usr/bin/ceph: stderr
2024-09-19T07:54:28.822+0000 7f0401858640 1 -- 172.21.15.98:0/1118247562 --> [v2:172.21.15.98:3300/0,v1:172.21.15.98:6789/0] -- mon_subscribe({config=0+,monmap=0+}) -- 0x7f03fc19dfa0 con 0x7f03fc106190
2024-09-19T07:54:30.472 INFO:teuthology.orchestra.run.smithi098.stdout:/usr/bin/ceph: stderr
2024-09-19T07:54:28.822+0000 7f0401858640 1 --2- 172.21.15.98:0/1118247562 >> [v2:172.21.15.98:3300/0,v1:172.21.15.98:6789/0] conn(0x7f03fc106190 0x7f03fc19da60 secure :-1 s=READY pgs=71 cs=0 l=1 rev1=1 crypto rx=0x7f03f8030380 tx=0x7f03f8032670 comp rx=0 tx=0).ready entity=mon.0 client_cookie=0 server_cookie=0 in_seq=0 out_seq=0
2024-09-19T07:54:30.472 INFO:teuthology.orchestra.run.smithi098.stdout:/usr/bin/ceph: stderr
2024-09-19T07:54:28.822+0000 7f03f2ffd640 1 -- 172.21.15.98:0/1118247562 <== mon.0 v2:172.21.15.98:3300/0 1 ==== mon_map magic: 0 ==== 205+0+0 (secure 0 0 0) 0x7f03f8037040 con 0x7f03fc106190
2024-09-19T07:54:30.472 INFO:teuthology.orchestra.run.smithi098.stdout:/usr/bin/ceph: stderr
2024-09-19T07:54:28.822+0000 7f03f2ffd640 1 -- 172.21.15.98:0/1118247562 <== mon.0 v2:172.21.15.98:3300/0 2 ==== config(27 keys) ==== 1140+0+0 (secure 0 0 0) 0x7f03f8040070 con 0x7f03fc106190
2024-09-19T07:54:30.472 INFO:teuthology.orchestra.run.smithi098.stdout:/usr/bin/ceph: stderr
2024-09-19T07:54:28.822+0000 7f0403abc640 1 -- 172.21.15.98:0/1118247562 --> [v2:172.21.15.98:3300/0,v1:172.21.15.98:6789/0] -- mon_subscribe({mgrmap=0+}) -- 0x7f03fc19e230 con 0x7f03fc106190
2024-09-19T07:54:30.472 INFO:teuthology.orchestra.run.smithi098.stdout:/usr/bin/ceph: stderr
2024-09-19T07:54:28.822+0000 7f03f2ffd640 1 -- 172.21.15.98:0/1118247562 <== mon.0 v2:172.21.15.98:3300/0 3 ==== mon_map magic: 0 ==== 205+0+0 (secure 0 0 0) 0x7f03f803a7b0 con 0x7f03fc106190
2024-09-19T07:54:30.472 INFO:teuthology.orchestra.run.smithi098.stdout:/usr/bin/ceph: stderr
2024-09-19T07:54:28.822+0000 7f0403abc640 1 -- 172.21.15.98:0/1118247562 --> [v2:172.21.15.98:3300/0,v1:172.21.15.98:6789/0] -- mon_subscribe({osdmap=0}) -- 0x7f03fc1a0f20 con 0x7f03fc106190
2024-09-19T07:54:30.472 INFO:teuthology.orchestra.run.smithi098.stdout:/usr/bin/ceph: stderr
2024-09-19T07:54:28.823+0000 7f03f2ffd640 1 -- 172.21.15.98:0/1118247562 <== mon.0 v2:172.21.15.98:3300/0 4 ==== mgrmap(e 12) ==== 46474+0+0 (secure 0 0 0) 0x7f03f803bc00 con 0x7f03fc106190
2024-09-19T07:54:30.472 INFO:teuthology.orchestra.run.smithi098.stdout:/usr/bin/ceph: stderr
2024-09-19T07:54:28.823+0000 7f0403abc640 1 -- 172.21.15.98:0/1118247562 --> [v2:172.21.15.98:3300/0,v1:172.21.15.98:6789/0] -- mon_command({"prefix": "get_command_descriptions"} v 0) -- 0x7f03fc106590 con 0x7f03fc106190
2024-09-19T07:54:30.472 INFO:teuthology.orchestra.run.smithi098.stdout:/usr/bin/ceph: stderr
2024-09-19T07:54:28.824+0000 7f03f2ffd640 1 --2- 172.21.15.98:0/1118247562 >> [v2:172.21.15.98:6800/470997812,v1:172.21.15.98:6801/470997812] conn(0x7f03e8039260 0x7f03e803b720 unknown :-1 s=NONE pgs=0 cs=0 l=1 rev1=0 crypto rx=0 tx=0 comp rx=0 tx=0).connect
2024-09-19T07:54:30.473 INFO:teuthology.orchestra.run.smithi098.stdout:/usr/bin/ceph: stderr
2024-09-19T07:54:28.824+0000 7f03f2ffd640 1 -- 172.21.15.98:0/1118247562 <== mon.0 v2:172.21.15.98:3300/0 5 ==== osd_map(3..3 src has 1..3) ==== 1155+0+0 (secure 0 0 0) 0x7f03f806ca40 con 0x7f03fc106190
2024-09-19T07:54:30.473 INFO:teuthology.orchestra.run.smithi098.stdout:/usr/bin/ceph: stderr
2024-09-19T07:54:28.824+0000 7f0401057640 1 --2- 172.21.15.98:0/1118247562 >> [v2:172.21.15.98:6800/470997812,v1:172.21.15.98:6801/470997812] conn(0x7f03e8039260 0x7f03e803b720 unknown :-1 s=BANNER_CONNECTING pgs=0 cs=0 l=1 rev1=0 crypto rx=0 tx=0 comp rx=0 tx=0)._handle_peer_banner_payload supported=3 required=0
2024-09-19T07:54:30.473 INFO:teuthology.orchestra.run.smithi098.stdout:/usr/bin/ceph: stderr
2024-09-19T07:54:28.824+0000 7f0401057640 1 --2- 172.21.15.98:0/1118247562 >> [v2:172.21.15.98:6800/470997812,v1:172.21.15.98:6801/470997812] conn(0x7f03e8039260 0x7f03e803b720 secure :-1 s=READY pgs=8 cs=0 l=1 rev1=1 crypto rx=0x7f03ec0098c0 tx=0x7f03ec006db0 comp rx=0 tx=0).ready entity=mgr.14150 client_cookie=0 server_cookie=0 in_seq=0 out_seq=0
2024-09-19T07:54:30.473 INFO:teuthology.orchestra.run.smithi098.stdout:/usr/bin/ceph: stderr
2024-09-19T07:54:28.829+0000 7f03f2ffd640 1 -- 172.21.15.98:0/1118247562 <== mon.0 v2:172.21.15.98:3300/0 6 ==== mon_command_ack([{"prefix": "get_command_descriptions"}]=0 v0) ==== 72+0+188913 (secure 0 0 0) 0x7f03f806ee20 con 0x7f03fc106190
2024-09-19T07:54:30.473 INFO:teuthology.orchestra.run.smithi098.stdout:/usr/bin/ceph: stderr
2024-09-19T07:54:29.031+0000 7f0403abc640 1 -- 172.21.15.98:0/1118247562 --> [v2:172.21.15.98:6800/470997812,v1:172.21.15.98:6801/470997812] -- mgr_command(tid 0: {"prefix": "dashboard ac-user-create", "username": "admin", "rolename": "administrator", "force_password": true, "pwd_update_required": true, "target": ["mon-mgr", ""]}) -- 0x7f03fc19e710 con 0x7f03e8039260
2024-09-19T07:54:30.473 INFO:teuthology.orchestra.run.smithi098.stdout:/usr/bin/ceph: stderr
2024-09-19T07:54:29.257+0000 7f03f2ffd640 1 -- 172.21.15.98:0/1118247562 <== mgr.14150 v2:172.21.15.98:6800/470997812 1 ==== mgr_command_reply(tid 0: 0 ) ==== 8+0+252 (secure 0 0 0) 0x7f03fc19e710 con 0x7f03e8039260
2024-09-19T07:54:30.473 INFO:teuthology.orchestra.run.smithi098.stdout:/usr/bin/ceph: stderr
2024-09-19T07:54:29.260+0000 7f0403abc640 1 -- 172.21.15.98:0/1118247562 >> [v2:172.21.15.98:6800/470997812,v1:172.21.15.98:6801/470997812] conn(0x7f03e8039260 msgr2=0x7f03e803b720 secure :-1 s=STATE_CONNECTION_ESTABLISHED l=1).mark_down
2024-09-19T07:54:30.473 INFO:teuthology.orchestra.run.smithi098.stdout:/usr/bin/ceph: stderr
2024-09-19T07:54:29.260+0000 7f0403abc640 1 --2- 172.21.15.98:0/1118247562 >> [v2:172.21.15.98:6800/470997812,v1:172.21.15.98:6801/470997812] conn(0x7f03e8039260 0x7f03e803b720 secure :-1 s=READY pgs=8 cs=0 l=1 rev1=1 crypto rx=0x7f03ec0098c0 tx=0x7f03ec006db0 comp rx=0 tx=0).stop
2024-09-19T07:54:30.473 INFO:teuthology.orchestra.run.smithi098.stdout:/usr/bin/ceph: stderr
2024-09-19T07:54:29.260+0000 7f0403abc640 1 -- 172.21.15.98:0/1118247562 >> [v2:172.21.15.98:3300/0,v1:172.21.15.98:6789/0] conn(0x7f03fc106190 msgr2=0x7f03fc19da60 secure :-1 s=STATE_CONNECTION_ESTABLISHED l=1).mark_down
2024-09-19T07:54:30.473 INFO:teuthology.orchestra.run.smithi098.stdout:/usr/bin/ceph: stderr
2024-09-19T07:54:29.260+0000 7f0403abc640 1 --2- 172.21.15.98:0/1118247562 >> [v2:172.21.15.98:3300/0,v1:172.21.15.98:6789/0] conn(0x7f03fc106190 0x7f03fc19da60 secure :-1 s=READY pgs=71 cs=0 l=1 rev1=1 crypto rx=0x7f03f8030380 tx=0x7f03f8032670 comp rx=0 tx=0).stop
2024-09-19T07:54:30.473 INFO:teuthology.orchestra.run.smithi098.stdout:/usr/bin/ceph: stderr
2024-09-19T07:54:29.260+0000 7f0403abc640 1 -- 172.21.15.98:0/1118247562 shutdown_connections
2024-09-19T07:54:30.473 INFO:teuthology.orchestra.run.smithi098.stdout:/usr/bin/ceph: stderr
2024-09-19T07:54:29.260+0000 7f0403abc640 1 --2- 172.21.15.98:0/1118247562 >> [v2:172.21.15.98:6800/470997812,v1:172.21.15.98:6801/470997812] conn(0x7f03e8039260 0x7f03e803b720 unknown :-1 s=CLOSED pgs=8 cs=0 l=1 rev1=1 crypto rx=0 tx=0 comp rx=0 tx=0).stop
2024-09-19T07:54:30.473 INFO:teuthology.orchestra.run.smithi098.stdout:/usr/bin/ceph: stderr
2024-09-19T07:54:29.260+0000 7f0403abc640 1 --2- 172.21.15.98:0/1118247562 >> [v2:172.21.15.98:3300/0,v1:172.21.15.98:6789/0] conn(0x7f03fc106190 0x7f03fc19da60 unknown :-1 s=CLOSED pgs=71 cs=0 l=1 rev1=1 crypto rx=0 tx=0 comp rx=0 tx=0).stop
2024-09-19T07:54:30.474 INFO:teuthology.orchestra.run.smithi098.stdout:/usr/bin/ceph: stderr
2024-09-19T07:54:29.260+0000 7f0403abc640 1 -- 172.21.15.98:0/1118247562 >> 172.21.15.98:0/1118247562 conn(0x7f03fc101f40 msgr2=0x7f03fc191d80 unknown :-1 s=STATE_NONE l=0).mark_down
2024-09-19T07:54:30.474 INFO:teuthology.orchestra.run.smithi098.stdout:/usr/bin/ceph: stderr
2024-09-19T07:54:29.260+0000 7f0403abc640 1 -- 172.21.15.98:0/1118247562 shutdown_connections
2024-09-19T07:54:30.474 INFO:teuthology.orchestra.run.smithi098.stdout:/usr/bin/ceph: stderr
2024-09-19T07:54:29.260+0000 7f0403abc640 1 -- 172.21.15.98:0/1118247562 wait complete.
2024-09-19T07:54:30.474 INFO:teuthology.orchestra.run.smithi098.stdout:Fetching dashboard port number...
2024-09-19T07:54:30.713 INFO:journalctl@ceph.mon.a.smithi098.stdout:Sep 19 07:54:30 smithi098 ceph-mon[31333]: from='client.14164 -' entity='client.admin' cmd=[{"prefix": "dashboard ac-user-create", "username": "admin", "rolename": "administrator", "force_password": true, "pwd_update_required": true, "target": ["mon-mgr", ""]}]: dispatch
2024-09-19T07:54:31.598 INFO:journalctl@ceph.mon.a.smithi098.stdout:Sep 19 07:54:31 smithi098 ceph-mon[31333]: from='client.? 172.21.15.98:0/3714008214' entity='client.admin' cmd=[{"prefix": "config get", "who": "mgr", "key": "mgr/dashboard/ssl_server_port"}]: dispatch
2024-09-19T07:54:31.668 INFO:teuthology.orchestra.run.smithi098.stdout:/usr/bin/ceph: stdout 8443
2024-09-19T07:54:31.668 INFO:teuthology.orchestra.run.smithi098.stdout:/usr/bin/ceph: stderr
2024-09-19T07:54:30.902+0000 7f0698c10640 1 Processor -- start
2024-09-19T07:54:31.668 INFO:teuthology.orchestra.run.smithi098.stdout:/usr/bin/ceph: stderr
2024-09-19T07:54:30.902+0000 7f0698c10640 1 -- start start
2024-09-19T07:54:31.668 INFO:teuthology.orchestra.run.smithi098.stdout:/usr/bin/ceph: stderr
2024-09-19T07:54:30.903+0000 7f0698c10640 1 --2- >> [v2:172.21.15.98:3300/0,v1:172.21.15.98:6789/0] conn(0x7f0694107900 0x7f0694107d00 unknown :-1 s=NONE pgs=0 cs=0 l=0 rev1=0 crypto rx=0 tx=0 comp rx=0 tx=0).connect
2024-09-19T07:54:31.668 INFO:teuthology.orchestra.run.smithi098.stdout:/usr/bin/ceph: stderr
2024-09-19T07:54:30.903+0000 7f0698c10640 1 -- --> [v2:172.21.15.98:3300/0,v1:172.21.15.98:6789/0] -- mon_getmap magic: 0 -- 0x7f06941082d0 con 0x7f0694107900
2024-09-19T07:54:31.668 INFO:teuthology.orchestra.run.smithi098.stdout:/usr/bin/ceph: stderr
2024-09-19T07:54:30.903+0000 7f069259c640 1 --2- >> [v2:172.21.15.98:3300/0,v1:172.21.15.98:6789/0] conn(0x7f0694107900 0x7f0694107d00 unknown :-1 s=BANNER_CONNECTING pgs=0 cs=0 l=0 rev1=0 crypto rx=0 tx=0 comp rx=0 tx=0)._handle_peer_banner_payload supported=3 required=0
2024-09-19T07:54:31.669 INFO:teuthology.orchestra.run.smithi098.stdout:/usr/bin/ceph: stderr
2024-09-19T07:54:30.903+0000 7f069259c640 1 --2- >> [v2:172.21.15.98:3300/0,v1:172.21.15.98:6789/0] conn(0x7f0694107900 0x7f0694107d00 unknown :-1 s=HELLO_CONNECTING pgs=0 cs=0 l=0 rev1=1 crypto rx=0 tx=0 comp rx=0 tx=0).handle_hello peer v2:172.21.15.98:3300/0 says I am v2:172.21.15.98:49144/0 (socket says 172.21.15.98:49144)
2024-09-19T07:54:31.669 INFO:teuthology.orchestra.run.smithi098.stdout:/usr/bin/ceph: stderr
2024-09-19T07:54:30.903+0000 7f069259c640 1 -- 172.21.15.98:0/3951203246 learned_addr learned my addr 172.21.15.98:0/3951203246 (peer_addr_for_me v2:172.21.15.98:0/0)
2024-09-19T07:54:31.669 INFO:teuthology.orchestra.run.smithi098.stdout:/usr/bin/ceph: stderr
2024-09-19T07:54:30.903+0000 7f069259c640 1 -- 172.21.15.98:0/3951203246 --> [v2:172.21.15.98:3300/0,v1:172.21.15.98:6789/0] -- mon_subscribe({config=0+,monmap=0+}) -- 0x7f0694108b00 con 0x7f0694107900
2024-09-19T07:54:31.669 INFO:teuthology.orchestra.run.smithi098.stdout:/usr/bin/ceph: stderr
2024-09-19T07:54:30.904+0000 7f069259c640 1 --2- 172.21.15.98:0/3951203246 >> [v2:172.21.15.98:3300/0,v1:172.21.15.98:6789/0] conn(0x7f0694107900 0x7f0694107d00 secure :-1 s=READY pgs=72 cs=0 l=1 rev1=1 crypto rx=0x7f0684009820 tx=0x7f068402a270 comp rx=0 tx=0).ready entity=mon.0 client_cookie=2ea4609918f2ea5e server_cookie=0 in_seq=0 out_seq=0
2024-09-19T07:54:31.669 INFO:teuthology.orchestra.run.smithi098.stdout:/usr/bin/ceph: stderr
2024-09-19T07:54:30.904+0000 7f069159a640 1 -- 172.21.15.98:0/3951203246 <== mon.0 v2:172.21.15.98:3300/0 1 ==== mon_map magic: 0 ==== 205+0+0 (secure 0 0 0) 0x7f0684037070 con 0x7f0694107900
2024-09-19T07:54:31.669 INFO:teuthology.orchestra.run.smithi098.stdout:/usr/bin/ceph: stderr
2024-09-19T07:54:30.904+0000 7f069159a640 1 -- 172.21.15.98:0/3951203246 <== mon.0 v2:172.21.15.98:3300/0 2 ==== config(27 keys) ==== 1140+0+0 (secure 0 0 0) 0x7f0684032920 con 0x7f0694107900
2024-09-19T07:54:31.669 INFO:teuthology.orchestra.run.smithi098.stdout:/usr/bin/ceph: stderr
2024-09-19T07:54:30.904+0000 7f069159a640 1 -- 172.21.15.98:0/3951203246 <== mon.0 v2:172.21.15.98:3300/0 3 ==== mon_map magic: 0 ==== 205+0+0 (secure 0 0 0) 0x7f0684030810 con 0x7f0694107900
2024-09-19T07:54:31.669 INFO:teuthology.orchestra.run.smithi098.stdout:/usr/bin/ceph: stderr
2024-09-19T07:54:30.904+0000 7f0698c10640 1 -- 172.21.15.98:0/3951203246 >> [v2:172.21.15.98:3300/0,v1:172.21.15.98:6789/0] conn(0x7f0694107900 msgr2=0x7f0694107d00 secure :-1 s=STATE_CONNECTION_ESTABLISHED l=1).mark_down
2024-09-19T07:54:31.669 INFO:teuthology.orchestra.run.smithi098.stdout:/usr/bin/ceph: stderr
2024-09-19T07:54:30.904+0000 7f0698c10640 1 --2- 172.21.15.98:0/3951203246 >> [v2:172.21.15.98:3300/0,v1:172.21.15.98:6789/0] conn(0x7f0694107900 0x7f0694107d00 secure :-1 s=READY pgs=72 cs=0 l=1 rev1=1 crypto rx=0x7f0684009820 tx=0x7f068402a270 comp rx=0 tx=0).stop
2024-09-19T07:54:31.669 INFO:teuthology.orchestra.run.smithi098.stdout:/usr/bin/ceph: stderr
2024-09-19T07:54:30.905+0000 7f0698c10640 1 -- 172.21.15.98:0/3951203246 shutdown_connections
2024-09-19T07:54:31.669 INFO:teuthology.orchestra.run.smithi098.stdout:/usr/bin/ceph: stderr
2024-09-19T07:54:30.905+0000 7f0698c10640 1 --2- 172.21.15.98:0/3951203246 >> [v2:172.21.15.98:3300/0,v1:172.21.15.98:6789/0] conn(0x7f0694107900 0x7f0694107d00 unknown :-1 s=CLOSED pgs=72 cs=0 l=1 rev1=1 crypto rx=0 tx=0 comp rx=0 tx=0).stop
2024-09-19T07:54:31.669 INFO:teuthology.orchestra.run.smithi098.stdout:/usr/bin/ceph: stderr
2024-09-19T07:54:30.905+0000 7f0698c10640 1 -- 172.21.15.98:0/3951203246 >> 172.21.15.98:0/3951203246 conn(0x7f06941030b0 msgr2=0x7f06941054d0 unknown :-1 s=STATE_NONE l=0).mark_down
2024-09-19T07:54:31.669 INFO:teuthology.orchestra.run.smithi098.stdout:/usr/bin/ceph: stderr
2024-09-19T07:54:30.905+0000 7f0698c10640 1 -- 172.21.15.98:0/3951203246 shutdown_connections
2024-09-19T07:54:31.670 INFO:teuthology.orchestra.run.smithi098.stdout:/usr/bin/ceph: stderr
2024-09-19T07:54:30.905+0000 7f0698c10640 1 -- 172.21.15.98:0/3951203246 wait complete.
2024-09-19T07:54:31.670 INFO:teuthology.orchestra.run.smithi098.stdout:/usr/bin/ceph: stderr
2024-09-19T07:54:30.905+0000 7f0698c10640 1 Processor -- start
2024-09-19T07:54:31.670 INFO:teuthology.orchestra.run.smithi098.stdout:/usr/bin/ceph: stderr
2024-09-19T07:54:30.905+0000 7f0698c10640 1 -- start start
2024-09-19T07:54:31.670 INFO:teuthology.orchestra.run.smithi098.stdout:/usr/bin/ceph: stderr
2024-09-19T07:54:30.905+0000 7f0698c10640 1 --2- >> [v2:172.21.15.98:3300/0,v1:172.21.15.98:6789/0] conn(0x7f0694107900 0x7f069419b8e0 unknown :-1 s=NONE pgs=0 cs=0 l=1 rev1=0 crypto rx=0 tx=0 comp rx=0 tx=0).connect
2024-09-19T07:54:31.670 INFO:teuthology.orchestra.run.smithi098.stdout:/usr/bin/ceph: stderr
2024-09-19T07:54:30.906+0000 7f0698c10640 1 -- --> [v2:172.21.15.98:3300/0,v1:172.21.15.98:6789/0] -- mon_getmap magic: 0 -- 0x7f069410beb0 con 0x7f0694107900
2024-09-19T07:54:31.670 INFO:teuthology.orchestra.run.smithi098.stdout:/usr/bin/ceph: stderr
2024-09-19T07:54:30.906+0000 7f069259c640 1 --2- >> [v2:172.21.15.98:3300/0,v1:172.21.15.98:6789/0] conn(0x7f0694107900 0x7f069419b8e0 unknown :-1 s=BANNER_CONNECTING pgs=0 cs=0 l=1 rev1=0 crypto rx=0 tx=0 comp rx=0 tx=0)._handle_peer_banner_payload supported=3 required=0
2024-09-19T07:54:31.670 INFO:teuthology.orchestra.run.smithi098.stdout:/usr/bin/ceph: stderr
2024-09-19T07:54:30.906+0000 7f069259c640 1 --2- >> [v2:172.21.15.98:3300/0,v1:172.21.15.98:6789/0] conn(0x7f0694107900 0x7f069419b8e0 unknown :-1 s=HELLO_CONNECTING pgs=0 cs=0 l=1 rev1=1 crypto rx=0 tx=0 comp rx=0 tx=0).handle_hello peer v2:172.21.15.98:3300/0 says I am v2:172.21.15.98:49148/0 (socket says 172.21.15.98:49148)
2024-09-19T07:54:31.670 INFO:teuthology.orchestra.run.smithi098.stdout:/usr/bin/ceph: stderr
2024-09-19T07:54:30.906+0000 7f069259c640 1 -- 172.21.15.98:0/3714008214 learned_addr learned my addr 172.21.15.98:0/3714008214 (peer_addr_for_me v2:172.21.15.98:0/0)
2024-09-19T07:54:31.670 INFO:teuthology.orchestra.run.smithi098.stdout:/usr/bin/ceph: stderr
2024-09-19T07:54:30.906+0000 7f069259c640 1 -- 172.21.15.98:0/3714008214 --> [v2:172.21.15.98:3300/0,v1:172.21.15.98:6789/0] -- mon_subscribe({config=0+,monmap=0+}) -- 0x7f069419be20 con 0x7f0694107900
2024-09-19T07:54:31.670 INFO:teuthology.orchestra.run.smithi098.stdout:/usr/bin/ceph: stderr
2024-09-19T07:54:30.906+0000 7f069259c640 1 --2- 172.21.15.98:0/3714008214 >> [v2:172.21.15.98:3300/0,v1:172.21.15.98:6789/0] conn(0x7f0694107900 0x7f069419b8e0 secure :-1 s=READY pgs=73 cs=0 l=1 rev1=1 crypto rx=0x7f0684030560 tx=0x7f0684032670 comp rx=0 tx=0).ready entity=mon.0 client_cookie=0 server_cookie=0 in_seq=0 out_seq=0
2024-09-19T07:54:31.670 INFO:teuthology.orchestra.run.smithi098.stdout:/usr/bin/ceph: stderr
2024-09-19T07:54:30.906+0000 7f06837fe640 1 -- 172.21.15.98:0/3714008214 <== mon.0 v2:172.21.15.98:3300/0 1 ==== mon_map magic: 0 ==== 205+0+0 (secure 0 0 0) 0x7f0684037040 con 0x7f0694107900
2024-09-19T07:54:31.670 INFO:teuthology.orchestra.run.smithi098.stdout:/usr/bin/ceph: stderr
2024-09-19T07:54:30.906+0000 7f0698c10640 1 -- 172.21.15.98:0/3714008214 --> [v2:172.21.15.98:3300/0,v1:172.21.15.98:6789/0] -- mon_subscribe({mgrmap=0+}) -- 0x7f069419c0b0 con 0x7f0694107900
2024-09-19T07:54:31.670 INFO:teuthology.orchestra.run.smithi098.stdout:/usr/bin/ceph: stderr
2024-09-19T07:54:30.906+0000 7f06837fe640 1 -- 172.21.15.98:0/3714008214 <== mon.0 v2:172.21.15.98:3300/0 2 ==== config(27 keys) ==== 1140+0+0 (secure 0 0 0) 0x7f0684040070 con 0x7f0694107900
2024-09-19T07:54:31.670 INFO:teuthology.orchestra.run.smithi098.stdout:/usr/bin/ceph: stderr
2024-09-19T07:54:30.906+0000 7f06837fe640 1 -- 172.21.15.98:0/3714008214 <== mon.0 v2:172.21.15.98:3300/0 3 ==== mon_map magic: 0 ==== 205+0+0 (secure 0 0 0) 0x7f068403a6d0 con 0x7f0694107900
2024-09-19T07:54:31.671 INFO:teuthology.orchestra.run.smithi098.stdout:/usr/bin/ceph: stderr
2024-09-19T07:54:30.906+0000 7f0698c10640 1 -- 172.21.15.98:0/3714008214 --> [v2:172.21.15.98:3300/0,v1:172.21.15.98:6789/0] -- mon_subscribe({osdmap=0}) -- 0x7f069419eda0 con 0x7f0694107900
2024-09-19T07:54:31.671 INFO:teuthology.orchestra.run.smithi098.stdout:/usr/bin/ceph: stderr
2024-09-19T07:54:30.907+0000 7f06837fe640 1 -- 172.21.15.98:0/3714008214 <== mon.0 v2:172.21.15.98:3300/0 4 ==== mgrmap(e 12) ==== 46474+0+0 (secure 0 0 0) 0x7f068403a940 con 0x7f0694107900
2024-09-19T07:54:31.671 INFO:teuthology.orchestra.run.smithi098.stdout:/usr/bin/ceph: stderr
2024-09-19T07:54:30.907+0000 7f06837fe640 1 --2- 172.21.15.98:0/3714008214 >> [v2:172.21.15.98:6800/470997812,v1:172.21.15.98:6801/470997812] conn(0x7f067c039200 0x7f067c03b6c0 unknown :-1 s=NONE pgs=0 cs=0 l=1 rev1=0 crypto rx=0 tx=0 comp rx=0 tx=0).connect
2024-09-19T07:54:31.671 INFO:teuthology.orchestra.run.smithi098.stdout:/usr/bin/ceph: stderr
2024-09-19T07:54:30.907+0000 7f0698c10640 1 -- 172.21.15.98:0/3714008214 --> [v2:172.21.15.98:3300/0,v1:172.21.15.98:6789/0] -- mon_command({"prefix": "get_command_descriptions"} v 0) -- 0x7f0694107d80 con 0x7f0694107900
2024-09-19T07:54:31.671 INFO:teuthology.orchestra.run.smithi098.stdout:/usr/bin/ceph: stderr
2024-09-19T07:54:30.907+0000 7f06837fe640 1 -- 172.21.15.98:0/3714008214 <== mon.0 v2:172.21.15.98:3300/0 5 ==== osd_map(3..3 src has 1..3) ==== 1155+0+0 (secure 0 0 0) 0x7f068406c930 con 0x7f0694107900
2024-09-19T07:54:31.671 INFO:teuthology.orchestra.run.smithi098.stdout:/usr/bin/ceph: stderr
2024-09-19T07:54:30.907+0000 7f0691d9b640 1 --2- 172.21.15.98:0/3714008214 >> [v2:172.21.15.98:6800/470997812,v1:172.21.15.98:6801/470997812] conn(0x7f067c039200 0x7f067c03b6c0 unknown :-1 s=BANNER_CONNECTING pgs=0 cs=0 l=1 rev1=0 crypto rx=0 tx=0 comp rx=0 tx=0)._handle_peer_banner_payload supported=3 required=0
2024-09-19T07:54:31.671 INFO:teuthology.orchestra.run.smithi098.stdout:/usr/bin/ceph: stderr
2024-09-19T07:54:30.908+0000 7f0691d9b640 1 --2- 172.21.15.98:0/3714008214 >> [v2:172.21.15.98:6800/470997812,v1:172.21.15.98:6801/470997812] conn(0x7f067c039200 0x7f067c03b6c0 secure :-1 s=READY pgs=9 cs=0 l=1 rev1=1 crypto rx=0x7f06880098c0 tx=0x7f0688006db0 comp rx=0 tx=0).ready entity=mgr.14150 client_cookie=0 server_cookie=0 in_seq=0 out_seq=0
2024-09-19T07:54:31.671 INFO:teuthology.orchestra.run.smithi098.stdout:/usr/bin/ceph: stderr
2024-09-19T07:54:30.912+0000 7f06837fe640 1 -- 172.21.15.98:0/3714008214 <== mon.0 v2:172.21.15.98:3300/0 6 ==== mon_command_ack([{"prefix": "get_command_descriptions"}]=0 v0) ==== 72+0+188913 (secure 0 0 0) 0x7f0684044c70 con 0x7f0694107900
2024-09-19T07:54:31.671 INFO:teuthology.orchestra.run.smithi098.stdout:/usr/bin/ceph: stderr
2024-09-19T07:54:31.077+0000 7f0698c10640 1 -- 172.21.15.98:0/3714008214 --> [v2:172.21.15.98:3300/0,v1:172.21.15.98:6789/0] -- mon_command({"prefix": "config get", "who": "mgr", "key": "mgr/dashboard/ssl_server_port"} v 0) -- 0x7f069419f390 con 0x7f0694107900
2024-09-19T07:54:31.671 INFO:teuthology.orchestra.run.smithi098.stdout:/usr/bin/ceph: stderr
2024-09-19T07:54:31.077+0000 7f06837fe640 1 -- 172.21.15.98:0/3714008214 <== mon.0 v2:172.21.15.98:3300/0 7 ==== mon_command_ack([{"prefix": "config get", "who": "mgr", "key": "mgr/dashboard/ssl_server_port"}]=0 v8) ==== 112+0+5 (secure 0 0 0) 0x7f0684008080 con 0x7f0694107900
2024-09-19T07:54:31.671 INFO:teuthology.orchestra.run.smithi098.stdout:/usr/bin/ceph: stderr
2024-09-19T07:54:31.080+0000 7f0698c10640 1 -- 172.21.15.98:0/3714008214 >> [v2:172.21.15.98:6800/470997812,v1:172.21.15.98:6801/470997812] conn(0x7f067c039200 msgr2=0x7f067c03b6c0 secure :-1 s=STATE_CONNECTION_ESTABLISHED l=1).mark_down
2024-09-19T07:54:31.671 INFO:teuthology.orchestra.run.smithi098.stdout:/usr/bin/ceph: stderr
2024-09-19T07:54:31.080+0000 7f0698c10640 1 --2- 172.21.15.98:0/3714008214 >> [v2:172.21.15.98:6800/470997812,v1:172.21.15.98:6801/470997812] conn(0x7f067c039200 0x7f067c03b6c0 secure :-1 s=READY pgs=9 cs=0 l=1 rev1=1 crypto rx=0x7f06880098c0 tx=0x7f0688006db0 comp rx=0 tx=0).stop
2024-09-19T07:54:31.671 INFO:teuthology.orchestra.run.smithi098.stdout:/usr/bin/ceph: stderr
2024-09-19T07:54:31.080+0000 7f0698c10640 1 -- 172.21.15.98:0/3714008214 >> [v2:172.21.15.98:3300/0,v1:172.21.15.98:6789/0] conn(0x7f0694107900 msgr2=0x7f069419b8e0 secure :-1 s=STATE_CONNECTION_ESTABLISHED l=1).mark_down
2024-09-19T07:54:31.672 INFO:teuthology.orchestra.run.smithi098.stdout:/usr/bin/ceph: stderr
2024-09-19T07:54:31.080+0000 7f0698c10640 1 --2- 172.21.15.98:0/3714008214 >> [v2:172.21.15.98:3300/0,v1:172.21.15.98:6789/0] conn(0x7f0694107900 0x7f069419b8e0 secure :-1 s=READY pgs=73 cs=0 l=1 rev1=1 crypto rx=0x7f0684030560 tx=0x7f0684032670 comp rx=0 tx=0).stop
2024-09-19T07:54:31.672 INFO:teuthology.orchestra.run.smithi098.stdout:/usr/bin/ceph: stderr
2024-09-19T07:54:31.080+0000 7f0698c10640 1 -- 172.21.15.98:0/3714008214 shutdown_connections
2024-09-19T07:54:31.672 INFO:teuthology.orchestra.run.smithi098.stdout:/usr/bin/ceph: stderr
2024-09-19T07:54:31.080+0000 7f0698c10640 1 --2- 172.21.15.98:0/3714008214 >> [v2:172.21.15.98:6800/470997812,v1:172.21.15.98:6801/470997812] conn(0x7f067c039200 0x7f067c03b6c0 unknown :-1 s=CLOSED pgs=9 cs=0 l=1 rev1=1 crypto rx=0 tx=0 comp rx=0 tx=0).stop
2024-09-19T07:54:31.672 INFO:teuthology.orchestra.run.smithi098.stdout:/usr/bin/ceph: stderr
2024-09-19T07:54:31.080+0000 7f0698c10640 1 --2- 172.21.15.98:0/3714008214 >> [v2:172.21.15.98:3300/0,v1:172.21.15.98:6789/0] conn(0x7f0694107900 0x7f069419b8e0 unknown :-1 s=CLOSED pgs=73 cs=0 l=1 rev1=1 crypto rx=0 tx=0 comp rx=0 tx=0).stop
2024-09-19T07:54:31.672 INFO:teuthology.orchestra.run.smithi098.stdout:/usr/bin/ceph: stderr
2024-09-19T07:54:31.080+0000 7f0698c10640 1 -- 172.21.15.98:0/3714008214 >> 172.21.15.98:0/3714008214 conn(0x7f06941030b0 msgr2=0x7f0694103c70 unknown :-1 s=STATE_NONE l=0).mark_down
2024-09-19T07:54:31.672 INFO:teuthology.orchestra.run.smithi098.stdout:/usr/bin/ceph: stderr
2024-09-19T07:54:31.080+0000 7f0698c10640 1 -- 172.21.15.98:0/3714008214 shutdown_connections
2024-09-19T07:54:31.672 INFO:teuthology.orchestra.run.smithi098.stdout:/usr/bin/ceph: stderr
2024-09-19T07:54:31.080+0000 7f0698c10640 1 -- 172.21.15.98:0/3714008214 wait complete.
2024-09-19T07:54:31.675 INFO:teuthology.orchestra.run.smithi098.stdout:Non-zero exit code 1 from systemctl is-enabled firewalld.service
2024-09-19T07:54:31.675 INFO:teuthology.orchestra.run.smithi098.stdout:systemctl: stdout disabled
2024-09-19T07:54:31.683 INFO:teuthology.orchestra.run.smithi098.stdout:Non-zero exit code 3 from systemctl is-active firewalld.service
2024-09-19T07:54:31.683 INFO:teuthology.orchestra.run.smithi098.stdout:systemctl: stdout inactive
2024-09-19T07:54:31.683 INFO:teuthology.orchestra.run.smithi098.stdout:firewalld.service is not enabled
2024-09-19T07:54:31.683 INFO:teuthology.orchestra.run.smithi098.stdout:Not possible to open ports <[8443]>. firewalld.service is not available
2024-09-19T07:54:31.685 INFO:teuthology.orchestra.run.smithi098.stdout:Ceph Dashboard is now available at:
2024-09-19T07:54:31.685 INFO:teuthology.orchestra.run.smithi098.stdout:
2024-09-19T07:54:31.685 INFO:teuthology.orchestra.run.smithi098.stdout: URL: https://smithi098.front.sepia.ceph.com:8443/
2024-09-19T07:54:31.685 INFO:teuthology.orchestra.run.smithi098.stdout: User: admin
2024-09-19T07:54:31.685 INFO:teuthology.orchestra.run.smithi098.stdout: Password: pjdjdv72sv
2024-09-19T07:54:31.685 INFO:teuthology.orchestra.run.smithi098.stdout:
2024-09-19T07:54:31.686 INFO:teuthology.orchestra.run.smithi098.stdout:Saving cluster configuration to /var/lib/ceph/1a02525a-765c-11ef-bceb-c7b262605968/config directory
2024-09-19T07:54:32.610 INFO:journalctl@ceph.mon.a.smithi098.stdout:Sep 19 07:54:32 smithi098 ceph-mon[31333]: mgrmap e13: x(active, since 6s)
2024-09-19T07:54:32.610 INFO:journalctl@ceph.mon.a.smithi098.stdout:Sep 19 07:54:32 smithi098 ceph-mon[31333]: from='client.? 172.21.15.98:0/1300749327' entity='client.admin'
2024-09-19T07:54:32.884 INFO:teuthology.orchestra.run.smithi098.stdout:/usr/bin/ceph: stderr
2024-09-19T07:54:32.051+0000 7f0a0606d640 1 Processor -- start
2024-09-19T07:54:32.884 INFO:teuthology.orchestra.run.smithi098.stdout:/usr/bin/ceph: stderr
2024-09-19T07:54:32.051+0000 7f0a0606d640 1 -- start start
2024-09-19T07:54:32.884 INFO:teuthology.orchestra.run.smithi098.stdout:/usr/bin/ceph: stderr
2024-09-19T07:54:32.051+0000 7f0a0606d640 1 --2- >> [v2:172.21.15.98:3300/0,v1:172.21.15.98:6789/0] conn(0x7f0a00106780 0x7f0a00106b80 unknown :-1 s=NONE pgs=0 cs=0 l=0 rev1=0 crypto rx=0 tx=0 comp rx=0 tx=0).connect
2024-09-19T07:54:32.884 INFO:teuthology.orchestra.run.smithi098.stdout:/usr/bin/ceph: stderr
2024-09-19T07:54:32.051+0000 7f0a0606d640 1 -- --> [v2:172.21.15.98:3300/0,v1:172.21.15.98:6789/0] -- mon_getmap magic: 0 -- 0x7f0a00107150 con 0x7f0a00106780
2024-09-19T07:54:32.884 INFO:teuthology.orchestra.run.smithi098.stdout:/usr/bin/ceph: stderr
2024-09-19T07:54:32.052+0000 7f09ff7fe640 1 --2- >> [v2:172.21.15.98:3300/0,v1:172.21.15.98:6789/0] conn(0x7f0a00106780 0x7f0a00106b80 unknown :-1 s=BANNER_CONNECTING pgs=0 cs=0 l=0 rev1=0 crypto rx=0 tx=0 comp rx=0 tx=0)._handle_peer_banner_payload supported=3 required=0
2024-09-19T07:54:32.885 INFO:teuthology.orchestra.run.smithi098.stdout:/usr/bin/ceph: stderr
2024-09-19T07:54:32.052+0000 7f09ff7fe640 1 --2- >> [v2:172.21.15.98:3300/0,v1:172.21.15.98:6789/0] conn(0x7f0a00106780 0x7f0a00106b80 unknown :-1 s=HELLO_CONNECTING pgs=0 cs=0 l=0 rev1=1 crypto rx=0 tx=0 comp rx=0 tx=0).handle_hello peer v2:172.21.15.98:3300/0 says I am v2:172.21.15.98:49150/0 (socket says 172.21.15.98:49150)
2024-09-19T07:54:32.885 INFO:teuthology.orchestra.run.smithi098.stdout:/usr/bin/ceph: stderr
2024-09-19T07:54:32.052+0000 7f09ff7fe640 1 -- 172.21.15.98:0/1650272962 learned_addr learned my addr 172.21.15.98:0/1650272962 (peer_addr_for_me v2:172.21.15.98:0/0)
2024-09-19T07:54:32.885 INFO:teuthology.orchestra.run.smithi098.stdout:/usr/bin/ceph: stderr
2024-09-19T07:54:32.052+0000 7f09ff7fe640 1 -- 172.21.15.98:0/1650272962 --> [v2:172.21.15.98:3300/0,v1:172.21.15.98:6789/0] -- mon_subscribe({config=0+,monmap=0+}) -- 0x7f0a00107980 con 0x7f0a00106780
2024-09-19T07:54:32.885 INFO:teuthology.orchestra.run.smithi098.stdout:/usr/bin/ceph: stderr
2024-09-19T07:54:32.053+0000 7f09ff7fe640 1 --2- 172.21.15.98:0/1650272962 >> [v2:172.21.15.98:3300/0,v1:172.21.15.98:6789/0] conn(0x7f0a00106780 0x7f0a00106b80 secure :-1 s=READY pgs=74 cs=0 l=1 rev1=1 crypto rx=0x7f09f0009e80 tx=0x7f09f002a7a0 comp rx=0 tx=0).ready entity=mon.0 client_cookie=804135f8f17a126e server_cookie=0 in_seq=0 out_seq=0
2024-09-19T07:54:32.885 INFO:teuthology.orchestra.run.smithi098.stdout:/usr/bin/ceph: stderr
2024-09-19T07:54:32.053+0000 7f09fe7fc640 1 -- 172.21.15.98:0/1650272962 <== mon.0 v2:172.21.15.98:3300/0 1 ==== mon_map magic: 0 ==== 205+0+0 (secure 0 0 0) 0x7f09f0036070 con 0x7f0a00106780
2024-09-19T07:54:32.885 INFO:teuthology.orchestra.run.smithi098.stdout:/usr/bin/ceph: stderr
2024-09-19T07:54:32.053+0000 7f09fe7fc640 1 -- 172.21.15.98:0/1650272962 <== mon.0 v2:172.21.15.98:3300/0 2 ==== config(27 keys) ==== 1140+0+0 (secure 0 0 0) 0x7f09f00318e0 con 0x7f0a00106780
2024-09-19T07:54:32.885 INFO:teuthology.orchestra.run.smithi098.stdout:/usr/bin/ceph: stderr
2024-09-19T07:54:32.053+0000 7f09fe7fc640 1 -- 172.21.15.98:0/1650272962 <== mon.0 v2:172.21.15.98:3300/0 3 ==== mon_map magic: 0 ==== 205+0+0 (secure 0 0 0) 0x7f09f0007a00 con 0x7f0a00106780
2024-09-19T07:54:32.885 INFO:teuthology.orchestra.run.smithi098.stdout:/usr/bin/ceph: stderr
2024-09-19T07:54:32.053+0000 7f0a0606d640 1 -- 172.21.15.98:0/1650272962 >> [v2:172.21.15.98:3300/0,v1:172.21.15.98:6789/0] conn(0x7f0a00106780 msgr2=0x7f0a00106b80 secure :-1 s=STATE_CONNECTION_ESTABLISHED l=1).mark_down
2024-09-19T07:54:32.885 INFO:teuthology.orchestra.run.smithi098.stdout:/usr/bin/ceph: stderr
2024-09-19T07:54:32.053+0000 7f0a0606d640 1 --2- 172.21.15.98:0/1650272962 >> [v2:172.21.15.98:3300/0,v1:172.21.15.98:6789/0] conn(0x7f0a00106780 0x7f0a00106b80 secure :-1 s=READY pgs=74 cs=0 l=1 rev1=1 crypto rx=0x7f09f0009e80 tx=0x7f09f002a7a0 comp rx=0 tx=0).stop
2024-09-19T07:54:32.885 INFO:teuthology.orchestra.run.smithi098.stdout:/usr/bin/ceph: stderr
2024-09-19T07:54:32.053+0000 7f0a0606d640 1 -- 172.21.15.98:0/1650272962 shutdown_connections
2024-09-19T07:54:32.886 INFO:teuthology.orchestra.run.smithi098.stdout:/usr/bin/ceph: stderr
2024-09-19T07:54:32.053+0000 7f0a0606d640 1 --2- 172.21.15.98:0/1650272962 >> [v2:172.21.15.98:3300/0,v1:172.21.15.98:6789/0] conn(0x7f0a00106780 0x7f0a00106b80 unknown :-1 s=CLOSED pgs=74 cs=0 l=1 rev1=1 crypto rx=0 tx=0 comp rx=0 tx=0).stop
2024-09-19T07:54:32.886 INFO:teuthology.orchestra.run.smithi098.stdout:/usr/bin/ceph: stderr
2024-09-19T07:54:32.053+0000 7f0a0606d640 1 -- 172.21.15.98:0/1650272962 >> 172.21.15.98:0/1650272962 conn(0x7f0a00101f10 msgr2=0x7f0a00104350 unknown :-1 s=STATE_NONE l=0).mark_down
2024-09-19T07:54:32.886 INFO:teuthology.orchestra.run.smithi098.stdout:/usr/bin/ceph: stderr
2024-09-19T07:54:32.054+0000 7f0a0606d640 1 -- 172.21.15.98:0/1650272962 shutdown_connections
2024-09-19T07:54:32.886 INFO:teuthology.orchestra.run.smithi098.stdout:/usr/bin/ceph: stderr
2024-09-19T07:54:32.054+0000 7f0a0606d640 1 -- 172.21.15.98:0/1650272962 wait complete.
2024-09-19T07:54:32.886 INFO:teuthology.orchestra.run.smithi098.stdout:/usr/bin/ceph: stderr
2024-09-19T07:54:32.054+0000 7f0a0606d640 1 Processor -- start
2024-09-19T07:54:32.886 INFO:teuthology.orchestra.run.smithi098.stdout:/usr/bin/ceph: stderr
2024-09-19T07:54:32.054+0000 7f0a0606d640 1 -- start start
2024-09-19T07:54:32.886 INFO:teuthology.orchestra.run.smithi098.stdout:/usr/bin/ceph: stderr
2024-09-19T07:54:32.054+0000 7f0a0606d640 1 --2- >> [v2:172.21.15.98:3300/0,v1:172.21.15.98:6789/0] conn(0x7f0a00106780 0x7f0a0019b8e0 unknown :-1 s=NONE pgs=0 cs=0 l=1 rev1=0 crypto rx=0 tx=0 comp rx=0 tx=0).connect
2024-09-19T07:54:32.886 INFO:teuthology.orchestra.run.smithi098.stdout:/usr/bin/ceph: stderr
2024-09-19T07:54:32.054+0000 7f0a0606d640 1 -- --> [v2:172.21.15.98:3300/0,v1:172.21.15.98:6789/0] -- mon_getmap magic: 0 -- 0x7f0a0010ad30 con 0x7f0a00106780
2024-09-19T07:54:32.886 INFO:teuthology.orchestra.run.smithi098.stdout:/usr/bin/ceph: stderr
2024-09-19T07:54:32.055+0000 7f09ff7fe640 1 --2- >> [v2:172.21.15.98:3300/0,v1:172.21.15.98:6789/0] conn(0x7f0a00106780 0x7f0a0019b8e0 unknown :-1 s=BANNER_CONNECTING pgs=0 cs=0 l=1 rev1=0 crypto rx=0 tx=0 comp rx=0 tx=0)._handle_peer_banner_payload supported=3 required=0
2024-09-19T07:54:32.886 INFO:teuthology.orchestra.run.smithi098.stdout:/usr/bin/ceph: stderr
2024-09-19T07:54:32.055+0000 7f09ff7fe640 1 --2- >> [v2:172.21.15.98:3300/0,v1:172.21.15.98:6789/0] conn(0x7f0a00106780 0x7f0a0019b8e0 unknown :-1 s=HELLO_CONNECTING pgs=0 cs=0 l=1 rev1=1 crypto rx=0 tx=0 comp rx=0 tx=0).handle_hello peer v2:172.21.15.98:3300/0 says I am v2:172.21.15.98:49152/0 (socket says 172.21.15.98:49152)
2024-09-19T07:54:32.886 INFO:teuthology.orchestra.run.smithi098.stdout:/usr/bin/ceph: stderr
2024-09-19T07:54:32.055+0000 7f09ff7fe640 1 -- 172.21.15.98:0/1300749327 learned_addr learned my addr 172.21.15.98:0/1300749327 (peer_addr_for_me v2:172.21.15.98:0/0)
2024-09-19T07:54:32.886 INFO:teuthology.orchestra.run.smithi098.stdout:/usr/bin/ceph: stderr
2024-09-19T07:54:32.055+0000 7f09ff7fe640 1 -- 172.21.15.98:0/1300749327 --> [v2:172.21.15.98:3300/0,v1:172.21.15.98:6789/0] -- mon_subscribe({config=0+,monmap=0+}) -- 0x7f0a0019be20 con 0x7f0a00106780
2024-09-19T07:54:32.886 INFO:teuthology.orchestra.run.smithi098.stdout:/usr/bin/ceph: stderr
2024-09-19T07:54:32.055+0000 7f09ff7fe640 1 --2- 172.21.15.98:0/1300749327 >> [v2:172.21.15.98:3300/0,v1:172.21.15.98:6789/0] conn(0x7f0a00106780 0x7f0a0019b8e0 secure :-1 s=READY pgs=75 cs=0 l=1 rev1=1 crypto rx=0x7f09f0031cc0 tx=0x7f09f0031cf0 comp rx=0 tx=0).ready entity=mon.0 client_cookie=0 server_cookie=0 in_seq=0 out_seq=0
2024-09-19T07:54:32.887 INFO:teuthology.orchestra.run.smithi098.stdout:/usr/bin/ceph: stderr
2024-09-19T07:54:32.055+0000 7f09fcff9640 1 -- 172.21.15.98:0/1300749327 <== mon.0 v2:172.21.15.98:3300/0 1 ==== mon_map magic: 0 ==== 205+0+0 (secure 0 0 0) 0x7f09f0036050 con 0x7f0a00106780
2024-09-19T07:54:32.887 INFO:teuthology.orchestra.run.smithi098.stdout:/usr/bin/ceph: stderr
2024-09-19T07:54:32.055+0000 7f0a0606d640 1 -- 172.21.15.98:0/1300749327 --> [v2:172.21.15.98:3300/0,v1:172.21.15.98:6789/0] -- mon_subscribe({mgrmap=0+}) -- 0x7f0a0019c0b0 con 0x7f0a00106780
2024-09-19T07:54:32.887 INFO:teuthology.orchestra.run.smithi098.stdout:/usr/bin/ceph: stderr
2024-09-19T07:54:32.055+0000 7f09fcff9640 1 -- 172.21.15.98:0/1300749327 <== mon.0 v2:172.21.15.98:3300/0 2 ==== config(27 keys) ==== 1140+0+0 (secure 0 0 0) 0x7f09f0042070 con 0x7f0a00106780
2024-09-19T07:54:32.887 INFO:teuthology.orchestra.run.smithi098.stdout:/usr/bin/ceph: stderr
2024-09-19T07:54:32.055+0000 7f09fcff9640 1 -- 172.21.15.98:0/1300749327 <== mon.0 v2:172.21.15.98:3300/0 3 ==== mon_map magic: 0 ==== 205+0+0 (secure 0 0 0) 0x7f09f003d8e0 con 0x7f0a00106780
2024-09-19T07:54:32.887 INFO:teuthology.orchestra.run.smithi098.stdout:/usr/bin/ceph: stderr
2024-09-19T07:54:32.055+0000 7f0a0606d640 1 -- 172.21.15.98:0/1300749327 --> [v2:172.21.15.98:3300/0,v1:172.21.15.98:6789/0] -- mon_subscribe({osdmap=0}) -- 0x7f0a0019eda0 con 0x7f0a00106780
2024-09-19T07:54:32.887 INFO:teuthology.orchestra.run.smithi098.stdout:/usr/bin/ceph: stderr
