2024-09-19T08:01:47.035+0000 7faeceda2040 -1 mgr[py] Module devicehealth has missing NOTIFY_TYPES member
2024-09-19T08:01:47.252 INFO:journalctl@ceph.mgr.x.smithi027.stdout:Sep 19 08:01:47 smithi027 ceph-35b531b0-765d-11ef-bceb-c7b262605968-mgr-x[31437]:
2024-09-19T08:01:47.191+0000 7faeceda2040 -1 mgr[py] Module rgw has missing NOTIFY_TYPES member
2024-09-19T08:01:47.560 INFO:journalctl@ceph.mgr.x.smithi027.stdout:Sep 19 08:01:47 smithi027 ceph-35b531b0-765d-11ef-bceb-c7b262605968-mgr-x[31437]:
2024-09-19T08:01:47.262+0000 7faeceda2040 -1 mgr[py] Module alerts has missing NOTIFY_TYPES member
2024-09-19T08:01:47.560 INFO:journalctl@ceph.mgr.x.smithi027.stdout:Sep 19 08:01:47 smithi027 ceph-35b531b0-765d-11ef-bceb-c7b262605968-mgr-x[31437]:
2024-09-19T08:01:47.324+0000 7faeceda2040 -1 mgr[py] Module progress has missing NOTIFY_TYPES member
2024-09-19T08:01:47.560 INFO:journalctl@ceph.mgr.x.smithi027.stdout:Sep 19 08:01:47 smithi027 ceph-35b531b0-765d-11ef-bceb-c7b262605968-mgr-x[31437]:
2024-09-19T08:01:47.490+0000 7faeceda2040 -1 mgr[py] Module nfs has missing NOTIFY_TYPES member
2024-09-19T08:01:47.560 INFO:journalctl@ceph.mgr.x.smithi027.stdout:Sep 19 08:01:47 smithi027 ceph-35b531b0-765d-11ef-bceb-c7b262605968-mgr-x[31437]:
2024-09-19T08:01:47.558+0000 7faeceda2040 -1 mgr[py] Module status has missing NOTIFY_TYPES member
2024-09-19T08:01:47.809 INFO:journalctl@ceph.mgr.x.smithi027.stdout:Sep 19 08:01:47 smithi027 ceph-35b531b0-765d-11ef-bceb-c7b262605968-mgr-x[31437]:
2024-09-19T08:01:47.627+0000 7faeceda2040 -1 mgr[py] Module pg_autoscaler has missing NOTIFY_TYPES member
2024-09-19T08:01:47.810 INFO:journalctl@ceph.mgr.x.smithi027.stdout:Sep 19 08:01:47 smithi027 ceph-35b531b0-765d-11ef-bceb-c7b262605968-mgr-x[31437]:
2024-09-19T08:01:47.714+0000 7faeceda2040 -1 mgr[py] Module rbd_support has missing NOTIFY_TYPES member
2024-09-19T08:01:47.810 INFO:journalctl@ceph.mgr.x.smithi027.stdout:Sep 19 08:01:47 smithi027 ceph-35b531b0-765d-11ef-bceb-c7b262605968-mgr-x[31437]:
2024-09-19T08:01:47.777+0000 7faeceda2040 -1 mgr[py] Module influx has missing NOTIFY_TYPES member
2024-09-19T08:01:47.816 INFO:teuthology.orchestra.run.smithi027.stdout:/usr/bin/ceph: stderr
2024-09-19T08:01:43.351+0000 7fc8940ac640 1 Processor -- start
2024-09-19T08:01:47.817 INFO:teuthology.orchestra.run.smithi027.stdout:/usr/bin/ceph: stderr
2024-09-19T08:01:43.351+0000 7fc8940ac640 1 -- start start
2024-09-19T08:01:47.817 INFO:teuthology.orchestra.run.smithi027.stdout:/usr/bin/ceph: stderr
2024-09-19T08:01:43.351+0000 7fc8940ac640 1 --2- >> [v2:172.21.15.27:3300/0,v1:172.21.15.27:6789/0] conn(0x7fc88c107620 0x7fc88c107a20 unknown :-1 s=NONE pgs=0 cs=0 l=0 rev1=0 crypto rx=0 tx=0 comp rx=0 tx=0).connect
2024-09-19T08:01:47.817 INFO:teuthology.orchestra.run.smithi027.stdout:/usr/bin/ceph: stderr
2024-09-19T08:01:43.351+0000 7fc8940ac640 1 -- --> [v2:172.21.15.27:3300/0,v1:172.21.15.27:6789/0] -- mon_getmap magic: 0 -- 0x7fc88c107ff0 con 0x7fc88c107620
2024-09-19T08:01:47.817 INFO:teuthology.orchestra.run.smithi027.stdout:/usr/bin/ceph: stderr
2024-09-19T08:01:43.351+0000 7fc891e48640 1 --2- >> [v2:172.21.15.27:3300/0,v1:172.21.15.27:6789/0] conn(0x7fc88c107620 0x7fc88c107a20 unknown :-1 s=BANNER_CONNECTING pgs=0 cs=0 l=0 rev1=0 crypto rx=0 tx=0 comp rx=0 tx=0)._handle_peer_banner_payload supported=3 required=0
2024-09-19T08:01:47.817 INFO:teuthology.orchestra.run.smithi027.stdout:/usr/bin/ceph: stderr
2024-09-19T08:01:43.351+0000 7fc891e48640 1 --2- >> [v2:172.21.15.27:3300/0,v1:172.21.15.27:6789/0] conn(0x7fc88c107620 0x7fc88c107a20 unknown :-1 s=HELLO_CONNECTING pgs=0 cs=0 l=0 rev1=1 crypto rx=0 tx=0 comp rx=0 tx=0).handle_hello peer v2:172.21.15.27:3300/0 says I am v2:172.21.15.27:33628/0 (socket says 172.21.15.27:33628)
2024-09-19T08:01:47.817 INFO:teuthology.orchestra.run.smithi027.stdout:/usr/bin/ceph: stderr
2024-09-19T08:01:43.351+0000 7fc891e48640 1 -- 172.21.15.27:0/454129567 learned_addr learned my addr 172.21.15.27:0/454129567 (peer_addr_for_me v2:172.21.15.27:0/0)
2024-09-19T08:01:47.817 INFO:teuthology.orchestra.run.smithi027.stdout:/usr/bin/ceph: stderr
2024-09-19T08:01:43.352+0000 7fc891e48640 1 -- 172.21.15.27:0/454129567 --> [v2:172.21.15.27:3300/0,v1:172.21.15.27:6789/0] -- mon_subscribe({config=0+,monmap=0+}) -- 0x7fc88c108820 con 0x7fc88c107620
2024-09-19T08:01:47.817 INFO:teuthology.orchestra.run.smithi027.stdout:/usr/bin/ceph: stderr
2024-09-19T08:01:43.352+0000 7fc891e48640 1 --2- 172.21.15.27:0/454129567 >> [v2:172.21.15.27:3300/0,v1:172.21.15.27:6789/0] conn(0x7fc88c107620 0x7fc88c107a20 secure :-1 s=READY pgs=20 cs=0 l=1 rev1=1 crypto rx=0x7fc888009820 tx=0x7fc88802a270 comp rx=0 tx=0).ready entity=mon.0 client_cookie=65de785749e4fee2 server_cookie=0 in_seq=0 out_seq=0
2024-09-19T08:01:47.817 INFO:teuthology.orchestra.run.smithi027.stdout:/usr/bin/ceph: stderr
2024-09-19T08:01:43.353+0000 7fc890e46640 1 -- 172.21.15.27:0/454129567 <== mon.0 v2:172.21.15.27:3300/0 1 ==== mon_map magic: 0 ==== 205+0+0 (secure 0 0 0) 0x7fc888037070 con 0x7fc88c107620
2024-09-19T08:01:47.817 INFO:teuthology.orchestra.run.smithi027.stdout:/usr/bin/ceph: stderr
2024-09-19T08:01:43.353+0000 7fc890e46640 1 -- 172.21.15.27:0/454129567 <== mon.0 v2:172.21.15.27:3300/0 2 ==== config(27 keys) ==== 1109+0+0 (secure 0 0 0) 0x7fc888032900 con 0x7fc88c107620
2024-09-19T08:01:47.817 INFO:teuthology.orchestra.run.smithi027.stdout:/usr/bin/ceph: stderr
2024-09-19T08:01:43.353+0000 7fc890e46640 1 -- 172.21.15.27:0/454129567 <== mon.0 v2:172.21.15.27:3300/0 3 ==== mon_map magic: 0 ==== 205+0+0 (secure 0 0 0) 0x7fc888030850 con 0x7fc88c107620
2024-09-19T08:01:47.817 INFO:teuthology.orchestra.run.smithi027.stdout:/usr/bin/ceph: stderr
2024-09-19T08:01:43.353+0000 7fc8940ac640 1 -- 172.21.15.27:0/454129567 >> [v2:172.21.15.27:3300/0,v1:172.21.15.27:6789/0] conn(0x7fc88c107620 msgr2=0x7fc88c107a20 secure :-1 s=STATE_CONNECTION_ESTABLISHED l=1).mark_down
2024-09-19T08:01:47.818 INFO:teuthology.orchestra.run.smithi027.stdout:/usr/bin/ceph: stderr
2024-09-19T08:01:43.353+0000 7fc8940ac640 1 --2- 172.21.15.27:0/454129567 >> [v2:172.21.15.27:3300/0,v1:172.21.15.27:6789/0] conn(0x7fc88c107620 0x7fc88c107a20 secure :-1 s=READY pgs=20 cs=0 l=1 rev1=1 crypto rx=0x7fc888009820 tx=0x7fc88802a270 comp rx=0 tx=0).stop
2024-09-19T08:01:47.818 INFO:teuthology.orchestra.run.smithi027.stdout:/usr/bin/ceph: stderr
2024-09-19T08:01:43.353+0000 7fc8940ac640 1 -- 172.21.15.27:0/454129567 shutdown_connections
2024-09-19T08:01:47.818 INFO:teuthology.orchestra.run.smithi027.stdout:/usr/bin/ceph: stderr
2024-09-19T08:01:43.353+0000 7fc8940ac640 1 --2- 172.21.15.27:0/454129567 >> [v2:172.21.15.27:3300/0,v1:172.21.15.27:6789/0] conn(0x7fc88c107620 0x7fc88c107a20 unknown :-1 s=CLOSED pgs=20 cs=0 l=1 rev1=1 crypto rx=0 tx=0 comp rx=0 tx=0).stop
2024-09-19T08:01:47.818 INFO:teuthology.orchestra.run.smithi027.stdout:/usr/bin/ceph: stderr
2024-09-19T08:01:43.353+0000 7fc8940ac640 1 -- 172.21.15.27:0/454129567 >> 172.21.15.27:0/454129567 conn(0x7fc88c102db0 msgr2=0x7fc88c1051f0 unknown :-1 s=STATE_NONE l=0).mark_down
2024-09-19T08:01:47.818 INFO:teuthology.orchestra.run.smithi027.stdout:/usr/bin/ceph: stderr
2024-09-19T08:01:43.353+0000 7fc8940ac640 1 -- 172.21.15.27:0/454129567 shutdown_connections
2024-09-19T08:01:47.818 INFO:teuthology.orchestra.run.smithi027.stdout:/usr/bin/ceph: stderr
2024-09-19T08:01:43.353+0000 7fc8940ac640 1 -- 172.21.15.27:0/454129567 wait complete.
2024-09-19T08:01:47.818 INFO:teuthology.orchestra.run.smithi027.stdout:/usr/bin/ceph: stderr
2024-09-19T08:01:43.354+0000 7fc8940ac640 1 Processor -- start
2024-09-19T08:01:47.818 INFO:teuthology.orchestra.run.smithi027.stdout:/usr/bin/ceph: stderr
2024-09-19T08:01:43.354+0000 7fc8940ac640 1 -- start start
2024-09-19T08:01:47.818 INFO:teuthology.orchestra.run.smithi027.stdout:/usr/bin/ceph: stderr
2024-09-19T08:01:43.354+0000 7fc8940ac640 1 --2- >> [v2:172.21.15.27:3300/0,v1:172.21.15.27:6789/0] conn(0x7fc88c107620 0x7fc88c19b650 unknown :-1 s=NONE pgs=0 cs=0 l=1 rev1=0 crypto rx=0 tx=0 comp rx=0 tx=0).connect
2024-09-19T08:01:47.818 INFO:teuthology.orchestra.run.smithi027.stdout:/usr/bin/ceph: stderr
2024-09-19T08:01:43.354+0000 7fc8940ac640 1 -- --> [v2:172.21.15.27:3300/0,v1:172.21.15.27:6789/0] -- mon_getmap magic: 0 -- 0x7fc88c10bbd0 con 0x7fc88c107620
2024-09-19T08:01:47.818 INFO:teuthology.orchestra.run.smithi027.stdout:/usr/bin/ceph: stderr
2024-09-19T08:01:43.354+0000 7fc891e48640 1 --2- >> [v2:172.21.15.27:3300/0,v1:172.21.15.27:6789/0] conn(0x7fc88c107620 0x7fc88c19b650 unknown :-1 s=BANNER_CONNECTING pgs=0 cs=0 l=1 rev1=0 crypto rx=0 tx=0 comp rx=0 tx=0)._handle_peer_banner_payload supported=3 required=0
2024-09-19T08:01:47.818 INFO:teuthology.orchestra.run.smithi027.stdout:/usr/bin/ceph: stderr
2024-09-19T08:01:43.354+0000 7fc891e48640 1 --2- >> [v2:172.21.15.27:3300/0,v1:172.21.15.27:6789/0] conn(0x7fc88c107620 0x7fc88c19b650 unknown :-1 s=HELLO_CONNECTING pgs=0 cs=0 l=1 rev1=1 crypto rx=0 tx=0 comp rx=0 tx=0).handle_hello peer v2:172.21.15.27:3300/0 says I am v2:172.21.15.27:33634/0 (socket says 172.21.15.27:33634)
2024-09-19T08:01:47.818 INFO:teuthology.orchestra.run.smithi027.stdout:/usr/bin/ceph: stderr
2024-09-19T08:01:43.354+0000 7fc891e48640 1 -- 172.21.15.27:0/538492118 learned_addr learned my addr 172.21.15.27:0/538492118 (peer_addr_for_me v2:172.21.15.27:0/0)
2024-09-19T08:01:47.819 INFO:teuthology.orchestra.run.smithi027.stdout:/usr/bin/ceph: stderr
2024-09-19T08:01:43.354+0000 7fc891e48640 1 -- 172.21.15.27:0/538492118 --> [v2:172.21.15.27:3300/0,v1:172.21.15.27:6789/0] -- mon_subscribe({config=0+,monmap=0+}) -- 0x7fc88c19bb90 con 0x7fc88c107620
2024-09-19T08:01:47.819 INFO:teuthology.orchestra.run.smithi027.stdout:/usr/bin/ceph: stderr
2024-09-19T08:01:43.355+0000 7fc891e48640 1 --2- 172.21.15.27:0/538492118 >> [v2:172.21.15.27:3300/0,v1:172.21.15.27:6789/0] conn(0x7fc88c107620 0x7fc88c19b650 secure :-1 s=READY pgs=21 cs=0 l=1 rev1=1 crypto rx=0x7fc888009940 tx=0x7fc8880326e0 comp rx=0 tx=0).ready entity=mon.0 client_cookie=0 server_cookie=0 in_seq=0 out_seq=0
2024-09-19T08:01:47.819 INFO:teuthology.orchestra.run.smithi027.stdout:/usr/bin/ceph: stderr
2024-09-19T08:01:43.355+0000 7fc882ffd640 1 -- 172.21.15.27:0/538492118 <== mon.0 v2:172.21.15.27:3300/0 1 ==== mon_map magic: 0 ==== 205+0+0 (secure 0 0 0) 0x7fc888042070 con 0x7fc88c107620
2024-09-19T08:01:47.819 INFO:teuthology.orchestra.run.smithi027.stdout:/usr/bin/ceph: stderr
2024-09-19T08:01:43.355+0000 7fc882ffd640 1 -- 172.21.15.27:0/538492118 <== mon.0 v2:172.21.15.27:3300/0 2 ==== config(27 keys) ==== 1109+0+0 (secure 0 0 0) 0x7fc888032be0 con 0x7fc88c107620
2024-09-19T08:01:47.819 INFO:teuthology.orchestra.run.smithi027.stdout:/usr/bin/ceph: stderr
2024-09-19T08:01:43.355+0000 7fc8940ac640 1 -- 172.21.15.27:0/538492118 --> [v2:172.21.15.27:3300/0,v1:172.21.15.27:6789/0] -- mon_subscribe({mgrmap=0+}) -- 0x7fc88c19be20 con 0x7fc88c107620
2024-09-19T08:01:47.819 INFO:teuthology.orchestra.run.smithi027.stdout:/usr/bin/ceph: stderr
2024-09-19T08:01:43.355+0000 7fc882ffd640 1 -- 172.21.15.27:0/538492118 <== mon.0 v2:172.21.15.27:3300/0 3 ==== mon_map magic: 0 ==== 205+0+0 (secure 0 0 0) 0x7fc888037040 con 0x7fc88c107620
2024-09-19T08:01:47.819 INFO:teuthology.orchestra.run.smithi027.stdout:/usr/bin/ceph: stderr
2024-09-19T08:01:43.355+0000 7fc8940ac640 1 -- 172.21.15.27:0/538492118 --> [v2:172.21.15.27:3300/0,v1:172.21.15.27:6789/0] -- mon_subscribe({osdmap=0}) -- 0x7fc88c19eb10 con 0x7fc88c107620
2024-09-19T08:01:47.819 INFO:teuthology.orchestra.run.smithi027.stdout:/usr/bin/ceph: stderr
2024-09-19T08:01:43.356+0000 7fc882ffd640 1 -- 172.21.15.27:0/538492118 <== mon.0 v2:172.21.15.27:3300/0 4 ==== mgrmap(e 4) ==== 46450+0+0 (secure 0 0 0) 0x7fc888045070 con 0x7fc88c107620
2024-09-19T08:01:47.819 INFO:teuthology.orchestra.run.smithi027.stdout:/usr/bin/ceph: stderr
2024-09-19T08:01:43.356+0000 7fc882ffd640 1 --2- 172.21.15.27:0/538492118 >> [v2:172.21.15.27:6800/4146960985,v1:172.21.15.27:6801/4146960985] conn(0x7fc878039160 0x7fc87803b620 unknown :-1 s=NONE pgs=0 cs=0 l=1 rev1=0 crypto rx=0 tx=0 comp rx=0 tx=0).connect
2024-09-19T08:01:47.819 INFO:teuthology.orchestra.run.smithi027.stdout:/usr/bin/ceph: stderr
2024-09-19T08:01:43.356+0000 7fc882ffd640 1 -- 172.21.15.27:0/538492118 <== mon.0 v2:172.21.15.27:3300/0 5 ==== osd_map(1..1 src has 1..1) ==== 725+0+0 (secure 0 0 0) 0x7fc88806c150 con 0x7fc88c107620
2024-09-19T08:01:47.819 INFO:teuthology.orchestra.run.smithi027.stdout:/usr/bin/ceph: stderr
2024-09-19T08:01:43.356+0000 7fc8940ac640 1 -- 172.21.15.27:0/538492118 --> [v2:172.21.15.27:3300/0,v1:172.21.15.27:6789/0] -- mon_command({"prefix": "get_command_descriptions"} v 0) -- 0x7fc88c10bd50 con 0x7fc88c107620
2024-09-19T08:01:47.819 INFO:teuthology.orchestra.run.smithi027.stdout:/usr/bin/ceph: stderr
2024-09-19T08:01:43.356+0000 7fc891647640 1 --2- 172.21.15.27:0/538492118 >> [v2:172.21.15.27:6800/4146960985,v1:172.21.15.27:6801/4146960985] conn(0x7fc878039160 0x7fc87803b620 unknown :-1 s=BANNER_CONNECTING pgs=0 cs=0 l=1 rev1=0 crypto rx=0 tx=0 comp rx=0 tx=0)._handle_peer_banner_payload supported=3 required=0
2024-09-19T08:01:47.819 INFO:teuthology.orchestra.run.smithi027.stdout:/usr/bin/ceph: stderr
2024-09-19T08:01:43.357+0000 7fc891647640 1 --2- 172.21.15.27:0/538492118 >> [v2:172.21.15.27:6800/4146960985,v1:172.21.15.27:6801/4146960985] conn(0x7fc878039160 0x7fc87803b620 secure :-1 s=READY pgs=8 cs=0 l=1 rev1=1 crypto rx=0x7fc87c0098c0 tx=0x7fc87c006db0 comp rx=0 tx=0).ready entity=mgr.14100 client_cookie=0 server_cookie=0 in_seq=0 out_seq=0
2024-09-19T08:01:47.820 INFO:teuthology.orchestra.run.smithi027.stdout:/usr/bin/ceph: stderr
2024-09-19T08:01:43.361+0000 7fc882ffd640 1 -- 172.21.15.27:0/538492118 <== mon.0 v2:172.21.15.27:3300/0 6 ==== mon_command_ack([{"prefix": "get_command_descriptions"}]=0 v0) ==== 72+0+188913 (secure 0 0 0) 0x7fc88804b170 con 0x7fc88c107620
2024-09-19T08:01:47.820 INFO:teuthology.orchestra.run.smithi027.stdout:/usr/bin/ceph: stderr
2024-09-19T08:01:43.582+0000 7fc8940ac640 1 -- 172.21.15.27:0/538492118 --> [v2:172.21.15.27:3300/0,v1:172.21.15.27:6789/0] -- mon_command({"prefix": "mgr module enable", "module": "cephadm"} v 0) -- 0x7fc88c19ece0 con 0x7fc88c107620
2024-09-19T08:01:47.820 INFO:teuthology.orchestra.run.smithi027.stdout:/usr/bin/ceph: stderr
2024-09-19T08:01:43.634+0000 7fc882ffd640 1 -- 172.21.15.27:0/538492118 <== mon.0 v2:172.21.15.27:3300/0 7 ==== mon_command_ack([{"prefix": "mgr module enable", "module": "cephadm"}]=0 v5) ==== 86+0+0 (secure 0 0 0) 0x7fc88806bbb0 con 0x7fc88c107620
2024-09-19T08:01:47.820 INFO:teuthology.orchestra.run.smithi027.stdout:/usr/bin/ceph: stderr
2024-09-19T08:01:43.635+0000 7fc882ffd640 1 -- 172.21.15.27:0/538492118 <== mon.0 v2:172.21.15.27:3300/0 8 ==== mgrmap(e 5) ==== 46461+0+0 (secure 0 0 0) 0x7fc888031ca0 con 0x7fc88c107620
2024-09-19T08:01:47.820 INFO:teuthology.orchestra.run.smithi027.stdout:/usr/bin/ceph: stderr
2024-09-19T08:01:43.637+0000 7fc8940ac640 1 -- 172.21.15.27:0/538492118 >> [v2:172.21.15.27:6800/4146960985,v1:172.21.15.27:6801/4146960985] conn(0x7fc878039160 msgr2=0x7fc87803b620 secure :-1 s=STATE_CONNECTION_ESTABLISHED l=1).mark_down
2024-09-19T08:01:47.820 INFO:teuthology.orchestra.run.smithi027.stdout:/usr/bin/ceph: stderr
2024-09-19T08:01:43.637+0000 7fc8940ac640 1 --2- 172.21.15.27:0/538492118 >> [v2:172.21.15.27:6800/4146960985,v1:172.21.15.27:6801/4146960985] conn(0x7fc878039160 0x7fc87803b620 secure :-1 s=READY pgs=8 cs=0 l=1 rev1=1 crypto rx=0x7fc87c0098c0 tx=0x7fc87c006db0 comp rx=0 tx=0).stop
2024-09-19T08:01:47.820 INFO:teuthology.orchestra.run.smithi027.stdout:/usr/bin/ceph: stderr
2024-09-19T08:01:43.637+0000 7fc8940ac640 1 -- 172.21.15.27:0/538492118 >> [v2:172.21.15.27:3300/0,v1:172.21.15.27:6789/0] conn(0x7fc88c107620 msgr2=0x7fc88c19b650 secure :-1 s=STATE_CONNECTION_ESTABLISHED l=1).mark_down
2024-09-19T08:01:47.820 INFO:teuthology.orchestra.run.smithi027.stdout:/usr/bin/ceph: stderr
2024-09-19T08:01:43.637+0000 7fc8940ac640 1 --2- 172.21.15.27:0/538492118 >> [v2:172.21.15.27:3300/0,v1:172.21.15.27:6789/0] conn(0x7fc88c107620 0x7fc88c19b650 secure :-1 s=READY pgs=21 cs=0 l=1 rev1=1 crypto rx=0x7fc888009940 tx=0x7fc8880326e0 comp rx=0 tx=0).stop
2024-09-19T08:01:47.820 INFO:teuthology.orchestra.run.smithi027.stdout:/usr/bin/ceph: stderr
2024-09-19T08:01:43.637+0000 7fc8940ac640 1 -- 172.21.15.27:0/538492118 shutdown_connections
2024-09-19T08:01:47.820 INFO:teuthology.orchestra.run.smithi027.stdout:/usr/bin/ceph: stderr
2024-09-19T08:01:43.637+0000 7fc8940ac640 1 --2- 172.21.15.27:0/538492118 >> [v2:172.21.15.27:6800/4146960985,v1:172.21.15.27:6801/4146960985] conn(0x7fc878039160 0x7fc87803b620 unknown :-1 s=CLOSED pgs=8 cs=0 l=1 rev1=1 crypto rx=0 tx=0 comp rx=0 tx=0).stop
2024-09-19T08:01:47.820 INFO:teuthology.orchestra.run.smithi027.stdout:/usr/bin/ceph: stderr
2024-09-19T08:01:43.637+0000 7fc8940ac640 1 --2- 172.21.15.27:0/538492118 >> [v2:172.21.15.27:3300/0,v1:172.21.15.27:6789/0] conn(0x7fc88c107620 0x7fc88c19b650 unknown :-1 s=CLOSED pgs=21 cs=0 l=1 rev1=1 crypto rx=0 tx=0 comp rx=0 tx=0).stop
2024-09-19T08:01:47.820 INFO:teuthology.orchestra.run.smithi027.stdout:/usr/bin/ceph: stderr
2024-09-19T08:01:43.637+0000 7fc8940ac640 1 -- 172.21.15.27:0/538492118 >> 172.21.15.27:0/538492118 conn(0x7fc88c102db0 msgr2=0x7fc88c103960 unknown :-1 s=STATE_NONE l=0).mark_down
2024-09-19T08:01:47.820 INFO:teuthology.orchestra.run.smithi027.stdout:/usr/bin/ceph: stderr
2024-09-19T08:01:43.637+0000 7fc8940ac640 1 -- 172.21.15.27:0/538492118 shutdown_connections
2024-09-19T08:01:47.821 INFO:teuthology.orchestra.run.smithi027.stdout:/usr/bin/ceph: stderr
2024-09-19T08:01:43.637+0000 7fc8940ac640 1 -- 172.21.15.27:0/538492118 wait complete.
2024-09-19T08:01:48.063 INFO:journalctl@ceph.mgr.x.smithi027.stdout:Sep 19 08:01:47 smithi027 ceph-35b531b0-765d-11ef-bceb-c7b262605968-mgr-x[31437]:
2024-09-19T08:01:47.842+0000 7faeceda2040 -1 mgr[py] Module zabbix has missing NOTIFY_TYPES member
2024-09-19T08:01:48.685 INFO:journalctl@ceph.mon.a.smithi027.stdout:Sep 19 08:01:48 smithi027 ceph-mon[31209]: from='client.? 172.21.15.27:0/1826480262' entity='client.admin' cmd=[{"prefix": "mgr stat"}]: dispatch
2024-09-19T08:01:48.971 INFO:journalctl@ceph.mgr.x.smithi027.stdout:Sep 19 08:01:48 smithi027 ceph-35b531b0-765d-11ef-bceb-c7b262605968-mgr-x[31437]:
2024-09-19T08:01:48.683+0000 7faeceda2040 -1 mgr[py] Module telegraf has missing NOTIFY_TYPES member
2024-09-19T08:01:49.050 INFO:teuthology.orchestra.run.smithi027.stdout:/usr/bin/ceph: stdout {
2024-09-19T08:01:49.050 INFO:teuthology.orchestra.run.smithi027.stdout:/usr/bin/ceph: stdout "epoch": 5,
2024-09-19T08:01:49.050 INFO:teuthology.orchestra.run.smithi027.stdout:/usr/bin/ceph: stdout "available": true,
2024-09-19T08:01:49.050 INFO:teuthology.orchestra.run.smithi027.stdout:/usr/bin/ceph: stdout "active_name": "x",
2024-09-19T08:01:49.050 INFO:teuthology.orchestra.run.smithi027.stdout:/usr/bin/ceph: stdout "num_standby": 0
2024-09-19T08:01:49.050 INFO:teuthology.orchestra.run.smithi027.stdout:/usr/bin/ceph: stdout }
2024-09-19T08:01:49.050 INFO:teuthology.orchestra.run.smithi027.stdout:/usr/bin/ceph: stderr
2024-09-19T08:01:48.225+0000 7f72fef72640 1 Processor -- start
2024-09-19T08:01:49.050 INFO:teuthology.orchestra.run.smithi027.stdout:/usr/bin/ceph: stderr
2024-09-19T08:01:48.225+0000 7f72fef72640 1 -- start start
2024-09-19T08:01:49.050 INFO:teuthology.orchestra.run.smithi027.stdout:/usr/bin/ceph: stderr
2024-09-19T08:01:48.225+0000 7f72fef72640 1 --2- >> [v2:172.21.15.27:3300/0,v1:172.21.15.27:6789/0] conn(0x7f72f81080c0 0x7f72f810a4b0 unknown :-1 s=NONE pgs=0 cs=0 l=0 rev1=0 crypto rx=0 tx=0 comp rx=0 tx=0).connect
2024-09-19T08:01:49.050 INFO:teuthology.orchestra.run.smithi027.stdout:/usr/bin/ceph: stderr
2024-09-19T08:01:48.225+0000 7f72fef72640 1 -- --> [v2:172.21.15.27:3300/0,v1:172.21.15.27:6789/0] -- mon_getmap magic: 0 -- 0x7f72f807bdf0 con 0x7f72f81080c0
2024-09-19T08:01:49.051 INFO:teuthology.orchestra.run.smithi027.stdout:/usr/bin/ceph: stderr
2024-09-19T08:01:48.225+0000 7f72fcd0e640 1 --2- >> [v2:172.21.15.27:3300/0,v1:172.21.15.27:6789/0] conn(0x7f72f81080c0 0x7f72f810a4b0 unknown :-1 s=BANNER_CONNECTING pgs=0 cs=0 l=0 rev1=0 crypto rx=0 tx=0 comp rx=0 tx=0)._handle_peer_banner_payload supported=3 required=0
2024-09-19T08:01:49.051 INFO:teuthology.orchestra.run.smithi027.stdout:/usr/bin/ceph: stderr
2024-09-19T08:01:48.225+0000 7f72fcd0e640 1 --2- >> [v2:172.21.15.27:3300/0,v1:172.21.15.27:6789/0] conn(0x7f72f81080c0 0x7f72f810a4b0 unknown :-1 s=HELLO_CONNECTING pgs=0 cs=0 l=0 rev1=1 crypto rx=0 tx=0 comp rx=0 tx=0).handle_hello peer v2:172.21.15.27:3300/0 says I am v2:172.21.15.27:33656/0 (socket says 172.21.15.27:33656)
2024-09-19T08:01:49.051 INFO:teuthology.orchestra.run.smithi027.stdout:/usr/bin/ceph: stderr
2024-09-19T08:01:48.225+0000 7f72fcd0e640 1 -- 172.21.15.27:0/3472096686 learned_addr learned my addr 172.21.15.27:0/3472096686 (peer_addr_for_me v2:172.21.15.27:0/0)
2024-09-19T08:01:49.051 INFO:teuthology.orchestra.run.smithi027.stdout:/usr/bin/ceph: stderr
2024-09-19T08:01:48.225+0000 7f72fcd0e640 1 -- 172.21.15.27:0/3472096686 --> [v2:172.21.15.27:3300/0,v1:172.21.15.27:6789/0] -- mon_subscribe({config=0+,monmap=0+}) -- 0x7f72f810a9f0 con 0x7f72f81080c0
2024-09-19T08:01:49.051 INFO:teuthology.orchestra.run.smithi027.stdout:/usr/bin/ceph: stderr
2024-09-19T08:01:48.226+0000 7f72fcd0e640 1 --2- 172.21.15.27:0/3472096686 >> [v2:172.21.15.27:3300/0,v1:172.21.15.27:6789/0] conn(0x7f72f81080c0 0x7f72f810a4b0 secure :-1 s=READY pgs=24 cs=0 l=1 rev1=1 crypto rx=0x7f72ec009820 tx=0x7f72ec02a270 comp rx=0 tx=0).ready entity=mon.0 client_cookie=d0fe6d3f9b7679b8 server_cookie=0 in_seq=0 out_seq=0
2024-09-19T08:01:49.051 INFO:teuthology.orchestra.run.smithi027.stdout:/usr/bin/ceph: stderr
2024-09-19T08:01:48.226+0000 7f72f77fe640 1 -- 172.21.15.27:0/3472096686 <== mon.0 v2:172.21.15.27:3300/0 1 ==== mon_map magic: 0 ==== 205+0+0 (secure 0 0 0) 0x7f72ec037070 con 0x7f72f81080c0
2024-09-19T08:01:49.051 INFO:teuthology.orchestra.run.smithi027.stdout:/usr/bin/ceph: stderr
2024-09-19T08:01:48.226+0000 7f72f77fe640 1 -- 172.21.15.27:0/3472096686 <== mon.0 v2:172.21.15.27:3300/0 2 ==== config(27 keys) ==== 1109+0+0 (secure 0 0 0) 0x7f72ec032900 con 0x7f72f81080c0
2024-09-19T08:01:49.051 INFO:teuthology.orchestra.run.smithi027.stdout:/usr/bin/ceph: stderr
2024-09-19T08:01:48.226+0000 7f72f77fe640 1 -- 172.21.15.27:0/3472096686 <== mon.0 v2:172.21.15.27:3300/0 3 ==== mon_map magic: 0 ==== 205+0+0 (secure 0 0 0) 0x7f72ec030850 con 0x7f72f81080c0
2024-09-19T08:01:49.051 INFO:teuthology.orchestra.run.smithi027.stdout:/usr/bin/ceph: stderr
2024-09-19T08:01:48.227+0000 7f72fef72640 1 -- 172.21.15.27:0/3472096686 >> [v2:172.21.15.27:3300/0,v1:172.21.15.27:6789/0] conn(0x7f72f81080c0 msgr2=0x7f72f810a4b0 secure :-1 s=STATE_CONNECTION_ESTABLISHED l=1).mark_down
2024-09-19T08:01:49.051 INFO:teuthology.orchestra.run.smithi027.stdout:/usr/bin/ceph: stderr
2024-09-19T08:01:48.227+0000 7f72fef72640 1 --2- 172.21.15.27:0/3472096686 >> [v2:172.21.15.27:3300/0,v1:172.21.15.27:6789/0] conn(0x7f72f81080c0 0x7f72f810a4b0 secure :-1 s=READY pgs=24 cs=0 l=1 rev1=1 crypto rx=0x7f72ec009820 tx=0x7f72ec02a270 comp rx=0 tx=0).stop
2024-09-19T08:01:49.052 INFO:teuthology.orchestra.run.smithi027.stdout:/usr/bin/ceph: stderr
2024-09-19T08:01:48.227+0000 7f72fef72640 1 -- 172.21.15.27:0/3472096686 shutdown_connections
2024-09-19T08:01:49.052 INFO:teuthology.orchestra.run.smithi027.stdout:/usr/bin/ceph: stderr
2024-09-19T08:01:48.227+0000 7f72fef72640 1 --2- 172.21.15.27:0/3472096686 >> [v2:172.21.15.27:3300/0,v1:172.21.15.27:6789/0] conn(0x7f72f81080c0 0x7f72f810a4b0 unknown :-1 s=CLOSED pgs=24 cs=0 l=1 rev1=1 crypto rx=0 tx=0 comp rx=0 tx=0).stop
2024-09-19T08:01:49.052 INFO:teuthology.orchestra.run.smithi027.stdout:/usr/bin/ceph: stderr
2024-09-19T08:01:48.227+0000 7f72fef72640 1 -- 172.21.15.27:0/3472096686 >> 172.21.15.27:0/3472096686 conn(0x7f72f8101ca0 msgr2=0x7f72f81040e0 unknown :-1 s=STATE_NONE l=0).mark_down
2024-09-19T08:01:49.052 INFO:teuthology.orchestra.run.smithi027.stdout:/usr/bin/ceph: stderr
2024-09-19T08:01:48.227+0000 7f72fef72640 1 -- 172.21.15.27:0/3472096686 shutdown_connections
2024-09-19T08:01:49.052 INFO:teuthology.orchestra.run.smithi027.stdout:/usr/bin/ceph: stderr
2024-09-19T08:01:48.227+0000 7f72fef72640 1 -- 172.21.15.27:0/3472096686 wait complete.
2024-09-19T08:01:49.052 INFO:teuthology.orchestra.run.smithi027.stdout:/usr/bin/ceph: stderr
2024-09-19T08:01:48.228+0000 7f72fef72640 1 Processor -- start
2024-09-19T08:01:49.052 INFO:teuthology.orchestra.run.smithi027.stdout:/usr/bin/ceph: stderr
2024-09-19T08:01:48.228+0000 7f72fef72640 1 -- start start
2024-09-19T08:01:49.052 INFO:teuthology.orchestra.run.smithi027.stdout:/usr/bin/ceph: stderr
2024-09-19T08:01:48.228+0000 7f72fef72640 1 --2- >> [v2:172.21.15.27:3300/0,v1:172.21.15.27:6789/0] conn(0x7f72f81080c0 0x7f72f819b5e0 unknown :-1 s=NONE pgs=0 cs=0 l=1 rev1=0 crypto rx=0 tx=0 comp rx=0 tx=0).connect
2024-09-19T08:01:49.052 INFO:teuthology.orchestra.run.smithi027.stdout:/usr/bin/ceph: stderr
2024-09-19T08:01:48.228+0000 7f72fef72640 1 -- --> [v2:172.21.15.27:3300/0,v1:172.21.15.27:6789/0] -- mon_getmap magic: 0 -- 0x7f72f810b9d0 con 0x7f72f81080c0
2024-09-19T08:01:49.053 INFO:teuthology.orchestra.run.smithi027.stdout:/usr/bin/ceph: stderr
2024-09-19T08:01:48.228+0000 7f72fcd0e640 1 --2- >> [v2:172.21.15.27:3300/0,v1:172.21.15.27:6789/0] conn(0x7f72f81080c0 0x7f72f819b5e0 unknown :-1 s=BANNER_CONNECTING pgs=0 cs=0 l=1 rev1=0 crypto rx=0 tx=0 comp rx=0 tx=0)._handle_peer_banner_payload supported=3 required=0
2024-09-19T08:01:49.053 INFO:teuthology.orchestra.run.smithi027.stdout:/usr/bin/ceph: stderr
2024-09-19T08:01:48.228+0000 7f72fcd0e640 1 --2- >> [v2:172.21.15.27:3300/0,v1:172.21.15.27:6789/0] conn(0x7f72f81080c0 0x7f72f819b5e0 unknown :-1 s=HELLO_CONNECTING pgs=0 cs=0 l=1 rev1=1 crypto rx=0 tx=0 comp rx=0 tx=0).handle_hello peer v2:172.21.15.27:3300/0 says I am v2:172.21.15.27:33668/0 (socket says 172.21.15.27:33668)
2024-09-19T08:01:49.053 INFO:teuthology.orchestra.run.smithi027.stdout:/usr/bin/ceph: stderr
2024-09-19T08:01:48.228+0000 7f72fcd0e640 1 -- 172.21.15.27:0/1826480262 learned_addr learned my addr 172.21.15.27:0/1826480262 (peer_addr_for_me v2:172.21.15.27:0/0)
2024-09-19T08:01:49.053 INFO:teuthology.orchestra.run.smithi027.stdout:/usr/bin/ceph: stderr
2024-09-19T08:01:48.228+0000 7f72fcd0e640 1 -- 172.21.15.27:0/1826480262 --> [v2:172.21.15.27:3300/0,v1:172.21.15.27:6789/0] -- mon_subscribe({config=0+,monmap=0+}) -- 0x7f72f819bb20 con 0x7f72f81080c0
2024-09-19T08:01:49.053 INFO:teuthology.orchestra.run.smithi027.stdout:/usr/bin/ceph: stderr
2024-09-19T08:01:48.229+0000 7f72fcd0e640 1 --2- 172.21.15.27:0/1826480262 >> [v2:172.21.15.27:3300/0,v1:172.21.15.27:6789/0] conn(0x7f72f81080c0 0x7f72f819b5e0 secure :-1 s=READY pgs=25 cs=0 l=1 rev1=1 crypto rx=0x7f72ec031000 tx=0x7f72ec0326e0 comp rx=0 tx=0).ready entity=mon.0 client_cookie=0 server_cookie=0 in_seq=0 out_seq=0
2024-09-19T08:01:49.053 INFO:teuthology.orchestra.run.smithi027.stdout:/usr/bin/ceph: stderr
2024-09-19T08:01:48.229+0000 7f72f5ffb640 1 -- 172.21.15.27:0/1826480262 <== mon.0 v2:172.21.15.27:3300/0 1 ==== mon_map magic: 0 ==== 205+0+0 (secure 0 0 0) 0x7f72ec042070 con 0x7f72f81080c0
2024-09-19T08:01:49.053 INFO:teuthology.orchestra.run.smithi027.stdout:/usr/bin/ceph: stderr
2024-09-19T08:01:48.229+0000 7f72f5ffb640 1 -- 172.21.15.27:0/1826480262 <== mon.0 v2:172.21.15.27:3300/0 2 ==== config(27 keys) ==== 1109+0+0 (secure 0 0 0) 0x7f72ec032be0 con 0x7f72f81080c0
2024-09-19T08:01:49.054 INFO:teuthology.orchestra.run.smithi027.stdout:/usr/bin/ceph: stderr
2024-09-19T08:01:48.229+0000 7f72fef72640 1 -- 172.21.15.27:0/1826480262 --> [v2:172.21.15.27:3300/0,v1:172.21.15.27:6789/0] -- mon_subscribe({mgrmap=0+}) -- 0x7f72f819bdb0 con 0x7f72f81080c0
2024-09-19T08:01:49.054 INFO:teuthology.orchestra.run.smithi027.stdout:/usr/bin/ceph: stderr
2024-09-19T08:01:48.229+0000 7f72f5ffb640 1 -- 172.21.15.27:0/1826480262 <== mon.0 v2:172.21.15.27:3300/0 3 ==== mon_map magic: 0 ==== 205+0+0 (secure 0 0 0) 0x7f72ec037040 con 0x7f72f81080c0
2024-09-19T08:01:49.054 INFO:teuthology.orchestra.run.smithi027.stdout:/usr/bin/ceph: stderr
2024-09-19T08:01:48.229+0000 7f72fef72640 1 -- 172.21.15.27:0/1826480262 --> [v2:172.21.15.27:3300/0,v1:172.21.15.27:6789/0] -- mon_subscribe({osdmap=0}) -- 0x7f72f819eaa0 con 0x7f72f81080c0
2024-09-19T08:01:49.054 INFO:teuthology.orchestra.run.smithi027.stdout:/usr/bin/ceph: stderr
2024-09-19T08:01:48.230+0000 7f72fef72640 1 -- 172.21.15.27:0/1826480262 --> [v2:172.21.15.27:3300/0,v1:172.21.15.27:6789/0] -- mon_command({"prefix": "get_command_descriptions"} v 0) -- 0x7f72f8108520 con 0x7f72f81080c0
2024-09-19T08:01:49.054 INFO:teuthology.orchestra.run.smithi027.stdout:/usr/bin/ceph: stderr
2024-09-19T08:01:48.230+0000 7f72f5ffb640 1 -- 172.21.15.27:0/1826480262 <== mon.0 v2:172.21.15.27:3300/0 4 ==== mgrmap(e 5) ==== 46461+0+0 (secure 0 0 0) 0x7f72ec045070 con 0x7f72f81080c0
2024-09-19T08:01:49.054 INFO:teuthology.orchestra.run.smithi027.stdout:/usr/bin/ceph: stderr
2024-09-19T08:01:48.230+0000 7f72f5ffb640 1 --2- 172.21.15.27:0/1826480262 >> [v2:172.21.15.27:6800/4146960985,v1:172.21.15.27:6801/4146960985] conn(0x7f72e8039200 0x7f72e803b6c0 unknown :-1 s=NONE pgs=0 cs=0 l=1 rev1=0 crypto rx=0 tx=0 comp rx=0 tx=0).connect
2024-09-19T08:01:49.054 INFO:teuthology.orchestra.run.smithi027.stdout:/usr/bin/ceph: stderr
2024-09-19T08:01:48.231+0000 7f72f5ffb640 1 -- 172.21.15.27:0/1826480262 <== mon.0 v2:172.21.15.27:3300/0 5 ==== osd_map(1..1 src has 1..1) ==== 725+0+0 (secure 0 0 0) 0x7f72ec06c170 con 0x7f72f81080c0
2024-09-19T08:01:49.054 INFO:teuthology.orchestra.run.smithi027.stdout:/usr/bin/ceph: stderr
2024-09-19T08:01:48.231+0000 7f72f7fff640 1 -- 172.21.15.27:0/1826480262 >> [v2:172.21.15.27:6800/4146960985,v1:172.21.15.27:6801/4146960985] conn(0x7f72e8039200 msgr2=0x7f72e803b6c0 unknown :-1 s=STATE_CONNECTING_RE l=1).process reconnect failed to v2:172.21.15.27:6800/4146960985
2024-09-19T08:01:49.054 INFO:teuthology.orchestra.run.smithi027.stdout:/usr/bin/ceph: stderr
2024-09-19T08:01:48.231+0000 7f72f7fff640 1 --2- 172.21.15.27:0/1826480262 >> [v2:172.21.15.27:6800/4146960985,v1:172.21.15.27:6801/4146960985] conn(0x7f72e8039200 0x7f72e803b6c0 unknown :-1 s=START_CONNECT pgs=0 cs=0 l=1 rev1=0 crypto rx=0 tx=0 comp rx=0 tx=0)._fault waiting 0.200000
2024-09-19T08:01:49.054 INFO:teuthology.orchestra.run.smithi027.stdout:/usr/bin/ceph: stderr
2024-09-19T08:01:48.235+0000 7f72f5ffb640 1 -- 172.21.15.27:0/1826480262 <== mon.0 v2:172.21.15.27:3300/0 6 ==== mon_command_ack([{"prefix": "get_command_descriptions"}]=0 v0) ==== 72+0+188913 (secure 0 0 0) 0x7f72ec02f2a0 con 0x7f72f81080c0
2024-09-19T08:01:49.054 INFO:teuthology.orchestra.run.smithi027.stdout:/usr/bin/ceph: stderr
2024-09-19T08:01:48.432+0000 7f72f7fff640 1 -- 172.21.15.27:0/1826480262 >> [v2:172.21.15.27:6800/4146960985,v1:172.21.15.27:6801/4146960985] conn(0x7f72e8039200 msgr2=0x7f72e803b6c0 unknown :-1 s=STATE_CONNECTING_RE l=1).process reconnect failed to v2:172.21.15.27:6800/4146960985
2024-09-19T08:01:49.054 INFO:teuthology.orchestra.run.smithi027.stdout:/usr/bin/ceph: stderr
2024-09-19T08:01:48.432+0000 7f72f7fff640 1 --2- 172.21.15.27:0/1826480262 >> [v2:172.21.15.27:6800/4146960985,v1:172.21.15.27:6801/4146960985] conn(0x7f72e8039200 0x7f72e803b6c0 unknown :-1 s=START_CONNECT pgs=0 cs=0 l=1 rev1=0 crypto rx=0 tx=0 comp rx=0 tx=0)._fault waiting 0.400000
2024-09-19T08:01:49.055 INFO:teuthology.orchestra.run.smithi027.stdout:/usr/bin/ceph: stderr
2024-09-19T08:01:48.459+0000 7f72fef72640 1 -- 172.21.15.27:0/1826480262 --> [v2:172.21.15.27:3300/0,v1:172.21.15.27:6789/0] -- mon_command({"prefix": "mgr stat"} v 0) -- 0x7f72f819ec70 con 0x7f72f81080c0
2024-09-19T08:01:49.055 INFO:teuthology.orchestra.run.smithi027.stdout:/usr/bin/ceph: stderr
2024-09-19T08:01:48.460+0000 7f72f5ffb640 1 -- 172.21.15.27:0/1826480262 <== mon.0 v2:172.21.15.27:3300/0 7 ==== mon_command_ack([{"prefix": "mgr stat"}]=0 v5) ==== 56+0+88 (secure 0 0 0) 0x7f72ec032d90 con 0x7f72f81080c0
2024-09-19T08:01:49.055 INFO:teuthology.orchestra.run.smithi027.stdout:/usr/bin/ceph: stderr
2024-09-19T08:01:48.462+0000 7f72fef72640 1 -- 172.21.15.27:0/1826480262 >> [v2:172.21.15.27:6800/4146960985,v1:172.21.15.27:6801/4146960985] conn(0x7f72e8039200 msgr2=0x7f72e803b6c0 unknown :-1 s=STATE_CONNECTING l=1).mark_down
2024-09-19T08:01:49.055 INFO:teuthology.orchestra.run.smithi027.stdout:/usr/bin/ceph: stderr
2024-09-19T08:01:48.462+0000 7f72fef72640 1 --2- 172.21.15.27:0/1826480262 >> [v2:172.21.15.27:6800/4146960985,v1:172.21.15.27:6801/4146960985] conn(0x7f72e8039200 0x7f72e803b6c0 unknown :-1 s=START_CONNECT pgs=0 cs=0 l=1 rev1=0 crypto rx=0 tx=0 comp rx=0 tx=0).stop
2024-09-19T08:01:49.055 INFO:teuthology.orchestra.run.smithi027.stdout:/usr/bin/ceph: stderr
2024-09-19T08:01:48.462+0000 7f72fef72640 1 -- 172.21.15.27:0/1826480262 >> [v2:172.21.15.27:3300/0,v1:172.21.15.27:6789/0] conn(0x7f72f81080c0 msgr2=0x7f72f819b5e0 secure :-1 s=STATE_CONNECTION_ESTABLISHED l=1).mark_down
2024-09-19T08:01:49.055 INFO:teuthology.orchestra.run.smithi027.stdout:/usr/bin/ceph: stderr
2024-09-19T08:01:48.462+0000 7f72fef72640 1 --2- 172.21.15.27:0/1826480262 >> [v2:172.21.15.27:3300/0,v1:172.21.15.27:6789/0] conn(0x7f72f81080c0 0x7f72f819b5e0 secure :-1 s=READY pgs=25 cs=0 l=1 rev1=1 crypto rx=0x7f72ec031000 tx=0x7f72ec0326e0 comp rx=0 tx=0).stop
2024-09-19T08:01:49.055 INFO:teuthology.orchestra.run.smithi027.stdout:/usr/bin/ceph: stderr
2024-09-19T08:01:48.462+0000 7f72fef72640 1 -- 172.21.15.27:0/1826480262 shutdown_connections
2024-09-19T08:01:49.055 INFO:teuthology.orchestra.run.smithi027.stdout:/usr/bin/ceph: stderr
2024-09-19T08:01:48.462+0000 7f72fef72640 1 --2- 172.21.15.27:0/1826480262 >> [v2:172.21.15.27:6800/4146960985,v1:172.21.15.27:6801/4146960985] conn(0x7f72e8039200 0x7f72e803b6c0 unknown :-1 s=CLOSED pgs=0 cs=0 l=1 rev1=0 crypto rx=0 tx=0 comp rx=0 tx=0).stop
2024-09-19T08:01:49.055 INFO:teuthology.orchestra.run.smithi027.stdout:/usr/bin/ceph: stderr
2024-09-19T08:01:48.462+0000 7f72fef72640 1 --2- 172.21.15.27:0/1826480262 >> [v2:172.21.15.27:3300/0,v1:172.21.15.27:6789/0] conn(0x7f72f81080c0 0x7f72f819b5e0 unknown :-1 s=CLOSED pgs=25 cs=0 l=1 rev1=1 crypto rx=0 tx=0 comp rx=0 tx=0).stop
2024-09-19T08:01:49.055 INFO:teuthology.orchestra.run.smithi027.stdout:/usr/bin/ceph: stderr
2024-09-19T08:01:48.462+0000 7f72fef72640 1 -- 172.21.15.27:0/1826480262 >> 172.21.15.27:0/1826480262 conn(0x7f72f8101ca0 msgr2=0x7f72f8102880 unknown :-1 s=STATE_NONE l=0).mark_down
2024-09-19T08:01:49.055 INFO:teuthology.orchestra.run.smithi027.stdout:/usr/bin/ceph: stderr
2024-09-19T08:01:48.462+0000 7f72fef72640 1 -- 172.21.15.27:0/1826480262 shutdown_connections
2024-09-19T08:01:49.056 INFO:teuthology.orchestra.run.smithi027.stdout:/usr/bin/ceph: stderr
2024-09-19T08:01:48.462+0000 7f72fef72640 1 -- 172.21.15.27:0/1826480262 wait complete.
2024-09-19T08:01:49.056 INFO:teuthology.orchestra.run.smithi027.stdout:Waiting for the mgr to restart...
2024-09-19T08:01:49.056 INFO:teuthology.orchestra.run.smithi027.stdout:Waiting for mgr epoch 5...
2024-09-19T08:01:49.690 INFO:journalctl@ceph.mon.a.smithi027.stdout:Sep 19 08:01:49 smithi027 ceph-mon[31209]: Active manager daemon x restarted
2024-09-19T08:01:49.691 INFO:journalctl@ceph.mon.a.smithi027.stdout:Sep 19 08:01:49 smithi027 ceph-mon[31209]: Activating manager daemon x
2024-09-19T08:01:49.691 INFO:journalctl@ceph.mon.a.smithi027.stdout:Sep 19 08:01:49 smithi027 ceph-mon[31209]: osdmap e2: 0 total, 0 up, 0 in
2024-09-19T08:01:49.691 INFO:journalctl@ceph.mon.a.smithi027.stdout:Sep 19 08:01:49 smithi027 ceph-mon[31209]: mgrmap e6: x(active, starting, since 0.00374846s)
2024-09-19T08:01:49.691 INFO:journalctl@ceph.mon.a.smithi027.stdout:Sep 19 08:01:49 smithi027 ceph-mon[31209]: from='mgr.14118 172.21.15.27:0/4087300697' entity='mgr.x' cmd=[{"prefix": "mon metadata", "id": "a"}]: dispatch
2024-09-19T08:01:49.691 INFO:journalctl@ceph.mon.a.smithi027.stdout:Sep 19 08:01:49 smithi027 ceph-mon[31209]: from='mgr.14118 172.21.15.27:0/4087300697' entity='mgr.x' cmd=[{"prefix": "mgr metadata", "who": "x", "id": "x"}]: dispatch
2024-09-19T08:01:49.691 INFO:journalctl@ceph.mon.a.smithi027.stdout:Sep 19 08:01:49 smithi027 ceph-mon[31209]: from='mgr.14118 172.21.15.27:0/4087300697' entity='mgr.x' cmd=[{"prefix": "mds metadata"}]: dispatch
2024-09-19T08:01:49.691 INFO:journalctl@ceph.mon.a.smithi027.stdout:Sep 19 08:01:49 smithi027 ceph-mon[31209]: from='mgr.14118 172.21.15.27:0/4087300697' entity='mgr.x' cmd=[{"prefix": "osd metadata"}]: dispatch
2024-09-19T08:01:49.691 INFO:journalctl@ceph.mon.a.smithi027.stdout:Sep 19 08:01:49 smithi027 ceph-mon[31209]: from='mgr.14118 172.21.15.27:0/4087300697' entity='mgr.x' cmd=[{"prefix": "mon metadata"}]: dispatch
2024-09-19T08:01:49.691 INFO:journalctl@ceph.mon.a.smithi027.stdout:Sep 19 08:01:49 smithi027 ceph-mon[31209]: Manager daemon x is now available
2024-09-19T08:01:49.691 INFO:journalctl@ceph.mon.a.smithi027.stdout:Sep 19 08:01:49 smithi027 ceph-mon[31209]: from='mgr.14118 172.21.15.27:0/4087300697' entity='mgr.x'
2024-09-19T08:01:49.692 INFO:journalctl@ceph.mon.a.smithi027.stdout:Sep 19 08:01:49 smithi027 ceph-mon[31209]: from='mgr.14118 172.21.15.27:0/4087300697' entity='mgr.x'
2024-09-19T08:01:49.692 INFO:journalctl@ceph.mon.a.smithi027.stdout:Sep 19 08:01:49 smithi027 ceph-mon[31209]: from='mgr.14118 172.21.15.27:0/4087300697' entity='mgr.x' cmd=[{"prefix": "config dump", "format": "json"}]: dispatch
2024-09-19T08:01:49.692 INFO:journalctl@ceph.mon.a.smithi027.stdout:Sep 19 08:01:49 smithi027 ceph-mon[31209]: from='mgr.14118 172.21.15.27:0/4087300697' entity='mgr.x' cmd=[{"prefix": "config dump", "format": "json"}]: dispatch
2024-09-19T08:01:49.692 INFO:journalctl@ceph.mon.a.smithi027.stdout:Sep 19 08:01:49 smithi027 ceph-mon[31209]: from='mgr.14118 172.21.15.27:0/4087300697' entity='mgr.x' cmd=[{"prefix":"config rm","who":"mgr","name":"mgr/rbd_support/x/mirror_snapshot_schedule"}]: dispatch
2024-09-19T08:01:49.692 INFO:journalctl@ceph.mon.a.smithi027.stdout:Sep 19 08:01:49 smithi027 ceph-mon[31209]: from='mgr.14118 172.21.15.27:0/4087300697' entity='mgr.x' cmd=[{"prefix":"config rm","who":"mgr","name":"mgr/rbd_support/x/trash_purge_schedule"}]: dispatch
2024-09-19T08:01:50.239 INFO:teuthology.orchestra.run.smithi027.stdout:/usr/bin/ceph: stdout {
2024-09-19T08:01:50.239 INFO:teuthology.orchestra.run.smithi027.stdout:/usr/bin/ceph: stdout "mgrmap_epoch": 7,
2024-09-19T08:01:50.239 INFO:teuthology.orchestra.run.smithi027.stdout:/usr/bin/ceph: stdout "initialized": true
2024-09-19T08:01:50.240 INFO:teuthology.orchestra.run.smithi027.stdout:/usr/bin/ceph: stdout }
2024-09-19T08:01:50.240 INFO:teuthology.orchestra.run.smithi027.stdout:/usr/bin/ceph: stderr
2024-09-19T08:01:49.431+0000 7f32af03e640 1 Processor -- start
2024-09-19T08:01:50.240 INFO:teuthology.orchestra.run.smithi027.stdout:/usr/bin/ceph: stderr
2024-09-19T08:01:49.431+0000 7f32af03e640 1 -- start start
2024-09-19T08:01:50.240 INFO:teuthology.orchestra.run.smithi027.stdout:/usr/bin/ceph: stderr
2024-09-19T08:01:49.432+0000 7f32af03e640 1 --2- >> [v2:172.21.15.27:3300/0,v1:172.21.15.27:6789/0] conn(0x7f32a81080b0 0x7f32a810a4a0 unknown :-1 s=NONE pgs=0 cs=0 l=0 rev1=0 crypto rx=0 tx=0 comp rx=0 tx=0).connect
2024-09-19T08:01:50.240 INFO:teuthology.orchestra.run.smithi027.stdout:/usr/bin/ceph: stderr
2024-09-19T08:01:49.432+0000 7f32af03e640 1 -- --> [v2:172.21.15.27:3300/0,v1:172.21.15.27:6789/0] -- mon_getmap magic: 0 -- 0x7f32a807be40 con 0x7f32a81080b0
2024-09-19T08:01:50.240 INFO:teuthology.orchestra.run.smithi027.stdout:/usr/bin/ceph: stderr
2024-09-19T08:01:49.432+0000 7f32acdda640 1 --2- >> [v2:172.21.15.27:3300/0,v1:172.21.15.27:6789/0] conn(0x7f32a81080b0 0x7f32a810a4a0 unknown :-1 s=BANNER_CONNECTING pgs=0 cs=0 l=0 rev1=0 crypto rx=0 tx=0 comp rx=0 tx=0)._handle_peer_banner_payload supported=3 required=0
2024-09-19T08:01:50.240 INFO:teuthology.orchestra.run.smithi027.stdout:/usr/bin/ceph: stderr
2024-09-19T08:01:49.432+0000 7f32acdda640 1 --2- >> [v2:172.21.15.27:3300/0,v1:172.21.15.27:6789/0] conn(0x7f32a81080b0 0x7f32a810a4a0 unknown :-1 s=HELLO_CONNECTING pgs=0 cs=0 l=0 rev1=1 crypto rx=0 tx=0 comp rx=0 tx=0).handle_hello peer v2:172.21.15.27:3300/0 says I am v2:172.21.15.27:33764/0 (socket says 172.21.15.27:33764)
2024-09-19T08:01:50.240 INFO:teuthology.orchestra.run.smithi027.stdout:/usr/bin/ceph: stderr
2024-09-19T08:01:49.432+0000 7f32acdda640 1 -- 172.21.15.27:0/2127856092 learned_addr learned my addr 172.21.15.27:0/2127856092 (peer_addr_for_me v2:172.21.15.27:0/0)
2024-09-19T08:01:50.240 INFO:teuthology.orchestra.run.smithi027.stdout:/usr/bin/ceph: stderr
2024-09-19T08:01:49.432+0000 7f32acdda640 1 -- 172.21.15.27:0/2127856092 --> [v2:172.21.15.27:3300/0,v1:172.21.15.27:6789/0] -- mon_subscribe({config=0+,monmap=0+}) -- 0x7f32a810a9e0 con 0x7f32a81080b0
2024-09-19T08:01:50.240 INFO:teuthology.orchestra.run.smithi027.stdout:/usr/bin/ceph: stderr
2024-09-19T08:01:49.433+0000 7f32acdda640 1 --2- 172.21.15.27:0/2127856092 >> [v2:172.21.15.27:3300/0,v1:172.21.15.27:6789/0] conn(0x7f32a81080b0 0x7f32a810a4a0 secure :-1 s=READY pgs=33 cs=0 l=1 rev1=1 crypto rx=0x7f329c009820 tx=0x7f329c02a270 comp rx=0 tx=0).ready entity=mon.0 client_cookie=bfed3b05dfcd07a server_cookie=0 in_seq=0 out_seq=0
2024-09-19T08:01:50.241 INFO:teuthology.orchestra.run.smithi027.stdout:/usr/bin/ceph: stderr
2024-09-19T08:01:49.433+0000 7f32a77fe640 1 -- 172.21.15.27:0/2127856092 <== mon.0 v2:172.21.15.27:3300/0 1 ==== mon_map magic: 0 ==== 205+0+0 (secure 0 0 0) 0x7f329c037070 con 0x7f32a81080b0
2024-09-19T08:01:50.241 INFO:teuthology.orchestra.run.smithi027.stdout:/usr/bin/ceph: stderr
2024-09-19T08:01:49.434+0000 7f32a77fe640 1 -- 172.21.15.27:0/2127856092 <== mon.0 v2:172.21.15.27:3300/0 2 ==== config(27 keys) ==== 1109+0+0 (secure 0 0 0) 0x7f329c032900 con 0x7f32a81080b0
2024-09-19T08:01:50.241 INFO:teuthology.orchestra.run.smithi027.stdout:/usr/bin/ceph: stderr
2024-09-19T08:01:49.434+0000 7f32a77fe640 1 -- 172.21.15.27:0/2127856092 <== mon.0 v2:172.21.15.27:3300/0 3 ==== mon_map magic: 0 ==== 205+0+0 (secure 0 0 0) 0x7f329c030850 con 0x7f32a81080b0
2024-09-19T08:01:50.241 INFO:teuthology.orchestra.run.smithi027.stdout:/usr/bin/ceph: stderr
2024-09-19T08:01:49.434+0000 7f32af03e640 1 -- 172.21.15.27:0/2127856092 >> [v2:172.21.15.27:3300/0,v1:172.21.15.27:6789/0] conn(0x7f32a81080b0 msgr2=0x7f32a810a4a0 secure :-1 s=STATE_CONNECTION_ESTABLISHED l=1).mark_down
2024-09-19T08:01:50.242 INFO:teuthology.orchestra.run.smithi027.stdout:/usr/bin/ceph: stderr
2024-09-19T08:01:49.434+0000 7f32af03e640 1 --2- 172.21.15.27:0/2127856092 >> [v2:172.21.15.27:3300/0,v1:172.21.15.27:6789/0] conn(0x7f32a81080b0 0x7f32a810a4a0 secure :-1 s=READY pgs=33 cs=0 l=1 rev1=1 crypto rx=0x7f329c009820 tx=0x7f329c02a270 comp rx=0 tx=0).stop
2024-09-19T08:01:50.242 INFO:teuthology.orchestra.run.smithi027.stdout:/usr/bin/ceph: stderr
2024-09-19T08:01:49.434+0000 7f32af03e640 1 -- 172.21.15.27:0/2127856092 shutdown_connections
2024-09-19T08:01:50.242 INFO:teuthology.orchestra.run.smithi027.stdout:/usr/bin/ceph: stderr
2024-09-19T08:01:49.434+0000 7f32af03e640 1 --2- 172.21.15.27:0/2127856092 >> [v2:172.21.15.27:3300/0,v1:172.21.15.27:6789/0] conn(0x7f32a81080b0 0x7f32a810a4a0 unknown :-1 s=CLOSED pgs=33 cs=0 l=1 rev1=1 crypto rx=0 tx=0 comp rx=0 tx=0).stop
2024-09-19T08:01:50.242 INFO:teuthology.orchestra.run.smithi027.stdout:/usr/bin/ceph: stderr
2024-09-19T08:01:49.434+0000 7f32af03e640 1 -- 172.21.15.27:0/2127856092 >> 172.21.15.27:0/2127856092 conn(0x7f32a8101d10 msgr2=0x7f32a8104130 unknown :-1 s=STATE_NONE l=0).mark_down
2024-09-19T08:01:50.242 INFO:teuthology.orchestra.run.smithi027.stdout:/usr/bin/ceph: stderr
2024-09-19T08:01:49.434+0000 7f32af03e640 1 -- 172.21.15.27:0/2127856092 shutdown_connections
2024-09-19T08:01:50.242 INFO:teuthology.orchestra.run.smithi027.stdout:/usr/bin/ceph: stderr
2024-09-19T08:01:49.434+0000 7f32af03e640 1 -- 172.21.15.27:0/2127856092 wait complete.
2024-09-19T08:01:50.243 INFO:teuthology.orchestra.run.smithi027.stdout:/usr/bin/ceph: stderr
2024-09-19T08:01:49.435+0000 7f32af03e640 1 Processor -- start
2024-09-19T08:01:50.243 INFO:teuthology.orchestra.run.smithi027.stdout:/usr/bin/ceph: stderr
2024-09-19T08:01:49.435+0000 7f32af03e640 1 -- start start
2024-09-19T08:01:50.243 INFO:teuthology.orchestra.run.smithi027.stdout:/usr/bin/ceph: stderr
2024-09-19T08:01:49.435+0000 7f32af03e640 1 --2- >> [v2:172.21.15.27:3300/0,v1:172.21.15.27:6789/0] conn(0x7f32a81080b0 0x7f32a8107930 unknown :-1 s=NONE pgs=0 cs=0 l=1 rev1=0 crypto rx=0 tx=0 comp rx=0 tx=0).connect
2024-09-19T08:01:50.243 INFO:teuthology.orchestra.run.smithi027.stdout:/usr/bin/ceph: stderr
2024-09-19T08:01:49.435+0000 7f32af03e640 1 -- --> [v2:172.21.15.27:3300/0,v1:172.21.15.27:6789/0] -- mon_getmap magic: 0 -- 0x7f32a810ba20 con 0x7f32a81080b0
2024-09-19T08:01:50.243 INFO:teuthology.orchestra.run.smithi027.stdout:/usr/bin/ceph: stderr
2024-09-19T08:01:49.435+0000 7f32acdda640 1 --2- >> [v2:172.21.15.27:3300/0,v1:172.21.15.27:6789/0] conn(0x7f32a81080b0 0x7f32a8107930 unknown :-1 s=BANNER_CONNECTING pgs=0 cs=0 l=1 rev1=0 crypto rx=0 tx=0 comp rx=0 tx=0)._handle_peer_banner_payload supported=3 required=0
2024-09-19T08:01:50.243 INFO:teuthology.orchestra.run.smithi027.stdout:/usr/bin/ceph: stderr
2024-09-19T08:01:49.435+0000 7f32acdda640 1 --2- >> [v2:172.21.15.27:3300/0,v1:172.21.15.27:6789/0] conn(0x7f32a81080b0 0x7f32a8107930 unknown :-1 s=HELLO_CONNECTING pgs=0 cs=0 l=1 rev1=1 crypto rx=0 tx=0 comp rx=0 tx=0).handle_hello peer v2:172.21.15.27:3300/0 says I am v2:172.21.15.27:33780/0 (socket says 172.21.15.27:33780)
2024-09-19T08:01:50.243 INFO:teuthology.orchestra.run.smithi027.stdout:/usr/bin/ceph: stderr
2024-09-19T08:01:49.435+0000 7f32acdda640 1 -- 172.21.15.27:0/2763281606 learned_addr learned my addr 172.21.15.27:0/2763281606 (peer_addr_for_me v2:172.21.15.27:0/0)
2024-09-19T08:01:50.243 INFO:teuthology.orchestra.run.smithi027.stdout:/usr/bin/ceph: stderr
2024-09-19T08:01:49.435+0000 7f32acdda640 1 -- 172.21.15.27:0/2763281606 --> [v2:172.21.15.27:3300/0,v1:172.21.15.27:6789/0] -- mon_subscribe({config=0+,monmap=0+}) -- 0x7f32a8107e70 con 0x7f32a81080b0
2024-09-19T08:01:50.243 INFO:teuthology.orchestra.run.smithi027.stdout:/usr/bin/ceph: stderr
2024-09-19T08:01:49.436+0000 7f32acdda640 1 --2- 172.21.15.27:0/2763281606 >> [v2:172.21.15.27:3300/0,v1:172.21.15.27:6789/0] conn(0x7f32a81080b0 0x7f32a8107930 secure :-1 s=READY pgs=34 cs=0 l=1 rev1=1 crypto rx=0x7f329c032ce0 tx=0x7f329c032d10 comp rx=0 tx=0).ready entity=mon.0 client_cookie=0 server_cookie=0 in_seq=0 out_seq=0
2024-09-19T08:01:50.243 INFO:teuthology.orchestra.run.smithi027.stdout:/usr/bin/ceph: stderr
2024-09-19T08:01:49.436+0000 7f32a5ffb640 1 -- 172.21.15.27:0/2763281606 <== mon.0 v2:172.21.15.27:3300/0 1 ==== mon_map magic: 0 ==== 205+0+0 (secure 0 0 0) 0x7f329c042070 con 0x7f32a81080b0
2024-09-19T08:01:50.243 INFO:teuthology.orchestra.run.smithi027.stdout:/usr/bin/ceph: stderr
2024-09-19T08:01:49.436+0000 7f32a5ffb640 1 -- 172.21.15.27:0/2763281606 <== mon.0 v2:172.21.15.27:3300/0 2 ==== config(27 keys) ==== 1109+0+0 (secure 0 0 0) 0x7f329c0308c0 con 0x7f32a81080b0
2024-09-19T08:01:50.244 INFO:teuthology.orchestra.run.smithi027.stdout:/usr/bin/ceph: stderr
2024-09-19T08:01:49.436+0000 7f32af03e640 1 -- 172.21.15.27:0/2763281606 --> [v2:172.21.15.27:3300/0,v1:172.21.15.27:6789/0] -- mon_subscribe({mgrmap=0+}) -- 0x7f32a8106060 con 0x7f32a81080b0
2024-09-19T08:01:50.244 INFO:teuthology.orchestra.run.smithi027.stdout:/usr/bin/ceph: stderr
2024-09-19T08:01:49.436+0000 7f32a5ffb640 1 -- 172.21.15.27:0/2763281606 <== mon.0 v2:172.21.15.27:3300/0 3 ==== mon_map magic: 0 ==== 205+0+0 (secure 0 0 0) 0x7f329c037040 con 0x7f32a81080b0
2024-09-19T08:01:50.244 INFO:teuthology.orchestra.run.smithi027.stdout:/usr/bin/ceph: stderr
2024-09-19T08:01:49.436+0000 7f32af03e640 1 -- 172.21.15.27:0/2763281606 --> [v2:172.21.15.27:3300/0,v1:172.21.15.27:6789/0] -- mon_subscribe({osdmap=0}) -- 0x7f32a81065a0 con 0x7f32a81080b0
2024-09-19T08:01:50.244 INFO:teuthology.orchestra.run.smithi027.stdout:/usr/bin/ceph: stderr
2024-09-19T08:01:49.437+0000 7f32a5ffb640 1 -- 172.21.15.27:0/2763281606 <== mon.0 v2:172.21.15.27:3300/0 4 ==== mgrmap(e 6) ==== 46228+0+0 (secure 0 0 0) 0x7f329c045070 con 0x7f32a81080b0
2024-09-19T08:01:50.244 INFO:teuthology.orchestra.run.smithi027.stdout:/usr/bin/ceph: stderr
2024-09-19T08:01:49.437+0000 7f32a5ffb640 1 -- 172.21.15.27:0/2763281606 <== mon.0 v2:172.21.15.27:3300/0 5 ==== osd_map(2..2 src has 1..2) ==== 940+0+0 (secure 0 0 0) 0x7f329c06bfb0 con 0x7f32a81080b0
2024-09-19T08:01:50.244 INFO:teuthology.orchestra.run.smithi027.stdout:/usr/bin/ceph: stderr
2024-09-19T08:01:49.689+0000 7f32a5ffb640 1 -- 172.21.15.27:0/2763281606 <== mon.0 v2:172.21.15.27:3300/0 6 ==== mgrmap(e 7) ==== 46355+0+0 (secure 0 0 0) 0x7f329c06acd0 con 0x7f32a81080b0
2024-09-19T08:01:50.244 INFO:teuthology.orchestra.run.smithi027.stdout:/usr/bin/ceph: stderr
2024-09-19T08:01:49.690+0000 7f32a5ffb640 1 --2- 172.21.15.27:0/2763281606 >> [v2:172.21.15.27:6800/538175414,v1:172.21.15.27:6801/538175414] conn(0x7f3298039cf0 0x7f329803c0e0 unknown :-1 s=NONE pgs=0 cs=0 l=1 rev1=0 crypto rx=0 tx=0 comp rx=0 tx=0).connect
2024-09-19T08:01:50.244 INFO:teuthology.orchestra.run.smithi027.stdout:/usr/bin/ceph: stderr
2024-09-19T08:01:49.690+0000 7f32a5ffb640 1 -- 172.21.15.27:0/2763281606 --> [v2:172.21.15.27:6800/538175414,v1:172.21.15.27:6801/538175414] -- command(tid 0: {"prefix": "get_command_descriptions"}) -- 0x7f329c00af30 con 0x7f3298039cf0
2024-09-19T08:01:50.244 INFO:teuthology.orchestra.run.smithi027.stdout:/usr/bin/ceph: stderr
