2024-09-19T08:05:43.937 INFO:teuthology.orchestra.run.smithi022.stdout:/usr/bin/ceph: stderr
2024-09-19T08:05:40.141+0000 7efebf7fe640 1 -- 172.21.15.22:0/637108122 >> [v2:172.21.15.22:6800/2990808963,v1:172.21.15.22:6801/2990808963] conn(0x7efea80391b0 msgr2=0x7efea803b670 unknown :-1 s=STATE_CONNECTING_RE l=1).process reconnect failed to v2:172.21.15.22:6800/2990808963
2024-09-19T08:05:43.937 INFO:teuthology.orchestra.run.smithi022.stdout:/usr/bin/ceph: stderr
2024-09-19T08:05:40.141+0000 7efebf7fe640 1 --2- 172.21.15.22:0/637108122 >> [v2:172.21.15.22:6800/2990808963,v1:172.21.15.22:6801/2990808963] conn(0x7efea80391b0 0x7efea803b670 unknown :-1 s=START_CONNECT pgs=0 cs=0 l=1 rev1=0 crypto rx=0 tx=0 comp rx=0 tx=0)._fault waiting 0.800000
2024-09-19T08:05:43.937 INFO:teuthology.orchestra.run.smithi022.stdout:/usr/bin/ceph: stderr
2024-09-19T08:05:40.942+0000 7efebf7fe640 1 -- 172.21.15.22:0/637108122 >> [v2:172.21.15.22:6800/2990808963,v1:172.21.15.22:6801/2990808963] conn(0x7efea80391b0 msgr2=0x7efea803b670 unknown :-1 s=STATE_CONNECTING_RE l=1).process reconnect failed to v2:172.21.15.22:6800/2990808963
2024-09-19T08:05:43.937 INFO:teuthology.orchestra.run.smithi022.stdout:/usr/bin/ceph: stderr
2024-09-19T08:05:40.942+0000 7efebf7fe640 1 --2- 172.21.15.22:0/637108122 >> [v2:172.21.15.22:6800/2990808963,v1:172.21.15.22:6801/2990808963] conn(0x7efea80391b0 0x7efea803b670 unknown :-1 s=START_CONNECT pgs=0 cs=0 l=1 rev1=0 crypto rx=0 tx=0 comp rx=0 tx=0)._fault waiting 1.600000
2024-09-19T08:05:43.937 INFO:teuthology.orchestra.run.smithi022.stdout:/usr/bin/ceph: stderr
2024-09-19T08:05:42.355+0000 7efebd7fa640 1 -- 172.21.15.22:0/637108122 <== mon.0 v2:172.21.15.22:3300/0 6 ==== mgrmap(e 6) ==== 46228+0+0 (secure 0 0 0) 0x7efeb006ad40 con 0x7efec0108230
2024-09-19T08:05:43.937 INFO:teuthology.orchestra.run.smithi022.stdout:/usr/bin/ceph: stderr
2024-09-19T08:05:42.355+0000 7efebd7fa640 1 -- 172.21.15.22:0/637108122 >> [v2:172.21.15.22:6800/2990808963,v1:172.21.15.22:6801/2990808963] conn(0x7efea80391b0 msgr2=0x7efea803b670 unknown :-1 s=STATE_CONNECTING l=1).mark_down
2024-09-19T08:05:43.937 INFO:teuthology.orchestra.run.smithi022.stdout:/usr/bin/ceph: stderr
2024-09-19T08:05:42.355+0000 7efebd7fa640 1 --2- 172.21.15.22:0/637108122 >> [v2:172.21.15.22:6800/2990808963,v1:172.21.15.22:6801/2990808963] conn(0x7efea80391b0 0x7efea803b670 unknown :-1 s=START_CONNECT pgs=0 cs=0 l=1 rev1=0 crypto rx=0 tx=0 comp rx=0 tx=0).stop
2024-09-19T08:05:43.937 INFO:teuthology.orchestra.run.smithi022.stdout:/usr/bin/ceph: stderr
2024-09-19T08:05:43.356+0000 7efebd7fa640 1 -- 172.21.15.22:0/637108122 <== mon.0 v2:172.21.15.22:3300/0 7 ==== mgrmap(e 7) ==== 46355+0+0 (secure 0 0 0) 0x7efeb003cd10 con 0x7efec0108230
2024-09-19T08:05:43.937 INFO:teuthology.orchestra.run.smithi022.stdout:/usr/bin/ceph: stderr
2024-09-19T08:05:43.356+0000 7efebd7fa640 1 --2- 172.21.15.22:0/637108122 >> [v2:172.21.15.22:6800/4065414102,v1:172.21.15.22:6801/4065414102] conn(0x7efea803cae0 0x7efea803eed0 unknown :-1 s=NONE pgs=0 cs=0 l=1 rev1=0 crypto rx=0 tx=0 comp rx=0 tx=0).connect
2024-09-19T08:05:43.937 INFO:teuthology.orchestra.run.smithi022.stdout:/usr/bin/ceph: stderr
2024-09-19T08:05:43.356+0000 7efebd7fa640 1 -- 172.21.15.22:0/637108122 --> [v2:172.21.15.22:6800/4065414102,v1:172.21.15.22:6801/4065414102] -- command(tid 0: {"prefix": "get_command_descriptions"}) -- 0x7efea803bd80 con 0x7efea803cae0
2024-09-19T08:05:43.937 INFO:teuthology.orchestra.run.smithi022.stdout:/usr/bin/ceph: stderr
2024-09-19T08:05:43.356+0000 7efebf7fe640 1 --2- 172.21.15.22:0/637108122 >> [v2:172.21.15.22:6800/4065414102,v1:172.21.15.22:6801/4065414102] conn(0x7efea803cae0 0x7efea803eed0 unknown :-1 s=BANNER_CONNECTING pgs=0 cs=0 l=1 rev1=0 crypto rx=0 tx=0 comp rx=0 tx=0)._handle_peer_banner_payload supported=3 required=0
2024-09-19T08:05:43.937 INFO:teuthology.orchestra.run.smithi022.stdout:/usr/bin/ceph: stderr
2024-09-19T08:05:43.357+0000 7efebf7fe640 1 --2- 172.21.15.22:0/637108122 >> [v2:172.21.15.22:6800/4065414102,v1:172.21.15.22:6801/4065414102] conn(0x7efea803cae0 0x7efea803eed0 secure :-1 s=READY pgs=1 cs=0 l=1 rev1=1 crypto rx=0x7efeb4003980 tx=0x7efeb4006e10 comp rx=0 tx=0).ready entity=mgr.14118 client_cookie=0 server_cookie=0 in_seq=0 out_seq=0
2024-09-19T08:05:43.937 INFO:teuthology.orchestra.run.smithi022.stdout:/usr/bin/ceph: stderr
2024-09-19T08:05:43.358+0000 7efebd7fa640 1 -- 172.21.15.22:0/637108122 <== mgr.14118 v2:172.21.15.22:6800/4065414102 1 ==== command_reply(tid 0: 0 ) ==== 8+0+9564 (secure 0 0 0) 0x7efea803bd80 con 0x7efea803cae0
2024-09-19T08:05:43.938 INFO:teuthology.orchestra.run.smithi022.stdout:/usr/bin/ceph: stderr
2024-09-19T08:05:43.364+0000 7efec6a1b640 1 -- 172.21.15.22:0/637108122 --> [v2:172.21.15.22:6800/4065414102,v1:172.21.15.22:6801/4065414102] -- command(tid 1: {"prefix": "mgr_status"}) -- 0x7efec0108690 con 0x7efea803cae0
2024-09-19T08:05:43.938 INFO:teuthology.orchestra.run.smithi022.stdout:/usr/bin/ceph: stderr
2024-09-19T08:05:43.365+0000 7efebd7fa640 1 -- 172.21.15.22:0/637108122 <== mgr.14118 v2:172.21.15.22:6800/4065414102 2 ==== command_reply(tid 1: 0 ) ==== 8+0+51 (secure 0 0 0) 0x7efec0108690 con 0x7efea803cae0
2024-09-19T08:05:43.938 INFO:teuthology.orchestra.run.smithi022.stdout:/usr/bin/ceph: stderr
2024-09-19T08:05:43.365+0000 7efec6a1b640 1 -- 172.21.15.22:0/637108122 >> [v2:172.21.15.22:6800/4065414102,v1:172.21.15.22:6801/4065414102] conn(0x7efea803cae0 msgr2=0x7efea803eed0 secure :-1 s=STATE_CONNECTION_ESTABLISHED l=1).mark_down
2024-09-19T08:05:43.938 INFO:teuthology.orchestra.run.smithi022.stdout:/usr/bin/ceph: stderr
2024-09-19T08:05:43.365+0000 7efec6a1b640 1 --2- 172.21.15.22:0/637108122 >> [v2:172.21.15.22:6800/4065414102,v1:172.21.15.22:6801/4065414102] conn(0x7efea803cae0 0x7efea803eed0 secure :-1 s=READY pgs=1 cs=0 l=1 rev1=1 crypto rx=0x7efeb4003980 tx=0x7efeb4006e10 comp rx=0 tx=0).stop
2024-09-19T08:05:43.938 INFO:teuthology.orchestra.run.smithi022.stdout:/usr/bin/ceph: stderr
2024-09-19T08:05:43.365+0000 7efec6a1b640 1 -- 172.21.15.22:0/637108122 >> [v2:172.21.15.22:3300/0,v1:172.21.15.22:6789/0] conn(0x7efec0108230 msgr2=0x7efec019b6f0 secure :-1 s=STATE_CONNECTION_ESTABLISHED l=1).mark_down
2024-09-19T08:05:43.938 INFO:teuthology.orchestra.run.smithi022.stdout:/usr/bin/ceph: stderr
2024-09-19T08:05:43.365+0000 7efec6a1b640 1 --2- 172.21.15.22:0/637108122 >> [v2:172.21.15.22:3300/0,v1:172.21.15.22:6789/0] conn(0x7efec0108230 0x7efec019b6f0 secure :-1 s=READY pgs=27 cs=0 l=1 rev1=1 crypto rx=0x7efeb00097f0 tx=0x7efeb0030ec0 comp rx=0 tx=0).stop
2024-09-19T08:05:43.938 INFO:teuthology.orchestra.run.smithi022.stdout:/usr/bin/ceph: stderr
2024-09-19T08:05:43.365+0000 7efec6a1b640 1 -- 172.21.15.22:0/637108122 shutdown_connections
2024-09-19T08:05:43.938 INFO:teuthology.orchestra.run.smithi022.stdout:/usr/bin/ceph: stderr
2024-09-19T08:05:43.365+0000 7efec6a1b640 1 --2- 172.21.15.22:0/637108122 >> [v2:172.21.15.22:6800/4065414102,v1:172.21.15.22:6801/4065414102] conn(0x7efea803cae0 0x7efea803eed0 unknown :-1 s=CLOSED pgs=1 cs=0 l=1 rev1=1 crypto rx=0 tx=0 comp rx=0 tx=0).stop
2024-09-19T08:05:43.938 INFO:teuthology.orchestra.run.smithi022.stdout:/usr/bin/ceph: stderr
2024-09-19T08:05:43.365+0000 7efec6a1b640 1 --2- 172.21.15.22:0/637108122 >> [v2:172.21.15.22:6800/2990808963,v1:172.21.15.22:6801/2990808963] conn(0x7efea80391b0 0x7efea803b670 unknown :-1 s=CLOSED pgs=0 cs=0 l=1 rev1=0 crypto rx=0 tx=0 comp rx=0 tx=0).stop
2024-09-19T08:05:43.938 INFO:teuthology.orchestra.run.smithi022.stdout:/usr/bin/ceph: stderr
2024-09-19T08:05:43.365+0000 7efec6a1b640 1 --2- 172.21.15.22:0/637108122 >> [v2:172.21.15.22:3300/0,v1:172.21.15.22:6789/0] conn(0x7efec0108230 0x7efec019b6f0 unknown :-1 s=CLOSED pgs=27 cs=0 l=1 rev1=1 crypto rx=0 tx=0 comp rx=0 tx=0).stop
2024-09-19T08:05:43.938 INFO:teuthology.orchestra.run.smithi022.stdout:/usr/bin/ceph: stderr
2024-09-19T08:05:43.365+0000 7efec6a1b640 1 -- 172.21.15.22:0/637108122 >> 172.21.15.22:0/637108122 conn(0x7efec0101db0 msgr2=0x7efec0102a00 unknown :-1 s=STATE_NONE l=0).mark_down
2024-09-19T08:05:43.938 INFO:teuthology.orchestra.run.smithi022.stdout:/usr/bin/ceph: stderr
2024-09-19T08:05:43.365+0000 7efec6a1b640 1 -- 172.21.15.22:0/637108122 shutdown_connections
2024-09-19T08:05:43.938 INFO:teuthology.orchestra.run.smithi022.stdout:/usr/bin/ceph: stderr
2024-09-19T08:05:43.365+0000 7efec6a1b640 1 -- 172.21.15.22:0/637108122 wait complete.
2024-09-19T08:05:43.938 INFO:teuthology.orchestra.run.smithi022.stdout:mgr epoch 5 is available
2024-09-19T08:05:43.939 INFO:teuthology.orchestra.run.smithi022.stdout:Setting orchestrator backend to cephadm...
2024-09-19T08:05:44.507 INFO:journalctl@ceph.mon.a.smithi022.stdout:Sep 19 08:05:44 smithi022 ceph-mon[30963]: from='client.14122 -' entity='client.admin' cmd=[{"prefix": "get_command_descriptions"}]: dispatch
2024-09-19T08:05:44.507 INFO:journalctl@ceph.mon.a.smithi022.stdout:Sep 19 08:05:44 smithi022 ceph-mon[30963]: from='client.14122 -' entity='client.admin' cmd=[{"prefix": "mgr_status"}]: dispatch
2024-09-19T08:05:44.507 INFO:journalctl@ceph.mon.a.smithi022.stdout:Sep 19 08:05:44 smithi022 ceph-mon[30963]: from='mgr.14118 172.21.15.22:0/318949662' entity='mgr.x'
2024-09-19T08:05:44.507 INFO:journalctl@ceph.mon.a.smithi022.stdout:Sep 19 08:05:44 smithi022 ceph-mon[30963]: from='mgr.14118 172.21.15.22:0/318949662' entity='mgr.x'
2024-09-19T08:05:44.845 INFO:journalctl@ceph.mgr.x.smithi022.stdout:Sep 19 08:05:44 smithi022 ceph-c0ad60c6-765d-11ef-bceb-c7b262605968-mgr-x[31189]:
2024-09-19T08:05:44.645+0000 7f6423776640 -1 log_channel(cephadm) log [ERR] : [19/Sep/2024:08:05:44] ENGINE Error in HTTPServer.serve
2024-09-19T08:05:44.846 INFO:journalctl@ceph.mgr.x.smithi022.stdout:Sep 19 08:05:44 smithi022 ceph-c0ad60c6-765d-11ef-bceb-c7b262605968-mgr-x[31189]: Traceback (most recent call last):
2024-09-19T08:05:44.846 INFO:journalctl@ceph.mgr.x.smithi022.stdout:Sep 19 08:05:44 smithi022 ceph-c0ad60c6-765d-11ef-bceb-c7b262605968-mgr-x[31189]: File "/lib/python3.9/site-packages/cheroot/server.py", line 1823, in serve
2024-09-19T08:05:44.846 INFO:journalctl@ceph.mgr.x.smithi022.stdout:Sep 19 08:05:44 smithi022 ceph-c0ad60c6-765d-11ef-bceb-c7b262605968-mgr-x[31189]: self._connections.run(self.expiration_interval)
2024-09-19T08:05:44.846 INFO:journalctl@ceph.mgr.x.smithi022.stdout:Sep 19 08:05:44 smithi022 ceph-c0ad60c6-765d-11ef-bceb-c7b262605968-mgr-x[31189]: File "/lib/python3.9/site-packages/cheroot/connections.py", line 203, in run
2024-09-19T08:05:44.846 INFO:journalctl@ceph.mgr.x.smithi022.stdout:Sep 19 08:05:44 smithi022 ceph-c0ad60c6-765d-11ef-bceb-c7b262605968-mgr-x[31189]: self._run(expiration_interval)
2024-09-19T08:05:44.846 INFO:journalctl@ceph.mgr.x.smithi022.stdout:Sep 19 08:05:44 smithi022 ceph-c0ad60c6-765d-11ef-bceb-c7b262605968-mgr-x[31189]: File "/lib/python3.9/site-packages/cheroot/connections.py", line 246, in _run
2024-09-19T08:05:44.846 INFO:journalctl@ceph.mgr.x.smithi022.stdout:Sep 19 08:05:44 smithi022 ceph-c0ad60c6-765d-11ef-bceb-c7b262605968-mgr-x[31189]: new_conn = self._from_server_socket(self.server.socket)
2024-09-19T08:05:44.846 INFO:journalctl@ceph.mgr.x.smithi022.stdout:Sep 19 08:05:44 smithi022 ceph-c0ad60c6-765d-11ef-bceb-c7b262605968-mgr-x[31189]: File "/lib/python3.9/site-packages/cheroot/connections.py", line 300, in _from_server_socket
2024-09-19T08:05:44.846 INFO:journalctl@ceph.mgr.x.smithi022.stdout:Sep 19 08:05:44 smithi022 ceph-c0ad60c6-765d-11ef-bceb-c7b262605968-mgr-x[31189]: s, ssl_env = self.server.ssl_adapter.wrap(s)
2024-09-19T08:05:44.846 INFO:journalctl@ceph.mgr.x.smithi022.stdout:Sep 19 08:05:44 smithi022 ceph-c0ad60c6-765d-11ef-bceb-c7b262605968-mgr-x[31189]: File "/lib/python3.9/site-packages/cheroot/ssl/builtin.py", line 277, in wrap
2024-09-19T08:05:44.846 INFO:journalctl@ceph.mgr.x.smithi022.stdout:Sep 19 08:05:44 smithi022 ceph-c0ad60c6-765d-11ef-bceb-c7b262605968-mgr-x[31189]: s = self.context.wrap_socket(
2024-09-19T08:05:44.847 INFO:journalctl@ceph.mgr.x.smithi022.stdout:Sep 19 08:05:44 smithi022 ceph-c0ad60c6-765d-11ef-bceb-c7b262605968-mgr-x[31189]: File "/lib64/python3.9/ssl.py", line 501, in wrap_socket
2024-09-19T08:05:44.847 INFO:journalctl@ceph.mgr.x.smithi022.stdout:Sep 19 08:05:44 smithi022 ceph-c0ad60c6-765d-11ef-bceb-c7b262605968-mgr-x[31189]: return self.sslsocket_class._create(
2024-09-19T08:05:44.847 INFO:journalctl@ceph.mgr.x.smithi022.stdout:Sep 19 08:05:44 smithi022 ceph-c0ad60c6-765d-11ef-bceb-c7b262605968-mgr-x[31189]: File "/lib64/python3.9/ssl.py", line 1074, in _create
2024-09-19T08:05:44.847 INFO:journalctl@ceph.mgr.x.smithi022.stdout:Sep 19 08:05:44 smithi022 ceph-c0ad60c6-765d-11ef-bceb-c7b262605968-mgr-x[31189]: self.do_handshake()
2024-09-19T08:05:44.847 INFO:journalctl@ceph.mgr.x.smithi022.stdout:Sep 19 08:05:44 smithi022 ceph-c0ad60c6-765d-11ef-bceb-c7b262605968-mgr-x[31189]: File "/lib64/python3.9/ssl.py", line 1343, in do_handshake
2024-09-19T08:05:44.847 INFO:journalctl@ceph.mgr.x.smithi022.stdout:Sep 19 08:05:44 smithi022 ceph-c0ad60c6-765d-11ef-bceb-c7b262605968-mgr-x[31189]: self._sslobj.do_handshake()
2024-09-19T08:05:44.847 INFO:journalctl@ceph.mgr.x.smithi022.stdout:Sep 19 08:05:44 smithi022 ceph-c0ad60c6-765d-11ef-bceb-c7b262605968-mgr-x[31189]: ssl.SSLZeroReturnError: TLS/SSL connection has been closed (EOF) (_ssl.c:1133)
2024-09-19T08:05:44.847 INFO:journalctl@ceph.mgr.x.smithi022.stdout:Sep 19 08:05:44 smithi022 ceph-c0ad60c6-765d-11ef-bceb-c7b262605968-mgr-x[31189]:
2024-09-19T08:05:45.112 INFO:teuthology.orchestra.run.smithi022.stdout:/usr/bin/ceph: stderr
2024-09-19T08:05:44.330+0000 7f3f87032640 1 Processor -- start
2024-09-19T08:05:45.113 INFO:teuthology.orchestra.run.smithi022.stdout:/usr/bin/ceph: stderr
2024-09-19T08:05:44.330+0000 7f3f87032640 1 -- start start
2024-09-19T08:05:45.113 INFO:teuthology.orchestra.run.smithi022.stdout:/usr/bin/ceph: stderr
2024-09-19T08:05:44.330+0000 7f3f87032640 1 --2- >> [v2:172.21.15.22:3300/0,v1:172.21.15.22:6789/0] conn(0x7f3f80108160 0x7f3f8010a550 unknown :-1 s=NONE pgs=0 cs=0 l=0 rev1=0 crypto rx=0 tx=0 comp rx=0 tx=0).connect
2024-09-19T08:05:45.113 INFO:teuthology.orchestra.run.smithi022.stdout:/usr/bin/ceph: stderr
2024-09-19T08:05:44.330+0000 7f3f87032640 1 -- --> [v2:172.21.15.22:3300/0,v1:172.21.15.22:6789/0] -- mon_getmap magic: 0 -- 0x7f3f8007beb0 con 0x7f3f80108160
2024-09-19T08:05:45.113 INFO:teuthology.orchestra.run.smithi022.stdout:/usr/bin/ceph: stderr
2024-09-19T08:05:44.330+0000 7f3f84dce640 1 --2- >> [v2:172.21.15.22:3300/0,v1:172.21.15.22:6789/0] conn(0x7f3f80108160 0x7f3f8010a550 unknown :-1 s=BANNER_CONNECTING pgs=0 cs=0 l=0 rev1=0 crypto rx=0 tx=0 comp rx=0 tx=0)._handle_peer_banner_payload supported=3 required=0
2024-09-19T08:05:45.113 INFO:teuthology.orchestra.run.smithi022.stdout:/usr/bin/ceph: stderr
2024-09-19T08:05:44.330+0000 7f3f84dce640 1 --2- >> [v2:172.21.15.22:3300/0,v1:172.21.15.22:6789/0] conn(0x7f3f80108160 0x7f3f8010a550 unknown :-1 s=HELLO_CONNECTING pgs=0 cs=0 l=0 rev1=1 crypto rx=0 tx=0 comp rx=0 tx=0).handle_hello peer v2:172.21.15.22:3300/0 says I am v2:172.21.15.22:57458/0 (socket says 172.21.15.22:57458)
2024-09-19T08:05:45.113 INFO:teuthology.orchestra.run.smithi022.stdout:/usr/bin/ceph: stderr
2024-09-19T08:05:44.330+0000 7f3f84dce640 1 -- 172.21.15.22:0/3010981595 learned_addr learned my addr 172.21.15.22:0/3010981595 (peer_addr_for_me v2:172.21.15.22:0/0)
2024-09-19T08:05:45.113 INFO:teuthology.orchestra.run.smithi022.stdout:/usr/bin/ceph: stderr
2024-09-19T08:05:44.330+0000 7f3f84dce640 1 -- 172.21.15.22:0/3010981595 --> [v2:172.21.15.22:3300/0,v1:172.21.15.22:6789/0] -- mon_subscribe({config=0+,monmap=0+}) -- 0x7f3f8010aa90 con 0x7f3f80108160
2024-09-19T08:05:45.113 INFO:teuthology.orchestra.run.smithi022.stdout:/usr/bin/ceph: stderr
2024-09-19T08:05:44.331+0000 7f3f84dce640 1 --2- 172.21.15.22:0/3010981595 >> [v2:172.21.15.22:3300/0,v1:172.21.15.22:6789/0] conn(0x7f3f80108160 0x7f3f8010a550 secure :-1 s=READY pgs=35 cs=0 l=1 rev1=1 crypto rx=0x7f3f74009820 tx=0x7f3f7402a270 comp rx=0 tx=0).ready entity=mon.0 client_cookie=645dc8370091b418 server_cookie=0 in_seq=0 out_seq=0
2024-09-19T08:05:45.113 INFO:teuthology.orchestra.run.smithi022.stdout:/usr/bin/ceph: stderr
2024-09-19T08:05:44.331+0000 7f3f7f7fe640 1 -- 172.21.15.22:0/3010981595 <== mon.0 v2:172.21.15.22:3300/0 1 ==== mon_map magic: 0 ==== 205+0+0 (secure 0 0 0) 0x7f3f74037070 con 0x7f3f80108160
2024-09-19T08:05:45.113 INFO:teuthology.orchestra.run.smithi022.stdout:/usr/bin/ceph: stderr
2024-09-19T08:05:44.331+0000 7f3f7f7fe640 1 -- 172.21.15.22:0/3010981595 <== mon.0 v2:172.21.15.22:3300/0 2 ==== config(27 keys) ==== 1109+0+0 (secure 0 0 0) 0x7f3f74032900 con 0x7f3f80108160
2024-09-19T08:05:45.113 INFO:teuthology.orchestra.run.smithi022.stdout:/usr/bin/ceph: stderr
2024-09-19T08:05:44.331+0000 7f3f7f7fe640 1 -- 172.21.15.22:0/3010981595 <== mon.0 v2:172.21.15.22:3300/0 3 ==== mon_map magic: 0 ==== 205+0+0 (secure 0 0 0) 0x7f3f74030850 con 0x7f3f80108160
2024-09-19T08:05:45.114 INFO:teuthology.orchestra.run.smithi022.stdout:/usr/bin/ceph: stderr
2024-09-19T08:05:44.332+0000 7f3f87032640 1 -- 172.21.15.22:0/3010981595 >> [v2:172.21.15.22:3300/0,v1:172.21.15.22:6789/0] conn(0x7f3f80108160 msgr2=0x7f3f8010a550 secure :-1 s=STATE_CONNECTION_ESTABLISHED l=1).mark_down
2024-09-19T08:05:45.114 INFO:teuthology.orchestra.run.smithi022.stdout:/usr/bin/ceph: stderr
2024-09-19T08:05:44.332+0000 7f3f87032640 1 --2- 172.21.15.22:0/3010981595 >> [v2:172.21.15.22:3300/0,v1:172.21.15.22:6789/0] conn(0x7f3f80108160 0x7f3f8010a550 secure :-1 s=READY pgs=35 cs=0 l=1 rev1=1 crypto rx=0x7f3f74009820 tx=0x7f3f7402a270 comp rx=0 tx=0).stop
2024-09-19T08:05:45.114 INFO:teuthology.orchestra.run.smithi022.stdout:/usr/bin/ceph: stderr
2024-09-19T08:05:44.332+0000 7f3f87032640 1 -- 172.21.15.22:0/3010981595 shutdown_connections
2024-09-19T08:05:45.114 INFO:teuthology.orchestra.run.smithi022.stdout:/usr/bin/ceph: stderr
2024-09-19T08:05:44.332+0000 7f3f87032640 1 --2- 172.21.15.22:0/3010981595 >> [v2:172.21.15.22:3300/0,v1:172.21.15.22:6789/0] conn(0x7f3f80108160 0x7f3f8010a550 unknown :-1 s=CLOSED pgs=35 cs=0 l=1 rev1=1 crypto rx=0 tx=0 comp rx=0 tx=0).stop
2024-09-19T08:05:45.114 INFO:teuthology.orchestra.run.smithi022.stdout:/usr/bin/ceph: stderr
2024-09-19T08:05:44.332+0000 7f3f87032640 1 -- 172.21.15.22:0/3010981595 >> 172.21.15.22:0/3010981595 conn(0x7f3f80101e20 msgr2=0x7f3f80104240 unknown :-1 s=STATE_NONE l=0).mark_down
2024-09-19T08:05:45.114 INFO:teuthology.orchestra.run.smithi022.stdout:/usr/bin/ceph: stderr
2024-09-19T08:05:44.332+0000 7f3f87032640 1 -- 172.21.15.22:0/3010981595 shutdown_connections
2024-09-19T08:05:45.114 INFO:teuthology.orchestra.run.smithi022.stdout:/usr/bin/ceph: stderr
2024-09-19T08:05:44.332+0000 7f3f87032640 1 -- 172.21.15.22:0/3010981595 wait complete.
2024-09-19T08:05:45.114 INFO:teuthology.orchestra.run.smithi022.stdout:/usr/bin/ceph: stderr
2024-09-19T08:05:44.333+0000 7f3f87032640 1 Processor -- start
2024-09-19T08:05:45.114 INFO:teuthology.orchestra.run.smithi022.stdout:/usr/bin/ceph: stderr
2024-09-19T08:05:44.333+0000 7f3f87032640 1 -- start start
2024-09-19T08:05:45.114 INFO:teuthology.orchestra.run.smithi022.stdout:/usr/bin/ceph: stderr
2024-09-19T08:05:44.333+0000 7f3f87032640 1 --2- >> [v2:172.21.15.22:3300/0,v1:172.21.15.22:6789/0] conn(0x7f3f80108160 0x7f3f8019b6e0 unknown :-1 s=NONE pgs=0 cs=0 l=1 rev1=0 crypto rx=0 tx=0 comp rx=0 tx=0).connect
2024-09-19T08:05:45.114 INFO:teuthology.orchestra.run.smithi022.stdout:/usr/bin/ceph: stderr
2024-09-19T08:05:44.333+0000 7f3f87032640 1 -- --> [v2:172.21.15.22:3300/0,v1:172.21.15.22:6789/0] -- mon_getmap magic: 0 -- 0x7f3f8010bb30 con 0x7f3f80108160
2024-09-19T08:05:45.114 INFO:teuthology.orchestra.run.smithi022.stdout:/usr/bin/ceph: stderr
2024-09-19T08:05:44.333+0000 7f3f84dce640 1 --2- >> [v2:172.21.15.22:3300/0,v1:172.21.15.22:6789/0] conn(0x7f3f80108160 0x7f3f8019b6e0 unknown :-1 s=BANNER_CONNECTING pgs=0 cs=0 l=1 rev1=0 crypto rx=0 tx=0 comp rx=0 tx=0)._handle_peer_banner_payload supported=3 required=0
2024-09-19T08:05:45.114 INFO:teuthology.orchestra.run.smithi022.stdout:/usr/bin/ceph: stderr
2024-09-19T08:05:44.333+0000 7f3f84dce640 1 --2- >> [v2:172.21.15.22:3300/0,v1:172.21.15.22:6789/0] conn(0x7f3f80108160 0x7f3f8019b6e0 unknown :-1 s=HELLO_CONNECTING pgs=0 cs=0 l=1 rev1=1 crypto rx=0 tx=0 comp rx=0 tx=0).handle_hello peer v2:172.21.15.22:3300/0 says I am v2:172.21.15.22:57470/0 (socket says 172.21.15.22:57470)
2024-09-19T08:05:45.115 INFO:teuthology.orchestra.run.smithi022.stdout:/usr/bin/ceph: stderr
2024-09-19T08:05:44.333+0000 7f3f84dce640 1 -- 172.21.15.22:0/1936238922 learned_addr learned my addr 172.21.15.22:0/1936238922 (peer_addr_for_me v2:172.21.15.22:0/0)
2024-09-19T08:05:45.115 INFO:teuthology.orchestra.run.smithi022.stdout:/usr/bin/ceph: stderr
2024-09-19T08:05:44.333+0000 7f3f84dce640 1 -- 172.21.15.22:0/1936238922 --> [v2:172.21.15.22:3300/0,v1:172.21.15.22:6789/0] -- mon_subscribe({config=0+,monmap=0+}) -- 0x7f3f8019bc20 con 0x7f3f80108160
2024-09-19T08:05:45.115 INFO:teuthology.orchestra.run.smithi022.stdout:/usr/bin/ceph: stderr
2024-09-19T08:05:44.333+0000 7f3f84dce640 1 --2- 172.21.15.22:0/1936238922 >> [v2:172.21.15.22:3300/0,v1:172.21.15.22:6789/0] conn(0x7f3f80108160 0x7f3f8019b6e0 secure :-1 s=READY pgs=36 cs=0 l=1 rev1=1 crypto rx=0x7f3f74031000 tx=0x7f3f740326e0 comp rx=0 tx=0).ready entity=mon.0 client_cookie=0 server_cookie=0 in_seq=0 out_seq=0
2024-09-19T08:05:45.115 INFO:teuthology.orchestra.run.smithi022.stdout:/usr/bin/ceph: stderr
2024-09-19T08:05:44.334+0000 7f3f7dffb640 1 -- 172.21.15.22:0/1936238922 <== mon.0 v2:172.21.15.22:3300/0 1 ==== mon_map magic: 0 ==== 205+0+0 (secure 0 0 0) 0x7f3f74042070 con 0x7f3f80108160
2024-09-19T08:05:45.115 INFO:teuthology.orchestra.run.smithi022.stdout:/usr/bin/ceph: stderr
2024-09-19T08:05:44.334+0000 7f3f7dffb640 1 -- 172.21.15.22:0/1936238922 <== mon.0 v2:172.21.15.22:3300/0 2 ==== config(27 keys) ==== 1109+0+0 (secure 0 0 0) 0x7f3f74032be0 con 0x7f3f80108160
2024-09-19T08:05:45.115 INFO:teuthology.orchestra.run.smithi022.stdout:/usr/bin/ceph: stderr
2024-09-19T08:05:44.334+0000 7f3f7dffb640 1 -- 172.21.15.22:0/1936238922 <== mon.0 v2:172.21.15.22:3300/0 3 ==== mon_map magic: 0 ==== 205+0+0 (secure 0 0 0) 0x7f3f74037040 con 0x7f3f80108160
2024-09-19T08:05:45.115 INFO:teuthology.orchestra.run.smithi022.stdout:/usr/bin/ceph: stderr
2024-09-19T08:05:44.334+0000 7f3f87032640 1 -- 172.21.15.22:0/1936238922 --> [v2:172.21.15.22:3300/0,v1:172.21.15.22:6789/0] -- mon_subscribe({mgrmap=0+}) -- 0x7f3f8019beb0 con 0x7f3f80108160
2024-09-19T08:05:45.115 INFO:teuthology.orchestra.run.smithi022.stdout:/usr/bin/ceph: stderr
2024-09-19T08:05:44.334+0000 7f3f87032640 1 -- 172.21.15.22:0/1936238922 --> [v2:172.21.15.22:3300/0,v1:172.21.15.22:6789/0] -- mon_subscribe({osdmap=0}) -- 0x7f3f8019eba0 con 0x7f3f80108160
2024-09-19T08:05:45.115 INFO:teuthology.orchestra.run.smithi022.stdout:/usr/bin/ceph: stderr
2024-09-19T08:05:44.335+0000 7f3f7dffb640 1 -- 172.21.15.22:0/1936238922 <== mon.0 v2:172.21.15.22:3300/0 4 ==== mgrmap(e 7) ==== 46355+0+0 (secure 0 0 0) 0x7f3f74045070 con 0x7f3f80108160
2024-09-19T08:05:45.115 INFO:teuthology.orchestra.run.smithi022.stdout:/usr/bin/ceph: stderr
2024-09-19T08:05:44.335+0000 7f3f87032640 1 -- 172.21.15.22:0/1936238922 --> [v2:172.21.15.22:3300/0,v1:172.21.15.22:6789/0] -- mon_command({"prefix": "get_command_descriptions"} v 0) -- 0x7f3f801085c0 con 0x7f3f80108160
2024-09-19T08:05:45.115 INFO:teuthology.orchestra.run.smithi022.stdout:/usr/bin/ceph: stderr
2024-09-19T08:05:44.335+0000 7f3f7dffb640 1 --2- 172.21.15.22:0/1936238922 >> [v2:172.21.15.22:6800/4065414102,v1:172.21.15.22:6801/4065414102] conn(0x7f3f700390f0 0x7f3f7003b5b0 unknown :-1 s=NONE pgs=0 cs=0 l=1 rev1=0 crypto rx=0 tx=0 comp rx=0 tx=0).connect
2024-09-19T08:05:45.115 INFO:teuthology.orchestra.run.smithi022.stdout:/usr/bin/ceph: stderr
2024-09-19T08:05:44.335+0000 7f3f7dffb640 1 -- 172.21.15.22:0/1936238922 <== mon.0 v2:172.21.15.22:3300/0 5 ==== osd_map(2..2 src has 1..2) ==== 940+0+0 (secure 0 0 0) 0x7f3f7406c060 con 0x7f3f80108160
2024-09-19T08:05:45.115 INFO:teuthology.orchestra.run.smithi022.stdout:/usr/bin/ceph: stderr
2024-09-19T08:05:44.335+0000 7f3f7ffff640 1 --2- 172.21.15.22:0/1936238922 >> [v2:172.21.15.22:6800/4065414102,v1:172.21.15.22:6801/4065414102] conn(0x7f3f700390f0 0x7f3f7003b5b0 unknown :-1 s=BANNER_CONNECTING pgs=0 cs=0 l=1 rev1=0 crypto rx=0 tx=0 comp rx=0 tx=0)._handle_peer_banner_payload supported=3 required=0
2024-09-19T08:05:45.116 INFO:teuthology.orchestra.run.smithi022.stdout:/usr/bin/ceph: stderr
2024-09-19T08:05:44.336+0000 7f3f7ffff640 1 --2- 172.21.15.22:0/1936238922 >> [v2:172.21.15.22:6800/4065414102,v1:172.21.15.22:6801/4065414102] conn(0x7f3f700390f0 0x7f3f7003b5b0 secure :-1 s=READY pgs=7 cs=0 l=1 rev1=1 crypto rx=0x7f3f6c0098c0 tx=0x7f3f6c006db0 comp rx=0 tx=0).ready entity=mgr.14118 client_cookie=0 server_cookie=0 in_seq=0 out_seq=0
2024-09-19T08:05:45.116 INFO:teuthology.orchestra.run.smithi022.stdout:/usr/bin/ceph: stderr
2024-09-19T08:05:44.340+0000 7f3f7dffb640 1 -- 172.21.15.22:0/1936238922 <== mon.0 v2:172.21.15.22:3300/0 6 ==== mon_command_ack([{"prefix": "get_command_descriptions"}]=0 v0) ==== 72+0+188913 (secure 0 0 0) 0x7f3f74032d90 con 0x7f3f80108160
2024-09-19T08:05:45.116 INFO:teuthology.orchestra.run.smithi022.stdout:/usr/bin/ceph: stderr
2024-09-19T08:05:44.466+0000 7f3f7dffb640 1 -- 172.21.15.22:0/1936238922 <== mon.0 v2:172.21.15.22:3300/0 7 ==== mgrmap(e 8) ==== 46461+0+0 (secure 0 0 0) 0x7f3f74039d70 con 0x7f3f80108160
2024-09-19T08:05:45.116 INFO:teuthology.orchestra.run.smithi022.stdout:/usr/bin/ceph: stderr
2024-09-19T08:05:44.535+0000 7f3f87032640 1 -- 172.21.15.22:0/1936238922 --> [v2:172.21.15.22:6800/4065414102,v1:172.21.15.22:6801/4065414102] -- mgr_command(tid 0: {"prefix": "orch set backend", "module_name": "cephadm", "target": ["mon-mgr", ""]}) -- 0x7f3f801030f0 con 0x7f3f700390f0
2024-09-19T08:05:45.116 INFO:teuthology.orchestra.run.smithi022.stdout:/usr/bin/ceph: stderr
2024-09-19T08:05:44.539+0000 7f3f7dffb640 1 -- 172.21.15.22:0/1936238922 <== mgr.14118 v2:172.21.15.22:6800/4065414102 1 ==== mgr_command_reply(tid 0: 0 ) ==== 8+0+0 (secure 0 0 0) 0x7f3f801030f0 con 0x7f3f700390f0
2024-09-19T08:05:45.116 INFO:teuthology.orchestra.run.smithi022.stdout:/usr/bin/ceph: stderr
2024-09-19T08:05:44.542+0000 7f3f87032640 1 -- 172.21.15.22:0/1936238922 >> [v2:172.21.15.22:6800/4065414102,v1:172.21.15.22:6801/4065414102] conn(0x7f3f700390f0 msgr2=0x7f3f7003b5b0 secure :-1 s=STATE_CONNECTION_ESTABLISHED l=1).mark_down
2024-09-19T08:05:45.116 INFO:teuthology.orchestra.run.smithi022.stdout:/usr/bin/ceph: stderr
2024-09-19T08:05:44.542+0000 7f3f87032640 1 --2- 172.21.15.22:0/1936238922 >> [v2:172.21.15.22:6800/4065414102,v1:172.21.15.22:6801/4065414102] conn(0x7f3f700390f0 0x7f3f7003b5b0 secure :-1 s=READY pgs=7 cs=0 l=1 rev1=1 crypto rx=0x7f3f6c0098c0 tx=0x7f3f6c006db0 comp rx=0 tx=0).stop
2024-09-19T08:05:45.116 INFO:teuthology.orchestra.run.smithi022.stdout:/usr/bin/ceph: stderr
2024-09-19T08:05:44.542+0000 7f3f87032640 1 -- 172.21.15.22:0/1936238922 >> [v2:172.21.15.22:3300/0,v1:172.21.15.22:6789/0] conn(0x7f3f80108160 msgr2=0x7f3f8019b6e0 secure :-1 s=STATE_CONNECTION_ESTABLISHED l=1).mark_down
2024-09-19T08:05:45.116 INFO:teuthology.orchestra.run.smithi022.stdout:/usr/bin/ceph: stderr
2024-09-19T08:05:44.542+0000 7f3f87032640 1 --2- 172.21.15.22:0/1936238922 >> [v2:172.21.15.22:3300/0,v1:172.21.15.22:6789/0] conn(0x7f3f80108160 0x7f3f8019b6e0 secure :-1 s=READY pgs=36 cs=0 l=1 rev1=1 crypto rx=0x7f3f74031000 tx=0x7f3f740326e0 comp rx=0 tx=0).stop
2024-09-19T08:05:45.116 INFO:teuthology.orchestra.run.smithi022.stdout:/usr/bin/ceph: stderr
2024-09-19T08:05:44.542+0000 7f3f87032640 1 -- 172.21.15.22:0/1936238922 shutdown_connections
2024-09-19T08:05:45.116 INFO:teuthology.orchestra.run.smithi022.stdout:/usr/bin/ceph: stderr
2024-09-19T08:05:44.542+0000 7f3f87032640 1 --2- 172.21.15.22:0/1936238922 >> [v2:172.21.15.22:6800/4065414102,v1:172.21.15.22:6801/4065414102] conn(0x7f3f700390f0 0x7f3f7003b5b0 unknown :-1 s=CLOSED pgs=7 cs=0 l=1 rev1=1 crypto rx=0 tx=0 comp rx=0 tx=0).stop
2024-09-19T08:05:45.117 INFO:teuthology.orchestra.run.smithi022.stdout:/usr/bin/ceph: stderr
2024-09-19T08:05:44.542+0000 7f3f87032640 1 --2- 172.21.15.22:0/1936238922 >> [v2:172.21.15.22:3300/0,v1:172.21.15.22:6789/0] conn(0x7f3f80108160 0x7f3f8019b6e0 unknown :-1 s=CLOSED pgs=36 cs=0 l=1 rev1=1 crypto rx=0 tx=0 comp rx=0 tx=0).stop
2024-09-19T08:05:45.117 INFO:teuthology.orchestra.run.smithi022.stdout:/usr/bin/ceph: stderr
2024-09-19T08:05:44.542+0000 7f3f87032640 1 -- 172.21.15.22:0/1936238922 >> 172.21.15.22:0/1936238922 conn(0x7f3f80101e20 msgr2=0x7f3f801029e0 unknown :-1 s=STATE_NONE l=0).mark_down
2024-09-19T08:05:45.117 INFO:teuthology.orchestra.run.smithi022.stdout:/usr/bin/ceph: stderr
2024-09-19T08:05:44.542+0000 7f3f87032640 1 -- 172.21.15.22:0/1936238922 shutdown_connections
2024-09-19T08:05:45.117 INFO:teuthology.orchestra.run.smithi022.stdout:/usr/bin/ceph: stderr
2024-09-19T08:05:44.543+0000 7f3f87032640 1 -- 172.21.15.22:0/1936238922 wait complete.
2024-09-19T08:05:45.690 INFO:journalctl@ceph.mon.a.smithi022.stdout:Sep 19 08:05:45 smithi022 ceph-mon[30963]: mgrmap e8: x(active, since 2s)
2024-09-19T08:05:45.690 INFO:journalctl@ceph.mon.a.smithi022.stdout:Sep 19 08:05:45 smithi022 ceph-mon[30963]: [19/Sep/2024:08:05:44] ENGINE Bus STARTING
2024-09-19T08:05:45.690 INFO:journalctl@ceph.mon.a.smithi022.stdout:Sep 19 08:05:45 smithi022 ceph-mon[30963]: from='client.14130 -' entity='client.admin' cmd=[{"prefix": "orch set backend", "module_name": "cephadm", "target": ["mon-mgr", ""]}]: dispatch
2024-09-19T08:05:45.690 INFO:journalctl@ceph.mon.a.smithi022.stdout:Sep 19 08:05:45 smithi022 ceph-mon[30963]: from='mgr.14118 172.21.15.22:0/318949662' entity='mgr.x'
2024-09-19T08:05:45.690 INFO:journalctl@ceph.mon.a.smithi022.stdout:Sep 19 08:05:45 smithi022 ceph-mon[30963]: from='mgr.14118 172.21.15.22:0/318949662' entity='mgr.x' cmd=[{"prefix": "config dump", "format": "json"}]: dispatch
2024-09-19T08:05:45.690 INFO:journalctl@ceph.mon.a.smithi022.stdout:Sep 19 08:05:45 smithi022 ceph-mon[30963]: [19/Sep/2024:08:05:44] ENGINE Serving on https://172.21.15.22:7150
2024-09-19T08:05:45.690 INFO:journalctl@ceph.mon.a.smithi022.stdout:Sep 19 08:05:45 smithi022 ceph-mon[30963]: [19/Sep/2024:08:05:44] ENGINE Error in HTTPServer.serve
2024-09-19T08:05:45.690 INFO:journalctl@ceph.mon.a.smithi022.stdout: Traceback (most recent call last):
2024-09-19T08:05:45.690 INFO:journalctl@ceph.mon.a.smithi022.stdout: File "/lib/python3.9/site-packages/cheroot/server.py", line 1823, in serve
2024-09-19T08:05:45.690 INFO:journalctl@ceph.mon.a.smithi022.stdout: self._connections.run(self.expiration_interval)
2024-09-19T08:05:45.690 INFO:journalctl@ceph.mon.a.smithi022.stdout: File "/lib/python3.9/site-packages/cheroot/connections.py", line 203, in run
2024-09-19T08:05:45.691 INFO:journalctl@ceph.mon.a.smithi022.stdout: self._run(expiration_interval)
2024-09-19T08:05:45.691 INFO:journalctl@ceph.mon.a.smithi022.stdout: File "/lib/python3.9/site-packages/cheroot/connections.py", line 246, in _run
2024-09-19T08:05:45.691 INFO:journalctl@ceph.mon.a.smithi022.stdout: new_conn = self._from_server_socket(self.server.socket)
2024-09-19T08:05:45.691 INFO:journalctl@ceph.mon.a.smithi022.stdout: File "/lib/python3.9/site-packages/cheroot/connections.py", line 300, in _from_server_socket
2024-09-19T08:05:45.691 INFO:journalctl@ceph.mon.a.smithi022.stdout: s, ssl_env = self.server.ssl_adapter.wrap(s)
2024-09-19T08:05:45.691 INFO:journalctl@ceph.mon.a.smithi022.stdout: File "/lib/python3.9/site-packages/cheroot/ssl/builtin.py", line 277, in wrap
2024-09-19T08:05:45.691 INFO:journalctl@ceph.mon.a.smithi022.stdout: s = self.context.wrap_socket(
2024-09-19T08:05:45.691 INFO:journalctl@ceph.mon.a.smithi022.stdout: File "/lib64/python3.9/ssl.py", line 501, in wrap_socket
2024-09-19T08:05:45.691 INFO:journalctl@ceph.mon.a.smithi022.stdout: return self.sslsocket_class._create(
2024-09-19T08:05:45.691 INFO:journalctl@ceph.mon.a.smithi022.stdout: File "/lib64/python3.9/ssl.py", line 1074, in _create
2024-09-19T08:05:45.691 INFO:journalctl@ceph.mon.a.smithi022.stdout: self.do_handshake()
2024-09-19T08:05:45.691 INFO:journalctl@ceph.mon.a.smithi022.stdout: File "/lib64/python3.9/ssl.py", line 1343, in do_handshake
2024-09-19T08:05:45.691 INFO:journalctl@ceph.mon.a.smithi022.stdout: self._sslobj.do_handshake()
2024-09-19T08:05:45.691 INFO:journalctl@ceph.mon.a.smithi022.stdout: ssl.SSLZeroReturnError: TLS/SSL connection has been closed (EOF) (_ssl.c:1133)
2024-09-19T08:05:45.692 INFO:journalctl@ceph.mon.a.smithi022.stdout:Sep 19 08:05:45 smithi022 ceph-mon[30963]: [19/Sep/2024:08:05:44] ENGINE Serving on http://172.21.15.22:8765
2024-09-19T08:05:45.692 INFO:journalctl@ceph.mon.a.smithi022.stdout:Sep 19 08:05:45 smithi022 ceph-mon[30963]: [19/Sep/2024:08:05:44] ENGINE Bus STARTED
2024-09-19T08:05:45.692 INFO:journalctl@ceph.mon.a.smithi022.stdout:Sep 19 08:05:45 smithi022 ceph-mon[30963]: from='mgr.14118 172.21.15.22:0/318949662' entity='mgr.x' cmd=[{"prefix": "config dump", "format": "json"}]: dispatch
2024-09-19T08:05:46.276 INFO:teuthology.orchestra.run.smithi022.stdout:/usr/bin/ceph: stdout value unchanged
2024-09-19T08:05:46.277 INFO:teuthology.orchestra.run.smithi022.stdout:/usr/bin/ceph: stderr
2024-09-19T08:05:45.500+0000 7f5a967da640 1 Processor -- start
2024-09-19T08:05:46.277 INFO:teuthology.orchestra.run.smithi022.stdout:/usr/bin/ceph: stderr
2024-09-19T08:05:45.500+0000 7f5a967da640 1 -- start start
2024-09-19T08:05:46.277 INFO:teuthology.orchestra.run.smithi022.stdout:/usr/bin/ceph: stderr
2024-09-19T08:05:45.500+0000 7f5a967da640 1 --2- >> [v2:172.21.15.22:3300/0,v1:172.21.15.22:6789/0] conn(0x7f5a901081e0 0x7f5a9010a5d0 unknown :-1 s=NONE pgs=0 cs=0 l=0 rev1=0 crypto rx=0 tx=0 comp rx=0 tx=0).connect
2024-09-19T08:05:46.277 INFO:teuthology.orchestra.run.smithi022.stdout:/usr/bin/ceph: stderr
2024-09-19T08:05:45.500+0000 7f5a967da640 1 -- --> [v2:172.21.15.22:3300/0,v1:172.21.15.22:6789/0] -- mon_getmap magic: 0 -- 0x7f5a9007be50 con 0x7f5a901081e0
2024-09-19T08:05:46.277 INFO:teuthology.orchestra.run.smithi022.stdout:/usr/bin/ceph: stderr
2024-09-19T08:05:45.500+0000 7f5a8ffff640 1 --2- >> [v2:172.21.15.22:3300/0,v1:172.21.15.22:6789/0] conn(0x7f5a901081e0 0x7f5a9010a5d0 unknown :-1 s=BANNER_CONNECTING pgs=0 cs=0 l=0 rev1=0 crypto rx=0 tx=0 comp rx=0 tx=0)._handle_peer_banner_payload supported=3 required=0
2024-09-19T08:05:46.277 INFO:teuthology.orchestra.run.smithi022.stdout:/usr/bin/ceph: stderr
2024-09-19T08:05:45.500+0000 7f5a8ffff640 1 --2- >> [v2:172.21.15.22:3300/0,v1:172.21.15.22:6789/0] conn(0x7f5a901081e0 0x7f5a9010a5d0 unknown :-1 s=HELLO_CONNECTING pgs=0 cs=0 l=0 rev1=1 crypto rx=0 tx=0 comp rx=0 tx=0).handle_hello peer v2:172.21.15.22:3300/0 says I am v2:172.21.15.22:57480/0 (socket says 172.21.15.22:57480)
2024-09-19T08:05:46.277 INFO:teuthology.orchestra.run.smithi022.stdout:/usr/bin/ceph: stderr
2024-09-19T08:05:45.500+0000 7f5a8ffff640 1 -- 172.21.15.22:0/957862250 learned_addr learned my addr 172.21.15.22:0/957862250 (peer_addr_for_me v2:172.21.15.22:0/0)
2024-09-19T08:05:46.277 INFO:teuthology.orchestra.run.smithi022.stdout:/usr/bin/ceph: stderr
2024-09-19T08:05:45.500+0000 7f5a8ffff640 1 -- 172.21.15.22:0/957862250 --> [v2:172.21.15.22:3300/0,v1:172.21.15.22:6789/0] -- mon_subscribe({config=0+,monmap=0+}) -- 0x7f5a9010ab10 con 0x7f5a901081e0
2024-09-19T08:05:46.277 INFO:teuthology.orchestra.run.smithi022.stdout:/usr/bin/ceph: stderr
2024-09-19T08:05:45.501+0000 7f5a8ffff640 1 --2- 172.21.15.22:0/957862250 >> [v2:172.21.15.22:3300/0,v1:172.21.15.22:6789/0] conn(0x7f5a901081e0 0x7f5a9010a5d0 secure :-1 s=READY pgs=37 cs=0 l=1 rev1=1 crypto rx=0x7f5a80009820 tx=0x7f5a8002a270 comp rx=0 tx=0).ready entity=mon.0 client_cookie=9bcba2e2bd39a9f8 server_cookie=0 in_seq=0 out_seq=0
2024-09-19T08:05:46.277 INFO:teuthology.orchestra.run.smithi022.stdout:/usr/bin/ceph: stderr
2024-09-19T08:05:45.501+0000 7f5a8f7fe640 1 -- 172.21.15.22:0/957862250 <== mon.0 v2:172.21.15.22:3300/0 1 ==== mon_map magic: 0 ==== 205+0+0 (secure 0 0 0) 0x7f5a80037070 con 0x7f5a901081e0
2024-09-19T08:05:46.277 INFO:teuthology.orchestra.run.smithi022.stdout:/usr/bin/ceph: stderr
2024-09-19T08:05:45.501+0000 7f5a8f7fe640 1 -- 172.21.15.22:0/957862250 <== mon.0 v2:172.21.15.22:3300/0 2 ==== config(27 keys) ==== 1109+0+0 (secure 0 0 0) 0x7f5a80032900 con 0x7f5a901081e0
2024-09-19T08:05:46.278 INFO:teuthology.orchestra.run.smithi022.stdout:/usr/bin/ceph: stderr
2024-09-19T08:05:45.501+0000 7f5a8f7fe640 1 -- 172.21.15.22:0/957862250 <== mon.0 v2:172.21.15.22:3300/0 3 ==== mon_map magic: 0 ==== 205+0+0 (secure 0 0 0) 0x7f5a80030850 con 0x7f5a901081e0
2024-09-19T08:05:46.278 INFO:teuthology.orchestra.run.smithi022.stdout:/usr/bin/ceph: stderr
2024-09-19T08:05:45.502+0000 7f5a967da640 1 -- 172.21.15.22:0/957862250 >> [v2:172.21.15.22:3300/0,v1:172.21.15.22:6789/0] conn(0x7f5a901081e0 msgr2=0x7f5a9010a5d0 secure :-1 s=STATE_CONNECTION_ESTABLISHED l=1).mark_down
2024-09-19T08:05:46.278 INFO:teuthology.orchestra.run.smithi022.stdout:/usr/bin/ceph: stderr
2024-09-19T08:05:45.502+0000 7f5a967da640 1 --2- 172.21.15.22:0/957862250 >> [v2:172.21.15.22:3300/0,v1:172.21.15.22:6789/0] conn(0x7f5a901081e0 0x7f5a9010a5d0 secure :-1 s=READY pgs=37 cs=0 l=1 rev1=1 crypto rx=0x7f5a80009820 tx=0x7f5a8002a270 comp rx=0 tx=0).stop
2024-09-19T08:05:46.278 INFO:teuthology.orchestra.run.smithi022.stdout:/usr/bin/ceph: stderr
2024-09-19T08:05:45.502+0000 7f5a967da640 1 -- 172.21.15.22:0/957862250 shutdown_connections
2024-09-19T08:05:46.278 INFO:teuthology.orchestra.run.smithi022.stdout:/usr/bin/ceph: stderr
2024-09-19T08:05:45.502+0000 7f5a967da640 1 --2- 172.21.15.22:0/957862250 >> [v2:172.21.15.22:3300/0,v1:172.21.15.22:6789/0] conn(0x7f5a901081e0 0x7f5a9010a5d0 unknown :-1 s=CLOSED pgs=37 cs=0 l=1 rev1=1 crypto rx=0 tx=0 comp rx=0 tx=0).stop
2024-09-19T08:05:46.278 INFO:teuthology.orchestra.run.smithi022.stdout:/usr/bin/ceph: stderr
2024-09-19T08:05:45.502+0000 7f5a967da640 1 -- 172.21.15.22:0/957862250 >> 172.21.15.22:0/957862250 conn(0x7f5a90101e60 msgr2=0x7f5a90104280 unknown :-1 s=STATE_NONE l=0).mark_down
2024-09-19T08:05:46.278 INFO:teuthology.orchestra.run.smithi022.stdout:/usr/bin/ceph: stderr
2024-09-19T08:05:45.502+0000 7f5a967da640 1 -- 172.21.15.22:0/957862250 shutdown_connections
2024-09-19T08:05:46.278 INFO:teuthology.orchestra.run.smithi022.stdout:/usr/bin/ceph: stderr
2024-09-19T08:05:45.502+0000 7f5a967da640 1 -- 172.21.15.22:0/957862250 wait complete.
2024-09-19T08:05:46.278 INFO:teuthology.orchestra.run.smithi022.stdout:/usr/bin/ceph: stderr
2024-09-19T08:05:45.503+0000 7f5a967da640 1 Processor -- start
2024-09-19T08:05:46.278 INFO:teuthology.orchestra.run.smithi022.stdout:/usr/bin/ceph: stderr
2024-09-19T08:05:45.503+0000 7f5a967da640 1 -- start start
2024-09-19T08:05:46.278 INFO:teuthology.orchestra.run.smithi022.stdout:/usr/bin/ceph: stderr
2024-09-19T08:05:45.503+0000 7f5a967da640 1 --2- >> [v2:172.21.15.22:3300/0,v1:172.21.15.22:6789/0] conn(0x7f5a901081e0 0x7f5a90107a60 unknown :-1 s=NONE pgs=0 cs=0 l=1 rev1=0 crypto rx=0 tx=0 comp rx=0 tx=0).connect
2024-09-19T08:05:46.278 INFO:teuthology.orchestra.run.smithi022.stdout:/usr/bin/ceph: stderr
2024-09-19T08:05:45.503+0000 7f5a967da640 1 -- --> [v2:172.21.15.22:3300/0,v1:172.21.15.22:6789/0] -- mon_getmap magic: 0 -- 0x7f5a9010bb50 con 0x7f5a901081e0
2024-09-19T08:05:46.278 INFO:teuthology.orchestra.run.smithi022.stdout:/usr/bin/ceph: stderr
2024-09-19T08:05:45.503+0000 7f5a8ffff640 1 --2- >> [v2:172.21.15.22:3300/0,v1:172.21.15.22:6789/0] conn(0x7f5a901081e0 0x7f5a90107a60 unknown :-1 s=BANNER_CONNECTING pgs=0 cs=0 l=1 rev1=0 crypto rx=0 tx=0 comp rx=0 tx=0)._handle_peer_banner_payload supported=3 required=0
2024-09-19T08:05:46.278 INFO:teuthology.orchestra.run.smithi022.stdout:/usr/bin/ceph: stderr
2024-09-19T08:05:45.503+0000 7f5a8ffff640 1 --2- >> [v2:172.21.15.22:3300/0,v1:172.21.15.22:6789/0] conn(0x7f5a901081e0 0x7f5a90107a60 unknown :-1 s=HELLO_CONNECTING pgs=0 cs=0 l=1 rev1=1 crypto rx=0 tx=0 comp rx=0 tx=0).handle_hello peer v2:172.21.15.22:3300/0 says I am v2:172.21.15.22:57494/0 (socket says 172.21.15.22:57494)
2024-09-19T08:05:46.279 INFO:teuthology.orchestra.run.smithi022.stdout:/usr/bin/ceph: stderr
2024-09-19T08:05:45.503+0000 7f5a8ffff640 1 -- 172.21.15.22:0/3689486262 learned_addr learned my addr 172.21.15.22:0/3689486262 (peer_addr_for_me v2:172.21.15.22:0/0)
2024-09-19T08:05:46.279 INFO:teuthology.orchestra.run.smithi022.stdout:/usr/bin/ceph: stderr
2024-09-19T08:05:45.503+0000 7f5a8ffff640 1 -- 172.21.15.22:0/3689486262 --> [v2:172.21.15.22:3300/0,v1:172.21.15.22:6789/0] -- mon_subscribe({config=0+,monmap=0+}) -- 0x7f5a90107fa0 con 0x7f5a901081e0
2024-09-19T08:05:46.279 INFO:teuthology.orchestra.run.smithi022.stdout:/usr/bin/ceph: stderr
2024-09-19T08:05:45.503+0000 7f5a8ffff640 1 --2- 172.21.15.22:0/3689486262 >> [v2:172.21.15.22:3300/0,v1:172.21.15.22:6789/0] conn(0x7f5a901081e0 0x7f5a90107a60 secure :-1 s=READY pgs=38 cs=0 l=1 rev1=1 crypto rx=0x7f5a80031000 tx=0x7f5a800326e0 comp rx=0 tx=0).ready entity=mon.0 client_cookie=0 server_cookie=0 in_seq=0 out_seq=0
2024-09-19T08:05:46.279 INFO:teuthology.orchestra.run.smithi022.stdout:/usr/bin/ceph: stderr
2024-09-19T08:05:45.504+0000 7f5a8dffb640 1 -- 172.21.15.22:0/3689486262 <== mon.0 v2:172.21.15.22:3300/0 1 ==== mon_map magic: 0 ==== 205+0+0 (secure 0 0 0) 0x7f5a80042070 con 0x7f5a901081e0
2024-09-19T08:05:46.279 INFO:teuthology.orchestra.run.smithi022.stdout:/usr/bin/ceph: stderr
2024-09-19T08:05:45.504+0000 7f5a8dffb640 1 -- 172.21.15.22:0/3689486262 <== mon.0 v2:172.21.15.22:3300/0 2 ==== config(27 keys) ==== 1109+0+0 (secure 0 0 0) 0x7f5a80032be0 con 0x7f5a901081e0
2024-09-19T08:05:46.279 INFO:teuthology.orchestra.run.smithi022.stdout:/usr/bin/ceph: stderr
2024-09-19T08:05:45.504+0000 7f5a967da640 1 -- 172.21.15.22:0/3689486262 --> [v2:172.21.15.22:3300/0,v1:172.21.15.22:6789/0] -- mon_subscribe({mgrmap=0+}) -- 0x7f5a90106190 con 0x7f5a901081e0
2024-09-19T08:05:46.279 INFO:teuthology.orchestra.run.smithi022.stdout:/usr/bin/ceph: stderr
2024-09-19T08:05:45.504+0000 7f5a8dffb640 1 -- 172.21.15.22:0/3689486262 <== mon.0 v2:172.21.15.22:3300/0 3 ==== mon_map magic: 0 ==== 205+0+0 (secure 0 0 0) 0x7f5a80037040 con 0x7f5a901081e0
2024-09-19T08:05:46.279 INFO:teuthology.orchestra.run.smithi022.stdout:/usr/bin/ceph: stderr
2024-09-19T08:05:45.504+0000 7f5a967da640 1 -- 172.21.15.22:0/3689486262 --> [v2:172.21.15.22:3300/0,v1:172.21.15.22:6789/0] -- mon_subscribe({osdmap=0}) -- 0x7f5a901066d0 con 0x7f5a901081e0
2024-09-19T08:05:46.279 INFO:teuthology.orchestra.run.smithi022.stdout:/usr/bin/ceph: stderr
2024-09-19T08:05:45.505+0000 7f5a8dffb640 1 -- 172.21.15.22:0/3689486262 <== mon.0 v2:172.21.15.22:3300/0 4 ==== mgrmap(e 8) ==== 46461+0+0 (secure 0 0 0) 0x7f5a80045070 con 0x7f5a901081e0
2024-09-19T08:05:46.279 INFO:teuthology.orchestra.run.smithi022.stdout:/usr/bin/ceph: stderr
2024-09-19T08:05:45.505+0000 7f5a8dffb640 1 --2- 172.21.15.22:0/3689486262 >> [v2:172.21.15.22:6800/4065414102,v1:172.21.15.22:6801/4065414102] conn(0x7f5a7c039200 0x7f5a7c03b6c0 unknown :-1 s=NONE pgs=0 cs=0 l=1 rev1=0 crypto rx=0 tx=0 comp rx=0 tx=0).connect
2024-09-19T08:05:46.279 INFO:teuthology.orchestra.run.smithi022.stdout:/usr/bin/ceph: stderr
2024-09-19T08:05:45.505+0000 7f5a967da640 1 -- 172.21.15.22:0/3689486262 --> [v2:172.21.15.22:3300/0,v1:172.21.15.22:6789/0] -- mon_command({"prefix": "get_command_descriptions"} v 0) -- 0x7f5a90108640 con 0x7f5a901081e0
2024-09-19T08:05:46.279 INFO:teuthology.orchestra.run.smithi022.stdout:/usr/bin/ceph: stderr
2024-09-19T08:05:45.505+0000 7f5a8dffb640 1 -- 172.21.15.22:0/3689486262 <== mon.0 v2:172.21.15.22:3300/0 5 ==== osd_map(2..2 src has 1..2) ==== 940+0+0 (secure 0 0 0) 0x7f5a8006c1e0 con 0x7f5a901081e0
2024-09-19T08:05:46.280 INFO:teuthology.orchestra.run.smithi022.stdout:/usr/bin/ceph: stderr
2024-09-19T08:05:45.505+0000 7f5a87fff640 1 --2- 172.21.15.22:0/3689486262 >> [v2:172.21.15.22:6800/4065414102,v1:172.21.15.22:6801/4065414102] conn(0x7f5a7c039200 0x7f5a7c03b6c0 unknown :-1 s=BANNER_CONNECTING pgs=0 cs=0 l=1 rev1=0 crypto rx=0 tx=0 comp rx=0 tx=0)._handle_peer_banner_payload supported=3 required=0
2024-09-19T08:05:46.280 INFO:teuthology.orchestra.run.smithi022.stdout:/usr/bin/ceph: stderr
2024-09-19T08:05:45.506+0000 7f5a87fff640 1 --2- 172.21.15.22:0/3689486262 >> [v2:172.21.15.22:6800/4065414102,v1:172.21.15.22:6801/4065414102] conn(0x7f5a7c039200 0x7f5a7c03b6c0 secure :-1 s=READY pgs=8 cs=0 l=1 rev1=1 crypto rx=0x7f5a780098c0 tx=0x7f5a78006db0 comp rx=0 tx=0).ready entity=mgr.14118 client_cookie=0 server_cookie=0 in_seq=0 out_seq=0
2024-09-19T08:05:46.280 INFO:teuthology.orchestra.run.smithi022.stdout:/usr/bin/ceph: stderr
2024-09-19T08:05:45.510+0000 7f5a8dffb640 1 -- 172.21.15.22:0/3689486262 <== mon.0 v2:172.21.15.22:3300/0 6 ==== mon_command_ack([{"prefix": "get_command_descriptions"}]=0 v0) ==== 72+0+188913 (secure 0 0 0) 0x7f5a8004b170 con 0x7f5a901081e0
2024-09-19T08:05:46.280 INFO:teuthology.orchestra.run.smithi022.stdout:/usr/bin/ceph: stderr
2024-09-19T08:05:45.689+0000 7f5a967da640 1 -- 172.21.15.22:0/3689486262 --> [v2:172.21.15.22:6800/4065414102,v1:172.21.15.22:6801/4065414102] -- mgr_command(tid 0: {"prefix": "cephadm set-user", "user": "root", "target": ["mon-mgr", ""]}) -- 0x7f5a90106ff0 con 0x7f5a7c039200
2024-09-19T08:05:46.280 INFO:teuthology.orchestra.run.smithi022.stdout:/usr/bin/ceph: stderr
2024-09-19T08:05:45.690+0000 7f5a8dffb640 1 -- 172.21.15.22:0/3689486262 <== mgr.14118 v2:172.21.15.22:6800/4065414102 1 ==== mgr_command_reply(tid 0: 0 ) ==== 8+0+16 (secure 0 0 0) 0x7f5a90106ff0 con 0x7f5a7c039200
2024-09-19T08:05:46.280 INFO:teuthology.orchestra.run.smithi022.stdout:/usr/bin/ceph: stderr
2024-09-19T08:05:45.692+0000 7f5a967da640 1 -- 172.21.15.22:0/3689486262 >> [v2:172.21.15.22:6800/4065414102,v1:172.21.15.22:6801/4065414102] conn(0x7f5a7c039200 msgr2=0x7f5a7c03b6c0 secure :-1 s=STATE_CONNECTION_ESTABLISHED l=1).mark_down
2024-09-19T08:05:46.280 INFO:teuthology.orchestra.run.smithi022.stdout:/usr/bin/ceph: stderr
2024-09-19T08:05:45.692+0000 7f5a967da640 1 --2- 172.21.15.22:0/3689486262 >> [v2:172.21.15.22:6800/4065414102,v1:172.21.15.22:6801/4065414102] conn(0x7f5a7c039200 0x7f5a7c03b6c0 secure :-1 s=READY pgs=8 cs=0 l=1 rev1=1 crypto rx=0x7f5a780098c0 tx=0x7f5a78006db0 comp rx=0 tx=0).stop
2024-09-19T08:05:46.280 INFO:teuthology.orchestra.run.smithi022.stdout:/usr/bin/ceph: stderr
2024-09-19T08:05:45.692+0000 7f5a967da640 1 -- 172.21.15.22:0/3689486262 >> [v2:172.21.15.22:3300/0,v1:172.21.15.22:6789/0] conn(0x7f5a901081e0 msgr2=0x7f5a90107a60 secure :-1 s=STATE_CONNECTION_ESTABLISHED l=1).mark_down
2024-09-19T08:05:46.280 INFO:teuthology.orchestra.run.smithi022.stdout:/usr/bin/ceph: stderr
2024-09-19T08:05:45.692+0000 7f5a967da640 1 --2- 172.21.15.22:0/3689486262 >> [v2:172.21.15.22:3300/0,v1:172.21.15.22:6789/0] conn(0x7f5a901081e0 0x7f5a90107a60 secure :-1 s=READY pgs=38 cs=0 l=1 rev1=1 crypto rx=0x7f5a80031000 tx=0x7f5a800326e0 comp rx=0 tx=0).stop
2024-09-19T08:05:46.280 INFO:teuthology.orchestra.run.smithi022.stdout:/usr/bin/ceph: stderr
2024-09-19T08:05:45.692+0000 7f5a967da640 1 -- 172.21.15.22:0/3689486262 shutdown_connections
2024-09-19T08:05:46.280 INFO:teuthology.orchestra.run.smithi022.stdout:/usr/bin/ceph: stderr
2024-09-19T08:05:45.692+0000 7f5a967da640 1 --2- 172.21.15.22:0/3689486262 >> [v2:172.21.15.22:6800/4065414102,v1:172.21.15.22:6801/4065414102] conn(0x7f5a7c039200 0x7f5a7c03b6c0 unknown :-1 s=CLOSED pgs=8 cs=0 l=1 rev1=1 crypto rx=0 tx=0 comp rx=0 tx=0).stop
2024-09-19T08:05:46.280 INFO:teuthology.orchestra.run.smithi022.stdout:/usr/bin/ceph: stderr
2024-09-19T08:05:45.692+0000 7f5a967da640 1 --2- 172.21.15.22:0/3689486262 >> [v2:172.21.15.22:3300/0,v1:172.21.15.22:6789/0] conn(0x7f5a901081e0 0x7f5a90107a60 unknown :-1 s=CLOSED pgs=38 cs=0 l=1 rev1=1 crypto rx=0 tx=0 comp rx=0 tx=0).stop
2024-09-19T08:05:46.281 INFO:teuthology.orchestra.run.smithi022.stdout:/usr/bin/ceph: stderr
2024-09-19T08:05:45.692+0000 7f5a967da640 1 -- 172.21.15.22:0/3689486262 >> 172.21.15.22:0/3689486262 conn(0x7f5a90101e60 msgr2=0x7f5a90102a10 unknown :-1 s=STATE_NONE l=0).mark_down
2024-09-19T08:05:46.281 INFO:teuthology.orchestra.run.smithi022.stdout:/usr/bin/ceph: stderr
2024-09-19T08:05:45.692+0000 7f5a967da640 1 -- 172.21.15.22:0/3689486262 shutdown_connections
2024-09-19T08:05:46.281 INFO:teuthology.orchestra.run.smithi022.stdout:/usr/bin/ceph: stderr
2024-09-19T08:05:45.692+0000 7f5a967da640 1 -- 172.21.15.22:0/3689486262 wait complete.
2024-09-19T08:05:46.281 INFO:teuthology.orchestra.run.smithi022.stdout:Generating ssh key...
2024-09-19T08:05:46.537 INFO:journalctl@ceph.mon.a.smithi022.stdout:Sep 19 08:05:46 smithi022 ceph-mon[30963]: from='client.14132 -' entity='client.admin' cmd=[{"prefix": "cephadm set-user", "user": "root", "target": ["mon-mgr", ""]}]: dispatch
2024-09-19T08:05:47.257 INFO:journalctl@ceph.mgr.x.smithi022.stdout:Sep 19 08:05:47 smithi022 ceph-c0ad60c6-765d-11ef-bceb-c7b262605968-mgr-x[31189]: Generating public/private rsa key pair.
2024-09-19T08:05:47.257 INFO:journalctl@ceph.mgr.x.smithi022.stdout:Sep 19 08:05:47 smithi022 ceph-c0ad60c6-765d-11ef-bceb-c7b262605968-mgr-x[31189]: Your identification has been saved in /tmp/tmp0gziswpz/key
2024-09-19T08:05:47.257 INFO:journalctl@ceph.mgr.x.smithi022.stdout:Sep 19 08:05:47 smithi022 ceph-c0ad60c6-765d-11ef-bceb-c7b262605968-mgr-x[31189]: Your public key has been saved in /tmp/tmp0gziswpz/key.pub
2024-09-19T08:05:47.257 INFO:journalctl@ceph.mgr.x.smithi022.stdout:Sep 19 08:05:47 smithi022 ceph-c0ad60c6-765d-11ef-bceb-c7b262605968-mgr-x[31189]: The key fingerprint is:
