2024-09-19T08:05:53.321+0000 7f2997605640 1 --2- 172.21.15.22:0/1389904792 >> [v2:172.21.15.22:6800/4065414102,v1:172.21.15.22:6801/4065414102] conn(0x7f297c039200 0x7f297c03b6c0 unknown :-1 s=CLOSED pgs=11 cs=0 l=1 rev1=1 crypto rx=0 tx=0 comp rx=0 tx=0).stop
2024-09-19T08:05:53.931 INFO:teuthology.orchestra.run.smithi022.stdout:/usr/bin/ceph: stderr
2024-09-19T08:05:53.321+0000 7f2997605640 1 --2- 172.21.15.22:0/1389904792 >> [v2:172.21.15.22:3300/0,v1:172.21.15.22:6789/0] conn(0x7f2990109960 0x7f299019d900 unknown :-1 s=CLOSED pgs=44 cs=0 l=1 rev1=1 crypto rx=0 tx=0 comp rx=0 tx=0).stop
2024-09-19T08:05:53.931 INFO:teuthology.orchestra.run.smithi022.stdout:/usr/bin/ceph: stderr
2024-09-19T08:05:53.321+0000 7f2997605640 1 -- 172.21.15.22:0/1389904792 >> 172.21.15.22:0/1389904792 conn(0x7f299007cf30 msgr2=0x7f2990107510 unknown :-1 s=STATE_NONE l=0).mark_down
2024-09-19T08:05:53.931 INFO:teuthology.orchestra.run.smithi022.stdout:/usr/bin/ceph: stderr
2024-09-19T08:05:53.321+0000 7f2997605640 1 -- 172.21.15.22:0/1389904792 shutdown_connections
2024-09-19T08:05:53.931 INFO:teuthology.orchestra.run.smithi022.stdout:/usr/bin/ceph: stderr
2024-09-19T08:05:53.321+0000 7f2997605640 1 -- 172.21.15.22:0/1389904792 wait complete.
2024-09-19T08:05:53.931 INFO:teuthology.orchestra.run.smithi022.stdout:Deploying unmanaged mon service...
2024-09-19T08:05:54.506 INFO:journalctl@ceph.mon.a.smithi022.stdout:Sep 19 08:05:54 smithi022 ceph-mon[30963]: from='mgr.14118 172.21.15.22:0/318949662' entity='mgr.x'
2024-09-19T08:05:54.507 INFO:journalctl@ceph.mon.a.smithi022.stdout:Sep 19 08:05:54 smithi022 ceph-mon[30963]: Added host smithi022
2024-09-19T08:05:54.507 INFO:journalctl@ceph.mon.a.smithi022.stdout:Sep 19 08:05:54 smithi022 ceph-mon[30963]: from='mgr.14118 172.21.15.22:0/318949662' entity='mgr.x' cmd=[{"prefix": "config dump", "format": "json"}]: dispatch
2024-09-19T08:05:55.258 INFO:teuthology.orchestra.run.smithi022.stdout:/usr/bin/ceph: stdout Scheduled mon update...
2024-09-19T08:05:55.258 INFO:teuthology.orchestra.run.smithi022.stdout:/usr/bin/ceph: stderr
2024-09-19T08:05:54.331+0000 7fe1915be640 1 Processor -- start
2024-09-19T08:05:55.258 INFO:teuthology.orchestra.run.smithi022.stdout:/usr/bin/ceph: stderr
2024-09-19T08:05:54.331+0000 7fe1915be640 1 -- start start
2024-09-19T08:05:55.258 INFO:teuthology.orchestra.run.smithi022.stdout:/usr/bin/ceph: stderr
2024-09-19T08:05:54.331+0000 7fe1915be640 1 --2- >> [v2:172.21.15.22:3300/0,v1:172.21.15.22:6789/0] conn(0x7fe18c108200 0x7fe18c10a5f0 unknown :-1 s=NONE pgs=0 cs=0 l=0 rev1=0 crypto rx=0 tx=0 comp rx=0 tx=0).connect
2024-09-19T08:05:55.258 INFO:teuthology.orchestra.run.smithi022.stdout:/usr/bin/ceph: stderr
2024-09-19T08:05:54.331+0000 7fe1915be640 1 -- --> [v2:172.21.15.22:3300/0,v1:172.21.15.22:6789/0] -- mon_getmap magic: 0 -- 0x7fe18c07be30 con 0x7fe18c108200
2024-09-19T08:05:55.258 INFO:teuthology.orchestra.run.smithi022.stdout:/usr/bin/ceph: stderr
2024-09-19T08:05:54.331+0000 7fe18affd640 1 --2- >> [v2:172.21.15.22:3300/0,v1:172.21.15.22:6789/0] conn(0x7fe18c108200 0x7fe18c10a5f0 unknown :-1 s=BANNER_CONNECTING pgs=0 cs=0 l=0 rev1=0 crypto rx=0 tx=0 comp rx=0 tx=0)._handle_peer_banner_payload supported=3 required=0
2024-09-19T08:05:55.258 INFO:teuthology.orchestra.run.smithi022.stdout:/usr/bin/ceph: stderr
2024-09-19T08:05:54.331+0000 7fe18affd640 1 --2- >> [v2:172.21.15.22:3300/0,v1:172.21.15.22:6789/0] conn(0x7fe18c108200 0x7fe18c10a5f0 unknown :-1 s=HELLO_CONNECTING pgs=0 cs=0 l=0 rev1=1 crypto rx=0 tx=0 comp rx=0 tx=0).handle_hello peer v2:172.21.15.22:3300/0 says I am v2:172.21.15.22:51742/0 (socket says 172.21.15.22:51742)
2024-09-19T08:05:55.258 INFO:teuthology.orchestra.run.smithi022.stdout:/usr/bin/ceph: stderr
2024-09-19T08:05:54.331+0000 7fe18affd640 1 -- 172.21.15.22:0/4192347577 learned_addr learned my addr 172.21.15.22:0/4192347577 (peer_addr_for_me v2:172.21.15.22:0/0)
2024-09-19T08:05:55.258 INFO:teuthology.orchestra.run.smithi022.stdout:/usr/bin/ceph: stderr
2024-09-19T08:05:54.331+0000 7fe18affd640 1 -- 172.21.15.22:0/4192347577 --> [v2:172.21.15.22:3300/0,v1:172.21.15.22:6789/0] -- mon_subscribe({config=0+,monmap=0+}) -- 0x7fe18c10ab30 con 0x7fe18c108200
2024-09-19T08:05:55.258 INFO:teuthology.orchestra.run.smithi022.stdout:/usr/bin/ceph: stderr
2024-09-19T08:05:54.332+0000 7fe18affd640 1 --2- 172.21.15.22:0/4192347577 >> [v2:172.21.15.22:3300/0,v1:172.21.15.22:6789/0] conn(0x7fe18c108200 0x7fe18c10a5f0 secure :-1 s=READY pgs=45 cs=0 l=1 rev1=1 crypto rx=0x7fe17c009820 tx=0x7fe17c02a270 comp rx=0 tx=0).ready entity=mon.0 client_cookie=89fd424ffc267436 server_cookie=0 in_seq=0 out_seq=0
2024-09-19T08:05:55.258 INFO:teuthology.orchestra.run.smithi022.stdout:/usr/bin/ceph: stderr
2024-09-19T08:05:54.332+0000 7fe18a7fc640 1 -- 172.21.15.22:0/4192347577 <== mon.0 v2:172.21.15.22:3300/0 1 ==== mon_map magic: 0 ==== 205+0+0 (secure 0 0 0) 0x7fe17c037070 con 0x7fe18c108200
2024-09-19T08:05:55.258 INFO:teuthology.orchestra.run.smithi022.stdout:/usr/bin/ceph: stderr
2024-09-19T08:05:54.333+0000 7fe18a7fc640 1 -- 172.21.15.22:0/4192347577 <== mon.0 v2:172.21.15.22:3300/0 2 ==== config(27 keys) ==== 1109+0+0 (secure 0 0 0) 0x7fe17c032900 con 0x7fe18c108200
2024-09-19T08:05:55.259 INFO:teuthology.orchestra.run.smithi022.stdout:/usr/bin/ceph: stderr
2024-09-19T08:05:54.333+0000 7fe18a7fc640 1 -- 172.21.15.22:0/4192347577 <== mon.0 v2:172.21.15.22:3300/0 3 ==== mon_map magic: 0 ==== 205+0+0 (secure 0 0 0) 0x7fe17c030850 con 0x7fe18c108200
2024-09-19T08:05:55.259 INFO:teuthology.orchestra.run.smithi022.stdout:/usr/bin/ceph: stderr
2024-09-19T08:05:54.333+0000 7fe1915be640 1 -- 172.21.15.22:0/4192347577 >> [v2:172.21.15.22:3300/0,v1:172.21.15.22:6789/0] conn(0x7fe18c108200 msgr2=0x7fe18c10a5f0 secure :-1 s=STATE_CONNECTION_ESTABLISHED l=1).mark_down
2024-09-19T08:05:55.259 INFO:teuthology.orchestra.run.smithi022.stdout:/usr/bin/ceph: stderr
2024-09-19T08:05:54.333+0000 7fe1915be640 1 --2- 172.21.15.22:0/4192347577 >> [v2:172.21.15.22:3300/0,v1:172.21.15.22:6789/0] conn(0x7fe18c108200 0x7fe18c10a5f0 secure :-1 s=READY pgs=45 cs=0 l=1 rev1=1 crypto rx=0x7fe17c009820 tx=0x7fe17c02a270 comp rx=0 tx=0).stop
2024-09-19T08:05:55.259 INFO:teuthology.orchestra.run.smithi022.stdout:/usr/bin/ceph: stderr
2024-09-19T08:05:54.333+0000 7fe1915be640 1 -- 172.21.15.22:0/4192347577 shutdown_connections
2024-09-19T08:05:55.259 INFO:teuthology.orchestra.run.smithi022.stdout:/usr/bin/ceph: stderr
2024-09-19T08:05:54.333+0000 7fe1915be640 1 --2- 172.21.15.22:0/4192347577 >> [v2:172.21.15.22:3300/0,v1:172.21.15.22:6789/0] conn(0x7fe18c108200 0x7fe18c10a5f0 unknown :-1 s=CLOSED pgs=45 cs=0 l=1 rev1=1 crypto rx=0 tx=0 comp rx=0 tx=0).stop
2024-09-19T08:05:55.259 INFO:teuthology.orchestra.run.smithi022.stdout:/usr/bin/ceph: stderr
2024-09-19T08:05:54.333+0000 7fe1915be640 1 -- 172.21.15.22:0/4192347577 >> 172.21.15.22:0/4192347577 conn(0x7fe18c101da0 msgr2=0x7fe18c1041e0 unknown :-1 s=STATE_NONE l=0).mark_down
2024-09-19T08:05:55.259 INFO:teuthology.orchestra.run.smithi022.stdout:/usr/bin/ceph: stderr
2024-09-19T08:05:54.333+0000 7fe1915be640 1 -- 172.21.15.22:0/4192347577 shutdown_connections
2024-09-19T08:05:55.259 INFO:teuthology.orchestra.run.smithi022.stdout:/usr/bin/ceph: stderr
2024-09-19T08:05:54.333+0000 7fe1915be640 1 -- 172.21.15.22:0/4192347577 wait complete.
2024-09-19T08:05:55.259 INFO:teuthology.orchestra.run.smithi022.stdout:/usr/bin/ceph: stderr
2024-09-19T08:05:54.334+0000 7fe1915be640 1 Processor -- start
2024-09-19T08:05:55.259 INFO:teuthology.orchestra.run.smithi022.stdout:/usr/bin/ceph: stderr
2024-09-19T08:05:54.334+0000 7fe1915be640 1 -- start start
2024-09-19T08:05:55.259 INFO:teuthology.orchestra.run.smithi022.stdout:/usr/bin/ceph: stderr
2024-09-19T08:05:54.334+0000 7fe1915be640 1 --2- >> [v2:172.21.15.22:3300/0,v1:172.21.15.22:6789/0] conn(0x7fe18c108200 0x7fe18c19b710 unknown :-1 s=NONE pgs=0 cs=0 l=1 rev1=0 crypto rx=0 tx=0 comp rx=0 tx=0).connect
2024-09-19T08:05:55.259 INFO:teuthology.orchestra.run.smithi022.stdout:/usr/bin/ceph: stderr
2024-09-19T08:05:54.334+0000 7fe1915be640 1 -- --> [v2:172.21.15.22:3300/0,v1:172.21.15.22:6789/0] -- mon_getmap magic: 0 -- 0x7fe18c10bb10 con 0x7fe18c108200
2024-09-19T08:05:55.259 INFO:teuthology.orchestra.run.smithi022.stdout:/usr/bin/ceph: stderr
2024-09-19T08:05:54.334+0000 7fe18affd640 1 --2- >> [v2:172.21.15.22:3300/0,v1:172.21.15.22:6789/0] conn(0x7fe18c108200 0x7fe18c19b710 unknown :-1 s=BANNER_CONNECTING pgs=0 cs=0 l=1 rev1=0 crypto rx=0 tx=0 comp rx=0 tx=0)._handle_peer_banner_payload supported=3 required=0
2024-09-19T08:05:55.260 INFO:teuthology.orchestra.run.smithi022.stdout:/usr/bin/ceph: stderr
2024-09-19T08:05:54.334+0000 7fe18affd640 1 --2- >> [v2:172.21.15.22:3300/0,v1:172.21.15.22:6789/0] conn(0x7fe18c108200 0x7fe18c19b710 unknown :-1 s=HELLO_CONNECTING pgs=0 cs=0 l=1 rev1=1 crypto rx=0 tx=0 comp rx=0 tx=0).handle_hello peer v2:172.21.15.22:3300/0 says I am v2:172.21.15.22:51744/0 (socket says 172.21.15.22:51744)
2024-09-19T08:05:55.260 INFO:teuthology.orchestra.run.smithi022.stdout:/usr/bin/ceph: stderr
2024-09-19T08:05:54.334+0000 7fe18affd640 1 -- 172.21.15.22:0/583234388 learned_addr learned my addr 172.21.15.22:0/583234388 (peer_addr_for_me v2:172.21.15.22:0/0)
2024-09-19T08:05:55.260 INFO:teuthology.orchestra.run.smithi022.stdout:/usr/bin/ceph: stderr
2024-09-19T08:05:54.334+0000 7fe18affd640 1 -- 172.21.15.22:0/583234388 --> [v2:172.21.15.22:3300/0,v1:172.21.15.22:6789/0] -- mon_subscribe({config=0+,monmap=0+}) -- 0x7fe18c19bc50 con 0x7fe18c108200
2024-09-19T08:05:55.260 INFO:teuthology.orchestra.run.smithi022.stdout:/usr/bin/ceph: stderr
2024-09-19T08:05:54.334+0000 7fe18affd640 1 --2- 172.21.15.22:0/583234388 >> [v2:172.21.15.22:3300/0,v1:172.21.15.22:6789/0] conn(0x7fe18c108200 0x7fe18c19b710 secure :-1 s=READY pgs=46 cs=0 l=1 rev1=1 crypto rx=0x7fe17c031000 tx=0x7fe17c0326e0 comp rx=0 tx=0).ready entity=mon.0 client_cookie=0 server_cookie=0 in_seq=0 out_seq=0
2024-09-19T08:05:55.260 INFO:teuthology.orchestra.run.smithi022.stdout:/usr/bin/ceph: stderr
2024-09-19T08:05:54.335+0000 7fe188ff9640 1 -- 172.21.15.22:0/583234388 <== mon.0 v2:172.21.15.22:3300/0 1 ==== mon_map magic: 0 ==== 205+0+0 (secure 0 0 0) 0x7fe17c042070 con 0x7fe18c108200
2024-09-19T08:05:55.260 INFO:teuthology.orchestra.run.smithi022.stdout:/usr/bin/ceph: stderr
2024-09-19T08:05:54.335+0000 7fe1915be640 1 -- 172.21.15.22:0/583234388 --> [v2:172.21.15.22:3300/0,v1:172.21.15.22:6789/0] -- mon_subscribe({mgrmap=0+}) -- 0x7fe18c19bee0 con 0x7fe18c108200
2024-09-19T08:05:55.260 INFO:teuthology.orchestra.run.smithi022.stdout:/usr/bin/ceph: stderr
2024-09-19T08:05:54.335+0000 7fe188ff9640 1 -- 172.21.15.22:0/583234388 <== mon.0 v2:172.21.15.22:3300/0 2 ==== config(27 keys) ==== 1109+0+0 (secure 0 0 0) 0x7fe17c032be0 con 0x7fe18c108200
2024-09-19T08:05:55.260 INFO:teuthology.orchestra.run.smithi022.stdout:/usr/bin/ceph: stderr
2024-09-19T08:05:54.335+0000 7fe188ff9640 1 -- 172.21.15.22:0/583234388 <== mon.0 v2:172.21.15.22:3300/0 3 ==== mon_map magic: 0 ==== 205+0+0 (secure 0 0 0) 0x7fe17c037040 con 0x7fe18c108200
2024-09-19T08:05:55.260 INFO:teuthology.orchestra.run.smithi022.stdout:/usr/bin/ceph: stderr
2024-09-19T08:05:54.335+0000 7fe1915be640 1 -- 172.21.15.22:0/583234388 --> [v2:172.21.15.22:3300/0,v1:172.21.15.22:6789/0] -- mon_subscribe({osdmap=0}) -- 0x7fe18c19ebd0 con 0x7fe18c108200
2024-09-19T08:05:55.260 INFO:teuthology.orchestra.run.smithi022.stdout:/usr/bin/ceph: stderr
2024-09-19T08:05:54.335+0000 7fe188ff9640 1 -- 172.21.15.22:0/583234388 <== mon.0 v2:172.21.15.22:3300/0 4 ==== mgrmap(e 8) ==== 46461+0+0 (secure 0 0 0) 0x7fe17c045070 con 0x7fe18c108200
2024-09-19T08:05:55.260 INFO:teuthology.orchestra.run.smithi022.stdout:/usr/bin/ceph: stderr
2024-09-19T08:05:54.336+0000 7fe1915be640 1 -- 172.21.15.22:0/583234388 --> [v2:172.21.15.22:3300/0,v1:172.21.15.22:6789/0] -- mon_command({"prefix": "get_command_descriptions"} v 0) -- 0x7fe18c108660 con 0x7fe18c108200
2024-09-19T08:05:55.260 INFO:teuthology.orchestra.run.smithi022.stdout:/usr/bin/ceph: stderr
2024-09-19T08:05:54.336+0000 7fe188ff9640 1 --2- 172.21.15.22:0/583234388 >> [v2:172.21.15.22:6800/4065414102,v1:172.21.15.22:6801/4065414102] conn(0x7fe1780391b0 0x7fe17803b670 unknown :-1 s=NONE pgs=0 cs=0 l=1 rev1=0 crypto rx=0 tx=0 comp rx=0 tx=0).connect
2024-09-19T08:05:55.260 INFO:teuthology.orchestra.run.smithi022.stdout:/usr/bin/ceph: stderr
2024-09-19T08:05:54.336+0000 7fe188ff9640 1 -- 172.21.15.22:0/583234388 <== mon.0 v2:172.21.15.22:3300/0 5 ==== osd_map(2..2 src has 1..2) ==== 940+0+0 (secure 0 0 0) 0x7fe17c06c290 con 0x7fe18c108200
2024-09-19T08:05:55.261 INFO:teuthology.orchestra.run.smithi022.stdout:/usr/bin/ceph: stderr
2024-09-19T08:05:54.336+0000 7fe183fff640 1 --2- 172.21.15.22:0/583234388 >> [v2:172.21.15.22:6800/4065414102,v1:172.21.15.22:6801/4065414102] conn(0x7fe1780391b0 0x7fe17803b670 unknown :-1 s=BANNER_CONNECTING pgs=0 cs=0 l=1 rev1=0 crypto rx=0 tx=0 comp rx=0 tx=0)._handle_peer_banner_payload supported=3 required=0
2024-09-19T08:05:55.261 INFO:teuthology.orchestra.run.smithi022.stdout:/usr/bin/ceph: stderr
2024-09-19T08:05:54.336+0000 7fe183fff640 1 --2- 172.21.15.22:0/583234388 >> [v2:172.21.15.22:6800/4065414102,v1:172.21.15.22:6801/4065414102] conn(0x7fe1780391b0 0x7fe17803b670 secure :-1 s=READY pgs=12 cs=0 l=1 rev1=1 crypto rx=0x7fe1740098c0 tx=0x7fe174006db0 comp rx=0 tx=0).ready entity=mgr.14118 client_cookie=0 server_cookie=0 in_seq=0 out_seq=0
2024-09-19T08:05:55.261 INFO:teuthology.orchestra.run.smithi022.stdout:/usr/bin/ceph: stderr
2024-09-19T08:05:54.341+0000 7fe188ff9640 1 -- 172.21.15.22:0/583234388 <== mon.0 v2:172.21.15.22:3300/0 6 ==== mon_command_ack([{"prefix": "get_command_descriptions"}]=0 v0) ==== 72+0+188913 (secure 0 0 0) 0x7fe17c02f2a0 con 0x7fe18c108200
2024-09-19T08:05:55.261 INFO:teuthology.orchestra.run.smithi022.stdout:/usr/bin/ceph: stderr
2024-09-19T08:05:54.537+0000 7fe1915be640 1 -- 172.21.15.22:0/583234388 --> [v2:172.21.15.22:6800/4065414102,v1:172.21.15.22:6801/4065414102] -- mgr_command(tid 0: {"prefix": "orch apply", "service_type": "mon", "unmanaged": true, "target": ["mon-mgr", ""]}) -- 0x7fe18c103060 con 0x7fe1780391b0
2024-09-19T08:05:55.261 INFO:teuthology.orchestra.run.smithi022.stdout:/usr/bin/ceph: stderr
2024-09-19T08:05:54.542+0000 7fe188ff9640 1 -- 172.21.15.22:0/583234388 <== mgr.14118 v2:172.21.15.22:6800/4065414102 1 ==== mgr_command_reply(tid 0: 0 ) ==== 8+0+24 (secure 0 0 0) 0x7fe18c103060 con 0x7fe1780391b0
2024-09-19T08:05:55.261 INFO:teuthology.orchestra.run.smithi022.stdout:/usr/bin/ceph: stderr
2024-09-19T08:05:54.544+0000 7fe1915be640 1 -- 172.21.15.22:0/583234388 >> [v2:172.21.15.22:6800/4065414102,v1:172.21.15.22:6801/4065414102] conn(0x7fe1780391b0 msgr2=0x7fe17803b670 secure :-1 s=STATE_CONNECTION_ESTABLISHED l=1).mark_down
2024-09-19T08:05:55.261 INFO:teuthology.orchestra.run.smithi022.stdout:/usr/bin/ceph: stderr
2024-09-19T08:05:54.544+0000 7fe1915be640 1 --2- 172.21.15.22:0/583234388 >> [v2:172.21.15.22:6800/4065414102,v1:172.21.15.22:6801/4065414102] conn(0x7fe1780391b0 0x7fe17803b670 secure :-1 s=READY pgs=12 cs=0 l=1 rev1=1 crypto rx=0x7fe1740098c0 tx=0x7fe174006db0 comp rx=0 tx=0).stop
2024-09-19T08:05:55.261 INFO:teuthology.orchestra.run.smithi022.stdout:/usr/bin/ceph: stderr
2024-09-19T08:05:54.544+0000 7fe1915be640 1 -- 172.21.15.22:0/583234388 >> [v2:172.21.15.22:3300/0,v1:172.21.15.22:6789/0] conn(0x7fe18c108200 msgr2=0x7fe18c19b710 secure :-1 s=STATE_CONNECTION_ESTABLISHED l=1).mark_down
2024-09-19T08:05:55.261 INFO:teuthology.orchestra.run.smithi022.stdout:/usr/bin/ceph: stderr
2024-09-19T08:05:54.544+0000 7fe1915be640 1 --2- 172.21.15.22:0/583234388 >> [v2:172.21.15.22:3300/0,v1:172.21.15.22:6789/0] conn(0x7fe18c108200 0x7fe18c19b710 secure :-1 s=READY pgs=46 cs=0 l=1 rev1=1 crypto rx=0x7fe17c031000 tx=0x7fe17c0326e0 comp rx=0 tx=0).stop
2024-09-19T08:05:55.261 INFO:teuthology.orchestra.run.smithi022.stdout:/usr/bin/ceph: stderr
2024-09-19T08:05:54.544+0000 7fe1915be640 1 -- 172.21.15.22:0/583234388 shutdown_connections
2024-09-19T08:05:55.261 INFO:teuthology.orchestra.run.smithi022.stdout:/usr/bin/ceph: stderr
2024-09-19T08:05:54.544+0000 7fe1915be640 1 --2- 172.21.15.22:0/583234388 >> [v2:172.21.15.22:6800/4065414102,v1:172.21.15.22:6801/4065414102] conn(0x7fe1780391b0 0x7fe17803b670 unknown :-1 s=CLOSED pgs=12 cs=0 l=1 rev1=1 crypto rx=0 tx=0 comp rx=0 tx=0).stop
2024-09-19T08:05:55.261 INFO:teuthology.orchestra.run.smithi022.stdout:/usr/bin/ceph: stderr
2024-09-19T08:05:54.544+0000 7fe1915be640 1 --2- 172.21.15.22:0/583234388 >> [v2:172.21.15.22:3300/0,v1:172.21.15.22:6789/0] conn(0x7fe18c108200 0x7fe18c19b710 unknown :-1 s=CLOSED pgs=46 cs=0 l=1 rev1=1 crypto rx=0 tx=0 comp rx=0 tx=0).stop
2024-09-19T08:05:55.261 INFO:teuthology.orchestra.run.smithi022.stdout:/usr/bin/ceph: stderr
2024-09-19T08:05:54.544+0000 7fe1915be640 1 -- 172.21.15.22:0/583234388 >> 172.21.15.22:0/583234388 conn(0x7fe18c101da0 msgr2=0x7fe18c102950 unknown :-1 s=STATE_NONE l=0).mark_down
2024-09-19T08:05:55.261 INFO:teuthology.orchestra.run.smithi022.stdout:/usr/bin/ceph: stderr
2024-09-19T08:05:54.544+0000 7fe1915be640 1 -- 172.21.15.22:0/583234388 shutdown_connections
2024-09-19T08:05:55.262 INFO:teuthology.orchestra.run.smithi022.stdout:/usr/bin/ceph: stderr
2024-09-19T08:05:54.544+0000 7fe1915be640 1 -- 172.21.15.22:0/583234388 wait complete.
2024-09-19T08:05:55.262 INFO:teuthology.orchestra.run.smithi022.stdout:Deploying unmanaged mgr service...
2024-09-19T08:05:55.845 INFO:journalctl@ceph.mon.a.smithi022.stdout:Sep 19 08:05:55 smithi022 ceph-mon[30963]: from='client.14140 -' entity='client.admin' cmd=[{"prefix": "orch apply", "service_type": "mon", "unmanaged": true, "target": ["mon-mgr", ""]}]: dispatch
2024-09-19T08:05:55.846 INFO:journalctl@ceph.mon.a.smithi022.stdout:Sep 19 08:05:55 smithi022 ceph-mon[30963]: Saving service mon spec with placement count:5
2024-09-19T08:05:55.846 INFO:journalctl@ceph.mon.a.smithi022.stdout:Sep 19 08:05:55 smithi022 ceph-mon[30963]: from='mgr.14118 172.21.15.22:0/318949662' entity='mgr.x'
2024-09-19T08:05:57.180 INFO:journalctl@ceph.mon.a.smithi022.stdout:Sep 19 08:05:56 smithi022 ceph-mon[30963]: from='client.14142 -' entity='client.admin' cmd=[{"prefix": "orch apply", "service_type": "mgr", "unmanaged": true, "target": ["mon-mgr", ""]}]: dispatch
2024-09-19T08:05:57.180 INFO:journalctl@ceph.mon.a.smithi022.stdout:Sep 19 08:05:56 smithi022 ceph-mon[30963]: Saving service mgr spec with placement count:2
2024-09-19T08:05:57.180 INFO:journalctl@ceph.mon.a.smithi022.stdout:Sep 19 08:05:56 smithi022 ceph-mon[30963]: from='mgr.14118 172.21.15.22:0/318949662' entity='mgr.x'
2024-09-19T08:05:57.188 INFO:teuthology.orchestra.run.smithi022.stdout:/usr/bin/ceph: stdout Scheduled mgr update...
2024-09-19T08:05:57.188 INFO:teuthology.orchestra.run.smithi022.stdout:/usr/bin/ceph: stderr
2024-09-19T08:05:55.641+0000 7f2682251640 1 Processor -- start
2024-09-19T08:05:57.188 INFO:teuthology.orchestra.run.smithi022.stdout:/usr/bin/ceph: stderr
2024-09-19T08:05:55.641+0000 7f2682251640 1 -- start start
2024-09-19T08:05:57.188 INFO:teuthology.orchestra.run.smithi022.stdout:/usr/bin/ceph: stderr
2024-09-19T08:05:55.641+0000 7f2682251640 1 --2- >> [v2:172.21.15.22:3300/0,v1:172.21.15.22:6789/0] conn(0x7f267c107720 0x7f267c107b20 unknown :-1 s=NONE pgs=0 cs=0 l=0 rev1=0 crypto rx=0 tx=0 comp rx=0 tx=0).connect
2024-09-19T08:05:57.189 INFO:teuthology.orchestra.run.smithi022.stdout:/usr/bin/ceph: stderr
2024-09-19T08:05:55.641+0000 7f2682251640 1 -- --> [v2:172.21.15.22:3300/0,v1:172.21.15.22:6789/0] -- mon_getmap magic: 0 -- 0x7f267c1080f0 con 0x7f267c107720
2024-09-19T08:05:57.189 INFO:teuthology.orchestra.run.smithi022.stdout:/usr/bin/ceph: stderr
2024-09-19T08:05:55.642+0000 7f267b7fe640 1 --2- >> [v2:172.21.15.22:3300/0,v1:172.21.15.22:6789/0] conn(0x7f267c107720 0x7f267c107b20 unknown :-1 s=BANNER_CONNECTING pgs=0 cs=0 l=0 rev1=0 crypto rx=0 tx=0 comp rx=0 tx=0)._handle_peer_banner_payload supported=3 required=0
2024-09-19T08:05:57.189 INFO:teuthology.orchestra.run.smithi022.stdout:/usr/bin/ceph: stderr
2024-09-19T08:05:55.642+0000 7f267b7fe640 1 --2- >> [v2:172.21.15.22:3300/0,v1:172.21.15.22:6789/0] conn(0x7f267c107720 0x7f267c107b20 unknown :-1 s=HELLO_CONNECTING pgs=0 cs=0 l=0 rev1=1 crypto rx=0 tx=0 comp rx=0 tx=0).handle_hello peer v2:172.21.15.22:3300/0 says I am v2:172.21.15.22:51750/0 (socket says 172.21.15.22:51750)
2024-09-19T08:05:57.189 INFO:teuthology.orchestra.run.smithi022.stdout:/usr/bin/ceph: stderr
2024-09-19T08:05:55.642+0000 7f267b7fe640 1 -- 172.21.15.22:0/893029256 learned_addr learned my addr 172.21.15.22:0/893029256 (peer_addr_for_me v2:172.21.15.22:0/0)
2024-09-19T08:05:57.189 INFO:teuthology.orchestra.run.smithi022.stdout:/usr/bin/ceph: stderr
2024-09-19T08:05:55.642+0000 7f267b7fe640 1 -- 172.21.15.22:0/893029256 --> [v2:172.21.15.22:3300/0,v1:172.21.15.22:6789/0] -- mon_subscribe({config=0+,monmap=0+}) -- 0x7f267c1088d0 con 0x7f267c107720
2024-09-19T08:05:57.189 INFO:teuthology.orchestra.run.smithi022.stdout:/usr/bin/ceph: stderr
2024-09-19T08:05:55.643+0000 7f267b7fe640 1 --2- 172.21.15.22:0/893029256 >> [v2:172.21.15.22:3300/0,v1:172.21.15.22:6789/0] conn(0x7f267c107720 0x7f267c107b20 secure :-1 s=READY pgs=47 cs=0 l=1 rev1=1 crypto rx=0x7f266c009820 tx=0x7f266c02a270 comp rx=0 tx=0).ready entity=mon.0 client_cookie=9a3a17b1ceed5932 server_cookie=0 in_seq=0 out_seq=0
2024-09-19T08:05:57.189 INFO:teuthology.orchestra.run.smithi022.stdout:/usr/bin/ceph: stderr
2024-09-19T08:05:55.643+0000 7f267affd640 1 -- 172.21.15.22:0/893029256 <== mon.0 v2:172.21.15.22:3300/0 1 ==== mon_map magic: 0 ==== 205+0+0 (secure 0 0 0) 0x7f266c037070 con 0x7f267c107720
2024-09-19T08:05:57.189 INFO:teuthology.orchestra.run.smithi022.stdout:/usr/bin/ceph: stderr
2024-09-19T08:05:55.643+0000 7f267affd640 1 -- 172.21.15.22:0/893029256 <== mon.0 v2:172.21.15.22:3300/0 2 ==== config(27 keys) ==== 1109+0+0 (secure 0 0 0) 0x7f266c032900 con 0x7f267c107720
2024-09-19T08:05:57.189 INFO:teuthology.orchestra.run.smithi022.stdout:/usr/bin/ceph: stderr
2024-09-19T08:05:55.643+0000 7f267affd640 1 -- 172.21.15.22:0/893029256 <== mon.0 v2:172.21.15.22:3300/0 3 ==== mon_map magic: 0 ==== 205+0+0 (secure 0 0 0) 0x7f266c030850 con 0x7f267c107720
2024-09-19T08:05:57.189 INFO:teuthology.orchestra.run.smithi022.stdout:/usr/bin/ceph: stderr
2024-09-19T08:05:55.644+0000 7f2682251640 1 -- 172.21.15.22:0/893029256 >> [v2:172.21.15.22:3300/0,v1:172.21.15.22:6789/0] conn(0x7f267c107720 msgr2=0x7f267c107b20 secure :-1 s=STATE_CONNECTION_ESTABLISHED l=1).mark_down
2024-09-19T08:05:57.189 INFO:teuthology.orchestra.run.smithi022.stdout:/usr/bin/ceph: stderr
2024-09-19T08:05:55.644+0000 7f2682251640 1 --2- 172.21.15.22:0/893029256 >> [v2:172.21.15.22:3300/0,v1:172.21.15.22:6789/0] conn(0x7f267c107720 0x7f267c107b20 secure :-1 s=READY pgs=47 cs=0 l=1 rev1=1 crypto rx=0x7f266c009820 tx=0x7f266c02a270 comp rx=0 tx=0).stop
2024-09-19T08:05:57.190 INFO:teuthology.orchestra.run.smithi022.stdout:/usr/bin/ceph: stderr
2024-09-19T08:05:55.644+0000 7f2682251640 1 -- 172.21.15.22:0/893029256 shutdown_connections
2024-09-19T08:05:57.190 INFO:teuthology.orchestra.run.smithi022.stdout:/usr/bin/ceph: stderr
2024-09-19T08:05:55.644+0000 7f2682251640 1 --2- 172.21.15.22:0/893029256 >> [v2:172.21.15.22:3300/0,v1:172.21.15.22:6789/0] conn(0x7f267c107720 0x7f267c107b20 unknown :-1 s=CLOSED pgs=47 cs=0 l=1 rev1=1 crypto rx=0 tx=0 comp rx=0 tx=0).stop
2024-09-19T08:05:57.190 INFO:teuthology.orchestra.run.smithi022.stdout:/usr/bin/ceph: stderr
2024-09-19T08:05:55.644+0000 7f2682251640 1 -- 172.21.15.22:0/893029256 >> 172.21.15.22:0/893029256 conn(0x7f267c102ef0 msgr2=0x7f267c105310 unknown :-1 s=STATE_NONE l=0).mark_down
2024-09-19T08:05:57.190 INFO:teuthology.orchestra.run.smithi022.stdout:/usr/bin/ceph: stderr
2024-09-19T08:05:55.644+0000 7f2682251640 1 -- 172.21.15.22:0/893029256 shutdown_connections
2024-09-19T08:05:57.190 INFO:teuthology.orchestra.run.smithi022.stdout:/usr/bin/ceph: stderr
2024-09-19T08:05:55.644+0000 7f2682251640 1 -- 172.21.15.22:0/893029256 wait complete.
2024-09-19T08:05:57.190 INFO:teuthology.orchestra.run.smithi022.stdout:/usr/bin/ceph: stderr
2024-09-19T08:05:55.644+0000 7f2682251640 1 Processor -- start
2024-09-19T08:05:57.190 INFO:teuthology.orchestra.run.smithi022.stdout:/usr/bin/ceph: stderr
2024-09-19T08:05:55.644+0000 7f2682251640 1 -- start start
2024-09-19T08:05:57.190 INFO:teuthology.orchestra.run.smithi022.stdout:/usr/bin/ceph: stderr
2024-09-19T08:05:55.645+0000 7f2682251640 1 --2- >> [v2:172.21.15.22:3300/0,v1:172.21.15.22:6789/0] conn(0x7f267c107720 0x7f267c07db70 unknown :-1 s=NONE pgs=0 cs=0 l=1 rev1=0 crypto rx=0 tx=0 comp rx=0 tx=0).connect
2024-09-19T08:05:57.190 INFO:teuthology.orchestra.run.smithi022.stdout:/usr/bin/ceph: stderr
2024-09-19T08:05:55.645+0000 7f2682251640 1 -- --> [v2:172.21.15.22:3300/0,v1:172.21.15.22:6789/0] -- mon_getmap magic: 0 -- 0x7f267c10bc80 con 0x7f267c107720
2024-09-19T08:05:57.190 INFO:teuthology.orchestra.run.smithi022.stdout:/usr/bin/ceph: stderr
2024-09-19T08:05:55.645+0000 7f267b7fe640 1 --2- >> [v2:172.21.15.22:3300/0,v1:172.21.15.22:6789/0] conn(0x7f267c107720 0x7f267c07db70 unknown :-1 s=BANNER_CONNECTING pgs=0 cs=0 l=1 rev1=0 crypto rx=0 tx=0 comp rx=0 tx=0)._handle_peer_banner_payload supported=3 required=0
2024-09-19T08:05:57.190 INFO:teuthology.orchestra.run.smithi022.stdout:/usr/bin/ceph: stderr
2024-09-19T08:05:55.645+0000 7f267b7fe640 1 --2- >> [v2:172.21.15.22:3300/0,v1:172.21.15.22:6789/0] conn(0x7f267c107720 0x7f267c07db70 unknown :-1 s=HELLO_CONNECTING pgs=0 cs=0 l=1 rev1=1 crypto rx=0 tx=0 comp rx=0 tx=0).handle_hello peer v2:172.21.15.22:3300/0 says I am v2:172.21.15.22:51760/0 (socket says 172.21.15.22:51760)
2024-09-19T08:05:57.190 INFO:teuthology.orchestra.run.smithi022.stdout:/usr/bin/ceph: stderr
2024-09-19T08:05:55.645+0000 7f267b7fe640 1 -- 172.21.15.22:0/165121210 learned_addr learned my addr 172.21.15.22:0/165121210 (peer_addr_for_me v2:172.21.15.22:0/0)
2024-09-19T08:05:57.190 INFO:teuthology.orchestra.run.smithi022.stdout:/usr/bin/ceph: stderr
2024-09-19T08:05:55.645+0000 7f267b7fe640 1 -- 172.21.15.22:0/165121210 --> [v2:172.21.15.22:3300/0,v1:172.21.15.22:6789/0] -- mon_subscribe({config=0+,monmap=0+}) -- 0x7f267c07e0b0 con 0x7f267c107720
2024-09-19T08:05:57.191 INFO:teuthology.orchestra.run.smithi022.stdout:/usr/bin/ceph: stderr
2024-09-19T08:05:55.645+0000 7f267b7fe640 1 --2- 172.21.15.22:0/165121210 >> [v2:172.21.15.22:3300/0,v1:172.21.15.22:6789/0] conn(0x7f267c107720 0x7f267c07db70 secure :-1 s=READY pgs=48 cs=0 l=1 rev1=1 crypto rx=0x7f266c009940 tx=0x7f266c032ce0 comp rx=0 tx=0).ready entity=mon.0 client_cookie=0 server_cookie=0 in_seq=0 out_seq=0
2024-09-19T08:05:57.191 INFO:teuthology.orchestra.run.smithi022.stdout:/usr/bin/ceph: stderr
2024-09-19T08:05:55.645+0000 7f26797fa640 1 -- 172.21.15.22:0/165121210 <== mon.0 v2:172.21.15.22:3300/0 1 ==== mon_map magic: 0 ==== 205+0+0 (secure 0 0 0) 0x7f266c042070 con 0x7f267c107720
2024-09-19T08:05:57.191 INFO:teuthology.orchestra.run.smithi022.stdout:/usr/bin/ceph: stderr
2024-09-19T08:05:55.645+0000 7f26797fa640 1 -- 172.21.15.22:0/165121210 <== mon.0 v2:172.21.15.22:3300/0 2 ==== config(27 keys) ==== 1109+0+0 (secure 0 0 0) 0x7f266c0308c0 con 0x7f267c107720
2024-09-19T08:05:57.191 INFO:teuthology.orchestra.run.smithi022.stdout:/usr/bin/ceph: stderr
2024-09-19T08:05:55.645+0000 7f2682251640 1 -- 172.21.15.22:0/165121210 --> [v2:172.21.15.22:3300/0,v1:172.21.15.22:6789/0] -- mon_subscribe({mgrmap=0+}) -- 0x7f267c07c2a0 con 0x7f267c107720
2024-09-19T08:05:57.191 INFO:teuthology.orchestra.run.smithi022.stdout:/usr/bin/ceph: stderr
2024-09-19T08:05:55.645+0000 7f26797fa640 1 -- 172.21.15.22:0/165121210 <== mon.0 v2:172.21.15.22:3300/0 3 ==== mon_map magic: 0 ==== 205+0+0 (secure 0 0 0) 0x7f266c037040 con 0x7f267c107720
2024-09-19T08:05:57.191 INFO:teuthology.orchestra.run.smithi022.stdout:/usr/bin/ceph: stderr
2024-09-19T08:05:55.646+0000 7f2682251640 1 -- 172.21.15.22:0/165121210 --> [v2:172.21.15.22:3300/0,v1:172.21.15.22:6789/0] -- mon_subscribe({osdmap=0}) -- 0x7f267c07c7e0 con 0x7f267c107720
2024-09-19T08:05:57.191 INFO:teuthology.orchestra.run.smithi022.stdout:/usr/bin/ceph: stderr
2024-09-19T08:05:55.646+0000 7f26797fa640 1 -- 172.21.15.22:0/165121210 <== mon.0 v2:172.21.15.22:3300/0 4 ==== mgrmap(e 8) ==== 46461+0+0 (secure 0 0 0) 0x7f266c045070 con 0x7f267c107720
2024-09-19T08:05:57.191 INFO:teuthology.orchestra.run.smithi022.stdout:/usr/bin/ceph: stderr
2024-09-19T08:05:55.647+0000 7f2682251640 1 -- 172.21.15.22:0/165121210 --> [v2:172.21.15.22:3300/0,v1:172.21.15.22:6789/0] -- mon_command({"prefix": "get_command_descriptions"} v 0) -- 0x7f267c107ba0 con 0x7f267c107720
2024-09-19T08:05:57.191 INFO:teuthology.orchestra.run.smithi022.stdout:/usr/bin/ceph: stderr
2024-09-19T08:05:55.647+0000 7f26797fa640 1 --2- 172.21.15.22:0/165121210 >> [v2:172.21.15.22:6800/4065414102,v1:172.21.15.22:6801/4065414102] conn(0x7f26680391b0 0x7f266803b670 unknown :-1 s=NONE pgs=0 cs=0 l=1 rev1=0 crypto rx=0 tx=0 comp rx=0 tx=0).connect
2024-09-19T08:05:57.191 INFO:teuthology.orchestra.run.smithi022.stdout:/usr/bin/ceph: stderr
2024-09-19T08:05:55.647+0000 7f26797fa640 1 -- 172.21.15.22:0/165121210 <== mon.0 v2:172.21.15.22:3300/0 5 ==== osd_map(2..2 src has 1..2) ==== 940+0+0 (secure 0 0 0) 0x7f266c06c360 con 0x7f267c107720
2024-09-19T08:05:57.191 INFO:teuthology.orchestra.run.smithi022.stdout:/usr/bin/ceph: stderr
2024-09-19T08:05:55.647+0000 7f2672ffd640 1 --2- 172.21.15.22:0/165121210 >> [v2:172.21.15.22:6800/4065414102,v1:172.21.15.22:6801/4065414102] conn(0x7f26680391b0 0x7f266803b670 unknown :-1 s=BANNER_CONNECTING pgs=0 cs=0 l=1 rev1=0 crypto rx=0 tx=0 comp rx=0 tx=0)._handle_peer_banner_payload supported=3 required=0
2024-09-19T08:05:57.191 INFO:teuthology.orchestra.run.smithi022.stdout:/usr/bin/ceph: stderr
2024-09-19T08:05:55.647+0000 7f2672ffd640 1 --2- 172.21.15.22:0/165121210 >> [v2:172.21.15.22:6800/4065414102,v1:172.21.15.22:6801/4065414102] conn(0x7f26680391b0 0x7f266803b670 secure :-1 s=READY pgs=13 cs=0 l=1 rev1=1 crypto rx=0x7f26640098c0 tx=0x7f2664006db0 comp rx=0 tx=0).ready entity=mgr.14118 client_cookie=0 server_cookie=0 in_seq=0 out_seq=0
2024-09-19T08:05:57.191 INFO:teuthology.orchestra.run.smithi022.stdout:/usr/bin/ceph: stderr
2024-09-19T08:05:55.652+0000 7f26797fa640 1 -- 172.21.15.22:0/165121210 <== mon.0 v2:172.21.15.22:3300/0 6 ==== mon_command_ack([{"prefix": "get_command_descriptions"}]=0 v0) ==== 72+0+188913 (secure 0 0 0) 0x7f266c03cd90 con 0x7f267c107720
2024-09-19T08:05:57.192 INFO:teuthology.orchestra.run.smithi022.stdout:/usr/bin/ceph: stderr
2024-09-19T08:05:55.845+0000 7f2682251640 1 -- 172.21.15.22:0/165121210 --> [v2:172.21.15.22:6800/4065414102,v1:172.21.15.22:6801/4065414102] -- mgr_command(tid 0: {"prefix": "orch apply", "service_type": "mgr", "unmanaged": true, "target": ["mon-mgr", ""]}) -- 0x7f267c104130 con 0x7f26680391b0
2024-09-19T08:05:57.192 INFO:teuthology.orchestra.run.smithi022.stdout:/usr/bin/ceph: stderr
2024-09-19T08:05:55.850+0000 7f26797fa640 1 -- 172.21.15.22:0/165121210 <== mgr.14118 v2:172.21.15.22:6800/4065414102 1 ==== mgr_command_reply(tid 0: 0 ) ==== 8+0+24 (secure 0 0 0) 0x7f267c104130 con 0x7f26680391b0
2024-09-19T08:05:57.192 INFO:teuthology.orchestra.run.smithi022.stdout:/usr/bin/ceph: stderr
2024-09-19T08:05:55.852+0000 7f2682251640 1 -- 172.21.15.22:0/165121210 >> [v2:172.21.15.22:6800/4065414102,v1:172.21.15.22:6801/4065414102] conn(0x7f26680391b0 msgr2=0x7f266803b670 secure :-1 s=STATE_CONNECTION_ESTABLISHED l=1).mark_down
2024-09-19T08:05:57.192 INFO:teuthology.orchestra.run.smithi022.stdout:/usr/bin/ceph: stderr
2024-09-19T08:05:55.852+0000 7f2682251640 1 --2- 172.21.15.22:0/165121210 >> [v2:172.21.15.22:6800/4065414102,v1:172.21.15.22:6801/4065414102] conn(0x7f26680391b0 0x7f266803b670 secure :-1 s=READY pgs=13 cs=0 l=1 rev1=1 crypto rx=0x7f26640098c0 tx=0x7f2664006db0 comp rx=0 tx=0).stop
2024-09-19T08:05:57.192 INFO:teuthology.orchestra.run.smithi022.stdout:/usr/bin/ceph: stderr
2024-09-19T08:05:55.852+0000 7f2682251640 1 -- 172.21.15.22:0/165121210 >> [v2:172.21.15.22:3300/0,v1:172.21.15.22:6789/0] conn(0x7f267c107720 msgr2=0x7f267c07db70 secure :-1 s=STATE_CONNECTION_ESTABLISHED l=1).mark_down
2024-09-19T08:05:57.192 INFO:teuthology.orchestra.run.smithi022.stdout:/usr/bin/ceph: stderr
2024-09-19T08:05:55.852+0000 7f2682251640 1 --2- 172.21.15.22:0/165121210 >> [v2:172.21.15.22:3300/0,v1:172.21.15.22:6789/0] conn(0x7f267c107720 0x7f267c07db70 secure :-1 s=READY pgs=48 cs=0 l=1 rev1=1 crypto rx=0x7f266c009940 tx=0x7f266c032ce0 comp rx=0 tx=0).stop
2024-09-19T08:05:57.192 INFO:teuthology.orchestra.run.smithi022.stdout:/usr/bin/ceph: stderr
2024-09-19T08:05:55.852+0000 7f2682251640 1 -- 172.21.15.22:0/165121210 shutdown_connections
2024-09-19T08:05:57.192 INFO:teuthology.orchestra.run.smithi022.stdout:/usr/bin/ceph: stderr
2024-09-19T08:05:55.852+0000 7f2682251640 1 --2- 172.21.15.22:0/165121210 >> [v2:172.21.15.22:6800/4065414102,v1:172.21.15.22:6801/4065414102] conn(0x7f26680391b0 0x7f266803b670 unknown :-1 s=CLOSED pgs=13 cs=0 l=1 rev1=1 crypto rx=0 tx=0 comp rx=0 tx=0).stop
2024-09-19T08:05:57.192 INFO:teuthology.orchestra.run.smithi022.stdout:/usr/bin/ceph: stderr
2024-09-19T08:05:55.852+0000 7f2682251640 1 --2- 172.21.15.22:0/165121210 >> [v2:172.21.15.22:3300/0,v1:172.21.15.22:6789/0] conn(0x7f267c107720 0x7f267c07db70 unknown :-1 s=CLOSED pgs=48 cs=0 l=1 rev1=1 crypto rx=0 tx=0 comp rx=0 tx=0).stop
2024-09-19T08:05:57.192 INFO:teuthology.orchestra.run.smithi022.stdout:/usr/bin/ceph: stderr
2024-09-19T08:05:55.852+0000 7f2682251640 1 -- 172.21.15.22:0/165121210 >> 172.21.15.22:0/165121210 conn(0x7f267c102ef0 msgr2=0x7f267c103a20 unknown :-1 s=STATE_NONE l=0).mark_down
2024-09-19T08:05:57.192 INFO:teuthology.orchestra.run.smithi022.stdout:/usr/bin/ceph: stderr
2024-09-19T08:05:55.852+0000 7f2682251640 1 -- 172.21.15.22:0/165121210 shutdown_connections
2024-09-19T08:05:57.192 INFO:teuthology.orchestra.run.smithi022.stdout:/usr/bin/ceph: stderr
2024-09-19T08:05:55.852+0000 7f2682251640 1 -- 172.21.15.22:0/165121210 wait complete.
2024-09-19T08:05:58.089 INFO:journalctl@ceph.mon.a.smithi022.stdout:Sep 19 08:05:57 smithi022 ceph-mon[30963]: from='mgr.14118 172.21.15.22:0/318949662' entity='mgr.x'
2024-09-19T08:05:58.089 INFO:journalctl@ceph.mon.a.smithi022.stdout:Sep 19 08:05:57 smithi022 ceph-mon[30963]: from='mgr.14118 172.21.15.22:0/318949662' entity='mgr.x'
2024-09-19T08:05:59.116 INFO:journalctl@ceph.mon.a.smithi022.stdout:Sep 19 08:05:58 smithi022 ceph-mon[30963]: from='client.? 172.21.15.22:0/2081150542' entity='client.admin'
2024-09-19T08:05:59.117 INFO:journalctl@ceph.mon.a.smithi022.stdout:Sep 19 08:05:58 smithi022 ceph-mon[30963]: from='mgr.14118 172.21.15.22:0/318949662' entity='mgr.x'
2024-09-19T08:05:59.123 INFO:teuthology.orchestra.run.smithi022.stdout:/usr/bin/ceph: stderr
2024-09-19T08:05:57.687+0000 7f7c96b58640 1 Processor -- start
2024-09-19T08:05:59.123 INFO:teuthology.orchestra.run.smithi022.stdout:/usr/bin/ceph: stderr
2024-09-19T08:05:57.687+0000 7f7c96b58640 1 -- start start
2024-09-19T08:05:59.123 INFO:teuthology.orchestra.run.smithi022.stdout:/usr/bin/ceph: stderr
2024-09-19T08:05:57.687+0000 7f7c96b58640 1 --2- >> [v2:172.21.15.22:3300/0,v1:172.21.15.22:6789/0] conn(0x7f7c901081a0 0x7f7c9010a590 unknown :-1 s=NONE pgs=0 cs=0 l=0 rev1=0 crypto rx=0 tx=0 comp rx=0 tx=0).connect
2024-09-19T08:05:59.123 INFO:teuthology.orchestra.run.smithi022.stdout:/usr/bin/ceph: stderr
2024-09-19T08:05:57.687+0000 7f7c96b58640 1 -- --> [v2:172.21.15.22:3300/0,v1:172.21.15.22:6789/0] -- mon_getmap magic: 0 -- 0x7f7c9007be70 con 0x7f7c901081a0
2024-09-19T08:05:59.123 INFO:teuthology.orchestra.run.smithi022.stdout:/usr/bin/ceph: stderr
2024-09-19T08:05:57.687+0000 7f7c948f4640 1 --2- >> [v2:172.21.15.22:3300/0,v1:172.21.15.22:6789/0] conn(0x7f7c901081a0 0x7f7c9010a590 unknown :-1 s=BANNER_CONNECTING pgs=0 cs=0 l=0 rev1=0 crypto rx=0 tx=0 comp rx=0 tx=0)._handle_peer_banner_payload supported=3 required=0
2024-09-19T08:05:59.123 INFO:teuthology.orchestra.run.smithi022.stdout:/usr/bin/ceph: stderr
2024-09-19T08:05:57.687+0000 7f7c948f4640 1 --2- >> [v2:172.21.15.22:3300/0,v1:172.21.15.22:6789/0] conn(0x7f7c901081a0 0x7f7c9010a590 unknown :-1 s=HELLO_CONNECTING pgs=0 cs=0 l=0 rev1=1 crypto rx=0 tx=0 comp rx=0 tx=0).handle_hello peer v2:172.21.15.22:3300/0 says I am v2:172.21.15.22:59958/0 (socket says 172.21.15.22:59958)
2024-09-19T08:05:59.123 INFO:teuthology.orchestra.run.smithi022.stdout:/usr/bin/ceph: stderr
2024-09-19T08:05:57.687+0000 7f7c948f4640 1 -- 172.21.15.22:0/1922464821 learned_addr learned my addr 172.21.15.22:0/1922464821 (peer_addr_for_me v2:172.21.15.22:0/0)
2024-09-19T08:05:59.123 INFO:teuthology.orchestra.run.smithi022.stdout:/usr/bin/ceph: stderr
2024-09-19T08:05:57.688+0000 7f7c948f4640 1 -- 172.21.15.22:0/1922464821 --> [v2:172.21.15.22:3300/0,v1:172.21.15.22:6789/0] -- mon_subscribe({config=0+,monmap=0+}) -- 0x7f7c9010aad0 con 0x7f7c901081a0
2024-09-19T08:05:59.124 INFO:teuthology.orchestra.run.smithi022.stdout:/usr/bin/ceph: stderr
2024-09-19T08:05:57.688+0000 7f7c948f4640 1 --2- 172.21.15.22:0/1922464821 >> [v2:172.21.15.22:3300/0,v1:172.21.15.22:6789/0] conn(0x7f7c901081a0 0x7f7c9010a590 secure :-1 s=READY pgs=49 cs=0 l=1 rev1=1 crypto rx=0x7f7c84009820 tx=0x7f7c8402a270 comp rx=0 tx=0).ready entity=mon.0 client_cookie=e841fe4668355441 server_cookie=0 in_seq=0 out_seq=0
2024-09-19T08:05:59.124 INFO:teuthology.orchestra.run.smithi022.stdout:/usr/bin/ceph: stderr
2024-09-19T08:05:57.688+0000 7f7c8f7fe640 1 -- 172.21.15.22:0/1922464821 <== mon.0 v2:172.21.15.22:3300/0 1 ==== mon_map magic: 0 ==== 205+0+0 (secure 0 0 0) 0x7f7c84037070 con 0x7f7c901081a0
2024-09-19T08:05:59.124 INFO:teuthology.orchestra.run.smithi022.stdout:/usr/bin/ceph: stderr
2024-09-19T08:05:57.689+0000 7f7c8f7fe640 1 -- 172.21.15.22:0/1922464821 <== mon.0 v2:172.21.15.22:3300/0 2 ==== config(27 keys) ==== 1140+0+0 (secure 0 0 0) 0x7f7c84032920 con 0x7f7c901081a0
2024-09-19T08:05:59.124 INFO:teuthology.orchestra.run.smithi022.stdout:/usr/bin/ceph: stderr
2024-09-19T08:05:57.689+0000 7f7c8f7fe640 1 -- 172.21.15.22:0/1922464821 <== mon.0 v2:172.21.15.22:3300/0 3 ==== mon_map magic: 0 ==== 205+0+0 (secure 0 0 0) 0x7f7c84030810 con 0x7f7c901081a0
2024-09-19T08:05:59.124 INFO:teuthology.orchestra.run.smithi022.stdout:/usr/bin/ceph: stderr
2024-09-19T08:05:57.689+0000 7f7c96b58640 1 -- 172.21.15.22:0/1922464821 >> [v2:172.21.15.22:3300/0,v1:172.21.15.22:6789/0] conn(0x7f7c901081a0 msgr2=0x7f7c9010a590 secure :-1 s=STATE_CONNECTION_ESTABLISHED l=1).mark_down
2024-09-19T08:05:59.124 INFO:teuthology.orchestra.run.smithi022.stdout:/usr/bin/ceph: stderr
2024-09-19T08:05:57.689+0000 7f7c96b58640 1 --2- 172.21.15.22:0/1922464821 >> [v2:172.21.15.22:3300/0,v1:172.21.15.22:6789/0] conn(0x7f7c901081a0 0x7f7c9010a590 secure :-1 s=READY pgs=49 cs=0 l=1 rev1=1 crypto rx=0x7f7c84009820 tx=0x7f7c8402a270 comp rx=0 tx=0).stop
2024-09-19T08:05:59.124 INFO:teuthology.orchestra.run.smithi022.stdout:/usr/bin/ceph: stderr
2024-09-19T08:05:57.689+0000 7f7c96b58640 1 -- 172.21.15.22:0/1922464821 shutdown_connections
2024-09-19T08:05:59.124 INFO:teuthology.orchestra.run.smithi022.stdout:/usr/bin/ceph: stderr
2024-09-19T08:05:57.689+0000 7f7c96b58640 1 --2- 172.21.15.22:0/1922464821 >> [v2:172.21.15.22:3300/0,v1:172.21.15.22:6789/0] conn(0x7f7c901081a0 0x7f7c9010a590 unknown :-1 s=CLOSED pgs=49 cs=0 l=1 rev1=1 crypto rx=0 tx=0 comp rx=0 tx=0).stop
2024-09-19T08:05:59.124 INFO:teuthology.orchestra.run.smithi022.stdout:/usr/bin/ceph: stderr
2024-09-19T08:05:57.689+0000 7f7c96b58640 1 -- 172.21.15.22:0/1922464821 >> 172.21.15.22:0/1922464821 conn(0x7f7c90101e20 msgr2=0x7f7c90104240 unknown :-1 s=STATE_NONE l=0).mark_down
2024-09-19T08:05:59.124 INFO:teuthology.orchestra.run.smithi022.stdout:/usr/bin/ceph: stderr
2024-09-19T08:05:57.689+0000 7f7c96b58640 1 -- 172.21.15.22:0/1922464821 shutdown_connections
2024-09-19T08:05:59.124 INFO:teuthology.orchestra.run.smithi022.stdout:/usr/bin/ceph: stderr
2024-09-19T08:05:57.689+0000 7f7c96b58640 1 -- 172.21.15.22:0/1922464821 wait complete.
2024-09-19T08:05:59.124 INFO:teuthology.orchestra.run.smithi022.stdout:/usr/bin/ceph: stderr
2024-09-19T08:05:57.690+0000 7f7c96b58640 1 Processor -- start
2024-09-19T08:05:59.124 INFO:teuthology.orchestra.run.smithi022.stdout:/usr/bin/ceph: stderr
2024-09-19T08:05:57.690+0000 7f7c96b58640 1 -- start start
2024-09-19T08:05:59.125 INFO:teuthology.orchestra.run.smithi022.stdout:/usr/bin/ceph: stderr
2024-09-19T08:05:57.690+0000 7f7c96b58640 1 --2- >> [v2:172.21.15.22:3300/0,v1:172.21.15.22:6789/0] conn(0x7f7c901081a0 0x7f7c9019b710 unknown :-1 s=NONE pgs=0 cs=0 l=1 rev1=0 crypto rx=0 tx=0 comp rx=0 tx=0).connect
2024-09-19T08:05:59.125 INFO:teuthology.orchestra.run.smithi022.stdout:/usr/bin/ceph: stderr
2024-09-19T08:05:57.690+0000 7f7c96b58640 1 -- --> [v2:172.21.15.22:3300/0,v1:172.21.15.22:6789/0] -- mon_getmap magic: 0 -- 0x7f7c9010bb50 con 0x7f7c901081a0
2024-09-19T08:05:59.125 INFO:teuthology.orchestra.run.smithi022.stdout:/usr/bin/ceph: stderr
2024-09-19T08:05:57.690+0000 7f7c948f4640 1 --2- >> [v2:172.21.15.22:3300/0,v1:172.21.15.22:6789/0] conn(0x7f7c901081a0 0x7f7c9019b710 unknown :-1 s=BANNER_CONNECTING pgs=0 cs=0 l=1 rev1=0 crypto rx=0 tx=0 comp rx=0 tx=0)._handle_peer_banner_payload supported=3 required=0
2024-09-19T08:05:59.125 INFO:teuthology.orchestra.run.smithi022.stdout:/usr/bin/ceph: stderr
2024-09-19T08:05:57.690+0000 7f7c948f4640 1 --2- >> [v2:172.21.15.22:3300/0,v1:172.21.15.22:6789/0] conn(0x7f7c901081a0 0x7f7c9019b710 unknown :-1 s=HELLO_CONNECTING pgs=0 cs=0 l=1 rev1=1 crypto rx=0 tx=0 comp rx=0 tx=0).handle_hello peer v2:172.21.15.22:3300/0 says I am v2:172.21.15.22:59974/0 (socket says 172.21.15.22:59974)
2024-09-19T08:05:59.125 INFO:teuthology.orchestra.run.smithi022.stdout:/usr/bin/ceph: stderr
2024-09-19T08:05:57.690+0000 7f7c948f4640 1 -- 172.21.15.22:0/2081150542 learned_addr learned my addr 172.21.15.22:0/2081150542 (peer_addr_for_me v2:172.21.15.22:0/0)
2024-09-19T08:05:59.125 INFO:teuthology.orchestra.run.smithi022.stdout:/usr/bin/ceph: stderr
2024-09-19T08:05:57.690+0000 7f7c948f4640 1 -- 172.21.15.22:0/2081150542 --> [v2:172.21.15.22:3300/0,v1:172.21.15.22:6789/0] -- mon_subscribe({config=0+,monmap=0+}) -- 0x7f7c9019bc50 con 0x7f7c901081a0
2024-09-19T08:05:59.125 INFO:teuthology.orchestra.run.smithi022.stdout:/usr/bin/ceph: stderr
2024-09-19T08:05:57.691+0000 7f7c948f4640 1 --2- 172.21.15.22:0/2081150542 >> [v2:172.21.15.22:3300/0,v1:172.21.15.22:6789/0] conn(0x7f7c901081a0 0x7f7c9019b710 secure :-1 s=READY pgs=50 cs=0 l=1 rev1=1 crypto rx=0x7f7c840097f0 tx=0x7f7c840327b0 comp rx=0 tx=0).ready entity=mon.0 client_cookie=0 server_cookie=0 in_seq=0 out_seq=0
2024-09-19T08:05:59.125 INFO:teuthology.orchestra.run.smithi022.stdout:/usr/bin/ceph: stderr
2024-09-19T08:05:57.691+0000 7f7c8dffb640 1 -- 172.21.15.22:0/2081150542 <== mon.0 v2:172.21.15.22:3300/0 1 ==== mon_map magic: 0 ==== 205+0+0 (secure 0 0 0) 0x7f7c84037040 con 0x7f7c901081a0
2024-09-19T08:05:59.125 INFO:teuthology.orchestra.run.smithi022.stdout:/usr/bin/ceph: stderr
2024-09-19T08:05:57.691+0000 7f7c8dffb640 1 -- 172.21.15.22:0/2081150542 <== mon.0 v2:172.21.15.22:3300/0 2 ==== config(27 keys) ==== 1140+0+0 (secure 0 0 0) 0x7f7c84030c40 con 0x7f7c901081a0
2024-09-19T08:05:59.125 INFO:teuthology.orchestra.run.smithi022.stdout:/usr/bin/ceph: stderr
2024-09-19T08:05:57.691+0000 7f7c96b58640 1 -- 172.21.15.22:0/2081150542 --> [v2:172.21.15.22:3300/0,v1:172.21.15.22:6789/0] -- mon_subscribe({mgrmap=0+}) -- 0x7f7c9019bee0 con 0x7f7c901081a0
2024-09-19T08:05:59.125 INFO:teuthology.orchestra.run.smithi022.stdout:/usr/bin/ceph: stderr
2024-09-19T08:05:57.691+0000 7f7c8dffb640 1 -- 172.21.15.22:0/2081150542 <== mon.0 v2:172.21.15.22:3300/0 3 ==== mon_map magic: 0 ==== 205+0+0 (secure 0 0 0) 0x7f7c8403a5d0 con 0x7f7c901081a0
2024-09-19T08:05:59.125 INFO:teuthology.orchestra.run.smithi022.stdout:/usr/bin/ceph: stderr
2024-09-19T08:05:57.691+0000 7f7c96b58640 1 -- 172.21.15.22:0/2081150542 --> [v2:172.21.15.22:3300/0,v1:172.21.15.22:6789/0] -- mon_subscribe({osdmap=0}) -- 0x7f7c9019ebd0 con 0x7f7c901081a0
2024-09-19T08:05:59.125 INFO:teuthology.orchestra.run.smithi022.stdout:/usr/bin/ceph: stderr
2024-09-19T08:05:57.692+0000 7f7c8dffb640 1 -- 172.21.15.22:0/2081150542 <== mon.0 v2:172.21.15.22:3300/0 4 ==== mgrmap(e 8) ==== 46461+0+0 (secure 0 0 0) 0x7f7c8403a7c0 con 0x7f7c901081a0
2024-09-19T08:05:59.126 INFO:teuthology.orchestra.run.smithi022.stdout:/usr/bin/ceph: stderr
2024-09-19T08:05:57.692+0000 7f7c96b58640 1 -- 172.21.15.22:0/2081150542 --> [v2:172.21.15.22:3300/0,v1:172.21.15.22:6789/0] -- mon_command({"prefix": "get_command_descriptions"} v 0) -- 0x7f7c90108600 con 0x7f7c901081a0
2024-09-19T08:05:59.126 INFO:teuthology.orchestra.run.smithi022.stdout:/usr/bin/ceph: stderr
2024-09-19T08:05:57.692+0000 7f7c8dffb640 1 --2- 172.21.15.22:0/2081150542 >> [v2:172.21.15.22:6800/4065414102,v1:172.21.15.22:6801/4065414102] conn(0x7f7c80039200 0x7f7c8003b6c0 unknown :-1 s=NONE pgs=0 cs=0 l=1 rev1=0 crypto rx=0 tx=0 comp rx=0 tx=0).connect
2024-09-19T08:05:59.126 INFO:teuthology.orchestra.run.smithi022.stdout:/usr/bin/ceph: stderr
2024-09-19T08:05:57.692+0000 7f7c8dffb640 1 -- 172.21.15.22:0/2081150542 <== mon.0 v2:172.21.15.22:3300/0 5 ==== osd_map(2..2 src has 1..2) ==== 940+0+0 (secure 0 0 0) 0x7f7c8406c910 con 0x7f7c901081a0
2024-09-19T08:05:59.126 INFO:teuthology.orchestra.run.smithi022.stdout:/usr/bin/ceph: stderr
2024-09-19T08:05:57.693+0000 7f7c8ffff640 1 --2- 172.21.15.22:0/2081150542 >> [v2:172.21.15.22:6800/4065414102,v1:172.21.15.22:6801/4065414102] conn(0x7f7c80039200 0x7f7c8003b6c0 unknown :-1 s=BANNER_CONNECTING pgs=0 cs=0 l=1 rev1=0 crypto rx=0 tx=0 comp rx=0 tx=0)._handle_peer_banner_payload supported=3 required=0
2024-09-19T08:05:59.126 INFO:teuthology.orchestra.run.smithi022.stdout:/usr/bin/ceph: stderr
2024-09-19T08:05:57.693+0000 7f7c8ffff640 1 --2- 172.21.15.22:0/2081150542 >> [v2:172.21.15.22:6800/4065414102,v1:172.21.15.22:6801/4065414102] conn(0x7f7c80039200 0x7f7c8003b6c0 secure :-1 s=READY pgs=14 cs=0 l=1 rev1=1 crypto rx=0x7f7c7c0098c0 tx=0x7f7c7c006db0 comp rx=0 tx=0).ready entity=mgr.14118 client_cookie=0 server_cookie=0 in_seq=0 out_seq=0
2024-09-19T08:05:59.126 INFO:teuthology.orchestra.run.smithi022.stdout:/usr/bin/ceph: stderr
2024-09-19T08:05:57.698+0000 7f7c8dffb640 1 -- 172.21.15.22:0/2081150542 <== mon.0 v2:172.21.15.22:3300/0 6 ==== mon_command_ack([{"prefix": "get_command_descriptions"}]=0 v0) ==== 72+0+188913 (secure 0 0 0) 0x7f7c840371e0 con 0x7f7c901081a0
2024-09-19T08:05:59.126 INFO:teuthology.orchestra.run.smithi022.stdout:/usr/bin/ceph: stderr
2024-09-19T08:05:57.909+0000 7f7c96b58640 1 -- 172.21.15.22:0/2081150542 --> [v2:172.21.15.22:3300/0,v1:172.21.15.22:6789/0] -- mon_command([{prefix=config set, name=mgr/cephadm/container_init}] v 0) -- 0x7f7c9019f1c0 con 0x7f7c901081a0
2024-09-19T08:05:59.126 INFO:teuthology.orchestra.run.smithi022.stdout:/usr/bin/ceph: stderr
2024-09-19T08:05:57.912+0000 7f7c8dffb640 1 -- 172.21.15.22:0/2081150542 <== mon.0 v2:172.21.15.22:3300/0 7 ==== mon_command_ack([{prefix=config set, name=mgr/cephadm/container_init}]=0 v7)=0 v7) ==== 142+0+0 (secure 0 0 0) 0x7f7c840319f0 con 0x7f7c901081a0
2024-09-19T08:05:59.126 INFO:teuthology.orchestra.run.smithi022.stdout:/usr/bin/ceph: stderr
2024-09-19T08:05:57.914+0000 7f7c96b58640 1 -- 172.21.15.22:0/2081150542 >> [v2:172.21.15.22:6800/4065414102,v1:172.21.15.22:6801/4065414102] conn(0x7f7c80039200 msgr2=0x7f7c8003b6c0 secure :-1 s=STATE_CONNECTION_ESTABLISHED l=1).mark_down
2024-09-19T08:05:59.126 INFO:teuthology.orchestra.run.smithi022.stdout:/usr/bin/ceph: stderr
2024-09-19T08:05:57.914+0000 7f7c96b58640 1 --2- 172.21.15.22:0/2081150542 >> [v2:172.21.15.22:6800/4065414102,v1:172.21.15.22:6801/4065414102] conn(0x7f7c80039200 0x7f7c8003b6c0 secure :-1 s=READY pgs=14 cs=0 l=1 rev1=1 crypto rx=0x7f7c7c0098c0 tx=0x7f7c7c006db0 comp rx=0 tx=0).stop
2024-09-19T08:05:59.126 INFO:teuthology.orchestra.run.smithi022.stdout:/usr/bin/ceph: stderr
2024-09-19T08:05:57.914+0000 7f7c96b58640 1 -- 172.21.15.22:0/2081150542 >> [v2:172.21.15.22:3300/0,v1:172.21.15.22:6789/0] conn(0x7f7c901081a0 msgr2=0x7f7c9019b710 secure :-1 s=STATE_CONNECTION_ESTABLISHED l=1).mark_down
2024-09-19T08:05:59.126 INFO:teuthology.orchestra.run.smithi022.stdout:/usr/bin/ceph: stderr
2024-09-19T08:05:57.914+0000 7f7c96b58640 1 --2- 172.21.15.22:0/2081150542 >> [v2:172.21.15.22:3300/0,v1:172.21.15.22:6789/0] conn(0x7f7c901081a0 0x7f7c9019b710 secure :-1 s=READY pgs=50 cs=0 l=1 rev1=1 crypto rx=0x7f7c840097f0 tx=0x7f7c840327b0 comp rx=0 tx=0).stop
2024-09-19T08:05:59.127 INFO:teuthology.orchestra.run.smithi022.stdout:/usr/bin/ceph: stderr
2024-09-19T08:05:57.914+0000 7f7c96b58640 1 -- 172.21.15.22:0/2081150542 shutdown_connections
2024-09-19T08:05:59.127 INFO:teuthology.orchestra.run.smithi022.stdout:/usr/bin/ceph: stderr
2024-09-19T08:05:57.914+0000 7f7c96b58640 1 --2- 172.21.15.22:0/2081150542 >> [v2:172.21.15.22:6800/4065414102,v1:172.21.15.22:6801/4065414102] conn(0x7f7c80039200 0x7f7c8003b6c0 unknown :-1 s=CLOSED pgs=14 cs=0 l=1 rev1=1 crypto rx=0 tx=0 comp rx=0 tx=0).stop
2024-09-19T08:05:59.127 INFO:teuthology.orchestra.run.smithi022.stdout:/usr/bin/ceph: stderr
2024-09-19T08:05:57.914+0000 7f7c96b58640 1 --2- 172.21.15.22:0/2081150542 >> [v2:172.21.15.22:3300/0,v1:172.21.15.22:6789/0] conn(0x7f7c901081a0 0x7f7c9019b710 unknown :-1 s=CLOSED pgs=50 cs=0 l=1 rev1=1 crypto rx=0 tx=0 comp rx=0 tx=0).stop
2024-09-19T08:05:59.127 INFO:teuthology.orchestra.run.smithi022.stdout:/usr/bin/ceph: stderr
2024-09-19T08:05:57.914+0000 7f7c96b58640 1 -- 172.21.15.22:0/2081150542 >> 172.21.15.22:0/2081150542 conn(0x7f7c90101e20 msgr2=0x7f7c90102a20 unknown :-1 s=STATE_NONE l=0).mark_down
