2024-09-19T08:06:19.482+0000 7f480f5af640 1 --2- 172.21.15.135:0/1921972861 >> [v2:172.21.15.135:3300/0,v1:172.21.15.135:6789/0] conn(0x7f48081079c0 0x7f4808107dc0 secure :-1 s=READY pgs=59 cs=0 l=1 rev1=1 crypto rx=0x7f4804009820 tx=0x7f480402a270 comp rx=0 tx=0).stop
2024-09-19T08:06:23.823 INFO:teuthology.orchestra.run.smithi135.stdout:/usr/bin/ceph: stderr
2024-09-19T08:06:19.482+0000 7f480f5af640 1 -- 172.21.15.135:0/1921972861 shutdown_connections
2024-09-19T08:06:23.823 INFO:teuthology.orchestra.run.smithi135.stdout:/usr/bin/ceph: stderr
2024-09-19T08:06:19.482+0000 7f480f5af640 1 --2- 172.21.15.135:0/1921972861 >> [v2:172.21.15.135:3300/0,v1:172.21.15.135:6789/0] conn(0x7f48081079c0 0x7f4808107dc0 unknown :-1 s=CLOSED pgs=59 cs=0 l=1 rev1=1 crypto rx=0 tx=0 comp rx=0 tx=0).stop
2024-09-19T08:06:23.823 INFO:teuthology.orchestra.run.smithi135.stdout:/usr/bin/ceph: stderr
2024-09-19T08:06:19.482+0000 7f480f5af640 1 -- 172.21.15.135:0/1921972861 >> 172.21.15.135:0/1921972861 conn(0x7f4808101300 msgr2=0x7f4808103740 unknown :-1 s=STATE_NONE l=0).mark_down
2024-09-19T08:06:23.823 INFO:teuthology.orchestra.run.smithi135.stdout:/usr/bin/ceph: stderr
2024-09-19T08:06:19.482+0000 7f480f5af640 1 -- 172.21.15.135:0/1921972861 shutdown_connections
2024-09-19T08:06:23.823 INFO:teuthology.orchestra.run.smithi135.stdout:/usr/bin/ceph: stderr
2024-09-19T08:06:19.482+0000 7f480f5af640 1 -- 172.21.15.135:0/1921972861 wait complete.
2024-09-19T08:06:23.823 INFO:teuthology.orchestra.run.smithi135.stdout:/usr/bin/ceph: stderr
2024-09-19T08:06:19.483+0000 7f480f5af640 1 Processor -- start
2024-09-19T08:06:23.823 INFO:teuthology.orchestra.run.smithi135.stdout:/usr/bin/ceph: stderr
2024-09-19T08:06:19.483+0000 7f480f5af640 1 -- start start
2024-09-19T08:06:23.823 INFO:teuthology.orchestra.run.smithi135.stdout:/usr/bin/ceph: stderr
2024-09-19T08:06:19.483+0000 7f480f5af640 1 --2- >> [v2:172.21.15.135:3300/0,v1:172.21.15.135:6789/0] conn(0x7f48081079c0 0x7f480819b3c0 unknown :-1 s=NONE pgs=0 cs=0 l=1 rev1=0 crypto rx=0 tx=0 comp rx=0 tx=0).connect
2024-09-19T08:06:23.823 INFO:teuthology.orchestra.run.smithi135.stdout:/usr/bin/ceph: stderr
2024-09-19T08:06:19.483+0000 7f480f5af640 1 -- --> [v2:172.21.15.135:3300/0,v1:172.21.15.135:6789/0] -- mon_getmap magic: 0 -- 0x7f480810a9e0 con 0x7f48081079c0
2024-09-19T08:06:23.823 INFO:teuthology.orchestra.run.smithi135.stdout:/usr/bin/ceph: stderr
2024-09-19T08:06:19.483+0000 7f480d34b640 1 --2- >> [v2:172.21.15.135:3300/0,v1:172.21.15.135:6789/0] conn(0x7f48081079c0 0x7f480819b3c0 unknown :-1 s=BANNER_CONNECTING pgs=0 cs=0 l=1 rev1=0 crypto rx=0 tx=0 comp rx=0 tx=0)._handle_peer_banner_payload supported=3 required=0
2024-09-19T08:06:23.823 INFO:teuthology.orchestra.run.smithi135.stdout:/usr/bin/ceph: stderr
2024-09-19T08:06:19.483+0000 7f480d34b640 1 --2- >> [v2:172.21.15.135:3300/0,v1:172.21.15.135:6789/0] conn(0x7f48081079c0 0x7f480819b3c0 unknown :-1 s=HELLO_CONNECTING pgs=0 cs=0 l=1 rev1=1 crypto rx=0 tx=0 comp rx=0 tx=0).handle_hello peer v2:172.21.15.135:3300/0 says I am v2:172.21.15.135:41544/0 (socket says 172.21.15.135:41544)
2024-09-19T08:06:23.823 INFO:teuthology.orchestra.run.smithi135.stdout:/usr/bin/ceph: stderr
2024-09-19T08:06:19.483+0000 7f480d34b640 1 -- 172.21.15.135:0/708587123 learned_addr learned my addr 172.21.15.135:0/708587123 (peer_addr_for_me v2:172.21.15.135:0/0)
2024-09-19T08:06:23.823 INFO:teuthology.orchestra.run.smithi135.stdout:/usr/bin/ceph: stderr
2024-09-19T08:06:19.484+0000 7f480d34b640 1 -- 172.21.15.135:0/708587123 --> [v2:172.21.15.135:3300/0,v1:172.21.15.135:6789/0] -- mon_subscribe({config=0+,monmap=0+}) -- 0x7f480819b900 con 0x7f48081079c0
2024-09-19T08:06:23.824 INFO:teuthology.orchestra.run.smithi135.stdout:/usr/bin/ceph: stderr
2024-09-19T08:06:19.484+0000 7f480d34b640 1 --2- 172.21.15.135:0/708587123 >> [v2:172.21.15.135:3300/0,v1:172.21.15.135:6789/0] conn(0x7f48081079c0 0x7f480819b3c0 secure :-1 s=READY pgs=60 cs=0 l=1 rev1=1 crypto rx=0x7f4804009940 tx=0x7f4804030cc0 comp rx=0 tx=0).ready entity=mon.0 client_cookie=0 server_cookie=0 in_seq=0 out_seq=0
2024-09-19T08:06:23.824 INFO:teuthology.orchestra.run.smithi135.stdout:/usr/bin/ceph: stderr
2024-09-19T08:06:19.484+0000 7f47fe7fc640 1 -- 172.21.15.135:0/708587123 <== mon.0 v2:172.21.15.135:3300/0 1 ==== mon_map magic: 0 ==== 205+0+0 (secure 0 0 0) 0x7f4804042070 con 0x7f48081079c0
2024-09-19T08:06:23.824 INFO:teuthology.orchestra.run.smithi135.stdout:/usr/bin/ceph: stderr
2024-09-19T08:06:19.484+0000 7f480f5af640 1 -- 172.21.15.135:0/708587123 --> [v2:172.21.15.135:3300/0,v1:172.21.15.135:6789/0] -- mon_subscribe({mgrmap=0+}) -- 0x7f480819bb90 con 0x7f48081079c0
2024-09-19T08:06:23.824 INFO:teuthology.orchestra.run.smithi135.stdout:/usr/bin/ceph: stderr
2024-09-19T08:06:19.484+0000 7f47fe7fc640 1 -- 172.21.15.135:0/708587123 <== mon.0 v2:172.21.15.135:3300/0 2 ==== config(26 keys) ==== 1102+0+0 (secure 0 0 0) 0x7f4804030e30 con 0x7f48081079c0
2024-09-19T08:06:23.824 INFO:teuthology.orchestra.run.smithi135.stdout:/usr/bin/ceph: stderr
2024-09-19T08:06:19.484+0000 7f47fe7fc640 1 -- 172.21.15.135:0/708587123 <== mon.0 v2:172.21.15.135:3300/0 3 ==== mon_map magic: 0 ==== 205+0+0 (secure 0 0 0) 0x7f4804037040 con 0x7f48081079c0
2024-09-19T08:06:23.824 INFO:teuthology.orchestra.run.smithi135.stdout:/usr/bin/ceph: stderr
2024-09-19T08:06:19.484+0000 7f480f5af640 1 -- 172.21.15.135:0/708587123 --> [v2:172.21.15.135:3300/0,v1:172.21.15.135:6789/0] -- mon_subscribe({osdmap=0}) -- 0x7f480819e880 con 0x7f48081079c0
2024-09-19T08:06:23.824 INFO:teuthology.orchestra.run.smithi135.stdout:/usr/bin/ceph: stderr
2024-09-19T08:06:19.485+0000 7f47fe7fc640 1 -- 172.21.15.135:0/708587123 <== mon.0 v2:172.21.15.135:3300/0 4 ==== mgrmap(e 9) ==== 46474+0+0 (secure 0 0 0) 0x7f4804045070 con 0x7f48081079c0
2024-09-19T08:06:23.824 INFO:teuthology.orchestra.run.smithi135.stdout:/usr/bin/ceph: stderr
2024-09-19T08:06:19.485+0000 7f47fe7fc640 1 --2- 172.21.15.135:0/708587123 >> [v2:172.21.15.135:6800/3445151610,v1:172.21.15.135:6801/3445151610] conn(0x7f47f40392c0 0x7f47f403b780 unknown :-1 s=NONE pgs=0 cs=0 l=1 rev1=0 crypto rx=0 tx=0 comp rx=0 tx=0).connect
2024-09-19T08:06:23.824 INFO:teuthology.orchestra.run.smithi135.stdout:/usr/bin/ceph: stderr
2024-09-19T08:06:19.485+0000 7f47fe7fc640 1 -- 172.21.15.135:0/708587123 --> [v2:172.21.15.135:6800/3445151610,v1:172.21.15.135:6801/3445151610] -- command(tid 0: {"prefix": "get_command_descriptions"}) -- 0x7f47f403be90 con 0x7f47f40392c0
2024-09-19T08:06:23.824 INFO:teuthology.orchestra.run.smithi135.stdout:/usr/bin/ceph: stderr
2024-09-19T08:06:19.485+0000 7f47fe7fc640 1 -- 172.21.15.135:0/708587123 <== mon.0 v2:172.21.15.135:3300/0 5 ==== osd_map(2..2 src has 1..2) ==== 940+0+0 (secure 0 0 0) 0x7f480406c340 con 0x7f48081079c0
2024-09-19T08:06:23.824 INFO:teuthology.orchestra.run.smithi135.stdout:/usr/bin/ceph: stderr
2024-09-19T08:06:19.485+0000 7f480cb4a640 1 -- 172.21.15.135:0/708587123 >> [v2:172.21.15.135:6800/3445151610,v1:172.21.15.135:6801/3445151610] conn(0x7f47f40392c0 msgr2=0x7f47f403b780 unknown :-1 s=STATE_CONNECTING_RE l=1).process reconnect failed to v2:172.21.15.135:6800/3445151610
2024-09-19T08:06:23.824 INFO:teuthology.orchestra.run.smithi135.stdout:/usr/bin/ceph: stderr
2024-09-19T08:06:19.485+0000 7f480cb4a640 1 --2- 172.21.15.135:0/708587123 >> [v2:172.21.15.135:6800/3445151610,v1:172.21.15.135:6801/3445151610] conn(0x7f47f40392c0 0x7f47f403b780 unknown :-1 s=START_CONNECT pgs=0 cs=0 l=1 rev1=0 crypto rx=0 tx=0 comp rx=0 tx=0)._fault waiting 0.200000
2024-09-19T08:06:23.825 INFO:teuthology.orchestra.run.smithi135.stdout:/usr/bin/ceph: stderr
2024-09-19T08:06:19.686+0000 7f480cb4a640 1 -- 172.21.15.135:0/708587123 >> [v2:172.21.15.135:6800/3445151610,v1:172.21.15.135:6801/3445151610] conn(0x7f47f40392c0 msgr2=0x7f47f403b780 unknown :-1 s=STATE_CONNECTING_RE l=1).process reconnect failed to v2:172.21.15.135:6800/3445151610
2024-09-19T08:06:23.825 INFO:teuthology.orchestra.run.smithi135.stdout:/usr/bin/ceph: stderr
2024-09-19T08:06:19.686+0000 7f480cb4a640 1 --2- 172.21.15.135:0/708587123 >> [v2:172.21.15.135:6800/3445151610,v1:172.21.15.135:6801/3445151610] conn(0x7f47f40392c0 0x7f47f403b780 unknown :-1 s=START_CONNECT pgs=0 cs=0 l=1 rev1=0 crypto rx=0 tx=0 comp rx=0 tx=0)._fault waiting 0.400000
2024-09-19T08:06:23.825 INFO:teuthology.orchestra.run.smithi135.stdout:/usr/bin/ceph: stderr
2024-09-19T08:06:20.087+0000 7f480cb4a640 1 -- 172.21.15.135:0/708587123 >> [v2:172.21.15.135:6800/3445151610,v1:172.21.15.135:6801/3445151610] conn(0x7f47f40392c0 msgr2=0x7f47f403b780 unknown :-1 s=STATE_CONNECTING_RE l=1).process reconnect failed to v2:172.21.15.135:6800/3445151610
2024-09-19T08:06:23.825 INFO:teuthology.orchestra.run.smithi135.stdout:/usr/bin/ceph: stderr
2024-09-19T08:06:20.087+0000 7f480cb4a640 1 --2- 172.21.15.135:0/708587123 >> [v2:172.21.15.135:6800/3445151610,v1:172.21.15.135:6801/3445151610] conn(0x7f47f40392c0 0x7f47f403b780 unknown :-1 s=START_CONNECT pgs=0 cs=0 l=1 rev1=0 crypto rx=0 tx=0 comp rx=0 tx=0)._fault waiting 0.800000
2024-09-19T08:06:23.825 INFO:teuthology.orchestra.run.smithi135.stdout:/usr/bin/ceph: stderr
2024-09-19T08:06:20.888+0000 7f480cb4a640 1 -- 172.21.15.135:0/708587123 >> [v2:172.21.15.135:6800/3445151610,v1:172.21.15.135:6801/3445151610] conn(0x7f47f40392c0 msgr2=0x7f47f403b780 unknown :-1 s=STATE_CONNECTING_RE l=1).process reconnect failed to v2:172.21.15.135:6800/3445151610
2024-09-19T08:06:23.825 INFO:teuthology.orchestra.run.smithi135.stdout:/usr/bin/ceph: stderr
2024-09-19T08:06:20.888+0000 7f480cb4a640 1 --2- 172.21.15.135:0/708587123 >> [v2:172.21.15.135:6800/3445151610,v1:172.21.15.135:6801/3445151610] conn(0x7f47f40392c0 0x7f47f403b780 unknown :-1 s=START_CONNECT pgs=0 cs=0 l=1 rev1=0 crypto rx=0 tx=0 comp rx=0 tx=0)._fault waiting 1.600000
2024-09-19T08:06:23.825 INFO:teuthology.orchestra.run.smithi135.stdout:/usr/bin/ceph: stderr
2024-09-19T08:06:21.987+0000 7f47fe7fc640 1 -- 172.21.15.135:0/708587123 <== mon.0 v2:172.21.15.135:3300/0 6 ==== mgrmap(e 10) ==== 46241+0+0 (secure 0 0 0) 0x7f480403d950 con 0x7f48081079c0
2024-09-19T08:06:23.825 INFO:teuthology.orchestra.run.smithi135.stdout:/usr/bin/ceph: stderr
2024-09-19T08:06:21.987+0000 7f47fe7fc640 1 -- 172.21.15.135:0/708587123 >> [v2:172.21.15.135:6800/3445151610,v1:172.21.15.135:6801/3445151610] conn(0x7f47f40392c0 msgr2=0x7f47f403b780 unknown :-1 s=STATE_CONNECTING l=1).mark_down
2024-09-19T08:06:23.825 INFO:teuthology.orchestra.run.smithi135.stdout:/usr/bin/ceph: stderr
2024-09-19T08:06:21.987+0000 7f47fe7fc640 1 --2- 172.21.15.135:0/708587123 >> [v2:172.21.15.135:6800/3445151610,v1:172.21.15.135:6801/3445151610] conn(0x7f47f40392c0 0x7f47f403b780 unknown :-1 s=START_CONNECT pgs=0 cs=0 l=1 rev1=0 crypto rx=0 tx=0 comp rx=0 tx=0).stop
2024-09-19T08:06:23.825 INFO:teuthology.orchestra.run.smithi135.stdout:/usr/bin/ceph: stderr
2024-09-19T08:06:22.989+0000 7f47fe7fc640 1 -- 172.21.15.135:0/708587123 <== mon.0 v2:172.21.15.135:3300/0 7 ==== mgrmap(e 11) ==== 46368+0+0 (secure 0 0 0) 0x7f480403d430 con 0x7f48081079c0
2024-09-19T08:06:23.825 INFO:teuthology.orchestra.run.smithi135.stdout:/usr/bin/ceph: stderr
2024-09-19T08:06:22.989+0000 7f47fe7fc640 1 --2- 172.21.15.135:0/708587123 >> [v2:172.21.15.135:6800/1521332776,v1:172.21.15.135:6801/1521332776] conn(0x7f47f403cd80 0x7f47f403f170 unknown :-1 s=NONE pgs=0 cs=0 l=1 rev1=0 crypto rx=0 tx=0 comp rx=0 tx=0).connect
2024-09-19T08:06:23.825 INFO:teuthology.orchestra.run.smithi135.stdout:/usr/bin/ceph: stderr
2024-09-19T08:06:22.989+0000 7f47fe7fc640 1 -- 172.21.15.135:0/708587123 --> [v2:172.21.15.135:6800/1521332776,v1:172.21.15.135:6801/1521332776] -- command(tid 0: {"prefix": "get_command_descriptions"}) -- 0x7f47f403be90 con 0x7f47f403cd80
2024-09-19T08:06:23.825 INFO:teuthology.orchestra.run.smithi135.stdout:/usr/bin/ceph: stderr
2024-09-19T08:06:22.989+0000 7f480cb4a640 1 --2- 172.21.15.135:0/708587123 >> [v2:172.21.15.135:6800/1521332776,v1:172.21.15.135:6801/1521332776] conn(0x7f47f403cd80 0x7f47f403f170 unknown :-1 s=BANNER_CONNECTING pgs=0 cs=0 l=1 rev1=0 crypto rx=0 tx=0 comp rx=0 tx=0)._handle_peer_banner_payload supported=3 required=0
2024-09-19T08:06:23.826 INFO:teuthology.orchestra.run.smithi135.stdout:/usr/bin/ceph: stderr
2024-09-19T08:06:22.990+0000 7f480cb4a640 1 --2- 172.21.15.135:0/708587123 >> [v2:172.21.15.135:6800/1521332776,v1:172.21.15.135:6801/1521332776] conn(0x7f47f403cd80 0x7f47f403f170 secure :-1 s=READY pgs=2 cs=0 l=1 rev1=1 crypto rx=0x7f47f8003980 tx=0x7f47f8006e10 comp rx=0 tx=0).ready entity=mgr.14150 client_cookie=0 server_cookie=0 in_seq=0 out_seq=0
2024-09-19T08:06:23.826 INFO:teuthology.orchestra.run.smithi135.stdout:/usr/bin/ceph: stderr
2024-09-19T08:06:22.991+0000 7f47fe7fc640 1 -- 172.21.15.135:0/708587123 <== mgr.14150 v2:172.21.15.135:6800/1521332776 1 ==== command_reply(tid 0: 0 ) ==== 8+0+9564 (secure 0 0 0) 0x7f47f403be90 con 0x7f47f403cd80
2024-09-19T08:06:23.826 INFO:teuthology.orchestra.run.smithi135.stdout:/usr/bin/ceph: stderr
2024-09-19T08:06:22.998+0000 7f480f5af640 1 -- 172.21.15.135:0/708587123 --> [v2:172.21.15.135:6800/1521332776,v1:172.21.15.135:6801/1521332776] -- command(tid 1: {"prefix": "mgr_status"}) -- 0x7f4808107e40 con 0x7f47f403cd80
2024-09-19T08:06:23.826 INFO:teuthology.orchestra.run.smithi135.stdout:/usr/bin/ceph: stderr
2024-09-19T08:06:22.998+0000 7f47fe7fc640 1 -- 172.21.15.135:0/708587123 <== mgr.14150 v2:172.21.15.135:6800/1521332776 2 ==== command_reply(tid 1: 0 ) ==== 8+0+52 (secure 0 0 0) 0x7f4808107e40 con 0x7f47f403cd80
2024-09-19T08:06:23.826 INFO:teuthology.orchestra.run.smithi135.stdout:/usr/bin/ceph: stderr
2024-09-19T08:06:22.998+0000 7f480f5af640 1 -- 172.21.15.135:0/708587123 >> [v2:172.21.15.135:6800/1521332776,v1:172.21.15.135:6801/1521332776] conn(0x7f47f403cd80 msgr2=0x7f47f403f170 secure :-1 s=STATE_CONNECTION_ESTABLISHED l=1).mark_down
2024-09-19T08:06:23.826 INFO:teuthology.orchestra.run.smithi135.stdout:/usr/bin/ceph: stderr
2024-09-19T08:06:22.998+0000 7f480f5af640 1 --2- 172.21.15.135:0/708587123 >> [v2:172.21.15.135:6800/1521332776,v1:172.21.15.135:6801/1521332776] conn(0x7f47f403cd80 0x7f47f403f170 secure :-1 s=READY pgs=2 cs=0 l=1 rev1=1 crypto rx=0x7f47f8003980 tx=0x7f47f8006e10 comp rx=0 tx=0).stop
2024-09-19T08:06:23.826 INFO:teuthology.orchestra.run.smithi135.stdout:/usr/bin/ceph: stderr
2024-09-19T08:06:22.998+0000 7f480f5af640 1 -- 172.21.15.135:0/708587123 >> [v2:172.21.15.135:3300/0,v1:172.21.15.135:6789/0] conn(0x7f48081079c0 msgr2=0x7f480819b3c0 secure :-1 s=STATE_CONNECTION_ESTABLISHED l=1).mark_down
2024-09-19T08:06:23.826 INFO:teuthology.orchestra.run.smithi135.stdout:/usr/bin/ceph: stderr
2024-09-19T08:06:22.998+0000 7f480f5af640 1 --2- 172.21.15.135:0/708587123 >> [v2:172.21.15.135:3300/0,v1:172.21.15.135:6789/0] conn(0x7f48081079c0 0x7f480819b3c0 secure :-1 s=READY pgs=60 cs=0 l=1 rev1=1 crypto rx=0x7f4804009940 tx=0x7f4804030cc0 comp rx=0 tx=0).stop
2024-09-19T08:06:23.826 INFO:teuthology.orchestra.run.smithi135.stdout:/usr/bin/ceph: stderr
2024-09-19T08:06:22.998+0000 7f480f5af640 1 -- 172.21.15.135:0/708587123 shutdown_connections
2024-09-19T08:06:23.826 INFO:teuthology.orchestra.run.smithi135.stdout:/usr/bin/ceph: stderr
2024-09-19T08:06:22.998+0000 7f480f5af640 1 --2- 172.21.15.135:0/708587123 >> [v2:172.21.15.135:6800/1521332776,v1:172.21.15.135:6801/1521332776] conn(0x7f47f403cd80 0x7f47f403f170 unknown :-1 s=CLOSED pgs=2 cs=0 l=1 rev1=1 crypto rx=0 tx=0 comp rx=0 tx=0).stop
2024-09-19T08:06:23.826 INFO:teuthology.orchestra.run.smithi135.stdout:/usr/bin/ceph: stderr
2024-09-19T08:06:22.998+0000 7f480f5af640 1 --2- 172.21.15.135:0/708587123 >> [v2:172.21.15.135:6800/3445151610,v1:172.21.15.135:6801/3445151610] conn(0x7f47f40392c0 0x7f47f403b780 unknown :-1 s=CLOSED pgs=0 cs=0 l=1 rev1=0 crypto rx=0 tx=0 comp rx=0 tx=0).stop
2024-09-19T08:06:23.826 INFO:teuthology.orchestra.run.smithi135.stdout:/usr/bin/ceph: stderr
2024-09-19T08:06:22.998+0000 7f480f5af640 1 --2- 172.21.15.135:0/708587123 >> [v2:172.21.15.135:3300/0,v1:172.21.15.135:6789/0] conn(0x7f48081079c0 0x7f480819b3c0 unknown :-1 s=CLOSED pgs=60 cs=0 l=1 rev1=1 crypto rx=0 tx=0 comp rx=0 tx=0).stop
2024-09-19T08:06:23.826 INFO:teuthology.orchestra.run.smithi135.stdout:/usr/bin/ceph: stderr
2024-09-19T08:06:22.998+0000 7f480f5af640 1 -- 172.21.15.135:0/708587123 >> 172.21.15.135:0/708587123 conn(0x7f4808101300 msgr2=0x7f4808105e10 unknown :-1 s=STATE_NONE l=0).mark_down
2024-09-19T08:06:23.827 INFO:teuthology.orchestra.run.smithi135.stdout:/usr/bin/ceph: stderr
2024-09-19T08:06:22.998+0000 7f480f5af640 1 -- 172.21.15.135:0/708587123 shutdown_connections
2024-09-19T08:06:23.827 INFO:teuthology.orchestra.run.smithi135.stdout:/usr/bin/ceph: stderr
2024-09-19T08:06:22.998+0000 7f480f5af640 1 -- 172.21.15.135:0/708587123 wait complete.
2024-09-19T08:06:23.827 INFO:teuthology.orchestra.run.smithi135.stdout:mgr epoch 9 is available
2024-09-19T08:06:23.827 INFO:teuthology.orchestra.run.smithi135.stdout:Generating a dashboard self-signed certificate...
2024-09-19T08:06:24.076 INFO:journalctl@ceph.mon.a.smithi135.stdout:Sep 19 08:06:23 smithi135 ceph-mon[30940]: [19/Sep/2024:08:06:22] ENGINE Bus STARTING
2024-09-19T08:06:24.076 INFO:journalctl@ceph.mon.a.smithi135.stdout:Sep 19 08:06:23 smithi135 ceph-mon[30940]: [19/Sep/2024:08:06:22] ENGINE Serving on http://172.21.15.135:8765
2024-09-19T08:06:24.076 INFO:journalctl@ceph.mon.a.smithi135.stdout:Sep 19 08:06:23 smithi135 ceph-mon[30940]: from='client.14154 -' entity='client.admin' cmd=[{"prefix": "get_command_descriptions"}]: dispatch
2024-09-19T08:06:24.076 INFO:journalctl@ceph.mon.a.smithi135.stdout:Sep 19 08:06:23 smithi135 ceph-mon[30940]: mgrmap e11: x(active, since 1.00584s)
2024-09-19T08:06:24.076 INFO:journalctl@ceph.mon.a.smithi135.stdout:Sep 19 08:06:23 smithi135 ceph-mon[30940]: from='client.14154 -' entity='client.admin' cmd=[{"prefix": "mgr_status"}]: dispatch
2024-09-19T08:06:24.077 INFO:journalctl@ceph.mon.a.smithi135.stdout:Sep 19 08:06:23 smithi135 ceph-mon[30940]: [19/Sep/2024:08:06:23] ENGINE Serving on https://172.21.15.135:7150
2024-09-19T08:06:24.077 INFO:journalctl@ceph.mon.a.smithi135.stdout:Sep 19 08:06:23 smithi135 ceph-mon[30940]: [19/Sep/2024:08:06:23] ENGINE Bus STARTED
2024-09-19T08:06:24.077 INFO:journalctl@ceph.mon.a.smithi135.stdout:Sep 19 08:06:23 smithi135 ceph-mon[30940]: [19/Sep/2024:08:06:23] ENGINE Error in HTTPServer.serve
2024-09-19T08:06:24.077 INFO:journalctl@ceph.mon.a.smithi135.stdout: Traceback (most recent call last):
2024-09-19T08:06:24.077 INFO:journalctl@ceph.mon.a.smithi135.stdout: File "/lib/python3.9/site-packages/cheroot/server.py", line 1823, in serve
2024-09-19T08:06:24.077 INFO:journalctl@ceph.mon.a.smithi135.stdout: self._connections.run(self.expiration_interval)
2024-09-19T08:06:24.077 INFO:journalctl@ceph.mon.a.smithi135.stdout: File "/lib/python3.9/site-packages/cheroot/connections.py", line 203, in run
2024-09-19T08:06:24.077 INFO:journalctl@ceph.mon.a.smithi135.stdout: self._run(expiration_interval)
2024-09-19T08:06:24.077 INFO:journalctl@ceph.mon.a.smithi135.stdout: File "/lib/python3.9/site-packages/cheroot/connections.py", line 246, in _run
2024-09-19T08:06:24.077 INFO:journalctl@ceph.mon.a.smithi135.stdout: new_conn = self._from_server_socket(self.server.socket)
2024-09-19T08:06:24.077 INFO:journalctl@ceph.mon.a.smithi135.stdout: File "/lib/python3.9/site-packages/cheroot/connections.py", line 300, in _from_server_socket
2024-09-19T08:06:24.077 INFO:journalctl@ceph.mon.a.smithi135.stdout: s, ssl_env = self.server.ssl_adapter.wrap(s)
2024-09-19T08:06:24.078 INFO:journalctl@ceph.mon.a.smithi135.stdout: File "/lib/python3.9/site-packages/cheroot/ssl/builtin.py", line 277, in wrap
2024-09-19T08:06:24.078 INFO:journalctl@ceph.mon.a.smithi135.stdout: s = self.context.wrap_socket(
2024-09-19T08:06:24.078 INFO:journalctl@ceph.mon.a.smithi135.stdout: File "/lib64/python3.9/ssl.py", line 501, in wrap_socket
2024-09-19T08:06:24.078 INFO:journalctl@ceph.mon.a.smithi135.stdout: return self.sslsocket_class._create(
2024-09-19T08:06:24.078 INFO:journalctl@ceph.mon.a.smithi135.stdout: File "/lib64/python3.9/ssl.py", line 1074, in _create
2024-09-19T08:06:24.078 INFO:journalctl@ceph.mon.a.smithi135.stdout: self.do_handshake()
2024-09-19T08:06:24.078 INFO:journalctl@ceph.mon.a.smithi135.stdout: File "/lib64/python3.9/ssl.py", line 1343, in do_handshake
2024-09-19T08:06:24.078 INFO:journalctl@ceph.mon.a.smithi135.stdout: self._sslobj.do_handshake()
2024-09-19T08:06:24.078 INFO:journalctl@ceph.mon.a.smithi135.stdout: ssl.SSLZeroReturnError: TLS/SSL connection has been closed (EOF) (_ssl.c:1133)
2024-09-19T08:06:24.078 INFO:journalctl@ceph.mon.a.smithi135.stdout:Sep 19 08:06:23 smithi135 ceph-mon[30940]: from='mgr.14150 172.21.15.135:0/4226247221' entity='mgr.x'
2024-09-19T08:06:25.271 INFO:teuthology.orchestra.run.smithi135.stdout:/usr/bin/ceph: stdout Self-signed certificate created
2024-09-19T08:06:25.271 INFO:teuthology.orchestra.run.smithi135.stdout:/usr/bin/ceph: stderr
2024-09-19T08:06:24.281+0000 7f9200695640 1 Processor -- start
2024-09-19T08:06:25.271 INFO:teuthology.orchestra.run.smithi135.stdout:/usr/bin/ceph: stderr
2024-09-19T08:06:24.281+0000 7f9200695640 1 -- start start
2024-09-19T08:06:25.271 INFO:teuthology.orchestra.run.smithi135.stdout:/usr/bin/ceph: stderr
2024-09-19T08:06:24.281+0000 7f9200695640 1 --2- >> [v2:172.21.15.135:3300/0,v1:172.21.15.135:6789/0] conn(0x7f91f807de60 0x7f91f807c2c0 unknown :-1 s=NONE pgs=0 cs=0 l=0 rev1=0 crypto rx=0 tx=0 comp rx=0 tx=0).connect
2024-09-19T08:06:25.271 INFO:teuthology.orchestra.run.smithi135.stdout:/usr/bin/ceph: stderr
2024-09-19T08:06:24.281+0000 7f9200695640 1 -- --> [v2:172.21.15.135:3300/0,v1:172.21.15.135:6789/0] -- mon_getmap magic: 0 -- 0x7f91f807c890 con 0x7f91f807de60
2024-09-19T08:06:25.272 INFO:teuthology.orchestra.run.smithi135.stdout:/usr/bin/ceph: stderr
2024-09-19T08:06:24.281+0000 7f91fe431640 1 --2- >> [v2:172.21.15.135:3300/0,v1:172.21.15.135:6789/0] conn(0x7f91f807de60 0x7f91f807c2c0 unknown :-1 s=BANNER_CONNECTING pgs=0 cs=0 l=0 rev1=0 crypto rx=0 tx=0 comp rx=0 tx=0)._handle_peer_banner_payload supported=3 required=0
2024-09-19T08:06:25.272 INFO:teuthology.orchestra.run.smithi135.stdout:/usr/bin/ceph: stderr
2024-09-19T08:06:24.281+0000 7f91fe431640 1 --2- >> [v2:172.21.15.135:3300/0,v1:172.21.15.135:6789/0] conn(0x7f91f807de60 0x7f91f807c2c0 unknown :-1 s=HELLO_CONNECTING pgs=0 cs=0 l=0 rev1=1 crypto rx=0 tx=0 comp rx=0 tx=0).handle_hello peer v2:172.21.15.135:3300/0 says I am v2:172.21.15.135:41620/0 (socket says 172.21.15.135:41620)
2024-09-19T08:06:25.272 INFO:teuthology.orchestra.run.smithi135.stdout:/usr/bin/ceph: stderr
2024-09-19T08:06:24.281+0000 7f91fe431640 1 -- 172.21.15.135:0/2256749781 learned_addr learned my addr 172.21.15.135:0/2256749781 (peer_addr_for_me v2:172.21.15.135:0/0)
2024-09-19T08:06:25.272 INFO:teuthology.orchestra.run.smithi135.stdout:/usr/bin/ceph: stderr
2024-09-19T08:06:24.282+0000 7f91fe431640 1 -- 172.21.15.135:0/2256749781 --> [v2:172.21.15.135:3300/0,v1:172.21.15.135:6789/0] -- mon_subscribe({config=0+,monmap=0+}) -- 0x7f91f807ca10 con 0x7f91f807de60
2024-09-19T08:06:25.272 INFO:teuthology.orchestra.run.smithi135.stdout:/usr/bin/ceph: stderr
2024-09-19T08:06:24.282+0000 7f91fe431640 1 --2- 172.21.15.135:0/2256749781 >> [v2:172.21.15.135:3300/0,v1:172.21.15.135:6789/0] conn(0x7f91f807de60 0x7f91f807c2c0 secure :-1 s=READY pgs=68 cs=0 l=1 rev1=1 crypto rx=0x7f91f4009820 tx=0x7f91f402a270 comp rx=0 tx=0).ready entity=mon.0 client_cookie=777ecc996d5b73b0 server_cookie=0 in_seq=0 out_seq=0
2024-09-19T08:06:25.272 INFO:teuthology.orchestra.run.smithi135.stdout:/usr/bin/ceph: stderr
2024-09-19T08:06:24.282+0000 7f91fd42f640 1 -- 172.21.15.135:0/2256749781 <== mon.0 v2:172.21.15.135:3300/0 1 ==== mon_map magic: 0 ==== 205+0+0 (secure 0 0 0) 0x7f91f4037070 con 0x7f91f807de60
2024-09-19T08:06:25.272 INFO:teuthology.orchestra.run.smithi135.stdout:/usr/bin/ceph: stderr
2024-09-19T08:06:24.282+0000 7f91fd42f640 1 -- 172.21.15.135:0/2256749781 <== mon.0 v2:172.21.15.135:3300/0 2 ==== config(26 keys) ==== 1102+0+0 (secure 0 0 0) 0x7f91f40328f0 con 0x7f91f807de60
2024-09-19T08:06:25.272 INFO:teuthology.orchestra.run.smithi135.stdout:/usr/bin/ceph: stderr
2024-09-19T08:06:24.283+0000 7f91fd42f640 1 -- 172.21.15.135:0/2256749781 <== mon.0 v2:172.21.15.135:3300/0 3 ==== mon_map magic: 0 ==== 205+0+0 (secure 0 0 0) 0x7f91f4030740 con 0x7f91f807de60
2024-09-19T08:06:25.272 INFO:teuthology.orchestra.run.smithi135.stdout:/usr/bin/ceph: stderr
2024-09-19T08:06:24.283+0000 7f9200695640 1 -- 172.21.15.135:0/2256749781 >> [v2:172.21.15.135:3300/0,v1:172.21.15.135:6789/0] conn(0x7f91f807de60 msgr2=0x7f91f807c2c0 secure :-1 s=STATE_CONNECTION_ESTABLISHED l=1).mark_down
2024-09-19T08:06:25.272 INFO:teuthology.orchestra.run.smithi135.stdout:/usr/bin/ceph: stderr
2024-09-19T08:06:24.283+0000 7f9200695640 1 --2- 172.21.15.135:0/2256749781 >> [v2:172.21.15.135:3300/0,v1:172.21.15.135:6789/0] conn(0x7f91f807de60 0x7f91f807c2c0 secure :-1 s=READY pgs=68 cs=0 l=1 rev1=1 crypto rx=0x7f91f4009820 tx=0x7f91f402a270 comp rx=0 tx=0).stop
2024-09-19T08:06:25.272 INFO:teuthology.orchestra.run.smithi135.stdout:/usr/bin/ceph: stderr
2024-09-19T08:06:24.283+0000 7f9200695640 1 -- 172.21.15.135:0/2256749781 shutdown_connections
2024-09-19T08:06:25.272 INFO:teuthology.orchestra.run.smithi135.stdout:/usr/bin/ceph: stderr
2024-09-19T08:06:24.283+0000 7f9200695640 1 --2- 172.21.15.135:0/2256749781 >> [v2:172.21.15.135:3300/0,v1:172.21.15.135:6789/0] conn(0x7f91f807de60 0x7f91f807c2c0 unknown :-1 s=CLOSED pgs=68 cs=0 l=1 rev1=1 crypto rx=0 tx=0 comp rx=0 tx=0).stop
2024-09-19T08:06:25.273 INFO:teuthology.orchestra.run.smithi135.stdout:/usr/bin/ceph: stderr
2024-09-19T08:06:24.283+0000 7f9200695640 1 -- 172.21.15.135:0/2256749781 >> 172.21.15.135:0/2256749781 conn(0x7f91f8102c60 msgr2=0x7f91f8105080 unknown :-1 s=STATE_NONE l=0).mark_down
2024-09-19T08:06:25.273 INFO:teuthology.orchestra.run.smithi135.stdout:/usr/bin/ceph: stderr
2024-09-19T08:06:24.283+0000 7f9200695640 1 -- 172.21.15.135:0/2256749781 shutdown_connections
2024-09-19T08:06:25.273 INFO:teuthology.orchestra.run.smithi135.stdout:/usr/bin/ceph: stderr
2024-09-19T08:06:24.283+0000 7f9200695640 1 -- 172.21.15.135:0/2256749781 wait complete.
2024-09-19T08:06:25.273 INFO:teuthology.orchestra.run.smithi135.stdout:/usr/bin/ceph: stderr
2024-09-19T08:06:24.284+0000 7f9200695640 1 Processor -- start
2024-09-19T08:06:25.273 INFO:teuthology.orchestra.run.smithi135.stdout:/usr/bin/ceph: stderr
2024-09-19T08:06:24.284+0000 7f9200695640 1 -- start start
2024-09-19T08:06:25.273 INFO:teuthology.orchestra.run.smithi135.stdout:/usr/bin/ceph: stderr
2024-09-19T08:06:24.284+0000 7f9200695640 1 --2- >> [v2:172.21.15.135:3300/0,v1:172.21.15.135:6789/0] conn(0x7f91f807de60 0x7f91f819d580 unknown :-1 s=NONE pgs=0 cs=0 l=1 rev1=0 crypto rx=0 tx=0 comp rx=0 tx=0).connect
2024-09-19T08:06:25.273 INFO:teuthology.orchestra.run.smithi135.stdout:/usr/bin/ceph: stderr
2024-09-19T08:06:24.284+0000 7f9200695640 1 -- --> [v2:172.21.15.135:3300/0,v1:172.21.15.135:6789/0] -- mon_getmap magic: 0 -- 0x7f91f810db00 con 0x7f91f807de60
2024-09-19T08:06:25.273 INFO:teuthology.orchestra.run.smithi135.stdout:/usr/bin/ceph: stderr
2024-09-19T08:06:24.284+0000 7f91fe431640 1 --2- >> [v2:172.21.15.135:3300/0,v1:172.21.15.135:6789/0] conn(0x7f91f807de60 0x7f91f819d580 unknown :-1 s=BANNER_CONNECTING pgs=0 cs=0 l=1 rev1=0 crypto rx=0 tx=0 comp rx=0 tx=0)._handle_peer_banner_payload supported=3 required=0
2024-09-19T08:06:25.273 INFO:teuthology.orchestra.run.smithi135.stdout:/usr/bin/ceph: stderr
2024-09-19T08:06:24.284+0000 7f91fe431640 1 --2- >> [v2:172.21.15.135:3300/0,v1:172.21.15.135:6789/0] conn(0x7f91f807de60 0x7f91f819d580 unknown :-1 s=HELLO_CONNECTING pgs=0 cs=0 l=1 rev1=1 crypto rx=0 tx=0 comp rx=0 tx=0).handle_hello peer v2:172.21.15.135:3300/0 says I am v2:172.21.15.135:41632/0 (socket says 172.21.15.135:41632)
2024-09-19T08:06:25.273 INFO:teuthology.orchestra.run.smithi135.stdout:/usr/bin/ceph: stderr
2024-09-19T08:06:24.284+0000 7f91fe431640 1 -- 172.21.15.135:0/2403591928 learned_addr learned my addr 172.21.15.135:0/2403591928 (peer_addr_for_me v2:172.21.15.135:0/0)
2024-09-19T08:06:25.273 INFO:teuthology.orchestra.run.smithi135.stdout:/usr/bin/ceph: stderr
2024-09-19T08:06:24.285+0000 7f91fe431640 1 -- 172.21.15.135:0/2403591928 --> [v2:172.21.15.135:3300/0,v1:172.21.15.135:6789/0] -- mon_subscribe({config=0+,monmap=0+}) -- 0x7f91f819dac0 con 0x7f91f807de60
2024-09-19T08:06:25.273 INFO:teuthology.orchestra.run.smithi135.stdout:/usr/bin/ceph: stderr
2024-09-19T08:06:24.285+0000 7f91fe431640 1 --2- 172.21.15.135:0/2403591928 >> [v2:172.21.15.135:3300/0,v1:172.21.15.135:6789/0] conn(0x7f91f807de60 0x7f91f819d580 secure :-1 s=READY pgs=69 cs=0 l=1 rev1=1 crypto rx=0x7f91f40097f0 tx=0x7f91f4030c70 comp rx=0 tx=0).ready entity=mon.0 client_cookie=0 server_cookie=0 in_seq=0 out_seq=0
2024-09-19T08:06:25.273 INFO:teuthology.orchestra.run.smithi135.stdout:/usr/bin/ceph: stderr
2024-09-19T08:06:24.285+0000 7f91ef7fe640 1 -- 172.21.15.135:0/2403591928 <== mon.0 v2:172.21.15.135:3300/0 1 ==== mon_map magic: 0 ==== 205+0+0 (secure 0 0 0) 0x7f91f4042070 con 0x7f91f807de60
2024-09-19T08:06:25.273 INFO:teuthology.orchestra.run.smithi135.stdout:/usr/bin/ceph: stderr
2024-09-19T08:06:24.285+0000 7f91ef7fe640 1 -- 172.21.15.135:0/2403591928 <== mon.0 v2:172.21.15.135:3300/0 2 ==== config(26 keys) ==== 1102+0+0 (secure 0 0 0) 0x7f91f4030d80 con 0x7f91f807de60
2024-09-19T08:06:25.274 INFO:teuthology.orchestra.run.smithi135.stdout:/usr/bin/ceph: stderr
2024-09-19T08:06:24.285+0000 7f9200695640 1 -- 172.21.15.135:0/2403591928 --> [v2:172.21.15.135:3300/0,v1:172.21.15.135:6789/0] -- mon_subscribe({mgrmap=0+}) -- 0x7f91f819dd50 con 0x7f91f807de60
2024-09-19T08:06:25.274 INFO:teuthology.orchestra.run.smithi135.stdout:/usr/bin/ceph: stderr
2024-09-19T08:06:24.285+0000 7f91ef7fe640 1 -- 172.21.15.135:0/2403591928 <== mon.0 v2:172.21.15.135:3300/0 3 ==== mon_map magic: 0 ==== 205+0+0 (secure 0 0 0) 0x7f91f4037040 con 0x7f91f807de60
2024-09-19T08:06:25.274 INFO:teuthology.orchestra.run.smithi135.stdout:/usr/bin/ceph: stderr
2024-09-19T08:06:24.285+0000 7f9200695640 1 -- 172.21.15.135:0/2403591928 --> [v2:172.21.15.135:3300/0,v1:172.21.15.135:6789/0] -- mon_subscribe({osdmap=0}) -- 0x7f91f81a0a40 con 0x7f91f807de60
2024-09-19T08:06:25.274 INFO:teuthology.orchestra.run.smithi135.stdout:/usr/bin/ceph: stderr
2024-09-19T08:06:24.286+0000 7f91ef7fe640 1 -- 172.21.15.135:0/2403591928 <== mon.0 v2:172.21.15.135:3300/0 4 ==== mgrmap(e 11) ==== 46368+0+0 (secure 0 0 0) 0x7f91f4045070 con 0x7f91f807de60
2024-09-19T08:06:25.274 INFO:teuthology.orchestra.run.smithi135.stdout:/usr/bin/ceph: stderr
2024-09-19T08:06:24.286+0000 7f9200695640 1 -- 172.21.15.135:0/2403591928 --> [v2:172.21.15.135:3300/0,v1:172.21.15.135:6789/0] -- mon_command({"prefix": "get_command_descriptions"} v 0) -- 0x7f91f807c340 con 0x7f91f807de60
2024-09-19T08:06:25.274 INFO:teuthology.orchestra.run.smithi135.stdout:/usr/bin/ceph: stderr
2024-09-19T08:06:24.286+0000 7f91ef7fe640 1 --2- 172.21.15.135:0/2403591928 >> [v2:172.21.15.135:6800/1521332776,v1:172.21.15.135:6801/1521332776] conn(0x7f91e40391b0 0x7f91e403b670 unknown :-1 s=NONE pgs=0 cs=0 l=1 rev1=0 crypto rx=0 tx=0 comp rx=0 tx=0).connect
2024-09-19T08:06:25.274 INFO:teuthology.orchestra.run.smithi135.stdout:/usr/bin/ceph: stderr
2024-09-19T08:06:24.286+0000 7f91ef7fe640 1 -- 172.21.15.135:0/2403591928 <== mon.0 v2:172.21.15.135:3300/0 5 ==== osd_map(3..3 src has 1..3) ==== 1155+0+0 (secure 0 0 0) 0x7f91f406c420 con 0x7f91f807de60
2024-09-19T08:06:25.274 INFO:teuthology.orchestra.run.smithi135.stdout:/usr/bin/ceph: stderr
2024-09-19T08:06:24.286+0000 7f91fdc30640 1 --2- 172.21.15.135:0/2403591928 >> [v2:172.21.15.135:6800/1521332776,v1:172.21.15.135:6801/1521332776] conn(0x7f91e40391b0 0x7f91e403b670 unknown :-1 s=BANNER_CONNECTING pgs=0 cs=0 l=1 rev1=0 crypto rx=0 tx=0 comp rx=0 tx=0)._handle_peer_banner_payload supported=3 required=0
2024-09-19T08:06:25.274 INFO:teuthology.orchestra.run.smithi135.stdout:/usr/bin/ceph: stderr
2024-09-19T08:06:24.287+0000 7f91fdc30640 1 --2- 172.21.15.135:0/2403591928 >> [v2:172.21.15.135:6800/1521332776,v1:172.21.15.135:6801/1521332776] conn(0x7f91e40391b0 0x7f91e403b670 secure :-1 s=READY pgs=7 cs=0 l=1 rev1=1 crypto rx=0x7f91e80098c0 tx=0x7f91e8006db0 comp rx=0 tx=0).ready entity=mgr.14150 client_cookie=0 server_cookie=0 in_seq=0 out_seq=0
2024-09-19T08:06:25.274 INFO:teuthology.orchestra.run.smithi135.stdout:/usr/bin/ceph: stderr
2024-09-19T08:06:24.291+0000 7f91ef7fe640 1 -- 172.21.15.135:0/2403591928 <== mon.0 v2:172.21.15.135:3300/0 6 ==== mon_command_ack([{"prefix": "get_command_descriptions"}]=0 v0) ==== 72+0+188913 (secure 0 0 0) 0x7f91f4045360 con 0x7f91f807de60
2024-09-19T08:06:25.274 INFO:teuthology.orchestra.run.smithi135.stdout:/usr/bin/ceph: stderr
2024-09-19T08:06:24.426+0000 7f91ef7fe640 1 -- 172.21.15.135:0/2403591928 <== mon.0 v2:172.21.15.135:3300/0 7 ==== mgrmap(e 12) ==== 46474+0+0 (secure 0 0 0) 0x7f91f403b330 con 0x7f91f807de60
2024-09-19T08:06:25.274 INFO:teuthology.orchestra.run.smithi135.stdout:/usr/bin/ceph: stderr
2024-09-19T08:06:24.470+0000 7f9200695640 1 -- 172.21.15.135:0/2403591928 --> [v2:172.21.15.135:6800/1521332776,v1:172.21.15.135:6801/1521332776] -- mgr_command(tid 0: {"prefix": "dashboard create-self-signed-cert", "target": ["mon-mgr", ""]}) -- 0x7f91f8103e30 con 0x7f91e40391b0
2024-09-19T08:06:25.274 INFO:teuthology.orchestra.run.smithi135.stdout:/usr/bin/ceph: stderr
2024-09-19T08:06:24.520+0000 7f91ef7fe640 1 -- 172.21.15.135:0/2403591928 <== mgr.14150 v2:172.21.15.135:6800/1521332776 1 ==== mgr_command_reply(tid 0: 0 ) ==== 8+0+32 (secure 0 0 0) 0x7f91f8103e30 con 0x7f91e40391b0
2024-09-19T08:06:25.275 INFO:teuthology.orchestra.run.smithi135.stdout:/usr/bin/ceph: stderr
2024-09-19T08:06:24.523+0000 7f9200695640 1 -- 172.21.15.135:0/2403591928 >> [v2:172.21.15.135:6800/1521332776,v1:172.21.15.135:6801/1521332776] conn(0x7f91e40391b0 msgr2=0x7f91e403b670 secure :-1 s=STATE_CONNECTION_ESTABLISHED l=1).mark_down
2024-09-19T08:06:25.275 INFO:teuthology.orchestra.run.smithi135.stdout:/usr/bin/ceph: stderr
2024-09-19T08:06:24.523+0000 7f9200695640 1 --2- 172.21.15.135:0/2403591928 >> [v2:172.21.15.135:6800/1521332776,v1:172.21.15.135:6801/1521332776] conn(0x7f91e40391b0 0x7f91e403b670 secure :-1 s=READY pgs=7 cs=0 l=1 rev1=1 crypto rx=0x7f91e80098c0 tx=0x7f91e8006db0 comp rx=0 tx=0).stop
2024-09-19T08:06:25.275 INFO:teuthology.orchestra.run.smithi135.stdout:/usr/bin/ceph: stderr
2024-09-19T08:06:24.523+0000 7f9200695640 1 -- 172.21.15.135:0/2403591928 >> [v2:172.21.15.135:3300/0,v1:172.21.15.135:6789/0] conn(0x7f91f807de60 msgr2=0x7f91f819d580 secure :-1 s=STATE_CONNECTION_ESTABLISHED l=1).mark_down
2024-09-19T08:06:25.275 INFO:teuthology.orchestra.run.smithi135.stdout:/usr/bin/ceph: stderr
2024-09-19T08:06:24.523+0000 7f9200695640 1 --2- 172.21.15.135:0/2403591928 >> [v2:172.21.15.135:3300/0,v1:172.21.15.135:6789/0] conn(0x7f91f807de60 0x7f91f819d580 secure :-1 s=READY pgs=69 cs=0 l=1 rev1=1 crypto rx=0x7f91f40097f0 tx=0x7f91f4030c70 comp rx=0 tx=0).stop
2024-09-19T08:06:25.275 INFO:teuthology.orchestra.run.smithi135.stdout:/usr/bin/ceph: stderr
2024-09-19T08:06:24.523+0000 7f9200695640 1 -- 172.21.15.135:0/2403591928 shutdown_connections
2024-09-19T08:06:25.275 INFO:teuthology.orchestra.run.smithi135.stdout:/usr/bin/ceph: stderr
2024-09-19T08:06:24.523+0000 7f9200695640 1 --2- 172.21.15.135:0/2403591928 >> [v2:172.21.15.135:6800/1521332776,v1:172.21.15.135:6801/1521332776] conn(0x7f91e40391b0 0x7f91e403b670 unknown :-1 s=CLOSED pgs=7 cs=0 l=1 rev1=1 crypto rx=0 tx=0 comp rx=0 tx=0).stop
2024-09-19T08:06:25.275 INFO:teuthology.orchestra.run.smithi135.stdout:/usr/bin/ceph: stderr
2024-09-19T08:06:24.523+0000 7f9200695640 1 --2- 172.21.15.135:0/2403591928 >> [v2:172.21.15.135:3300/0,v1:172.21.15.135:6789/0] conn(0x7f91f807de60 0x7f91f819d580 unknown :-1 s=CLOSED pgs=69 cs=0 l=1 rev1=1 crypto rx=0 tx=0 comp rx=0 tx=0).stop
2024-09-19T08:06:25.275 INFO:teuthology.orchestra.run.smithi135.stdout:/usr/bin/ceph: stderr
2024-09-19T08:06:24.523+0000 7f9200695640 1 -- 172.21.15.135:0/2403591928 >> 172.21.15.135:0/2403591928 conn(0x7f91f8102c60 msgr2=0x7f91f8103720 unknown :-1 s=STATE_NONE l=0).mark_down
2024-09-19T08:06:25.275 INFO:teuthology.orchestra.run.smithi135.stdout:/usr/bin/ceph: stderr
2024-09-19T08:06:24.524+0000 7f9200695640 1 -- 172.21.15.135:0/2403591928 shutdown_connections
2024-09-19T08:06:25.275 INFO:teuthology.orchestra.run.smithi135.stdout:/usr/bin/ceph: stderr
2024-09-19T08:06:24.524+0000 7f9200695640 1 -- 172.21.15.135:0/2403591928 wait complete.
2024-09-19T08:06:25.275 INFO:teuthology.orchestra.run.smithi135.stdout:Creating initial admin user...
2024-09-19T08:06:25.693 INFO:journalctl@ceph.mon.a.smithi135.stdout:Sep 19 08:06:25 smithi135 ceph-mon[30940]: from='mgr.14150 172.21.15.135:0/4226247221' entity='mgr.x'
2024-09-19T08:06:25.693 INFO:journalctl@ceph.mon.a.smithi135.stdout:Sep 19 08:06:25 smithi135 ceph-mon[30940]: mgrmap e12: x(active, since 2s)
2024-09-19T08:06:25.693 INFO:journalctl@ceph.mon.a.smithi135.stdout:Sep 19 08:06:25 smithi135 ceph-mon[30940]: from='client.14162 -' entity='client.admin' cmd=[{"prefix": "dashboard create-self-signed-cert", "target": ["mon-mgr", ""]}]: dispatch
2024-09-19T08:06:25.693 INFO:journalctl@ceph.mon.a.smithi135.stdout:Sep 19 08:06:25 smithi135 ceph-mon[30940]: from='mgr.14150 172.21.15.135:0/4226247221' entity='mgr.x'
2024-09-19T08:06:25.693 INFO:journalctl@ceph.mon.a.smithi135.stdout:Sep 19 08:06:25 smithi135 ceph-mon[30940]: from='mgr.14150 172.21.15.135:0/4226247221' entity='mgr.x'
2024-09-19T08:06:26.678 INFO:journalctl@ceph.mon.a.smithi135.stdout:Sep 19 08:06:26 smithi135 ceph-mon[30940]: from='client.14164 -' entity='client.admin' cmd=[{"prefix": "dashboard ac-user-create", "username": "admin", "rolename": "administrator", "force_password": true, "pwd_update_required": true, "target": ["mon-mgr", ""]}]: dispatch
2024-09-19T08:06:26.962 INFO:teuthology.orchestra.run.smithi135.stdout:/usr/bin/ceph: stdout {"username": "admin", "password": "$2b$12$5m3b53XbsulEETOgmJZSuuHgvVwOIp53QrEwWs21cUyDIYwSIxyTq", "roles": ["administrator"], "name": null, "email": null, "lastUpdate": 1726733186, "enabled": true, "pwdExpirationDate": null, "pwdUpdateRequired": true}
2024-09-19T08:06:26.962 INFO:teuthology.orchestra.run.smithi135.stdout:/usr/bin/ceph: stderr
2024-09-19T08:06:25.942+0000 7ff1a6949640 1 Processor -- start
2024-09-19T08:06:26.962 INFO:teuthology.orchestra.run.smithi135.stdout:/usr/bin/ceph: stderr
2024-09-19T08:06:25.942+0000 7ff1a6949640 1 -- start start
2024-09-19T08:06:26.962 INFO:teuthology.orchestra.run.smithi135.stdout:/usr/bin/ceph: stderr
2024-09-19T08:06:25.943+0000 7ff1a6949640 1 --2- >> [v2:172.21.15.135:3300/0,v1:172.21.15.135:6789/0] conn(0x7ff1a0107f70 0x7ff1a010a360 unknown :-1 s=NONE pgs=0 cs=0 l=0 rev1=0 crypto rx=0 tx=0 comp rx=0 tx=0).connect
2024-09-19T08:06:26.962 INFO:teuthology.orchestra.run.smithi135.stdout:/usr/bin/ceph: stderr
2024-09-19T08:06:25.943+0000 7ff1a6949640 1 -- --> [v2:172.21.15.135:3300/0,v1:172.21.15.135:6789/0] -- mon_getmap magic: 0 -- 0x7ff1a0075740 con 0x7ff1a0107f70
2024-09-19T08:06:26.963 INFO:teuthology.orchestra.run.smithi135.stdout:/usr/bin/ceph: stderr
2024-09-19T08:06:25.943+0000 7ff19ffff640 1 --2- >> [v2:172.21.15.135:3300/0,v1:172.21.15.135:6789/0] conn(0x7ff1a0107f70 0x7ff1a010a360 unknown :-1 s=BANNER_CONNECTING pgs=0 cs=0 l=0 rev1=0 crypto rx=0 tx=0 comp rx=0 tx=0)._handle_peer_banner_payload supported=3 required=0
2024-09-19T08:06:26.963 INFO:teuthology.orchestra.run.smithi135.stdout:/usr/bin/ceph: stderr
2024-09-19T08:06:25.943+0000 7ff19ffff640 1 --2- >> [v2:172.21.15.135:3300/0,v1:172.21.15.135:6789/0] conn(0x7ff1a0107f70 0x7ff1a010a360 unknown :-1 s=HELLO_CONNECTING pgs=0 cs=0 l=0 rev1=1 crypto rx=0 tx=0 comp rx=0 tx=0).handle_hello peer v2:172.21.15.135:3300/0 says I am v2:172.21.15.135:41634/0 (socket says 172.21.15.135:41634)
2024-09-19T08:06:26.963 INFO:teuthology.orchestra.run.smithi135.stdout:/usr/bin/ceph: stderr
2024-09-19T08:06:25.943+0000 7ff19ffff640 1 -- 172.21.15.135:0/1388135149 learned_addr learned my addr 172.21.15.135:0/1388135149 (peer_addr_for_me v2:172.21.15.135:0/0)
2024-09-19T08:06:26.963 INFO:teuthology.orchestra.run.smithi135.stdout:/usr/bin/ceph: stderr
2024-09-19T08:06:25.943+0000 7ff19ffff640 1 -- 172.21.15.135:0/1388135149 --> [v2:172.21.15.135:3300/0,v1:172.21.15.135:6789/0] -- mon_subscribe({config=0+,monmap=0+}) -- 0x7ff1a010a8a0 con 0x7ff1a0107f70
2024-09-19T08:06:26.963 INFO:teuthology.orchestra.run.smithi135.stdout:/usr/bin/ceph: stderr
2024-09-19T08:06:25.944+0000 7ff19ffff640 1 --2- 172.21.15.135:0/1388135149 >> [v2:172.21.15.135:3300/0,v1:172.21.15.135:6789/0] conn(0x7ff1a0107f70 0x7ff1a010a360 secure :-1 s=READY pgs=70 cs=0 l=1 rev1=1 crypto rx=0x7ff190009820 tx=0x7ff19002a270 comp rx=0 tx=0).ready entity=mon.0 client_cookie=d3506c3f3ca7321a server_cookie=0 in_seq=0 out_seq=0
2024-09-19T08:06:26.963 INFO:teuthology.orchestra.run.smithi135.stdout:/usr/bin/ceph: stderr
2024-09-19T08:06:25.944+0000 7ff19f7fe640 1 -- 172.21.15.135:0/1388135149 <== mon.0 v2:172.21.15.135:3300/0 1 ==== mon_map magic: 0 ==== 205+0+0 (secure 0 0 0) 0x7ff190037070 con 0x7ff1a0107f70
2024-09-19T08:06:26.963 INFO:teuthology.orchestra.run.smithi135.stdout:/usr/bin/ceph: stderr
2024-09-19T08:06:25.944+0000 7ff19f7fe640 1 -- 172.21.15.135:0/1388135149 <== mon.0 v2:172.21.15.135:3300/0 2 ==== config(26 keys) ==== 1102+0+0 (secure 0 0 0) 0x7ff1900328f0 con 0x7ff1a0107f70
2024-09-19T08:06:26.963 INFO:teuthology.orchestra.run.smithi135.stdout:/usr/bin/ceph: stderr
2024-09-19T08:06:25.944+0000 7ff19f7fe640 1 -- 172.21.15.135:0/1388135149 <== mon.0 v2:172.21.15.135:3300/0 3 ==== mon_map magic: 0 ==== 205+0+0 (secure 0 0 0) 0x7ff190030740 con 0x7ff1a0107f70
2024-09-19T08:06:26.963 INFO:teuthology.orchestra.run.smithi135.stdout:/usr/bin/ceph: stderr
2024-09-19T08:06:25.945+0000 7ff1a6949640 1 -- 172.21.15.135:0/1388135149 >> [v2:172.21.15.135:3300/0,v1:172.21.15.135:6789/0] conn(0x7ff1a0107f70 msgr2=0x7ff1a010a360 secure :-1 s=STATE_CONNECTION_ESTABLISHED l=1).mark_down
2024-09-19T08:06:26.963 INFO:teuthology.orchestra.run.smithi135.stdout:/usr/bin/ceph: stderr
2024-09-19T08:06:25.945+0000 7ff1a6949640 1 --2- 172.21.15.135:0/1388135149 >> [v2:172.21.15.135:3300/0,v1:172.21.15.135:6789/0] conn(0x7ff1a0107f70 0x7ff1a010a360 secure :-1 s=READY pgs=70 cs=0 l=1 rev1=1 crypto rx=0x7ff190009820 tx=0x7ff19002a270 comp rx=0 tx=0).stop
2024-09-19T08:06:26.964 INFO:teuthology.orchestra.run.smithi135.stdout:/usr/bin/ceph: stderr
2024-09-19T08:06:25.945+0000 7ff1a6949640 1 -- 172.21.15.135:0/1388135149 shutdown_connections
2024-09-19T08:06:26.964 INFO:teuthology.orchestra.run.smithi135.stdout:/usr/bin/ceph: stderr
2024-09-19T08:06:25.945+0000 7ff1a6949640 1 --2- 172.21.15.135:0/1388135149 >> [v2:172.21.15.135:3300/0,v1:172.21.15.135:6789/0] conn(0x7ff1a0107f70 0x7ff1a010a360 unknown :-1 s=CLOSED pgs=70 cs=0 l=1 rev1=1 crypto rx=0 tx=0 comp rx=0 tx=0).stop
2024-09-19T08:06:26.964 INFO:teuthology.orchestra.run.smithi135.stdout:/usr/bin/ceph: stderr
2024-09-19T08:06:25.945+0000 7ff1a6949640 1 -- 172.21.15.135:0/1388135149 >> 172.21.15.135:0/1388135149 conn(0x7ff1a0101b30 msgr2=0x7ff1a0103f90 unknown :-1 s=STATE_NONE l=0).mark_down
2024-09-19T08:06:26.964 INFO:teuthology.orchestra.run.smithi135.stdout:/usr/bin/ceph: stderr
2024-09-19T08:06:25.945+0000 7ff1a6949640 1 -- 172.21.15.135:0/1388135149 shutdown_connections
2024-09-19T08:06:26.964 INFO:teuthology.orchestra.run.smithi135.stdout:/usr/bin/ceph: stderr
2024-09-19T08:06:25.945+0000 7ff1a6949640 1 -- 172.21.15.135:0/1388135149 wait complete.
2024-09-19T08:06:26.964 INFO:teuthology.orchestra.run.smithi135.stdout:/usr/bin/ceph: stderr
2024-09-19T08:06:25.945+0000 7ff1a6949640 1 Processor -- start
2024-09-19T08:06:26.964 INFO:teuthology.orchestra.run.smithi135.stdout:/usr/bin/ceph: stderr
2024-09-19T08:06:25.945+0000 7ff1a6949640 1 -- start start
2024-09-19T08:06:26.964 INFO:teuthology.orchestra.run.smithi135.stdout:/usr/bin/ceph: stderr
2024-09-19T08:06:25.946+0000 7ff1a6949640 1 --2- >> [v2:172.21.15.135:3300/0,v1:172.21.15.135:6789/0] conn(0x7ff1a0107f70 0x7ff1a019b380 unknown :-1 s=NONE pgs=0 cs=0 l=1 rev1=0 crypto rx=0 tx=0 comp rx=0 tx=0).connect
2024-09-19T08:06:26.964 INFO:teuthology.orchestra.run.smithi135.stdout:/usr/bin/ceph: stderr
2024-09-19T08:06:25.946+0000 7ff1a6949640 1 -- --> [v2:172.21.15.135:3300/0,v1:172.21.15.135:6789/0] -- mon_getmap magic: 0 -- 0x7ff1a010b8c0 con 0x7ff1a0107f70
2024-09-19T08:06:26.964 INFO:teuthology.orchestra.run.smithi135.stdout:/usr/bin/ceph: stderr
2024-09-19T08:06:25.946+0000 7ff19ffff640 1 --2- >> [v2:172.21.15.135:3300/0,v1:172.21.15.135:6789/0] conn(0x7ff1a0107f70 0x7ff1a019b380 unknown :-1 s=BANNER_CONNECTING pgs=0 cs=0 l=1 rev1=0 crypto rx=0 tx=0 comp rx=0 tx=0)._handle_peer_banner_payload supported=3 required=0
2024-09-19T08:06:26.964 INFO:teuthology.orchestra.run.smithi135.stdout:/usr/bin/ceph: stderr
2024-09-19T08:06:25.946+0000 7ff19ffff640 1 --2- >> [v2:172.21.15.135:3300/0,v1:172.21.15.135:6789/0] conn(0x7ff1a0107f70 0x7ff1a019b380 unknown :-1 s=HELLO_CONNECTING pgs=0 cs=0 l=1 rev1=1 crypto rx=0 tx=0 comp rx=0 tx=0).handle_hello peer v2:172.21.15.135:3300/0 says I am v2:172.21.15.135:41642/0 (socket says 172.21.15.135:41642)
2024-09-19T08:06:26.965 INFO:teuthology.orchestra.run.smithi135.stdout:/usr/bin/ceph: stderr
2024-09-19T08:06:25.946+0000 7ff19ffff640 1 -- 172.21.15.135:0/3493999465 learned_addr learned my addr 172.21.15.135:0/3493999465 (peer_addr_for_me v2:172.21.15.135:0/0)
2024-09-19T08:06:26.965 INFO:teuthology.orchestra.run.smithi135.stdout:/usr/bin/ceph: stderr
2024-09-19T08:06:25.946+0000 7ff19ffff640 1 -- 172.21.15.135:0/3493999465 --> [v2:172.21.15.135:3300/0,v1:172.21.15.135:6789/0] -- mon_subscribe({config=0+,monmap=0+}) -- 0x7ff1a019b8c0 con 0x7ff1a0107f70
2024-09-19T08:06:26.965 INFO:teuthology.orchestra.run.smithi135.stdout:/usr/bin/ceph: stderr
2024-09-19T08:06:25.946+0000 7ff19ffff640 1 --2- 172.21.15.135:0/3493999465 >> [v2:172.21.15.135:3300/0,v1:172.21.15.135:6789/0] conn(0x7ff1a0107f70 0x7ff1a019b380 secure :-1 s=READY pgs=71 cs=0 l=1 rev1=1 crypto rx=0x7ff190030cc0 tx=0x7ff190030cf0 comp rx=0 tx=0).ready entity=mon.0 client_cookie=0 server_cookie=0 in_seq=0 out_seq=0
2024-09-19T08:06:26.965 INFO:teuthology.orchestra.run.smithi135.stdout:/usr/bin/ceph: stderr
2024-09-19T08:06:25.946+0000 7ff19dffb640 1 -- 172.21.15.135:0/3493999465 <== mon.0 v2:172.21.15.135:3300/0 1 ==== mon_map magic: 0 ==== 205+0+0 (secure 0 0 0) 0x7ff190042070 con 0x7ff1a0107f70
2024-09-19T08:06:26.965 INFO:teuthology.orchestra.run.smithi135.stdout:/usr/bin/ceph: stderr
2024-09-19T08:06:25.946+0000 7ff19dffb640 1 -- 172.21.15.135:0/3493999465 <== mon.0 v2:172.21.15.135:3300/0 2 ==== config(26 keys) ==== 1102+0+0 (secure 0 0 0) 0x7ff190030e60 con 0x7ff1a0107f70
2024-09-19T08:06:26.965 INFO:teuthology.orchestra.run.smithi135.stdout:/usr/bin/ceph: stderr
2024-09-19T08:06:25.946+0000 7ff19dffb640 1 -- 172.21.15.135:0/3493999465 <== mon.0 v2:172.21.15.135:3300/0 3 ==== mon_map magic: 0 ==== 205+0+0 (secure 0 0 0) 0x7ff190037040 con 0x7ff1a0107f70
2024-09-19T08:06:26.965 INFO:teuthology.orchestra.run.smithi135.stdout:/usr/bin/ceph: stderr
2024-09-19T08:06:25.946+0000 7ff1a6949640 1 -- 172.21.15.135:0/3493999465 --> [v2:172.21.15.135:3300/0,v1:172.21.15.135:6789/0] -- mon_subscribe({mgrmap=0+}) -- 0x7ff1a019bb50 con 0x7ff1a0107f70
2024-09-19T08:06:26.965 INFO:teuthology.orchestra.run.smithi135.stdout:/usr/bin/ceph: stderr
2024-09-19T08:06:25.946+0000 7ff1a6949640 1 -- 172.21.15.135:0/3493999465 --> [v2:172.21.15.135:3300/0,v1:172.21.15.135:6789/0] -- mon_subscribe({osdmap=0}) -- 0x7ff1a019e840 con 0x7ff1a0107f70
2024-09-19T08:06:26.965 INFO:teuthology.orchestra.run.smithi135.stdout:/usr/bin/ceph: stderr
2024-09-19T08:06:25.948+0000 7ff19dffb640 1 -- 172.21.15.135:0/3493999465 <== mon.0 v2:172.21.15.135:3300/0 4 ==== mgrmap(e 12) ==== 46474+0+0 (secure 0 0 0) 0x7ff190045070 con 0x7ff1a0107f70
2024-09-19T08:06:26.965 INFO:teuthology.orchestra.run.smithi135.stdout:/usr/bin/ceph: stderr
2024-09-19T08:06:25.948+0000 7ff1a6949640 1 -- 172.21.15.135:0/3493999465 --> [v2:172.21.15.135:3300/0,v1:172.21.15.135:6789/0] -- mon_command({"prefix": "get_command_descriptions"} v 0) -- 0x7ff1a01083d0 con 0x7ff1a0107f70
2024-09-19T08:06:26.965 INFO:teuthology.orchestra.run.smithi135.stdout:/usr/bin/ceph: stderr
2024-09-19T08:06:25.948+0000 7ff19dffb640 1 --2- 172.21.15.135:0/3493999465 >> [v2:172.21.15.135:6800/1521332776,v1:172.21.15.135:6801/1521332776] conn(0x7ff18c039320 0x7ff18c03b7e0 unknown :-1 s=NONE pgs=0 cs=0 l=1 rev1=0 crypto rx=0 tx=0 comp rx=0 tx=0).connect
2024-09-19T08:06:26.966 INFO:teuthology.orchestra.run.smithi135.stdout:/usr/bin/ceph: stderr
2024-09-19T08:06:25.948+0000 7ff19dffb640 1 -- 172.21.15.135:0/3493999465 <== mon.0 v2:172.21.15.135:3300/0 5 ==== osd_map(3..3 src has 1..3) ==== 1155+0+0 (secure 0 0 0) 0x7ff19006c3f0 con 0x7ff1a0107f70
2024-09-19T08:06:26.966 INFO:teuthology.orchestra.run.smithi135.stdout:/usr/bin/ceph: stderr
2024-09-19T08:06:25.948+0000 7ff197fff640 1 --2- 172.21.15.135:0/3493999465 >> [v2:172.21.15.135:6800/1521332776,v1:172.21.15.135:6801/1521332776] conn(0x7ff18c039320 0x7ff18c03b7e0 unknown :-1 s=BANNER_CONNECTING pgs=0 cs=0 l=1 rev1=0 crypto rx=0 tx=0 comp rx=0 tx=0)._handle_peer_banner_payload supported=3 required=0
2024-09-19T08:06:26.966 INFO:teuthology.orchestra.run.smithi135.stdout:/usr/bin/ceph: stderr
