2024-09-19T08:06:25.948+0000 7ff197fff640 1 --2- 172.21.15.135:0/3493999465 >> [v2:172.21.15.135:6800/1521332776,v1:172.21.15.135:6801/1521332776] conn(0x7ff18c039320 0x7ff18c03b7e0 secure :-1 s=READY pgs=8 cs=0 l=1 rev1=1 crypto rx=0x7ff1880098c0 tx=0x7ff188006db0 comp rx=0 tx=0).ready entity=mgr.14150 client_cookie=0 server_cookie=0 in_seq=0 out_seq=0
2024-09-19T08:06:26.966 INFO:teuthology.orchestra.run.smithi135.stdout:/usr/bin/ceph: stderr
2024-09-19T08:06:25.953+0000 7ff19dffb640 1 -- 172.21.15.135:0/3493999465 <== mon.0 v2:172.21.15.135:3300/0 6 ==== mon_command_ack([{"prefix": "get_command_descriptions"}]=0 v0) ==== 72+0+188913 (secure 0 0 0) 0x7ff19002fd90 con 0x7ff1a0107f70
2024-09-19T08:06:26.966 INFO:teuthology.orchestra.run.smithi135.stdout:/usr/bin/ceph: stderr
2024-09-19T08:06:26.137+0000 7ff1a6949640 1 -- 172.21.15.135:0/3493999465 --> [v2:172.21.15.135:6800/1521332776,v1:172.21.15.135:6801/1521332776] -- mgr_command(tid 0: {"prefix": "dashboard ac-user-create", "username": "admin", "rolename": "administrator", "force_password": true, "pwd_update_required": true, "target": ["mon-mgr", ""]}) -- 0x7ff1a019ead0 con 0x7ff18c039320
2024-09-19T08:06:26.966 INFO:teuthology.orchestra.run.smithi135.stdout:/usr/bin/ceph: stderr
2024-09-19T08:06:26.359+0000 7ff19dffb640 1 -- 172.21.15.135:0/3493999465 <== mgr.14150 v2:172.21.15.135:6800/1521332776 1 ==== mgr_command_reply(tid 0: 0 ) ==== 8+0+252 (secure 0 0 0) 0x7ff1a019ead0 con 0x7ff18c039320
2024-09-19T08:06:26.966 INFO:teuthology.orchestra.run.smithi135.stdout:/usr/bin/ceph: stderr
2024-09-19T08:06:26.361+0000 7ff1a6949640 1 -- 172.21.15.135:0/3493999465 >> [v2:172.21.15.135:6800/1521332776,v1:172.21.15.135:6801/1521332776] conn(0x7ff18c039320 msgr2=0x7ff18c03b7e0 secure :-1 s=STATE_CONNECTION_ESTABLISHED l=1).mark_down
2024-09-19T08:06:26.966 INFO:teuthology.orchestra.run.smithi135.stdout:/usr/bin/ceph: stderr
2024-09-19T08:06:26.361+0000 7ff1a6949640 1 --2- 172.21.15.135:0/3493999465 >> [v2:172.21.15.135:6800/1521332776,v1:172.21.15.135:6801/1521332776] conn(0x7ff18c039320 0x7ff18c03b7e0 secure :-1 s=READY pgs=8 cs=0 l=1 rev1=1 crypto rx=0x7ff1880098c0 tx=0x7ff188006db0 comp rx=0 tx=0).stop
2024-09-19T08:06:26.966 INFO:teuthology.orchestra.run.smithi135.stdout:/usr/bin/ceph: stderr
2024-09-19T08:06:26.361+0000 7ff1a6949640 1 -- 172.21.15.135:0/3493999465 >> [v2:172.21.15.135:3300/0,v1:172.21.15.135:6789/0] conn(0x7ff1a0107f70 msgr2=0x7ff1a019b380 secure :-1 s=STATE_CONNECTION_ESTABLISHED l=1).mark_down
2024-09-19T08:06:26.966 INFO:teuthology.orchestra.run.smithi135.stdout:/usr/bin/ceph: stderr
2024-09-19T08:06:26.361+0000 7ff1a6949640 1 --2- 172.21.15.135:0/3493999465 >> [v2:172.21.15.135:3300/0,v1:172.21.15.135:6789/0] conn(0x7ff1a0107f70 0x7ff1a019b380 secure :-1 s=READY pgs=71 cs=0 l=1 rev1=1 crypto rx=0x7ff190030cc0 tx=0x7ff190030cf0 comp rx=0 tx=0).stop
2024-09-19T08:06:26.966 INFO:teuthology.orchestra.run.smithi135.stdout:/usr/bin/ceph: stderr
2024-09-19T08:06:26.361+0000 7ff1a6949640 1 -- 172.21.15.135:0/3493999465 shutdown_connections
2024-09-19T08:06:26.967 INFO:teuthology.orchestra.run.smithi135.stdout:/usr/bin/ceph: stderr
2024-09-19T08:06:26.361+0000 7ff1a6949640 1 --2- 172.21.15.135:0/3493999465 >> [v2:172.21.15.135:6800/1521332776,v1:172.21.15.135:6801/1521332776] conn(0x7ff18c039320 0x7ff18c03b7e0 unknown :-1 s=CLOSED pgs=8 cs=0 l=1 rev1=1 crypto rx=0 tx=0 comp rx=0 tx=0).stop
2024-09-19T08:06:26.967 INFO:teuthology.orchestra.run.smithi135.stdout:/usr/bin/ceph: stderr
2024-09-19T08:06:26.361+0000 7ff1a6949640 1 --2- 172.21.15.135:0/3493999465 >> [v2:172.21.15.135:3300/0,v1:172.21.15.135:6789/0] conn(0x7ff1a0107f70 0x7ff1a019b380 unknown :-1 s=CLOSED pgs=71 cs=0 l=1 rev1=1 crypto rx=0 tx=0 comp rx=0 tx=0).stop
2024-09-19T08:06:26.967 INFO:teuthology.orchestra.run.smithi135.stdout:/usr/bin/ceph: stderr
2024-09-19T08:06:26.361+0000 7ff1a6949640 1 -- 172.21.15.135:0/3493999465 >> 172.21.15.135:0/3493999465 conn(0x7ff1a0101b30 msgr2=0x7ff1a0102690 unknown :-1 s=STATE_NONE l=0).mark_down
2024-09-19T08:06:26.967 INFO:teuthology.orchestra.run.smithi135.stdout:/usr/bin/ceph: stderr
2024-09-19T08:06:26.362+0000 7ff1a6949640 1 -- 172.21.15.135:0/3493999465 shutdown_connections
2024-09-19T08:06:26.967 INFO:teuthology.orchestra.run.smithi135.stdout:/usr/bin/ceph: stderr
2024-09-19T08:06:26.362+0000 7ff1a6949640 1 -- 172.21.15.135:0/3493999465 wait complete.
2024-09-19T08:06:26.967 INFO:teuthology.orchestra.run.smithi135.stdout:Fetching dashboard port number...
2024-09-19T08:06:27.502 INFO:journalctl@ceph.mon.a.smithi135.stdout:Sep 19 08:06:27 smithi135 ceph-mon[30940]: from='mgr.14150 172.21.15.135:0/4226247221' entity='mgr.x'
2024-09-19T08:06:27.978 INFO:teuthology.orchestra.run.smithi135.stdout:/usr/bin/ceph: stdout 8443
2024-09-19T08:06:27.978 INFO:teuthology.orchestra.run.smithi135.stdout:/usr/bin/ceph: stderr
2024-09-19T08:06:27.324+0000 7f0b850f0640 1 Processor -- start
2024-09-19T08:06:27.978 INFO:teuthology.orchestra.run.smithi135.stdout:/usr/bin/ceph: stderr
2024-09-19T08:06:27.324+0000 7f0b850f0640 1 -- start start
2024-09-19T08:06:27.978 INFO:teuthology.orchestra.run.smithi135.stdout:/usr/bin/ceph: stderr
2024-09-19T08:06:27.324+0000 7f0b850f0640 1 --2- >> [v2:172.21.15.135:3300/0,v1:172.21.15.135:6789/0] conn(0x7f0b80107570 0x7f0b80107970 unknown :-1 s=NONE pgs=0 cs=0 l=0 rev1=0 crypto rx=0 tx=0 comp rx=0 tx=0).connect
2024-09-19T08:06:27.979 INFO:teuthology.orchestra.run.smithi135.stdout:/usr/bin/ceph: stderr
2024-09-19T08:06:27.324+0000 7f0b850f0640 1 -- --> [v2:172.21.15.135:3300/0,v1:172.21.15.135:6789/0] -- mon_getmap magic: 0 -- 0x7f0b80107f40 con 0x7f0b80107570
2024-09-19T08:06:27.979 INFO:teuthology.orchestra.run.smithi135.stdout:/usr/bin/ceph: stderr
2024-09-19T08:06:27.324+0000 7f0b7ed9d640 1 --2- >> [v2:172.21.15.135:3300/0,v1:172.21.15.135:6789/0] conn(0x7f0b80107570 0x7f0b80107970 unknown :-1 s=BANNER_CONNECTING pgs=0 cs=0 l=0 rev1=0 crypto rx=0 tx=0 comp rx=0 tx=0)._handle_peer_banner_payload supported=3 required=0
2024-09-19T08:06:27.979 INFO:teuthology.orchestra.run.smithi135.stdout:/usr/bin/ceph: stderr
2024-09-19T08:06:27.324+0000 7f0b7ed9d640 1 --2- >> [v2:172.21.15.135:3300/0,v1:172.21.15.135:6789/0] conn(0x7f0b80107570 0x7f0b80107970 unknown :-1 s=HELLO_CONNECTING pgs=0 cs=0 l=0 rev1=1 crypto rx=0 tx=0 comp rx=0 tx=0).handle_hello peer v2:172.21.15.135:3300/0 says I am v2:172.21.15.135:41646/0 (socket says 172.21.15.135:41646)
2024-09-19T08:06:27.979 INFO:teuthology.orchestra.run.smithi135.stdout:/usr/bin/ceph: stderr
2024-09-19T08:06:27.324+0000 7f0b7ed9d640 1 -- 172.21.15.135:0/3889161273 learned_addr learned my addr 172.21.15.135:0/3889161273 (peer_addr_for_me v2:172.21.15.135:0/0)
2024-09-19T08:06:27.979 INFO:teuthology.orchestra.run.smithi135.stdout:/usr/bin/ceph: stderr
2024-09-19T08:06:27.325+0000 7f0b7ed9d640 1 -- 172.21.15.135:0/3889161273 --> [v2:172.21.15.135:3300/0,v1:172.21.15.135:6789/0] -- mon_subscribe({config=0+,monmap=0+}) -- 0x7f0b80108770 con 0x7f0b80107570
2024-09-19T08:06:27.979 INFO:teuthology.orchestra.run.smithi135.stdout:/usr/bin/ceph: stderr
2024-09-19T08:06:27.325+0000 7f0b7ed9d640 1 --2- 172.21.15.135:0/3889161273 >> [v2:172.21.15.135:3300/0,v1:172.21.15.135:6789/0] conn(0x7f0b80107570 0x7f0b80107970 secure :-1 s=READY pgs=72 cs=0 l=1 rev1=1 crypto rx=0x7f0b70009820 tx=0x7f0b7002a270 comp rx=0 tx=0).ready entity=mon.0 client_cookie=c947743c3f25ac4b server_cookie=0 in_seq=0 out_seq=0
2024-09-19T08:06:27.979 INFO:teuthology.orchestra.run.smithi135.stdout:/usr/bin/ceph: stderr
2024-09-19T08:06:27.326+0000 7f0b7e59c640 1 -- 172.21.15.135:0/3889161273 <== mon.0 v2:172.21.15.135:3300/0 1 ==== mon_map magic: 0 ==== 205+0+0 (secure 0 0 0) 0x7f0b70037070 con 0x7f0b80107570
2024-09-19T08:06:27.979 INFO:teuthology.orchestra.run.smithi135.stdout:/usr/bin/ceph: stderr
2024-09-19T08:06:27.326+0000 7f0b7e59c640 1 -- 172.21.15.135:0/3889161273 <== mon.0 v2:172.21.15.135:3300/0 2 ==== config(26 keys) ==== 1102+0+0 (secure 0 0 0) 0x7f0b700328f0 con 0x7f0b80107570
2024-09-19T08:06:27.979 INFO:teuthology.orchestra.run.smithi135.stdout:/usr/bin/ceph: stderr
2024-09-19T08:06:27.326+0000 7f0b7e59c640 1 -- 172.21.15.135:0/3889161273 <== mon.0 v2:172.21.15.135:3300/0 3 ==== mon_map magic: 0 ==== 205+0+0 (secure 0 0 0) 0x7f0b70030740 con 0x7f0b80107570
2024-09-19T08:06:27.979 INFO:teuthology.orchestra.run.smithi135.stdout:/usr/bin/ceph: stderr
2024-09-19T08:06:27.326+0000 7f0b850f0640 1 -- 172.21.15.135:0/3889161273 >> [v2:172.21.15.135:3300/0,v1:172.21.15.135:6789/0] conn(0x7f0b80107570 msgr2=0x7f0b80107970 secure :-1 s=STATE_CONNECTION_ESTABLISHED l=1).mark_down
2024-09-19T08:06:27.979 INFO:teuthology.orchestra.run.smithi135.stdout:/usr/bin/ceph: stderr
2024-09-19T08:06:27.326+0000 7f0b850f0640 1 --2- 172.21.15.135:0/3889161273 >> [v2:172.21.15.135:3300/0,v1:172.21.15.135:6789/0] conn(0x7f0b80107570 0x7f0b80107970 secure :-1 s=READY pgs=72 cs=0 l=1 rev1=1 crypto rx=0x7f0b70009820 tx=0x7f0b7002a270 comp rx=0 tx=0).stop
2024-09-19T08:06:27.979 INFO:teuthology.orchestra.run.smithi135.stdout:/usr/bin/ceph: stderr
2024-09-19T08:06:27.326+0000 7f0b850f0640 1 -- 172.21.15.135:0/3889161273 shutdown_connections
2024-09-19T08:06:27.979 INFO:teuthology.orchestra.run.smithi135.stdout:/usr/bin/ceph: stderr
2024-09-19T08:06:27.326+0000 7f0b850f0640 1 --2- 172.21.15.135:0/3889161273 >> [v2:172.21.15.135:3300/0,v1:172.21.15.135:6789/0] conn(0x7f0b80107570 0x7f0b80107970 unknown :-1 s=CLOSED pgs=72 cs=0 l=1 rev1=1 crypto rx=0 tx=0 comp rx=0 tx=0).stop
2024-09-19T08:06:27.979 INFO:teuthology.orchestra.run.smithi135.stdout:/usr/bin/ceph: stderr
2024-09-19T08:06:27.326+0000 7f0b850f0640 1 -- 172.21.15.135:0/3889161273 >> 172.21.15.135:0/3889161273 conn(0x7f0b80102da0 msgr2=0x7f0b801051c0 unknown :-1 s=STATE_NONE l=0).mark_down
2024-09-19T08:06:27.980 INFO:teuthology.orchestra.run.smithi135.stdout:/usr/bin/ceph: stderr
2024-09-19T08:06:27.326+0000 7f0b850f0640 1 -- 172.21.15.135:0/3889161273 shutdown_connections
2024-09-19T08:06:27.980 INFO:teuthology.orchestra.run.smithi135.stdout:/usr/bin/ceph: stderr
2024-09-19T08:06:27.326+0000 7f0b850f0640 1 -- 172.21.15.135:0/3889161273 wait complete.
2024-09-19T08:06:27.980 INFO:teuthology.orchestra.run.smithi135.stdout:/usr/bin/ceph: stderr
2024-09-19T08:06:27.327+0000 7f0b850f0640 1 Processor -- start
2024-09-19T08:06:27.980 INFO:teuthology.orchestra.run.smithi135.stdout:/usr/bin/ceph: stderr
2024-09-19T08:06:27.327+0000 7f0b850f0640 1 -- start start
2024-09-19T08:06:27.980 INFO:teuthology.orchestra.run.smithi135.stdout:/usr/bin/ceph: stderr
2024-09-19T08:06:27.327+0000 7f0b850f0640 1 --2- >> [v2:172.21.15.135:3300/0,v1:172.21.15.135:6789/0] conn(0x7f0b80107570 0x7f0b8019b3a0 unknown :-1 s=NONE pgs=0 cs=0 l=1 rev1=0 crypto rx=0 tx=0 comp rx=0 tx=0).connect
2024-09-19T08:06:27.980 INFO:teuthology.orchestra.run.smithi135.stdout:/usr/bin/ceph: stderr
2024-09-19T08:06:27.327+0000 7f0b850f0640 1 -- --> [v2:172.21.15.135:3300/0,v1:172.21.15.135:6789/0] -- mon_getmap magic: 0 -- 0x7f0b8010bb20 con 0x7f0b80107570
2024-09-19T08:06:27.980 INFO:teuthology.orchestra.run.smithi135.stdout:/usr/bin/ceph: stderr
2024-09-19T08:06:27.327+0000 7f0b7ed9d640 1 --2- >> [v2:172.21.15.135:3300/0,v1:172.21.15.135:6789/0] conn(0x7f0b80107570 0x7f0b8019b3a0 unknown :-1 s=BANNER_CONNECTING pgs=0 cs=0 l=1 rev1=0 crypto rx=0 tx=0 comp rx=0 tx=0)._handle_peer_banner_payload supported=3 required=0
2024-09-19T08:06:27.980 INFO:teuthology.orchestra.run.smithi135.stdout:/usr/bin/ceph: stderr
2024-09-19T08:06:27.327+0000 7f0b7ed9d640 1 --2- >> [v2:172.21.15.135:3300/0,v1:172.21.15.135:6789/0] conn(0x7f0b80107570 0x7f0b8019b3a0 unknown :-1 s=HELLO_CONNECTING pgs=0 cs=0 l=1 rev1=1 crypto rx=0 tx=0 comp rx=0 tx=0).handle_hello peer v2:172.21.15.135:3300/0 says I am v2:172.21.15.135:41656/0 (socket says 172.21.15.135:41656)
2024-09-19T08:06:27.980 INFO:teuthology.orchestra.run.smithi135.stdout:/usr/bin/ceph: stderr
2024-09-19T08:06:27.327+0000 7f0b7ed9d640 1 -- 172.21.15.135:0/2738249336 learned_addr learned my addr 172.21.15.135:0/2738249336 (peer_addr_for_me v2:172.21.15.135:0/0)
2024-09-19T08:06:27.980 INFO:teuthology.orchestra.run.smithi135.stdout:/usr/bin/ceph: stderr
2024-09-19T08:06:27.328+0000 7f0b7ed9d640 1 -- 172.21.15.135:0/2738249336 --> [v2:172.21.15.135:3300/0,v1:172.21.15.135:6789/0] -- mon_subscribe({config=0+,monmap=0+}) -- 0x7f0b8019b8e0 con 0x7f0b80107570
2024-09-19T08:06:27.980 INFO:teuthology.orchestra.run.smithi135.stdout:/usr/bin/ceph: stderr
2024-09-19T08:06:27.328+0000 7f0b7ed9d640 1 --2- 172.21.15.135:0/2738249336 >> [v2:172.21.15.135:3300/0,v1:172.21.15.135:6789/0] conn(0x7f0b80107570 0x7f0b8019b3a0 secure :-1 s=READY pgs=73 cs=0 l=1 rev1=1 crypto rx=0x7f0b700097f0 tx=0x7f0b70030c70 comp rx=0 tx=0).ready entity=mon.0 client_cookie=0 server_cookie=0 in_seq=0 out_seq=0
2024-09-19T08:06:27.980 INFO:teuthology.orchestra.run.smithi135.stdout:/usr/bin/ceph: stderr
2024-09-19T08:06:27.328+0000 7f0b7cd99640 1 -- 172.21.15.135:0/2738249336 <== mon.0 v2:172.21.15.135:3300/0 1 ==== mon_map magic: 0 ==== 205+0+0 (secure 0 0 0) 0x7f0b70042070 con 0x7f0b80107570
2024-09-19T08:06:27.980 INFO:teuthology.orchestra.run.smithi135.stdout:/usr/bin/ceph: stderr
2024-09-19T08:06:27.328+0000 7f0b7cd99640 1 -- 172.21.15.135:0/2738249336 <== mon.0 v2:172.21.15.135:3300/0 2 ==== config(26 keys) ==== 1102+0+0 (secure 0 0 0) 0x7f0b70030d80 con 0x7f0b80107570
2024-09-19T08:06:27.981 INFO:teuthology.orchestra.run.smithi135.stdout:/usr/bin/ceph: stderr
2024-09-19T08:06:27.328+0000 7f0b7cd99640 1 -- 172.21.15.135:0/2738249336 <== mon.0 v2:172.21.15.135:3300/0 3 ==== mon_map magic: 0 ==== 205+0+0 (secure 0 0 0) 0x7f0b70037040 con 0x7f0b80107570
2024-09-19T08:06:27.981 INFO:teuthology.orchestra.run.smithi135.stdout:/usr/bin/ceph: stderr
2024-09-19T08:06:27.328+0000 7f0b850f0640 1 -- 172.21.15.135:0/2738249336 --> [v2:172.21.15.135:3300/0,v1:172.21.15.135:6789/0] -- mon_subscribe({mgrmap=0+}) -- 0x7f0b8019bb70 con 0x7f0b80107570
2024-09-19T08:06:27.981 INFO:teuthology.orchestra.run.smithi135.stdout:/usr/bin/ceph: stderr
2024-09-19T08:06:27.328+0000 7f0b850f0640 1 -- 172.21.15.135:0/2738249336 --> [v2:172.21.15.135:3300/0,v1:172.21.15.135:6789/0] -- mon_subscribe({osdmap=0}) -- 0x7f0b8019e860 con 0x7f0b80107570
2024-09-19T08:06:27.981 INFO:teuthology.orchestra.run.smithi135.stdout:/usr/bin/ceph: stderr
2024-09-19T08:06:27.329+0000 7f0b7cd99640 1 -- 172.21.15.135:0/2738249336 <== mon.0 v2:172.21.15.135:3300/0 4 ==== mgrmap(e 12) ==== 46474+0+0 (secure 0 0 0) 0x7f0b70045070 con 0x7f0b80107570
2024-09-19T08:06:27.981 INFO:teuthology.orchestra.run.smithi135.stdout:/usr/bin/ceph: stderr
2024-09-19T08:06:27.329+0000 7f0b850f0640 1 -- 172.21.15.135:0/2738249336 --> [v2:172.21.15.135:3300/0,v1:172.21.15.135:6789/0] -- mon_command({"prefix": "get_command_descriptions"} v 0) -- 0x7f0b801079f0 con 0x7f0b80107570
2024-09-19T08:06:27.981 INFO:teuthology.orchestra.run.smithi135.stdout:/usr/bin/ceph: stderr
2024-09-19T08:06:27.329+0000 7f0b7cd99640 1 --2- 172.21.15.135:0/2738249336 >> [v2:172.21.15.135:6800/1521332776,v1:172.21.15.135:6801/1521332776] conn(0x7f0b6c039320 0x7f0b6c03b7e0 unknown :-1 s=NONE pgs=0 cs=0 l=1 rev1=0 crypto rx=0 tx=0 comp rx=0 tx=0).connect
2024-09-19T08:06:27.981 INFO:teuthology.orchestra.run.smithi135.stdout:/usr/bin/ceph: stderr
2024-09-19T08:06:27.329+0000 7f0b7cd99640 1 -- 172.21.15.135:0/2738249336 <== mon.0 v2:172.21.15.135:3300/0 5 ==== osd_map(3..3 src has 1..3) ==== 1155+0+0 (secure 0 0 0) 0x7f0b7006c530 con 0x7f0b80107570
2024-09-19T08:06:27.981 INFO:teuthology.orchestra.run.smithi135.stdout:/usr/bin/ceph: stderr
2024-09-19T08:06:27.329+0000 7f0b77fff640 1 --2- 172.21.15.135:0/2738249336 >> [v2:172.21.15.135:6800/1521332776,v1:172.21.15.135:6801/1521332776] conn(0x7f0b6c039320 0x7f0b6c03b7e0 unknown :-1 s=BANNER_CONNECTING pgs=0 cs=0 l=1 rev1=0 crypto rx=0 tx=0 comp rx=0 tx=0)._handle_peer_banner_payload supported=3 required=0
2024-09-19T08:06:27.981 INFO:teuthology.orchestra.run.smithi135.stdout:/usr/bin/ceph: stderr
2024-09-19T08:06:27.330+0000 7f0b77fff640 1 --2- 172.21.15.135:0/2738249336 >> [v2:172.21.15.135:6800/1521332776,v1:172.21.15.135:6801/1521332776] conn(0x7f0b6c039320 0x7f0b6c03b7e0 secure :-1 s=READY pgs=9 cs=0 l=1 rev1=1 crypto rx=0x7f0b680098c0 tx=0x7f0b68006db0 comp rx=0 tx=0).ready entity=mgr.14150 client_cookie=0 server_cookie=0 in_seq=0 out_seq=0
2024-09-19T08:06:27.981 INFO:teuthology.orchestra.run.smithi135.stdout:/usr/bin/ceph: stderr
2024-09-19T08:06:27.334+0000 7f0b7cd99640 1 -- 172.21.15.135:0/2738249336 <== mon.0 v2:172.21.15.135:3300/0 6 ==== mon_command_ack([{"prefix": "get_command_descriptions"}]=0 v0) ==== 72+0+188913 (secure 0 0 0) 0x7f0b7003d770 con 0x7f0b80107570
2024-09-19T08:06:27.981 INFO:teuthology.orchestra.run.smithi135.stdout:/usr/bin/ceph: stderr
2024-09-19T08:06:27.502+0000 7f0b850f0640 1 -- 172.21.15.135:0/2738249336 --> [v2:172.21.15.135:3300/0,v1:172.21.15.135:6789/0] -- mon_command({"prefix": "config get", "who": "mgr", "key": "mgr/dashboard/ssl_server_port"} v 0) -- 0x7f0b8019ee50 con 0x7f0b80107570
2024-09-19T08:06:27.981 INFO:teuthology.orchestra.run.smithi135.stdout:/usr/bin/ceph: stderr
2024-09-19T08:06:27.503+0000 7f0b7cd99640 1 -- 172.21.15.135:0/2738249336 <== mon.0 v2:172.21.15.135:3300/0 7 ==== mon_command_ack([{"prefix": "config get", "who": "mgr", "key": "mgr/dashboard/ssl_server_port"}]=0 v8) ==== 112+0+5 (secure 0 0 0) 0x7f0b7003cb30 con 0x7f0b80107570
2024-09-19T08:06:27.981 INFO:teuthology.orchestra.run.smithi135.stdout:/usr/bin/ceph: stderr
2024-09-19T08:06:27.505+0000 7f0b850f0640 1 -- 172.21.15.135:0/2738249336 >> [v2:172.21.15.135:6800/1521332776,v1:172.21.15.135:6801/1521332776] conn(0x7f0b6c039320 msgr2=0x7f0b6c03b7e0 secure :-1 s=STATE_CONNECTION_ESTABLISHED l=1).mark_down
2024-09-19T08:06:27.981 INFO:teuthology.orchestra.run.smithi135.stdout:/usr/bin/ceph: stderr
2024-09-19T08:06:27.505+0000 7f0b850f0640 1 --2- 172.21.15.135:0/2738249336 >> [v2:172.21.15.135:6800/1521332776,v1:172.21.15.135:6801/1521332776] conn(0x7f0b6c039320 0x7f0b6c03b7e0 secure :-1 s=READY pgs=9 cs=0 l=1 rev1=1 crypto rx=0x7f0b680098c0 tx=0x7f0b68006db0 comp rx=0 tx=0).stop
2024-09-19T08:06:27.982 INFO:teuthology.orchestra.run.smithi135.stdout:/usr/bin/ceph: stderr
2024-09-19T08:06:27.505+0000 7f0b850f0640 1 -- 172.21.15.135:0/2738249336 >> [v2:172.21.15.135:3300/0,v1:172.21.15.135:6789/0] conn(0x7f0b80107570 msgr2=0x7f0b8019b3a0 secure :-1 s=STATE_CONNECTION_ESTABLISHED l=1).mark_down
2024-09-19T08:06:27.982 INFO:teuthology.orchestra.run.smithi135.stdout:/usr/bin/ceph: stderr
2024-09-19T08:06:27.505+0000 7f0b850f0640 1 --2- 172.21.15.135:0/2738249336 >> [v2:172.21.15.135:3300/0,v1:172.21.15.135:6789/0] conn(0x7f0b80107570 0x7f0b8019b3a0 secure :-1 s=READY pgs=73 cs=0 l=1 rev1=1 crypto rx=0x7f0b700097f0 tx=0x7f0b70030c70 comp rx=0 tx=0).stop
2024-09-19T08:06:27.982 INFO:teuthology.orchestra.run.smithi135.stdout:/usr/bin/ceph: stderr
2024-09-19T08:06:27.506+0000 7f0b850f0640 1 -- 172.21.15.135:0/2738249336 shutdown_connections
2024-09-19T08:06:27.982 INFO:teuthology.orchestra.run.smithi135.stdout:/usr/bin/ceph: stderr
2024-09-19T08:06:27.506+0000 7f0b850f0640 1 --2- 172.21.15.135:0/2738249336 >> [v2:172.21.15.135:6800/1521332776,v1:172.21.15.135:6801/1521332776] conn(0x7f0b6c039320 0x7f0b6c03b7e0 unknown :-1 s=CLOSED pgs=9 cs=0 l=1 rev1=1 crypto rx=0 tx=0 comp rx=0 tx=0).stop
2024-09-19T08:06:27.982 INFO:teuthology.orchestra.run.smithi135.stdout:/usr/bin/ceph: stderr
2024-09-19T08:06:27.506+0000 7f0b850f0640 1 --2- 172.21.15.135:0/2738249336 >> [v2:172.21.15.135:3300/0,v1:172.21.15.135:6789/0] conn(0x7f0b80107570 0x7f0b8019b3a0 unknown :-1 s=CLOSED pgs=73 cs=0 l=1 rev1=1 crypto rx=0 tx=0 comp rx=0 tx=0).stop
2024-09-19T08:06:27.982 INFO:teuthology.orchestra.run.smithi135.stdout:/usr/bin/ceph: stderr
2024-09-19T08:06:27.506+0000 7f0b850f0640 1 -- 172.21.15.135:0/2738249336 >> 172.21.15.135:0/2738249336 conn(0x7f0b80102da0 msgr2=0x7f0b80103800 unknown :-1 s=STATE_NONE l=0).mark_down
2024-09-19T08:06:27.982 INFO:teuthology.orchestra.run.smithi135.stdout:/usr/bin/ceph: stderr
2024-09-19T08:06:27.506+0000 7f0b850f0640 1 -- 172.21.15.135:0/2738249336 shutdown_connections
2024-09-19T08:06:27.982 INFO:teuthology.orchestra.run.smithi135.stdout:/usr/bin/ceph: stderr
2024-09-19T08:06:27.506+0000 7f0b850f0640 1 -- 172.21.15.135:0/2738249336 wait complete.
2024-09-19T08:06:27.985 INFO:teuthology.orchestra.run.smithi135.stdout:Non-zero exit code 1 from systemctl is-enabled firewalld.service
2024-09-19T08:06:27.985 INFO:teuthology.orchestra.run.smithi135.stdout:systemctl: stdout disabled
2024-09-19T08:06:27.992 INFO:teuthology.orchestra.run.smithi135.stdout:Non-zero exit code 3 from systemctl is-active firewalld.service
2024-09-19T08:06:27.992 INFO:teuthology.orchestra.run.smithi135.stdout:systemctl: stdout inactive
2024-09-19T08:06:27.992 INFO:teuthology.orchestra.run.smithi135.stdout:firewalld.service is not enabled
2024-09-19T08:06:27.993 INFO:teuthology.orchestra.run.smithi135.stdout:Not possible to open ports <[8443]>. firewalld.service is not available
2024-09-19T08:06:27.994 INFO:teuthology.orchestra.run.smithi135.stdout:Ceph Dashboard is now available at:
2024-09-19T08:06:27.994 INFO:teuthology.orchestra.run.smithi135.stdout:
2024-09-19T08:06:27.994 INFO:teuthology.orchestra.run.smithi135.stdout: URL: https://smithi135.front.sepia.ceph.com:8443/
2024-09-19T08:06:27.994 INFO:teuthology.orchestra.run.smithi135.stdout: User: admin
2024-09-19T08:06:27.994 INFO:teuthology.orchestra.run.smithi135.stdout: Password: jdgi92ucwj
2024-09-19T08:06:27.994 INFO:teuthology.orchestra.run.smithi135.stdout:
2024-09-19T08:06:27.994 INFO:teuthology.orchestra.run.smithi135.stdout:Saving cluster configuration to /var/lib/ceph/ce696246-765d-11ef-bceb-c7b262605968/config directory
2024-09-19T08:06:28.477 INFO:journalctl@ceph.mon.a.smithi135.stdout:Sep 19 08:06:28 smithi135 ceph-mon[30940]: from='client.? 172.21.15.135:0/2738249336' entity='client.admin' cmd=[{"prefix": "config get", "who": "mgr", "key": "mgr/dashboard/ssl_server_port"}]: dispatch
2024-09-19T08:06:29.169 INFO:teuthology.orchestra.run.smithi135.stdout:/usr/bin/ceph: stderr
2024-09-19T08:06:28.379+0000 7f15a2a10640 1 Processor -- start
2024-09-19T08:06:29.170 INFO:teuthology.orchestra.run.smithi135.stdout:/usr/bin/ceph: stderr
2024-09-19T08:06:28.379+0000 7f15a2a10640 1 -- start start
2024-09-19T08:06:29.170 INFO:teuthology.orchestra.run.smithi135.stdout:/usr/bin/ceph: stderr
2024-09-19T08:06:28.379+0000 7f15a2a10640 1 --2- >> [v2:172.21.15.135:3300/0,v1:172.21.15.135:6789/0] conn(0x7f159c07de40 0x7f159c07c2a0 unknown :-1 s=NONE pgs=0 cs=0 l=0 rev1=0 crypto rx=0 tx=0 comp rx=0 tx=0).connect
2024-09-19T08:06:29.170 INFO:teuthology.orchestra.run.smithi135.stdout:/usr/bin/ceph: stderr
2024-09-19T08:06:28.379+0000 7f15a2a10640 1 -- --> [v2:172.21.15.135:3300/0,v1:172.21.15.135:6789/0] -- mon_getmap magic: 0 -- 0x7f159c07c870 con 0x7f159c07de40
2024-09-19T08:06:29.170 INFO:teuthology.orchestra.run.smithi135.stdout:/usr/bin/ceph: stderr
2024-09-19T08:06:28.379+0000 7f159bfff640 1 --2- >> [v2:172.21.15.135:3300/0,v1:172.21.15.135:6789/0] conn(0x7f159c07de40 0x7f159c07c2a0 unknown :-1 s=BANNER_CONNECTING pgs=0 cs=0 l=0 rev1=0 crypto rx=0 tx=0 comp rx=0 tx=0)._handle_peer_banner_payload supported=3 required=0
2024-09-19T08:06:29.170 INFO:teuthology.orchestra.run.smithi135.stdout:/usr/bin/ceph: stderr
2024-09-19T08:06:28.379+0000 7f159bfff640 1 --2- >> [v2:172.21.15.135:3300/0,v1:172.21.15.135:6789/0] conn(0x7f159c07de40 0x7f159c07c2a0 unknown :-1 s=HELLO_CONNECTING pgs=0 cs=0 l=0 rev1=1 crypto rx=0 tx=0 comp rx=0 tx=0).handle_hello peer v2:172.21.15.135:3300/0 says I am v2:172.21.15.135:41664/0 (socket says 172.21.15.135:41664)
2024-09-19T08:06:29.170 INFO:teuthology.orchestra.run.smithi135.stdout:/usr/bin/ceph: stderr
2024-09-19T08:06:28.379+0000 7f159bfff640 1 -- 172.21.15.135:0/506877616 learned_addr learned my addr 172.21.15.135:0/506877616 (peer_addr_for_me v2:172.21.15.135:0/0)
2024-09-19T08:06:29.170 INFO:teuthology.orchestra.run.smithi135.stdout:/usr/bin/ceph: stderr
2024-09-19T08:06:28.380+0000 7f159bfff640 1 -- 172.21.15.135:0/506877616 --> [v2:172.21.15.135:3300/0,v1:172.21.15.135:6789/0] -- mon_subscribe({config=0+,monmap=0+}) -- 0x7f159c07c9f0 con 0x7f159c07de40
2024-09-19T08:06:29.170 INFO:teuthology.orchestra.run.smithi135.stdout:/usr/bin/ceph: stderr
2024-09-19T08:06:28.380+0000 7f159bfff640 1 --2- 172.21.15.135:0/506877616 >> [v2:172.21.15.135:3300/0,v1:172.21.15.135:6789/0] conn(0x7f159c07de40 0x7f159c07c2a0 secure :-1 s=READY pgs=74 cs=0 l=1 rev1=1 crypto rx=0x7f158c009820 tx=0x7f158c02a270 comp rx=0 tx=0).ready entity=mon.0 client_cookie=41d826cba456a376 server_cookie=0 in_seq=0 out_seq=0
2024-09-19T08:06:29.170 INFO:teuthology.orchestra.run.smithi135.stdout:/usr/bin/ceph: stderr
2024-09-19T08:06:28.380+0000 7f159affd640 1 -- 172.21.15.135:0/506877616 <== mon.0 v2:172.21.15.135:3300/0 1 ==== mon_map magic: 0 ==== 205+0+0 (secure 0 0 0) 0x7f158c037070 con 0x7f159c07de40
2024-09-19T08:06:29.170 INFO:teuthology.orchestra.run.smithi135.stdout:/usr/bin/ceph: stderr
2024-09-19T08:06:28.380+0000 7f159affd640 1 -- 172.21.15.135:0/506877616 <== mon.0 v2:172.21.15.135:3300/0 2 ==== config(26 keys) ==== 1102+0+0 (secure 0 0 0) 0x7f158c0328f0 con 0x7f159c07de40
2024-09-19T08:06:29.170 INFO:teuthology.orchestra.run.smithi135.stdout:/usr/bin/ceph: stderr
2024-09-19T08:06:28.380+0000 7f159affd640 1 -- 172.21.15.135:0/506877616 <== mon.0 v2:172.21.15.135:3300/0 3 ==== mon_map magic: 0 ==== 205+0+0 (secure 0 0 0) 0x7f158c030740 con 0x7f159c07de40
2024-09-19T08:06:29.171 INFO:teuthology.orchestra.run.smithi135.stdout:/usr/bin/ceph: stderr
2024-09-19T08:06:28.381+0000 7f15a2a10640 1 -- 172.21.15.135:0/506877616 >> [v2:172.21.15.135:3300/0,v1:172.21.15.135:6789/0] conn(0x7f159c07de40 msgr2=0x7f159c07c2a0 secure :-1 s=STATE_CONNECTION_ESTABLISHED l=1).mark_down
2024-09-19T08:06:29.171 INFO:teuthology.orchestra.run.smithi135.stdout:/usr/bin/ceph: stderr
2024-09-19T08:06:28.381+0000 7f15a2a10640 1 --2- 172.21.15.135:0/506877616 >> [v2:172.21.15.135:3300/0,v1:172.21.15.135:6789/0] conn(0x7f159c07de40 0x7f159c07c2a0 secure :-1 s=READY pgs=74 cs=0 l=1 rev1=1 crypto rx=0x7f158c009820 tx=0x7f158c02a270 comp rx=0 tx=0).stop
2024-09-19T08:06:29.171 INFO:teuthology.orchestra.run.smithi135.stdout:/usr/bin/ceph: stderr
2024-09-19T08:06:28.381+0000 7f15a2a10640 1 -- 172.21.15.135:0/506877616 shutdown_connections
2024-09-19T08:06:29.171 INFO:teuthology.orchestra.run.smithi135.stdout:/usr/bin/ceph: stderr
2024-09-19T08:06:28.381+0000 7f15a2a10640 1 --2- 172.21.15.135:0/506877616 >> [v2:172.21.15.135:3300/0,v1:172.21.15.135:6789/0] conn(0x7f159c07de40 0x7f159c07c2a0 unknown :-1 s=CLOSED pgs=74 cs=0 l=1 rev1=1 crypto rx=0 tx=0 comp rx=0 tx=0).stop
2024-09-19T08:06:29.171 INFO:teuthology.orchestra.run.smithi135.stdout:/usr/bin/ceph: stderr
2024-09-19T08:06:28.381+0000 7f15a2a10640 1 -- 172.21.15.135:0/506877616 >> 172.21.15.135:0/506877616 conn(0x7f159c102da0 msgr2=0x7f159c1051c0 unknown :-1 s=STATE_NONE l=0).mark_down
2024-09-19T08:06:29.171 INFO:teuthology.orchestra.run.smithi135.stdout:/usr/bin/ceph: stderr
2024-09-19T08:06:28.381+0000 7f15a2a10640 1 -- 172.21.15.135:0/506877616 shutdown_connections
2024-09-19T08:06:29.171 INFO:teuthology.orchestra.run.smithi135.stdout:/usr/bin/ceph: stderr
2024-09-19T08:06:28.381+0000 7f15a2a10640 1 -- 172.21.15.135:0/506877616 wait complete.
2024-09-19T08:06:29.171 INFO:teuthology.orchestra.run.smithi135.stdout:/usr/bin/ceph: stderr
2024-09-19T08:06:28.382+0000 7f15a2a10640 1 Processor -- start
2024-09-19T08:06:29.171 INFO:teuthology.orchestra.run.smithi135.stdout:/usr/bin/ceph: stderr
2024-09-19T08:06:28.382+0000 7f15a2a10640 1 -- start start
2024-09-19T08:06:29.171 INFO:teuthology.orchestra.run.smithi135.stdout:/usr/bin/ceph: stderr
2024-09-19T08:06:28.382+0000 7f15a2a10640 1 --2- >> [v2:172.21.15.135:3300/0,v1:172.21.15.135:6789/0] conn(0x7f159c07de40 0x7f159c19d560 unknown :-1 s=NONE pgs=0 cs=0 l=1 rev1=0 crypto rx=0 tx=0 comp rx=0 tx=0).connect
2024-09-19T08:06:29.171 INFO:teuthology.orchestra.run.smithi135.stdout:/usr/bin/ceph: stderr
2024-09-19T08:06:28.382+0000 7f15a2a10640 1 -- --> [v2:172.21.15.135:3300/0,v1:172.21.15.135:6789/0] -- mon_getmap magic: 0 -- 0x7f159c10db70 con 0x7f159c07de40
2024-09-19T08:06:29.171 INFO:teuthology.orchestra.run.smithi135.stdout:/usr/bin/ceph: stderr
2024-09-19T08:06:28.382+0000 7f159bfff640 1 --2- >> [v2:172.21.15.135:3300/0,v1:172.21.15.135:6789/0] conn(0x7f159c07de40 0x7f159c19d560 unknown :-1 s=BANNER_CONNECTING pgs=0 cs=0 l=1 rev1=0 crypto rx=0 tx=0 comp rx=0 tx=0)._handle_peer_banner_payload supported=3 required=0
2024-09-19T08:06:29.171 INFO:teuthology.orchestra.run.smithi135.stdout:/usr/bin/ceph: stderr
2024-09-19T08:06:28.382+0000 7f159bfff640 1 --2- >> [v2:172.21.15.135:3300/0,v1:172.21.15.135:6789/0] conn(0x7f159c07de40 0x7f159c19d560 unknown :-1 s=HELLO_CONNECTING pgs=0 cs=0 l=1 rev1=1 crypto rx=0 tx=0 comp rx=0 tx=0).handle_hello peer v2:172.21.15.135:3300/0 says I am v2:172.21.15.135:41666/0 (socket says 172.21.15.135:41666)
2024-09-19T08:06:29.172 INFO:teuthology.orchestra.run.smithi135.stdout:/usr/bin/ceph: stderr
2024-09-19T08:06:28.382+0000 7f159bfff640 1 -- 172.21.15.135:0/1659265746 learned_addr learned my addr 172.21.15.135:0/1659265746 (peer_addr_for_me v2:172.21.15.135:0/0)
2024-09-19T08:06:29.172 INFO:teuthology.orchestra.run.smithi135.stdout:/usr/bin/ceph: stderr
2024-09-19T08:06:28.382+0000 7f159bfff640 1 -- 172.21.15.135:0/1659265746 --> [v2:172.21.15.135:3300/0,v1:172.21.15.135:6789/0] -- mon_subscribe({config=0+,monmap=0+}) -- 0x7f159c19daa0 con 0x7f159c07de40
2024-09-19T08:06:29.172 INFO:teuthology.orchestra.run.smithi135.stdout:/usr/bin/ceph: stderr
2024-09-19T08:06:28.383+0000 7f159bfff640 1 --2- 172.21.15.135:0/1659265746 >> [v2:172.21.15.135:3300/0,v1:172.21.15.135:6789/0] conn(0x7f159c07de40 0x7f159c19d560 secure :-1 s=READY pgs=75 cs=0 l=1 rev1=1 crypto rx=0x7f158c030cc0 tx=0x7f158c030cf0 comp rx=0 tx=0).ready entity=mon.0 client_cookie=0 server_cookie=0 in_seq=0 out_seq=0
2024-09-19T08:06:29.172 INFO:teuthology.orchestra.run.smithi135.stdout:/usr/bin/ceph: stderr
2024-09-19T08:06:28.383+0000 7f15997fa640 1 -- 172.21.15.135:0/1659265746 <== mon.0 v2:172.21.15.135:3300/0 1 ==== mon_map magic: 0 ==== 205+0+0 (secure 0 0 0) 0x7f158c042070 con 0x7f159c07de40
2024-09-19T08:06:29.172 INFO:teuthology.orchestra.run.smithi135.stdout:/usr/bin/ceph: stderr
2024-09-19T08:06:28.383+0000 7f15997fa640 1 -- 172.21.15.135:0/1659265746 <== mon.0 v2:172.21.15.135:3300/0 2 ==== config(26 keys) ==== 1102+0+0 (secure 0 0 0) 0x7f158c030e60 con 0x7f159c07de40
2024-09-19T08:06:29.172 INFO:teuthology.orchestra.run.smithi135.stdout:/usr/bin/ceph: stderr
2024-09-19T08:06:28.383+0000 7f15a2a10640 1 -- 172.21.15.135:0/1659265746 --> [v2:172.21.15.135:3300/0,v1:172.21.15.135:6789/0] -- mon_subscribe({mgrmap=0+}) -- 0x7f159c19dd30 con 0x7f159c07de40
2024-09-19T08:06:29.172 INFO:teuthology.orchestra.run.smithi135.stdout:/usr/bin/ceph: stderr
2024-09-19T08:06:28.383+0000 7f15997fa640 1 -- 172.21.15.135:0/1659265746 <== mon.0 v2:172.21.15.135:3300/0 3 ==== mon_map magic: 0 ==== 205+0+0 (secure 0 0 0) 0x7f158c037040 con 0x7f159c07de40
2024-09-19T08:06:29.172 INFO:teuthology.orchestra.run.smithi135.stdout:/usr/bin/ceph: stderr
2024-09-19T08:06:28.383+0000 7f15a2a10640 1 -- 172.21.15.135:0/1659265746 --> [v2:172.21.15.135:3300/0,v1:172.21.15.135:6789/0] -- mon_subscribe({osdmap=0}) -- 0x7f159c1a0a20 con 0x7f159c07de40
2024-09-19T08:06:29.172 INFO:teuthology.orchestra.run.smithi135.stdout:/usr/bin/ceph: stderr
2024-09-19T08:06:28.384+0000 7f15997fa640 1 -- 172.21.15.135:0/1659265746 <== mon.0 v2:172.21.15.135:3300/0 4 ==== mgrmap(e 13) ==== 46518+0+0 (secure 0 0 0) 0x7f158c045070 con 0x7f159c07de40
2024-09-19T08:06:29.172 INFO:teuthology.orchestra.run.smithi135.stdout:/usr/bin/ceph: stderr
2024-09-19T08:06:28.384+0000 7f15997fa640 1 --2- 172.21.15.135:0/1659265746 >> [v2:172.21.15.135:6800/1521332776,v1:172.21.15.135:6801/1521332776] conn(0x7f1584039360 0x7f158403b820 unknown :-1 s=NONE pgs=0 cs=0 l=1 rev1=0 crypto rx=0 tx=0 comp rx=0 tx=0).connect
2024-09-19T08:06:29.172 INFO:teuthology.orchestra.run.smithi135.stdout:/usr/bin/ceph: stderr
2024-09-19T08:06:28.384+0000 7f15997fa640 1 -- 172.21.15.135:0/1659265746 <== mon.0 v2:172.21.15.135:3300/0 5 ==== osd_map(3..3 src has 1..3) ==== 1155+0+0 (secure 0 0 0) 0x7f158c06c550 con 0x7f159c07de40
2024-09-19T08:06:29.172 INFO:teuthology.orchestra.run.smithi135.stdout:/usr/bin/ceph: stderr
2024-09-19T08:06:28.384+0000 7f15a2a10640 1 -- 172.21.15.135:0/1659265746 --> [v2:172.21.15.135:3300/0,v1:172.21.15.135:6789/0] -- mon_command({"prefix": "get_command_descriptions"} v 0) -- 0x7f159c07c320 con 0x7f159c07de40
2024-09-19T08:06:29.172 INFO:teuthology.orchestra.run.smithi135.stdout:/usr/bin/ceph: stderr
2024-09-19T08:06:28.384+0000 7f159b7fe640 1 --2- 172.21.15.135:0/1659265746 >> [v2:172.21.15.135:6800/1521332776,v1:172.21.15.135:6801/1521332776] conn(0x7f1584039360 0x7f158403b820 unknown :-1 s=BANNER_CONNECTING pgs=0 cs=0 l=1 rev1=0 crypto rx=0 tx=0 comp rx=0 tx=0)._handle_peer_banner_payload supported=3 required=0
2024-09-19T08:06:29.173 INFO:teuthology.orchestra.run.smithi135.stdout:/usr/bin/ceph: stderr
2024-09-19T08:06:28.384+0000 7f159b7fe640 1 --2- 172.21.15.135:0/1659265746 >> [v2:172.21.15.135:6800/1521332776,v1:172.21.15.135:6801/1521332776] conn(0x7f1584039360 0x7f158403b820 secure :-1 s=READY pgs=10 cs=0 l=1 rev1=1 crypto rx=0x7f15900098c0 tx=0x7f1590006db0 comp rx=0 tx=0).ready entity=mgr.14150 client_cookie=0 server_cookie=0 in_seq=0 out_seq=0
2024-09-19T08:06:29.173 INFO:teuthology.orchestra.run.smithi135.stdout:/usr/bin/ceph: stderr
2024-09-19T08:06:28.389+0000 7f15997fa640 1 -- 172.21.15.135:0/1659265746 <== mon.0 v2:172.21.15.135:3300/0 6 ==== mon_command_ack([{"prefix": "get_command_descriptions"}]=0 v0) ==== 72+0+188913 (secure 0 0 0) 0x7f158c04b170 con 0x7f159c07de40
2024-09-19T08:06:29.173 INFO:teuthology.orchestra.run.smithi135.stdout:/usr/bin/ceph: stderr
2024-09-19T08:06:28.645+0000 7f15a2a10640 1 -- 172.21.15.135:0/1659265746 --> [v2:172.21.15.135:3300/0,v1:172.21.15.135:6789/0] -- mon_command([{prefix=config-key set, key=mgr/dashboard/cluster/status}] v 0) -- 0x7f159c1a0f70 con 0x7f159c07de40
2024-09-19T08:06:29.173 INFO:teuthology.orchestra.run.smithi135.stdout:/usr/bin/ceph: stderr
2024-09-19T08:06:28.647+0000 7f15997fa640 1 -- 172.21.15.135:0/1659265746 <== mon.0 v2:172.21.15.135:3300/0 7 ==== mon_command_ack([{prefix=config-key set, key=mgr/dashboard/cluster/status}]=0 set mgr/dashboard/cluster/status v28)=0 set mgr/dashboard/cluster/status v28) ==== 153+0+0 (secure 0 0 0) 0x7f158c02fd90 con 0x7f159c07de40
2024-09-19T08:06:29.173 INFO:teuthology.orchestra.run.smithi135.stdout:/usr/bin/ceph: stderr set mgr/dashboard/cluster/status
2024-09-19T08:06:29.173 INFO:teuthology.orchestra.run.smithi135.stdout:/usr/bin/ceph: stderr
2024-09-19T08:06:28.650+0000 7f15a2a10640 1 -- 172.21.15.135:0/1659265746 >> [v2:172.21.15.135:6800/1521332776,v1:172.21.15.135:6801/1521332776] conn(0x7f1584039360 msgr2=0x7f158403b820 secure :-1 s=STATE_CONNECTION_ESTABLISHED l=1).mark_down
2024-09-19T08:06:29.173 INFO:teuthology.orchestra.run.smithi135.stdout:/usr/bin/ceph: stderr
2024-09-19T08:06:28.650+0000 7f15a2a10640 1 --2- 172.21.15.135:0/1659265746 >> [v2:172.21.15.135:6800/1521332776,v1:172.21.15.135:6801/1521332776] conn(0x7f1584039360 0x7f158403b820 secure :-1 s=READY pgs=10 cs=0 l=1 rev1=1 crypto rx=0x7f15900098c0 tx=0x7f1590006db0 comp rx=0 tx=0).stop
2024-09-19T08:06:29.173 INFO:teuthology.orchestra.run.smithi135.stdout:/usr/bin/ceph: stderr
2024-09-19T08:06:28.650+0000 7f15a2a10640 1 -- 172.21.15.135:0/1659265746 >> [v2:172.21.15.135:3300/0,v1:172.21.15.135:6789/0] conn(0x7f159c07de40 msgr2=0x7f159c19d560 secure :-1 s=STATE_CONNECTION_ESTABLISHED l=1).mark_down
2024-09-19T08:06:29.173 INFO:teuthology.orchestra.run.smithi135.stdout:/usr/bin/ceph: stderr
2024-09-19T08:06:28.650+0000 7f15a2a10640 1 --2- 172.21.15.135:0/1659265746 >> [v2:172.21.15.135:3300/0,v1:172.21.15.135:6789/0] conn(0x7f159c07de40 0x7f159c19d560 secure :-1 s=READY pgs=75 cs=0 l=1 rev1=1 crypto rx=0x7f158c030cc0 tx=0x7f158c030cf0 comp rx=0 tx=0).stop
2024-09-19T08:06:29.173 INFO:teuthology.orchestra.run.smithi135.stdout:/usr/bin/ceph: stderr
2024-09-19T08:06:28.650+0000 7f15a2a10640 1 -- 172.21.15.135:0/1659265746 shutdown_connections
2024-09-19T08:06:29.173 INFO:teuthology.orchestra.run.smithi135.stdout:/usr/bin/ceph: stderr
2024-09-19T08:06:28.650+0000 7f15a2a10640 1 --2- 172.21.15.135:0/1659265746 >> [v2:172.21.15.135:6800/1521332776,v1:172.21.15.135:6801/1521332776] conn(0x7f1584039360 0x7f158403b820 unknown :-1 s=CLOSED pgs=10 cs=0 l=1 rev1=1 crypto rx=0 tx=0 comp rx=0 tx=0).stop
2024-09-19T08:06:29.173 INFO:teuthology.orchestra.run.smithi135.stdout:/usr/bin/ceph: stderr
2024-09-19T08:06:28.650+0000 7f15a2a10640 1 --2- 172.21.15.135:0/1659265746 >> [v2:172.21.15.135:3300/0,v1:172.21.15.135:6789/0] conn(0x7f159c07de40 0x7f159c19d560 unknown :-1 s=CLOSED pgs=75 cs=0 l=1 rev1=1 crypto rx=0 tx=0 comp rx=0 tx=0).stop
2024-09-19T08:06:29.173 INFO:teuthology.orchestra.run.smithi135.stdout:/usr/bin/ceph: stderr
2024-09-19T08:06:28.650+0000 7f15a2a10640 1 -- 172.21.15.135:0/1659265746 >> 172.21.15.135:0/1659265746 conn(0x7f159c102da0 msgr2=0x7f159c1037e0 unknown :-1 s=STATE_NONE l=0).mark_down
2024-09-19T08:06:29.173 INFO:teuthology.orchestra.run.smithi135.stdout:/usr/bin/ceph: stderr
2024-09-19T08:06:28.650+0000 7f15a2a10640 1 -- 172.21.15.135:0/1659265746 shutdown_connections
2024-09-19T08:06:29.174 INFO:teuthology.orchestra.run.smithi135.stdout:/usr/bin/ceph: stderr
2024-09-19T08:06:28.650+0000 7f15a2a10640 1 -- 172.21.15.135:0/1659265746 wait complete.
2024-09-19T08:06:29.174 INFO:teuthology.orchestra.run.smithi135.stdout:You can access the Ceph CLI as following in case of multi-cluster or non-default config:
2024-09-19T08:06:29.174 INFO:teuthology.orchestra.run.smithi135.stdout:
2024-09-19T08:06:29.174 INFO:teuthology.orchestra.run.smithi135.stdout: sudo /home/ubuntu/cephtest/cephadm shell --fsid ce696246-765d-11ef-bceb-c7b262605968 -c /etc/ceph/ceph.conf -k /etc/ceph/ceph.client.admin.keyring
2024-09-19T08:06:29.174 INFO:teuthology.orchestra.run.smithi135.stdout:
2024-09-19T08:06:29.174 INFO:teuthology.orchestra.run.smithi135.stdout:Or, if you are only running a single cluster on this host:
2024-09-19T08:06:29.174 INFO:teuthology.orchestra.run.smithi135.stdout:
2024-09-19T08:06:29.174 INFO:teuthology.orchestra.run.smithi135.stdout: sudo /home/ubuntu/cephtest/cephadm shell
2024-09-19T08:06:29.174 INFO:teuthology.orchestra.run.smithi135.stdout:
2024-09-19T08:06:29.174 INFO:teuthology.orchestra.run.smithi135.stdout:Please consider enabling telemetry to help improve Ceph:
2024-09-19T08:06:29.174 INFO:teuthology.orchestra.run.smithi135.stdout:
2024-09-19T08:06:29.174 INFO:teuthology.orchestra.run.smithi135.stdout: ceph telemetry on
2024-09-19T08:06:29.174 INFO:teuthology.orchestra.run.smithi135.stdout:
2024-09-19T08:06:29.174 INFO:teuthology.orchestra.run.smithi135.stdout:For more information see:
2024-09-19T08:06:29.174 INFO:teuthology.orchestra.run.smithi135.stdout:
2024-09-19T08:06:29.175 INFO:teuthology.orchestra.run.smithi135.stdout: https://docs.ceph.com/en/latest/mgr/telemetry/
2024-09-19T08:06:29.175 INFO:teuthology.orchestra.run.smithi135.stdout:
2024-09-19T08:06:29.175 INFO:teuthology.orchestra.run.smithi135.stdout:Bootstrap complete.
2024-09-19T08:06:29.210 INFO:tasks.cephadm:Fetching config...
2024-09-19T08:06:29.211 DEBUG:teuthology.orchestra.run.smithi135:> set -ex
2024-09-19T08:06:29.211 DEBUG:teuthology.orchestra.run.smithi135:> dd if=/etc/ceph/ceph.conf of=/dev/stdout
2024-09-19T08:06:29.227 INFO:tasks.cephadm:Fetching client.admin keyring...
2024-09-19T08:06:29.228 DEBUG:teuthology.orchestra.run.smithi135:> set -ex
2024-09-19T08:06:29.228 DEBUG:teuthology.orchestra.run.smithi135:> dd if=/etc/ceph/ceph.client.admin.keyring of=/dev/stdout
2024-09-19T08:06:29.283 INFO:tasks.cephadm:Fetching mon keyring...
2024-09-19T08:06:29.283 DEBUG:teuthology.orchestra.run.smithi135:> set -ex
2024-09-19T08:06:29.284 DEBUG:teuthology.orchestra.run.smithi135:> sudo dd if=/var/lib/ceph/ce696246-765d-11ef-bceb-c7b262605968/mon.a/keyring of=/dev/stdout
2024-09-19T08:06:29.349 INFO:tasks.cephadm:Fetching pub ssh key...
2024-09-19T08:06:29.349 DEBUG:teuthology.orchestra.run.smithi135:> set -ex
2024-09-19T08:06:29.349 DEBUG:teuthology.orchestra.run.smithi135:> dd if=/home/ubuntu/cephtest/ceph.pub of=/dev/stdout
2024-09-19T08:06:29.405 INFO:tasks.cephadm:Installing pub ssh key for root users...
2024-09-19T08:06:29.405 DEBUG:teuthology.orchestra.run.smithi135:> sudo install -d -m 0700 /root/.ssh && echo 'ssh-rsa AAAAB3NzaC1yc2EAAAADAQABAAABgQClN4HGmAeyy/FZqC9AFxyvElrpWmdeGChccNSOyLI4nWc8intcAjIwFCBbDzvDsSkEzCtPKE1k9Cla2kU9tQxkVN1jiNSIc6PskbyLetIL7tGqIxhv3+S60zTky28+fnBXZ6MP68aX9hsAswuyEW77caAmg7tva6Iy/EkbC2PHg+/1adgV6ewo+BNLZ82VeM6giW9UhKkpIIWfu2alG2HuwqayVp5+cOLAe5pfJ5mycR3K++QiYbeFoSb150BrTejiXgZIiZAKRGCMG6aZAwPp02fZbPH5RhAff+L9LbQ4ic+zOQJX/nbE/ksKY4yq6jaIEzGB+ZNQDei+B6uQ7+/hYX897w184PCMka6XkzRj2n+nAE93GeLAHTI0y1ccS1SQ/TyR7fwAuEd6W9raLJAqgDlHDNFRmYwq7jJlO46r48c+Qr2RnWOzDXyBct9HqVvMhGsewYc4hRT0gQGKgHVJx1o9GzA1HnMLZ1U7fO57SCIgTv4OLp3soMZCRY8jzbk= ceph-ce696246-765d-11ef-bceb-c7b262605968' | sudo tee -a /root/.ssh/authorized_keys && sudo chmod 0600 /root/.ssh/authorized_keys
2024-09-19T08:06:29.478 INFO:teuthology.orchestra.run.smithi135.stdout:ssh-rsa AAAAB3NzaC1yc2EAAAADAQABAAABgQClN4HGmAeyy/FZqC9AFxyvElrpWmdeGChccNSOyLI4nWc8intcAjIwFCBbDzvDsSkEzCtPKE1k9Cla2kU9tQxkVN1jiNSIc6PskbyLetIL7tGqIxhv3+S60zTky28+fnBXZ6MP68aX9hsAswuyEW77caAmg7tva6Iy/EkbC2PHg+/1adgV6ewo+BNLZ82VeM6giW9UhKkpIIWfu2alG2HuwqayVp5+cOLAe5pfJ5mycR3K++QiYbeFoSb150BrTejiXgZIiZAKRGCMG6aZAwPp02fZbPH5RhAff+L9LbQ4ic+zOQJX/nbE/ksKY4yq6jaIEzGB+ZNQDei+B6uQ7+/hYX897w184PCMka6XkzRj2n+nAE93GeLAHTI0y1ccS1SQ/TyR7fwAuEd6W9raLJAqgDlHDNFRmYwq7jJlO46r48c+Qr2RnWOzDXyBct9HqVvMhGsewYc4hRT0gQGKgHVJx1o9GzA1HnMLZ1U7fO57SCIgTv4OLp3soMZCRY8jzbk= ceph-ce696246-765d-11ef-bceb-c7b262605968
2024-09-19T08:06:29.489 DEBUG:teuthology.orchestra.run.smithi161:> sudo install -d -m 0700 /root/.ssh && echo 'ssh-rsa AAAAB3NzaC1yc2EAAAADAQABAAABgQClN4HGmAeyy/FZqC9AFxyvElrpWmdeGChccNSOyLI4nWc8intcAjIwFCBbDzvDsSkEzCtPKE1k9Cla2kU9tQxkVN1jiNSIc6PskbyLetIL7tGqIxhv3+S60zTky28+fnBXZ6MP68aX9hsAswuyEW77caAmg7tva6Iy/EkbC2PHg+/1adgV6ewo+BNLZ82VeM6giW9UhKkpIIWfu2alG2HuwqayVp5+cOLAe5pfJ5mycR3K++QiYbeFoSb150BrTejiXgZIiZAKRGCMG6aZAwPp02fZbPH5RhAff+L9LbQ4ic+zOQJX/nbE/ksKY4yq6jaIEzGB+ZNQDei+B6uQ7+/hYX897w184PCMka6XkzRj2n+nAE93GeLAHTI0y1ccS1SQ/TyR7fwAuEd6W9raLJAqgDlHDNFRmYwq7jJlO46r48c+Qr2RnWOzDXyBct9HqVvMhGsewYc4hRT0gQGKgHVJx1o9GzA1HnMLZ1U7fO57SCIgTv4OLp3soMZCRY8jzbk= ceph-ce696246-765d-11ef-bceb-c7b262605968' | sudo tee -a /root/.ssh/authorized_keys && sudo chmod 0600 /root/.ssh/authorized_keys
2024-09-19T08:06:29.568 INFO:teuthology.orchestra.run.smithi161.stdout:ssh-rsa AAAAB3NzaC1yc2EAAAADAQABAAABgQClN4HGmAeyy/FZqC9AFxyvElrpWmdeGChccNSOyLI4nWc8intcAjIwFCBbDzvDsSkEzCtPKE1k9Cla2kU9tQxkVN1jiNSIc6PskbyLetIL7tGqIxhv3+S60zTky28+fnBXZ6MP68aX9hsAswuyEW77caAmg7tva6Iy/EkbC2PHg+/1adgV6ewo+BNLZ82VeM6giW9UhKkpIIWfu2alG2HuwqayVp5+cOLAe5pfJ5mycR3K++QiYbeFoSb150BrTejiXgZIiZAKRGCMG6aZAwPp02fZbPH5RhAff+L9LbQ4ic+zOQJX/nbE/ksKY4yq6jaIEzGB+ZNQDei+B6uQ7+/hYX897w184PCMka6XkzRj2n+nAE93GeLAHTI0y1ccS1SQ/TyR7fwAuEd6W9raLJAqgDlHDNFRmYwq7jJlO46r48c+Qr2RnWOzDXyBct9HqVvMhGsewYc4hRT0gQGKgHVJx1o9GzA1HnMLZ1U7fO57SCIgTv4OLp3soMZCRY8jzbk= ceph-ce696246-765d-11ef-bceb-c7b262605968
2024-09-19T08:06:29.580 DEBUG:teuthology.orchestra.run.smithi192:> sudo install -d -m 0700 /root/.ssh && echo 'ssh-rsa AAAAB3NzaC1yc2EAAAADAQABAAABgQClN4HGmAeyy/FZqC9AFxyvElrpWmdeGChccNSOyLI4nWc8intcAjIwFCBbDzvDsSkEzCtPKE1k9Cla2kU9tQxkVN1jiNSIc6PskbyLetIL7tGqIxhv3+S60zTky28+fnBXZ6MP68aX9hsAswuyEW77caAmg7tva6Iy/EkbC2PHg+/1adgV6ewo+BNLZ82VeM6giW9UhKkpIIWfu2alG2HuwqayVp5+cOLAe5pfJ5mycR3K++QiYbeFoSb150BrTejiXgZIiZAKRGCMG6aZAwPp02fZbPH5RhAff+L9LbQ4ic+zOQJX/nbE/ksKY4yq6jaIEzGB+ZNQDei+B6uQ7+/hYX897w184PCMka6XkzRj2n+nAE93GeLAHTI0y1ccS1SQ/TyR7fwAuEd6W9raLJAqgDlHDNFRmYwq7jJlO46r48c+Qr2RnWOzDXyBct9HqVvMhGsewYc4hRT0gQGKgHVJx1o9GzA1HnMLZ1U7fO57SCIgTv4OLp3soMZCRY8jzbk= ceph-ce696246-765d-11ef-bceb-c7b262605968' | sudo tee -a /root/.ssh/authorized_keys && sudo chmod 0600 /root/.ssh/authorized_keys
2024-09-19T08:06:29.633 INFO:teuthology.orchestra.run.smithi192.stdout:ssh-rsa AAAAB3NzaC1yc2EAAAADAQABAAABgQClN4HGmAeyy/FZqC9AFxyvElrpWmdeGChccNSOyLI4nWc8intcAjIwFCBbDzvDsSkEzCtPKE1k9Cla2kU9tQxkVN1jiNSIc6PskbyLetIL7tGqIxhv3+S60zTky28+fnBXZ6MP68aX9hsAswuyEW77caAmg7tva6Iy/EkbC2PHg+/1adgV6ewo+BNLZ82VeM6giW9UhKkpIIWfu2alG2HuwqayVp5+cOLAe5pfJ5mycR3K++QiYbeFoSb150BrTejiXgZIiZAKRGCMG6aZAwPp02fZbPH5RhAff+L9LbQ4ic+zOQJX/nbE/ksKY4yq6jaIEzGB+ZNQDei+B6uQ7+/hYX897w184PCMka6XkzRj2n+nAE93GeLAHTI0y1ccS1SQ/TyR7fwAuEd6W9raLJAqgDlHDNFRmYwq7jJlO46r48c+Qr2RnWOzDXyBct9HqVvMhGsewYc4hRT0gQGKgHVJx1o9GzA1HnMLZ1U7fO57SCIgTv4OLp3soMZCRY8jzbk= ceph-ce696246-765d-11ef-bceb-c7b262605968
2024-09-19T08:06:29.646 DEBUG:teuthology.orchestra.run.smithi135:> sudo /home/ubuntu/cephtest/cephadm --image quay-quay-quay.apps.os.sepia.ceph.com/ceph-ci/ceph:2f599a46ad10e37c929e5c43da2f6907ddcd1961 shell -c /etc/ceph/ceph.conf -k /etc/ceph/ceph.client.admin.keyring --fsid ce696246-765d-11ef-bceb-c7b262605968 -- ceph config set mgr mgr/cephadm/allow_ptrace true
2024-09-19T08:06:29.649 INFO:journalctl@ceph.mon.a.smithi135.stdout:Sep 19 08:06:29 smithi135 ceph-mon[30940]: mgrmap e13: x(active, since 6s)
2024-09-19T08:06:29.650 INFO:journalctl@ceph.mon.a.smithi135.stdout:Sep 19 08:06:29 smithi135 ceph-mon[30940]: from='client.? 172.21.15.135:0/1659265746' entity='client.admin'
2024-09-19T08:06:29.895 INFO:teuthology.orchestra.run.smithi135.stderr:Inferring config /var/lib/ceph/ce696246-765d-11ef-bceb-c7b262605968/mon.a/config
2024-09-19T08:06:30.640 INFO:teuthology.orchestra.run.smithi135.stderr:2024-09-19T08:06:30.376+0000 7f6295d97640 1 -- 172.21.15.135:0/3727392817 >> [v2:172.21.15.135:3300/0,v1:172.21.15.135:6789/0] conn(0x7f6290100530 msgr2=0x7f6290100930 secure :-1 s=STATE_CONNECTION_ESTABLISHED l=1).mark_down
2024-09-19T08:06:30.640 INFO:teuthology.orchestra.run.smithi135.stderr:2024-09-19T08:06:30.376+0000 7f6295d97640 1 --2- 172.21.15.135:0/3727392817 >> [v2:172.21.15.135:3300/0,v1:172.21.15.135:6789/0] conn(0x7f6290100530 0x7f6290100930 secure :-1 s=READY pgs=76 cs=0 l=1 rev1=1 crypto rx=0x7f6280009880 tx=0x7f628002a5d0 comp rx=0 tx=0).stop
2024-09-19T08:06:30.640 INFO:teuthology.orchestra.run.smithi135.stderr:2024-09-19T08:06:30.376+0000 7f6295d97640 1 -- 172.21.15.135:0/3727392817 shutdown_connections
2024-09-19T08:06:30.640 INFO:teuthology.orchestra.run.smithi135.stderr:2024-09-19T08:06:30.376+0000 7f6295d97640 1 --2- 172.21.15.135:0/3727392817 >> [v2:172.21.15.135:3300/0,v1:172.21.15.135:6789/0] conn(0x7f6290100530 0x7f6290100930 unknown :-1 s=CLOSED pgs=76 cs=0 l=1 rev1=1 crypto rx=0 tx=0 comp rx=0 tx=0).stop
2024-09-19T08:06:30.641 INFO:teuthology.orchestra.run.smithi135.stderr:2024-09-19T08:06:30.376+0000 7f6295d97640 1 -- 172.21.15.135:0/3727392817 >> 172.21.15.135:0/3727392817 conn(0x7f62900fbca0 msgr2=0x7f62900fe100 unknown :-1 s=STATE_NONE l=0).mark_down
2024-09-19T08:06:30.641 INFO:teuthology.orchestra.run.smithi135.stderr:2024-09-19T08:06:30.376+0000 7f6295d97640 1 -- 172.21.15.135:0/3727392817 shutdown_connections
2024-09-19T08:06:30.641 INFO:teuthology.orchestra.run.smithi135.stderr:2024-09-19T08:06:30.376+0000 7f6295d97640 1 -- 172.21.15.135:0/3727392817 wait complete.
2024-09-19T08:06:30.641 INFO:teuthology.orchestra.run.smithi135.stderr:2024-09-19T08:06:30.376+0000 7f6295d97640 1 Processor -- start
2024-09-19T08:06:30.641 INFO:teuthology.orchestra.run.smithi135.stderr:2024-09-19T08:06:30.376+0000 7f6295d97640 1 -- start start
2024-09-19T08:06:30.641 INFO:teuthology.orchestra.run.smithi135.stderr:2024-09-19T08:06:30.377+0000 7f6295d97640 1 --2- >> [v2:172.21.15.135:3300/0,v1:172.21.15.135:6789/0] conn(0x7f6290100530 0x7f62900fdb80 unknown :-1 s=NONE pgs=0 cs=0 l=1 rev1=0 crypto rx=0 tx=0 comp rx=0 tx=0).connect
2024-09-19T08:06:30.641 INFO:teuthology.orchestra.run.smithi135.stderr:2024-09-19T08:06:30.377+0000 7f6295d97640 1 -- --> [v2:172.21.15.135:3300/0,v1:172.21.15.135:6789/0] -- mon_getmap magic: 0 -- 0x7f62901064f0 con 0x7f6290100530
2024-09-19T08:06:30.641 INFO:teuthology.orchestra.run.smithi135.stderr:2024-09-19T08:06:30.377+0000 7f628f7fe640 1 --2- >> [v2:172.21.15.135:3300/0,v1:172.21.15.135:6789/0] conn(0x7f6290100530 0x7f62900fdb80 unknown :-1 s=BANNER_CONNECTING pgs=0 cs=0 l=1 rev1=0 crypto rx=0 tx=0 comp rx=0 tx=0)._handle_peer_banner_payload supported=3 required=0
2024-09-19T08:06:30.641 INFO:teuthology.orchestra.run.smithi135.stderr:2024-09-19T08:06:30.377+0000 7f628f7fe640 1 --2- >> [v2:172.21.15.135:3300/0,v1:172.21.15.135:6789/0] conn(0x7f6290100530 0x7f62900fdb80 unknown :-1 s=HELLO_CONNECTING pgs=0 cs=0 l=1 rev1=1 crypto rx=0 tx=0 comp rx=0 tx=0).handle_hello peer v2:172.21.15.135:3300/0 says I am v2:172.21.15.135:46402/0 (socket says 172.21.15.135:46402)
2024-09-19T08:06:30.641 INFO:teuthology.orchestra.run.smithi135.stderr:2024-09-19T08:06:30.377+0000 7f628f7fe640 1 -- 172.21.15.135:0/268605078 learned_addr learned my addr 172.21.15.135:0/268605078 (peer_addr_for_me v2:172.21.15.135:0/0)
2024-09-19T08:06:30.641 INFO:teuthology.orchestra.run.smithi135.stderr:2024-09-19T08:06:30.377+0000 7f628f7fe640 1 -- 172.21.15.135:0/268605078 --> [v2:172.21.15.135:3300/0,v1:172.21.15.135:6789/0] -- mon_subscribe({config=0+,monmap=0+}) -- 0x7f62900fe0c0 con 0x7f6290100530
