2024-09-19T08:06:05.042 INFO:teuthology.orchestra.run.smithi135.stdout:/usr/bin/ceph: stdout ssh-rsa AAAAB3NzaC1yc2EAAAADAQABAAABgQClN4HGmAeyy/FZqC9AFxyvElrpWmdeGChccNSOyLI4nWc8intcAjIwFCBbDzvDsSkEzCtPKE1k9Cla2kU9tQxkVN1jiNSIc6PskbyLetIL7tGqIxhv3+S60zTky28+fnBXZ6MP68aX9hsAswuyEW77caAmg7tva6Iy/EkbC2PHg+/1adgV6ewo+BNLZ82VeM6giW9UhKkpIIWfu2alG2HuwqayVp5+cOLAe5pfJ5mycR3K++QiYbeFoSb150BrTejiXgZIiZAKRGCMG6aZAwPp02fZbPH5RhAff+L9LbQ4ic+zOQJX/nbE/ksKY4yq6jaIEzGB+ZNQDei+B6uQ7+/hYX897w184PCMka6XkzRj2n+nAE93GeLAHTI0y1ccS1SQ/TyR7fwAuEd6W9raLJAqgDlHDNFRmYwq7jJlO46r48c+Qr2RnWOzDXyBct9HqVvMhGsewYc4hRT0gQGKgHVJx1o9GzA1HnMLZ1U7fO57SCIgTv4OLp3soMZCRY8jzbk= ceph-ce696246-765d-11ef-bceb-c7b262605968
2024-09-19T08:06:05.042 INFO:teuthology.orchestra.run.smithi135.stdout:/usr/bin/ceph: stderr
2024-09-19T08:06:04.171+0000 7f6229a08640 1 Processor -- start
2024-09-19T08:06:05.042 INFO:teuthology.orchestra.run.smithi135.stdout:/usr/bin/ceph: stderr
2024-09-19T08:06:04.171+0000 7f6229a08640 1 -- start start
2024-09-19T08:06:05.043 INFO:teuthology.orchestra.run.smithi135.stdout:/usr/bin/ceph: stderr
2024-09-19T08:06:04.171+0000 7f6229a08640 1 --2- >> [v2:172.21.15.135:3300/0,v1:172.21.15.135:6789/0] conn(0x7f62241074b0 0x7f62241078b0 unknown :-1 s=NONE pgs=0 cs=0 l=0 rev1=0 crypto rx=0 tx=0 comp rx=0 tx=0).connect
2024-09-19T08:06:05.043 INFO:teuthology.orchestra.run.smithi135.stdout:/usr/bin/ceph: stderr
2024-09-19T08:06:04.171+0000 7f6229a08640 1 -- --> [v2:172.21.15.135:3300/0,v1:172.21.15.135:6789/0] -- mon_getmap magic: 0 -- 0x7f6224107e80 con 0x7f62241074b0
2024-09-19T08:06:05.043 INFO:teuthology.orchestra.run.smithi135.stdout:/usr/bin/ceph: stderr
2024-09-19T08:06:04.171+0000 7f6222ffd640 1 --2- >> [v2:172.21.15.135:3300/0,v1:172.21.15.135:6789/0] conn(0x7f62241074b0 0x7f62241078b0 unknown :-1 s=BANNER_CONNECTING pgs=0 cs=0 l=0 rev1=0 crypto rx=0 tx=0 comp rx=0 tx=0)._handle_peer_banner_payload supported=3 required=0
2024-09-19T08:06:05.043 INFO:teuthology.orchestra.run.smithi135.stdout:/usr/bin/ceph: stderr
2024-09-19T08:06:04.171+0000 7f6222ffd640 1 --2- >> [v2:172.21.15.135:3300/0,v1:172.21.15.135:6789/0] conn(0x7f62241074b0 0x7f62241078b0 unknown :-1 s=HELLO_CONNECTING pgs=0 cs=0 l=0 rev1=1 crypto rx=0 tx=0 comp rx=0 tx=0).handle_hello peer v2:172.21.15.135:3300/0 says I am v2:172.21.15.135:56864/0 (socket says 172.21.15.135:56864)
2024-09-19T08:06:05.043 INFO:teuthology.orchestra.run.smithi135.stdout:/usr/bin/ceph: stderr
2024-09-19T08:06:04.171+0000 7f6222ffd640 1 -- 172.21.15.135:0/233304520 learned_addr learned my addr 172.21.15.135:0/233304520 (peer_addr_for_me v2:172.21.15.135:0/0)
2024-09-19T08:06:05.043 INFO:teuthology.orchestra.run.smithi135.stdout:/usr/bin/ceph: stderr
2024-09-19T08:06:04.171+0000 7f6222ffd640 1 -- 172.21.15.135:0/233304520 --> [v2:172.21.15.135:3300/0,v1:172.21.15.135:6789/0] -- mon_subscribe({config=0+,monmap=0+}) -- 0x7f62241086b0 con 0x7f62241074b0
2024-09-19T08:06:05.043 INFO:teuthology.orchestra.run.smithi135.stdout:/usr/bin/ceph: stderr
2024-09-19T08:06:04.172+0000 7f6222ffd640 1 --2- 172.21.15.135:0/233304520 >> [v2:172.21.15.135:3300/0,v1:172.21.15.135:6789/0] conn(0x7f62241074b0 0x7f62241078b0 secure :-1 s=READY pgs=41 cs=0 l=1 rev1=1 crypto rx=0x7f6214009820 tx=0x7f621402a270 comp rx=0 tx=0).ready entity=mon.0 client_cookie=1266cd98eced0dc1 server_cookie=0 in_seq=0 out_seq=0
2024-09-19T08:06:05.043 INFO:teuthology.orchestra.run.smithi135.stdout:/usr/bin/ceph: stderr
2024-09-19T08:06:04.172+0000 7f62227fc640 1 -- 172.21.15.135:0/233304520 <== mon.0 v2:172.21.15.135:3300/0 1 ==== mon_map magic: 0 ==== 205+0+0 (secure 0 0 0) 0x7f6214037070 con 0x7f62241074b0
2024-09-19T08:06:05.043 INFO:teuthology.orchestra.run.smithi135.stdout:/usr/bin/ceph: stderr
2024-09-19T08:06:04.172+0000 7f62227fc640 1 -- 172.21.15.135:0/233304520 <== mon.0 v2:172.21.15.135:3300/0 2 ==== config(26 keys) ==== 1071+0+0 (secure 0 0 0) 0x7f62140328d0 con 0x7f62241074b0
2024-09-19T08:06:05.043 INFO:teuthology.orchestra.run.smithi135.stdout:/usr/bin/ceph: stderr
2024-09-19T08:06:04.172+0000 7f62227fc640 1 -- 172.21.15.135:0/233304520 <== mon.0 v2:172.21.15.135:3300/0 3 ==== mon_map magic: 0 ==== 205+0+0 (secure 0 0 0) 0x7f62140307d0 con 0x7f62241074b0
2024-09-19T08:06:05.043 INFO:teuthology.orchestra.run.smithi135.stdout:/usr/bin/ceph: stderr
2024-09-19T08:06:04.173+0000 7f6229a08640 1 -- 172.21.15.135:0/233304520 >> [v2:172.21.15.135:3300/0,v1:172.21.15.135:6789/0] conn(0x7f62241074b0 msgr2=0x7f62241078b0 secure :-1 s=STATE_CONNECTION_ESTABLISHED l=1).mark_down
2024-09-19T08:06:05.044 INFO:teuthology.orchestra.run.smithi135.stdout:/usr/bin/ceph: stderr
2024-09-19T08:06:04.173+0000 7f6229a08640 1 --2- 172.21.15.135:0/233304520 >> [v2:172.21.15.135:3300/0,v1:172.21.15.135:6789/0] conn(0x7f62241074b0 0x7f62241078b0 secure :-1 s=READY pgs=41 cs=0 l=1 rev1=1 crypto rx=0x7f6214009820 tx=0x7f621402a270 comp rx=0 tx=0).stop
2024-09-19T08:06:05.044 INFO:teuthology.orchestra.run.smithi135.stdout:/usr/bin/ceph: stderr
2024-09-19T08:06:04.173+0000 7f6229a08640 1 -- 172.21.15.135:0/233304520 shutdown_connections
2024-09-19T08:06:05.044 INFO:teuthology.orchestra.run.smithi135.stdout:/usr/bin/ceph: stderr
2024-09-19T08:06:04.173+0000 7f6229a08640 1 --2- 172.21.15.135:0/233304520 >> [v2:172.21.15.135:3300/0,v1:172.21.15.135:6789/0] conn(0x7f62241074b0 0x7f62241078b0 unknown :-1 s=CLOSED pgs=41 cs=0 l=1 rev1=1 crypto rx=0 tx=0 comp rx=0 tx=0).stop
2024-09-19T08:06:05.044 INFO:teuthology.orchestra.run.smithi135.stdout:/usr/bin/ceph: stderr
2024-09-19T08:06:04.173+0000 7f6229a08640 1 -- 172.21.15.135:0/233304520 >> 172.21.15.135:0/233304520 conn(0x7f6224102c60 msgr2=0x7f6224105080 unknown :-1 s=STATE_NONE l=0).mark_down
2024-09-19T08:06:05.044 INFO:teuthology.orchestra.run.smithi135.stdout:/usr/bin/ceph: stderr
2024-09-19T08:06:04.173+0000 7f6229a08640 1 -- 172.21.15.135:0/233304520 shutdown_connections
2024-09-19T08:06:05.044 INFO:teuthology.orchestra.run.smithi135.stdout:/usr/bin/ceph: stderr
2024-09-19T08:06:04.173+0000 7f6229a08640 1 -- 172.21.15.135:0/233304520 wait complete.
2024-09-19T08:06:05.044 INFO:teuthology.orchestra.run.smithi135.stdout:/usr/bin/ceph: stderr
2024-09-19T08:06:04.173+0000 7f6229a08640 1 Processor -- start
2024-09-19T08:06:05.044 INFO:teuthology.orchestra.run.smithi135.stdout:/usr/bin/ceph: stderr
2024-09-19T08:06:04.173+0000 7f6229a08640 1 -- start start
2024-09-19T08:06:05.044 INFO:teuthology.orchestra.run.smithi135.stdout:/usr/bin/ceph: stderr
2024-09-19T08:06:04.174+0000 7f6229a08640 1 --2- >> [v2:172.21.15.135:3300/0,v1:172.21.15.135:6789/0] conn(0x7f62241074b0 0x7f622419b350 unknown :-1 s=NONE pgs=0 cs=0 l=1 rev1=0 crypto rx=0 tx=0 comp rx=0 tx=0).connect
2024-09-19T08:06:05.044 INFO:teuthology.orchestra.run.smithi135.stdout:/usr/bin/ceph: stderr
2024-09-19T08:06:04.174+0000 7f6229a08640 1 -- --> [v2:172.21.15.135:3300/0,v1:172.21.15.135:6789/0] -- mon_getmap magic: 0 -- 0x7f622410ba60 con 0x7f62241074b0
2024-09-19T08:06:05.044 INFO:teuthology.orchestra.run.smithi135.stdout:/usr/bin/ceph: stderr
2024-09-19T08:06:04.174+0000 7f6222ffd640 1 --2- >> [v2:172.21.15.135:3300/0,v1:172.21.15.135:6789/0] conn(0x7f62241074b0 0x7f622419b350 unknown :-1 s=BANNER_CONNECTING pgs=0 cs=0 l=1 rev1=0 crypto rx=0 tx=0 comp rx=0 tx=0)._handle_peer_banner_payload supported=3 required=0
2024-09-19T08:06:05.044 INFO:teuthology.orchestra.run.smithi135.stdout:/usr/bin/ceph: stderr
2024-09-19T08:06:04.174+0000 7f6222ffd640 1 --2- >> [v2:172.21.15.135:3300/0,v1:172.21.15.135:6789/0] conn(0x7f62241074b0 0x7f622419b350 unknown :-1 s=HELLO_CONNECTING pgs=0 cs=0 l=1 rev1=1 crypto rx=0 tx=0 comp rx=0 tx=0).handle_hello peer v2:172.21.15.135:3300/0 says I am v2:172.21.15.135:56876/0 (socket says 172.21.15.135:56876)
2024-09-19T08:06:05.045 INFO:teuthology.orchestra.run.smithi135.stdout:/usr/bin/ceph: stderr
2024-09-19T08:06:04.174+0000 7f6222ffd640 1 -- 172.21.15.135:0/1439239458 learned_addr learned my addr 172.21.15.135:0/1439239458 (peer_addr_for_me v2:172.21.15.135:0/0)
2024-09-19T08:06:05.045 INFO:teuthology.orchestra.run.smithi135.stdout:/usr/bin/ceph: stderr
2024-09-19T08:06:04.174+0000 7f6222ffd640 1 -- 172.21.15.135:0/1439239458 --> [v2:172.21.15.135:3300/0,v1:172.21.15.135:6789/0] -- mon_subscribe({config=0+,monmap=0+}) -- 0x7f622419b890 con 0x7f62241074b0
2024-09-19T08:06:05.045 INFO:teuthology.orchestra.run.smithi135.stdout:/usr/bin/ceph: stderr
2024-09-19T08:06:04.174+0000 7f6222ffd640 1 --2- 172.21.15.135:0/1439239458 >> [v2:172.21.15.135:3300/0,v1:172.21.15.135:6789/0] conn(0x7f62241074b0 0x7f622419b350 secure :-1 s=READY pgs=42 cs=0 l=1 rev1=1 crypto rx=0x7f62140097f0 tx=0x7f6214030d00 comp rx=0 tx=0).ready entity=mon.0 client_cookie=0 server_cookie=0 in_seq=0 out_seq=0
2024-09-19T08:06:05.045 INFO:teuthology.orchestra.run.smithi135.stdout:/usr/bin/ceph: stderr
2024-09-19T08:06:04.174+0000 7f6228a06640 1 -- 172.21.15.135:0/1439239458 <== mon.0 v2:172.21.15.135:3300/0 1 ==== mon_map magic: 0 ==== 205+0+0 (secure 0 0 0) 0x7f6214037040 con 0x7f62241074b0
2024-09-19T08:06:05.045 INFO:teuthology.orchestra.run.smithi135.stdout:/usr/bin/ceph: stderr
2024-09-19T08:06:04.174+0000 7f6228a06640 1 -- 172.21.15.135:0/1439239458 <== mon.0 v2:172.21.15.135:3300/0 2 ==== config(26 keys) ==== 1071+0+0 (secure 0 0 0) 0x7f6214032bb0 con 0x7f62241074b0
2024-09-19T08:06:05.045 INFO:teuthology.orchestra.run.smithi135.stdout:/usr/bin/ceph: stderr
2024-09-19T08:06:04.174+0000 7f6229a08640 1 -- 172.21.15.135:0/1439239458 --> [v2:172.21.15.135:3300/0,v1:172.21.15.135:6789/0] -- mon_subscribe({mgrmap=0+}) -- 0x7f622419bb20 con 0x7f62241074b0
2024-09-19T08:06:05.045 INFO:teuthology.orchestra.run.smithi135.stdout:/usr/bin/ceph: stderr
2024-09-19T08:06:04.174+0000 7f6228a06640 1 -- 172.21.15.135:0/1439239458 <== mon.0 v2:172.21.15.135:3300/0 3 ==== mon_map magic: 0 ==== 205+0+0 (secure 0 0 0) 0x7f621403a390 con 0x7f62241074b0
2024-09-19T08:06:05.045 INFO:teuthology.orchestra.run.smithi135.stdout:/usr/bin/ceph: stderr
2024-09-19T08:06:04.174+0000 7f6229a08640 1 -- 172.21.15.135:0/1439239458 --> [v2:172.21.15.135:3300/0,v1:172.21.15.135:6789/0] -- mon_subscribe({osdmap=0}) -- 0x7f622419e810 con 0x7f62241074b0
2024-09-19T08:06:05.045 INFO:teuthology.orchestra.run.smithi135.stdout:/usr/bin/ceph: stderr
2024-09-19T08:06:04.175+0000 7f6228a06640 1 -- 172.21.15.135:0/1439239458 <== mon.0 v2:172.21.15.135:3300/0 4 ==== mgrmap(e 8) ==== 46461+0+0 (secure 0 0 0) 0x7f621403a5d0 con 0x7f62241074b0
2024-09-19T08:06:05.045 INFO:teuthology.orchestra.run.smithi135.stdout:/usr/bin/ceph: stderr
2024-09-19T08:06:04.175+0000 7f6228a06640 1 --2- 172.21.15.135:0/1439239458 >> [v2:172.21.15.135:6800/3445151610,v1:172.21.15.135:6801/3445151610] conn(0x7f6210039270 0x7f621003b730 unknown :-1 s=NONE pgs=0 cs=0 l=1 rev1=0 crypto rx=0 tx=0 comp rx=0 tx=0).connect
2024-09-19T08:06:05.045 INFO:teuthology.orchestra.run.smithi135.stdout:/usr/bin/ceph: stderr
2024-09-19T08:06:04.175+0000 7f6228a06640 1 -- 172.21.15.135:0/1439239458 <== mon.0 v2:172.21.15.135:3300/0 5 ==== osd_map(2..2 src has 1..2) ==== 940+0+0 (secure 0 0 0) 0x7f621406c5a0 con 0x7f62241074b0
2024-09-19T08:06:05.046 INFO:teuthology.orchestra.run.smithi135.stdout:/usr/bin/ceph: stderr
2024-09-19T08:06:04.175+0000 7f6229a08640 1 -- 172.21.15.135:0/1439239458 --> [v2:172.21.15.135:3300/0,v1:172.21.15.135:6789/0] -- mon_command({"prefix": "get_command_descriptions"} v 0) -- 0x7f622410bbe0 con 0x7f62241074b0
2024-09-19T08:06:05.046 INFO:teuthology.orchestra.run.smithi135.stdout:/usr/bin/ceph: stderr
2024-09-19T08:06:04.176+0000 7f621bfff640 1 --2- 172.21.15.135:0/1439239458 >> [v2:172.21.15.135:6800/3445151610,v1:172.21.15.135:6801/3445151610] conn(0x7f6210039270 0x7f621003b730 unknown :-1 s=BANNER_CONNECTING pgs=0 cs=0 l=1 rev1=0 crypto rx=0 tx=0 comp rx=0 tx=0)._handle_peer_banner_payload supported=3 required=0
2024-09-19T08:06:05.046 INFO:teuthology.orchestra.run.smithi135.stdout:/usr/bin/ceph: stderr
2024-09-19T08:06:04.176+0000 7f621bfff640 1 --2- 172.21.15.135:0/1439239458 >> [v2:172.21.15.135:6800/3445151610,v1:172.21.15.135:6801/3445151610] conn(0x7f6210039270 0x7f621003b730 secure :-1 s=READY pgs=10 cs=0 l=1 rev1=1 crypto rx=0x7f620c0098c0 tx=0x7f620c006db0 comp rx=0 tx=0).ready entity=mgr.14118 client_cookie=0 server_cookie=0 in_seq=0 out_seq=0
2024-09-19T08:06:05.046 INFO:teuthology.orchestra.run.smithi135.stdout:/usr/bin/ceph: stderr
2024-09-19T08:06:04.180+0000 7f6228a06640 1 -- 172.21.15.135:0/1439239458 <== mon.0 v2:172.21.15.135:3300/0 6 ==== mon_command_ack([{"prefix": "get_command_descriptions"}]=0 v0) ==== 72+0+188913 (secure 0 0 0) 0x7f6214040210 con 0x7f62241074b0
2024-09-19T08:06:05.046 INFO:teuthology.orchestra.run.smithi135.stdout:/usr/bin/ceph: stderr
2024-09-19T08:06:04.346+0000 7f6229a08640 1 -- 172.21.15.135:0/1439239458 --> [v2:172.21.15.135:6800/3445151610,v1:172.21.15.135:6801/3445151610] -- mgr_command(tid 0: {"prefix": "cephadm get-pub-key", "target": ["mon-mgr", ""]}) -- 0x7f6224103e30 con 0x7f6210039270
2024-09-19T08:06:05.046 INFO:teuthology.orchestra.run.smithi135.stdout:/usr/bin/ceph: stderr
2024-09-19T08:06:04.347+0000 7f6228a06640 1 -- 172.21.15.135:0/1439239458 <== mgr.14118 v2:172.21.15.135:6800/3445151610 1 ==== mgr_command_reply(tid 0: 0 ) ==== 8+0+595 (secure 0 0 0) 0x7f6224103e30 con 0x7f6210039270
2024-09-19T08:06:05.046 INFO:teuthology.orchestra.run.smithi135.stdout:/usr/bin/ceph: stderr
2024-09-19T08:06:04.349+0000 7f6229a08640 1 -- 172.21.15.135:0/1439239458 >> [v2:172.21.15.135:6800/3445151610,v1:172.21.15.135:6801/3445151610] conn(0x7f6210039270 msgr2=0x7f621003b730 secure :-1 s=STATE_CONNECTION_ESTABLISHED l=1).mark_down
2024-09-19T08:06:05.046 INFO:teuthology.orchestra.run.smithi135.stdout:/usr/bin/ceph: stderr
2024-09-19T08:06:04.349+0000 7f6229a08640 1 --2- 172.21.15.135:0/1439239458 >> [v2:172.21.15.135:6800/3445151610,v1:172.21.15.135:6801/3445151610] conn(0x7f6210039270 0x7f621003b730 secure :-1 s=READY pgs=10 cs=0 l=1 rev1=1 crypto rx=0x7f620c0098c0 tx=0x7f620c006db0 comp rx=0 tx=0).stop
2024-09-19T08:06:05.046 INFO:teuthology.orchestra.run.smithi135.stdout:/usr/bin/ceph: stderr
2024-09-19T08:06:04.349+0000 7f6229a08640 1 -- 172.21.15.135:0/1439239458 >> [v2:172.21.15.135:3300/0,v1:172.21.15.135:6789/0] conn(0x7f62241074b0 msgr2=0x7f622419b350 secure :-1 s=STATE_CONNECTION_ESTABLISHED l=1).mark_down
2024-09-19T08:06:05.046 INFO:teuthology.orchestra.run.smithi135.stdout:/usr/bin/ceph: stderr
2024-09-19T08:06:04.349+0000 7f6229a08640 1 --2- 172.21.15.135:0/1439239458 >> [v2:172.21.15.135:3300/0,v1:172.21.15.135:6789/0] conn(0x7f62241074b0 0x7f622419b350 secure :-1 s=READY pgs=42 cs=0 l=1 rev1=1 crypto rx=0x7f62140097f0 tx=0x7f6214030d00 comp rx=0 tx=0).stop
2024-09-19T08:06:05.046 INFO:teuthology.orchestra.run.smithi135.stdout:/usr/bin/ceph: stderr
2024-09-19T08:06:04.349+0000 7f6229a08640 1 -- 172.21.15.135:0/1439239458 shutdown_connections
2024-09-19T08:06:05.046 INFO:teuthology.orchestra.run.smithi135.stdout:/usr/bin/ceph: stderr
2024-09-19T08:06:04.349+0000 7f6229a08640 1 --2- 172.21.15.135:0/1439239458 >> [v2:172.21.15.135:6800/3445151610,v1:172.21.15.135:6801/3445151610] conn(0x7f6210039270 0x7f621003b730 unknown :-1 s=CLOSED pgs=10 cs=0 l=1 rev1=1 crypto rx=0 tx=0 comp rx=0 tx=0).stop
2024-09-19T08:06:05.047 INFO:teuthology.orchestra.run.smithi135.stdout:/usr/bin/ceph: stderr
2024-09-19T08:06:04.349+0000 7f6229a08640 1 --2- 172.21.15.135:0/1439239458 >> [v2:172.21.15.135:3300/0,v1:172.21.15.135:6789/0] conn(0x7f62241074b0 0x7f622419b350 unknown :-1 s=CLOSED pgs=42 cs=0 l=1 rev1=1 crypto rx=0 tx=0 comp rx=0 tx=0).stop
2024-09-19T08:06:05.047 INFO:teuthology.orchestra.run.smithi135.stdout:/usr/bin/ceph: stderr
2024-09-19T08:06:04.349+0000 7f6229a08640 1 -- 172.21.15.135:0/1439239458 >> 172.21.15.135:0/1439239458 conn(0x7f6224102c60 msgr2=0x7f6224103720 unknown :-1 s=STATE_NONE l=0).mark_down
2024-09-19T08:06:05.047 INFO:teuthology.orchestra.run.smithi135.stdout:/usr/bin/ceph: stderr
2024-09-19T08:06:04.350+0000 7f6229a08640 1 -- 172.21.15.135:0/1439239458 shutdown_connections
2024-09-19T08:06:05.047 INFO:teuthology.orchestra.run.smithi135.stdout:/usr/bin/ceph: stderr
2024-09-19T08:06:04.350+0000 7f6229a08640 1 -- 172.21.15.135:0/1439239458 wait complete.
2024-09-19T08:06:05.047 INFO:teuthology.orchestra.run.smithi135.stdout:Wrote public SSH key to /home/ubuntu/cephtest/ceph.pub
2024-09-19T08:06:05.047 INFO:teuthology.orchestra.run.smithi135.stdout:Adding key to root@localhost authorized_keys...
2024-09-19T08:06:05.047 INFO:teuthology.orchestra.run.smithi135.stdout:Adding host smithi135...
2024-09-19T08:06:05.705 INFO:journalctl@ceph.mon.a.smithi135.stdout:Sep 19 08:06:05 smithi135 ceph-mon[30940]: from='client.14136 -' entity='client.admin' cmd=[{"prefix": "cephadm get-pub-key", "target": ["mon-mgr", ""]}]: dispatch
2024-09-19T08:06:06.629 INFO:journalctl@ceph.mon.a.smithi135.stdout:Sep 19 08:06:06 smithi135 ceph-mon[30940]: from='client.14138 -' entity='client.admin' cmd=[{"prefix": "orch host add", "hostname": "smithi135", "addr": "172.21.15.135", "target": ["mon-mgr", ""]}]: dispatch
2024-09-19T08:06:07.977 INFO:journalctl@ceph.mon.a.smithi135.stdout:Sep 19 08:06:07 smithi135 ceph-mon[30940]: Deploying cephadm binary to smithi135
2024-09-19T08:06:09.281 INFO:teuthology.orchestra.run.smithi135.stdout:/usr/bin/ceph: stdout Added host 'smithi135' with addr '172.21.15.135'
2024-09-19T08:06:09.281 INFO:teuthology.orchestra.run.smithi135.stdout:/usr/bin/ceph: stderr
2024-09-19T08:06:05.413+0000 7f2f5a5dd640 1 Processor -- start
2024-09-19T08:06:09.281 INFO:teuthology.orchestra.run.smithi135.stdout:/usr/bin/ceph: stderr
2024-09-19T08:06:05.413+0000 7f2f5a5dd640 1 -- start start
2024-09-19T08:06:09.281 INFO:teuthology.orchestra.run.smithi135.stdout:/usr/bin/ceph: stderr
2024-09-19T08:06:05.414+0000 7f2f5a5dd640 1 --2- >> [v2:172.21.15.135:3300/0,v1:172.21.15.135:6789/0] conn(0x7f2f541063c0 0x7f2f541067c0 unknown :-1 s=NONE pgs=0 cs=0 l=0 rev1=0 crypto rx=0 tx=0 comp rx=0 tx=0).connect
2024-09-19T08:06:09.281 INFO:teuthology.orchestra.run.smithi135.stdout:/usr/bin/ceph: stderr
2024-09-19T08:06:05.414+0000 7f2f5a5dd640 1 -- --> [v2:172.21.15.135:3300/0,v1:172.21.15.135:6789/0] -- mon_getmap magic: 0 -- 0x7f2f54106d90 con 0x7f2f541063c0
2024-09-19T08:06:09.282 INFO:teuthology.orchestra.run.smithi135.stdout:/usr/bin/ceph: stderr
2024-09-19T08:06:05.414+0000 7f2f53fff640 1 --2- >> [v2:172.21.15.135:3300/0,v1:172.21.15.135:6789/0] conn(0x7f2f541063c0 0x7f2f541067c0 unknown :-1 s=BANNER_CONNECTING pgs=0 cs=0 l=0 rev1=0 crypto rx=0 tx=0 comp rx=0 tx=0)._handle_peer_banner_payload supported=3 required=0
2024-09-19T08:06:09.282 INFO:teuthology.orchestra.run.smithi135.stdout:/usr/bin/ceph: stderr
2024-09-19T08:06:05.414+0000 7f2f53fff640 1 --2- >> [v2:172.21.15.135:3300/0,v1:172.21.15.135:6789/0] conn(0x7f2f541063c0 0x7f2f541067c0 unknown :-1 s=HELLO_CONNECTING pgs=0 cs=0 l=0 rev1=1 crypto rx=0 tx=0 comp rx=0 tx=0).handle_hello peer v2:172.21.15.135:3300/0 says I am v2:172.21.15.135:56884/0 (socket says 172.21.15.135:56884)
2024-09-19T08:06:09.282 INFO:teuthology.orchestra.run.smithi135.stdout:/usr/bin/ceph: stderr
2024-09-19T08:06:05.414+0000 7f2f53fff640 1 -- 172.21.15.135:0/448177253 learned_addr learned my addr 172.21.15.135:0/448177253 (peer_addr_for_me v2:172.21.15.135:0/0)
2024-09-19T08:06:09.282 INFO:teuthology.orchestra.run.smithi135.stdout:/usr/bin/ceph: stderr
2024-09-19T08:06:05.414+0000 7f2f53fff640 1 -- 172.21.15.135:0/448177253 --> [v2:172.21.15.135:3300/0,v1:172.21.15.135:6789/0] -- mon_subscribe({config=0+,monmap=0+}) -- 0x7f2f541075c0 con 0x7f2f541063c0
2024-09-19T08:06:09.282 INFO:teuthology.orchestra.run.smithi135.stdout:/usr/bin/ceph: stderr
2024-09-19T08:06:05.415+0000 7f2f53fff640 1 --2- 172.21.15.135:0/448177253 >> [v2:172.21.15.135:3300/0,v1:172.21.15.135:6789/0] conn(0x7f2f541063c0 0x7f2f541067c0 secure :-1 s=READY pgs=43 cs=0 l=1 rev1=1 crypto rx=0x7f2f44009820 tx=0x7f2f4402a270 comp rx=0 tx=0).ready entity=mon.0 client_cookie=e666ef6a4648311c server_cookie=0 in_seq=0 out_seq=0
2024-09-19T08:06:09.282 INFO:teuthology.orchestra.run.smithi135.stdout:/usr/bin/ceph: stderr
2024-09-19T08:06:05.415+0000 7f2f537fe640 1 -- 172.21.15.135:0/448177253 <== mon.0 v2:172.21.15.135:3300/0 1 ==== mon_map magic: 0 ==== 205+0+0 (secure 0 0 0) 0x7f2f44037070 con 0x7f2f541063c0
2024-09-19T08:06:09.282 INFO:teuthology.orchestra.run.smithi135.stdout:/usr/bin/ceph: stderr
2024-09-19T08:06:05.415+0000 7f2f537fe640 1 -- 172.21.15.135:0/448177253 <== mon.0 v2:172.21.15.135:3300/0 2 ==== config(26 keys) ==== 1071+0+0 (secure 0 0 0) 0x7f2f440328d0 con 0x7f2f541063c0
2024-09-19T08:06:09.282 INFO:teuthology.orchestra.run.smithi135.stdout:/usr/bin/ceph: stderr
2024-09-19T08:06:05.415+0000 7f2f537fe640 1 -- 172.21.15.135:0/448177253 <== mon.0 v2:172.21.15.135:3300/0 3 ==== mon_map magic: 0 ==== 205+0+0 (secure 0 0 0) 0x7f2f440307d0 con 0x7f2f541063c0
2024-09-19T08:06:09.282 INFO:teuthology.orchestra.run.smithi135.stdout:/usr/bin/ceph: stderr
2024-09-19T08:06:05.416+0000 7f2f5a5dd640 1 -- 172.21.15.135:0/448177253 >> [v2:172.21.15.135:3300/0,v1:172.21.15.135:6789/0] conn(0x7f2f541063c0 msgr2=0x7f2f541067c0 secure :-1 s=STATE_CONNECTION_ESTABLISHED l=1).mark_down
2024-09-19T08:06:09.282 INFO:teuthology.orchestra.run.smithi135.stdout:/usr/bin/ceph: stderr
2024-09-19T08:06:05.416+0000 7f2f5a5dd640 1 --2- 172.21.15.135:0/448177253 >> [v2:172.21.15.135:3300/0,v1:172.21.15.135:6789/0] conn(0x7f2f541063c0 0x7f2f541067c0 secure :-1 s=READY pgs=43 cs=0 l=1 rev1=1 crypto rx=0x7f2f44009820 tx=0x7f2f4402a270 comp rx=0 tx=0).stop
2024-09-19T08:06:09.282 INFO:teuthology.orchestra.run.smithi135.stdout:/usr/bin/ceph: stderr
2024-09-19T08:06:05.416+0000 7f2f5a5dd640 1 -- 172.21.15.135:0/448177253 shutdown_connections
2024-09-19T08:06:09.282 INFO:teuthology.orchestra.run.smithi135.stdout:/usr/bin/ceph: stderr
2024-09-19T08:06:05.416+0000 7f2f5a5dd640 1 --2- 172.21.15.135:0/448177253 >> [v2:172.21.15.135:3300/0,v1:172.21.15.135:6789/0] conn(0x7f2f541063c0 0x7f2f541067c0 unknown :-1 s=CLOSED pgs=43 cs=0 l=1 rev1=1 crypto rx=0 tx=0 comp rx=0 tx=0).stop
2024-09-19T08:06:09.283 INFO:teuthology.orchestra.run.smithi135.stdout:/usr/bin/ceph: stderr
2024-09-19T08:06:05.416+0000 7f2f5a5dd640 1 -- 172.21.15.135:0/448177253 >> 172.21.15.135:0/448177253 conn(0x7f2f54101b30 msgr2=0x7f2f54103f90 unknown :-1 s=STATE_NONE l=0).mark_down
2024-09-19T08:06:09.283 INFO:teuthology.orchestra.run.smithi135.stdout:/usr/bin/ceph: stderr
2024-09-19T08:06:05.416+0000 7f2f5a5dd640 1 -- 172.21.15.135:0/448177253 shutdown_connections
2024-09-19T08:06:09.283 INFO:teuthology.orchestra.run.smithi135.stdout:/usr/bin/ceph: stderr
2024-09-19T08:06:05.416+0000 7f2f5a5dd640 1 -- 172.21.15.135:0/448177253 wait complete.
2024-09-19T08:06:09.283 INFO:teuthology.orchestra.run.smithi135.stdout:/usr/bin/ceph: stderr
2024-09-19T08:06:05.416+0000 7f2f5a5dd640 1 Processor -- start
2024-09-19T08:06:09.283 INFO:teuthology.orchestra.run.smithi135.stdout:/usr/bin/ceph: stderr
2024-09-19T08:06:05.416+0000 7f2f5a5dd640 1 -- start start
2024-09-19T08:06:09.283 INFO:teuthology.orchestra.run.smithi135.stdout:/usr/bin/ceph: stderr
2024-09-19T08:06:05.417+0000 7f2f5a5dd640 1 --2- >> [v2:172.21.15.135:3300/0,v1:172.21.15.135:6789/0] conn(0x7f2f541063c0 0x7f2f5419d560 unknown :-1 s=NONE pgs=0 cs=0 l=1 rev1=0 crypto rx=0 tx=0 comp rx=0 tx=0).connect
2024-09-19T08:06:09.283 INFO:teuthology.orchestra.run.smithi135.stdout:/usr/bin/ceph: stderr
2024-09-19T08:06:05.417+0000 7f2f5a5dd640 1 -- --> [v2:172.21.15.135:3300/0,v1:172.21.15.135:6789/0] -- mon_getmap magic: 0 -- 0x7f2f5410a970 con 0x7f2f541063c0
2024-09-19T08:06:09.283 INFO:teuthology.orchestra.run.smithi135.stdout:/usr/bin/ceph: stderr
2024-09-19T08:06:05.417+0000 7f2f53fff640 1 --2- >> [v2:172.21.15.135:3300/0,v1:172.21.15.135:6789/0] conn(0x7f2f541063c0 0x7f2f5419d560 unknown :-1 s=BANNER_CONNECTING pgs=0 cs=0 l=1 rev1=0 crypto rx=0 tx=0 comp rx=0 tx=0)._handle_peer_banner_payload supported=3 required=0
2024-09-19T08:06:09.283 INFO:teuthology.orchestra.run.smithi135.stdout:/usr/bin/ceph: stderr
2024-09-19T08:06:05.417+0000 7f2f53fff640 1 --2- >> [v2:172.21.15.135:3300/0,v1:172.21.15.135:6789/0] conn(0x7f2f541063c0 0x7f2f5419d560 unknown :-1 s=HELLO_CONNECTING pgs=0 cs=0 l=1 rev1=1 crypto rx=0 tx=0 comp rx=0 tx=0).handle_hello peer v2:172.21.15.135:3300/0 says I am v2:172.21.15.135:56886/0 (socket says 172.21.15.135:56886)
2024-09-19T08:06:09.283 INFO:teuthology.orchestra.run.smithi135.stdout:/usr/bin/ceph: stderr
2024-09-19T08:06:05.417+0000 7f2f53fff640 1 -- 172.21.15.135:0/2765848651 learned_addr learned my addr 172.21.15.135:0/2765848651 (peer_addr_for_me v2:172.21.15.135:0/0)
2024-09-19T08:06:09.283 INFO:teuthology.orchestra.run.smithi135.stdout:/usr/bin/ceph: stderr
2024-09-19T08:06:05.417+0000 7f2f53fff640 1 -- 172.21.15.135:0/2765848651 --> [v2:172.21.15.135:3300/0,v1:172.21.15.135:6789/0] -- mon_subscribe({config=0+,monmap=0+}) -- 0x7f2f5419daa0 con 0x7f2f541063c0
2024-09-19T08:06:09.283 INFO:teuthology.orchestra.run.smithi135.stdout:/usr/bin/ceph: stderr
2024-09-19T08:06:05.417+0000 7f2f53fff640 1 --2- 172.21.15.135:0/2765848651 >> [v2:172.21.15.135:3300/0,v1:172.21.15.135:6789/0] conn(0x7f2f541063c0 0x7f2f5419d560 secure :-1 s=READY pgs=44 cs=0 l=1 rev1=1 crypto rx=0x7f2f44009940 tx=0x7f2f44032e10 comp rx=0 tx=0).ready entity=mon.0 client_cookie=0 server_cookie=0 in_seq=0 out_seq=0
2024-09-19T08:06:09.283 INFO:teuthology.orchestra.run.smithi135.stdout:/usr/bin/ceph: stderr
2024-09-19T08:06:05.417+0000 7f2f51ffb640 1 -- 172.21.15.135:0/2765848651 <== mon.0 v2:172.21.15.135:3300/0 1 ==== mon_map magic: 0 ==== 205+0+0 (secure 0 0 0) 0x7f2f44042070 con 0x7f2f541063c0
2024-09-19T08:06:09.283 INFO:teuthology.orchestra.run.smithi135.stdout:/usr/bin/ceph: stderr
2024-09-19T08:06:05.417+0000 7f2f51ffb640 1 -- 172.21.15.135:0/2765848651 <== mon.0 v2:172.21.15.135:3300/0 2 ==== config(26 keys) ==== 1071+0+0 (secure 0 0 0) 0x7f2f44030c80 con 0x7f2f541063c0
2024-09-19T08:06:09.284 INFO:teuthology.orchestra.run.smithi135.stdout:/usr/bin/ceph: stderr
2024-09-19T08:06:05.417+0000 7f2f5a5dd640 1 -- 172.21.15.135:0/2765848651 --> [v2:172.21.15.135:3300/0,v1:172.21.15.135:6789/0] -- mon_subscribe({mgrmap=0+}) -- 0x7f2f5419dd30 con 0x7f2f541063c0
2024-09-19T08:06:09.284 INFO:teuthology.orchestra.run.smithi135.stdout:/usr/bin/ceph: stderr
2024-09-19T08:06:05.417+0000 7f2f5a5dd640 1 -- 172.21.15.135:0/2765848651 --> [v2:172.21.15.135:3300/0,v1:172.21.15.135:6789/0] -- mon_subscribe({osdmap=0}) -- 0x7f2f541a0a20 con 0x7f2f541063c0
2024-09-19T08:06:09.284 INFO:teuthology.orchestra.run.smithi135.stdout:/usr/bin/ceph: stderr
2024-09-19T08:06:05.417+0000 7f2f51ffb640 1 -- 172.21.15.135:0/2765848651 <== mon.0 v2:172.21.15.135:3300/0 3 ==== mon_map magic: 0 ==== 205+0+0 (secure 0 0 0) 0x7f2f44037040 con 0x7f2f541063c0
2024-09-19T08:06:09.284 INFO:teuthology.orchestra.run.smithi135.stdout:/usr/bin/ceph: stderr
2024-09-19T08:06:05.418+0000 7f2f51ffb640 1 -- 172.21.15.135:0/2765848651 <== mon.0 v2:172.21.15.135:3300/0 4 ==== mgrmap(e 8) ==== 46461+0+0 (secure 0 0 0) 0x7f2f44045070 con 0x7f2f541063c0
2024-09-19T08:06:09.284 INFO:teuthology.orchestra.run.smithi135.stdout:/usr/bin/ceph: stderr
2024-09-19T08:06:05.418+0000 7f2f5a5dd640 1 -- 172.21.15.135:0/2765848651 --> [v2:172.21.15.135:3300/0,v1:172.21.15.135:6789/0] -- mon_command({"prefix": "get_command_descriptions"} v 0) -- 0x7f2f340052c0 con 0x7f2f541063c0
2024-09-19T08:06:09.284 INFO:teuthology.orchestra.run.smithi135.stdout:/usr/bin/ceph: stderr
2024-09-19T08:06:05.418+0000 7f2f51ffb640 1 --2- 172.21.15.135:0/2765848651 >> [v2:172.21.15.135:6800/3445151610,v1:172.21.15.135:6801/3445151610] conn(0x7f2f40039270 0x7f2f4003b730 unknown :-1 s=NONE pgs=0 cs=0 l=1 rev1=0 crypto rx=0 tx=0 comp rx=0 tx=0).connect
2024-09-19T08:06:09.284 INFO:teuthology.orchestra.run.smithi135.stdout:/usr/bin/ceph: stderr
2024-09-19T08:06:05.419+0000 7f2f51ffb640 1 -- 172.21.15.135:0/2765848651 <== mon.0 v2:172.21.15.135:3300/0 5 ==== osd_map(2..2 src has 1..2) ==== 940+0+0 (secure 0 0 0) 0x7f2f4406c1d0 con 0x7f2f541063c0
2024-09-19T08:06:09.284 INFO:teuthology.orchestra.run.smithi135.stdout:/usr/bin/ceph: stderr
2024-09-19T08:06:05.419+0000 7f2f4bfff640 1 --2- 172.21.15.135:0/2765848651 >> [v2:172.21.15.135:6800/3445151610,v1:172.21.15.135:6801/3445151610] conn(0x7f2f40039270 0x7f2f4003b730 unknown :-1 s=BANNER_CONNECTING pgs=0 cs=0 l=1 rev1=0 crypto rx=0 tx=0 comp rx=0 tx=0)._handle_peer_banner_payload supported=3 required=0
2024-09-19T08:06:09.284 INFO:teuthology.orchestra.run.smithi135.stdout:/usr/bin/ceph: stderr
2024-09-19T08:06:05.419+0000 7f2f4bfff640 1 --2- 172.21.15.135:0/2765848651 >> [v2:172.21.15.135:6800/3445151610,v1:172.21.15.135:6801/3445151610] conn(0x7f2f40039270 0x7f2f4003b730 secure :-1 s=READY pgs=11 cs=0 l=1 rev1=1 crypto rx=0x7f2f3c0098c0 tx=0x7f2f3c006db0 comp rx=0 tx=0).ready entity=mgr.14118 client_cookie=0 server_cookie=0 in_seq=0 out_seq=0
2024-09-19T08:06:09.284 INFO:teuthology.orchestra.run.smithi135.stdout:/usr/bin/ceph: stderr
2024-09-19T08:06:05.423+0000 7f2f51ffb640 1 -- 172.21.15.135:0/2765848651 <== mon.0 v2:172.21.15.135:3300/0 6 ==== mon_command_ack([{"prefix": "get_command_descriptions"}]=0 v0) ==== 72+0+188913 (secure 0 0 0) 0x7f2f4403d430 con 0x7f2f541063c0
2024-09-19T08:06:09.284 INFO:teuthology.orchestra.run.smithi135.stdout:/usr/bin/ceph: stderr
2024-09-19T08:06:05.590+0000 7f2f5a5dd640 1 -- 172.21.15.135:0/2765848651 --> [v2:172.21.15.135:6800/3445151610,v1:172.21.15.135:6801/3445151610] -- mgr_command(tid 0: {"prefix": "orch host add", "hostname": "smithi135", "addr": "172.21.15.135", "target": ["mon-mgr", ""]}) -- 0x7f2f34000bf0 con 0x7f2f40039270
2024-09-19T08:06:09.284 INFO:teuthology.orchestra.run.smithi135.stdout:/usr/bin/ceph: stderr
2024-09-19T08:06:08.734+0000 7f2f51ffb640 1 -- 172.21.15.135:0/2765848651 <== mgr.14118 v2:172.21.15.135:6800/3445151610 1 ==== mgr_command_reply(tid 0: 0 ) ==== 8+0+49 (secure 0 0 0) 0x7f2f34000bf0 con 0x7f2f40039270
2024-09-19T08:06:09.285 INFO:teuthology.orchestra.run.smithi135.stdout:/usr/bin/ceph: stderr
2024-09-19T08:06:08.737+0000 7f2f5a5dd640 1 -- 172.21.15.135:0/2765848651 >> [v2:172.21.15.135:6800/3445151610,v1:172.21.15.135:6801/3445151610] conn(0x7f2f40039270 msgr2=0x7f2f4003b730 secure :-1 s=STATE_CONNECTION_ESTABLISHED l=1).mark_down
2024-09-19T08:06:09.285 INFO:teuthology.orchestra.run.smithi135.stdout:/usr/bin/ceph: stderr
2024-09-19T08:06:08.737+0000 7f2f5a5dd640 1 --2- 172.21.15.135:0/2765848651 >> [v2:172.21.15.135:6800/3445151610,v1:172.21.15.135:6801/3445151610] conn(0x7f2f40039270 0x7f2f4003b730 secure :-1 s=READY pgs=11 cs=0 l=1 rev1=1 crypto rx=0x7f2f3c0098c0 tx=0x7f2f3c006db0 comp rx=0 tx=0).stop
2024-09-19T08:06:09.285 INFO:teuthology.orchestra.run.smithi135.stdout:/usr/bin/ceph: stderr
2024-09-19T08:06:08.737+0000 7f2f5a5dd640 1 -- 172.21.15.135:0/2765848651 >> [v2:172.21.15.135:3300/0,v1:172.21.15.135:6789/0] conn(0x7f2f541063c0 msgr2=0x7f2f5419d560 secure :-1 s=STATE_CONNECTION_ESTABLISHED l=1).mark_down
2024-09-19T08:06:09.285 INFO:teuthology.orchestra.run.smithi135.stdout:/usr/bin/ceph: stderr
2024-09-19T08:06:08.737+0000 7f2f5a5dd640 1 --2- 172.21.15.135:0/2765848651 >> [v2:172.21.15.135:3300/0,v1:172.21.15.135:6789/0] conn(0x7f2f541063c0 0x7f2f5419d560 secure :-1 s=READY pgs=44 cs=0 l=1 rev1=1 crypto rx=0x7f2f44009940 tx=0x7f2f44032e10 comp rx=0 tx=0).stop
2024-09-19T08:06:09.285 INFO:teuthology.orchestra.run.smithi135.stdout:/usr/bin/ceph: stderr
2024-09-19T08:06:08.737+0000 7f2f5a5dd640 1 -- 172.21.15.135:0/2765848651 shutdown_connections
2024-09-19T08:06:09.285 INFO:teuthology.orchestra.run.smithi135.stdout:/usr/bin/ceph: stderr
2024-09-19T08:06:08.737+0000 7f2f5a5dd640 1 --2- 172.21.15.135:0/2765848651 >> [v2:172.21.15.135:6800/3445151610,v1:172.21.15.135:6801/3445151610] conn(0x7f2f40039270 0x7f2f4003b730 unknown :-1 s=CLOSED pgs=11 cs=0 l=1 rev1=1 crypto rx=0 tx=0 comp rx=0 tx=0).stop
2024-09-19T08:06:09.285 INFO:teuthology.orchestra.run.smithi135.stdout:/usr/bin/ceph: stderr
2024-09-19T08:06:08.737+0000 7f2f5a5dd640 1 --2- 172.21.15.135:0/2765848651 >> [v2:172.21.15.135:3300/0,v1:172.21.15.135:6789/0] conn(0x7f2f541063c0 0x7f2f5419d560 unknown :-1 s=CLOSED pgs=44 cs=0 l=1 rev1=1 crypto rx=0 tx=0 comp rx=0 tx=0).stop
2024-09-19T08:06:09.285 INFO:teuthology.orchestra.run.smithi135.stdout:/usr/bin/ceph: stderr
2024-09-19T08:06:08.737+0000 7f2f5a5dd640 1 -- 172.21.15.135:0/2765848651 >> 172.21.15.135:0/2765848651 conn(0x7f2f54101b30 msgr2=0x7f2f54102940 unknown :-1 s=STATE_NONE l=0).mark_down
2024-09-19T08:06:09.285 INFO:teuthology.orchestra.run.smithi135.stdout:/usr/bin/ceph: stderr
2024-09-19T08:06:08.737+0000 7f2f5a5dd640 1 -- 172.21.15.135:0/2765848651 shutdown_connections
2024-09-19T08:06:09.285 INFO:teuthology.orchestra.run.smithi135.stdout:/usr/bin/ceph: stderr
2024-09-19T08:06:08.737+0000 7f2f5a5dd640 1 -- 172.21.15.135:0/2765848651 wait complete.
2024-09-19T08:06:09.285 INFO:teuthology.orchestra.run.smithi135.stdout:Deploying unmanaged mon service...
2024-09-19T08:06:09.977 INFO:journalctl@ceph.mon.a.smithi135.stdout:Sep 19 08:06:09 smithi135 ceph-mon[30940]: from='mgr.14118 172.21.15.135:0/3212994034' entity='mgr.x'
2024-09-19T08:06:09.978 INFO:journalctl@ceph.mon.a.smithi135.stdout:Sep 19 08:06:09 smithi135 ceph-mon[30940]: Added host smithi135
2024-09-19T08:06:09.978 INFO:journalctl@ceph.mon.a.smithi135.stdout:Sep 19 08:06:09 smithi135 ceph-mon[30940]: from='mgr.14118 172.21.15.135:0/3212994034' entity='mgr.x' cmd=[{"prefix": "config dump", "format": "json"}]: dispatch
2024-09-19T08:06:11.173 INFO:journalctl@ceph.mon.a.smithi135.stdout:Sep 19 08:06:10 smithi135 ceph-mon[30940]: from='client.14140 -' entity='client.admin' cmd=[{"prefix": "orch apply", "service_type": "mon", "unmanaged": true, "target": ["mon-mgr", ""]}]: dispatch
2024-09-19T08:06:11.173 INFO:journalctl@ceph.mon.a.smithi135.stdout:Sep 19 08:06:10 smithi135 ceph-mon[30940]: Saving service mon spec with placement count:5
2024-09-19T08:06:11.173 INFO:journalctl@ceph.mon.a.smithi135.stdout:Sep 19 08:06:10 smithi135 ceph-mon[30940]: from='mgr.14118 172.21.15.135:0/3212994034' entity='mgr.x'
2024-09-19T08:06:11.448 INFO:teuthology.orchestra.run.smithi135.stdout:/usr/bin/ceph: stdout Scheduled mon update...
2024-09-19T08:06:11.448 INFO:teuthology.orchestra.run.smithi135.stdout:/usr/bin/ceph: stderr
2024-09-19T08:06:09.699+0000 7f67ea2c9640 1 Processor -- start
2024-09-19T08:06:11.448 INFO:teuthology.orchestra.run.smithi135.stdout:/usr/bin/ceph: stderr
2024-09-19T08:06:09.699+0000 7f67ea2c9640 1 -- start start
2024-09-19T08:06:11.448 INFO:teuthology.orchestra.run.smithi135.stdout:/usr/bin/ceph: stderr
2024-09-19T08:06:09.699+0000 7f67ea2c9640 1 --2- >> [v2:172.21.15.135:3300/0,v1:172.21.15.135:6789/0] conn(0x7f67e4107570 0x7f67e4107970 unknown :-1 s=NONE pgs=0 cs=0 l=0 rev1=0 crypto rx=0 tx=0 comp rx=0 tx=0).connect
2024-09-19T08:06:11.449 INFO:teuthology.orchestra.run.smithi135.stdout:/usr/bin/ceph: stderr
2024-09-19T08:06:09.699+0000 7f67ea2c9640 1 -- --> [v2:172.21.15.135:3300/0,v1:172.21.15.135:6789/0] -- mon_getmap magic: 0 -- 0x7f67e4107f40 con 0x7f67e4107570
2024-09-19T08:06:11.449 INFO:teuthology.orchestra.run.smithi135.stdout:/usr/bin/ceph: stderr
2024-09-19T08:06:09.700+0000 7f67e3fff640 1 --2- >> [v2:172.21.15.135:3300/0,v1:172.21.15.135:6789/0] conn(0x7f67e4107570 0x7f67e4107970 unknown :-1 s=BANNER_CONNECTING pgs=0 cs=0 l=0 rev1=0 crypto rx=0 tx=0 comp rx=0 tx=0)._handle_peer_banner_payload supported=3 required=0
2024-09-19T08:06:11.449 INFO:teuthology.orchestra.run.smithi135.stdout:/usr/bin/ceph: stderr
2024-09-19T08:06:09.700+0000 7f67e3fff640 1 --2- >> [v2:172.21.15.135:3300/0,v1:172.21.15.135:6789/0] conn(0x7f67e4107570 0x7f67e4107970 unknown :-1 s=HELLO_CONNECTING pgs=0 cs=0 l=0 rev1=1 crypto rx=0 tx=0 comp rx=0 tx=0).handle_hello peer v2:172.21.15.135:3300/0 says I am v2:172.21.15.135:50076/0 (socket says 172.21.15.135:50076)
2024-09-19T08:06:11.449 INFO:teuthology.orchestra.run.smithi135.stdout:/usr/bin/ceph: stderr
2024-09-19T08:06:09.700+0000 7f67e3fff640 1 -- 172.21.15.135:0/1346987272 learned_addr learned my addr 172.21.15.135:0/1346987272 (peer_addr_for_me v2:172.21.15.135:0/0)
2024-09-19T08:06:11.449 INFO:teuthology.orchestra.run.smithi135.stdout:/usr/bin/ceph: stderr
2024-09-19T08:06:09.700+0000 7f67e3fff640 1 -- 172.21.15.135:0/1346987272 --> [v2:172.21.15.135:3300/0,v1:172.21.15.135:6789/0] -- mon_subscribe({config=0+,monmap=0+}) -- 0x7f67e4108770 con 0x7f67e4107570
2024-09-19T08:06:11.449 INFO:teuthology.orchestra.run.smithi135.stdout:/usr/bin/ceph: stderr
2024-09-19T08:06:09.701+0000 7f67e3fff640 1 --2- 172.21.15.135:0/1346987272 >> [v2:172.21.15.135:3300/0,v1:172.21.15.135:6789/0] conn(0x7f67e4107570 0x7f67e4107970 secure :-1 s=READY pgs=45 cs=0 l=1 rev1=1 crypto rx=0x7f67d4009820 tx=0x7f67d402a270 comp rx=0 tx=0).ready entity=mon.0 client_cookie=912a33130e57dcf0 server_cookie=0 in_seq=0 out_seq=0
2024-09-19T08:06:11.449 INFO:teuthology.orchestra.run.smithi135.stdout:/usr/bin/ceph: stderr
2024-09-19T08:06:09.701+0000 7f67e2ffd640 1 -- 172.21.15.135:0/1346987272 <== mon.0 v2:172.21.15.135:3300/0 1 ==== mon_map magic: 0 ==== 205+0+0 (secure 0 0 0) 0x7f67d4037070 con 0x7f67e4107570
2024-09-19T08:06:11.449 INFO:teuthology.orchestra.run.smithi135.stdout:/usr/bin/ceph: stderr
2024-09-19T08:06:09.701+0000 7f67e2ffd640 1 -- 172.21.15.135:0/1346987272 <== mon.0 v2:172.21.15.135:3300/0 2 ==== config(26 keys) ==== 1071+0+0 (secure 0 0 0) 0x7f67d40328d0 con 0x7f67e4107570
2024-09-19T08:06:11.449 INFO:teuthology.orchestra.run.smithi135.stdout:/usr/bin/ceph: stderr
2024-09-19T08:06:09.701+0000 7f67e2ffd640 1 -- 172.21.15.135:0/1346987272 <== mon.0 v2:172.21.15.135:3300/0 3 ==== mon_map magic: 0 ==== 205+0+0 (secure 0 0 0) 0x7f67d40307d0 con 0x7f67e4107570
2024-09-19T08:06:11.449 INFO:teuthology.orchestra.run.smithi135.stdout:/usr/bin/ceph: stderr
2024-09-19T08:06:09.701+0000 7f67ea2c9640 1 -- 172.21.15.135:0/1346987272 >> [v2:172.21.15.135:3300/0,v1:172.21.15.135:6789/0] conn(0x7f67e4107570 msgr2=0x7f67e4107970 secure :-1 s=STATE_CONNECTION_ESTABLISHED l=1).mark_down
2024-09-19T08:06:11.449 INFO:teuthology.orchestra.run.smithi135.stdout:/usr/bin/ceph: stderr
2024-09-19T08:06:09.701+0000 7f67ea2c9640 1 --2- 172.21.15.135:0/1346987272 >> [v2:172.21.15.135:3300/0,v1:172.21.15.135:6789/0] conn(0x7f67e4107570 0x7f67e4107970 secure :-1 s=READY pgs=45 cs=0 l=1 rev1=1 crypto rx=0x7f67d4009820 tx=0x7f67d402a270 comp rx=0 tx=0).stop
2024-09-19T08:06:11.449 INFO:teuthology.orchestra.run.smithi135.stdout:/usr/bin/ceph: stderr
2024-09-19T08:06:09.701+0000 7f67ea2c9640 1 -- 172.21.15.135:0/1346987272 shutdown_connections
2024-09-19T08:06:11.449 INFO:teuthology.orchestra.run.smithi135.stdout:/usr/bin/ceph: stderr
2024-09-19T08:06:09.701+0000 7f67ea2c9640 1 --2- 172.21.15.135:0/1346987272 >> [v2:172.21.15.135:3300/0,v1:172.21.15.135:6789/0] conn(0x7f67e4107570 0x7f67e4107970 unknown :-1 s=CLOSED pgs=45 cs=0 l=1 rev1=1 crypto rx=0 tx=0 comp rx=0 tx=0).stop
2024-09-19T08:06:11.450 INFO:teuthology.orchestra.run.smithi135.stdout:/usr/bin/ceph: stderr
2024-09-19T08:06:09.701+0000 7f67ea2c9640 1 -- 172.21.15.135:0/1346987272 >> 172.21.15.135:0/1346987272 conn(0x7f67e4102da0 msgr2=0x7f67e41051c0 unknown :-1 s=STATE_NONE l=0).mark_down
2024-09-19T08:06:11.450 INFO:teuthology.orchestra.run.smithi135.stdout:/usr/bin/ceph: stderr
2024-09-19T08:06:09.701+0000 7f67ea2c9640 1 -- 172.21.15.135:0/1346987272 shutdown_connections
2024-09-19T08:06:11.450 INFO:teuthology.orchestra.run.smithi135.stdout:/usr/bin/ceph: stderr
2024-09-19T08:06:09.702+0000 7f67ea2c9640 1 -- 172.21.15.135:0/1346987272 wait complete.
2024-09-19T08:06:11.450 INFO:teuthology.orchestra.run.smithi135.stdout:/usr/bin/ceph: stderr
2024-09-19T08:06:09.702+0000 7f67ea2c9640 1 Processor -- start
2024-09-19T08:06:11.450 INFO:teuthology.orchestra.run.smithi135.stdout:/usr/bin/ceph: stderr
2024-09-19T08:06:09.702+0000 7f67ea2c9640 1 -- start start
2024-09-19T08:06:11.450 INFO:teuthology.orchestra.run.smithi135.stdout:/usr/bin/ceph: stderr
2024-09-19T08:06:09.702+0000 7f67ea2c9640 1 --2- >> [v2:172.21.15.135:3300/0,v1:172.21.15.135:6789/0] conn(0x7f67e4107570 0x7f67e419b400 unknown :-1 s=NONE pgs=0 cs=0 l=1 rev1=0 crypto rx=0 tx=0 comp rx=0 tx=0).connect
2024-09-19T08:06:11.450 INFO:teuthology.orchestra.run.smithi135.stdout:/usr/bin/ceph: stderr
2024-09-19T08:06:09.702+0000 7f67ea2c9640 1 -- --> [v2:172.21.15.135:3300/0,v1:172.21.15.135:6789/0] -- mon_getmap magic: 0 -- 0x7f67e410bb20 con 0x7f67e4107570
2024-09-19T08:06:11.450 INFO:teuthology.orchestra.run.smithi135.stdout:/usr/bin/ceph: stderr
2024-09-19T08:06:09.703+0000 7f67e3fff640 1 --2- >> [v2:172.21.15.135:3300/0,v1:172.21.15.135:6789/0] conn(0x7f67e4107570 0x7f67e419b400 unknown :-1 s=BANNER_CONNECTING pgs=0 cs=0 l=1 rev1=0 crypto rx=0 tx=0 comp rx=0 tx=0)._handle_peer_banner_payload supported=3 required=0
2024-09-19T08:06:11.450 INFO:teuthology.orchestra.run.smithi135.stdout:/usr/bin/ceph: stderr
2024-09-19T08:06:09.703+0000 7f67e3fff640 1 --2- >> [v2:172.21.15.135:3300/0,v1:172.21.15.135:6789/0] conn(0x7f67e4107570 0x7f67e419b400 unknown :-1 s=HELLO_CONNECTING pgs=0 cs=0 l=1 rev1=1 crypto rx=0 tx=0 comp rx=0 tx=0).handle_hello peer v2:172.21.15.135:3300/0 says I am v2:172.21.15.135:50080/0 (socket says 172.21.15.135:50080)
2024-09-19T08:06:11.450 INFO:teuthology.orchestra.run.smithi135.stdout:/usr/bin/ceph: stderr
2024-09-19T08:06:09.703+0000 7f67e3fff640 1 -- 172.21.15.135:0/2305741069 learned_addr learned my addr 172.21.15.135:0/2305741069 (peer_addr_for_me v2:172.21.15.135:0/0)
2024-09-19T08:06:11.450 INFO:teuthology.orchestra.run.smithi135.stdout:/usr/bin/ceph: stderr
2024-09-19T08:06:09.703+0000 7f67e3fff640 1 -- 172.21.15.135:0/2305741069 --> [v2:172.21.15.135:3300/0,v1:172.21.15.135:6789/0] -- mon_subscribe({config=0+,monmap=0+}) -- 0x7f67e419b940 con 0x7f67e4107570
2024-09-19T08:06:11.450 INFO:teuthology.orchestra.run.smithi135.stdout:/usr/bin/ceph: stderr
2024-09-19T08:06:09.703+0000 7f67e3fff640 1 --2- 172.21.15.135:0/2305741069 >> [v2:172.21.15.135:3300/0,v1:172.21.15.135:6789/0] conn(0x7f67e4107570 0x7f67e419b400 secure :-1 s=READY pgs=46 cs=0 l=1 rev1=1 crypto rx=0x7f67d40097f0 tx=0x7f67d4030d00 comp rx=0 tx=0).ready entity=mon.0 client_cookie=0 server_cookie=0 in_seq=0 out_seq=0
2024-09-19T08:06:11.451 INFO:teuthology.orchestra.run.smithi135.stdout:/usr/bin/ceph: stderr
2024-09-19T08:06:09.703+0000 7f67e17fa640 1 -- 172.21.15.135:0/2305741069 <== mon.0 v2:172.21.15.135:3300/0 1 ==== mon_map magic: 0 ==== 205+0+0 (secure 0 0 0) 0x7f67d4037040 con 0x7f67e4107570
2024-09-19T08:06:11.451 INFO:teuthology.orchestra.run.smithi135.stdout:/usr/bin/ceph: stderr
2024-09-19T08:06:09.703+0000 7f67e17fa640 1 -- 172.21.15.135:0/2305741069 <== mon.0 v2:172.21.15.135:3300/0 2 ==== config(26 keys) ==== 1071+0+0 (secure 0 0 0) 0x7f67d4032bb0 con 0x7f67e4107570
2024-09-19T08:06:11.451 INFO:teuthology.orchestra.run.smithi135.stdout:/usr/bin/ceph: stderr
2024-09-19T08:06:09.703+0000 7f67e17fa640 1 -- 172.21.15.135:0/2305741069 <== mon.0 v2:172.21.15.135:3300/0 3 ==== mon_map magic: 0 ==== 205+0+0 (secure 0 0 0) 0x7f67d403a390 con 0x7f67e4107570
2024-09-19T08:06:11.451 INFO:teuthology.orchestra.run.smithi135.stdout:/usr/bin/ceph: stderr
2024-09-19T08:06:09.703+0000 7f67ea2c9640 1 -- 172.21.15.135:0/2305741069 --> [v2:172.21.15.135:3300/0,v1:172.21.15.135:6789/0] -- mon_subscribe({mgrmap=0+}) -- 0x7f67e419bbd0 con 0x7f67e4107570
2024-09-19T08:06:11.451 INFO:teuthology.orchestra.run.smithi135.stdout:/usr/bin/ceph: stderr
2024-09-19T08:06:09.703+0000 7f67ea2c9640 1 -- 172.21.15.135:0/2305741069 --> [v2:172.21.15.135:3300/0,v1:172.21.15.135:6789/0] -- mon_subscribe({osdmap=0}) -- 0x7f67e419e8c0 con 0x7f67e4107570
2024-09-19T08:06:11.451 INFO:teuthology.orchestra.run.smithi135.stdout:/usr/bin/ceph: stderr
2024-09-19T08:06:09.704+0000 7f67e17fa640 1 -- 172.21.15.135:0/2305741069 <== mon.0 v2:172.21.15.135:3300/0 4 ==== mgrmap(e 8) ==== 46461+0+0 (secure 0 0 0) 0x7f67d403b3f0 con 0x7f67e4107570
2024-09-19T08:06:11.451 INFO:teuthology.orchestra.run.smithi135.stdout:/usr/bin/ceph: stderr
2024-09-19T08:06:09.704+0000 7f67e17fa640 1 --2- 172.21.15.135:0/2305741069 >> [v2:172.21.15.135:6800/3445151610,v1:172.21.15.135:6801/3445151610] conn(0x7f67cc0392c0 0x7f67cc03b780 unknown :-1 s=NONE pgs=0 cs=0 l=1 rev1=0 crypto rx=0 tx=0 comp rx=0 tx=0).connect
2024-09-19T08:06:11.451 INFO:teuthology.orchestra.run.smithi135.stdout:/usr/bin/ceph: stderr
2024-09-19T08:06:09.704+0000 7f67ea2c9640 1 -- 172.21.15.135:0/2305741069 --> [v2:172.21.15.135:3300/0,v1:172.21.15.135:6789/0] -- mon_command({"prefix": "get_command_descriptions"} v 0) -- 0x7f67e41079f0 con 0x7f67e4107570
2024-09-19T08:06:11.451 INFO:teuthology.orchestra.run.smithi135.stdout:/usr/bin/ceph: stderr
2024-09-19T08:06:09.704+0000 7f67e17fa640 1 -- 172.21.15.135:0/2305741069 <== mon.0 v2:172.21.15.135:3300/0 5 ==== osd_map(2..2 src has 1..2) ==== 940+0+0 (secure 0 0 0) 0x7f67d406c480 con 0x7f67e4107570
2024-09-19T08:06:11.451 INFO:teuthology.orchestra.run.smithi135.stdout:/usr/bin/ceph: stderr
2024-09-19T08:06:09.704+0000 7f67e37fe640 1 --2- 172.21.15.135:0/2305741069 >> [v2:172.21.15.135:6800/3445151610,v1:172.21.15.135:6801/3445151610] conn(0x7f67cc0392c0 0x7f67cc03b780 unknown :-1 s=BANNER_CONNECTING pgs=0 cs=0 l=1 rev1=0 crypto rx=0 tx=0 comp rx=0 tx=0)._handle_peer_banner_payload supported=3 required=0
2024-09-19T08:06:11.451 INFO:teuthology.orchestra.run.smithi135.stdout:/usr/bin/ceph: stderr
2024-09-19T08:06:09.705+0000 7f67e37fe640 1 --2- 172.21.15.135:0/2305741069 >> [v2:172.21.15.135:6800/3445151610,v1:172.21.15.135:6801/3445151610] conn(0x7f67cc0392c0 0x7f67cc03b780 secure :-1 s=READY pgs=12 cs=0 l=1 rev1=1 crypto rx=0x7f67d80098c0 tx=0x7f67d8006db0 comp rx=0 tx=0).ready entity=mgr.14118 client_cookie=0 server_cookie=0 in_seq=0 out_seq=0
2024-09-19T08:06:11.452 INFO:teuthology.orchestra.run.smithi135.stdout:/usr/bin/ceph: stderr
2024-09-19T08:06:09.709+0000 7f67e17fa640 1 -- 172.21.15.135:0/2305741069 <== mon.0 v2:172.21.15.135:3300/0 6 ==== mon_command_ack([{"prefix": "get_command_descriptions"}]=0 v0) ==== 72+0+188913 (secure 0 0 0) 0x7f67d4032d60 con 0x7f67e4107570
2024-09-19T08:06:11.452 INFO:teuthology.orchestra.run.smithi135.stdout:/usr/bin/ceph: stderr
2024-09-19T08:06:09.894+0000 7f67ea2c9640 1 -- 172.21.15.135:0/2305741069 --> [v2:172.21.15.135:6800/3445151610,v1:172.21.15.135:6801/3445151610] -- mgr_command(tid 0: {"prefix": "orch apply", "service_type": "mon", "unmanaged": true, "target": ["mon-mgr", ""]}) -- 0x7f67e4103ea0 con 0x7f67cc0392c0
2024-09-19T08:06:11.452 INFO:teuthology.orchestra.run.smithi135.stdout:/usr/bin/ceph: stderr
2024-09-19T08:06:09.899+0000 7f67e17fa640 1 -- 172.21.15.135:0/2305741069 <== mgr.14118 v2:172.21.15.135:6800/3445151610 1 ==== mgr_command_reply(tid 0: 0 ) ==== 8+0+24 (secure 0 0 0) 0x7f67e4103ea0 con 0x7f67cc0392c0
2024-09-19T08:06:11.452 INFO:teuthology.orchestra.run.smithi135.stdout:/usr/bin/ceph: stderr
2024-09-19T08:06:09.902+0000 7f67ea2c9640 1 -- 172.21.15.135:0/2305741069 >> [v2:172.21.15.135:6800/3445151610,v1:172.21.15.135:6801/3445151610] conn(0x7f67cc0392c0 msgr2=0x7f67cc03b780 secure :-1 s=STATE_CONNECTION_ESTABLISHED l=1).mark_down
2024-09-19T08:06:11.452 INFO:teuthology.orchestra.run.smithi135.stdout:/usr/bin/ceph: stderr
2024-09-19T08:06:09.902+0000 7f67ea2c9640 1 --2- 172.21.15.135:0/2305741069 >> [v2:172.21.15.135:6800/3445151610,v1:172.21.15.135:6801/3445151610] conn(0x7f67cc0392c0 0x7f67cc03b780 secure :-1 s=READY pgs=12 cs=0 l=1 rev1=1 crypto rx=0x7f67d80098c0 tx=0x7f67d8006db0 comp rx=0 tx=0).stop
2024-09-19T08:06:11.452 INFO:teuthology.orchestra.run.smithi135.stdout:/usr/bin/ceph: stderr
2024-09-19T08:06:09.902+0000 7f67ea2c9640 1 -- 172.21.15.135:0/2305741069 >> [v2:172.21.15.135:3300/0,v1:172.21.15.135:6789/0] conn(0x7f67e4107570 msgr2=0x7f67e419b400 secure :-1 s=STATE_CONNECTION_ESTABLISHED l=1).mark_down
2024-09-19T08:06:11.452 INFO:teuthology.orchestra.run.smithi135.stdout:/usr/bin/ceph: stderr
2024-09-19T08:06:09.902+0000 7f67ea2c9640 1 --2- 172.21.15.135:0/2305741069 >> [v2:172.21.15.135:3300/0,v1:172.21.15.135:6789/0] conn(0x7f67e4107570 0x7f67e419b400 secure :-1 s=READY pgs=46 cs=0 l=1 rev1=1 crypto rx=0x7f67d40097f0 tx=0x7f67d4030d00 comp rx=0 tx=0).stop
2024-09-19T08:06:11.452 INFO:teuthology.orchestra.run.smithi135.stdout:/usr/bin/ceph: stderr
2024-09-19T08:06:09.902+0000 7f67ea2c9640 1 -- 172.21.15.135:0/2305741069 shutdown_connections
2024-09-19T08:06:11.452 INFO:teuthology.orchestra.run.smithi135.stdout:/usr/bin/ceph: stderr
2024-09-19T08:06:09.902+0000 7f67ea2c9640 1 --2- 172.21.15.135:0/2305741069 >> [v2:172.21.15.135:6800/3445151610,v1:172.21.15.135:6801/3445151610] conn(0x7f67cc0392c0 0x7f67cc03b780 unknown :-1 s=CLOSED pgs=12 cs=0 l=1 rev1=1 crypto rx=0 tx=0 comp rx=0 tx=0).stop
2024-09-19T08:06:11.452 INFO:teuthology.orchestra.run.smithi135.stdout:/usr/bin/ceph: stderr
2024-09-19T08:06:09.902+0000 7f67ea2c9640 1 --2- 172.21.15.135:0/2305741069 >> [v2:172.21.15.135:3300/0,v1:172.21.15.135:6789/0] conn(0x7f67e4107570 0x7f67e419b400 unknown :-1 s=CLOSED pgs=46 cs=0 l=1 rev1=1 crypto rx=0 tx=0 comp rx=0 tx=0).stop
2024-09-19T08:06:11.452 INFO:teuthology.orchestra.run.smithi135.stdout:/usr/bin/ceph: stderr
2024-09-19T08:06:09.902+0000 7f67ea2c9640 1 -- 172.21.15.135:0/2305741069 >> 172.21.15.135:0/2305741069 conn(0x7f67e4102da0 msgr2=0x7f67e4103790 unknown :-1 s=STATE_NONE l=0).mark_down
2024-09-19T08:06:11.452 INFO:teuthology.orchestra.run.smithi135.stdout:/usr/bin/ceph: stderr
2024-09-19T08:06:09.902+0000 7f67ea2c9640 1 -- 172.21.15.135:0/2305741069 shutdown_connections
2024-09-19T08:06:11.452 INFO:teuthology.orchestra.run.smithi135.stdout:/usr/bin/ceph: stderr
2024-09-19T08:06:09.902+0000 7f67ea2c9640 1 -- 172.21.15.135:0/2305741069 wait complete.
2024-09-19T08:06:11.452 INFO:teuthology.orchestra.run.smithi135.stdout:Deploying unmanaged mgr service...
