2024-09-19T08:35:26.366+0000 7fd6f0de4640 1 --2- 172.21.15.7:0/3445231473 >> [v2:172.21.15.7:3300/0,v1:172.21.15.7:6789/0] conn(0x7fd6ec1077d0 0x7fd6ec1995c0 secure :-1 s=READY pgs=21 cs=0 l=1 rev1=1 crypto rx=0x7fd6e0009940 tx=0x7fd6e0032ce0 comp rx=0 tx=0).ready entity=mon.0 client_cookie=0 server_cookie=0 in_seq=0 out_seq=0
2024-09-19T08:35:27.283 INFO:teuthology.orchestra.run.smithi007.stdout:/usr/bin/ceph: stderr
2024-09-19T08:35:26.366+0000 7fd6e9ffb640 1 -- 172.21.15.7:0/3445231473 <== mon.0 v2:172.21.15.7:3300/0 1 ==== mon_map magic: 0 ==== 205+0+0 (secure 0 0 0) 0x7fd6e0042070 con 0x7fd6ec1077d0
2024-09-19T08:35:27.283 INFO:teuthology.orchestra.run.smithi007.stdout:/usr/bin/ceph: stderr
2024-09-19T08:35:26.366+0000 7fd6e9ffb640 1 -- 172.21.15.7:0/3445231473 <== mon.0 v2:172.21.15.7:3300/0 2 ==== config(27 keys) ==== 1109+0+0 (secure 0 0 0) 0x7fd6e00308c0 con 0x7fd6ec1077d0
2024-09-19T08:35:27.283 INFO:teuthology.orchestra.run.smithi007.stdout:/usr/bin/ceph: stderr
2024-09-19T08:35:26.366+0000 7fd6f3048640 1 -- 172.21.15.7:0/3445231473 --> [v2:172.21.15.7:3300/0,v1:172.21.15.7:6789/0] -- mon_subscribe({mgrmap=0+}) -- 0x7fd6ec199d90 con 0x7fd6ec1077d0
2024-09-19T08:35:27.283 INFO:teuthology.orchestra.run.smithi007.stdout:/usr/bin/ceph: stderr
2024-09-19T08:35:26.366+0000 7fd6e9ffb640 1 -- 172.21.15.7:0/3445231473 <== mon.0 v2:172.21.15.7:3300/0 3 ==== mon_map magic: 0 ==== 205+0+0 (secure 0 0 0) 0x7fd6e0037040 con 0x7fd6ec1077d0
2024-09-19T08:35:27.284 INFO:teuthology.orchestra.run.smithi007.stdout:/usr/bin/ceph: stderr
2024-09-19T08:35:26.367+0000 7fd6f3048640 1 -- 172.21.15.7:0/3445231473 --> [v2:172.21.15.7:3300/0,v1:172.21.15.7:6789/0] -- mon_subscribe({osdmap=0}) -- 0x7fd6ec19ca80 con 0x7fd6ec1077d0
2024-09-19T08:35:27.284 INFO:teuthology.orchestra.run.smithi007.stdout:/usr/bin/ceph: stderr
2024-09-19T08:35:26.368+0000 7fd6e9ffb640 1 -- 172.21.15.7:0/3445231473 <== mon.0 v2:172.21.15.7:3300/0 4 ==== mgrmap(e 4) ==== 46450+0+0 (secure 0 0 0) 0x7fd6e0045070 con 0x7fd6ec1077d0
2024-09-19T08:35:27.284 INFO:teuthology.orchestra.run.smithi007.stdout:/usr/bin/ceph: stderr
2024-09-19T08:35:26.368+0000 7fd6f3048640 1 -- 172.21.15.7:0/3445231473 --> [v2:172.21.15.7:3300/0,v1:172.21.15.7:6789/0] -- mon_command({"prefix": "get_command_descriptions"} v 0) -- 0x7fd6ec107c50 con 0x7fd6ec1077d0
2024-09-19T08:35:27.284 INFO:teuthology.orchestra.run.smithi007.stdout:/usr/bin/ceph: stderr
2024-09-19T08:35:26.368+0000 7fd6e9ffb640 1 --2- 172.21.15.7:0/3445231473 >> [v2:172.21.15.7:6800/1689067491,v1:172.21.15.7:6801/1689067491] conn(0x7fd6dc03d610 0x7fd6dc03fad0 unknown :-1 s=NONE pgs=0 cs=0 l=1 rev1=0 crypto rx=0 tx=0 comp rx=0 tx=0).connect
2024-09-19T08:35:27.284 INFO:teuthology.orchestra.run.smithi007.stdout:/usr/bin/ceph: stderr
2024-09-19T08:35:26.368+0000 7fd6e9ffb640 1 -- 172.21.15.7:0/3445231473 <== mon.0 v2:172.21.15.7:3300/0 5 ==== osd_map(1..1 src has 1..1) ==== 725+0+0 (secure 0 0 0) 0x7fd6e006c140 con 0x7fd6ec1077d0
2024-09-19T08:35:27.284 INFO:teuthology.orchestra.run.smithi007.stdout:/usr/bin/ceph: stderr
2024-09-19T08:35:26.368+0000 7fd6ebfff640 1 --2- 172.21.15.7:0/3445231473 >> [v2:172.21.15.7:6800/1689067491,v1:172.21.15.7:6801/1689067491] conn(0x7fd6dc03d610 0x7fd6dc03fad0 unknown :-1 s=BANNER_CONNECTING pgs=0 cs=0 l=1 rev1=0 crypto rx=0 tx=0 comp rx=0 tx=0)._handle_peer_banner_payload supported=3 required=0
2024-09-19T08:35:27.284 INFO:teuthology.orchestra.run.smithi007.stdout:/usr/bin/ceph: stderr
2024-09-19T08:35:26.369+0000 7fd6ebfff640 1 --2- 172.21.15.7:0/3445231473 >> [v2:172.21.15.7:6800/1689067491,v1:172.21.15.7:6801/1689067491] conn(0x7fd6dc03d610 0x7fd6dc03fad0 secure :-1 s=READY pgs=8 cs=0 l=1 rev1=1 crypto rx=0x7fd6d80098c0 tx=0x7fd6d8006db0 comp rx=0 tx=0).ready entity=mgr.14100 client_cookie=0 server_cookie=0 in_seq=0 out_seq=0
2024-09-19T08:35:27.284 INFO:teuthology.orchestra.run.smithi007.stdout:/usr/bin/ceph: stderr
2024-09-19T08:35:26.373+0000 7fd6e9ffb640 1 -- 172.21.15.7:0/3445231473 <== mon.0 v2:172.21.15.7:3300/0 6 ==== mon_command_ack([{"prefix": "get_command_descriptions"}]=0 v0) ==== 72+0+188913 (secure 0 0 0) 0x7fd6e004b170 con 0x7fd6ec1077d0
2024-09-19T08:35:27.284 INFO:teuthology.orchestra.run.smithi007.stdout:/usr/bin/ceph: stderr
2024-09-19T08:35:26.595+0000 7fd6f3048640 1 -- 172.21.15.7:0/3445231473 --> [v2:172.21.15.7:3300/0,v1:172.21.15.7:6789/0] -- mon_command({"prefix": "mgr module enable", "module": "cephadm"} v 0) -- 0x7fd6ec02da40 con 0x7fd6ec1077d0
2024-09-19T08:35:27.284 INFO:teuthology.orchestra.run.smithi007.stdout:/usr/bin/ceph: stderr
2024-09-19T08:35:26.647+0000 7fd6e9ffb640 1 -- 172.21.15.7:0/3445231473 <== mon.0 v2:172.21.15.7:3300/0 7 ==== mon_command_ack([{"prefix": "mgr module enable", "module": "cephadm"}]=0 v5) ==== 86+0+0 (secure 0 0 0) 0x7fd6e002fd90 con 0x7fd6ec1077d0
2024-09-19T08:35:27.284 INFO:teuthology.orchestra.run.smithi007.stdout:/usr/bin/ceph: stderr
2024-09-19T08:35:26.648+0000 7fd6e9ffb640 1 -- 172.21.15.7:0/3445231473 <== mon.0 v2:172.21.15.7:3300/0 8 ==== mgrmap(e 5) ==== 46461+0+0 (secure 0 0 0) 0x7fd6e00327b0 con 0x7fd6ec1077d0
2024-09-19T08:35:27.284 INFO:teuthology.orchestra.run.smithi007.stdout:/usr/bin/ceph: stderr
2024-09-19T08:35:26.649+0000 7fd6f3048640 1 -- 172.21.15.7:0/3445231473 >> [v2:172.21.15.7:6800/1689067491,v1:172.21.15.7:6801/1689067491] conn(0x7fd6dc03d610 msgr2=0x7fd6dc03fad0 secure :-1 s=STATE_CONNECTION_ESTABLISHED l=1).mark_down
2024-09-19T08:35:27.285 INFO:teuthology.orchestra.run.smithi007.stdout:/usr/bin/ceph: stderr
2024-09-19T08:35:26.649+0000 7fd6f3048640 1 --2- 172.21.15.7:0/3445231473 >> [v2:172.21.15.7:6800/1689067491,v1:172.21.15.7:6801/1689067491] conn(0x7fd6dc03d610 0x7fd6dc03fad0 secure :-1 s=READY pgs=8 cs=0 l=1 rev1=1 crypto rx=0x7fd6d80098c0 tx=0x7fd6d8006db0 comp rx=0 tx=0).stop
2024-09-19T08:35:27.285 INFO:teuthology.orchestra.run.smithi007.stdout:/usr/bin/ceph: stderr
2024-09-19T08:35:26.649+0000 7fd6f3048640 1 -- 172.21.15.7:0/3445231473 >> [v2:172.21.15.7:3300/0,v1:172.21.15.7:6789/0] conn(0x7fd6ec1077d0 msgr2=0x7fd6ec1995c0 secure :-1 s=STATE_CONNECTION_ESTABLISHED l=1).mark_down
2024-09-19T08:35:27.285 INFO:teuthology.orchestra.run.smithi007.stdout:/usr/bin/ceph: stderr
2024-09-19T08:35:26.649+0000 7fd6f3048640 1 --2- 172.21.15.7:0/3445231473 >> [v2:172.21.15.7:3300/0,v1:172.21.15.7:6789/0] conn(0x7fd6ec1077d0 0x7fd6ec1995c0 secure :-1 s=READY pgs=21 cs=0 l=1 rev1=1 crypto rx=0x7fd6e0009940 tx=0x7fd6e0032ce0 comp rx=0 tx=0).stop
2024-09-19T08:35:27.285 INFO:teuthology.orchestra.run.smithi007.stdout:/usr/bin/ceph: stderr
2024-09-19T08:35:26.650+0000 7fd6f3048640 1 -- 172.21.15.7:0/3445231473 shutdown_connections
2024-09-19T08:35:27.285 INFO:teuthology.orchestra.run.smithi007.stdout:/usr/bin/ceph: stderr
2024-09-19T08:35:26.650+0000 7fd6f3048640 1 --2- 172.21.15.7:0/3445231473 >> [v2:172.21.15.7:6800/1689067491,v1:172.21.15.7:6801/1689067491] conn(0x7fd6dc03d610 0x7fd6dc03fad0 unknown :-1 s=CLOSED pgs=8 cs=0 l=1 rev1=1 crypto rx=0 tx=0 comp rx=0 tx=0).stop
2024-09-19T08:35:27.285 INFO:teuthology.orchestra.run.smithi007.stdout:/usr/bin/ceph: stderr
2024-09-19T08:35:26.650+0000 7fd6f3048640 1 --2- 172.21.15.7:0/3445231473 >> [v2:172.21.15.7:3300/0,v1:172.21.15.7:6789/0] conn(0x7fd6ec1077d0 0x7fd6ec1995c0 unknown :-1 s=CLOSED pgs=21 cs=0 l=1 rev1=1 crypto rx=0 tx=0 comp rx=0 tx=0).stop
2024-09-19T08:35:27.285 INFO:teuthology.orchestra.run.smithi007.stdout:/usr/bin/ceph: stderr
2024-09-19T08:35:26.650+0000 7fd6f3048640 1 -- 172.21.15.7:0/3445231473 >> 172.21.15.7:0/3445231473 conn(0x7fd6ec102f60 msgr2=0x7fd6ec1041f0 unknown :-1 s=STATE_NONE l=0).mark_down
2024-09-19T08:35:27.285 INFO:teuthology.orchestra.run.smithi007.stdout:/usr/bin/ceph: stderr
2024-09-19T08:35:26.650+0000 7fd6f3048640 1 -- 172.21.15.7:0/3445231473 shutdown_connections
2024-09-19T08:35:27.285 INFO:teuthology.orchestra.run.smithi007.stdout:/usr/bin/ceph: stderr
2024-09-19T08:35:26.650+0000 7fd6f3048640 1 -- 172.21.15.7:0/3445231473 wait complete.
2024-09-19T08:35:27.524 INFO:journalctl@ceph.mgr.x.smithi007.stdout:Sep 19 08:35:27 smithi007 ceph-ebd23124-7661-11ef-bceb-c7b262605968-mgr-x[31445]:
2024-09-19T08:35:27.386+0000 7f0b8eac0040 -1 mgr[py] Module snap_schedule has missing NOTIFY_TYPES member
2024-09-19T08:35:27.783 INFO:journalctl@ceph.mon.a.smithi007.stdout:Sep 19 08:35:27 smithi007 ceph-mon[31221]: from='client.? 172.21.15.7:0/3445231473' entity='client.admin' cmd='[{"prefix": "mgr module enable", "module": "cephadm"}]': finished
2024-09-19T08:35:27.783 INFO:journalctl@ceph.mon.a.smithi007.stdout:Sep 19 08:35:27 smithi007 ceph-mon[31221]: mgrmap e5: x(active, since 12s)
2024-09-19T08:35:27.783 INFO:journalctl@ceph.mgr.x.smithi007.stdout:Sep 19 08:35:27 smithi007 ceph-ebd23124-7661-11ef-bceb-c7b262605968-mgr-x[31445]:
2024-09-19T08:35:27.721+0000 7f0b8eac0040 -1 mgr[py] Module prometheus has missing NOTIFY_TYPES member
2024-09-19T08:35:28.247 INFO:journalctl@ceph.mgr.x.smithi007.stdout:Sep 19 08:35:27 smithi007 ceph-ebd23124-7661-11ef-bceb-c7b262605968-mgr-x[31445]:
2024-09-19T08:35:27.785+0000 7f0b8eac0040 -1 mgr[py] Module selftest has missing NOTIFY_TYPES member
2024-09-19T08:35:28.247 INFO:journalctl@ceph.mgr.x.smithi007.stdout:Sep 19 08:35:27 smithi007 ceph-ebd23124-7661-11ef-bceb-c7b262605968-mgr-x[31445]:
2024-09-19T08:35:27.983+0000 7f0b8eac0040 -1 mgr[py] Module volumes has missing NOTIFY_TYPES member
2024-09-19T08:35:28.513 INFO:teuthology.orchestra.run.smithi007.stdout:/usr/bin/ceph: stdout {
2024-09-19T08:35:28.514 INFO:teuthology.orchestra.run.smithi007.stdout:/usr/bin/ceph: stdout "epoch": 5,
2024-09-19T08:35:28.514 INFO:teuthology.orchestra.run.smithi007.stdout:/usr/bin/ceph: stdout "available": true,
2024-09-19T08:35:28.514 INFO:teuthology.orchestra.run.smithi007.stdout:/usr/bin/ceph: stdout "active_name": "x",
2024-09-19T08:35:28.514 INFO:teuthology.orchestra.run.smithi007.stdout:/usr/bin/ceph: stdout "num_standby": 0
2024-09-19T08:35:28.514 INFO:teuthology.orchestra.run.smithi007.stdout:/usr/bin/ceph: stdout }
2024-09-19T08:35:28.514 INFO:teuthology.orchestra.run.smithi007.stdout:/usr/bin/ceph: stderr
2024-09-19T08:35:27.706+0000 7fcfa6760640 1 Processor -- start
2024-09-19T08:35:28.514 INFO:teuthology.orchestra.run.smithi007.stdout:/usr/bin/ceph: stderr
2024-09-19T08:35:27.706+0000 7fcfa6760640 1 -- start start
2024-09-19T08:35:28.514 INFO:teuthology.orchestra.run.smithi007.stdout:/usr/bin/ceph: stderr
2024-09-19T08:35:27.707+0000 7fcfa6760640 1 --2- >> [v2:172.21.15.7:3300/0,v1:172.21.15.7:6789/0] conn(0x7fcfa01066d0 0x7fcfa0106ad0 unknown :-1 s=NONE pgs=0 cs=0 l=0 rev1=0 crypto rx=0 tx=0 comp rx=0 tx=0).connect
2024-09-19T08:35:28.514 INFO:teuthology.orchestra.run.smithi007.stdout:/usr/bin/ceph: stderr
2024-09-19T08:35:27.707+0000 7fcfa6760640 1 -- --> [v2:172.21.15.7:3300/0,v1:172.21.15.7:6789/0] -- mon_getmap magic: 0 -- 0x7fcfa01070a0 con 0x7fcfa01066d0
2024-09-19T08:35:28.514 INFO:teuthology.orchestra.run.smithi007.stdout:/usr/bin/ceph: stderr
2024-09-19T08:35:27.707+0000 7fcf9ffff640 1 --2- >> [v2:172.21.15.7:3300/0,v1:172.21.15.7:6789/0] conn(0x7fcfa01066d0 0x7fcfa0106ad0 unknown :-1 s=BANNER_CONNECTING pgs=0 cs=0 l=0 rev1=0 crypto rx=0 tx=0 comp rx=0 tx=0)._handle_peer_banner_payload supported=3 required=0
2024-09-19T08:35:28.514 INFO:teuthology.orchestra.run.smithi007.stdout:/usr/bin/ceph: stderr
2024-09-19T08:35:27.707+0000 7fcf9ffff640 1 --2- >> [v2:172.21.15.7:3300/0,v1:172.21.15.7:6789/0] conn(0x7fcfa01066d0 0x7fcfa0106ad0 unknown :-1 s=HELLO_CONNECTING pgs=0 cs=0 l=0 rev1=1 crypto rx=0 tx=0 comp rx=0 tx=0).handle_hello peer v2:172.21.15.7:3300/0 says I am v2:172.21.15.7:34180/0 (socket says 172.21.15.7:34180)
2024-09-19T08:35:28.515 INFO:teuthology.orchestra.run.smithi007.stdout:/usr/bin/ceph: stderr
2024-09-19T08:35:27.707+0000 7fcf9ffff640 1 -- 172.21.15.7:0/2885912011 learned_addr learned my addr 172.21.15.7:0/2885912011 (peer_addr_for_me v2:172.21.15.7:0/0)
2024-09-19T08:35:28.515 INFO:teuthology.orchestra.run.smithi007.stdout:/usr/bin/ceph: stderr
2024-09-19T08:35:27.707+0000 7fcf9ffff640 1 -- 172.21.15.7:0/2885912011 --> [v2:172.21.15.7:3300/0,v1:172.21.15.7:6789/0] -- mon_subscribe({config=0+,monmap=0+}) -- 0x7fcfa01078d0 con 0x7fcfa01066d0
2024-09-19T08:35:28.515 INFO:teuthology.orchestra.run.smithi007.stdout:/usr/bin/ceph: stderr
2024-09-19T08:35:27.708+0000 7fcf9ffff640 1 --2- 172.21.15.7:0/2885912011 >> [v2:172.21.15.7:3300/0,v1:172.21.15.7:6789/0] conn(0x7fcfa01066d0 0x7fcfa0106ad0 secure :-1 s=READY pgs=24 cs=0 l=1 rev1=1 crypto rx=0x7fcf90009820 tx=0x7fcf9002a270 comp rx=0 tx=0).ready entity=mon.0 client_cookie=53dea36aabfc18e9 server_cookie=0 in_seq=0 out_seq=0
2024-09-19T08:35:28.515 INFO:teuthology.orchestra.run.smithi007.stdout:/usr/bin/ceph: stderr
2024-09-19T08:35:27.708+0000 7fcf9f7fe640 1 -- 172.21.15.7:0/2885912011 <== mon.0 v2:172.21.15.7:3300/0 1 ==== mon_map magic: 0 ==== 205+0+0 (secure 0 0 0) 0x7fcf90037070 con 0x7fcfa01066d0
2024-09-19T08:35:28.515 INFO:teuthology.orchestra.run.smithi007.stdout:/usr/bin/ceph: stderr
2024-09-19T08:35:27.708+0000 7fcf9f7fe640 1 -- 172.21.15.7:0/2885912011 <== mon.0 v2:172.21.15.7:3300/0 2 ==== config(27 keys) ==== 1109+0+0 (secure 0 0 0) 0x7fcf90032900 con 0x7fcfa01066d0
2024-09-19T08:35:28.516 INFO:teuthology.orchestra.run.smithi007.stdout:/usr/bin/ceph: stderr
2024-09-19T08:35:27.708+0000 7fcf9f7fe640 1 -- 172.21.15.7:0/2885912011 <== mon.0 v2:172.21.15.7:3300/0 3 ==== mon_map magic: 0 ==== 205+0+0 (secure 0 0 0) 0x7fcf90030850 con 0x7fcfa01066d0
2024-09-19T08:35:28.516 INFO:teuthology.orchestra.run.smithi007.stdout:/usr/bin/ceph: stderr
2024-09-19T08:35:27.709+0000 7fcfa6760640 1 -- 172.21.15.7:0/2885912011 >> [v2:172.21.15.7:3300/0,v1:172.21.15.7:6789/0] conn(0x7fcfa01066d0 msgr2=0x7fcfa0106ad0 secure :-1 s=STATE_CONNECTION_ESTABLISHED l=1).mark_down
2024-09-19T08:35:28.516 INFO:teuthology.orchestra.run.smithi007.stdout:/usr/bin/ceph: stderr
2024-09-19T08:35:27.709+0000 7fcfa6760640 1 --2- 172.21.15.7:0/2885912011 >> [v2:172.21.15.7:3300/0,v1:172.21.15.7:6789/0] conn(0x7fcfa01066d0 0x7fcfa0106ad0 secure :-1 s=READY pgs=24 cs=0 l=1 rev1=1 crypto rx=0x7fcf90009820 tx=0x7fcf9002a270 comp rx=0 tx=0).stop
2024-09-19T08:35:28.516 INFO:teuthology.orchestra.run.smithi007.stdout:/usr/bin/ceph: stderr
2024-09-19T08:35:27.709+0000 7fcfa6760640 1 -- 172.21.15.7:0/2885912011 shutdown_connections
2024-09-19T08:35:28.516 INFO:teuthology.orchestra.run.smithi007.stdout:/usr/bin/ceph: stderr
2024-09-19T08:35:27.709+0000 7fcfa6760640 1 --2- 172.21.15.7:0/2885912011 >> [v2:172.21.15.7:3300/0,v1:172.21.15.7:6789/0] conn(0x7fcfa01066d0 0x7fcfa0106ad0 unknown :-1 s=CLOSED pgs=24 cs=0 l=1 rev1=1 crypto rx=0 tx=0 comp rx=0 tx=0).stop
2024-09-19T08:35:28.516 INFO:teuthology.orchestra.run.smithi007.stdout:/usr/bin/ceph: stderr
2024-09-19T08:35:27.709+0000 7fcfa6760640 1 -- 172.21.15.7:0/2885912011 >> 172.21.15.7:0/2885912011 conn(0x7fcfa0101e60 msgr2=0x7fcfa01042a0 unknown :-1 s=STATE_NONE l=0).mark_down
2024-09-19T08:35:28.516 INFO:teuthology.orchestra.run.smithi007.stdout:/usr/bin/ceph: stderr
2024-09-19T08:35:27.709+0000 7fcfa6760640 1 -- 172.21.15.7:0/2885912011 shutdown_connections
2024-09-19T08:35:28.516 INFO:teuthology.orchestra.run.smithi007.stdout:/usr/bin/ceph: stderr
2024-09-19T08:35:27.709+0000 7fcfa6760640 1 -- 172.21.15.7:0/2885912011 wait complete.
2024-09-19T08:35:28.516 INFO:teuthology.orchestra.run.smithi007.stdout:/usr/bin/ceph: stderr
2024-09-19T08:35:27.709+0000 7fcfa6760640 1 Processor -- start
2024-09-19T08:35:28.516 INFO:teuthology.orchestra.run.smithi007.stdout:/usr/bin/ceph: stderr
2024-09-19T08:35:27.709+0000 7fcfa6760640 1 -- start start
2024-09-19T08:35:28.516 INFO:teuthology.orchestra.run.smithi007.stdout:/usr/bin/ceph: stderr
2024-09-19T08:35:27.710+0000 7fcfa6760640 1 --2- >> [v2:172.21.15.7:3300/0,v1:172.21.15.7:6789/0] conn(0x7fcfa01066d0 0x7fcfa0191890 unknown :-1 s=NONE pgs=0 cs=0 l=1 rev1=0 crypto rx=0 tx=0 comp rx=0 tx=0).connect
2024-09-19T08:35:28.516 INFO:teuthology.orchestra.run.smithi007.stdout:/usr/bin/ceph: stderr
2024-09-19T08:35:27.710+0000 7fcfa6760640 1 -- --> [v2:172.21.15.7:3300/0,v1:172.21.15.7:6789/0] -- mon_getmap magic: 0 -- 0x7fcfa010ac80 con 0x7fcfa01066d0
2024-09-19T08:35:28.516 INFO:teuthology.orchestra.run.smithi007.stdout:/usr/bin/ceph: stderr
2024-09-19T08:35:27.710+0000 7fcf9ffff640 1 --2- >> [v2:172.21.15.7:3300/0,v1:172.21.15.7:6789/0] conn(0x7fcfa01066d0 0x7fcfa0191890 unknown :-1 s=BANNER_CONNECTING pgs=0 cs=0 l=1 rev1=0 crypto rx=0 tx=0 comp rx=0 tx=0)._handle_peer_banner_payload supported=3 required=0
2024-09-19T08:35:28.517 INFO:teuthology.orchestra.run.smithi007.stdout:/usr/bin/ceph: stderr
2024-09-19T08:35:27.710+0000 7fcf9ffff640 1 --2- >> [v2:172.21.15.7:3300/0,v1:172.21.15.7:6789/0] conn(0x7fcfa01066d0 0x7fcfa0191890 unknown :-1 s=HELLO_CONNECTING pgs=0 cs=0 l=1 rev1=1 crypto rx=0 tx=0 comp rx=0 tx=0).handle_hello peer v2:172.21.15.7:3300/0 says I am v2:172.21.15.7:34184/0 (socket says 172.21.15.7:34184)
2024-09-19T08:35:28.517 INFO:teuthology.orchestra.run.smithi007.stdout:/usr/bin/ceph: stderr
2024-09-19T08:35:27.710+0000 7fcf9ffff640 1 -- 172.21.15.7:0/3883694384 learned_addr learned my addr 172.21.15.7:0/3883694384 (peer_addr_for_me v2:172.21.15.7:0/0)
2024-09-19T08:35:28.517 INFO:teuthology.orchestra.run.smithi007.stdout:/usr/bin/ceph: stderr
2024-09-19T08:35:27.710+0000 7fcf9ffff640 1 -- 172.21.15.7:0/3883694384 --> [v2:172.21.15.7:3300/0,v1:172.21.15.7:6789/0] -- mon_subscribe({config=0+,monmap=0+}) -- 0x7fcfa0191dd0 con 0x7fcfa01066d0
2024-09-19T08:35:28.517 INFO:teuthology.orchestra.run.smithi007.stdout:/usr/bin/ceph: stderr
2024-09-19T08:35:27.710+0000 7fcf9ffff640 1 --2- 172.21.15.7:0/3883694384 >> [v2:172.21.15.7:3300/0,v1:172.21.15.7:6789/0] conn(0x7fcfa01066d0 0x7fcfa0191890 secure :-1 s=READY pgs=25 cs=0 l=1 rev1=1 crypto rx=0x7fcf90009940 tx=0x7fcf90032ce0 comp rx=0 tx=0).ready entity=mon.0 client_cookie=0 server_cookie=0 in_seq=0 out_seq=0
2024-09-19T08:35:28.517 INFO:teuthology.orchestra.run.smithi007.stdout:/usr/bin/ceph: stderr
2024-09-19T08:35:27.710+0000 7fcf9dffb640 1 -- 172.21.15.7:0/3883694384 <== mon.0 v2:172.21.15.7:3300/0 1 ==== mon_map magic: 0 ==== 205+0+0 (secure 0 0 0) 0x7fcf90042070 con 0x7fcfa01066d0
2024-09-19T08:35:28.517 INFO:teuthology.orchestra.run.smithi007.stdout:/usr/bin/ceph: stderr
2024-09-19T08:35:27.710+0000 7fcf9dffb640 1 -- 172.21.15.7:0/3883694384 <== mon.0 v2:172.21.15.7:3300/0 2 ==== config(27 keys) ==== 1109+0+0 (secure 0 0 0) 0x7fcf900308c0 con 0x7fcfa01066d0
2024-09-19T08:35:28.517 INFO:teuthology.orchestra.run.smithi007.stdout:/usr/bin/ceph: stderr
2024-09-19T08:35:27.710+0000 7fcfa6760640 1 -- 172.21.15.7:0/3883694384 --> [v2:172.21.15.7:3300/0,v1:172.21.15.7:6789/0] -- mon_subscribe({mgrmap=0+}) -- 0x7fcfa018ffc0 con 0x7fcfa01066d0
2024-09-19T08:35:28.517 INFO:teuthology.orchestra.run.smithi007.stdout:/usr/bin/ceph: stderr
2024-09-19T08:35:27.710+0000 7fcf9dffb640 1 -- 172.21.15.7:0/3883694384 <== mon.0 v2:172.21.15.7:3300/0 3 ==== mon_map magic: 0 ==== 205+0+0 (secure 0 0 0) 0x7fcf90037040 con 0x7fcfa01066d0
2024-09-19T08:35:28.517 INFO:teuthology.orchestra.run.smithi007.stdout:/usr/bin/ceph: stderr
2024-09-19T08:35:27.710+0000 7fcfa6760640 1 -- 172.21.15.7:0/3883694384 --> [v2:172.21.15.7:3300/0,v1:172.21.15.7:6789/0] -- mon_subscribe({osdmap=0}) -- 0x7fcfa0190500 con 0x7fcfa01066d0
2024-09-19T08:35:28.517 INFO:teuthology.orchestra.run.smithi007.stdout:/usr/bin/ceph: stderr
2024-09-19T08:35:27.711+0000 7fcf9dffb640 1 -- 172.21.15.7:0/3883694384 <== mon.0 v2:172.21.15.7:3300/0 4 ==== mgrmap(e 5) ==== 46461+0+0 (secure 0 0 0) 0x7fcf90045070 con 0x7fcfa01066d0
2024-09-19T08:35:28.517 INFO:teuthology.orchestra.run.smithi007.stdout:/usr/bin/ceph: stderr
2024-09-19T08:35:27.711+0000 7fcfa6760640 1 -- 172.21.15.7:0/3883694384 --> [v2:172.21.15.7:3300/0,v1:172.21.15.7:6789/0] -- mon_command({"prefix": "get_command_descriptions"} v 0) -- 0x7fcfa0106b50 con 0x7fcfa01066d0
2024-09-19T08:35:28.517 INFO:teuthology.orchestra.run.smithi007.stdout:/usr/bin/ceph: stderr
2024-09-19T08:35:27.711+0000 7fcf9dffb640 1 --2- 172.21.15.7:0/3883694384 >> [v2:172.21.15.7:6800/1689067491,v1:172.21.15.7:6801/1689067491] conn(0x7fcf8c039200 0x7fcf8c03b6c0 unknown :-1 s=NONE pgs=0 cs=0 l=1 rev1=0 crypto rx=0 tx=0 comp rx=0 tx=0).connect
2024-09-19T08:35:28.517 INFO:teuthology.orchestra.run.smithi007.stdout:/usr/bin/ceph: stderr
2024-09-19T08:35:27.712+0000 7fcf9dffb640 1 -- 172.21.15.7:0/3883694384 <== mon.0 v2:172.21.15.7:3300/0 5 ==== osd_map(1..1 src has 1..1) ==== 725+0+0 (secure 0 0 0) 0x7fcf9006c490 con 0x7fcfa01066d0
2024-09-19T08:35:28.518 INFO:teuthology.orchestra.run.smithi007.stdout:/usr/bin/ceph: stderr
2024-09-19T08:35:27.712+0000 7fcf97fff640 1 -- 172.21.15.7:0/3883694384 >> [v2:172.21.15.7:6800/1689067491,v1:172.21.15.7:6801/1689067491] conn(0x7fcf8c039200 msgr2=0x7fcf8c03b6c0 unknown :-1 s=STATE_CONNECTING_RE l=1).process reconnect failed to v2:172.21.15.7:6800/1689067491
2024-09-19T08:35:28.518 INFO:teuthology.orchestra.run.smithi007.stdout:/usr/bin/ceph: stderr
2024-09-19T08:35:27.712+0000 7fcf97fff640 1 --2- 172.21.15.7:0/3883694384 >> [v2:172.21.15.7:6800/1689067491,v1:172.21.15.7:6801/1689067491] conn(0x7fcf8c039200 0x7fcf8c03b6c0 unknown :-1 s=START_CONNECT pgs=0 cs=0 l=1 rev1=0 crypto rx=0 tx=0 comp rx=0 tx=0)._fault waiting 0.200000
2024-09-19T08:35:28.518 INFO:teuthology.orchestra.run.smithi007.stdout:/usr/bin/ceph: stderr
2024-09-19T08:35:27.716+0000 7fcf9dffb640 1 -- 172.21.15.7:0/3883694384 <== mon.0 v2:172.21.15.7:3300/0 6 ==== mon_command_ack([{"prefix": "get_command_descriptions"}]=0 v0) ==== 72+0+188913 (secure 0 0 0) 0x7fcf90045360 con 0x7fcfa01066d0
2024-09-19T08:35:28.518 INFO:teuthology.orchestra.run.smithi007.stdout:/usr/bin/ceph: stderr
2024-09-19T08:35:27.913+0000 7fcf97fff640 1 -- 172.21.15.7:0/3883694384 >> [v2:172.21.15.7:6800/1689067491,v1:172.21.15.7:6801/1689067491] conn(0x7fcf8c039200 msgr2=0x7fcf8c03b6c0 unknown :-1 s=STATE_CONNECTING_RE l=1).process reconnect failed to v2:172.21.15.7:6800/1689067491
2024-09-19T08:35:28.518 INFO:teuthology.orchestra.run.smithi007.stdout:/usr/bin/ceph: stderr
2024-09-19T08:35:27.913+0000 7fcf97fff640 1 --2- 172.21.15.7:0/3883694384 >> [v2:172.21.15.7:6800/1689067491,v1:172.21.15.7:6801/1689067491] conn(0x7fcf8c039200 0x7fcf8c03b6c0 unknown :-1 s=START_CONNECT pgs=0 cs=0 l=1 rev1=0 crypto rx=0 tx=0 comp rx=0 tx=0)._fault waiting 0.400000
2024-09-19T08:35:28.518 INFO:teuthology.orchestra.run.smithi007.stdout:/usr/bin/ceph: stderr
2024-09-19T08:35:27.941+0000 7fcfa6760640 1 -- 172.21.15.7:0/3883694384 --> [v2:172.21.15.7:3300/0,v1:172.21.15.7:6789/0] -- mon_command({"prefix": "mgr stat"} v 0) -- 0x7fcfa0195680 con 0x7fcfa01066d0
2024-09-19T08:35:28.518 INFO:teuthology.orchestra.run.smithi007.stdout:/usr/bin/ceph: stderr
2024-09-19T08:35:27.942+0000 7fcf9dffb640 1 -- 172.21.15.7:0/3883694384 <== mon.0 v2:172.21.15.7:3300/0 7 ==== mon_command_ack([{"prefix": "mgr stat"}]=0 v5) ==== 56+0+88 (secure 0 0 0) 0x7fcf9006beb0 con 0x7fcfa01066d0
2024-09-19T08:35:28.518 INFO:teuthology.orchestra.run.smithi007.stdout:/usr/bin/ceph: stderr
2024-09-19T08:35:27.944+0000 7fcfa6760640 1 -- 172.21.15.7:0/3883694384 >> [v2:172.21.15.7:6800/1689067491,v1:172.21.15.7:6801/1689067491] conn(0x7fcf8c039200 msgr2=0x7fcf8c03b6c0 unknown :-1 s=STATE_CONNECTING l=1).mark_down
2024-09-19T08:35:28.518 INFO:teuthology.orchestra.run.smithi007.stdout:/usr/bin/ceph: stderr
2024-09-19T08:35:27.944+0000 7fcfa6760640 1 --2- 172.21.15.7:0/3883694384 >> [v2:172.21.15.7:6800/1689067491,v1:172.21.15.7:6801/1689067491] conn(0x7fcf8c039200 0x7fcf8c03b6c0 unknown :-1 s=START_CONNECT pgs=0 cs=0 l=1 rev1=0 crypto rx=0 tx=0 comp rx=0 tx=0).stop
2024-09-19T08:35:28.518 INFO:teuthology.orchestra.run.smithi007.stdout:/usr/bin/ceph: stderr
2024-09-19T08:35:27.944+0000 7fcfa6760640 1 -- 172.21.15.7:0/3883694384 >> [v2:172.21.15.7:3300/0,v1:172.21.15.7:6789/0] conn(0x7fcfa01066d0 msgr2=0x7fcfa0191890 secure :-1 s=STATE_CONNECTION_ESTABLISHED l=1).mark_down
2024-09-19T08:35:28.518 INFO:teuthology.orchestra.run.smithi007.stdout:/usr/bin/ceph: stderr
2024-09-19T08:35:27.944+0000 7fcfa6760640 1 --2- 172.21.15.7:0/3883694384 >> [v2:172.21.15.7:3300/0,v1:172.21.15.7:6789/0] conn(0x7fcfa01066d0 0x7fcfa0191890 secure :-1 s=READY pgs=25 cs=0 l=1 rev1=1 crypto rx=0x7fcf90009940 tx=0x7fcf90032ce0 comp rx=0 tx=0).stop
2024-09-19T08:35:28.518 INFO:teuthology.orchestra.run.smithi007.stdout:/usr/bin/ceph: stderr
2024-09-19T08:35:27.944+0000 7fcfa6760640 1 -- 172.21.15.7:0/3883694384 shutdown_connections
2024-09-19T08:35:28.518 INFO:teuthology.orchestra.run.smithi007.stdout:/usr/bin/ceph: stderr
2024-09-19T08:35:27.944+0000 7fcfa6760640 1 --2- 172.21.15.7:0/3883694384 >> [v2:172.21.15.7:6800/1689067491,v1:172.21.15.7:6801/1689067491] conn(0x7fcf8c039200 0x7fcf8c03b6c0 unknown :-1 s=CLOSED pgs=0 cs=0 l=1 rev1=0 crypto rx=0 tx=0 comp rx=0 tx=0).stop
2024-09-19T08:35:28.519 INFO:teuthology.orchestra.run.smithi007.stdout:/usr/bin/ceph: stderr
2024-09-19T08:35:27.944+0000 7fcfa6760640 1 --2- 172.21.15.7:0/3883694384 >> [v2:172.21.15.7:3300/0,v1:172.21.15.7:6789/0] conn(0x7fcfa01066d0 0x7fcfa0191890 unknown :-1 s=CLOSED pgs=25 cs=0 l=1 rev1=1 crypto rx=0 tx=0 comp rx=0 tx=0).stop
2024-09-19T08:35:28.519 INFO:teuthology.orchestra.run.smithi007.stdout:/usr/bin/ceph: stderr
2024-09-19T08:35:27.944+0000 7fcfa6760640 1 -- 172.21.15.7:0/3883694384 >> 172.21.15.7:0/3883694384 conn(0x7fcfa0101e60 msgr2=0x7fcfa0102e00 unknown :-1 s=STATE_NONE l=0).mark_down
2024-09-19T08:35:28.519 INFO:teuthology.orchestra.run.smithi007.stdout:/usr/bin/ceph: stderr
2024-09-19T08:35:27.944+0000 7fcfa6760640 1 -- 172.21.15.7:0/3883694384 shutdown_connections
2024-09-19T08:35:28.519 INFO:teuthology.orchestra.run.smithi007.stdout:/usr/bin/ceph: stderr
2024-09-19T08:35:27.944+0000 7fcfa6760640 1 -- 172.21.15.7:0/3883694384 wait complete.
2024-09-19T08:35:28.519 INFO:teuthology.orchestra.run.smithi007.stdout:Waiting for the mgr to restart...
2024-09-19T08:35:28.519 INFO:teuthology.orchestra.run.smithi007.stdout:Waiting for mgr epoch 5...
2024-09-19T08:35:28.783 INFO:journalctl@ceph.mon.a.smithi007.stdout:Sep 19 08:35:28 smithi007 ceph-mon[31221]: from='client.? 172.21.15.7:0/3883694384' entity='client.admin' cmd=[{"prefix": "mgr stat"}]: dispatch
2024-09-19T08:35:29.145 INFO:journalctl@ceph.mgr.x.smithi007.stdout:Sep 19 08:35:28 smithi007 ceph-ebd23124-7661-11ef-bceb-c7b262605968-mgr-x[31445]:
2024-09-19T08:35:28.925+0000 7f0b8eac0040 -1 mgr[py] Module telemetry has missing NOTIFY_TYPES member
2024-09-19T08:35:29.145 INFO:journalctl@ceph.mgr.x.smithi007.stdout:Sep 19 08:35:28 smithi007 ceph-ebd23124-7661-11ef-bceb-c7b262605968-mgr-x[31445]:
2024-09-19T08:35:28.996+0000 7f0b8eac0040 -1 mgr[py] Module balancer has missing NOTIFY_TYPES member
2024-09-19T08:35:29.868 INFO:journalctl@ceph.mgr.x.smithi007.stdout:Sep 19 08:35:29 smithi007 ceph-ebd23124-7661-11ef-bceb-c7b262605968-mgr-x[31445]:
2024-09-19T08:35:29.747+0000 7f0b8eac0040 -1 mgr[py] Module rook has missing NOTIFY_TYPES member
2024-09-19T08:35:29.868 INFO:journalctl@ceph.mgr.x.smithi007.stdout:Sep 19 08:35:29 smithi007 ceph-ebd23124-7661-11ef-bceb-c7b262605968-mgr-x[31445]:
2024-09-19T08:35:29.868+0000 7f0b8eac0040 -1 mgr[py] Module iostat has missing NOTIFY_TYPES member
2024-09-19T08:35:30.238 INFO:journalctl@ceph.mgr.x.smithi007.stdout:Sep 19 08:35:30 smithi007 ceph-ebd23124-7661-11ef-bceb-c7b262605968-mgr-x[31445]:
2024-09-19T08:35:30.018+0000 7f0b8eac0040 -1 mgr[py] Module orchestrator has missing NOTIFY_TYPES member
2024-09-19T08:35:30.238 INFO:journalctl@ceph.mgr.x.smithi007.stdout:Sep 19 08:35:30 smithi007 ceph-ebd23124-7661-11ef-bceb-c7b262605968-mgr-x[31445]:
2024-09-19T08:35:30.082+0000 7f0b8eac0040 -1 mgr[py] Module devicehealth has missing NOTIFY_TYPES member
2024-09-19T08:35:30.238 INFO:journalctl@ceph.mgr.x.smithi007.stdout:Sep 19 08:35:30 smithi007 ceph-ebd23124-7661-11ef-bceb-c7b262605968-mgr-x[31445]:
2024-09-19T08:35:30.238+0000 7f0b8eac0040 -1 mgr[py] Module rgw has missing NOTIFY_TYPES member
2024-09-19T08:35:30.533 INFO:journalctl@ceph.mgr.x.smithi007.stdout:Sep 19 08:35:30 smithi007 ceph-ebd23124-7661-11ef-bceb-c7b262605968-mgr-x[31445]:
2024-09-19T08:35:30.308+0000 7f0b8eac0040 -1 mgr[py] Module alerts has missing NOTIFY_TYPES member
2024-09-19T08:35:30.533 INFO:journalctl@ceph.mgr.x.smithi007.stdout:Sep 19 08:35:30 smithi007 ceph-ebd23124-7661-11ef-bceb-c7b262605968-mgr-x[31445]:
2024-09-19T08:35:30.371+0000 7f0b8eac0040 -1 mgr[py] Module progress has missing NOTIFY_TYPES member
2024-09-19T08:35:30.821 INFO:journalctl@ceph.mgr.x.smithi007.stdout:Sep 19 08:35:30 smithi007 ceph-ebd23124-7661-11ef-bceb-c7b262605968-mgr-x[31445]:
2024-09-19T08:35:30.536+0000 7f0b8eac0040 -1 mgr[py] Module nfs has missing NOTIFY_TYPES member
2024-09-19T08:35:30.821 INFO:journalctl@ceph.mgr.x.smithi007.stdout:Sep 19 08:35:30 smithi007 ceph-ebd23124-7661-11ef-bceb-c7b262605968-mgr-x[31445]:
2024-09-19T08:35:30.603+0000 7f0b8eac0040 -1 mgr[py] Module status has missing NOTIFY_TYPES member
2024-09-19T08:35:30.821 INFO:journalctl@ceph.mgr.x.smithi007.stdout:Sep 19 08:35:30 smithi007 ceph-ebd23124-7661-11ef-bceb-c7b262605968-mgr-x[31445]:
2024-09-19T08:35:30.673+0000 7f0b8eac0040 -1 mgr[py] Module pg_autoscaler has missing NOTIFY_TYPES member
2024-09-19T08:35:30.821 INFO:journalctl@ceph.mgr.x.smithi007.stdout:Sep 19 08:35:30 smithi007 ceph-ebd23124-7661-11ef-bceb-c7b262605968-mgr-x[31445]:
2024-09-19T08:35:30.759+0000 7f0b8eac0040 -1 mgr[py] Module rbd_support has missing NOTIFY_TYPES member
2024-09-19T08:35:30.821 INFO:journalctl@ceph.mgr.x.smithi007.stdout:Sep 19 08:35:30 smithi007 ceph-ebd23124-7661-11ef-bceb-c7b262605968-mgr-x[31445]:
2024-09-19T08:35:30.821+0000 7f0b8eac0040 -1 mgr[py] Module influx has missing NOTIFY_TYPES member
2024-09-19T08:35:31.283 INFO:journalctl@ceph.mgr.x.smithi007.stdout:Sep 19 08:35:30 smithi007 ceph-ebd23124-7661-11ef-bceb-c7b262605968-mgr-x[31445]:
2024-09-19T08:35:30.882+0000 7f0b8eac0040 -1 mgr[py] Module zabbix has missing NOTIFY_TYPES member
2024-09-19T08:35:32.033 INFO:journalctl@ceph.mgr.x.smithi007.stdout:Sep 19 08:35:31 smithi007 ceph-ebd23124-7661-11ef-bceb-c7b262605968-mgr-x[31445]:
2024-09-19T08:35:31.709+0000 7f0b8eac0040 -1 mgr[py] Module telegraf has missing NOTIFY_TYPES member
2024-09-19T08:35:32.033 INFO:journalctl@ceph.mon.a.smithi007.stdout:Sep 19 08:35:31 smithi007 ceph-mon[31221]: Active manager daemon x restarted
2024-09-19T08:35:32.033 INFO:journalctl@ceph.mon.a.smithi007.stdout:Sep 19 08:35:31 smithi007 ceph-mon[31221]: Activating manager daemon x
2024-09-19T08:35:32.033 INFO:journalctl@ceph.mon.a.smithi007.stdout:Sep 19 08:35:31 smithi007 ceph-mon[31221]: osdmap e2: 0 total, 0 up, 0 in
2024-09-19T08:35:32.034 INFO:journalctl@ceph.mon.a.smithi007.stdout:Sep 19 08:35:31 smithi007 ceph-mon[31221]: mgrmap e6: x(active, starting, since 0.00357726s)
2024-09-19T08:35:32.034 INFO:journalctl@ceph.mon.a.smithi007.stdout:Sep 19 08:35:31 smithi007 ceph-mon[31221]: from='mgr.14118 172.21.15.7:0/2690452502' entity='mgr.x' cmd=[{"prefix": "mon metadata", "id": "a"}]: dispatch
2024-09-19T08:35:32.034 INFO:journalctl@ceph.mon.a.smithi007.stdout:Sep 19 08:35:31 smithi007 ceph-mon[31221]: from='mgr.14118 172.21.15.7:0/2690452502' entity='mgr.x' cmd=[{"prefix": "mgr metadata", "who": "x", "id": "x"}]: dispatch
2024-09-19T08:35:32.034 INFO:journalctl@ceph.mon.a.smithi007.stdout:Sep 19 08:35:31 smithi007 ceph-mon[31221]: from='mgr.14118 172.21.15.7:0/2690452502' entity='mgr.x' cmd=[{"prefix": "mds metadata"}]: dispatch
2024-09-19T08:35:32.034 INFO:journalctl@ceph.mon.a.smithi007.stdout:Sep 19 08:35:31 smithi007 ceph-mon[31221]: from='mgr.14118 172.21.15.7:0/2690452502' entity='mgr.x' cmd=[{"prefix": "osd metadata"}]: dispatch
2024-09-19T08:35:32.034 INFO:journalctl@ceph.mon.a.smithi007.stdout:Sep 19 08:35:31 smithi007 ceph-mon[31221]: from='mgr.14118 172.21.15.7:0/2690452502' entity='mgr.x' cmd=[{"prefix": "mon metadata"}]: dispatch
2024-09-19T08:35:32.034 INFO:journalctl@ceph.mon.a.smithi007.stdout:Sep 19 08:35:31 smithi007 ceph-mon[31221]: Manager daemon x is now available
2024-09-19T08:35:32.034 INFO:journalctl@ceph.mon.a.smithi007.stdout:Sep 19 08:35:31 smithi007 ceph-mon[31221]: from='mgr.14118 172.21.15.7:0/2690452502' entity='mgr.x'
2024-09-19T08:35:32.034 INFO:journalctl@ceph.mon.a.smithi007.stdout:Sep 19 08:35:31 smithi007 ceph-mon[31221]: from='mgr.14118 172.21.15.7:0/2690452502' entity='mgr.x'
2024-09-19T08:35:32.034 INFO:journalctl@ceph.mon.a.smithi007.stdout:Sep 19 08:35:31 smithi007 ceph-mon[31221]: from='mgr.14118 172.21.15.7:0/2690452502' entity='mgr.x' cmd=[{"prefix": "config dump", "format": "json"}]: dispatch
2024-09-19T08:35:32.034 INFO:journalctl@ceph.mon.a.smithi007.stdout:Sep 19 08:35:31 smithi007 ceph-mon[31221]: from='mgr.14118 172.21.15.7:0/2690452502' entity='mgr.x' cmd=[{"prefix": "config dump", "format": "json"}]: dispatch
2024-09-19T08:35:32.034 INFO:journalctl@ceph.mon.a.smithi007.stdout:Sep 19 08:35:31 smithi007 ceph-mon[31221]: from='mgr.14118 172.21.15.7:0/2690452502' entity='mgr.x' cmd=[{"prefix":"config rm","who":"mgr","name":"mgr/rbd_support/x/mirror_snapshot_schedule"}]: dispatch
2024-09-19T08:35:32.034 INFO:journalctl@ceph.mon.a.smithi007.stdout:Sep 19 08:35:31 smithi007 ceph-mon[31221]: from='mgr.14118 172.21.15.7:0/2690452502' entity='mgr.x' cmd=[{"prefix":"config rm","who":"mgr","name":"mgr/rbd_support/x/trash_purge_schedule"}]: dispatch
2024-09-19T08:35:33.421 INFO:teuthology.orchestra.run.smithi007.stdout:/usr/bin/ceph: stdout {
2024-09-19T08:35:33.421 INFO:teuthology.orchestra.run.smithi007.stdout:/usr/bin/ceph: stdout "mgrmap_epoch": 7,
2024-09-19T08:35:33.421 INFO:teuthology.orchestra.run.smithi007.stdout:/usr/bin/ceph: stdout "initialized": true
2024-09-19T08:35:33.421 INFO:teuthology.orchestra.run.smithi007.stdout:/usr/bin/ceph: stdout }
2024-09-19T08:35:33.422 INFO:teuthology.orchestra.run.smithi007.stdout:/usr/bin/ceph: stderr
2024-09-19T08:35:28.938+0000 7f950fb0e640 1 Processor -- start
2024-09-19T08:35:33.422 INFO:teuthology.orchestra.run.smithi007.stdout:/usr/bin/ceph: stderr
2024-09-19T08:35:28.938+0000 7f950fb0e640 1 -- start start
2024-09-19T08:35:33.422 INFO:teuthology.orchestra.run.smithi007.stdout:/usr/bin/ceph: stderr
2024-09-19T08:35:28.939+0000 7f950fb0e640 1 --2- >> [v2:172.21.15.7:3300/0,v1:172.21.15.7:6789/0] conn(0x7f95081066f0 0x7f9508106af0 unknown :-1 s=NONE pgs=0 cs=0 l=0 rev1=0 crypto rx=0 tx=0 comp rx=0 tx=0).connect
2024-09-19T08:35:33.422 INFO:teuthology.orchestra.run.smithi007.stdout:/usr/bin/ceph: stderr
2024-09-19T08:35:28.939+0000 7f950fb0e640 1 -- --> [v2:172.21.15.7:3300/0,v1:172.21.15.7:6789/0] -- mon_getmap magic: 0 -- 0x7f95081070c0 con 0x7f95081066f0
2024-09-19T08:35:33.422 INFO:teuthology.orchestra.run.smithi007.stdout:/usr/bin/ceph: stderr
2024-09-19T08:35:28.939+0000 7f950d8aa640 1 --2- >> [v2:172.21.15.7:3300/0,v1:172.21.15.7:6789/0] conn(0x7f95081066f0 0x7f9508106af0 unknown :-1 s=BANNER_CONNECTING pgs=0 cs=0 l=0 rev1=0 crypto rx=0 tx=0 comp rx=0 tx=0)._handle_peer_banner_payload supported=3 required=0
2024-09-19T08:35:33.422 INFO:teuthology.orchestra.run.smithi007.stdout:/usr/bin/ceph: stderr
2024-09-19T08:35:28.939+0000 7f950d8aa640 1 --2- >> [v2:172.21.15.7:3300/0,v1:172.21.15.7:6789/0] conn(0x7f95081066f0 0x7f9508106af0 unknown :-1 s=HELLO_CONNECTING pgs=0 cs=0 l=0 rev1=1 crypto rx=0 tx=0 comp rx=0 tx=0).handle_hello peer v2:172.21.15.7:3300/0 says I am v2:172.21.15.7:34198/0 (socket says 172.21.15.7:34198)
2024-09-19T08:35:33.422 INFO:teuthology.orchestra.run.smithi007.stdout:/usr/bin/ceph: stderr
2024-09-19T08:35:28.939+0000 7f950d8aa640 1 -- 172.21.15.7:0/12994489 learned_addr learned my addr 172.21.15.7:0/12994489 (peer_addr_for_me v2:172.21.15.7:0/0)
2024-09-19T08:35:33.422 INFO:teuthology.orchestra.run.smithi007.stdout:/usr/bin/ceph: stderr
2024-09-19T08:35:28.939+0000 7f950d8aa640 1 -- 172.21.15.7:0/12994489 --> [v2:172.21.15.7:3300/0,v1:172.21.15.7:6789/0] -- mon_subscribe({config=0+,monmap=0+}) -- 0x7f95081078f0 con 0x7f95081066f0
2024-09-19T08:35:33.422 INFO:teuthology.orchestra.run.smithi007.stdout:/usr/bin/ceph: stderr
2024-09-19T08:35:28.940+0000 7f950d8aa640 1 --2- 172.21.15.7:0/12994489 >> [v2:172.21.15.7:3300/0,v1:172.21.15.7:6789/0] conn(0x7f95081066f0 0x7f9508106af0 secure :-1 s=READY pgs=26 cs=0 l=1 rev1=1 crypto rx=0x7f9504009820 tx=0x7f950402a270 comp rx=0 tx=0).ready entity=mon.0 client_cookie=29eeea4560f1f6e7 server_cookie=0 in_seq=0 out_seq=0
2024-09-19T08:35:33.423 INFO:teuthology.orchestra.run.smithi007.stdout:/usr/bin/ceph: stderr
2024-09-19T08:35:28.940+0000 7f950c8a8640 1 -- 172.21.15.7:0/12994489 <== mon.0 v2:172.21.15.7:3300/0 1 ==== mon_map magic: 0 ==== 205+0+0 (secure 0 0 0) 0x7f9504037070 con 0x7f95081066f0
2024-09-19T08:35:33.423 INFO:teuthology.orchestra.run.smithi007.stdout:/usr/bin/ceph: stderr
2024-09-19T08:35:28.940+0000 7f950c8a8640 1 -- 172.21.15.7:0/12994489 <== mon.0 v2:172.21.15.7:3300/0 2 ==== config(27 keys) ==== 1109+0+0 (secure 0 0 0) 0x7f9504032900 con 0x7f95081066f0
2024-09-19T08:35:33.423 INFO:teuthology.orchestra.run.smithi007.stdout:/usr/bin/ceph: stderr
2024-09-19T08:35:28.940+0000 7f950c8a8640 1 -- 172.21.15.7:0/12994489 <== mon.0 v2:172.21.15.7:3300/0 3 ==== mon_map magic: 0 ==== 205+0+0 (secure 0 0 0) 0x7f9504030850 con 0x7f95081066f0
2024-09-19T08:35:33.423 INFO:teuthology.orchestra.run.smithi007.stdout:/usr/bin/ceph: stderr
2024-09-19T08:35:28.941+0000 7f950fb0e640 1 -- 172.21.15.7:0/12994489 >> [v2:172.21.15.7:3300/0,v1:172.21.15.7:6789/0] conn(0x7f95081066f0 msgr2=0x7f9508106af0 secure :-1 s=STATE_CONNECTION_ESTABLISHED l=1).mark_down
2024-09-19T08:35:33.423 INFO:teuthology.orchestra.run.smithi007.stdout:/usr/bin/ceph: stderr
2024-09-19T08:35:28.941+0000 7f950fb0e640 1 --2- 172.21.15.7:0/12994489 >> [v2:172.21.15.7:3300/0,v1:172.21.15.7:6789/0] conn(0x7f95081066f0 0x7f9508106af0 secure :-1 s=READY pgs=26 cs=0 l=1 rev1=1 crypto rx=0x7f9504009820 tx=0x7f950402a270 comp rx=0 tx=0).stop
2024-09-19T08:35:33.423 INFO:teuthology.orchestra.run.smithi007.stdout:/usr/bin/ceph: stderr
2024-09-19T08:35:28.941+0000 7f950fb0e640 1 -- 172.21.15.7:0/12994489 shutdown_connections
2024-09-19T08:35:33.423 INFO:teuthology.orchestra.run.smithi007.stdout:/usr/bin/ceph: stderr
2024-09-19T08:35:28.941+0000 7f950fb0e640 1 --2- 172.21.15.7:0/12994489 >> [v2:172.21.15.7:3300/0,v1:172.21.15.7:6789/0] conn(0x7f95081066f0 0x7f9508106af0 unknown :-1 s=CLOSED pgs=26 cs=0 l=1 rev1=1 crypto rx=0 tx=0 comp rx=0 tx=0).stop
2024-09-19T08:35:33.423 INFO:teuthology.orchestra.run.smithi007.stdout:/usr/bin/ceph: stderr
2024-09-19T08:35:28.941+0000 7f950fb0e640 1 -- 172.21.15.7:0/12994489 >> 172.21.15.7:0/12994489 conn(0x7f9508101e80 msgr2=0x7f95081042c0 unknown :-1 s=STATE_NONE l=0).mark_down
2024-09-19T08:35:33.423 INFO:teuthology.orchestra.run.smithi007.stdout:/usr/bin/ceph: stderr
2024-09-19T08:35:28.941+0000 7f950fb0e640 1 -- 172.21.15.7:0/12994489 shutdown_connections
2024-09-19T08:35:33.423 INFO:teuthology.orchestra.run.smithi007.stdout:/usr/bin/ceph: stderr
2024-09-19T08:35:28.941+0000 7f950fb0e640 1 -- 172.21.15.7:0/12994489 wait complete.
2024-09-19T08:35:33.423 INFO:teuthology.orchestra.run.smithi007.stdout:/usr/bin/ceph: stderr
2024-09-19T08:35:28.941+0000 7f950fb0e640 1 Processor -- start
2024-09-19T08:35:33.423 INFO:teuthology.orchestra.run.smithi007.stdout:/usr/bin/ceph: stderr
2024-09-19T08:35:28.942+0000 7f950fb0e640 1 -- start start
2024-09-19T08:35:33.424 INFO:teuthology.orchestra.run.smithi007.stdout:/usr/bin/ceph: stderr
2024-09-19T08:35:28.942+0000 7f950fb0e640 1 --2- >> [v2:172.21.15.7:3300/0,v1:172.21.15.7:6789/0] conn(0x7f95081066f0 0x7f950819b7f0 unknown :-1 s=NONE pgs=0 cs=0 l=1 rev1=0 crypto rx=0 tx=0 comp rx=0 tx=0).connect
2024-09-19T08:35:33.424 INFO:teuthology.orchestra.run.smithi007.stdout:/usr/bin/ceph: stderr
2024-09-19T08:35:28.942+0000 7f950fb0e640 1 -- --> [v2:172.21.15.7:3300/0,v1:172.21.15.7:6789/0] -- mon_getmap magic: 0 -- 0x7f950810aca0 con 0x7f95081066f0
2024-09-19T08:35:33.424 INFO:teuthology.orchestra.run.smithi007.stdout:/usr/bin/ceph: stderr
2024-09-19T08:35:28.942+0000 7f950d8aa640 1 --2- >> [v2:172.21.15.7:3300/0,v1:172.21.15.7:6789/0] conn(0x7f95081066f0 0x7f950819b7f0 unknown :-1 s=BANNER_CONNECTING pgs=0 cs=0 l=1 rev1=0 crypto rx=0 tx=0 comp rx=0 tx=0)._handle_peer_banner_payload supported=3 required=0
2024-09-19T08:35:33.424 INFO:teuthology.orchestra.run.smithi007.stdout:/usr/bin/ceph: stderr
2024-09-19T08:35:28.942+0000 7f950d8aa640 1 --2- >> [v2:172.21.15.7:3300/0,v1:172.21.15.7:6789/0] conn(0x7f95081066f0 0x7f950819b7f0 unknown :-1 s=HELLO_CONNECTING pgs=0 cs=0 l=1 rev1=1 crypto rx=0 tx=0 comp rx=0 tx=0).handle_hello peer v2:172.21.15.7:3300/0 says I am v2:172.21.15.7:34202/0 (socket says 172.21.15.7:34202)
2024-09-19T08:35:33.424 INFO:teuthology.orchestra.run.smithi007.stdout:/usr/bin/ceph: stderr
2024-09-19T08:35:28.942+0000 7f950d8aa640 1 -- 172.21.15.7:0/1055599014 learned_addr learned my addr 172.21.15.7:0/1055599014 (peer_addr_for_me v2:172.21.15.7:0/0)
2024-09-19T08:35:33.424 INFO:teuthology.orchestra.run.smithi007.stdout:/usr/bin/ceph: stderr
2024-09-19T08:35:28.942+0000 7f950d8aa640 1 -- 172.21.15.7:0/1055599014 --> [v2:172.21.15.7:3300/0,v1:172.21.15.7:6789/0] -- mon_subscribe({config=0+,monmap=0+}) -- 0x7f950819bd30 con 0x7f95081066f0
2024-09-19T08:35:33.424 INFO:teuthology.orchestra.run.smithi007.stdout:/usr/bin/ceph: stderr
2024-09-19T08:35:28.942+0000 7f950d8aa640 1 --2- 172.21.15.7:0/1055599014 >> [v2:172.21.15.7:3300/0,v1:172.21.15.7:6789/0] conn(0x7f95081066f0 0x7f950819b7f0 secure :-1 s=READY pgs=27 cs=0 l=1 rev1=1 crypto rx=0x7f95040097f0 tx=0x7f9504030d80 comp rx=0 tx=0).ready entity=mon.0 client_cookie=0 server_cookie=0 in_seq=0 out_seq=0
2024-09-19T08:35:33.424 INFO:teuthology.orchestra.run.smithi007.stdout:/usr/bin/ceph: stderr
2024-09-19T08:35:28.942+0000 7f94feffd640 1 -- 172.21.15.7:0/1055599014 <== mon.0 v2:172.21.15.7:3300/0 1 ==== mon_map magic: 0 ==== 205+0+0 (secure 0 0 0) 0x7f9504037040 con 0x7f95081066f0
2024-09-19T08:35:33.424 INFO:teuthology.orchestra.run.smithi007.stdout:/usr/bin/ceph: stderr
2024-09-19T08:35:28.943+0000 7f950fb0e640 1 -- 172.21.15.7:0/1055599014 --> [v2:172.21.15.7:3300/0,v1:172.21.15.7:6789/0] -- mon_subscribe({mgrmap=0+}) -- 0x7f950819bfc0 con 0x7f95081066f0
2024-09-19T08:35:33.424 INFO:teuthology.orchestra.run.smithi007.stdout:/usr/bin/ceph: stderr
2024-09-19T08:35:28.943+0000 7f94feffd640 1 -- 172.21.15.7:0/1055599014 <== mon.0 v2:172.21.15.7:3300/0 2 ==== config(27 keys) ==== 1109+0+0 (secure 0 0 0) 0x7f9504040070 con 0x7f95081066f0
2024-09-19T08:35:33.424 INFO:teuthology.orchestra.run.smithi007.stdout:/usr/bin/ceph: stderr
2024-09-19T08:35:28.943+0000 7f94feffd640 1 -- 172.21.15.7:0/1055599014 <== mon.0 v2:172.21.15.7:3300/0 3 ==== mon_map magic: 0 ==== 205+0+0 (secure 0 0 0) 0x7f950403a390 con 0x7f95081066f0
2024-09-19T08:35:33.424 INFO:teuthology.orchestra.run.smithi007.stdout:/usr/bin/ceph: stderr
2024-09-19T08:35:28.943+0000 7f950fb0e640 1 -- 172.21.15.7:0/1055599014 --> [v2:172.21.15.7:3300/0,v1:172.21.15.7:6789/0] -- mon_subscribe({osdmap=0}) -- 0x7f950819ecb0 con 0x7f95081066f0
2024-09-19T08:35:33.424 INFO:teuthology.orchestra.run.smithi007.stdout:/usr/bin/ceph: stderr
2024-09-19T08:35:28.943+0000 7f94feffd640 1 -- 172.21.15.7:0/1055599014 <== mon.0 v2:172.21.15.7:3300/0 4 ==== mgrmap(e 5) ==== 46461+0+0 (secure 0 0 0) 0x7f950403a630 con 0x7f95081066f0
2024-09-19T08:35:33.425 INFO:teuthology.orchestra.run.smithi007.stdout:/usr/bin/ceph: stderr
2024-09-19T08:35:28.944+0000 7f94feffd640 1 --2- 172.21.15.7:0/1055599014 >> [v2:172.21.15.7:6800/1689067491,v1:172.21.15.7:6801/1689067491] conn(0x7f94f40391b0 0x7f94f403b670 unknown :-1 s=NONE pgs=0 cs=0 l=1 rev1=0 crypto rx=0 tx=0 comp rx=0 tx=0).connect
2024-09-19T08:35:33.425 INFO:teuthology.orchestra.run.smithi007.stdout:/usr/bin/ceph: stderr
2024-09-19T08:35:28.944+0000 7f94feffd640 1 -- 172.21.15.7:0/1055599014 --> [v2:172.21.15.7:6800/1689067491,v1:172.21.15.7:6801/1689067491] -- command(tid 0: {"prefix": "get_command_descriptions"}) -- 0x7f94f403bd80 con 0x7f94f40391b0
2024-09-19T08:35:33.425 INFO:teuthology.orchestra.run.smithi007.stdout:/usr/bin/ceph: stderr
2024-09-19T08:35:28.944+0000 7f94feffd640 1 -- 172.21.15.7:0/1055599014 <== mon.0 v2:172.21.15.7:3300/0 5 ==== osd_map(1..1 src has 1..1) ==== 725+0+0 (secure 0 0 0) 0x7f950406c460 con 0x7f95081066f0
2024-09-19T08:35:33.425 INFO:teuthology.orchestra.run.smithi007.stdout:/usr/bin/ceph: stderr
2024-09-19T08:35:28.944+0000 7f950d0a9640 1 -- 172.21.15.7:0/1055599014 >> [v2:172.21.15.7:6800/1689067491,v1:172.21.15.7:6801/1689067491] conn(0x7f94f40391b0 msgr2=0x7f94f403b670 unknown :-1 s=STATE_CONNECTING_RE l=1).process reconnect failed to v2:172.21.15.7:6800/1689067491
2024-09-19T08:35:33.425 INFO:teuthology.orchestra.run.smithi007.stdout:/usr/bin/ceph: stderr
2024-09-19T08:35:28.944+0000 7f950d0a9640 1 --2- 172.21.15.7:0/1055599014 >> [v2:172.21.15.7:6800/1689067491,v1:172.21.15.7:6801/1689067491] conn(0x7f94f40391b0 0x7f94f403b670 unknown :-1 s=START_CONNECT pgs=0 cs=0 l=1 rev1=0 crypto rx=0 tx=0 comp rx=0 tx=0)._fault waiting 0.200000
2024-09-19T08:35:33.425 INFO:teuthology.orchestra.run.smithi007.stdout:/usr/bin/ceph: stderr
2024-09-19T08:35:29.145+0000 7f950d0a9640 1 -- 172.21.15.7:0/1055599014 >> [v2:172.21.15.7:6800/1689067491,v1:172.21.15.7:6801/1689067491] conn(0x7f94f40391b0 msgr2=0x7f94f403b670 unknown :-1 s=STATE_CONNECTING_RE l=1).process reconnect failed to v2:172.21.15.7:6800/1689067491
2024-09-19T08:35:33.425 INFO:teuthology.orchestra.run.smithi007.stdout:/usr/bin/ceph: stderr
2024-09-19T08:35:29.145+0000 7f950d0a9640 1 --2- 172.21.15.7:0/1055599014 >> [v2:172.21.15.7:6800/1689067491,v1:172.21.15.7:6801/1689067491] conn(0x7f94f40391b0 0x7f94f403b670 unknown :-1 s=START_CONNECT pgs=0 cs=0 l=1 rev1=0 crypto rx=0 tx=0 comp rx=0 tx=0)._fault waiting 0.400000
2024-09-19T08:35:33.425 INFO:teuthology.orchestra.run.smithi007.stdout:/usr/bin/ceph: stderr
2024-09-19T08:35:29.546+0000 7f950d0a9640 1 -- 172.21.15.7:0/1055599014 >> [v2:172.21.15.7:6800/1689067491,v1:172.21.15.7:6801/1689067491] conn(0x7f94f40391b0 msgr2=0x7f94f403b670 unknown :-1 s=STATE_CONNECTING_RE l=1).process reconnect failed to v2:172.21.15.7:6800/1689067491
2024-09-19T08:35:33.425 INFO:teuthology.orchestra.run.smithi007.stdout:/usr/bin/ceph: stderr
2024-09-19T08:35:29.546+0000 7f950d0a9640 1 --2- 172.21.15.7:0/1055599014 >> [v2:172.21.15.7:6800/1689067491,v1:172.21.15.7:6801/1689067491] conn(0x7f94f40391b0 0x7f94f403b670 unknown :-1 s=START_CONNECT pgs=0 cs=0 l=1 rev1=0 crypto rx=0 tx=0 comp rx=0 tx=0)._fault waiting 0.800000
2024-09-19T08:35:33.425 INFO:teuthology.orchestra.run.smithi007.stdout:/usr/bin/ceph: stderr
2024-09-19T08:35:30.347+0000 7f950d0a9640 1 -- 172.21.15.7:0/1055599014 >> [v2:172.21.15.7:6800/1689067491,v1:172.21.15.7:6801/1689067491] conn(0x7f94f40391b0 msgr2=0x7f94f403b670 unknown :-1 s=STATE_CONNECTING_RE l=1).process reconnect failed to v2:172.21.15.7:6800/1689067491
2024-09-19T08:35:33.425 INFO:teuthology.orchestra.run.smithi007.stdout:/usr/bin/ceph: stderr
2024-09-19T08:35:30.347+0000 7f950d0a9640 1 --2- 172.21.15.7:0/1055599014 >> [v2:172.21.15.7:6800/1689067491,v1:172.21.15.7:6801/1689067491] conn(0x7f94f40391b0 0x7f94f403b670 unknown :-1 s=START_CONNECT pgs=0 cs=0 l=1 rev1=0 crypto rx=0 tx=0 comp rx=0 tx=0)._fault waiting 1.600000
2024-09-19T08:35:33.425 INFO:teuthology.orchestra.run.smithi007.stdout:/usr/bin/ceph: stderr
2024-09-19T08:35:31.713+0000 7f94feffd640 1 -- 172.21.15.7:0/1055599014 <== mon.0 v2:172.21.15.7:3300/0 6 ==== mgrmap(e 6) ==== 46228+0+0 (secure 0 0 0) 0x7f950406b260 con 0x7f95081066f0
2024-09-19T08:35:33.426 INFO:teuthology.orchestra.run.smithi007.stdout:/usr/bin/ceph: stderr
2024-09-19T08:35:31.713+0000 7f94feffd640 1 -- 172.21.15.7:0/1055599014 >> [v2:172.21.15.7:6800/1689067491,v1:172.21.15.7:6801/1689067491] conn(0x7f94f40391b0 msgr2=0x7f94f403b670 unknown :-1 s=STATE_CONNECTING l=1).mark_down
2024-09-19T08:35:33.426 INFO:teuthology.orchestra.run.smithi007.stdout:/usr/bin/ceph: stderr
2024-09-19T08:35:31.713+0000 7f94feffd640 1 --2- 172.21.15.7:0/1055599014 >> [v2:172.21.15.7:6800/1689067491,v1:172.21.15.7:6801/1689067491] conn(0x7f94f40391b0 0x7f94f403b670 unknown :-1 s=START_CONNECT pgs=0 cs=0 l=1 rev1=0 crypto rx=0 tx=0 comp rx=0 tx=0).stop
2024-09-19T08:35:33.426 INFO:teuthology.orchestra.run.smithi007.stdout:/usr/bin/ceph: stderr
2024-09-19T08:35:32.714+0000 7f94feffd640 1 -- 172.21.15.7:0/1055599014 <== mon.0 v2:172.21.15.7:3300/0 7 ==== mgrmap(e 7) ==== 46355+0+0 (secure 0 0 0) 0x7f95040457e0 con 0x7f95081066f0
2024-09-19T08:35:33.426 INFO:teuthology.orchestra.run.smithi007.stdout:/usr/bin/ceph: stderr
2024-09-19T08:35:32.714+0000 7f94feffd640 1 --2- 172.21.15.7:0/1055599014 >> [v2:172.21.15.7:6800/3071389382,v1:172.21.15.7:6801/3071389382] conn(0x7f94f403cae0 0x7f94f403eed0 unknown :-1 s=NONE pgs=0 cs=0 l=1 rev1=0 crypto rx=0 tx=0 comp rx=0 tx=0).connect
2024-09-19T08:35:33.426 INFO:teuthology.orchestra.run.smithi007.stdout:/usr/bin/ceph: stderr
2024-09-19T08:35:32.714+0000 7f94feffd640 1 -- 172.21.15.7:0/1055599014 --> [v2:172.21.15.7:6800/3071389382,v1:172.21.15.7:6801/3071389382] -- command(tid 0: {"prefix": "get_command_descriptions"}) -- 0x7f94f403bd80 con 0x7f94f403cae0
2024-09-19T08:35:33.426 INFO:teuthology.orchestra.run.smithi007.stdout:/usr/bin/ceph: stderr
2024-09-19T08:35:32.714+0000 7f950d0a9640 1 --2- 172.21.15.7:0/1055599014 >> [v2:172.21.15.7:6800/3071389382,v1:172.21.15.7:6801/3071389382] conn(0x7f94f403cae0 0x7f94f403eed0 unknown :-1 s=BANNER_CONNECTING pgs=0 cs=0 l=1 rev1=0 crypto rx=0 tx=0 comp rx=0 tx=0)._handle_peer_banner_payload supported=3 required=0
2024-09-19T08:35:33.426 INFO:teuthology.orchestra.run.smithi007.stdout:/usr/bin/ceph: stderr
