2024-09-19T08:35:50.911 INFO:teuthology.orchestra.run.smithi007.stdout:/usr/bin/ceph: stderr
2024-09-19T08:35:49.461+0000 7fd9dc869640 1 -- 172.21.15.7:0/2250397345 shutdown_connections
2024-09-19T08:35:50.911 INFO:teuthology.orchestra.run.smithi007.stdout:/usr/bin/ceph: stderr
2024-09-19T08:35:49.461+0000 7fd9dc869640 1 --2- 172.21.15.7:0/2250397345 >> [v2:172.21.15.7:3300/0,v1:172.21.15.7:6789/0] conn(0x7fd9d81082a0 0x7fd9d810a690 unknown :-1 s=CLOSED pgs=51 cs=0 l=1 rev1=1 crypto rx=0 tx=0 comp rx=0 tx=0).stop
2024-09-19T08:35:50.911 INFO:teuthology.orchestra.run.smithi007.stdout:/usr/bin/ceph: stderr
2024-09-19T08:35:49.461+0000 7fd9dc869640 1 -- 172.21.15.7:0/2250397345 >> 172.21.15.7:0/2250397345 conn(0x7fd9d8101e60 msgr2=0x7fd9d81042a0 unknown :-1 s=STATE_NONE l=0).mark_down
2024-09-19T08:35:50.911 INFO:teuthology.orchestra.run.smithi007.stdout:/usr/bin/ceph: stderr
2024-09-19T08:35:49.461+0000 7fd9dc869640 1 -- 172.21.15.7:0/2250397345 shutdown_connections
2024-09-19T08:35:50.911 INFO:teuthology.orchestra.run.smithi007.stdout:/usr/bin/ceph: stderr
2024-09-19T08:35:49.461+0000 7fd9dc869640 1 -- 172.21.15.7:0/2250397345 wait complete.
2024-09-19T08:35:50.911 INFO:teuthology.orchestra.run.smithi007.stdout:/usr/bin/ceph: stderr
2024-09-19T08:35:49.462+0000 7fd9dc869640 1 Processor -- start
2024-09-19T08:35:50.911 INFO:teuthology.orchestra.run.smithi007.stdout:/usr/bin/ceph: stderr
2024-09-19T08:35:49.462+0000 7fd9dc869640 1 -- start start
2024-09-19T08:35:50.911 INFO:teuthology.orchestra.run.smithi007.stdout:/usr/bin/ceph: stderr
2024-09-19T08:35:49.462+0000 7fd9dc869640 1 --2- >> [v2:172.21.15.7:3300/0,v1:172.21.15.7:6789/0] conn(0x7fd9d81082a0 0x7fd9d819b7a0 unknown :-1 s=NONE pgs=0 cs=0 l=1 rev1=0 crypto rx=0 tx=0 comp rx=0 tx=0).connect
2024-09-19T08:35:50.911 INFO:teuthology.orchestra.run.smithi007.stdout:/usr/bin/ceph: stderr
2024-09-19T08:35:49.462+0000 7fd9dc869640 1 -- --> [v2:172.21.15.7:3300/0,v1:172.21.15.7:6789/0] -- mon_getmap magic: 0 -- 0x7fd9d810bbe0 con 0x7fd9d81082a0
2024-09-19T08:35:50.911 INFO:teuthology.orchestra.run.smithi007.stdout:/usr/bin/ceph: stderr
2024-09-19T08:35:49.462+0000 7fd9d659c640 1 --2- >> [v2:172.21.15.7:3300/0,v1:172.21.15.7:6789/0] conn(0x7fd9d81082a0 0x7fd9d819b7a0 unknown :-1 s=BANNER_CONNECTING pgs=0 cs=0 l=1 rev1=0 crypto rx=0 tx=0 comp rx=0 tx=0)._handle_peer_banner_payload supported=3 required=0
2024-09-19T08:35:50.912 INFO:teuthology.orchestra.run.smithi007.stdout:/usr/bin/ceph: stderr
2024-09-19T08:35:49.462+0000 7fd9d659c640 1 --2- >> [v2:172.21.15.7:3300/0,v1:172.21.15.7:6789/0] conn(0x7fd9d81082a0 0x7fd9d819b7a0 unknown :-1 s=HELLO_CONNECTING pgs=0 cs=0 l=1 rev1=1 crypto rx=0 tx=0 comp rx=0 tx=0).handle_hello peer v2:172.21.15.7:3300/0 says I am v2:172.21.15.7:38132/0 (socket says 172.21.15.7:38132)
2024-09-19T08:35:50.912 INFO:teuthology.orchestra.run.smithi007.stdout:/usr/bin/ceph: stderr
2024-09-19T08:35:49.462+0000 7fd9d659c640 1 -- 172.21.15.7:0/911309822 learned_addr learned my addr 172.21.15.7:0/911309822 (peer_addr_for_me v2:172.21.15.7:0/0)
2024-09-19T08:35:50.912 INFO:teuthology.orchestra.run.smithi007.stdout:/usr/bin/ceph: stderr
2024-09-19T08:35:49.463+0000 7fd9d659c640 1 -- 172.21.15.7:0/911309822 --> [v2:172.21.15.7:3300/0,v1:172.21.15.7:6789/0] -- mon_subscribe({config=0+,monmap=0+}) -- 0x7fd9d819bce0 con 0x7fd9d81082a0
2024-09-19T08:35:50.912 INFO:teuthology.orchestra.run.smithi007.stdout:/usr/bin/ceph: stderr
2024-09-19T08:35:49.463+0000 7fd9d659c640 1 --2- 172.21.15.7:0/911309822 >> [v2:172.21.15.7:3300/0,v1:172.21.15.7:6789/0] conn(0x7fd9d81082a0 0x7fd9d819b7a0 secure :-1 s=READY pgs=52 cs=0 l=1 rev1=1 crypto rx=0x7fd9c802acc0 tx=0x7fd9c8031cc0 comp rx=0 tx=0).ready entity=mon.0 client_cookie=0 server_cookie=0 in_seq=0 out_seq=0
2024-09-19T08:35:50.912 INFO:teuthology.orchestra.run.smithi007.stdout:/usr/bin/ceph: stderr
2024-09-19T08:35:49.463+0000 7fd9cf7fe640 1 -- 172.21.15.7:0/911309822 <== mon.0 v2:172.21.15.7:3300/0 1 ==== mon_map magic: 0 ==== 205+0+0 (secure 0 0 0) 0x7fd9c8036050 con 0x7fd9d81082a0
2024-09-19T08:35:50.912 INFO:teuthology.orchestra.run.smithi007.stdout:/usr/bin/ceph: stderr
2024-09-19T08:35:49.463+0000 7fd9cf7fe640 1 -- 172.21.15.7:0/911309822 <== mon.0 v2:172.21.15.7:3300/0 2 ==== config(27 keys) ==== 1140+0+0 (secure 0 0 0) 0x7fd9c8037040 con 0x7fd9d81082a0
2024-09-19T08:35:50.912 INFO:teuthology.orchestra.run.smithi007.stdout:/usr/bin/ceph: stderr
2024-09-19T08:35:49.463+0000 7fd9dc869640 1 -- 172.21.15.7:0/911309822 --> [v2:172.21.15.7:3300/0,v1:172.21.15.7:6789/0] -- mon_subscribe({mgrmap=0+}) -- 0x7fd9d819bf70 con 0x7fd9d81082a0
2024-09-19T08:35:50.912 INFO:teuthology.orchestra.run.smithi007.stdout:/usr/bin/ceph: stderr
2024-09-19T08:35:49.463+0000 7fd9cf7fe640 1 -- 172.21.15.7:0/911309822 <== mon.0 v2:172.21.15.7:3300/0 3 ==== mon_map magic: 0 ==== 205+0+0 (secure 0 0 0) 0x7fd9c803d8e0 con 0x7fd9d81082a0
2024-09-19T08:35:50.912 INFO:teuthology.orchestra.run.smithi007.stdout:/usr/bin/ceph: stderr
2024-09-19T08:35:49.463+0000 7fd9dc869640 1 -- 172.21.15.7:0/911309822 --> [v2:172.21.15.7:3300/0,v1:172.21.15.7:6789/0] -- mon_subscribe({osdmap=0}) -- 0x7fd9d819ec60 con 0x7fd9d81082a0
2024-09-19T08:35:50.912 INFO:teuthology.orchestra.run.smithi007.stdout:/usr/bin/ceph: stderr
2024-09-19T08:35:49.464+0000 7fd9cf7fe640 1 -- 172.21.15.7:0/911309822 <== mon.0 v2:172.21.15.7:3300/0 4 ==== mgrmap(e 8) ==== 46461+0+0 (secure 0 0 0) 0x7fd9c8044020 con 0x7fd9d81082a0
2024-09-19T08:35:50.912 INFO:teuthology.orchestra.run.smithi007.stdout:/usr/bin/ceph: stderr
2024-09-19T08:35:49.464+0000 7fd9dc869640 1 -- 172.21.15.7:0/911309822 --> [v2:172.21.15.7:3300/0,v1:172.21.15.7:6789/0] -- mon_command({"prefix": "get_command_descriptions"} v 0) -- 0x7fd9d8108700 con 0x7fd9d81082a0
2024-09-19T08:35:50.912 INFO:teuthology.orchestra.run.smithi007.stdout:/usr/bin/ceph: stderr
2024-09-19T08:35:49.464+0000 7fd9cf7fe640 1 --2- 172.21.15.7:0/911309822 >> [v2:172.21.15.7:6800/3071389382,v1:172.21.15.7:6801/3071389382] conn(0x7fd9c40391b0 0x7fd9c403b670 unknown :-1 s=NONE pgs=0 cs=0 l=1 rev1=0 crypto rx=0 tx=0 comp rx=0 tx=0).connect
2024-09-19T08:35:50.912 INFO:teuthology.orchestra.run.smithi007.stdout:/usr/bin/ceph: stderr
2024-09-19T08:35:49.464+0000 7fd9cf7fe640 1 -- 172.21.15.7:0/911309822 <== mon.0 v2:172.21.15.7:3300/0 5 ==== osd_map(2..2 src has 1..2) ==== 940+0+0 (secure 0 0 0) 0x7fd9c8042020 con 0x7fd9d81082a0
2024-09-19T08:35:50.913 INFO:teuthology.orchestra.run.smithi007.stdout:/usr/bin/ceph: stderr
2024-09-19T08:35:49.464+0000 7fd9d5d9b640 1 --2- 172.21.15.7:0/911309822 >> [v2:172.21.15.7:6800/3071389382,v1:172.21.15.7:6801/3071389382] conn(0x7fd9c40391b0 0x7fd9c403b670 unknown :-1 s=BANNER_CONNECTING pgs=0 cs=0 l=1 rev1=0 crypto rx=0 tx=0 comp rx=0 tx=0)._handle_peer_banner_payload supported=3 required=0
2024-09-19T08:35:50.913 INFO:teuthology.orchestra.run.smithi007.stdout:/usr/bin/ceph: stderr
2024-09-19T08:35:49.465+0000 7fd9d5d9b640 1 --2- 172.21.15.7:0/911309822 >> [v2:172.21.15.7:6800/3071389382,v1:172.21.15.7:6801/3071389382] conn(0x7fd9c40391b0 0x7fd9c403b670 secure :-1 s=READY pgs=15 cs=0 l=1 rev1=1 crypto rx=0x7fd9c00098c0 tx=0x7fd9c0006db0 comp rx=0 tx=0).ready entity=mgr.14118 client_cookie=0 server_cookie=0 in_seq=0 out_seq=0
2024-09-19T08:35:50.913 INFO:teuthology.orchestra.run.smithi007.stdout:/usr/bin/ceph: stderr
2024-09-19T08:35:49.471+0000 7fd9cf7fe640 1 -- 172.21.15.7:0/911309822 <== mon.0 v2:172.21.15.7:3300/0 6 ==== mon_command_ack([{"prefix": "get_command_descriptions"}]=0 v0) ==== 72+0+188913 (secure 0 0 0) 0x7fd9c804b020 con 0x7fd9d81082a0
2024-09-19T08:35:50.913 INFO:teuthology.orchestra.run.smithi007.stdout:/usr/bin/ceph: stderr
2024-09-19T08:35:49.652+0000 7fd9dc869640 1 -- 172.21.15.7:0/911309822 --> [v2:172.21.15.7:3300/0,v1:172.21.15.7:6789/0] -- mon_command([{prefix=config set, name=mgr/dashboard/ssl_server_port}] v 0) -- 0x7fd9d819f2c0 con 0x7fd9d81082a0
2024-09-19T08:35:50.913 INFO:teuthology.orchestra.run.smithi007.stdout:/usr/bin/ceph: stderr
2024-09-19T08:35:49.654+0000 7fd9cf7fe640 1 -- 172.21.15.7:0/911309822 <== mon.0 v2:172.21.15.7:3300/0 7 ==== mon_command_ack([{prefix=config set, name=mgr/dashboard/ssl_server_port}]=0 v8)=0 v8) ==== 130+0+0 (secure 0 0 0) 0x7fd9c804b200 con 0x7fd9d81082a0
2024-09-19T08:35:50.913 INFO:teuthology.orchestra.run.smithi007.stdout:/usr/bin/ceph: stderr
2024-09-19T08:35:49.657+0000 7fd9dc869640 1 -- 172.21.15.7:0/911309822 >> [v2:172.21.15.7:6800/3071389382,v1:172.21.15.7:6801/3071389382] conn(0x7fd9c40391b0 msgr2=0x7fd9c403b670 secure :-1 s=STATE_CONNECTION_ESTABLISHED l=1).mark_down
2024-09-19T08:35:50.913 INFO:teuthology.orchestra.run.smithi007.stdout:/usr/bin/ceph: stderr
2024-09-19T08:35:49.657+0000 7fd9dc869640 1 --2- 172.21.15.7:0/911309822 >> [v2:172.21.15.7:6800/3071389382,v1:172.21.15.7:6801/3071389382] conn(0x7fd9c40391b0 0x7fd9c403b670 secure :-1 s=READY pgs=15 cs=0 l=1 rev1=1 crypto rx=0x7fd9c00098c0 tx=0x7fd9c0006db0 comp rx=0 tx=0).stop
2024-09-19T08:35:50.913 INFO:teuthology.orchestra.run.smithi007.stdout:/usr/bin/ceph: stderr
2024-09-19T08:35:49.657+0000 7fd9dc869640 1 -- 172.21.15.7:0/911309822 >> [v2:172.21.15.7:3300/0,v1:172.21.15.7:6789/0] conn(0x7fd9d81082a0 msgr2=0x7fd9d819b7a0 secure :-1 s=STATE_CONNECTION_ESTABLISHED l=1).mark_down
2024-09-19T08:35:50.914 INFO:teuthology.orchestra.run.smithi007.stdout:/usr/bin/ceph: stderr
2024-09-19T08:35:49.657+0000 7fd9dc869640 1 --2- 172.21.15.7:0/911309822 >> [v2:172.21.15.7:3300/0,v1:172.21.15.7:6789/0] conn(0x7fd9d81082a0 0x7fd9d819b7a0 secure :-1 s=READY pgs=52 cs=0 l=1 rev1=1 crypto rx=0x7fd9c802acc0 tx=0x7fd9c8031cc0 comp rx=0 tx=0).stop
2024-09-19T08:35:50.914 INFO:teuthology.orchestra.run.smithi007.stdout:/usr/bin/ceph: stderr
2024-09-19T08:35:49.657+0000 7fd9dc869640 1 -- 172.21.15.7:0/911309822 shutdown_connections
2024-09-19T08:35:50.914 INFO:teuthology.orchestra.run.smithi007.stdout:/usr/bin/ceph: stderr
2024-09-19T08:35:49.657+0000 7fd9dc869640 1 --2- 172.21.15.7:0/911309822 >> [v2:172.21.15.7:6800/3071389382,v1:172.21.15.7:6801/3071389382] conn(0x7fd9c40391b0 0x7fd9c403b670 unknown :-1 s=CLOSED pgs=15 cs=0 l=1 rev1=1 crypto rx=0 tx=0 comp rx=0 tx=0).stop
2024-09-19T08:35:50.914 INFO:teuthology.orchestra.run.smithi007.stdout:/usr/bin/ceph: stderr
2024-09-19T08:35:49.657+0000 7fd9dc869640 1 --2- 172.21.15.7:0/911309822 >> [v2:172.21.15.7:3300/0,v1:172.21.15.7:6789/0] conn(0x7fd9d81082a0 0x7fd9d819b7a0 unknown :-1 s=CLOSED pgs=52 cs=0 l=1 rev1=1 crypto rx=0 tx=0 comp rx=0 tx=0).stop
2024-09-19T08:35:50.914 INFO:teuthology.orchestra.run.smithi007.stdout:/usr/bin/ceph: stderr
2024-09-19T08:35:49.657+0000 7fd9dc869640 1 -- 172.21.15.7:0/911309822 >> 172.21.15.7:0/911309822 conn(0x7fd9d8101e60 msgr2=0x7fd9d8102af0 unknown :-1 s=STATE_NONE l=0).mark_down
2024-09-19T08:35:50.914 INFO:teuthology.orchestra.run.smithi007.stdout:/usr/bin/ceph: stderr
2024-09-19T08:35:49.657+0000 7fd9dc869640 1 -- 172.21.15.7:0/911309822 shutdown_connections
2024-09-19T08:35:50.914 INFO:teuthology.orchestra.run.smithi007.stdout:/usr/bin/ceph: stderr
2024-09-19T08:35:49.657+0000 7fd9dc869640 1 -- 172.21.15.7:0/911309822 wait complete.
2024-09-19T08:35:50.914 INFO:teuthology.orchestra.run.smithi007.stdout:Enabling the dashboard module...
2024-09-19T08:35:51.810 INFO:journalctl@ceph.mon.a.smithi007.stdout:Sep 19 08:35:51 smithi007 ceph-mon[31221]: from='client.? 172.21.15.7:0/539170922' entity='client.admin' cmd=[{"prefix": "mgr module enable", "module": "dashboard"}]: dispatch
2024-09-19T08:35:51.810 INFO:journalctl@ceph.mgr.x.smithi007.stdout:Sep 19 08:35:51 smithi007 ceph-ebd23124-7661-11ef-bceb-c7b262605968-mgr-x[31445]: ignoring --setuser ceph since I am not root
2024-09-19T08:35:51.810 INFO:journalctl@ceph.mgr.x.smithi007.stdout:Sep 19 08:35:51 smithi007 ceph-ebd23124-7661-11ef-bceb-c7b262605968-mgr-x[31445]: ignoring --setgroup ceph since I am not root
2024-09-19T08:35:51.811 INFO:journalctl@ceph.mgr.x.smithi007.stdout:Sep 19 08:35:51 smithi007 ceph-ebd23124-7661-11ef-bceb-c7b262605968-mgr-x[31445]:
2024-09-19T08:35:51.810+0000 7f4a13f3e040 -1 mgr[py] Module osd_perf_query has missing NOTIFY_TYPES member
2024-09-19T08:35:52.098 INFO:journalctl@ceph.mgr.x.smithi007.stdout:Sep 19 08:35:51 smithi007 ceph-ebd23124-7661-11ef-bceb-c7b262605968-mgr-x[31445]:
2024-09-19T08:35:51.870+0000 7f4a13f3e040 -1 mgr[py] Module osd_support has missing NOTIFY_TYPES member
2024-09-19T08:35:52.098 INFO:journalctl@ceph.mgr.x.smithi007.stdout:Sep 19 08:35:52 smithi007 ceph-ebd23124-7661-11ef-bceb-c7b262605968-mgr-x[31445]:
2024-09-19T08:35:52.028+0000 7f4a13f3e040 -1 mgr[py] Module diskprediction_local has missing NOTIFY_TYPES member
2024-09-19T08:35:52.098 INFO:journalctl@ceph.mgr.x.smithi007.stdout:Sep 19 08:35:52 smithi007 ceph-ebd23124-7661-11ef-bceb-c7b262605968-mgr-x[31445]:
2024-09-19T08:35:52.097+0000 7f4a13f3e040 -1 mgr[py] Module crash has missing NOTIFY_TYPES member
2024-09-19T08:35:52.232 INFO:teuthology.orchestra.run.smithi007.stdout:/usr/bin/ceph: stderr
2024-09-19T08:35:51.323+0000 7fc1d2c74640 1 Processor -- start
2024-09-19T08:35:52.232 INFO:teuthology.orchestra.run.smithi007.stdout:/usr/bin/ceph: stderr
2024-09-19T08:35:51.323+0000 7fc1d2c74640 1 -- start start
2024-09-19T08:35:52.232 INFO:teuthology.orchestra.run.smithi007.stdout:/usr/bin/ceph: stderr
2024-09-19T08:35:51.323+0000 7fc1d2c74640 1 --2- >> [v2:172.21.15.7:3300/0,v1:172.21.15.7:6789/0] conn(0x7fc1cc07de00 0x7fc1cc07c260 unknown :-1 s=NONE pgs=0 cs=0 l=0 rev1=0 crypto rx=0 tx=0 comp rx=0 tx=0).connect
2024-09-19T08:35:52.232 INFO:teuthology.orchestra.run.smithi007.stdout:/usr/bin/ceph: stderr
2024-09-19T08:35:51.323+0000 7fc1d2c74640 1 -- --> [v2:172.21.15.7:3300/0,v1:172.21.15.7:6789/0] -- mon_getmap magic: 0 -- 0x7fc1cc07c830 con 0x7fc1cc07de00
2024-09-19T08:35:52.232 INFO:teuthology.orchestra.run.smithi007.stdout:/usr/bin/ceph: stderr
2024-09-19T08:35:51.323+0000 7fc1d0a10640 1 --2- >> [v2:172.21.15.7:3300/0,v1:172.21.15.7:6789/0] conn(0x7fc1cc07de00 0x7fc1cc07c260 unknown :-1 s=BANNER_CONNECTING pgs=0 cs=0 l=0 rev1=0 crypto rx=0 tx=0 comp rx=0 tx=0)._handle_peer_banner_payload supported=3 required=0
2024-09-19T08:35:52.233 INFO:teuthology.orchestra.run.smithi007.stdout:/usr/bin/ceph: stderr
2024-09-19T08:35:51.323+0000 7fc1d0a10640 1 --2- >> [v2:172.21.15.7:3300/0,v1:172.21.15.7:6789/0] conn(0x7fc1cc07de00 0x7fc1cc07c260 unknown :-1 s=HELLO_CONNECTING pgs=0 cs=0 l=0 rev1=1 crypto rx=0 tx=0 comp rx=0 tx=0).handle_hello peer v2:172.21.15.7:3300/0 says I am v2:172.21.15.7:38146/0 (socket says 172.21.15.7:38146)
2024-09-19T08:35:52.233 INFO:teuthology.orchestra.run.smithi007.stdout:/usr/bin/ceph: stderr
2024-09-19T08:35:51.323+0000 7fc1d0a10640 1 -- 172.21.15.7:0/1101824372 learned_addr learned my addr 172.21.15.7:0/1101824372 (peer_addr_for_me v2:172.21.15.7:0/0)
2024-09-19T08:35:52.233 INFO:teuthology.orchestra.run.smithi007.stdout:/usr/bin/ceph: stderr
2024-09-19T08:35:51.323+0000 7fc1d0a10640 1 -- 172.21.15.7:0/1101824372 --> [v2:172.21.15.7:3300/0,v1:172.21.15.7:6789/0] -- mon_subscribe({config=0+,monmap=0+}) -- 0x7fc1cc07c9b0 con 0x7fc1cc07de00
2024-09-19T08:35:52.233 INFO:teuthology.orchestra.run.smithi007.stdout:/usr/bin/ceph: stderr
2024-09-19T08:35:51.324+0000 7fc1d0a10640 1 --2- 172.21.15.7:0/1101824372 >> [v2:172.21.15.7:3300/0,v1:172.21.15.7:6789/0] conn(0x7fc1cc07de00 0x7fc1cc07c260 secure :-1 s=READY pgs=53 cs=0 l=1 rev1=1 crypto rx=0x7fc1c0009820 tx=0x7fc1c002a270 comp rx=0 tx=0).ready entity=mon.0 client_cookie=ce4e10b1151eca45 server_cookie=0 in_seq=0 out_seq=0
2024-09-19T08:35:52.233 INFO:teuthology.orchestra.run.smithi007.stdout:/usr/bin/ceph: stderr
2024-09-19T08:35:51.324+0000 7fc1cb7fe640 1 -- 172.21.15.7:0/1101824372 <== mon.0 v2:172.21.15.7:3300/0 1 ==== mon_map magic: 0 ==== 205+0+0 (secure 0 0 0) 0x7fc1c0037070 con 0x7fc1cc07de00
2024-09-19T08:35:52.233 INFO:teuthology.orchestra.run.smithi007.stdout:/usr/bin/ceph: stderr
2024-09-19T08:35:51.324+0000 7fc1cb7fe640 1 -- 172.21.15.7:0/1101824372 <== mon.0 v2:172.21.15.7:3300/0 2 ==== config(27 keys) ==== 1140+0+0 (secure 0 0 0) 0x7fc1c0032920 con 0x7fc1cc07de00
2024-09-19T08:35:52.233 INFO:teuthology.orchestra.run.smithi007.stdout:/usr/bin/ceph: stderr
2024-09-19T08:35:51.324+0000 7fc1cb7fe640 1 -- 172.21.15.7:0/1101824372 <== mon.0 v2:172.21.15.7:3300/0 3 ==== mon_map magic: 0 ==== 205+0+0 (secure 0 0 0) 0x7fc1c0030810 con 0x7fc1cc07de00
2024-09-19T08:35:52.233 INFO:teuthology.orchestra.run.smithi007.stdout:/usr/bin/ceph: stderr
2024-09-19T08:35:51.325+0000 7fc1d2c74640 1 -- 172.21.15.7:0/1101824372 >> [v2:172.21.15.7:3300/0,v1:172.21.15.7:6789/0] conn(0x7fc1cc07de00 msgr2=0x7fc1cc07c260 secure :-1 s=STATE_CONNECTION_ESTABLISHED l=1).mark_down
2024-09-19T08:35:52.233 INFO:teuthology.orchestra.run.smithi007.stdout:/usr/bin/ceph: stderr
2024-09-19T08:35:51.325+0000 7fc1d2c74640 1 --2- 172.21.15.7:0/1101824372 >> [v2:172.21.15.7:3300/0,v1:172.21.15.7:6789/0] conn(0x7fc1cc07de00 0x7fc1cc07c260 secure :-1 s=READY pgs=53 cs=0 l=1 rev1=1 crypto rx=0x7fc1c0009820 tx=0x7fc1c002a270 comp rx=0 tx=0).stop
2024-09-19T08:35:52.233 INFO:teuthology.orchestra.run.smithi007.stdout:/usr/bin/ceph: stderr
2024-09-19T08:35:51.325+0000 7fc1d2c74640 1 -- 172.21.15.7:0/1101824372 shutdown_connections
2024-09-19T08:35:52.233 INFO:teuthology.orchestra.run.smithi007.stdout:/usr/bin/ceph: stderr
2024-09-19T08:35:51.325+0000 7fc1d2c74640 1 --2- 172.21.15.7:0/1101824372 >> [v2:172.21.15.7:3300/0,v1:172.21.15.7:6789/0] conn(0x7fc1cc07de00 0x7fc1cc07c260 unknown :-1 s=CLOSED pgs=53 cs=0 l=1 rev1=1 crypto rx=0 tx=0 comp rx=0 tx=0).stop
2024-09-19T08:35:52.234 INFO:teuthology.orchestra.run.smithi007.stdout:/usr/bin/ceph: stderr
2024-09-19T08:35:51.325+0000 7fc1d2c74640 1 -- 172.21.15.7:0/1101824372 >> 172.21.15.7:0/1101824372 conn(0x7fc1cc102f60 msgr2=0x7fc1cc1053a0 unknown :-1 s=STATE_NONE l=0).mark_down
2024-09-19T08:35:52.234 INFO:teuthology.orchestra.run.smithi007.stdout:/usr/bin/ceph: stderr
2024-09-19T08:35:51.325+0000 7fc1d2c74640 1 -- 172.21.15.7:0/1101824372 shutdown_connections
2024-09-19T08:35:52.234 INFO:teuthology.orchestra.run.smithi007.stdout:/usr/bin/ceph: stderr
2024-09-19T08:35:51.325+0000 7fc1d2c74640 1 -- 172.21.15.7:0/1101824372 wait complete.
2024-09-19T08:35:52.234 INFO:teuthology.orchestra.run.smithi007.stdout:/usr/bin/ceph: stderr
2024-09-19T08:35:51.326+0000 7fc1d2c74640 1 Processor -- start
2024-09-19T08:35:52.234 INFO:teuthology.orchestra.run.smithi007.stdout:/usr/bin/ceph: stderr
2024-09-19T08:35:51.326+0000 7fc1d2c74640 1 -- start start
2024-09-19T08:35:52.234 INFO:teuthology.orchestra.run.smithi007.stdout:/usr/bin/ceph: stderr
2024-09-19T08:35:51.326+0000 7fc1d2c74640 1 --2- >> [v2:172.21.15.7:3300/0,v1:172.21.15.7:6789/0] conn(0x7fc1cc07de00 0x7fc1cc19d980 unknown :-1 s=NONE pgs=0 cs=0 l=1 rev1=0 crypto rx=0 tx=0 comp rx=0 tx=0).connect
2024-09-19T08:35:52.234 INFO:teuthology.orchestra.run.smithi007.stdout:/usr/bin/ceph: stderr
2024-09-19T08:35:51.326+0000 7fc1d2c74640 1 -- --> [v2:172.21.15.7:3300/0,v1:172.21.15.7:6789/0] -- mon_getmap magic: 0 -- 0x7fc1cc10ddf0 con 0x7fc1cc07de00
2024-09-19T08:35:52.234 INFO:teuthology.orchestra.run.smithi007.stdout:/usr/bin/ceph: stderr
2024-09-19T08:35:51.326+0000 7fc1d0a10640 1 --2- >> [v2:172.21.15.7:3300/0,v1:172.21.15.7:6789/0] conn(0x7fc1cc07de00 0x7fc1cc19d980 unknown :-1 s=BANNER_CONNECTING pgs=0 cs=0 l=1 rev1=0 crypto rx=0 tx=0 comp rx=0 tx=0)._handle_peer_banner_payload supported=3 required=0
2024-09-19T08:35:52.234 INFO:teuthology.orchestra.run.smithi007.stdout:/usr/bin/ceph: stderr
2024-09-19T08:35:51.326+0000 7fc1d0a10640 1 --2- >> [v2:172.21.15.7:3300/0,v1:172.21.15.7:6789/0] conn(0x7fc1cc07de00 0x7fc1cc19d980 unknown :-1 s=HELLO_CONNECTING pgs=0 cs=0 l=1 rev1=1 crypto rx=0 tx=0 comp rx=0 tx=0).handle_hello peer v2:172.21.15.7:3300/0 says I am v2:172.21.15.7:38154/0 (socket says 172.21.15.7:38154)
2024-09-19T08:35:52.234 INFO:teuthology.orchestra.run.smithi007.stdout:/usr/bin/ceph: stderr
2024-09-19T08:35:51.326+0000 7fc1d0a10640 1 -- 172.21.15.7:0/539170922 learned_addr learned my addr 172.21.15.7:0/539170922 (peer_addr_for_me v2:172.21.15.7:0/0)
2024-09-19T08:35:52.234 INFO:teuthology.orchestra.run.smithi007.stdout:/usr/bin/ceph: stderr
2024-09-19T08:35:51.326+0000 7fc1d0a10640 1 -- 172.21.15.7:0/539170922 --> [v2:172.21.15.7:3300/0,v1:172.21.15.7:6789/0] -- mon_subscribe({config=0+,monmap=0+}) -- 0x7fc1cc19dec0 con 0x7fc1cc07de00
2024-09-19T08:35:52.234 INFO:teuthology.orchestra.run.smithi007.stdout:/usr/bin/ceph: stderr
2024-09-19T08:35:51.327+0000 7fc1d0a10640 1 --2- 172.21.15.7:0/539170922 >> [v2:172.21.15.7:3300/0,v1:172.21.15.7:6789/0] conn(0x7fc1cc07de00 0x7fc1cc19d980 secure :-1 s=READY pgs=54 cs=0 l=1 rev1=1 crypto rx=0x7fc1c0030380 tx=0x7fc1c0032670 comp rx=0 tx=0).ready entity=mon.0 client_cookie=0 server_cookie=0 in_seq=0 out_seq=0
2024-09-19T08:35:52.234 INFO:teuthology.orchestra.run.smithi007.stdout:/usr/bin/ceph: stderr
2024-09-19T08:35:51.327+0000 7fc1c9ffb640 1 -- 172.21.15.7:0/539170922 <== mon.0 v2:172.21.15.7:3300/0 1 ==== mon_map magic: 0 ==== 205+0+0 (secure 0 0 0) 0x7fc1c0037040 con 0x7fc1cc07de00
2024-09-19T08:35:52.235 INFO:teuthology.orchestra.run.smithi007.stdout:/usr/bin/ceph: stderr
2024-09-19T08:35:51.327+0000 7fc1c9ffb640 1 -- 172.21.15.7:0/539170922 <== mon.0 v2:172.21.15.7:3300/0 2 ==== config(27 keys) ==== 1140+0+0 (secure 0 0 0) 0x7fc1c0040070 con 0x7fc1cc07de00
2024-09-19T08:35:52.235 INFO:teuthology.orchestra.run.smithi007.stdout:/usr/bin/ceph: stderr
2024-09-19T08:35:51.327+0000 7fc1d2c74640 1 -- 172.21.15.7:0/539170922 --> [v2:172.21.15.7:3300/0,v1:172.21.15.7:6789/0] -- mon_subscribe({mgrmap=0+}) -- 0x7fc1cc19e150 con 0x7fc1cc07de00
2024-09-19T08:35:52.235 INFO:teuthology.orchestra.run.smithi007.stdout:/usr/bin/ceph: stderr
2024-09-19T08:35:51.327+0000 7fc1c9ffb640 1 -- 172.21.15.7:0/539170922 <== mon.0 v2:172.21.15.7:3300/0 3 ==== mon_map magic: 0 ==== 205+0+0 (secure 0 0 0) 0x7fc1c003a7b0 con 0x7fc1cc07de00
2024-09-19T08:35:52.235 INFO:teuthology.orchestra.run.smithi007.stdout:/usr/bin/ceph: stderr
2024-09-19T08:35:51.327+0000 7fc1d2c74640 1 -- 172.21.15.7:0/539170922 --> [v2:172.21.15.7:3300/0,v1:172.21.15.7:6789/0] -- mon_subscribe({osdmap=0}) -- 0x7fc1cc1a0e40 con 0x7fc1cc07de00
2024-09-19T08:35:52.235 INFO:teuthology.orchestra.run.smithi007.stdout:/usr/bin/ceph: stderr
2024-09-19T08:35:51.328+0000 7fc1c9ffb640 1 -- 172.21.15.7:0/539170922 <== mon.0 v2:172.21.15.7:3300/0 4 ==== mgrmap(e 8) ==== 46461+0+0 (secure 0 0 0) 0x7fc1c003a9e0 con 0x7fc1cc07de00
2024-09-19T08:35:52.235 INFO:teuthology.orchestra.run.smithi007.stdout:/usr/bin/ceph: stderr
2024-09-19T08:35:51.328+0000 7fc1d2c74640 1 -- 172.21.15.7:0/539170922 --> [v2:172.21.15.7:3300/0,v1:172.21.15.7:6789/0] -- mon_command({"prefix": "get_command_descriptions"} v 0) -- 0x7fc1cc07c2e0 con 0x7fc1cc07de00
2024-09-19T08:35:52.235 INFO:teuthology.orchestra.run.smithi007.stdout:/usr/bin/ceph: stderr
2024-09-19T08:35:51.328+0000 7fc1c9ffb640 1 --2- 172.21.15.7:0/539170922 >> [v2:172.21.15.7:6800/3071389382,v1:172.21.15.7:6801/3071389382] conn(0x7fc1bc039200 0x7fc1bc03b6c0 unknown :-1 s=NONE pgs=0 cs=0 l=1 rev1=0 crypto rx=0 tx=0 comp rx=0 tx=0).connect
2024-09-19T08:35:52.235 INFO:teuthology.orchestra.run.smithi007.stdout:/usr/bin/ceph: stderr
2024-09-19T08:35:51.328+0000 7fc1c9ffb640 1 -- 172.21.15.7:0/539170922 <== mon.0 v2:172.21.15.7:3300/0 5 ==== osd_map(2..2 src has 1..2) ==== 940+0+0 (secure 0 0 0) 0x7fc1c006ca20 con 0x7fc1cc07de00
2024-09-19T08:35:52.235 INFO:teuthology.orchestra.run.smithi007.stdout:/usr/bin/ceph: stderr
2024-09-19T08:35:51.328+0000 7fc1cbfff640 1 --2- 172.21.15.7:0/539170922 >> [v2:172.21.15.7:6800/3071389382,v1:172.21.15.7:6801/3071389382] conn(0x7fc1bc039200 0x7fc1bc03b6c0 unknown :-1 s=BANNER_CONNECTING pgs=0 cs=0 l=1 rev1=0 crypto rx=0 tx=0 comp rx=0 tx=0)._handle_peer_banner_payload supported=3 required=0
2024-09-19T08:35:52.235 INFO:teuthology.orchestra.run.smithi007.stdout:/usr/bin/ceph: stderr
2024-09-19T08:35:51.329+0000 7fc1cbfff640 1 --2- 172.21.15.7:0/539170922 >> [v2:172.21.15.7:6800/3071389382,v1:172.21.15.7:6801/3071389382] conn(0x7fc1bc039200 0x7fc1bc03b6c0 secure :-1 s=READY pgs=16 cs=0 l=1 rev1=1 crypto rx=0x7fc1b80098c0 tx=0x7fc1b8006db0 comp rx=0 tx=0).ready entity=mgr.14118 client_cookie=0 server_cookie=0 in_seq=0 out_seq=0
2024-09-19T08:35:52.235 INFO:teuthology.orchestra.run.smithi007.stdout:/usr/bin/ceph: stderr
2024-09-19T08:35:51.333+0000 7fc1c9ffb640 1 -- 172.21.15.7:0/539170922 <== mon.0 v2:172.21.15.7:3300/0 6 ==== mon_command_ack([{"prefix": "get_command_descriptions"}]=0 v0) ==== 72+0+188913 (secure 0 0 0) 0x7fc1c0044c70 con 0x7fc1cc07de00
2024-09-19T08:35:52.235 INFO:teuthology.orchestra.run.smithi007.stdout:/usr/bin/ceph: stderr
2024-09-19T08:35:51.556+0000 7fc1d2c74640 1 -- 172.21.15.7:0/539170922 --> [v2:172.21.15.7:3300/0,v1:172.21.15.7:6789/0] -- mon_command({"prefix": "mgr module enable", "module": "dashboard"} v 0) -- 0x7fc1cc1a13e0 con 0x7fc1cc07de00
2024-09-19T08:35:52.235 INFO:teuthology.orchestra.run.smithi007.stdout:/usr/bin/ceph: stderr
2024-09-19T08:35:51.657+0000 7fc1c9ffb640 1 -- 172.21.15.7:0/539170922 <== mon.0 v2:172.21.15.7:3300/0 7 ==== mon_command_ack([{"prefix": "mgr module enable", "module": "dashboard"}]=0 v9) ==== 88+0+0 (secure 0 0 0) 0x7fc1c003ae20 con 0x7fc1cc07de00
2024-09-19T08:35:52.236 INFO:teuthology.orchestra.run.smithi007.stdout:/usr/bin/ceph: stderr
2024-09-19T08:35:51.658+0000 7fc1c9ffb640 1 -- 172.21.15.7:0/539170922 <== mon.0 v2:172.21.15.7:3300/0 8 ==== mgrmap(e 9) ==== 46474+0+0 (secure 0 0 0) 0x7fc1c0045980 con 0x7fc1cc07de00
2024-09-19T08:35:52.236 INFO:teuthology.orchestra.run.smithi007.stdout:/usr/bin/ceph: stderr
2024-09-19T08:35:51.659+0000 7fc1d2c74640 1 -- 172.21.15.7:0/539170922 >> [v2:172.21.15.7:6800/3071389382,v1:172.21.15.7:6801/3071389382] conn(0x7fc1bc039200 msgr2=0x7fc1bc03b6c0 secure :-1 s=STATE_CONNECTION_ESTABLISHED l=1).mark_down
2024-09-19T08:35:52.236 INFO:teuthology.orchestra.run.smithi007.stdout:/usr/bin/ceph: stderr
2024-09-19T08:35:51.659+0000 7fc1d2c74640 1 --2- 172.21.15.7:0/539170922 >> [v2:172.21.15.7:6800/3071389382,v1:172.21.15.7:6801/3071389382] conn(0x7fc1bc039200 0x7fc1bc03b6c0 secure :-1 s=READY pgs=16 cs=0 l=1 rev1=1 crypto rx=0x7fc1b80098c0 tx=0x7fc1b8006db0 comp rx=0 tx=0).stop
2024-09-19T08:35:52.236 INFO:teuthology.orchestra.run.smithi007.stdout:/usr/bin/ceph: stderr
2024-09-19T08:35:51.659+0000 7fc1d2c74640 1 -- 172.21.15.7:0/539170922 >> [v2:172.21.15.7:3300/0,v1:172.21.15.7:6789/0] conn(0x7fc1cc07de00 msgr2=0x7fc1cc19d980 secure :-1 s=STATE_CONNECTION_ESTABLISHED l=1).mark_down
2024-09-19T08:35:52.236 INFO:teuthology.orchestra.run.smithi007.stdout:/usr/bin/ceph: stderr
2024-09-19T08:35:51.659+0000 7fc1d2c74640 1 --2- 172.21.15.7:0/539170922 >> [v2:172.21.15.7:3300/0,v1:172.21.15.7:6789/0] conn(0x7fc1cc07de00 0x7fc1cc19d980 secure :-1 s=READY pgs=54 cs=0 l=1 rev1=1 crypto rx=0x7fc1c0030380 tx=0x7fc1c0032670 comp rx=0 tx=0).stop
2024-09-19T08:35:52.236 INFO:teuthology.orchestra.run.smithi007.stdout:/usr/bin/ceph: stderr
2024-09-19T08:35:51.660+0000 7fc1d2c74640 1 -- 172.21.15.7:0/539170922 shutdown_connections
2024-09-19T08:35:52.236 INFO:teuthology.orchestra.run.smithi007.stdout:/usr/bin/ceph: stderr
2024-09-19T08:35:51.660+0000 7fc1d2c74640 1 --2- 172.21.15.7:0/539170922 >> [v2:172.21.15.7:6800/3071389382,v1:172.21.15.7:6801/3071389382] conn(0x7fc1bc039200 0x7fc1bc03b6c0 unknown :-1 s=CLOSED pgs=16 cs=0 l=1 rev1=1 crypto rx=0 tx=0 comp rx=0 tx=0).stop
2024-09-19T08:35:52.236 INFO:teuthology.orchestra.run.smithi007.stdout:/usr/bin/ceph: stderr
2024-09-19T08:35:51.660+0000 7fc1d2c74640 1 --2- 172.21.15.7:0/539170922 >> [v2:172.21.15.7:3300/0,v1:172.21.15.7:6789/0] conn(0x7fc1cc07de00 0x7fc1cc19d980 unknown :-1 s=CLOSED pgs=54 cs=0 l=1 rev1=1 crypto rx=0 tx=0 comp rx=0 tx=0).stop
2024-09-19T08:35:52.236 INFO:teuthology.orchestra.run.smithi007.stdout:/usr/bin/ceph: stderr
2024-09-19T08:35:51.660+0000 7fc1d2c74640 1 -- 172.21.15.7:0/539170922 >> 172.21.15.7:0/539170922 conn(0x7fc1cc102f60 msgr2=0x7fc1cc103b40 unknown :-1 s=STATE_NONE l=0).mark_down
2024-09-19T08:35:52.236 INFO:teuthology.orchestra.run.smithi007.stdout:/usr/bin/ceph: stderr
2024-09-19T08:35:51.660+0000 7fc1d2c74640 1 -- 172.21.15.7:0/539170922 shutdown_connections
2024-09-19T08:35:52.236 INFO:teuthology.orchestra.run.smithi007.stdout:/usr/bin/ceph: stderr
2024-09-19T08:35:51.660+0000 7fc1d2c74640 1 -- 172.21.15.7:0/539170922 wait complete.
2024-09-19T08:35:52.351 INFO:journalctl@ceph.mgr.x.smithi007.stdout:Sep 19 08:35:52 smithi007 ceph-ebd23124-7661-11ef-bceb-c7b262605968-mgr-x[31445]:
2024-09-19T08:35:52.255+0000 7f4a13f3e040 -1 mgr[py] Module test_orchestrator has missing NOTIFY_TYPES member
2024-09-19T08:35:52.653 INFO:journalctl@ceph.mgr.x.smithi007.stdout:Sep 19 08:35:52 smithi007 ceph-ebd23124-7661-11ef-bceb-c7b262605968-mgr-x[31445]:
2024-09-19T08:35:52.406+0000 7f4a13f3e040 -1 mgr[py] Module snap_schedule has missing NOTIFY_TYPES member
2024-09-19T08:35:52.905 INFO:journalctl@ceph.mgr.x.smithi007.stdout:Sep 19 08:35:52 smithi007 ceph-ebd23124-7661-11ef-bceb-c7b262605968-mgr-x[31445]:
2024-09-19T08:35:52.745+0000 7f4a13f3e040 -1 mgr[py] Module prometheus has missing NOTIFY_TYPES member
2024-09-19T08:35:52.905 INFO:journalctl@ceph.mgr.x.smithi007.stdout:Sep 19 08:35:52 smithi007 ceph-ebd23124-7661-11ef-bceb-c7b262605968-mgr-x[31445]:
2024-09-19T08:35:52.810+0000 7f4a13f3e040 -1 mgr[py] Module selftest has missing NOTIFY_TYPES member
2024-09-19T08:35:52.905 INFO:journalctl@ceph.mon.a.smithi007.stdout:Sep 19 08:35:52 smithi007 ceph-mon[31221]: from='client.? 172.21.15.7:0/539170922' entity='client.admin' cmd='[{"prefix": "mgr module enable", "module": "dashboard"}]': finished
2024-09-19T08:35:52.905 INFO:journalctl@ceph.mon.a.smithi007.stdout:Sep 19 08:35:52 smithi007 ceph-mon[31221]: mgrmap e9: x(active, since 19s)
2024-09-19T08:35:53.215 INFO:journalctl@ceph.mgr.x.smithi007.stdout:Sep 19 08:35:53 smithi007 ceph-ebd23124-7661-11ef-bceb-c7b262605968-mgr-x[31445]:
2024-09-19T08:35:53.016+0000 7f4a13f3e040 -1 mgr[py] Module volumes has missing NOTIFY_TYPES member
2024-09-19T08:35:53.498 INFO:teuthology.orchestra.run.smithi007.stdout:/usr/bin/ceph: stdout {
2024-09-19T08:35:53.498 INFO:teuthology.orchestra.run.smithi007.stdout:/usr/bin/ceph: stdout "epoch": 9,
2024-09-19T08:35:53.498 INFO:teuthology.orchestra.run.smithi007.stdout:/usr/bin/ceph: stdout "available": true,
2024-09-19T08:35:53.498 INFO:teuthology.orchestra.run.smithi007.stdout:/usr/bin/ceph: stdout "active_name": "x",
2024-09-19T08:35:53.498 INFO:teuthology.orchestra.run.smithi007.stdout:/usr/bin/ceph: stdout "num_standby": 0
2024-09-19T08:35:53.499 INFO:teuthology.orchestra.run.smithi007.stdout:/usr/bin/ceph: stdout }
2024-09-19T08:35:53.499 INFO:teuthology.orchestra.run.smithi007.stdout:/usr/bin/ceph: stderr
2024-09-19T08:35:52.667+0000 7f76ba0ec640 1 Processor -- start
2024-09-19T08:35:53.499 INFO:teuthology.orchestra.run.smithi007.stdout:/usr/bin/ceph: stderr
2024-09-19T08:35:52.667+0000 7f76ba0ec640 1 -- start start
2024-09-19T08:35:53.499 INFO:teuthology.orchestra.run.smithi007.stdout:/usr/bin/ceph: stderr
2024-09-19T08:35:52.667+0000 7f76ba0ec640 1 --2- >> [v2:172.21.15.7:3300/0,v1:172.21.15.7:6789/0] conn(0x7f76b41082c0 0x7f76b410a6b0 unknown :-1 s=NONE pgs=0 cs=0 l=0 rev1=0 crypto rx=0 tx=0 comp rx=0 tx=0).connect
2024-09-19T08:35:53.499 INFO:teuthology.orchestra.run.smithi007.stdout:/usr/bin/ceph: stderr
2024-09-19T08:35:52.667+0000 7f76ba0ec640 1 -- --> [v2:172.21.15.7:3300/0,v1:172.21.15.7:6789/0] -- mon_getmap magic: 0 -- 0x7f76b407bdd0 con 0x7f76b41082c0
2024-09-19T08:35:53.499 INFO:teuthology.orchestra.run.smithi007.stdout:/usr/bin/ceph: stderr
2024-09-19T08:35:52.667+0000 7f76b37fe640 1 --2- >> [v2:172.21.15.7:3300/0,v1:172.21.15.7:6789/0] conn(0x7f76b41082c0 0x7f76b410a6b0 unknown :-1 s=BANNER_CONNECTING pgs=0 cs=0 l=0 rev1=0 crypto rx=0 tx=0 comp rx=0 tx=0)._handle_peer_banner_payload supported=3 required=0
2024-09-19T08:35:53.499 INFO:teuthology.orchestra.run.smithi007.stdout:/usr/bin/ceph: stderr
2024-09-19T08:35:52.667+0000 7f76b37fe640 1 --2- >> [v2:172.21.15.7:3300/0,v1:172.21.15.7:6789/0] conn(0x7f76b41082c0 0x7f76b410a6b0 unknown :-1 s=HELLO_CONNECTING pgs=0 cs=0 l=0 rev1=1 crypto rx=0 tx=0 comp rx=0 tx=0).handle_hello peer v2:172.21.15.7:3300/0 says I am v2:172.21.15.7:38184/0 (socket says 172.21.15.7:38184)
2024-09-19T08:35:53.499 INFO:teuthology.orchestra.run.smithi007.stdout:/usr/bin/ceph: stderr
2024-09-19T08:35:52.667+0000 7f76b37fe640 1 -- 172.21.15.7:0/241563745 learned_addr learned my addr 172.21.15.7:0/241563745 (peer_addr_for_me v2:172.21.15.7:0/0)
2024-09-19T08:35:53.499 INFO:teuthology.orchestra.run.smithi007.stdout:/usr/bin/ceph: stderr
2024-09-19T08:35:52.667+0000 7f76b37fe640 1 -- 172.21.15.7:0/241563745 --> [v2:172.21.15.7:3300/0,v1:172.21.15.7:6789/0] -- mon_subscribe({config=0+,monmap=0+}) -- 0x7f76b410abf0 con 0x7f76b41082c0
2024-09-19T08:35:53.499 INFO:teuthology.orchestra.run.smithi007.stdout:/usr/bin/ceph: stderr
2024-09-19T08:35:52.668+0000 7f76b37fe640 1 --2- 172.21.15.7:0/241563745 >> [v2:172.21.15.7:3300/0,v1:172.21.15.7:6789/0] conn(0x7f76b41082c0 0x7f76b410a6b0 secure :-1 s=READY pgs=57 cs=0 l=1 rev1=1 crypto rx=0x7f76a4009820 tx=0x7f76a402a270 comp rx=0 tx=0).ready entity=mon.0 client_cookie=3e5050f61ca64df9 server_cookie=0 in_seq=0 out_seq=0
2024-09-19T08:35:53.499 INFO:teuthology.orchestra.run.smithi007.stdout:/usr/bin/ceph: stderr
2024-09-19T08:35:52.668+0000 7f76b27fc640 1 -- 172.21.15.7:0/241563745 <== mon.0 v2:172.21.15.7:3300/0 1 ==== mon_map magic: 0 ==== 205+0+0 (secure 0 0 0) 0x7f76a4037070 con 0x7f76b41082c0
2024-09-19T08:35:53.499 INFO:teuthology.orchestra.run.smithi007.stdout:/usr/bin/ceph: stderr
2024-09-19T08:35:52.668+0000 7f76b27fc640 1 -- 172.21.15.7:0/241563745 <== mon.0 v2:172.21.15.7:3300/0 2 ==== config(27 keys) ==== 1140+0+0 (secure 0 0 0) 0x7f76a4032920 con 0x7f76b41082c0
2024-09-19T08:35:53.499 INFO:teuthology.orchestra.run.smithi007.stdout:/usr/bin/ceph: stderr
2024-09-19T08:35:52.668+0000 7f76b27fc640 1 -- 172.21.15.7:0/241563745 <== mon.0 v2:172.21.15.7:3300/0 3 ==== mon_map magic: 0 ==== 205+0+0 (secure 0 0 0) 0x7f76a4030810 con 0x7f76b41082c0
2024-09-19T08:35:53.500 INFO:teuthology.orchestra.run.smithi007.stdout:/usr/bin/ceph: stderr
2024-09-19T08:35:52.669+0000 7f76ba0ec640 1 -- 172.21.15.7:0/241563745 >> [v2:172.21.15.7:3300/0,v1:172.21.15.7:6789/0] conn(0x7f76b41082c0 msgr2=0x7f76b410a6b0 secure :-1 s=STATE_CONNECTION_ESTABLISHED l=1).mark_down
2024-09-19T08:35:53.500 INFO:teuthology.orchestra.run.smithi007.stdout:/usr/bin/ceph: stderr
2024-09-19T08:35:52.669+0000 7f76ba0ec640 1 --2- 172.21.15.7:0/241563745 >> [v2:172.21.15.7:3300/0,v1:172.21.15.7:6789/0] conn(0x7f76b41082c0 0x7f76b410a6b0 secure :-1 s=READY pgs=57 cs=0 l=1 rev1=1 crypto rx=0x7f76a4009820 tx=0x7f76a402a270 comp rx=0 tx=0).stop
2024-09-19T08:35:53.500 INFO:teuthology.orchestra.run.smithi007.stdout:/usr/bin/ceph: stderr
2024-09-19T08:35:52.669+0000 7f76ba0ec640 1 -- 172.21.15.7:0/241563745 shutdown_connections
2024-09-19T08:35:53.500 INFO:teuthology.orchestra.run.smithi007.stdout:/usr/bin/ceph: stderr
2024-09-19T08:35:52.669+0000 7f76ba0ec640 1 --2- 172.21.15.7:0/241563745 >> [v2:172.21.15.7:3300/0,v1:172.21.15.7:6789/0] conn(0x7f76b41082c0 0x7f76b410a6b0 unknown :-1 s=CLOSED pgs=57 cs=0 l=1 rev1=1 crypto rx=0 tx=0 comp rx=0 tx=0).stop
2024-09-19T08:35:53.500 INFO:teuthology.orchestra.run.smithi007.stdout:/usr/bin/ceph: stderr
2024-09-19T08:35:52.669+0000 7f76ba0ec640 1 -- 172.21.15.7:0/241563745 >> 172.21.15.7:0/241563745 conn(0x7f76b4101e80 msgr2=0x7f76b41042c0 unknown :-1 s=STATE_NONE l=0).mark_down
2024-09-19T08:35:53.500 INFO:teuthology.orchestra.run.smithi007.stdout:/usr/bin/ceph: stderr
2024-09-19T08:35:52.669+0000 7f76ba0ec640 1 -- 172.21.15.7:0/241563745 shutdown_connections
2024-09-19T08:35:53.500 INFO:teuthology.orchestra.run.smithi007.stdout:/usr/bin/ceph: stderr
2024-09-19T08:35:52.669+0000 7f76ba0ec640 1 -- 172.21.15.7:0/241563745 wait complete.
2024-09-19T08:35:53.500 INFO:teuthology.orchestra.run.smithi007.stdout:/usr/bin/ceph: stderr
2024-09-19T08:35:52.670+0000 7f76ba0ec640 1 Processor -- start
2024-09-19T08:35:53.500 INFO:teuthology.orchestra.run.smithi007.stdout:/usr/bin/ceph: stderr
2024-09-19T08:35:52.670+0000 7f76ba0ec640 1 -- start start
2024-09-19T08:35:53.500 INFO:teuthology.orchestra.run.smithi007.stdout:/usr/bin/ceph: stderr
2024-09-19T08:35:52.670+0000 7f76ba0ec640 1 --2- >> [v2:172.21.15.7:3300/0,v1:172.21.15.7:6789/0] conn(0x7f76b41082c0 0x7f76b4107b40 unknown :-1 s=NONE pgs=0 cs=0 l=1 rev1=0 crypto rx=0 tx=0 comp rx=0 tx=0).connect
2024-09-19T08:35:53.500 INFO:teuthology.orchestra.run.smithi007.stdout:/usr/bin/ceph: stderr
2024-09-19T08:35:52.670+0000 7f76ba0ec640 1 -- --> [v2:172.21.15.7:3300/0,v1:172.21.15.7:6789/0] -- mon_getmap magic: 0 -- 0x7f76b410bc00 con 0x7f76b41082c0
2024-09-19T08:35:53.501 INFO:teuthology.orchestra.run.smithi007.stdout:/usr/bin/ceph: stderr
2024-09-19T08:35:52.670+0000 7f76b37fe640 1 --2- >> [v2:172.21.15.7:3300/0,v1:172.21.15.7:6789/0] conn(0x7f76b41082c0 0x7f76b4107b40 unknown :-1 s=BANNER_CONNECTING pgs=0 cs=0 l=1 rev1=0 crypto rx=0 tx=0 comp rx=0 tx=0)._handle_peer_banner_payload supported=3 required=0
2024-09-19T08:35:53.501 INFO:teuthology.orchestra.run.smithi007.stdout:/usr/bin/ceph: stderr
2024-09-19T08:35:52.670+0000 7f76b37fe640 1 --2- >> [v2:172.21.15.7:3300/0,v1:172.21.15.7:6789/0] conn(0x7f76b41082c0 0x7f76b4107b40 unknown :-1 s=HELLO_CONNECTING pgs=0 cs=0 l=1 rev1=1 crypto rx=0 tx=0 comp rx=0 tx=0).handle_hello peer v2:172.21.15.7:3300/0 says I am v2:172.21.15.7:38194/0 (socket says 172.21.15.7:38194)
2024-09-19T08:35:53.501 INFO:teuthology.orchestra.run.smithi007.stdout:/usr/bin/ceph: stderr
2024-09-19T08:35:52.670+0000 7f76b37fe640 1 -- 172.21.15.7:0/2074400144 learned_addr learned my addr 172.21.15.7:0/2074400144 (peer_addr_for_me v2:172.21.15.7:0/0)
2024-09-19T08:35:53.501 INFO:teuthology.orchestra.run.smithi007.stdout:/usr/bin/ceph: stderr
2024-09-19T08:35:52.671+0000 7f76b37fe640 1 -- 172.21.15.7:0/2074400144 --> [v2:172.21.15.7:3300/0,v1:172.21.15.7:6789/0] -- mon_subscribe({config=0+,monmap=0+}) -- 0x7f76b4108080 con 0x7f76b41082c0
2024-09-19T08:35:53.501 INFO:teuthology.orchestra.run.smithi007.stdout:/usr/bin/ceph: stderr
2024-09-19T08:35:52.671+0000 7f76b37fe640 1 --2- 172.21.15.7:0/2074400144 >> [v2:172.21.15.7:3300/0,v1:172.21.15.7:6789/0] conn(0x7f76b41082c0 0x7f76b4107b40 secure :-1 s=READY pgs=58 cs=0 l=1 rev1=1 crypto rx=0x7f76a4030380 tx=0x7f76a4032670 comp rx=0 tx=0).ready entity=mon.0 client_cookie=0 server_cookie=0 in_seq=0 out_seq=0
2024-09-19T08:35:53.501 INFO:teuthology.orchestra.run.smithi007.stdout:/usr/bin/ceph: stderr
2024-09-19T08:35:52.671+0000 7f76b0ff9640 1 -- 172.21.15.7:0/2074400144 <== mon.0 v2:172.21.15.7:3300/0 1 ==== mon_map magic: 0 ==== 205+0+0 (secure 0 0 0) 0x7f76a4037040 con 0x7f76b41082c0
2024-09-19T08:35:53.501 INFO:teuthology.orchestra.run.smithi007.stdout:/usr/bin/ceph: stderr
2024-09-19T08:35:52.671+0000 7f76b0ff9640 1 -- 172.21.15.7:0/2074400144 <== mon.0 v2:172.21.15.7:3300/0 2 ==== config(27 keys) ==== 1140+0+0 (secure 0 0 0) 0x7f76a4040070 con 0x7f76b41082c0
2024-09-19T08:35:53.501 INFO:teuthology.orchestra.run.smithi007.stdout:/usr/bin/ceph: stderr
2024-09-19T08:35:52.671+0000 7f76ba0ec640 1 -- 172.21.15.7:0/2074400144 --> [v2:172.21.15.7:3300/0,v1:172.21.15.7:6789/0] -- mon_subscribe({mgrmap=0+}) -- 0x7f76b4106270 con 0x7f76b41082c0
2024-09-19T08:35:53.501 INFO:teuthology.orchestra.run.smithi007.stdout:/usr/bin/ceph: stderr
2024-09-19T08:35:52.671+0000 7f76b0ff9640 1 -- 172.21.15.7:0/2074400144 <== mon.0 v2:172.21.15.7:3300/0 3 ==== mon_map magic: 0 ==== 205+0+0 (secure 0 0 0) 0x7f76a403a7b0 con 0x7f76b41082c0
2024-09-19T08:35:53.501 INFO:teuthology.orchestra.run.smithi007.stdout:/usr/bin/ceph: stderr
2024-09-19T08:35:52.671+0000 7f76ba0ec640 1 -- 172.21.15.7:0/2074400144 --> [v2:172.21.15.7:3300/0,v1:172.21.15.7:6789/0] -- mon_subscribe({osdmap=0}) -- 0x7f76b41067b0 con 0x7f76b41082c0
2024-09-19T08:35:53.501 INFO:teuthology.orchestra.run.smithi007.stdout:/usr/bin/ceph: stderr
2024-09-19T08:35:52.672+0000 7f76b0ff9640 1 -- 172.21.15.7:0/2074400144 <== mon.0 v2:172.21.15.7:3300/0 4 ==== mgrmap(e 9) ==== 46474+0+0 (secure 0 0 0) 0x7f76a403a9e0 con 0x7f76b41082c0
2024-09-19T08:35:53.501 INFO:teuthology.orchestra.run.smithi007.stdout:/usr/bin/ceph: stderr
2024-09-19T08:35:52.672+0000 7f76b0ff9640 1 --2- 172.21.15.7:0/2074400144 >> [v2:172.21.15.7:6800/3071389382,v1:172.21.15.7:6801/3071389382] conn(0x7f769c039260 0x7f769c03b720 unknown :-1 s=NONE pgs=0 cs=0 l=1 rev1=0 crypto rx=0 tx=0 comp rx=0 tx=0).connect
2024-09-19T08:35:53.501 INFO:teuthology.orchestra.run.smithi007.stdout:/usr/bin/ceph: stderr
2024-09-19T08:35:52.672+0000 7f76b0ff9640 1 -- 172.21.15.7:0/2074400144 <== mon.0 v2:172.21.15.7:3300/0 5 ==== osd_map(2..2 src has 1..2) ==== 940+0+0 (secure 0 0 0) 0x7f76a406c990 con 0x7f76b41082c0
2024-09-19T08:35:53.502 INFO:teuthology.orchestra.run.smithi007.stdout:/usr/bin/ceph: stderr
2024-09-19T08:35:52.672+0000 7f76b2ffd640 1 -- 172.21.15.7:0/2074400144 >> [v2:172.21.15.7:6800/3071389382,v1:172.21.15.7:6801/3071389382] conn(0x7f769c039260 msgr2=0x7f769c03b720 unknown :-1 s=STATE_CONNECTING_RE l=1).process reconnect failed to v2:172.21.15.7:6800/3071389382
2024-09-19T08:35:53.502 INFO:teuthology.orchestra.run.smithi007.stdout:/usr/bin/ceph: stderr
2024-09-19T08:35:52.672+0000 7f76b2ffd640 1 --2- 172.21.15.7:0/2074400144 >> [v2:172.21.15.7:6800/3071389382,v1:172.21.15.7:6801/3071389382] conn(0x7f769c039260 0x7f769c03b720 unknown :-1 s=START_CONNECT pgs=0 cs=0 l=1 rev1=0 crypto rx=0 tx=0 comp rx=0 tx=0)._fault waiting 0.200000
2024-09-19T08:35:53.502 INFO:teuthology.orchestra.run.smithi007.stdout:/usr/bin/ceph: stderr
2024-09-19T08:35:52.672+0000 7f76ba0ec640 1 -- 172.21.15.7:0/2074400144 --> [v2:172.21.15.7:3300/0,v1:172.21.15.7:6789/0] -- mon_command({"prefix": "get_command_descriptions"} v 0) -- 0x7f76b4108720 con 0x7f76b41082c0
2024-09-19T08:35:53.502 INFO:teuthology.orchestra.run.smithi007.stdout:/usr/bin/ceph: stderr
2024-09-19T08:35:52.677+0000 7f76b0ff9640 1 -- 172.21.15.7:0/2074400144 <== mon.0 v2:172.21.15.7:3300/0 6 ==== mon_command_ack([{"prefix": "get_command_descriptions"}]=0 v0) ==== 72+0+188913 (secure 0 0 0) 0x7f76a4041270 con 0x7f76b41082c0
2024-09-19T08:35:53.502 INFO:teuthology.orchestra.run.smithi007.stdout:/usr/bin/ceph: stderr
2024-09-19T08:35:52.873+0000 7f76b2ffd640 1 -- 172.21.15.7:0/2074400144 >> [v2:172.21.15.7:6800/3071389382,v1:172.21.15.7:6801/3071389382] conn(0x7f769c039260 msgr2=0x7f769c03b720 unknown :-1 s=STATE_CONNECTING_RE l=1).process reconnect failed to v2:172.21.15.7:6800/3071389382
2024-09-19T08:35:53.502 INFO:teuthology.orchestra.run.smithi007.stdout:/usr/bin/ceph: stderr
2024-09-19T08:35:52.873+0000 7f76b2ffd640 1 --2- 172.21.15.7:0/2074400144 >> [v2:172.21.15.7:6800/3071389382,v1:172.21.15.7:6801/3071389382] conn(0x7f769c039260 0x7f769c03b720 unknown :-1 s=START_CONNECT pgs=0 cs=0 l=1 rev1=0 crypto rx=0 tx=0 comp rx=0 tx=0)._fault waiting 0.400000
2024-09-19T08:35:53.502 INFO:teuthology.orchestra.run.smithi007.stdout:/usr/bin/ceph: stderr
2024-09-19T08:35:52.902+0000 7f76ba0ec640 1 -- 172.21.15.7:0/2074400144 --> [v2:172.21.15.7:3300/0,v1:172.21.15.7:6789/0] -- mon_command({"prefix": "mgr stat"} v 0) -- 0x7f76b4106e20 con 0x7f76b41082c0
2024-09-19T08:35:53.502 INFO:teuthology.orchestra.run.smithi007.stdout:/usr/bin/ceph: stderr
2024-09-19T08:35:52.902+0000 7f76b0ff9640 1 -- 172.21.15.7:0/2074400144 <== mon.0 v2:172.21.15.7:3300/0 7 ==== mon_command_ack([{"prefix": "mgr stat"}]=0 v9) ==== 56+0+88 (secure 0 0 0) 0x7f76a403bc00 con 0x7f76b41082c0
2024-09-19T08:35:53.502 INFO:teuthology.orchestra.run.smithi007.stdout:/usr/bin/ceph: stderr
2024-09-19T08:35:52.905+0000 7f76ba0ec640 1 -- 172.21.15.7:0/2074400144 >> [v2:172.21.15.7:6800/3071389382,v1:172.21.15.7:6801/3071389382] conn(0x7f769c039260 msgr2=0x7f769c03b720 unknown :-1 s=STATE_CONNECTING l=1).mark_down
2024-09-19T08:35:53.502 INFO:teuthology.orchestra.run.smithi007.stdout:/usr/bin/ceph: stderr
2024-09-19T08:35:52.905+0000 7f76ba0ec640 1 --2- 172.21.15.7:0/2074400144 >> [v2:172.21.15.7:6800/3071389382,v1:172.21.15.7:6801/3071389382] conn(0x7f769c039260 0x7f769c03b720 unknown :-1 s=START_CONNECT pgs=0 cs=0 l=1 rev1=0 crypto rx=0 tx=0 comp rx=0 tx=0).stop
2024-09-19T08:35:53.502 INFO:teuthology.orchestra.run.smithi007.stdout:/usr/bin/ceph: stderr
2024-09-19T08:35:52.905+0000 7f76ba0ec640 1 -- 172.21.15.7:0/2074400144 >> [v2:172.21.15.7:3300/0,v1:172.21.15.7:6789/0] conn(0x7f76b41082c0 msgr2=0x7f76b4107b40 secure :-1 s=STATE_CONNECTION_ESTABLISHED l=1).mark_down
2024-09-19T08:35:53.503 INFO:teuthology.orchestra.run.smithi007.stdout:/usr/bin/ceph: stderr
2024-09-19T08:35:52.905+0000 7f76ba0ec640 1 --2- 172.21.15.7:0/2074400144 >> [v2:172.21.15.7:3300/0,v1:172.21.15.7:6789/0] conn(0x7f76b41082c0 0x7f76b4107b40 secure :-1 s=READY pgs=58 cs=0 l=1 rev1=1 crypto rx=0x7f76a4030380 tx=0x7f76a4032670 comp rx=0 tx=0).stop
2024-09-19T08:35:53.503 INFO:teuthology.orchestra.run.smithi007.stdout:/usr/bin/ceph: stderr
2024-09-19T08:35:52.905+0000 7f76ba0ec640 1 -- 172.21.15.7:0/2074400144 shutdown_connections
2024-09-19T08:35:53.503 INFO:teuthology.orchestra.run.smithi007.stdout:/usr/bin/ceph: stderr
2024-09-19T08:35:52.905+0000 7f76ba0ec640 1 --2- 172.21.15.7:0/2074400144 >> [v2:172.21.15.7:6800/3071389382,v1:172.21.15.7:6801/3071389382] conn(0x7f769c039260 0x7f769c03b720 unknown :-1 s=CLOSED pgs=0 cs=0 l=1 rev1=0 crypto rx=0 tx=0 comp rx=0 tx=0).stop
2024-09-19T08:35:53.503 INFO:teuthology.orchestra.run.smithi007.stdout:/usr/bin/ceph: stderr
2024-09-19T08:35:52.905+0000 7f76ba0ec640 1 --2- 172.21.15.7:0/2074400144 >> [v2:172.21.15.7:3300/0,v1:172.21.15.7:6789/0] conn(0x7f76b41082c0 0x7f76b4107b40 unknown :-1 s=CLOSED pgs=58 cs=0 l=1 rev1=1 crypto rx=0 tx=0 comp rx=0 tx=0).stop
2024-09-19T08:35:53.503 INFO:teuthology.orchestra.run.smithi007.stdout:/usr/bin/ceph: stderr
2024-09-19T08:35:52.905+0000 7f76ba0ec640 1 -- 172.21.15.7:0/2074400144 >> 172.21.15.7:0/2074400144 conn(0x7f76b4101e80 msgr2=0x7f76b4102a60 unknown :-1 s=STATE_NONE l=0).mark_down
2024-09-19T08:35:53.503 INFO:teuthology.orchestra.run.smithi007.stdout:/usr/bin/ceph: stderr
2024-09-19T08:35:52.905+0000 7f76ba0ec640 1 -- 172.21.15.7:0/2074400144 shutdown_connections
2024-09-19T08:35:53.503 INFO:teuthology.orchestra.run.smithi007.stdout:/usr/bin/ceph: stderr
2024-09-19T08:35:52.905+0000 7f76ba0ec640 1 -- 172.21.15.7:0/2074400144 wait complete.
2024-09-19T08:35:53.503 INFO:teuthology.orchestra.run.smithi007.stdout:Waiting for the mgr to restart...
2024-09-19T08:35:53.503 INFO:teuthology.orchestra.run.smithi007.stdout:Waiting for mgr epoch 9...
2024-09-19T08:35:53.740 INFO:journalctl@ceph.mon.a.smithi007.stdout:Sep 19 08:35:53 smithi007 ceph-mon[31221]: from='client.? 172.21.15.7:0/2074400144' entity='client.admin' cmd=[{"prefix": "mgr stat"}]: dispatch
2024-09-19T08:35:54.033 INFO:journalctl@ceph.mgr.x.smithi007.stdout:Sep 19 08:35:53 smithi007 ceph-ebd23124-7661-11ef-bceb-c7b262605968-mgr-x[31445]:
2024-09-19T08:35:53.967+0000 7f4a13f3e040 -1 mgr[py] Module telemetry has missing NOTIFY_TYPES member
2024-09-19T08:35:54.515 INFO:journalctl@ceph.mgr.x.smithi007.stdout:Sep 19 08:35:54 smithi007 ceph-ebd23124-7661-11ef-bceb-c7b262605968-mgr-x[31445]:
2024-09-19T08:35:54.039+0000 7f4a13f3e040 -1 mgr[py] Module balancer has missing NOTIFY_TYPES member
2024-09-19T08:35:55.070 INFO:journalctl@ceph.mgr.x.smithi007.stdout:Sep 19 08:35:54 smithi007 ceph-ebd23124-7661-11ef-bceb-c7b262605968-mgr-x[31445]:
2024-09-19T08:35:54.797+0000 7f4a13f3e040 -1 mgr[py] Module rook has missing NOTIFY_TYPES member
2024-09-19T08:35:55.070 INFO:journalctl@ceph.mgr.x.smithi007.stdout:Sep 19 08:35:54 smithi007 ceph-ebd23124-7661-11ef-bceb-c7b262605968-mgr-x[31445]:
2024-09-19T08:35:54.919+0000 7f4a13f3e040 -1 mgr[py] Module iostat has missing NOTIFY_TYPES member
2024-09-19T08:35:55.364 INFO:journalctl@ceph.mgr.x.smithi007.stdout:Sep 19 08:35:55 smithi007 ceph-ebd23124-7661-11ef-bceb-c7b262605968-mgr-x[31445]:
2024-09-19T08:35:55.070+0000 7f4a13f3e040 -1 mgr[py] Module orchestrator has missing NOTIFY_TYPES member
2024-09-19T08:35:55.364 INFO:journalctl@ceph.mgr.x.smithi007.stdout:Sep 19 08:35:55 smithi007 ceph-ebd23124-7661-11ef-bceb-c7b262605968-mgr-x[31445]:
2024-09-19T08:35:55.135+0000 7f4a13f3e040 -1 mgr[py] Module devicehealth has missing NOTIFY_TYPES member
2024-09-19T08:35:55.365 INFO:journalctl@ceph.mgr.x.smithi007.stdout:Sep 19 08:35:55 smithi007 ceph-ebd23124-7661-11ef-bceb-c7b262605968-mgr-x[31445]:
2024-09-19T08:35:55.292+0000 7f4a13f3e040 -1 mgr[py] Module rgw has missing NOTIFY_TYPES member
2024-09-19T08:35:55.365 INFO:journalctl@ceph.mgr.x.smithi007.stdout:Sep 19 08:35:55 smithi007 ceph-ebd23124-7661-11ef-bceb-c7b262605968-mgr-x[31445]:
2024-09-19T08:35:55.364+0000 7f4a13f3e040 -1 mgr[py] Module alerts has missing NOTIFY_TYPES member
2024-09-19T08:35:55.663 INFO:journalctl@ceph.mgr.x.smithi007.stdout:Sep 19 08:35:55 smithi007 ceph-ebd23124-7661-11ef-bceb-c7b262605968-mgr-x[31445]:
2024-09-19T08:35:55.428+0000 7f4a13f3e040 -1 mgr[py] Module progress has missing NOTIFY_TYPES member
2024-09-19T08:35:55.663 INFO:journalctl@ceph.mgr.x.smithi007.stdout:Sep 19 08:35:55 smithi007 ceph-ebd23124-7661-11ef-bceb-c7b262605968-mgr-x[31445]:
2024-09-19T08:35:55.594+0000 7f4a13f3e040 -1 mgr[py] Module nfs has missing NOTIFY_TYPES member
2024-09-19T08:35:55.663 INFO:journalctl@ceph.mgr.x.smithi007.stdout:Sep 19 08:35:55 smithi007 ceph-ebd23124-7661-11ef-bceb-c7b262605968-mgr-x[31445]:
2024-09-19T08:35:55.663+0000 7f4a13f3e040 -1 mgr[py] Module status has missing NOTIFY_TYPES member
2024-09-19T08:35:55.945 INFO:journalctl@ceph.mgr.x.smithi007.stdout:Sep 19 08:35:55 smithi007 ceph-ebd23124-7661-11ef-bceb-c7b262605968-mgr-x[31445]:
