2024-09-19T08:35:37.406 INFO:teuthology.orchestra.run.smithi007.stdout:/usr/bin/ceph: stderr
2024-09-19T08:35:36.291+0000 7f63f7fff640 1 -- 172.21.15.7:0/3775831874 --> [v2:172.21.15.7:3300/0,v1:172.21.15.7:6789/0] -- mon_subscribe({config=0+,monmap=0+}) -- 0x7f63f807c9b0 con 0x7f63f807de00
2024-09-19T08:35:37.407 INFO:teuthology.orchestra.run.smithi007.stdout:/usr/bin/ceph: stderr
2024-09-19T08:35:36.292+0000 7f63f7fff640 1 --2- 172.21.15.7:0/3775831874 >> [v2:172.21.15.7:3300/0,v1:172.21.15.7:6789/0] conn(0x7f63f807de00 0x7f63f807c260 secure :-1 s=READY pgs=39 cs=0 l=1 rev1=1 crypto rx=0x7f63e8009820 tx=0x7f63e802a270 comp rx=0 tx=0).ready entity=mon.0 client_cookie=dc9a24caa565f674 server_cookie=0 in_seq=0 out_seq=0
2024-09-19T08:35:37.407 INFO:teuthology.orchestra.run.smithi007.stdout:/usr/bin/ceph: stderr
2024-09-19T08:35:36.292+0000 7f63f6ffd640 1 -- 172.21.15.7:0/3775831874 <== mon.0 v2:172.21.15.7:3300/0 1 ==== mon_map magic: 0 ==== 205+0+0 (secure 0 0 0) 0x7f63e8037070 con 0x7f63f807de00
2024-09-19T08:35:37.407 INFO:teuthology.orchestra.run.smithi007.stdout:/usr/bin/ceph: stderr
2024-09-19T08:35:36.292+0000 7f63f6ffd640 1 -- 172.21.15.7:0/3775831874 <== mon.0 v2:172.21.15.7:3300/0 2 ==== config(27 keys) ==== 1109+0+0 (secure 0 0 0) 0x7f63e8032900 con 0x7f63f807de00
2024-09-19T08:35:37.407 INFO:teuthology.orchestra.run.smithi007.stdout:/usr/bin/ceph: stderr
2024-09-19T08:35:36.292+0000 7f63f6ffd640 1 -- 172.21.15.7:0/3775831874 <== mon.0 v2:172.21.15.7:3300/0 3 ==== mon_map magic: 0 ==== 205+0+0 (secure 0 0 0) 0x7f63e8030850 con 0x7f63f807de00
2024-09-19T08:35:37.407 INFO:teuthology.orchestra.run.smithi007.stdout:/usr/bin/ceph: stderr
2024-09-19T08:35:36.293+0000 7f63fe72c640 1 -- 172.21.15.7:0/3775831874 >> [v2:172.21.15.7:3300/0,v1:172.21.15.7:6789/0] conn(0x7f63f807de00 msgr2=0x7f63f807c260 secure :-1 s=STATE_CONNECTION_ESTABLISHED l=1).mark_down
2024-09-19T08:35:37.407 INFO:teuthology.orchestra.run.smithi007.stdout:/usr/bin/ceph: stderr
2024-09-19T08:35:36.293+0000 7f63fe72c640 1 --2- 172.21.15.7:0/3775831874 >> [v2:172.21.15.7:3300/0,v1:172.21.15.7:6789/0] conn(0x7f63f807de00 0x7f63f807c260 secure :-1 s=READY pgs=39 cs=0 l=1 rev1=1 crypto rx=0x7f63e8009820 tx=0x7f63e802a270 comp rx=0 tx=0).stop
2024-09-19T08:35:37.407 INFO:teuthology.orchestra.run.smithi007.stdout:/usr/bin/ceph: stderr
2024-09-19T08:35:36.293+0000 7f63fe72c640 1 -- 172.21.15.7:0/3775831874 shutdown_connections
2024-09-19T08:35:37.407 INFO:teuthology.orchestra.run.smithi007.stdout:/usr/bin/ceph: stderr
2024-09-19T08:35:36.293+0000 7f63fe72c640 1 --2- 172.21.15.7:0/3775831874 >> [v2:172.21.15.7:3300/0,v1:172.21.15.7:6789/0] conn(0x7f63f807de00 0x7f63f807c260 unknown :-1 s=CLOSED pgs=39 cs=0 l=1 rev1=1 crypto rx=0 tx=0 comp rx=0 tx=0).stop
2024-09-19T08:35:37.407 INFO:teuthology.orchestra.run.smithi007.stdout:/usr/bin/ceph: stderr
2024-09-19T08:35:36.293+0000 7f63fe72c640 1 -- 172.21.15.7:0/3775831874 >> 172.21.15.7:0/3775831874 conn(0x7f63f8102f60 msgr2=0x7f63f81053a0 unknown :-1 s=STATE_NONE l=0).mark_down
2024-09-19T08:35:37.407 INFO:teuthology.orchestra.run.smithi007.stdout:/usr/bin/ceph: stderr
2024-09-19T08:35:36.293+0000 7f63fe72c640 1 -- 172.21.15.7:0/3775831874 shutdown_connections
2024-09-19T08:35:37.407 INFO:teuthology.orchestra.run.smithi007.stdout:/usr/bin/ceph: stderr
2024-09-19T08:35:36.293+0000 7f63fe72c640 1 -- 172.21.15.7:0/3775831874 wait complete.
2024-09-19T08:35:37.407 INFO:teuthology.orchestra.run.smithi007.stdout:/usr/bin/ceph: stderr
2024-09-19T08:35:36.294+0000 7f63fe72c640 1 Processor -- start
2024-09-19T08:35:37.407 INFO:teuthology.orchestra.run.smithi007.stdout:/usr/bin/ceph: stderr
2024-09-19T08:35:36.294+0000 7f63fe72c640 1 -- start start
2024-09-19T08:35:37.408 INFO:teuthology.orchestra.run.smithi007.stdout:/usr/bin/ceph: stderr
2024-09-19T08:35:36.294+0000 7f63fe72c640 1 --2- >> [v2:172.21.15.7:3300/0,v1:172.21.15.7:6789/0] conn(0x7f63f807de00 0x7f63f819d950 unknown :-1 s=NONE pgs=0 cs=0 l=1 rev1=0 crypto rx=0 tx=0 comp rx=0 tx=0).connect
2024-09-19T08:35:37.408 INFO:teuthology.orchestra.run.smithi007.stdout:/usr/bin/ceph: stderr
2024-09-19T08:35:36.294+0000 7f63fe72c640 1 -- --> [v2:172.21.15.7:3300/0,v1:172.21.15.7:6789/0] -- mon_getmap magic: 0 -- 0x7f63f810dda0 con 0x7f63f807de00
2024-09-19T08:35:37.408 INFO:teuthology.orchestra.run.smithi007.stdout:/usr/bin/ceph: stderr
2024-09-19T08:35:36.294+0000 7f63f7fff640 1 --2- >> [v2:172.21.15.7:3300/0,v1:172.21.15.7:6789/0] conn(0x7f63f807de00 0x7f63f819d950 unknown :-1 s=BANNER_CONNECTING pgs=0 cs=0 l=1 rev1=0 crypto rx=0 tx=0 comp rx=0 tx=0)._handle_peer_banner_payload supported=3 required=0
2024-09-19T08:35:37.408 INFO:teuthology.orchestra.run.smithi007.stdout:/usr/bin/ceph: stderr
2024-09-19T08:35:36.294+0000 7f63f7fff640 1 --2- >> [v2:172.21.15.7:3300/0,v1:172.21.15.7:6789/0] conn(0x7f63f807de00 0x7f63f819d950 unknown :-1 s=HELLO_CONNECTING pgs=0 cs=0 l=1 rev1=1 crypto rx=0 tx=0 comp rx=0 tx=0).handle_hello peer v2:172.21.15.7:3300/0 says I am v2:172.21.15.7:56834/0 (socket says 172.21.15.7:56834)
2024-09-19T08:35:37.408 INFO:teuthology.orchestra.run.smithi007.stdout:/usr/bin/ceph: stderr
2024-09-19T08:35:36.294+0000 7f63f7fff640 1 -- 172.21.15.7:0/3619851729 learned_addr learned my addr 172.21.15.7:0/3619851729 (peer_addr_for_me v2:172.21.15.7:0/0)
2024-09-19T08:35:37.408 INFO:teuthology.orchestra.run.smithi007.stdout:/usr/bin/ceph: stderr
2024-09-19T08:35:36.294+0000 7f63f7fff640 1 -- 172.21.15.7:0/3619851729 --> [v2:172.21.15.7:3300/0,v1:172.21.15.7:6789/0] -- mon_subscribe({config=0+,monmap=0+}) -- 0x7f63f819de90 con 0x7f63f807de00
2024-09-19T08:35:37.408 INFO:teuthology.orchestra.run.smithi007.stdout:/usr/bin/ceph: stderr
2024-09-19T08:35:36.294+0000 7f63f7fff640 1 --2- 172.21.15.7:0/3619851729 >> [v2:172.21.15.7:3300/0,v1:172.21.15.7:6789/0] conn(0x7f63f807de00 0x7f63f819d950 secure :-1 s=READY pgs=40 cs=0 l=1 rev1=1 crypto rx=0x7f63e80097f0 tx=0x7f63e8030d80 comp rx=0 tx=0).ready entity=mon.0 client_cookie=0 server_cookie=0 in_seq=0 out_seq=0
2024-09-19T08:35:37.408 INFO:teuthology.orchestra.run.smithi007.stdout:/usr/bin/ceph: stderr
2024-09-19T08:35:36.295+0000 7f63f57fa640 1 -- 172.21.15.7:0/3619851729 <== mon.0 v2:172.21.15.7:3300/0 1 ==== mon_map magic: 0 ==== 205+0+0 (secure 0 0 0) 0x7f63e8037040 con 0x7f63f807de00
2024-09-19T08:35:37.408 INFO:teuthology.orchestra.run.smithi007.stdout:/usr/bin/ceph: stderr
2024-09-19T08:35:36.295+0000 7f63f57fa640 1 -- 172.21.15.7:0/3619851729 <== mon.0 v2:172.21.15.7:3300/0 2 ==== config(27 keys) ==== 1109+0+0 (secure 0 0 0) 0x7f63e8040070 con 0x7f63f807de00
2024-09-19T08:35:37.408 INFO:teuthology.orchestra.run.smithi007.stdout:/usr/bin/ceph: stderr
2024-09-19T08:35:36.295+0000 7f63fe72c640 1 -- 172.21.15.7:0/3619851729 --> [v2:172.21.15.7:3300/0,v1:172.21.15.7:6789/0] -- mon_subscribe({mgrmap=0+}) -- 0x7f63f819e120 con 0x7f63f807de00
2024-09-19T08:35:37.409 INFO:teuthology.orchestra.run.smithi007.stdout:/usr/bin/ceph: stderr
2024-09-19T08:35:36.295+0000 7f63f57fa640 1 -- 172.21.15.7:0/3619851729 <== mon.0 v2:172.21.15.7:3300/0 3 ==== mon_map magic: 0 ==== 205+0+0 (secure 0 0 0) 0x7f63e803a390 con 0x7f63f807de00
2024-09-19T08:35:37.409 INFO:teuthology.orchestra.run.smithi007.stdout:/usr/bin/ceph: stderr
2024-09-19T08:35:36.295+0000 7f63fe72c640 1 -- 172.21.15.7:0/3619851729 --> [v2:172.21.15.7:3300/0,v1:172.21.15.7:6789/0] -- mon_subscribe({osdmap=0}) -- 0x7f63f81a0e10 con 0x7f63f807de00
2024-09-19T08:35:37.409 INFO:teuthology.orchestra.run.smithi007.stdout:/usr/bin/ceph: stderr
2024-09-19T08:35:36.295+0000 7f63f57fa640 1 -- 172.21.15.7:0/3619851729 <== mon.0 v2:172.21.15.7:3300/0 4 ==== mgrmap(e 8) ==== 46461+0+0 (secure 0 0 0) 0x7f63e803a5e0 con 0x7f63f807de00
2024-09-19T08:35:37.409 INFO:teuthology.orchestra.run.smithi007.stdout:/usr/bin/ceph: stderr
2024-09-19T08:35:36.296+0000 7f63f57fa640 1 --2- 172.21.15.7:0/3619851729 >> [v2:172.21.15.7:6800/3071389382,v1:172.21.15.7:6801/3071389382] conn(0x7f63e0039200 0x7f63e003b6c0 unknown :-1 s=NONE pgs=0 cs=0 l=1 rev1=0 crypto rx=0 tx=0 comp rx=0 tx=0).connect
2024-09-19T08:35:37.409 INFO:teuthology.orchestra.run.smithi007.stdout:/usr/bin/ceph: stderr
2024-09-19T08:35:36.296+0000 7f63f57fa640 1 -- 172.21.15.7:0/3619851729 <== mon.0 v2:172.21.15.7:3300/0 5 ==== osd_map(2..2 src has 1..2) ==== 940+0+0 (secure 0 0 0) 0x7f63e806c770 con 0x7f63f807de00
2024-09-19T08:35:37.409 INFO:teuthology.orchestra.run.smithi007.stdout:/usr/bin/ceph: stderr
2024-09-19T08:35:36.296+0000 7f63fe72c640 1 -- 172.21.15.7:0/3619851729 --> [v2:172.21.15.7:3300/0,v1:172.21.15.7:6789/0] -- mon_command({"prefix": "get_command_descriptions"} v 0) -- 0x7f63f807c2e0 con 0x7f63f807de00
2024-09-19T08:35:37.409 INFO:teuthology.orchestra.run.smithi007.stdout:/usr/bin/ceph: stderr
2024-09-19T08:35:36.296+0000 7f63f77fe640 1 --2- 172.21.15.7:0/3619851729 >> [v2:172.21.15.7:6800/3071389382,v1:172.21.15.7:6801/3071389382] conn(0x7f63e0039200 0x7f63e003b6c0 unknown :-1 s=BANNER_CONNECTING pgs=0 cs=0 l=1 rev1=0 crypto rx=0 tx=0 comp rx=0 tx=0)._handle_peer_banner_payload supported=3 required=0
2024-09-19T08:35:37.409 INFO:teuthology.orchestra.run.smithi007.stdout:/usr/bin/ceph: stderr
2024-09-19T08:35:36.296+0000 7f63f77fe640 1 --2- 172.21.15.7:0/3619851729 >> [v2:172.21.15.7:6800/3071389382,v1:172.21.15.7:6801/3071389382] conn(0x7f63e0039200 0x7f63e003b6c0 secure :-1 s=READY pgs=9 cs=0 l=1 rev1=1 crypto rx=0x7f63ec0098c0 tx=0x7f63ec006db0 comp rx=0 tx=0).ready entity=mgr.14118 client_cookie=0 server_cookie=0 in_seq=0 out_seq=0
2024-09-19T08:35:37.409 INFO:teuthology.orchestra.run.smithi007.stdout:/usr/bin/ceph: stderr
2024-09-19T08:35:36.301+0000 7f63f57fa640 1 -- 172.21.15.7:0/3619851729 <== mon.0 v2:172.21.15.7:3300/0 6 ==== mon_command_ack([{"prefix": "get_command_descriptions"}]=0 v0) ==== 72+0+188913 (secure 0 0 0) 0x7f63e8043760 con 0x7f63f807de00
2024-09-19T08:35:37.409 INFO:teuthology.orchestra.run.smithi007.stdout:/usr/bin/ceph: stderr
2024-09-19T08:35:36.478+0000 7f63fe72c640 1 -- 172.21.15.7:0/3619851729 --> [v2:172.21.15.7:6800/3071389382,v1:172.21.15.7:6801/3071389382] -- mgr_command(tid 0: {"prefix": "cephadm generate-key", "target": ["mon-mgr", ""]}) -- 0x7f63f8104250 con 0x7f63e0039200
2024-09-19T08:35:37.409 INFO:teuthology.orchestra.run.smithi007.stdout:/usr/bin/ceph: stderr
2024-09-19T08:35:36.862+0000 7f63f57fa640 1 -- 172.21.15.7:0/3619851729 <== mgr.14118 v2:172.21.15.7:6800/3071389382 1 ==== mgr_command_reply(tid 0: 0 ) ==== 8+0+0 (secure 0 0 0) 0x7f63f8104250 con 0x7f63e0039200
2024-09-19T08:35:37.409 INFO:teuthology.orchestra.run.smithi007.stdout:/usr/bin/ceph: stderr
2024-09-19T08:35:36.864+0000 7f63fe72c640 1 -- 172.21.15.7:0/3619851729 >> [v2:172.21.15.7:6800/3071389382,v1:172.21.15.7:6801/3071389382] conn(0x7f63e0039200 msgr2=0x7f63e003b6c0 secure :-1 s=STATE_CONNECTION_ESTABLISHED l=1).mark_down
2024-09-19T08:35:37.409 INFO:teuthology.orchestra.run.smithi007.stdout:/usr/bin/ceph: stderr
2024-09-19T08:35:36.864+0000 7f63fe72c640 1 --2- 172.21.15.7:0/3619851729 >> [v2:172.21.15.7:6800/3071389382,v1:172.21.15.7:6801/3071389382] conn(0x7f63e0039200 0x7f63e003b6c0 secure :-1 s=READY pgs=9 cs=0 l=1 rev1=1 crypto rx=0x7f63ec0098c0 tx=0x7f63ec006db0 comp rx=0 tx=0).stop
2024-09-19T08:35:37.410 INFO:teuthology.orchestra.run.smithi007.stdout:/usr/bin/ceph: stderr
2024-09-19T08:35:36.864+0000 7f63fe72c640 1 -- 172.21.15.7:0/3619851729 >> [v2:172.21.15.7:3300/0,v1:172.21.15.7:6789/0] conn(0x7f63f807de00 msgr2=0x7f63f819d950 secure :-1 s=STATE_CONNECTION_ESTABLISHED l=1).mark_down
2024-09-19T08:35:37.410 INFO:teuthology.orchestra.run.smithi007.stdout:/usr/bin/ceph: stderr
2024-09-19T08:35:36.864+0000 7f63fe72c640 1 --2- 172.21.15.7:0/3619851729 >> [v2:172.21.15.7:3300/0,v1:172.21.15.7:6789/0] conn(0x7f63f807de00 0x7f63f819d950 secure :-1 s=READY pgs=40 cs=0 l=1 rev1=1 crypto rx=0x7f63e80097f0 tx=0x7f63e8030d80 comp rx=0 tx=0).stop
2024-09-19T08:35:37.410 INFO:teuthology.orchestra.run.smithi007.stdout:/usr/bin/ceph: stderr
2024-09-19T08:35:36.865+0000 7f63fe72c640 1 -- 172.21.15.7:0/3619851729 shutdown_connections
2024-09-19T08:35:37.410 INFO:teuthology.orchestra.run.smithi007.stdout:/usr/bin/ceph: stderr
2024-09-19T08:35:36.865+0000 7f63fe72c640 1 --2- 172.21.15.7:0/3619851729 >> [v2:172.21.15.7:6800/3071389382,v1:172.21.15.7:6801/3071389382] conn(0x7f63e0039200 0x7f63e003b6c0 unknown :-1 s=CLOSED pgs=9 cs=0 l=1 rev1=1 crypto rx=0 tx=0 comp rx=0 tx=0).stop
2024-09-19T08:35:37.410 INFO:teuthology.orchestra.run.smithi007.stdout:/usr/bin/ceph: stderr
2024-09-19T08:35:36.865+0000 7f63fe72c640 1 --2- 172.21.15.7:0/3619851729 >> [v2:172.21.15.7:3300/0,v1:172.21.15.7:6789/0] conn(0x7f63f807de00 0x7f63f819d950 unknown :-1 s=CLOSED pgs=40 cs=0 l=1 rev1=1 crypto rx=0 tx=0 comp rx=0 tx=0).stop
2024-09-19T08:35:37.410 INFO:teuthology.orchestra.run.smithi007.stdout:/usr/bin/ceph: stderr
2024-09-19T08:35:36.865+0000 7f63fe72c640 1 -- 172.21.15.7:0/3619851729 >> 172.21.15.7:0/3619851729 conn(0x7f63f8102f60 msgr2=0x7f63f8103b40 unknown :-1 s=STATE_NONE l=0).mark_down
2024-09-19T08:35:37.410 INFO:teuthology.orchestra.run.smithi007.stdout:/usr/bin/ceph: stderr
2024-09-19T08:35:36.865+0000 7f63fe72c640 1 -- 172.21.15.7:0/3619851729 shutdown_connections
2024-09-19T08:35:37.410 INFO:teuthology.orchestra.run.smithi007.stdout:/usr/bin/ceph: stderr
2024-09-19T08:35:36.865+0000 7f63fe72c640 1 -- 172.21.15.7:0/3619851729 wait complete.
2024-09-19T08:35:37.991 INFO:journalctl@ceph.mon.a.smithi007.stdout:Sep 19 08:35:37 smithi007 ceph-mon[31221]: from='client.14134 -' entity='client.admin' cmd=[{"prefix": "cephadm generate-key", "target": ["mon-mgr", ""]}]: dispatch
2024-09-19T08:35:37.991 INFO:journalctl@ceph.mon.a.smithi007.stdout:Sep 19 08:35:37 smithi007 ceph-mon[31221]: Generating ssh key...
2024-09-19T08:35:37.991 INFO:journalctl@ceph.mon.a.smithi007.stdout:Sep 19 08:35:37 smithi007 ceph-mon[31221]: from='mgr.14118 172.21.15.7:0/2690452502' entity='mgr.x'
2024-09-19T08:35:37.991 INFO:journalctl@ceph.mon.a.smithi007.stdout:Sep 19 08:35:37 smithi007 ceph-mon[31221]: from='mgr.14118 172.21.15.7:0/2690452502' entity='mgr.x'
2024-09-19T08:35:38.516 INFO:teuthology.orchestra.run.smithi007.stdout:/usr/bin/ceph: stdout ssh-rsa AAAAB3NzaC1yc2EAAAADAQABAAABgQC09rTL8OHylhd5AwFBsWy+ZXKohfdQMhCtPgSO7vSj2Byzh4oXpNszYsEeNQ9rZ+RYv0u/GRqgA8CkZ+jKkX79YtAd4BdfI6Zbq1I+RlMY26ke/xbWtWinYXZ6CC5ZE4j/xaRyzLJxxEFpcV4HeIDtbiChz5bt3qosyHrnWTqg5mFljZsa52AWnbEIxkSgYqAkCXSAXtnrt1rLZ0SPKPaSW+vorw3ZFckFhFeJJvK9WQmeRt4p1o2RhtGDU3uh2ZErv9P10RzuqlPZrJ4HLhkIfkIpB3Mo0DPcvxkn89pk596kYgjM8ZgUmVz2jjGNP9nuYRgEvJhL6xOksgPzLf3yMKklviAydLVfgIKolezMfcLrdwsEvSKsg3thTQmznf2C+ifYbQWZLKGtzhHWg/EfUkwg/NrN/D/TmLry3lUmCOcbHRTGZ/s5tcNpfyMHLpxq69OjZWjFR3RxuRTBqjpyQI3k4mYeoA2Y1Sfp7WomRnJT4lP0KYX1ZIfCDs5Xa2M= ceph-ebd23124-7661-11ef-bceb-c7b262605968
2024-09-19T08:35:38.516 INFO:teuthology.orchestra.run.smithi007.stdout:/usr/bin/ceph: stderr
2024-09-19T08:35:37.801+0000 7f42cd18f640 1 Processor -- start
2024-09-19T08:35:38.516 INFO:teuthology.orchestra.run.smithi007.stdout:/usr/bin/ceph: stderr
2024-09-19T08:35:37.801+0000 7f42cd18f640 1 -- start start
2024-09-19T08:35:38.516 INFO:teuthology.orchestra.run.smithi007.stdout:/usr/bin/ceph: stderr
2024-09-19T08:35:37.801+0000 7f42cd18f640 1 --2- >> [v2:172.21.15.7:3300/0,v1:172.21.15.7:6789/0] conn(0x7f42c807de00 0x7f42c807c260 unknown :-1 s=NONE pgs=0 cs=0 l=0 rev1=0 crypto rx=0 tx=0 comp rx=0 tx=0).connect
2024-09-19T08:35:38.516 INFO:teuthology.orchestra.run.smithi007.stdout:/usr/bin/ceph: stderr
2024-09-19T08:35:37.801+0000 7f42cd18f640 1 -- --> [v2:172.21.15.7:3300/0,v1:172.21.15.7:6789/0] -- mon_getmap magic: 0 -- 0x7f42c807c830 con 0x7f42c807de00
2024-09-19T08:35:38.516 INFO:teuthology.orchestra.run.smithi007.stdout:/usr/bin/ceph: stderr
2024-09-19T08:35:37.801+0000 7f42c6d9d640 1 --2- >> [v2:172.21.15.7:3300/0,v1:172.21.15.7:6789/0] conn(0x7f42c807de00 0x7f42c807c260 unknown :-1 s=BANNER_CONNECTING pgs=0 cs=0 l=0 rev1=0 crypto rx=0 tx=0 comp rx=0 tx=0)._handle_peer_banner_payload supported=3 required=0
2024-09-19T08:35:38.516 INFO:teuthology.orchestra.run.smithi007.stdout:/usr/bin/ceph: stderr
2024-09-19T08:35:37.801+0000 7f42c6d9d640 1 --2- >> [v2:172.21.15.7:3300/0,v1:172.21.15.7:6789/0] conn(0x7f42c807de00 0x7f42c807c260 unknown :-1 s=HELLO_CONNECTING pgs=0 cs=0 l=0 rev1=1 crypto rx=0 tx=0 comp rx=0 tx=0).handle_hello peer v2:172.21.15.7:3300/0 says I am v2:172.21.15.7:56844/0 (socket says 172.21.15.7:56844)
2024-09-19T08:35:38.516 INFO:teuthology.orchestra.run.smithi007.stdout:/usr/bin/ceph: stderr
2024-09-19T08:35:37.801+0000 7f42c6d9d640 1 -- 172.21.15.7:0/678269836 learned_addr learned my addr 172.21.15.7:0/678269836 (peer_addr_for_me v2:172.21.15.7:0/0)
2024-09-19T08:35:38.517 INFO:teuthology.orchestra.run.smithi007.stdout:/usr/bin/ceph: stderr
2024-09-19T08:35:37.802+0000 7f42c6d9d640 1 -- 172.21.15.7:0/678269836 --> [v2:172.21.15.7:3300/0,v1:172.21.15.7:6789/0] -- mon_subscribe({config=0+,monmap=0+}) -- 0x7f42c807c9b0 con 0x7f42c807de00
2024-09-19T08:35:38.517 INFO:teuthology.orchestra.run.smithi007.stdout:/usr/bin/ceph: stderr
2024-09-19T08:35:37.802+0000 7f42c6d9d640 1 --2- 172.21.15.7:0/678269836 >> [v2:172.21.15.7:3300/0,v1:172.21.15.7:6789/0] conn(0x7f42c807de00 0x7f42c807c260 secure :-1 s=READY pgs=41 cs=0 l=1 rev1=1 crypto rx=0x7f42b8009820 tx=0x7f42b802a270 comp rx=0 tx=0).ready entity=mon.0 client_cookie=7aab3e01163c7702 server_cookie=0 in_seq=0 out_seq=0
2024-09-19T08:35:38.517 INFO:teuthology.orchestra.run.smithi007.stdout:/usr/bin/ceph: stderr
2024-09-19T08:35:37.803+0000 7f42c5d9b640 1 -- 172.21.15.7:0/678269836 <== mon.0 v2:172.21.15.7:3300/0 1 ==== mon_map magic: 0 ==== 205+0+0 (secure 0 0 0) 0x7f42b8037070 con 0x7f42c807de00
2024-09-19T08:35:38.517 INFO:teuthology.orchestra.run.smithi007.stdout:/usr/bin/ceph: stderr
2024-09-19T08:35:37.803+0000 7f42c5d9b640 1 -- 172.21.15.7:0/678269836 <== mon.0 v2:172.21.15.7:3300/0 2 ==== config(27 keys) ==== 1109+0+0 (secure 0 0 0) 0x7f42b8032900 con 0x7f42c807de00
2024-09-19T08:35:38.517 INFO:teuthology.orchestra.run.smithi007.stdout:/usr/bin/ceph: stderr
2024-09-19T08:35:37.803+0000 7f42c5d9b640 1 -- 172.21.15.7:0/678269836 <== mon.0 v2:172.21.15.7:3300/0 3 ==== mon_map magic: 0 ==== 205+0+0 (secure 0 0 0) 0x7f42b8030850 con 0x7f42c807de00
2024-09-19T08:35:38.517 INFO:teuthology.orchestra.run.smithi007.stdout:/usr/bin/ceph: stderr
2024-09-19T08:35:37.803+0000 7f42cd18f640 1 -- 172.21.15.7:0/678269836 >> [v2:172.21.15.7:3300/0,v1:172.21.15.7:6789/0] conn(0x7f42c807de00 msgr2=0x7f42c807c260 secure :-1 s=STATE_CONNECTION_ESTABLISHED l=1).mark_down
2024-09-19T08:35:38.517 INFO:teuthology.orchestra.run.smithi007.stdout:/usr/bin/ceph: stderr
2024-09-19T08:35:37.803+0000 7f42cd18f640 1 --2- 172.21.15.7:0/678269836 >> [v2:172.21.15.7:3300/0,v1:172.21.15.7:6789/0] conn(0x7f42c807de00 0x7f42c807c260 secure :-1 s=READY pgs=41 cs=0 l=1 rev1=1 crypto rx=0x7f42b8009820 tx=0x7f42b802a270 comp rx=0 tx=0).stop
2024-09-19T08:35:38.517 INFO:teuthology.orchestra.run.smithi007.stdout:/usr/bin/ceph: stderr
2024-09-19T08:35:37.803+0000 7f42cd18f640 1 -- 172.21.15.7:0/678269836 shutdown_connections
2024-09-19T08:35:38.517 INFO:teuthology.orchestra.run.smithi007.stdout:/usr/bin/ceph: stderr
2024-09-19T08:35:37.803+0000 7f42cd18f640 1 --2- 172.21.15.7:0/678269836 >> [v2:172.21.15.7:3300/0,v1:172.21.15.7:6789/0] conn(0x7f42c807de00 0x7f42c807c260 unknown :-1 s=CLOSED pgs=41 cs=0 l=1 rev1=1 crypto rx=0 tx=0 comp rx=0 tx=0).stop
2024-09-19T08:35:38.517 INFO:teuthology.orchestra.run.smithi007.stdout:/usr/bin/ceph: stderr
2024-09-19T08:35:37.803+0000 7f42cd18f640 1 -- 172.21.15.7:0/678269836 >> 172.21.15.7:0/678269836 conn(0x7f42c8102f60 msgr2=0x7f42c81053a0 unknown :-1 s=STATE_NONE l=0).mark_down
2024-09-19T08:35:38.517 INFO:teuthology.orchestra.run.smithi007.stdout:/usr/bin/ceph: stderr
2024-09-19T08:35:37.803+0000 7f42cd18f640 1 -- 172.21.15.7:0/678269836 shutdown_connections
2024-09-19T08:35:38.517 INFO:teuthology.orchestra.run.smithi007.stdout:/usr/bin/ceph: stderr
2024-09-19T08:35:37.803+0000 7f42cd18f640 1 -- 172.21.15.7:0/678269836 wait complete.
2024-09-19T08:35:38.518 INFO:teuthology.orchestra.run.smithi007.stdout:/usr/bin/ceph: stderr
2024-09-19T08:35:37.804+0000 7f42cd18f640 1 Processor -- start
2024-09-19T08:35:38.518 INFO:teuthology.orchestra.run.smithi007.stdout:/usr/bin/ceph: stderr
2024-09-19T08:35:37.804+0000 7f42cd18f640 1 -- start start
2024-09-19T08:35:38.518 INFO:teuthology.orchestra.run.smithi007.stdout:/usr/bin/ceph: stderr
2024-09-19T08:35:37.804+0000 7f42cd18f640 1 --2- >> [v2:172.21.15.7:3300/0,v1:172.21.15.7:6789/0] conn(0x7f42c807de00 0x7f42c819d950 unknown :-1 s=NONE pgs=0 cs=0 l=1 rev1=0 crypto rx=0 tx=0 comp rx=0 tx=0).connect
2024-09-19T08:35:38.518 INFO:teuthology.orchestra.run.smithi007.stdout:/usr/bin/ceph: stderr
2024-09-19T08:35:37.804+0000 7f42cd18f640 1 -- --> [v2:172.21.15.7:3300/0,v1:172.21.15.7:6789/0] -- mon_getmap magic: 0 -- 0x7f42c810dda0 con 0x7f42c807de00
2024-09-19T08:35:38.518 INFO:teuthology.orchestra.run.smithi007.stdout:/usr/bin/ceph: stderr
2024-09-19T08:35:37.805+0000 7f42c6d9d640 1 --2- >> [v2:172.21.15.7:3300/0,v1:172.21.15.7:6789/0] conn(0x7f42c807de00 0x7f42c819d950 unknown :-1 s=BANNER_CONNECTING pgs=0 cs=0 l=1 rev1=0 crypto rx=0 tx=0 comp rx=0 tx=0)._handle_peer_banner_payload supported=3 required=0
2024-09-19T08:35:38.518 INFO:teuthology.orchestra.run.smithi007.stdout:/usr/bin/ceph: stderr
2024-09-19T08:35:37.805+0000 7f42c6d9d640 1 --2- >> [v2:172.21.15.7:3300/0,v1:172.21.15.7:6789/0] conn(0x7f42c807de00 0x7f42c819d950 unknown :-1 s=HELLO_CONNECTING pgs=0 cs=0 l=1 rev1=1 crypto rx=0 tx=0 comp rx=0 tx=0).handle_hello peer v2:172.21.15.7:3300/0 says I am v2:172.21.15.7:56854/0 (socket says 172.21.15.7:56854)
2024-09-19T08:35:38.518 INFO:teuthology.orchestra.run.smithi007.stdout:/usr/bin/ceph: stderr
2024-09-19T08:35:37.805+0000 7f42c6d9d640 1 -- 172.21.15.7:0/976550380 learned_addr learned my addr 172.21.15.7:0/976550380 (peer_addr_for_me v2:172.21.15.7:0/0)
2024-09-19T08:35:38.518 INFO:teuthology.orchestra.run.smithi007.stdout:/usr/bin/ceph: stderr
2024-09-19T08:35:37.805+0000 7f42c6d9d640 1 -- 172.21.15.7:0/976550380 --> [v2:172.21.15.7:3300/0,v1:172.21.15.7:6789/0] -- mon_subscribe({config=0+,monmap=0+}) -- 0x7f42c819de90 con 0x7f42c807de00
2024-09-19T08:35:38.518 INFO:teuthology.orchestra.run.smithi007.stdout:/usr/bin/ceph: stderr
2024-09-19T08:35:37.805+0000 7f42c6d9d640 1 --2- 172.21.15.7:0/976550380 >> [v2:172.21.15.7:3300/0,v1:172.21.15.7:6789/0] conn(0x7f42c807de00 0x7f42c819d950 secure :-1 s=READY pgs=42 cs=0 l=1 rev1=1 crypto rx=0x7f42b8032ce0 tx=0x7f42b8032d10 comp rx=0 tx=0).ready entity=mon.0 client_cookie=0 server_cookie=0 in_seq=0 out_seq=0
2024-09-19T08:35:38.519 INFO:teuthology.orchestra.run.smithi007.stdout:/usr/bin/ceph: stderr
2024-09-19T08:35:37.805+0000 7f42affff640 1 -- 172.21.15.7:0/976550380 <== mon.0 v2:172.21.15.7:3300/0 1 ==== mon_map magic: 0 ==== 205+0+0 (secure 0 0 0) 0x7f42b8042070 con 0x7f42c807de00
2024-09-19T08:35:38.519 INFO:teuthology.orchestra.run.smithi007.stdout:/usr/bin/ceph: stderr
2024-09-19T08:35:37.805+0000 7f42cd18f640 1 -- 172.21.15.7:0/976550380 --> [v2:172.21.15.7:3300/0,v1:172.21.15.7:6789/0] -- mon_subscribe({mgrmap=0+}) -- 0x7f42c819e120 con 0x7f42c807de00
2024-09-19T08:35:38.519 INFO:teuthology.orchestra.run.smithi007.stdout:/usr/bin/ceph: stderr
2024-09-19T08:35:37.805+0000 7f42affff640 1 -- 172.21.15.7:0/976550380 <== mon.0 v2:172.21.15.7:3300/0 2 ==== config(27 keys) ==== 1109+0+0 (secure 0 0 0) 0x7f42b80308c0 con 0x7f42c807de00
2024-09-19T08:35:38.519 INFO:teuthology.orchestra.run.smithi007.stdout:/usr/bin/ceph: stderr
2024-09-19T08:35:37.805+0000 7f42affff640 1 -- 172.21.15.7:0/976550380 <== mon.0 v2:172.21.15.7:3300/0 3 ==== mon_map magic: 0 ==== 205+0+0 (secure 0 0 0) 0x7f42b8037040 con 0x7f42c807de00
2024-09-19T08:35:38.519 INFO:teuthology.orchestra.run.smithi007.stdout:/usr/bin/ceph: stderr
2024-09-19T08:35:37.805+0000 7f42cd18f640 1 -- 172.21.15.7:0/976550380 --> [v2:172.21.15.7:3300/0,v1:172.21.15.7:6789/0] -- mon_subscribe({osdmap=0}) -- 0x7f42c81a0e10 con 0x7f42c807de00
2024-09-19T08:35:38.519 INFO:teuthology.orchestra.run.smithi007.stdout:/usr/bin/ceph: stderr
2024-09-19T08:35:37.806+0000 7f42affff640 1 -- 172.21.15.7:0/976550380 <== mon.0 v2:172.21.15.7:3300/0 4 ==== mgrmap(e 8) ==== 46461+0+0 (secure 0 0 0) 0x7f42b8045070 con 0x7f42c807de00
2024-09-19T08:35:38.519 INFO:teuthology.orchestra.run.smithi007.stdout:/usr/bin/ceph: stderr
2024-09-19T08:35:37.806+0000 7f42cd18f640 1 -- 172.21.15.7:0/976550380 --> [v2:172.21.15.7:3300/0,v1:172.21.15.7:6789/0] -- mon_command({"prefix": "get_command_descriptions"} v 0) -- 0x7f42c807c2e0 con 0x7f42c807de00
2024-09-19T08:35:38.519 INFO:teuthology.orchestra.run.smithi007.stdout:/usr/bin/ceph: stderr
2024-09-19T08:35:37.806+0000 7f42affff640 1 --2- 172.21.15.7:0/976550380 >> [v2:172.21.15.7:6800/3071389382,v1:172.21.15.7:6801/3071389382] conn(0x7f42b00391b0 0x7f42b003b670 unknown :-1 s=NONE pgs=0 cs=0 l=1 rev1=0 crypto rx=0 tx=0 comp rx=0 tx=0).connect
2024-09-19T08:35:38.519 INFO:teuthology.orchestra.run.smithi007.stdout:/usr/bin/ceph: stderr
2024-09-19T08:35:37.806+0000 7f42affff640 1 -- 172.21.15.7:0/976550380 <== mon.0 v2:172.21.15.7:3300/0 5 ==== osd_map(2..2 src has 1..2) ==== 940+0+0 (secure 0 0 0) 0x7f42b806d3b0 con 0x7f42c807de00
2024-09-19T08:35:38.519 INFO:teuthology.orchestra.run.smithi007.stdout:/usr/bin/ceph: stderr
2024-09-19T08:35:37.806+0000 7f42c659c640 1 --2- 172.21.15.7:0/976550380 >> [v2:172.21.15.7:6800/3071389382,v1:172.21.15.7:6801/3071389382] conn(0x7f42b00391b0 0x7f42b003b670 unknown :-1 s=BANNER_CONNECTING pgs=0 cs=0 l=1 rev1=0 crypto rx=0 tx=0 comp rx=0 tx=0)._handle_peer_banner_payload supported=3 required=0
2024-09-19T08:35:38.519 INFO:teuthology.orchestra.run.smithi007.stdout:/usr/bin/ceph: stderr
2024-09-19T08:35:37.807+0000 7f42c659c640 1 --2- 172.21.15.7:0/976550380 >> [v2:172.21.15.7:6800/3071389382,v1:172.21.15.7:6801/3071389382] conn(0x7f42b00391b0 0x7f42b003b670 secure :-1 s=READY pgs=10 cs=0 l=1 rev1=1 crypto rx=0x7f42bc0098c0 tx=0x7f42bc006db0 comp rx=0 tx=0).ready entity=mgr.14118 client_cookie=0 server_cookie=0 in_seq=0 out_seq=0
2024-09-19T08:35:38.520 INFO:teuthology.orchestra.run.smithi007.stdout:/usr/bin/ceph: stderr
2024-09-19T08:35:37.811+0000 7f42affff640 1 -- 172.21.15.7:0/976550380 <== mon.0 v2:172.21.15.7:3300/0 6 ==== mon_command_ack([{"prefix": "get_command_descriptions"}]=0 v0) ==== 72+0+188913 (secure 0 0 0) 0x7f42b803cd00 con 0x7f42c807de00
2024-09-19T08:35:38.520 INFO:teuthology.orchestra.run.smithi007.stdout:/usr/bin/ceph: stderr
2024-09-19T08:35:37.990+0000 7f42cd18f640 1 -- 172.21.15.7:0/976550380 --> [v2:172.21.15.7:6800/3071389382,v1:172.21.15.7:6801/3071389382] -- mgr_command(tid 0: {"prefix": "cephadm get-pub-key", "target": ["mon-mgr", ""]}) -- 0x7f42c8104250 con 0x7f42b00391b0
2024-09-19T08:35:38.520 INFO:teuthology.orchestra.run.smithi007.stdout:/usr/bin/ceph: stderr
2024-09-19T08:35:37.991+0000 7f42affff640 1 -- 172.21.15.7:0/976550380 <== mgr.14118 v2:172.21.15.7:6800/3071389382 1 ==== mgr_command_reply(tid 0: 0 ) ==== 8+0+595 (secure 0 0 0) 0x7f42c8104250 con 0x7f42b00391b0
2024-09-19T08:35:38.520 INFO:teuthology.orchestra.run.smithi007.stdout:/usr/bin/ceph: stderr
2024-09-19T08:35:37.994+0000 7f42cd18f640 1 -- 172.21.15.7:0/976550380 >> [v2:172.21.15.7:6800/3071389382,v1:172.21.15.7:6801/3071389382] conn(0x7f42b00391b0 msgr2=0x7f42b003b670 secure :-1 s=STATE_CONNECTION_ESTABLISHED l=1).mark_down
2024-09-19T08:35:38.520 INFO:teuthology.orchestra.run.smithi007.stdout:/usr/bin/ceph: stderr
2024-09-19T08:35:37.994+0000 7f42cd18f640 1 --2- 172.21.15.7:0/976550380 >> [v2:172.21.15.7:6800/3071389382,v1:172.21.15.7:6801/3071389382] conn(0x7f42b00391b0 0x7f42b003b670 secure :-1 s=READY pgs=10 cs=0 l=1 rev1=1 crypto rx=0x7f42bc0098c0 tx=0x7f42bc006db0 comp rx=0 tx=0).stop
2024-09-19T08:35:38.520 INFO:teuthology.orchestra.run.smithi007.stdout:/usr/bin/ceph: stderr
2024-09-19T08:35:37.994+0000 7f42cd18f640 1 -- 172.21.15.7:0/976550380 >> [v2:172.21.15.7:3300/0,v1:172.21.15.7:6789/0] conn(0x7f42c807de00 msgr2=0x7f42c819d950 secure :-1 s=STATE_CONNECTION_ESTABLISHED l=1).mark_down
2024-09-19T08:35:38.520 INFO:teuthology.orchestra.run.smithi007.stdout:/usr/bin/ceph: stderr
2024-09-19T08:35:37.994+0000 7f42cd18f640 1 --2- 172.21.15.7:0/976550380 >> [v2:172.21.15.7:3300/0,v1:172.21.15.7:6789/0] conn(0x7f42c807de00 0x7f42c819d950 secure :-1 s=READY pgs=42 cs=0 l=1 rev1=1 crypto rx=0x7f42b8032ce0 tx=0x7f42b8032d10 comp rx=0 tx=0).stop
2024-09-19T08:35:38.520 INFO:teuthology.orchestra.run.smithi007.stdout:/usr/bin/ceph: stderr
2024-09-19T08:35:37.994+0000 7f42cd18f640 1 -- 172.21.15.7:0/976550380 shutdown_connections
2024-09-19T08:35:38.520 INFO:teuthology.orchestra.run.smithi007.stdout:/usr/bin/ceph: stderr
2024-09-19T08:35:37.994+0000 7f42cd18f640 1 --2- 172.21.15.7:0/976550380 >> [v2:172.21.15.7:6800/3071389382,v1:172.21.15.7:6801/3071389382] conn(0x7f42b00391b0 0x7f42b003b670 unknown :-1 s=CLOSED pgs=10 cs=0 l=1 rev1=1 crypto rx=0 tx=0 comp rx=0 tx=0).stop
2024-09-19T08:35:38.521 INFO:teuthology.orchestra.run.smithi007.stdout:/usr/bin/ceph: stderr
2024-09-19T08:35:37.994+0000 7f42cd18f640 1 --2- 172.21.15.7:0/976550380 >> [v2:172.21.15.7:3300/0,v1:172.21.15.7:6789/0] conn(0x7f42c807de00 0x7f42c819d950 unknown :-1 s=CLOSED pgs=42 cs=0 l=1 rev1=1 crypto rx=0 tx=0 comp rx=0 tx=0).stop
2024-09-19T08:35:38.521 INFO:teuthology.orchestra.run.smithi007.stdout:/usr/bin/ceph: stderr
2024-09-19T08:35:37.994+0000 7f42cd18f640 1 -- 172.21.15.7:0/976550380 >> 172.21.15.7:0/976550380 conn(0x7f42c8102f60 msgr2=0x7f42c8103b40 unknown :-1 s=STATE_NONE l=0).mark_down
2024-09-19T08:35:38.521 INFO:teuthology.orchestra.run.smithi007.stdout:/usr/bin/ceph: stderr
2024-09-19T08:35:37.994+0000 7f42cd18f640 1 -- 172.21.15.7:0/976550380 shutdown_connections
2024-09-19T08:35:38.521 INFO:teuthology.orchestra.run.smithi007.stdout:/usr/bin/ceph: stderr
2024-09-19T08:35:37.995+0000 7f42cd18f640 1 -- 172.21.15.7:0/976550380 wait complete.
2024-09-19T08:35:38.521 INFO:teuthology.orchestra.run.smithi007.stdout:Wrote public SSH key to /home/ubuntu/cephtest/ceph.pub
2024-09-19T08:35:38.521 INFO:teuthology.orchestra.run.smithi007.stdout:Adding key to root@localhost authorized_keys...
2024-09-19T08:35:38.521 INFO:teuthology.orchestra.run.smithi007.stdout:Adding host smithi007...
2024-09-19T08:35:38.911 INFO:journalctl@ceph.mon.a.smithi007.stdout:Sep 19 08:35:38 smithi007 ceph-mon[31221]: from='client.14136 -' entity='client.admin' cmd=[{"prefix": "cephadm get-pub-key", "target": ["mon-mgr", ""]}]: dispatch
2024-09-19T08:35:39.818 INFO:journalctl@ceph.mon.a.smithi007.stdout:Sep 19 08:35:39 smithi007 ceph-mon[31221]: from='client.14138 -' entity='client.admin' cmd=[{"prefix": "orch host add", "hostname": "smithi007", "addr": "172.21.15.7", "target": ["mon-mgr", ""]}]: dispatch
2024-09-19T08:35:41.033 INFO:journalctl@ceph.mon.a.smithi007.stdout:Sep 19 08:35:40 smithi007 ceph-mon[31221]: Deploying cephadm binary to smithi007
2024-09-19T08:35:43.538 INFO:teuthology.orchestra.run.smithi007.stdout:/usr/bin/ceph: stdout Added host 'smithi007' with addr '172.21.15.7'
2024-09-19T08:35:43.538 INFO:teuthology.orchestra.run.smithi007.stdout:/usr/bin/ceph: stderr
2024-09-19T08:35:38.911+0000 7f72172c5640 1 Processor -- start
2024-09-19T08:35:43.539 INFO:teuthology.orchestra.run.smithi007.stdout:/usr/bin/ceph: stderr
2024-09-19T08:35:38.911+0000 7f72172c5640 1 -- start start
2024-09-19T08:35:43.539 INFO:teuthology.orchestra.run.smithi007.stdout:/usr/bin/ceph: stderr
2024-09-19T08:35:38.911+0000 7f72172c5640 1 --2- >> [v2:172.21.15.7:3300/0,v1:172.21.15.7:6789/0] conn(0x7f721007de20 0x7f721007c280 unknown :-1 s=NONE pgs=0 cs=0 l=0 rev1=0 crypto rx=0 tx=0 comp rx=0 tx=0).connect
2024-09-19T08:35:43.539 INFO:teuthology.orchestra.run.smithi007.stdout:/usr/bin/ceph: stderr
2024-09-19T08:35:38.911+0000 7f72172c5640 1 -- --> [v2:172.21.15.7:3300/0,v1:172.21.15.7:6789/0] -- mon_getmap magic: 0 -- 0x7f721007c850 con 0x7f721007de20
2024-09-19T08:35:43.539 INFO:teuthology.orchestra.run.smithi007.stdout:/usr/bin/ceph: stderr
2024-09-19T08:35:38.911+0000 7f7215061640 1 --2- >> [v2:172.21.15.7:3300/0,v1:172.21.15.7:6789/0] conn(0x7f721007de20 0x7f721007c280 unknown :-1 s=BANNER_CONNECTING pgs=0 cs=0 l=0 rev1=0 crypto rx=0 tx=0 comp rx=0 tx=0)._handle_peer_banner_payload supported=3 required=0
2024-09-19T08:35:43.539 INFO:teuthology.orchestra.run.smithi007.stdout:/usr/bin/ceph: stderr
2024-09-19T08:35:38.911+0000 7f7215061640 1 --2- >> [v2:172.21.15.7:3300/0,v1:172.21.15.7:6789/0] conn(0x7f721007de20 0x7f721007c280 unknown :-1 s=HELLO_CONNECTING pgs=0 cs=0 l=0 rev1=1 crypto rx=0 tx=0 comp rx=0 tx=0).handle_hello peer v2:172.21.15.7:3300/0 says I am v2:172.21.15.7:56862/0 (socket says 172.21.15.7:56862)
2024-09-19T08:35:43.539 INFO:teuthology.orchestra.run.smithi007.stdout:/usr/bin/ceph: stderr
2024-09-19T08:35:38.911+0000 7f7215061640 1 -- 172.21.15.7:0/817528325 learned_addr learned my addr 172.21.15.7:0/817528325 (peer_addr_for_me v2:172.21.15.7:0/0)
2024-09-19T08:35:43.539 INFO:teuthology.orchestra.run.smithi007.stdout:/usr/bin/ceph: stderr
2024-09-19T08:35:38.912+0000 7f7215061640 1 -- 172.21.15.7:0/817528325 --> [v2:172.21.15.7:3300/0,v1:172.21.15.7:6789/0] -- mon_subscribe({config=0+,monmap=0+}) -- 0x7f721007c9d0 con 0x7f721007de20
2024-09-19T08:35:43.539 INFO:teuthology.orchestra.run.smithi007.stdout:/usr/bin/ceph: stderr
2024-09-19T08:35:38.912+0000 7f7215061640 1 --2- 172.21.15.7:0/817528325 >> [v2:172.21.15.7:3300/0,v1:172.21.15.7:6789/0] conn(0x7f721007de20 0x7f721007c280 secure :-1 s=READY pgs=43 cs=0 l=1 rev1=1 crypto rx=0x7f720c009820 tx=0x7f720c02a270 comp rx=0 tx=0).ready entity=mon.0 client_cookie=a0516125fc3ef6f9 server_cookie=0 in_seq=0 out_seq=0
2024-09-19T08:35:43.539 INFO:teuthology.orchestra.run.smithi007.stdout:/usr/bin/ceph: stderr
2024-09-19T08:35:38.913+0000 7f7207fff640 1 -- 172.21.15.7:0/817528325 <== mon.0 v2:172.21.15.7:3300/0 1 ==== mon_map magic: 0 ==== 205+0+0 (secure 0 0 0) 0x7f720c037070 con 0x7f721007de20
2024-09-19T08:35:43.539 INFO:teuthology.orchestra.run.smithi007.stdout:/usr/bin/ceph: stderr
2024-09-19T08:35:38.913+0000 7f7207fff640 1 -- 172.21.15.7:0/817528325 <== mon.0 v2:172.21.15.7:3300/0 2 ==== config(27 keys) ==== 1109+0+0 (secure 0 0 0) 0x7f720c032900 con 0x7f721007de20
2024-09-19T08:35:43.539 INFO:teuthology.orchestra.run.smithi007.stdout:/usr/bin/ceph: stderr
2024-09-19T08:35:38.913+0000 7f7207fff640 1 -- 172.21.15.7:0/817528325 <== mon.0 v2:172.21.15.7:3300/0 3 ==== mon_map magic: 0 ==== 205+0+0 (secure 0 0 0) 0x7f720c030850 con 0x7f721007de20
2024-09-19T08:35:43.539 INFO:teuthology.orchestra.run.smithi007.stdout:/usr/bin/ceph: stderr
2024-09-19T08:35:38.913+0000 7f72172c5640 1 -- 172.21.15.7:0/817528325 >> [v2:172.21.15.7:3300/0,v1:172.21.15.7:6789/0] conn(0x7f721007de20 msgr2=0x7f721007c280 secure :-1 s=STATE_CONNECTION_ESTABLISHED l=1).mark_down
2024-09-19T08:35:43.540 INFO:teuthology.orchestra.run.smithi007.stdout:/usr/bin/ceph: stderr
2024-09-19T08:35:38.913+0000 7f72172c5640 1 --2- 172.21.15.7:0/817528325 >> [v2:172.21.15.7:3300/0,v1:172.21.15.7:6789/0] conn(0x7f721007de20 0x7f721007c280 secure :-1 s=READY pgs=43 cs=0 l=1 rev1=1 crypto rx=0x7f720c009820 tx=0x7f720c02a270 comp rx=0 tx=0).stop
2024-09-19T08:35:43.540 INFO:teuthology.orchestra.run.smithi007.stdout:/usr/bin/ceph: stderr
2024-09-19T08:35:38.913+0000 7f72172c5640 1 -- 172.21.15.7:0/817528325 shutdown_connections
2024-09-19T08:35:43.540 INFO:teuthology.orchestra.run.smithi007.stdout:/usr/bin/ceph: stderr
2024-09-19T08:35:38.913+0000 7f72172c5640 1 --2- 172.21.15.7:0/817528325 >> [v2:172.21.15.7:3300/0,v1:172.21.15.7:6789/0] conn(0x7f721007de20 0x7f721007c280 unknown :-1 s=CLOSED pgs=43 cs=0 l=1 rev1=1 crypto rx=0 tx=0 comp rx=0 tx=0).stop
2024-09-19T08:35:43.540 INFO:teuthology.orchestra.run.smithi007.stdout:/usr/bin/ceph: stderr
2024-09-19T08:35:38.913+0000 7f72172c5640 1 -- 172.21.15.7:0/817528325 >> 172.21.15.7:0/817528325 conn(0x7f7210102f60 msgr2=0x7f72101053a0 unknown :-1 s=STATE_NONE l=0).mark_down
2024-09-19T08:35:43.540 INFO:teuthology.orchestra.run.smithi007.stdout:/usr/bin/ceph: stderr
2024-09-19T08:35:38.913+0000 7f72172c5640 1 -- 172.21.15.7:0/817528325 shutdown_connections
2024-09-19T08:35:43.540 INFO:teuthology.orchestra.run.smithi007.stdout:/usr/bin/ceph: stderr
2024-09-19T08:35:38.913+0000 7f72172c5640 1 -- 172.21.15.7:0/817528325 wait complete.
2024-09-19T08:35:43.540 INFO:teuthology.orchestra.run.smithi007.stdout:/usr/bin/ceph: stderr
2024-09-19T08:35:38.914+0000 7f72172c5640 1 Processor -- start
2024-09-19T08:35:43.540 INFO:teuthology.orchestra.run.smithi007.stdout:/usr/bin/ceph: stderr
2024-09-19T08:35:38.914+0000 7f72172c5640 1 -- start start
2024-09-19T08:35:43.540 INFO:teuthology.orchestra.run.smithi007.stdout:/usr/bin/ceph: stderr
2024-09-19T08:35:38.914+0000 7f72172c5640 1 --2- >> [v2:172.21.15.7:3300/0,v1:172.21.15.7:6789/0] conn(0x7f721007de20 0x7f721019d9d0 unknown :-1 s=NONE pgs=0 cs=0 l=1 rev1=0 crypto rx=0 tx=0 comp rx=0 tx=0).connect
2024-09-19T08:35:43.540 INFO:teuthology.orchestra.run.smithi007.stdout:/usr/bin/ceph: stderr
2024-09-19T08:35:38.914+0000 7f72172c5640 1 -- --> [v2:172.21.15.7:3300/0,v1:172.21.15.7:6789/0] -- mon_getmap magic: 0 -- 0x7f721010dde0 con 0x7f721007de20
2024-09-19T08:35:43.540 INFO:teuthology.orchestra.run.smithi007.stdout:/usr/bin/ceph: stderr
2024-09-19T08:35:38.914+0000 7f7215061640 1 --2- >> [v2:172.21.15.7:3300/0,v1:172.21.15.7:6789/0] conn(0x7f721007de20 0x7f721019d9d0 unknown :-1 s=BANNER_CONNECTING pgs=0 cs=0 l=1 rev1=0 crypto rx=0 tx=0 comp rx=0 tx=0)._handle_peer_banner_payload supported=3 required=0
2024-09-19T08:35:43.540 INFO:teuthology.orchestra.run.smithi007.stdout:/usr/bin/ceph: stderr
2024-09-19T08:35:38.914+0000 7f7215061640 1 --2- >> [v2:172.21.15.7:3300/0,v1:172.21.15.7:6789/0] conn(0x7f721007de20 0x7f721019d9d0 unknown :-1 s=HELLO_CONNECTING pgs=0 cs=0 l=1 rev1=1 crypto rx=0 tx=0 comp rx=0 tx=0).handle_hello peer v2:172.21.15.7:3300/0 says I am v2:172.21.15.7:56866/0 (socket says 172.21.15.7:56866)
2024-09-19T08:35:43.541 INFO:teuthology.orchestra.run.smithi007.stdout:/usr/bin/ceph: stderr
2024-09-19T08:35:38.914+0000 7f7215061640 1 -- 172.21.15.7:0/3774646430 learned_addr learned my addr 172.21.15.7:0/3774646430 (peer_addr_for_me v2:172.21.15.7:0/0)
2024-09-19T08:35:43.541 INFO:teuthology.orchestra.run.smithi007.stdout:/usr/bin/ceph: stderr
2024-09-19T08:35:38.915+0000 7f7215061640 1 -- 172.21.15.7:0/3774646430 --> [v2:172.21.15.7:3300/0,v1:172.21.15.7:6789/0] -- mon_subscribe({config=0+,monmap=0+}) -- 0x7f721019df10 con 0x7f721007de20
2024-09-19T08:35:43.541 INFO:teuthology.orchestra.run.smithi007.stdout:/usr/bin/ceph: stderr
2024-09-19T08:35:38.915+0000 7f7215061640 1 --2- 172.21.15.7:0/3774646430 >> [v2:172.21.15.7:3300/0,v1:172.21.15.7:6789/0] conn(0x7f721007de20 0x7f721019d9d0 secure :-1 s=READY pgs=44 cs=0 l=1 rev1=1 crypto rx=0x7f720c032ce0 tx=0x7f720c032d10 comp rx=0 tx=0).ready entity=mon.0 client_cookie=0 server_cookie=0 in_seq=0 out_seq=0
2024-09-19T08:35:43.541 INFO:teuthology.orchestra.run.smithi007.stdout:/usr/bin/ceph: stderr
2024-09-19T08:35:38.915+0000 7f72067fc640 1 -- 172.21.15.7:0/3774646430 <== mon.0 v2:172.21.15.7:3300/0 1 ==== mon_map magic: 0 ==== 205+0+0 (secure 0 0 0) 0x7f720c042070 con 0x7f721007de20
2024-09-19T08:35:43.541 INFO:teuthology.orchestra.run.smithi007.stdout:/usr/bin/ceph: stderr
2024-09-19T08:35:38.915+0000 7f72067fc640 1 -- 172.21.15.7:0/3774646430 <== mon.0 v2:172.21.15.7:3300/0 2 ==== config(27 keys) ==== 1109+0+0 (secure 0 0 0) 0x7f720c0308c0 con 0x7f721007de20
2024-09-19T08:35:43.541 INFO:teuthology.orchestra.run.smithi007.stdout:/usr/bin/ceph: stderr
2024-09-19T08:35:38.915+0000 7f72172c5640 1 -- 172.21.15.7:0/3774646430 --> [v2:172.21.15.7:3300/0,v1:172.21.15.7:6789/0] -- mon_subscribe({mgrmap=0+}) -- 0x7f721019e1a0 con 0x7f721007de20
2024-09-19T08:35:43.541 INFO:teuthology.orchestra.run.smithi007.stdout:/usr/bin/ceph: stderr
2024-09-19T08:35:38.915+0000 7f72067fc640 1 -- 172.21.15.7:0/3774646430 <== mon.0 v2:172.21.15.7:3300/0 3 ==== mon_map magic: 0 ==== 205+0+0 (secure 0 0 0) 0x7f720c037040 con 0x7f721007de20
2024-09-19T08:35:43.541 INFO:teuthology.orchestra.run.smithi007.stdout:/usr/bin/ceph: stderr
2024-09-19T08:35:38.915+0000 7f72172c5640 1 -- 172.21.15.7:0/3774646430 --> [v2:172.21.15.7:3300/0,v1:172.21.15.7:6789/0] -- mon_subscribe({osdmap=0}) -- 0x7f72101a0e90 con 0x7f721007de20
2024-09-19T08:35:43.541 INFO:teuthology.orchestra.run.smithi007.stdout:/usr/bin/ceph: stderr
2024-09-19T08:35:38.916+0000 7f72067fc640 1 -- 172.21.15.7:0/3774646430 <== mon.0 v2:172.21.15.7:3300/0 4 ==== mgrmap(e 8) ==== 46461+0+0 (secure 0 0 0) 0x7f720c045070 con 0x7f721007de20
2024-09-19T08:35:43.541 INFO:teuthology.orchestra.run.smithi007.stdout:/usr/bin/ceph: stderr
2024-09-19T08:35:38.916+0000 7f72172c5640 1 -- 172.21.15.7:0/3774646430 --> [v2:172.21.15.7:3300/0,v1:172.21.15.7:6789/0] -- mon_command({"prefix": "get_command_descriptions"} v 0) -- 0x7f721007c300 con 0x7f721007de20
2024-09-19T08:35:43.541 INFO:teuthology.orchestra.run.smithi007.stdout:/usr/bin/ceph: stderr
2024-09-19T08:35:38.916+0000 7f72067fc640 1 --2- 172.21.15.7:0/3774646430 >> [v2:172.21.15.7:6800/3071389382,v1:172.21.15.7:6801/3071389382] conn(0x7f71fc039200 0x7f71fc03b6c0 unknown :-1 s=NONE pgs=0 cs=0 l=1 rev1=0 crypto rx=0 tx=0 comp rx=0 tx=0).connect
2024-09-19T08:35:43.541 INFO:teuthology.orchestra.run.smithi007.stdout:/usr/bin/ceph: stderr
2024-09-19T08:35:38.916+0000 7f72067fc640 1 -- 172.21.15.7:0/3774646430 <== mon.0 v2:172.21.15.7:3300/0 5 ==== osd_map(2..2 src has 1..2) ==== 940+0+0 (secure 0 0 0) 0x7f720c06c2c0 con 0x7f721007de20
2024-09-19T08:35:43.541 INFO:teuthology.orchestra.run.smithi007.stdout:/usr/bin/ceph: stderr
2024-09-19T08:35:38.916+0000 7f7214860640 1 --2- 172.21.15.7:0/3774646430 >> [v2:172.21.15.7:6800/3071389382,v1:172.21.15.7:6801/3071389382] conn(0x7f71fc039200 0x7f71fc03b6c0 unknown :-1 s=BANNER_CONNECTING pgs=0 cs=0 l=1 rev1=0 crypto rx=0 tx=0 comp rx=0 tx=0)._handle_peer_banner_payload supported=3 required=0
2024-09-19T08:35:43.542 INFO:teuthology.orchestra.run.smithi007.stdout:/usr/bin/ceph: stderr
2024-09-19T08:35:38.917+0000 7f7214860640 1 --2- 172.21.15.7:0/3774646430 >> [v2:172.21.15.7:6800/3071389382,v1:172.21.15.7:6801/3071389382] conn(0x7f71fc039200 0x7f71fc03b6c0 secure :-1 s=READY pgs=11 cs=0 l=1 rev1=1 crypto rx=0x7f72000098c0 tx=0x7f7200006db0 comp rx=0 tx=0).ready entity=mgr.14118 client_cookie=0 server_cookie=0 in_seq=0 out_seq=0
2024-09-19T08:35:43.542 INFO:teuthology.orchestra.run.smithi007.stdout:/usr/bin/ceph: stderr
2024-09-19T08:35:38.921+0000 7f72067fc640 1 -- 172.21.15.7:0/3774646430 <== mon.0 v2:172.21.15.7:3300/0 6 ==== mon_command_ack([{"prefix": "get_command_descriptions"}]=0 v0) ==== 72+0+188913 (secure 0 0 0) 0x7f720c04b170 con 0x7f721007de20
2024-09-19T08:35:43.542 INFO:teuthology.orchestra.run.smithi007.stdout:/usr/bin/ceph: stderr
2024-09-19T08:35:39.099+0000 7f72172c5640 1 -- 172.21.15.7:0/3774646430 --> [v2:172.21.15.7:6800/3071389382,v1:172.21.15.7:6801/3071389382] -- mgr_command(tid 0: {"prefix": "orch host add", "hostname": "smithi007", "addr": "172.21.15.7", "target": ["mon-mgr", ""]}) -- 0x7f7210104250 con 0x7f71fc039200
2024-09-19T08:35:43.542 INFO:teuthology.orchestra.run.smithi007.stdout:/usr/bin/ceph: stderr
2024-09-19T08:35:42.986+0000 7f72067fc640 1 -- 172.21.15.7:0/3774646430 <== mgr.14118 v2:172.21.15.7:6800/3071389382 1 ==== mgr_command_reply(tid 0: 0 ) ==== 8+0+47 (secure 0 0 0) 0x7f7210104250 con 0x7f71fc039200
2024-09-19T08:35:43.542 INFO:teuthology.orchestra.run.smithi007.stdout:/usr/bin/ceph: stderr
2024-09-19T08:35:42.989+0000 7f72172c5640 1 -- 172.21.15.7:0/3774646430 >> [v2:172.21.15.7:6800/3071389382,v1:172.21.15.7:6801/3071389382] conn(0x7f71fc039200 msgr2=0x7f71fc03b6c0 secure :-1 s=STATE_CONNECTION_ESTABLISHED l=1).mark_down
2024-09-19T08:35:43.542 INFO:teuthology.orchestra.run.smithi007.stdout:/usr/bin/ceph: stderr
2024-09-19T08:35:42.989+0000 7f72172c5640 1 --2- 172.21.15.7:0/3774646430 >> [v2:172.21.15.7:6800/3071389382,v1:172.21.15.7:6801/3071389382] conn(0x7f71fc039200 0x7f71fc03b6c0 secure :-1 s=READY pgs=11 cs=0 l=1 rev1=1 crypto rx=0x7f72000098c0 tx=0x7f7200006db0 comp rx=0 tx=0).stop
2024-09-19T08:35:43.542 INFO:teuthology.orchestra.run.smithi007.stdout:/usr/bin/ceph: stderr
2024-09-19T08:35:42.989+0000 7f72172c5640 1 -- 172.21.15.7:0/3774646430 >> [v2:172.21.15.7:3300/0,v1:172.21.15.7:6789/0] conn(0x7f721007de20 msgr2=0x7f721019d9d0 secure :-1 s=STATE_CONNECTION_ESTABLISHED l=1).mark_down
2024-09-19T08:35:43.542 INFO:teuthology.orchestra.run.smithi007.stdout:/usr/bin/ceph: stderr
2024-09-19T08:35:42.989+0000 7f72172c5640 1 --2- 172.21.15.7:0/3774646430 >> [v2:172.21.15.7:3300/0,v1:172.21.15.7:6789/0] conn(0x7f721007de20 0x7f721019d9d0 secure :-1 s=READY pgs=44 cs=0 l=1 rev1=1 crypto rx=0x7f720c032ce0 tx=0x7f720c032d10 comp rx=0 tx=0).stop
2024-09-19T08:35:43.542 INFO:teuthology.orchestra.run.smithi007.stdout:/usr/bin/ceph: stderr
2024-09-19T08:35:42.989+0000 7f72172c5640 1 -- 172.21.15.7:0/3774646430 shutdown_connections
2024-09-19T08:35:43.542 INFO:teuthology.orchestra.run.smithi007.stdout:/usr/bin/ceph: stderr
2024-09-19T08:35:42.989+0000 7f72172c5640 1 --2- 172.21.15.7:0/3774646430 >> [v2:172.21.15.7:6800/3071389382,v1:172.21.15.7:6801/3071389382] conn(0x7f71fc039200 0x7f71fc03b6c0 unknown :-1 s=CLOSED pgs=11 cs=0 l=1 rev1=1 crypto rx=0 tx=0 comp rx=0 tx=0).stop
2024-09-19T08:35:43.542 INFO:teuthology.orchestra.run.smithi007.stdout:/usr/bin/ceph: stderr
2024-09-19T08:35:42.989+0000 7f72172c5640 1 --2- 172.21.15.7:0/3774646430 >> [v2:172.21.15.7:3300/0,v1:172.21.15.7:6789/0] conn(0x7f721007de20 0x7f721019d9d0 unknown :-1 s=CLOSED pgs=44 cs=0 l=1 rev1=1 crypto rx=0 tx=0 comp rx=0 tx=0).stop
2024-09-19T08:35:43.542 INFO:teuthology.orchestra.run.smithi007.stdout:/usr/bin/ceph: stderr
2024-09-19T08:35:42.989+0000 7f72172c5640 1 -- 172.21.15.7:0/3774646430 >> 172.21.15.7:0/3774646430 conn(0x7f7210102f60 msgr2=0x7f7210103b40 unknown :-1 s=STATE_NONE l=0).mark_down
2024-09-19T08:35:43.542 INFO:teuthology.orchestra.run.smithi007.stdout:/usr/bin/ceph: stderr
2024-09-19T08:35:42.989+0000 7f72172c5640 1 -- 172.21.15.7:0/3774646430 shutdown_connections
2024-09-19T08:35:43.543 INFO:teuthology.orchestra.run.smithi007.stdout:/usr/bin/ceph: stderr
2024-09-19T08:35:42.989+0000 7f72172c5640 1 -- 172.21.15.7:0/3774646430 wait complete.
2024-09-19T08:35:43.543 INFO:teuthology.orchestra.run.smithi007.stdout:Deploying unmanaged mon service...
2024-09-19T08:35:44.111 INFO:journalctl@ceph.mon.a.smithi007.stdout:Sep 19 08:35:43 smithi007 ceph-mon[31221]: from='mgr.14118 172.21.15.7:0/2690452502' entity='mgr.x'
2024-09-19T08:35:44.111 INFO:journalctl@ceph.mon.a.smithi007.stdout:Sep 19 08:35:43 smithi007 ceph-mon[31221]: Added host smithi007
2024-09-19T08:35:44.111 INFO:journalctl@ceph.mon.a.smithi007.stdout:Sep 19 08:35:43 smithi007 ceph-mon[31221]: from='mgr.14118 172.21.15.7:0/2690452502' entity='mgr.x' cmd=[{"prefix": "config dump", "format": "json"}]: dispatch
2024-09-19T08:35:45.724 INFO:journalctl@ceph.mon.a.smithi007.stdout:Sep 19 08:35:45 smithi007 ceph-mon[31221]: from='client.14140 -' entity='client.admin' cmd=[{"prefix": "orch apply", "service_type": "mon", "unmanaged": true, "target": ["mon-mgr", ""]}]: dispatch
2024-09-19T08:35:45.724 INFO:journalctl@ceph.mon.a.smithi007.stdout:Sep 19 08:35:45 smithi007 ceph-mon[31221]: Saving service mon spec with placement count:5
2024-09-19T08:35:45.724 INFO:journalctl@ceph.mon.a.smithi007.stdout:Sep 19 08:35:45 smithi007 ceph-mon[31221]: from='mgr.14118 172.21.15.7:0/2690452502' entity='mgr.x'
2024-09-19T08:35:45.970 INFO:teuthology.orchestra.run.smithi007.stdout:/usr/bin/ceph: stdout Scheduled mon update...
2024-09-19T08:35:45.970 INFO:teuthology.orchestra.run.smithi007.stdout:/usr/bin/ceph: stderr
2024-09-19T08:35:44.111+0000 7f069ce40640 1 Processor -- start
2024-09-19T08:35:45.970 INFO:teuthology.orchestra.run.smithi007.stdout:/usr/bin/ceph: stderr
2024-09-19T08:35:44.111+0000 7f069ce40640 1 -- start start
2024-09-19T08:35:45.970 INFO:teuthology.orchestra.run.smithi007.stdout:/usr/bin/ceph: stderr
2024-09-19T08:35:44.111+0000 7f069ce40640 1 --2- >> [v2:172.21.15.7:3300/0,v1:172.21.15.7:6789/0] conn(0x7f06981066e0 0x7f0698106ae0 unknown :-1 s=NONE pgs=0 cs=0 l=0 rev1=0 crypto rx=0 tx=0 comp rx=0 tx=0).connect
2024-09-19T08:35:45.970 INFO:teuthology.orchestra.run.smithi007.stdout:/usr/bin/ceph: stderr
2024-09-19T08:35:44.111+0000 7f069ce40640 1 -- --> [v2:172.21.15.7:3300/0,v1:172.21.15.7:6789/0] -- mon_getmap magic: 0 -- 0x7f06981070b0 con 0x7f06981066e0
2024-09-19T08:35:45.970 INFO:teuthology.orchestra.run.smithi007.stdout:/usr/bin/ceph: stderr
2024-09-19T08:35:44.112+0000 7f069659c640 1 --2- >> [v2:172.21.15.7:3300/0,v1:172.21.15.7:6789/0] conn(0x7f06981066e0 0x7f0698106ae0 unknown :-1 s=BANNER_CONNECTING pgs=0 cs=0 l=0 rev1=0 crypto rx=0 tx=0 comp rx=0 tx=0)._handle_peer_banner_payload supported=3 required=0
2024-09-19T08:35:45.970 INFO:teuthology.orchestra.run.smithi007.stdout:/usr/bin/ceph: stderr
2024-09-19T08:35:44.112+0000 7f069659c640 1 --2- >> [v2:172.21.15.7:3300/0,v1:172.21.15.7:6789/0] conn(0x7f06981066e0 0x7f0698106ae0 unknown :-1 s=HELLO_CONNECTING pgs=0 cs=0 l=0 rev1=1 crypto rx=0 tx=0 comp rx=0 tx=0).handle_hello peer v2:172.21.15.7:3300/0 says I am v2:172.21.15.7:38074/0 (socket says 172.21.15.7:38074)
2024-09-19T08:35:45.970 INFO:teuthology.orchestra.run.smithi007.stdout:/usr/bin/ceph: stderr
2024-09-19T08:35:44.112+0000 7f069659c640 1 -- 172.21.15.7:0/465809644 learned_addr learned my addr 172.21.15.7:0/465809644 (peer_addr_for_me v2:172.21.15.7:0/0)
2024-09-19T08:35:45.970 INFO:teuthology.orchestra.run.smithi007.stdout:/usr/bin/ceph: stderr
