2024-09-19T08:35:44.112+0000 7f069659c640 1 -- 172.21.15.7:0/465809644 --> [v2:172.21.15.7:3300/0,v1:172.21.15.7:6789/0] -- mon_subscribe({config=0+,monmap=0+}) -- 0x7f06981078e0 con 0x7f06981066e0
2024-09-19T08:35:45.971 INFO:teuthology.orchestra.run.smithi007.stdout:/usr/bin/ceph: stderr
2024-09-19T08:35:44.113+0000 7f069659c640 1 --2- 172.21.15.7:0/465809644 >> [v2:172.21.15.7:3300/0,v1:172.21.15.7:6789/0] conn(0x7f06981066e0 0x7f0698106ae0 secure :-1 s=READY pgs=45 cs=0 l=1 rev1=1 crypto rx=0x7f0688009820 tx=0x7f068802a270 comp rx=0 tx=0).ready entity=mon.0 client_cookie=6706459cfd71284e server_cookie=0 in_seq=0 out_seq=0
2024-09-19T08:35:45.971 INFO:teuthology.orchestra.run.smithi007.stdout:/usr/bin/ceph: stderr
2024-09-19T08:35:44.113+0000 7f0695d9b640 1 -- 172.21.15.7:0/465809644 <== mon.0 v2:172.21.15.7:3300/0 1 ==== mon_map magic: 0 ==== 205+0+0 (secure 0 0 0) 0x7f0688037070 con 0x7f06981066e0
2024-09-19T08:35:45.971 INFO:teuthology.orchestra.run.smithi007.stdout:/usr/bin/ceph: stderr
2024-09-19T08:35:44.113+0000 7f0695d9b640 1 -- 172.21.15.7:0/465809644 <== mon.0 v2:172.21.15.7:3300/0 2 ==== config(27 keys) ==== 1109+0+0 (secure 0 0 0) 0x7f0688032900 con 0x7f06981066e0
2024-09-19T08:35:45.971 INFO:teuthology.orchestra.run.smithi007.stdout:/usr/bin/ceph: stderr
2024-09-19T08:35:44.113+0000 7f0695d9b640 1 -- 172.21.15.7:0/465809644 <== mon.0 v2:172.21.15.7:3300/0 3 ==== mon_map magic: 0 ==== 205+0+0 (secure 0 0 0) 0x7f0688030850 con 0x7f06981066e0
2024-09-19T08:35:45.971 INFO:teuthology.orchestra.run.smithi007.stdout:/usr/bin/ceph: stderr
2024-09-19T08:35:44.113+0000 7f069ce40640 1 -- 172.21.15.7:0/465809644 >> [v2:172.21.15.7:3300/0,v1:172.21.15.7:6789/0] conn(0x7f06981066e0 msgr2=0x7f0698106ae0 secure :-1 s=STATE_CONNECTION_ESTABLISHED l=1).mark_down
2024-09-19T08:35:45.971 INFO:teuthology.orchestra.run.smithi007.stdout:/usr/bin/ceph: stderr
2024-09-19T08:35:44.113+0000 7f069ce40640 1 --2- 172.21.15.7:0/465809644 >> [v2:172.21.15.7:3300/0,v1:172.21.15.7:6789/0] conn(0x7f06981066e0 0x7f0698106ae0 secure :-1 s=READY pgs=45 cs=0 l=1 rev1=1 crypto rx=0x7f0688009820 tx=0x7f068802a270 comp rx=0 tx=0).stop
2024-09-19T08:35:45.971 INFO:teuthology.orchestra.run.smithi007.stdout:/usr/bin/ceph: stderr
2024-09-19T08:35:44.114+0000 7f069ce40640 1 -- 172.21.15.7:0/465809644 shutdown_connections
2024-09-19T08:35:45.971 INFO:teuthology.orchestra.run.smithi007.stdout:/usr/bin/ceph: stderr
2024-09-19T08:35:44.114+0000 7f069ce40640 1 --2- 172.21.15.7:0/465809644 >> [v2:172.21.15.7:3300/0,v1:172.21.15.7:6789/0] conn(0x7f06981066e0 0x7f0698106ae0 unknown :-1 s=CLOSED pgs=45 cs=0 l=1 rev1=1 crypto rx=0 tx=0 comp rx=0 tx=0).stop
2024-09-19T08:35:45.971 INFO:teuthology.orchestra.run.smithi007.stdout:/usr/bin/ceph: stderr
2024-09-19T08:35:44.114+0000 7f069ce40640 1 -- 172.21.15.7:0/465809644 >> 172.21.15.7:0/465809644 conn(0x7f0698101ed0 msgr2=0x7f06981042f0 unknown :-1 s=STATE_NONE l=0).mark_down
2024-09-19T08:35:45.971 INFO:teuthology.orchestra.run.smithi007.stdout:/usr/bin/ceph: stderr
2024-09-19T08:35:44.114+0000 7f069ce40640 1 -- 172.21.15.7:0/465809644 shutdown_connections
2024-09-19T08:35:45.971 INFO:teuthology.orchestra.run.smithi007.stdout:/usr/bin/ceph: stderr
2024-09-19T08:35:44.114+0000 7f069ce40640 1 -- 172.21.15.7:0/465809644 wait complete.
2024-09-19T08:35:45.971 INFO:teuthology.orchestra.run.smithi007.stdout:/usr/bin/ceph: stderr
2024-09-19T08:35:44.114+0000 7f069ce40640 1 Processor -- start
2024-09-19T08:35:45.972 INFO:teuthology.orchestra.run.smithi007.stdout:/usr/bin/ceph: stderr
2024-09-19T08:35:44.114+0000 7f069ce40640 1 -- start start
2024-09-19T08:35:45.972 INFO:teuthology.orchestra.run.smithi007.stdout:/usr/bin/ceph: stderr
2024-09-19T08:35:44.114+0000 7f069ce40640 1 --2- >> [v2:172.21.15.7:3300/0,v1:172.21.15.7:6789/0] conn(0x7f06981066e0 0x7f069819a6a0 unknown :-1 s=NONE pgs=0 cs=0 l=1 rev1=0 crypto rx=0 tx=0 comp rx=0 tx=0).connect
2024-09-19T08:35:45.972 INFO:teuthology.orchestra.run.smithi007.stdout:/usr/bin/ceph: stderr
2024-09-19T08:35:44.114+0000 7f069ce40640 1 -- --> [v2:172.21.15.7:3300/0,v1:172.21.15.7:6789/0] -- mon_getmap magic: 0 -- 0x7f069810ac90 con 0x7f06981066e0
2024-09-19T08:35:45.972 INFO:teuthology.orchestra.run.smithi007.stdout:/usr/bin/ceph: stderr
2024-09-19T08:35:44.115+0000 7f069659c640 1 --2- >> [v2:172.21.15.7:3300/0,v1:172.21.15.7:6789/0] conn(0x7f06981066e0 0x7f069819a6a0 unknown :-1 s=BANNER_CONNECTING pgs=0 cs=0 l=1 rev1=0 crypto rx=0 tx=0 comp rx=0 tx=0)._handle_peer_banner_payload supported=3 required=0
2024-09-19T08:35:45.972 INFO:teuthology.orchestra.run.smithi007.stdout:/usr/bin/ceph: stderr
2024-09-19T08:35:44.115+0000 7f069659c640 1 --2- >> [v2:172.21.15.7:3300/0,v1:172.21.15.7:6789/0] conn(0x7f06981066e0 0x7f069819a6a0 unknown :-1 s=HELLO_CONNECTING pgs=0 cs=0 l=1 rev1=1 crypto rx=0 tx=0 comp rx=0 tx=0).handle_hello peer v2:172.21.15.7:3300/0 says I am v2:172.21.15.7:38082/0 (socket says 172.21.15.7:38082)
2024-09-19T08:35:45.972 INFO:teuthology.orchestra.run.smithi007.stdout:/usr/bin/ceph: stderr
2024-09-19T08:35:44.115+0000 7f069659c640 1 -- 172.21.15.7:0/3726066032 learned_addr learned my addr 172.21.15.7:0/3726066032 (peer_addr_for_me v2:172.21.15.7:0/0)
2024-09-19T08:35:45.972 INFO:teuthology.orchestra.run.smithi007.stdout:/usr/bin/ceph: stderr
2024-09-19T08:35:44.115+0000 7f069659c640 1 -- 172.21.15.7:0/3726066032 --> [v2:172.21.15.7:3300/0,v1:172.21.15.7:6789/0] -- mon_subscribe({config=0+,monmap=0+}) -- 0x7f069819abe0 con 0x7f06981066e0
2024-09-19T08:35:45.972 INFO:teuthology.orchestra.run.smithi007.stdout:/usr/bin/ceph: stderr
2024-09-19T08:35:44.115+0000 7f069659c640 1 --2- 172.21.15.7:0/3726066032 >> [v2:172.21.15.7:3300/0,v1:172.21.15.7:6789/0] conn(0x7f06981066e0 0x7f069819a6a0 secure :-1 s=READY pgs=46 cs=0 l=1 rev1=1 crypto rx=0x7f0688009940 tx=0x7f0688032ce0 comp rx=0 tx=0).ready entity=mon.0 client_cookie=0 server_cookie=0 in_seq=0 out_seq=0
2024-09-19T08:35:45.972 INFO:teuthology.orchestra.run.smithi007.stdout:/usr/bin/ceph: stderr
2024-09-19T08:35:44.115+0000 7f068f7fe640 1 -- 172.21.15.7:0/3726066032 <== mon.0 v2:172.21.15.7:3300/0 1 ==== mon_map magic: 0 ==== 205+0+0 (secure 0 0 0) 0x7f0688042070 con 0x7f06981066e0
2024-09-19T08:35:45.972 INFO:teuthology.orchestra.run.smithi007.stdout:/usr/bin/ceph: stderr
2024-09-19T08:35:44.115+0000 7f068f7fe640 1 -- 172.21.15.7:0/3726066032 <== mon.0 v2:172.21.15.7:3300/0 2 ==== config(27 keys) ==== 1109+0+0 (secure 0 0 0) 0x7f06880308c0 con 0x7f06981066e0
2024-09-19T08:35:45.972 INFO:teuthology.orchestra.run.smithi007.stdout:/usr/bin/ceph: stderr
2024-09-19T08:35:44.115+0000 7f068f7fe640 1 -- 172.21.15.7:0/3726066032 <== mon.0 v2:172.21.15.7:3300/0 3 ==== mon_map magic: 0 ==== 205+0+0 (secure 0 0 0) 0x7f0688037040 con 0x7f06981066e0
2024-09-19T08:35:45.972 INFO:teuthology.orchestra.run.smithi007.stdout:/usr/bin/ceph: stderr
2024-09-19T08:35:44.115+0000 7f069ce40640 1 -- 172.21.15.7:0/3726066032 --> [v2:172.21.15.7:3300/0,v1:172.21.15.7:6789/0] -- mon_subscribe({mgrmap=0+}) -- 0x7f069819ae70 con 0x7f06981066e0
2024-09-19T08:35:45.973 INFO:teuthology.orchestra.run.smithi007.stdout:/usr/bin/ceph: stderr
2024-09-19T08:35:44.115+0000 7f069ce40640 1 -- 172.21.15.7:0/3726066032 --> [v2:172.21.15.7:3300/0,v1:172.21.15.7:6789/0] -- mon_subscribe({osdmap=0}) -- 0x7f069819db60 con 0x7f06981066e0
2024-09-19T08:35:45.973 INFO:teuthology.orchestra.run.smithi007.stdout:/usr/bin/ceph: stderr
2024-09-19T08:35:44.116+0000 7f068f7fe640 1 -- 172.21.15.7:0/3726066032 <== mon.0 v2:172.21.15.7:3300/0 4 ==== mgrmap(e 8) ==== 46461+0+0 (secure 0 0 0) 0x7f0688045070 con 0x7f06981066e0
2024-09-19T08:35:45.973 INFO:teuthology.orchestra.run.smithi007.stdout:/usr/bin/ceph: stderr
2024-09-19T08:35:44.116+0000 7f068f7fe640 1 --2- 172.21.15.7:0/3726066032 >> [v2:172.21.15.7:6800/3071389382,v1:172.21.15.7:6801/3071389382] conn(0x7f0684039200 0x7f068403b6c0 unknown :-1 s=NONE pgs=0 cs=0 l=1 rev1=0 crypto rx=0 tx=0 comp rx=0 tx=0).connect
2024-09-19T08:35:45.973 INFO:teuthology.orchestra.run.smithi007.stdout:/usr/bin/ceph: stderr
2024-09-19T08:35:44.116+0000 7f069ce40640 1 -- 172.21.15.7:0/3726066032 --> [v2:172.21.15.7:3300/0,v1:172.21.15.7:6789/0] -- mon_command({"prefix": "get_command_descriptions"} v 0) -- 0x7f0698106b60 con 0x7f06981066e0
2024-09-19T08:35:45.973 INFO:teuthology.orchestra.run.smithi007.stdout:/usr/bin/ceph: stderr
2024-09-19T08:35:44.116+0000 7f068f7fe640 1 -- 172.21.15.7:0/3726066032 <== mon.0 v2:172.21.15.7:3300/0 5 ==== osd_map(2..2 src has 1..2) ==== 940+0+0 (secure 0 0 0) 0x7f068806c360 con 0x7f06981066e0
2024-09-19T08:35:45.973 INFO:teuthology.orchestra.run.smithi007.stdout:/usr/bin/ceph: stderr
2024-09-19T08:35:44.116+0000 7f068ffff640 1 --2- 172.21.15.7:0/3726066032 >> [v2:172.21.15.7:6800/3071389382,v1:172.21.15.7:6801/3071389382] conn(0x7f0684039200 0x7f068403b6c0 unknown :-1 s=BANNER_CONNECTING pgs=0 cs=0 l=1 rev1=0 crypto rx=0 tx=0 comp rx=0 tx=0)._handle_peer_banner_payload supported=3 required=0
2024-09-19T08:35:45.973 INFO:teuthology.orchestra.run.smithi007.stdout:/usr/bin/ceph: stderr
2024-09-19T08:35:44.117+0000 7f068ffff640 1 --2- 172.21.15.7:0/3726066032 >> [v2:172.21.15.7:6800/3071389382,v1:172.21.15.7:6801/3071389382] conn(0x7f0684039200 0x7f068403b6c0 secure :-1 s=READY pgs=12 cs=0 l=1 rev1=1 crypto rx=0x7f06800098c0 tx=0x7f0680006db0 comp rx=0 tx=0).ready entity=mgr.14118 client_cookie=0 server_cookie=0 in_seq=0 out_seq=0
2024-09-19T08:35:45.973 INFO:teuthology.orchestra.run.smithi007.stdout:/usr/bin/ceph: stderr
2024-09-19T08:35:44.121+0000 7f068f7fe640 1 -- 172.21.15.7:0/3726066032 <== mon.0 v2:172.21.15.7:3300/0 6 ==== mon_command_ack([{"prefix": "get_command_descriptions"}]=0 v0) ==== 72+0+188913 (secure 0 0 0) 0x7f068804b170 con 0x7f06981066e0
2024-09-19T08:35:45.974 INFO:teuthology.orchestra.run.smithi007.stdout:/usr/bin/ceph: stderr
2024-09-19T08:35:44.311+0000 7f069ce40640 1 -- 172.21.15.7:0/3726066032 --> [v2:172.21.15.7:6800/3071389382,v1:172.21.15.7:6801/3071389382] -- mgr_command(tid 0: {"prefix": "orch apply", "service_type": "mon", "unmanaged": true, "target": ["mon-mgr", ""]}) -- 0x7f0698103190 con 0x7f0684039200
2024-09-19T08:35:45.974 INFO:teuthology.orchestra.run.smithi007.stdout:/usr/bin/ceph: stderr
2024-09-19T08:35:44.316+0000 7f068f7fe640 1 -- 172.21.15.7:0/3726066032 <== mgr.14118 v2:172.21.15.7:6800/3071389382 1 ==== mgr_command_reply(tid 0: 0 ) ==== 8+0+24 (secure 0 0 0) 0x7f0698103190 con 0x7f0684039200
2024-09-19T08:35:45.974 INFO:teuthology.orchestra.run.smithi007.stdout:/usr/bin/ceph: stderr
2024-09-19T08:35:44.318+0000 7f069ce40640 1 -- 172.21.15.7:0/3726066032 >> [v2:172.21.15.7:6800/3071389382,v1:172.21.15.7:6801/3071389382] conn(0x7f0684039200 msgr2=0x7f068403b6c0 secure :-1 s=STATE_CONNECTION_ESTABLISHED l=1).mark_down
2024-09-19T08:35:45.974 INFO:teuthology.orchestra.run.smithi007.stdout:/usr/bin/ceph: stderr
2024-09-19T08:35:44.318+0000 7f069ce40640 1 --2- 172.21.15.7:0/3726066032 >> [v2:172.21.15.7:6800/3071389382,v1:172.21.15.7:6801/3071389382] conn(0x7f0684039200 0x7f068403b6c0 secure :-1 s=READY pgs=12 cs=0 l=1 rev1=1 crypto rx=0x7f06800098c0 tx=0x7f0680006db0 comp rx=0 tx=0).stop
2024-09-19T08:35:45.974 INFO:teuthology.orchestra.run.smithi007.stdout:/usr/bin/ceph: stderr
2024-09-19T08:35:44.318+0000 7f069ce40640 1 -- 172.21.15.7:0/3726066032 >> [v2:172.21.15.7:3300/0,v1:172.21.15.7:6789/0] conn(0x7f06981066e0 msgr2=0x7f069819a6a0 secure :-1 s=STATE_CONNECTION_ESTABLISHED l=1).mark_down
2024-09-19T08:35:45.974 INFO:teuthology.orchestra.run.smithi007.stdout:/usr/bin/ceph: stderr
2024-09-19T08:35:44.318+0000 7f069ce40640 1 --2- 172.21.15.7:0/3726066032 >> [v2:172.21.15.7:3300/0,v1:172.21.15.7:6789/0] conn(0x7f06981066e0 0x7f069819a6a0 secure :-1 s=READY pgs=46 cs=0 l=1 rev1=1 crypto rx=0x7f0688009940 tx=0x7f0688032ce0 comp rx=0 tx=0).stop
2024-09-19T08:35:45.974 INFO:teuthology.orchestra.run.smithi007.stdout:/usr/bin/ceph: stderr
2024-09-19T08:35:44.318+0000 7f069ce40640 1 -- 172.21.15.7:0/3726066032 shutdown_connections
2024-09-19T08:35:45.974 INFO:teuthology.orchestra.run.smithi007.stdout:/usr/bin/ceph: stderr
2024-09-19T08:35:44.318+0000 7f069ce40640 1 --2- 172.21.15.7:0/3726066032 >> [v2:172.21.15.7:6800/3071389382,v1:172.21.15.7:6801/3071389382] conn(0x7f0684039200 0x7f068403b6c0 unknown :-1 s=CLOSED pgs=12 cs=0 l=1 rev1=1 crypto rx=0 tx=0 comp rx=0 tx=0).stop
2024-09-19T08:35:45.974 INFO:teuthology.orchestra.run.smithi007.stdout:/usr/bin/ceph: stderr
2024-09-19T08:35:44.318+0000 7f069ce40640 1 --2- 172.21.15.7:0/3726066032 >> [v2:172.21.15.7:3300/0,v1:172.21.15.7:6789/0] conn(0x7f06981066e0 0x7f069819a6a0 unknown :-1 s=CLOSED pgs=46 cs=0 l=1 rev1=1 crypto rx=0 tx=0 comp rx=0 tx=0).stop
2024-09-19T08:35:45.974 INFO:teuthology.orchestra.run.smithi007.stdout:/usr/bin/ceph: stderr
2024-09-19T08:35:44.318+0000 7f069ce40640 1 -- 172.21.15.7:0/3726066032 >> 172.21.15.7:0/3726066032 conn(0x7f0698101ed0 msgr2=0x7f0698102a80 unknown :-1 s=STATE_NONE l=0).mark_down
2024-09-19T08:35:45.975 INFO:teuthology.orchestra.run.smithi007.stdout:/usr/bin/ceph: stderr
2024-09-19T08:35:44.318+0000 7f069ce40640 1 -- 172.21.15.7:0/3726066032 shutdown_connections
2024-09-19T08:35:45.975 INFO:teuthology.orchestra.run.smithi007.stdout:/usr/bin/ceph: stderr
2024-09-19T08:35:44.318+0000 7f069ce40640 1 -- 172.21.15.7:0/3726066032 wait complete.
2024-09-19T08:35:45.975 INFO:teuthology.orchestra.run.smithi007.stdout:Deploying unmanaged mgr service...
2024-09-19T08:35:46.783 INFO:journalctl@ceph.mon.a.smithi007.stdout:Sep 19 08:35:46 smithi007 ceph-mon[31221]: from='mgr.14118 172.21.15.7:0/2690452502' entity='mgr.x'
2024-09-19T08:35:46.783 INFO:journalctl@ceph.mon.a.smithi007.stdout:Sep 19 08:35:46 smithi007 ceph-mon[31221]: from='mgr.14118 172.21.15.7:0/2690452502' entity='mgr.x'
2024-09-19T08:35:47.873 INFO:journalctl@ceph.mon.a.smithi007.stdout:Sep 19 08:35:47 smithi007 ceph-mon[31221]: from='client.14142 -' entity='client.admin' cmd=[{"prefix": "orch apply", "service_type": "mgr", "unmanaged": true, "target": ["mon-mgr", ""]}]: dispatch
2024-09-19T08:35:47.873 INFO:journalctl@ceph.mon.a.smithi007.stdout:Sep 19 08:35:47 smithi007 ceph-mon[31221]: Saving service mgr spec with placement count:2
2024-09-19T08:35:47.874 INFO:journalctl@ceph.mon.a.smithi007.stdout:Sep 19 08:35:47 smithi007 ceph-mon[31221]: from='mgr.14118 172.21.15.7:0/2690452502' entity='mgr.x'
2024-09-19T08:35:47.874 INFO:journalctl@ceph.mon.a.smithi007.stdout:Sep 19 08:35:47 smithi007 ceph-mon[31221]: from='mgr.14118 172.21.15.7:0/2690452502' entity='mgr.x'
2024-09-19T08:35:47.881 INFO:teuthology.orchestra.run.smithi007.stdout:/usr/bin/ceph: stdout Scheduled mgr update...
2024-09-19T08:35:47.881 INFO:teuthology.orchestra.run.smithi007.stdout:/usr/bin/ceph: stderr
2024-09-19T08:35:46.374+0000 7fce2a476640 1 Processor -- start
2024-09-19T08:35:47.881 INFO:teuthology.orchestra.run.smithi007.stdout:/usr/bin/ceph: stderr
2024-09-19T08:35:46.374+0000 7fce2a476640 1 -- start start
2024-09-19T08:35:47.881 INFO:teuthology.orchestra.run.smithi007.stdout:/usr/bin/ceph: stderr
2024-09-19T08:35:46.374+0000 7fce2a476640 1 --2- >> [v2:172.21.15.7:3300/0,v1:172.21.15.7:6789/0] conn(0x7fce241077d0 0x7fce24107bd0 unknown :-1 s=NONE pgs=0 cs=0 l=0 rev1=0 crypto rx=0 tx=0 comp rx=0 tx=0).connect
2024-09-19T08:35:47.882 INFO:teuthology.orchestra.run.smithi007.stdout:/usr/bin/ceph: stderr
2024-09-19T08:35:46.374+0000 7fce2a476640 1 -- --> [v2:172.21.15.7:3300/0,v1:172.21.15.7:6789/0] -- mon_getmap magic: 0 -- 0x7fce241081a0 con 0x7fce241077d0
2024-09-19T08:35:47.882 INFO:teuthology.orchestra.run.smithi007.stdout:/usr/bin/ceph: stderr
2024-09-19T08:35:46.374+0000 7fce23fff640 1 --2- >> [v2:172.21.15.7:3300/0,v1:172.21.15.7:6789/0] conn(0x7fce241077d0 0x7fce24107bd0 unknown :-1 s=BANNER_CONNECTING pgs=0 cs=0 l=0 rev1=0 crypto rx=0 tx=0 comp rx=0 tx=0)._handle_peer_banner_payload supported=3 required=0
2024-09-19T08:35:47.882 INFO:teuthology.orchestra.run.smithi007.stdout:/usr/bin/ceph: stderr
2024-09-19T08:35:46.374+0000 7fce23fff640 1 --2- >> [v2:172.21.15.7:3300/0,v1:172.21.15.7:6789/0] conn(0x7fce241077d0 0x7fce24107bd0 unknown :-1 s=HELLO_CONNECTING pgs=0 cs=0 l=0 rev1=1 crypto rx=0 tx=0 comp rx=0 tx=0).handle_hello peer v2:172.21.15.7:3300/0 says I am v2:172.21.15.7:38096/0 (socket says 172.21.15.7:38096)
2024-09-19T08:35:47.882 INFO:teuthology.orchestra.run.smithi007.stdout:/usr/bin/ceph: stderr
2024-09-19T08:35:46.374+0000 7fce23fff640 1 -- 172.21.15.7:0/4012591964 learned_addr learned my addr 172.21.15.7:0/4012591964 (peer_addr_for_me v2:172.21.15.7:0/0)
2024-09-19T08:35:47.882 INFO:teuthology.orchestra.run.smithi007.stdout:/usr/bin/ceph: stderr
2024-09-19T08:35:46.374+0000 7fce23fff640 1 -- 172.21.15.7:0/4012591964 --> [v2:172.21.15.7:3300/0,v1:172.21.15.7:6789/0] -- mon_subscribe({config=0+,monmap=0+}) -- 0x7fce241089d0 con 0x7fce241077d0
2024-09-19T08:35:47.882 INFO:teuthology.orchestra.run.smithi007.stdout:/usr/bin/ceph: stderr
2024-09-19T08:35:46.375+0000 7fce23fff640 1 --2- 172.21.15.7:0/4012591964 >> [v2:172.21.15.7:3300/0,v1:172.21.15.7:6789/0] conn(0x7fce241077d0 0x7fce24107bd0 secure :-1 s=READY pgs=47 cs=0 l=1 rev1=1 crypto rx=0x7fce14009820 tx=0x7fce1402a270 comp rx=0 tx=0).ready entity=mon.0 client_cookie=62dd54ff567abc5d server_cookie=0 in_seq=0 out_seq=0
2024-09-19T08:35:47.882 INFO:teuthology.orchestra.run.smithi007.stdout:/usr/bin/ceph: stderr
2024-09-19T08:35:46.376+0000 7fce22ffd640 1 -- 172.21.15.7:0/4012591964 <== mon.0 v2:172.21.15.7:3300/0 1 ==== mon_map magic: 0 ==== 205+0+0 (secure 0 0 0) 0x7fce14037070 con 0x7fce241077d0
2024-09-19T08:35:47.882 INFO:teuthology.orchestra.run.smithi007.stdout:/usr/bin/ceph: stderr
2024-09-19T08:35:46.376+0000 7fce22ffd640 1 -- 172.21.15.7:0/4012591964 <== mon.0 v2:172.21.15.7:3300/0 2 ==== config(27 keys) ==== 1140+0+0 (secure 0 0 0) 0x7fce14032920 con 0x7fce241077d0
2024-09-19T08:35:47.882 INFO:teuthology.orchestra.run.smithi007.stdout:/usr/bin/ceph: stderr
2024-09-19T08:35:46.376+0000 7fce22ffd640 1 -- 172.21.15.7:0/4012591964 <== mon.0 v2:172.21.15.7:3300/0 3 ==== mon_map magic: 0 ==== 205+0+0 (secure 0 0 0) 0x7fce14030810 con 0x7fce241077d0
2024-09-19T08:35:47.882 INFO:teuthology.orchestra.run.smithi007.stdout:/usr/bin/ceph: stderr
2024-09-19T08:35:46.376+0000 7fce2a476640 1 -- 172.21.15.7:0/4012591964 >> [v2:172.21.15.7:3300/0,v1:172.21.15.7:6789/0] conn(0x7fce241077d0 msgr2=0x7fce24107bd0 secure :-1 s=STATE_CONNECTION_ESTABLISHED l=1).mark_down
2024-09-19T08:35:47.882 INFO:teuthology.orchestra.run.smithi007.stdout:/usr/bin/ceph: stderr
2024-09-19T08:35:46.376+0000 7fce2a476640 1 --2- 172.21.15.7:0/4012591964 >> [v2:172.21.15.7:3300/0,v1:172.21.15.7:6789/0] conn(0x7fce241077d0 0x7fce24107bd0 secure :-1 s=READY pgs=47 cs=0 l=1 rev1=1 crypto rx=0x7fce14009820 tx=0x7fce1402a270 comp rx=0 tx=0).stop
2024-09-19T08:35:47.883 INFO:teuthology.orchestra.run.smithi007.stdout:/usr/bin/ceph: stderr
2024-09-19T08:35:46.376+0000 7fce2a476640 1 -- 172.21.15.7:0/4012591964 shutdown_connections
2024-09-19T08:35:47.883 INFO:teuthology.orchestra.run.smithi007.stdout:/usr/bin/ceph: stderr
2024-09-19T08:35:46.376+0000 7fce2a476640 1 --2- 172.21.15.7:0/4012591964 >> [v2:172.21.15.7:3300/0,v1:172.21.15.7:6789/0] conn(0x7fce241077d0 0x7fce24107bd0 unknown :-1 s=CLOSED pgs=47 cs=0 l=1 rev1=1 crypto rx=0 tx=0 comp rx=0 tx=0).stop
2024-09-19T08:35:47.883 INFO:teuthology.orchestra.run.smithi007.stdout:/usr/bin/ceph: stderr
2024-09-19T08:35:46.376+0000 7fce2a476640 1 -- 172.21.15.7:0/4012591964 >> 172.21.15.7:0/4012591964 conn(0x7fce24102f60 msgr2=0x7fce241053a0 unknown :-1 s=STATE_NONE l=0).mark_down
2024-09-19T08:35:47.883 INFO:teuthology.orchestra.run.smithi007.stdout:/usr/bin/ceph: stderr
2024-09-19T08:35:46.376+0000 7fce2a476640 1 -- 172.21.15.7:0/4012591964 shutdown_connections
2024-09-19T08:35:47.883 INFO:teuthology.orchestra.run.smithi007.stdout:/usr/bin/ceph: stderr
2024-09-19T08:35:46.376+0000 7fce2a476640 1 -- 172.21.15.7:0/4012591964 wait complete.
2024-09-19T08:35:47.883 INFO:teuthology.orchestra.run.smithi007.stdout:/usr/bin/ceph: stderr
2024-09-19T08:35:46.377+0000 7fce2a476640 1 Processor -- start
2024-09-19T08:35:47.883 INFO:teuthology.orchestra.run.smithi007.stdout:/usr/bin/ceph: stderr
2024-09-19T08:35:46.377+0000 7fce2a476640 1 -- start start
2024-09-19T08:35:47.883 INFO:teuthology.orchestra.run.smithi007.stdout:/usr/bin/ceph: stderr
2024-09-19T08:35:46.377+0000 7fce2a476640 1 --2- >> [v2:172.21.15.7:3300/0,v1:172.21.15.7:6789/0] conn(0x7fce241077d0 0x7fce2419b7b0 unknown :-1 s=NONE pgs=0 cs=0 l=1 rev1=0 crypto rx=0 tx=0 comp rx=0 tx=0).connect
2024-09-19T08:35:47.883 INFO:teuthology.orchestra.run.smithi007.stdout:/usr/bin/ceph: stderr
2024-09-19T08:35:46.377+0000 7fce2a476640 1 -- --> [v2:172.21.15.7:3300/0,v1:172.21.15.7:6789/0] -- mon_getmap magic: 0 -- 0x7fce2410bd80 con 0x7fce241077d0
2024-09-19T08:35:47.883 INFO:teuthology.orchestra.run.smithi007.stdout:/usr/bin/ceph: stderr
2024-09-19T08:35:46.377+0000 7fce23fff640 1 --2- >> [v2:172.21.15.7:3300/0,v1:172.21.15.7:6789/0] conn(0x7fce241077d0 0x7fce2419b7b0 unknown :-1 s=BANNER_CONNECTING pgs=0 cs=0 l=1 rev1=0 crypto rx=0 tx=0 comp rx=0 tx=0)._handle_peer_banner_payload supported=3 required=0
2024-09-19T08:35:47.883 INFO:teuthology.orchestra.run.smithi007.stdout:/usr/bin/ceph: stderr
2024-09-19T08:35:46.377+0000 7fce23fff640 1 --2- >> [v2:172.21.15.7:3300/0,v1:172.21.15.7:6789/0] conn(0x7fce241077d0 0x7fce2419b7b0 unknown :-1 s=HELLO_CONNECTING pgs=0 cs=0 l=1 rev1=1 crypto rx=0 tx=0 comp rx=0 tx=0).handle_hello peer v2:172.21.15.7:3300/0 says I am v2:172.21.15.7:38104/0 (socket says 172.21.15.7:38104)
2024-09-19T08:35:47.883 INFO:teuthology.orchestra.run.smithi007.stdout:/usr/bin/ceph: stderr
2024-09-19T08:35:46.377+0000 7fce23fff640 1 -- 172.21.15.7:0/3711189560 learned_addr learned my addr 172.21.15.7:0/3711189560 (peer_addr_for_me v2:172.21.15.7:0/0)
2024-09-19T08:35:47.883 INFO:teuthology.orchestra.run.smithi007.stdout:/usr/bin/ceph: stderr
2024-09-19T08:35:46.378+0000 7fce23fff640 1 -- 172.21.15.7:0/3711189560 --> [v2:172.21.15.7:3300/0,v1:172.21.15.7:6789/0] -- mon_subscribe({config=0+,monmap=0+}) -- 0x7fce2419bcf0 con 0x7fce241077d0
2024-09-19T08:35:47.883 INFO:teuthology.orchestra.run.smithi007.stdout:/usr/bin/ceph: stderr
2024-09-19T08:35:46.378+0000 7fce23fff640 1 --2- 172.21.15.7:0/3711189560 >> [v2:172.21.15.7:3300/0,v1:172.21.15.7:6789/0] conn(0x7fce241077d0 0x7fce2419b7b0 secure :-1 s=READY pgs=48 cs=0 l=1 rev1=1 crypto rx=0x7fce140097f0 tx=0x7fce140327b0 comp rx=0 tx=0).ready entity=mon.0 client_cookie=0 server_cookie=0 in_seq=0 out_seq=0
2024-09-19T08:35:47.884 INFO:teuthology.orchestra.run.smithi007.stdout:/usr/bin/ceph: stderr
2024-09-19T08:35:46.378+0000 7fce217fa640 1 -- 172.21.15.7:0/3711189560 <== mon.0 v2:172.21.15.7:3300/0 1 ==== mon_map magic: 0 ==== 205+0+0 (secure 0 0 0) 0x7fce14037040 con 0x7fce241077d0
2024-09-19T08:35:47.884 INFO:teuthology.orchestra.run.smithi007.stdout:/usr/bin/ceph: stderr
2024-09-19T08:35:46.378+0000 7fce217fa640 1 -- 172.21.15.7:0/3711189560 <== mon.0 v2:172.21.15.7:3300/0 2 ==== config(27 keys) ==== 1140+0+0 (secure 0 0 0) 0x7fce14030cc0 con 0x7fce241077d0
2024-09-19T08:35:47.884 INFO:teuthology.orchestra.run.smithi007.stdout:/usr/bin/ceph: stderr
2024-09-19T08:35:46.378+0000 7fce2a476640 1 -- 172.21.15.7:0/3711189560 --> [v2:172.21.15.7:3300/0,v1:172.21.15.7:6789/0] -- mon_subscribe({mgrmap=0+}) -- 0x7fce2419bf80 con 0x7fce241077d0
2024-09-19T08:35:47.884 INFO:teuthology.orchestra.run.smithi007.stdout:/usr/bin/ceph: stderr
2024-09-19T08:35:46.378+0000 7fce217fa640 1 -- 172.21.15.7:0/3711189560 <== mon.0 v2:172.21.15.7:3300/0 3 ==== mon_map magic: 0 ==== 205+0+0 (secure 0 0 0) 0x7fce1403a640 con 0x7fce241077d0
2024-09-19T08:35:47.884 INFO:teuthology.orchestra.run.smithi007.stdout:/usr/bin/ceph: stderr
2024-09-19T08:35:46.378+0000 7fce2a476640 1 -- 172.21.15.7:0/3711189560 --> [v2:172.21.15.7:3300/0,v1:172.21.15.7:6789/0] -- mon_subscribe({osdmap=0}) -- 0x7fce2419ec70 con 0x7fce241077d0
2024-09-19T08:35:47.884 INFO:teuthology.orchestra.run.smithi007.stdout:/usr/bin/ceph: stderr
2024-09-19T08:35:46.379+0000 7fce217fa640 1 -- 172.21.15.7:0/3711189560 <== mon.0 v2:172.21.15.7:3300/0 4 ==== mgrmap(e 8) ==== 46461+0+0 (secure 0 0 0) 0x7fce1403a940 con 0x7fce241077d0
2024-09-19T08:35:47.884 INFO:teuthology.orchestra.run.smithi007.stdout:/usr/bin/ceph: stderr
2024-09-19T08:35:46.379+0000 7fce2a476640 1 -- 172.21.15.7:0/3711189560 --> [v2:172.21.15.7:3300/0,v1:172.21.15.7:6789/0] -- mon_command({"prefix": "get_command_descriptions"} v 0) -- 0x7fce24107c50 con 0x7fce241077d0
2024-09-19T08:35:47.884 INFO:teuthology.orchestra.run.smithi007.stdout:/usr/bin/ceph: stderr
2024-09-19T08:35:46.379+0000 7fce217fa640 1 --2- 172.21.15.7:0/3711189560 >> [v2:172.21.15.7:6800/3071389382,v1:172.21.15.7:6801/3071389382] conn(0x7fce0c0391b0 0x7fce0c03b670 unknown :-1 s=NONE pgs=0 cs=0 l=1 rev1=0 crypto rx=0 tx=0 comp rx=0 tx=0).connect
2024-09-19T08:35:47.884 INFO:teuthology.orchestra.run.smithi007.stdout:/usr/bin/ceph: stderr
2024-09-19T08:35:46.379+0000 7fce217fa640 1 -- 172.21.15.7:0/3711189560 <== mon.0 v2:172.21.15.7:3300/0 5 ==== osd_map(2..2 src has 1..2) ==== 940+0+0 (secure 0 0 0) 0x7fce1406c9e0 con 0x7fce241077d0
2024-09-19T08:35:47.884 INFO:teuthology.orchestra.run.smithi007.stdout:/usr/bin/ceph: stderr
2024-09-19T08:35:46.379+0000 7fce237fe640 1 --2- 172.21.15.7:0/3711189560 >> [v2:172.21.15.7:6800/3071389382,v1:172.21.15.7:6801/3071389382] conn(0x7fce0c0391b0 0x7fce0c03b670 unknown :-1 s=BANNER_CONNECTING pgs=0 cs=0 l=1 rev1=0 crypto rx=0 tx=0 comp rx=0 tx=0)._handle_peer_banner_payload supported=3 required=0
2024-09-19T08:35:47.885 INFO:teuthology.orchestra.run.smithi007.stdout:/usr/bin/ceph: stderr
2024-09-19T08:35:46.380+0000 7fce237fe640 1 --2- 172.21.15.7:0/3711189560 >> [v2:172.21.15.7:6800/3071389382,v1:172.21.15.7:6801/3071389382] conn(0x7fce0c0391b0 0x7fce0c03b670 secure :-1 s=READY pgs=13 cs=0 l=1 rev1=1 crypto rx=0x7fce180098c0 tx=0x7fce18006db0 comp rx=0 tx=0).ready entity=mgr.14118 client_cookie=0 server_cookie=0 in_seq=0 out_seq=0
2024-09-19T08:35:47.885 INFO:teuthology.orchestra.run.smithi007.stdout:/usr/bin/ceph: stderr
2024-09-19T08:35:46.384+0000 7fce217fa640 1 -- 172.21.15.7:0/3711189560 <== mon.0 v2:172.21.15.7:3300/0 6 ==== mon_command_ack([{"prefix": "get_command_descriptions"}]=0 v0) ==== 72+0+188913 (secure 0 0 0) 0x7fce1403ba40 con 0x7fce241077d0
2024-09-19T08:35:47.885 INFO:teuthology.orchestra.run.smithi007.stdout:/usr/bin/ceph: stderr
2024-09-19T08:35:46.593+0000 7fce2a476640 1 -- 172.21.15.7:0/3711189560 --> [v2:172.21.15.7:6800/3071389382,v1:172.21.15.7:6801/3071389382] -- mgr_command(tid 0: {"prefix": "orch apply", "service_type": "mgr", "unmanaged": true, "target": ["mon-mgr", ""]}) -- 0x7fce24104250 con 0x7fce0c0391b0
2024-09-19T08:35:47.885 INFO:teuthology.orchestra.run.smithi007.stdout:/usr/bin/ceph: stderr
2024-09-19T08:35:46.598+0000 7fce217fa640 1 -- 172.21.15.7:0/3711189560 <== mgr.14118 v2:172.21.15.7:6800/3071389382 1 ==== mgr_command_reply(tid 0: 0 ) ==== 8+0+24 (secure 0 0 0) 0x7fce24104250 con 0x7fce0c0391b0
2024-09-19T08:35:47.886 INFO:teuthology.orchestra.run.smithi007.stdout:/usr/bin/ceph: stderr
2024-09-19T08:35:46.600+0000 7fce2a476640 1 -- 172.21.15.7:0/3711189560 >> [v2:172.21.15.7:6800/3071389382,v1:172.21.15.7:6801/3071389382] conn(0x7fce0c0391b0 msgr2=0x7fce0c03b670 secure :-1 s=STATE_CONNECTION_ESTABLISHED l=1).mark_down
2024-09-19T08:35:47.886 INFO:teuthology.orchestra.run.smithi007.stdout:/usr/bin/ceph: stderr
2024-09-19T08:35:46.600+0000 7fce2a476640 1 --2- 172.21.15.7:0/3711189560 >> [v2:172.21.15.7:6800/3071389382,v1:172.21.15.7:6801/3071389382] conn(0x7fce0c0391b0 0x7fce0c03b670 secure :-1 s=READY pgs=13 cs=0 l=1 rev1=1 crypto rx=0x7fce180098c0 tx=0x7fce18006db0 comp rx=0 tx=0).stop
2024-09-19T08:35:47.886 INFO:teuthology.orchestra.run.smithi007.stdout:/usr/bin/ceph: stderr
2024-09-19T08:35:46.600+0000 7fce2a476640 1 -- 172.21.15.7:0/3711189560 >> [v2:172.21.15.7:3300/0,v1:172.21.15.7:6789/0] conn(0x7fce241077d0 msgr2=0x7fce2419b7b0 secure :-1 s=STATE_CONNECTION_ESTABLISHED l=1).mark_down
2024-09-19T08:35:47.886 INFO:teuthology.orchestra.run.smithi007.stdout:/usr/bin/ceph: stderr
2024-09-19T08:35:46.600+0000 7fce2a476640 1 --2- 172.21.15.7:0/3711189560 >> [v2:172.21.15.7:3300/0,v1:172.21.15.7:6789/0] conn(0x7fce241077d0 0x7fce2419b7b0 secure :-1 s=READY pgs=48 cs=0 l=1 rev1=1 crypto rx=0x7fce140097f0 tx=0x7fce140327b0 comp rx=0 tx=0).stop
2024-09-19T08:35:47.887 INFO:teuthology.orchestra.run.smithi007.stdout:/usr/bin/ceph: stderr
2024-09-19T08:35:46.600+0000 7fce2a476640 1 -- 172.21.15.7:0/3711189560 shutdown_connections
2024-09-19T08:35:47.887 INFO:teuthology.orchestra.run.smithi007.stdout:/usr/bin/ceph: stderr
2024-09-19T08:35:46.600+0000 7fce2a476640 1 --2- 172.21.15.7:0/3711189560 >> [v2:172.21.15.7:6800/3071389382,v1:172.21.15.7:6801/3071389382] conn(0x7fce0c0391b0 0x7fce0c03b670 unknown :-1 s=CLOSED pgs=13 cs=0 l=1 rev1=1 crypto rx=0 tx=0 comp rx=0 tx=0).stop
2024-09-19T08:35:47.887 INFO:teuthology.orchestra.run.smithi007.stdout:/usr/bin/ceph: stderr
2024-09-19T08:35:46.600+0000 7fce2a476640 1 --2- 172.21.15.7:0/3711189560 >> [v2:172.21.15.7:3300/0,v1:172.21.15.7:6789/0] conn(0x7fce241077d0 0x7fce2419b7b0 unknown :-1 s=CLOSED pgs=48 cs=0 l=1 rev1=1 crypto rx=0 tx=0 comp rx=0 tx=0).stop
2024-09-19T08:35:47.887 INFO:teuthology.orchestra.run.smithi007.stdout:/usr/bin/ceph: stderr
2024-09-19T08:35:46.600+0000 7fce2a476640 1 -- 172.21.15.7:0/3711189560 >> 172.21.15.7:0/3711189560 conn(0x7fce24102f60 msgr2=0x7fce24103b40 unknown :-1 s=STATE_NONE l=0).mark_down
2024-09-19T08:35:47.887 INFO:teuthology.orchestra.run.smithi007.stdout:/usr/bin/ceph: stderr
2024-09-19T08:35:46.600+0000 7fce2a476640 1 -- 172.21.15.7:0/3711189560 shutdown_connections
2024-09-19T08:35:47.887 INFO:teuthology.orchestra.run.smithi007.stdout:/usr/bin/ceph: stderr
2024-09-19T08:35:46.600+0000 7fce2a476640 1 -- 172.21.15.7:0/3711189560 wait complete.
2024-09-19T08:35:49.040 INFO:teuthology.orchestra.run.smithi007.stdout:/usr/bin/ceph: stderr
2024-09-19T08:35:48.280+0000 7f3d153a4640 1 Processor -- start
2024-09-19T08:35:49.040 INFO:teuthology.orchestra.run.smithi007.stdout:/usr/bin/ceph: stderr
2024-09-19T08:35:48.280+0000 7f3d153a4640 1 -- start start
2024-09-19T08:35:49.040 INFO:teuthology.orchestra.run.smithi007.stdout:/usr/bin/ceph: stderr
2024-09-19T08:35:48.281+0000 7f3d153a4640 1 --2- >> [v2:172.21.15.7:3300/0,v1:172.21.15.7:6789/0] conn(0x7f3d101077d0 0x7f3d10107bd0 unknown :-1 s=NONE pgs=0 cs=0 l=0 rev1=0 crypto rx=0 tx=0 comp rx=0 tx=0).connect
2024-09-19T08:35:49.040 INFO:teuthology.orchestra.run.smithi007.stdout:/usr/bin/ceph: stderr
2024-09-19T08:35:48.281+0000 7f3d153a4640 1 -- --> [v2:172.21.15.7:3300/0,v1:172.21.15.7:6789/0] -- mon_getmap magic: 0 -- 0x7f3d101081a0 con 0x7f3d101077d0
2024-09-19T08:35:49.040 INFO:teuthology.orchestra.run.smithi007.stdout:/usr/bin/ceph: stderr
2024-09-19T08:35:48.281+0000 7f3d0effd640 1 --2- >> [v2:172.21.15.7:3300/0,v1:172.21.15.7:6789/0] conn(0x7f3d101077d0 0x7f3d10107bd0 unknown :-1 s=BANNER_CONNECTING pgs=0 cs=0 l=0 rev1=0 crypto rx=0 tx=0 comp rx=0 tx=0)._handle_peer_banner_payload supported=3 required=0
2024-09-19T08:35:49.041 INFO:teuthology.orchestra.run.smithi007.stdout:/usr/bin/ceph: stderr
2024-09-19T08:35:48.281+0000 7f3d0effd640 1 --2- >> [v2:172.21.15.7:3300/0,v1:172.21.15.7:6789/0] conn(0x7f3d101077d0 0x7f3d10107bd0 unknown :-1 s=HELLO_CONNECTING pgs=0 cs=0 l=0 rev1=1 crypto rx=0 tx=0 comp rx=0 tx=0).handle_hello peer v2:172.21.15.7:3300/0 says I am v2:172.21.15.7:38106/0 (socket says 172.21.15.7:38106)
2024-09-19T08:35:49.041 INFO:teuthology.orchestra.run.smithi007.stdout:/usr/bin/ceph: stderr
2024-09-19T08:35:48.281+0000 7f3d0effd640 1 -- 172.21.15.7:0/2246757173 learned_addr learned my addr 172.21.15.7:0/2246757173 (peer_addr_for_me v2:172.21.15.7:0/0)
2024-09-19T08:35:49.041 INFO:teuthology.orchestra.run.smithi007.stdout:/usr/bin/ceph: stderr
2024-09-19T08:35:48.281+0000 7f3d0effd640 1 -- 172.21.15.7:0/2246757173 --> [v2:172.21.15.7:3300/0,v1:172.21.15.7:6789/0] -- mon_subscribe({config=0+,monmap=0+}) -- 0x7f3d101089d0 con 0x7f3d101077d0
2024-09-19T08:35:49.041 INFO:teuthology.orchestra.run.smithi007.stdout:/usr/bin/ceph: stderr
2024-09-19T08:35:48.282+0000 7f3d0effd640 1 --2- 172.21.15.7:0/2246757173 >> [v2:172.21.15.7:3300/0,v1:172.21.15.7:6789/0] conn(0x7f3d101077d0 0x7f3d10107bd0 secure :-1 s=READY pgs=49 cs=0 l=1 rev1=1 crypto rx=0x7f3d00009820 tx=0x7f3d0002a270 comp rx=0 tx=0).ready entity=mon.0 client_cookie=50275555cc0b05ad server_cookie=0 in_seq=0 out_seq=0
2024-09-19T08:35:49.041 INFO:teuthology.orchestra.run.smithi007.stdout:/usr/bin/ceph: stderr
2024-09-19T08:35:48.283+0000 7f3d0dffb640 1 -- 172.21.15.7:0/2246757173 <== mon.0 v2:172.21.15.7:3300/0 1 ==== mon_map magic: 0 ==== 205+0+0 (secure 0 0 0) 0x7f3d00037070 con 0x7f3d101077d0
2024-09-19T08:35:49.041 INFO:teuthology.orchestra.run.smithi007.stdout:/usr/bin/ceph: stderr
2024-09-19T08:35:48.283+0000 7f3d0dffb640 1 -- 172.21.15.7:0/2246757173 <== mon.0 v2:172.21.15.7:3300/0 2 ==== config(27 keys) ==== 1140+0+0 (secure 0 0 0) 0x7f3d00032920 con 0x7f3d101077d0
2024-09-19T08:35:49.041 INFO:teuthology.orchestra.run.smithi007.stdout:/usr/bin/ceph: stderr
2024-09-19T08:35:48.283+0000 7f3d0dffb640 1 -- 172.21.15.7:0/2246757173 <== mon.0 v2:172.21.15.7:3300/0 3 ==== mon_map magic: 0 ==== 205+0+0 (secure 0 0 0) 0x7f3d00030810 con 0x7f3d101077d0
2024-09-19T08:35:49.041 INFO:teuthology.orchestra.run.smithi007.stdout:/usr/bin/ceph: stderr
2024-09-19T08:35:48.283+0000 7f3d153a4640 1 -- 172.21.15.7:0/2246757173 >> [v2:172.21.15.7:3300/0,v1:172.21.15.7:6789/0] conn(0x7f3d101077d0 msgr2=0x7f3d10107bd0 secure :-1 s=STATE_CONNECTION_ESTABLISHED l=1).mark_down
2024-09-19T08:35:49.042 INFO:teuthology.orchestra.run.smithi007.stdout:/usr/bin/ceph: stderr
2024-09-19T08:35:48.283+0000 7f3d153a4640 1 --2- 172.21.15.7:0/2246757173 >> [v2:172.21.15.7:3300/0,v1:172.21.15.7:6789/0] conn(0x7f3d101077d0 0x7f3d10107bd0 secure :-1 s=READY pgs=49 cs=0 l=1 rev1=1 crypto rx=0x7f3d00009820 tx=0x7f3d0002a270 comp rx=0 tx=0).stop
2024-09-19T08:35:49.042 INFO:teuthology.orchestra.run.smithi007.stdout:/usr/bin/ceph: stderr
2024-09-19T08:35:48.283+0000 7f3d153a4640 1 -- 172.21.15.7:0/2246757173 shutdown_connections
2024-09-19T08:35:49.042 INFO:teuthology.orchestra.run.smithi007.stdout:/usr/bin/ceph: stderr
2024-09-19T08:35:48.283+0000 7f3d153a4640 1 --2- 172.21.15.7:0/2246757173 >> [v2:172.21.15.7:3300/0,v1:172.21.15.7:6789/0] conn(0x7f3d101077d0 0x7f3d10107bd0 unknown :-1 s=CLOSED pgs=49 cs=0 l=1 rev1=1 crypto rx=0 tx=0 comp rx=0 tx=0).stop
2024-09-19T08:35:49.042 INFO:teuthology.orchestra.run.smithi007.stdout:/usr/bin/ceph: stderr
2024-09-19T08:35:48.283+0000 7f3d153a4640 1 -- 172.21.15.7:0/2246757173 >> 172.21.15.7:0/2246757173 conn(0x7f3d10103000 msgr2=0x7f3d10105420 unknown :-1 s=STATE_NONE l=0).mark_down
2024-09-19T08:35:49.042 INFO:teuthology.orchestra.run.smithi007.stdout:/usr/bin/ceph: stderr
2024-09-19T08:35:48.284+0000 7f3d153a4640 1 -- 172.21.15.7:0/2246757173 shutdown_connections
2024-09-19T08:35:49.042 INFO:teuthology.orchestra.run.smithi007.stdout:/usr/bin/ceph: stderr
2024-09-19T08:35:48.284+0000 7f3d153a4640 1 -- 172.21.15.7:0/2246757173 wait complete.
2024-09-19T08:35:49.043 INFO:teuthology.orchestra.run.smithi007.stdout:/usr/bin/ceph: stderr
2024-09-19T08:35:48.284+0000 7f3d153a4640 1 Processor -- start
2024-09-19T08:35:49.043 INFO:teuthology.orchestra.run.smithi007.stdout:/usr/bin/ceph: stderr
2024-09-19T08:35:48.284+0000 7f3d153a4640 1 -- start start
2024-09-19T08:35:49.043 INFO:teuthology.orchestra.run.smithi007.stdout:/usr/bin/ceph: stderr
2024-09-19T08:35:48.285+0000 7f3d153a4640 1 --2- >> [v2:172.21.15.7:3300/0,v1:172.21.15.7:6789/0] conn(0x7f3d101077d0 0x7f3d1007daf0 unknown :-1 s=NONE pgs=0 cs=0 l=1 rev1=0 crypto rx=0 tx=0 comp rx=0 tx=0).connect
2024-09-19T08:35:49.043 INFO:teuthology.orchestra.run.smithi007.stdout:/usr/bin/ceph: stderr
2024-09-19T08:35:48.285+0000 7f3d153a4640 1 -- --> [v2:172.21.15.7:3300/0,v1:172.21.15.7:6789/0] -- mon_getmap magic: 0 -- 0x7f3d1010bd80 con 0x7f3d101077d0
2024-09-19T08:35:49.043 INFO:teuthology.orchestra.run.smithi007.stdout:/usr/bin/ceph: stderr
2024-09-19T08:35:48.285+0000 7f3d0effd640 1 --2- >> [v2:172.21.15.7:3300/0,v1:172.21.15.7:6789/0] conn(0x7f3d101077d0 0x7f3d1007daf0 unknown :-1 s=BANNER_CONNECTING pgs=0 cs=0 l=1 rev1=0 crypto rx=0 tx=0 comp rx=0 tx=0)._handle_peer_banner_payload supported=3 required=0
2024-09-19T08:35:49.043 INFO:teuthology.orchestra.run.smithi007.stdout:/usr/bin/ceph: stderr
2024-09-19T08:35:48.285+0000 7f3d0effd640 1 --2- >> [v2:172.21.15.7:3300/0,v1:172.21.15.7:6789/0] conn(0x7f3d101077d0 0x7f3d1007daf0 unknown :-1 s=HELLO_CONNECTING pgs=0 cs=0 l=1 rev1=1 crypto rx=0 tx=0 comp rx=0 tx=0).handle_hello peer v2:172.21.15.7:3300/0 says I am v2:172.21.15.7:38110/0 (socket says 172.21.15.7:38110)
2024-09-19T08:35:49.043 INFO:teuthology.orchestra.run.smithi007.stdout:/usr/bin/ceph: stderr
2024-09-19T08:35:48.285+0000 7f3d0effd640 1 -- 172.21.15.7:0/887851414 learned_addr learned my addr 172.21.15.7:0/887851414 (peer_addr_for_me v2:172.21.15.7:0/0)
2024-09-19T08:35:49.043 INFO:teuthology.orchestra.run.smithi007.stdout:/usr/bin/ceph: stderr
2024-09-19T08:35:48.285+0000 7f3d0effd640 1 -- 172.21.15.7:0/887851414 --> [v2:172.21.15.7:3300/0,v1:172.21.15.7:6789/0] -- mon_subscribe({config=0+,monmap=0+}) -- 0x7f3d1007e030 con 0x7f3d101077d0
2024-09-19T08:35:49.043 INFO:teuthology.orchestra.run.smithi007.stdout:/usr/bin/ceph: stderr
2024-09-19T08:35:48.285+0000 7f3d0effd640 1 --2- 172.21.15.7:0/887851414 >> [v2:172.21.15.7:3300/0,v1:172.21.15.7:6789/0] conn(0x7f3d101077d0 0x7f3d1007daf0 secure :-1 s=READY pgs=50 cs=0 l=1 rev1=1 crypto rx=0x7f3d000097f0 tx=0x7f3d000327b0 comp rx=0 tx=0).ready entity=mon.0 client_cookie=0 server_cookie=0 in_seq=0 out_seq=0
2024-09-19T08:35:49.043 INFO:teuthology.orchestra.run.smithi007.stdout:/usr/bin/ceph: stderr
2024-09-19T08:35:48.286+0000 7f3cf7fff640 1 -- 172.21.15.7:0/887851414 <== mon.0 v2:172.21.15.7:3300/0 1 ==== mon_map magic: 0 ==== 205+0+0 (secure 0 0 0) 0x7f3d00037040 con 0x7f3d101077d0
2024-09-19T08:35:49.043 INFO:teuthology.orchestra.run.smithi007.stdout:/usr/bin/ceph: stderr
2024-09-19T08:35:48.286+0000 7f3cf7fff640 1 -- 172.21.15.7:0/887851414 <== mon.0 v2:172.21.15.7:3300/0 2 ==== config(27 keys) ==== 1140+0+0 (secure 0 0 0) 0x7f3d00030cc0 con 0x7f3d101077d0
2024-09-19T08:35:49.043 INFO:teuthology.orchestra.run.smithi007.stdout:/usr/bin/ceph: stderr
2024-09-19T08:35:48.286+0000 7f3cf7fff640 1 -- 172.21.15.7:0/887851414 <== mon.0 v2:172.21.15.7:3300/0 3 ==== mon_map magic: 0 ==== 205+0+0 (secure 0 0 0) 0x7f3d0003a640 con 0x7f3d101077d0
2024-09-19T08:35:49.044 INFO:teuthology.orchestra.run.smithi007.stdout:/usr/bin/ceph: stderr
2024-09-19T08:35:48.286+0000 7f3d153a4640 1 -- 172.21.15.7:0/887851414 --> [v2:172.21.15.7:3300/0,v1:172.21.15.7:6789/0] -- mon_subscribe({mgrmap=0+}) -- 0x7f3d1007c220 con 0x7f3d101077d0
2024-09-19T08:35:49.044 INFO:teuthology.orchestra.run.smithi007.stdout:/usr/bin/ceph: stderr
2024-09-19T08:35:48.286+0000 7f3d153a4640 1 -- 172.21.15.7:0/887851414 --> [v2:172.21.15.7:3300/0,v1:172.21.15.7:6789/0] -- mon_subscribe({osdmap=0}) -- 0x7f3d1007c6a0 con 0x7f3d101077d0
2024-09-19T08:35:49.044 INFO:teuthology.orchestra.run.smithi007.stdout:/usr/bin/ceph: stderr
2024-09-19T08:35:48.287+0000 7f3d153a4640 1 -- 172.21.15.7:0/887851414 --> [v2:172.21.15.7:3300/0,v1:172.21.15.7:6789/0] -- mon_command({"prefix": "get_command_descriptions"} v 0) -- 0x7f3d10107c50 con 0x7f3d101077d0
2024-09-19T08:35:49.044 INFO:teuthology.orchestra.run.smithi007.stdout:/usr/bin/ceph: stderr
2024-09-19T08:35:48.287+0000 7f3cf7fff640 1 -- 172.21.15.7:0/887851414 <== mon.0 v2:172.21.15.7:3300/0 4 ==== mgrmap(e 8) ==== 46461+0+0 (secure 0 0 0) 0x7f3d0003b3f0 con 0x7f3d101077d0
2024-09-19T08:35:49.044 INFO:teuthology.orchestra.run.smithi007.stdout:/usr/bin/ceph: stderr
2024-09-19T08:35:48.287+0000 7f3cf7fff640 1 --2- 172.21.15.7:0/887851414 >> [v2:172.21.15.7:6800/3071389382,v1:172.21.15.7:6801/3071389382] conn(0x7f3cf80391b0 0x7f3cf803b670 unknown :-1 s=NONE pgs=0 cs=0 l=1 rev1=0 crypto rx=0 tx=0 comp rx=0 tx=0).connect
2024-09-19T08:35:49.044 INFO:teuthology.orchestra.run.smithi007.stdout:/usr/bin/ceph: stderr
2024-09-19T08:35:48.287+0000 7f3cf7fff640 1 -- 172.21.15.7:0/887851414 <== mon.0 v2:172.21.15.7:3300/0 5 ==== osd_map(2..2 src has 1..2) ==== 940+0+0 (secure 0 0 0) 0x7f3d0006c7d0 con 0x7f3d101077d0
2024-09-19T08:35:49.044 INFO:teuthology.orchestra.run.smithi007.stdout:/usr/bin/ceph: stderr
2024-09-19T08:35:48.288+0000 7f3d0e7fc640 1 --2- 172.21.15.7:0/887851414 >> [v2:172.21.15.7:6800/3071389382,v1:172.21.15.7:6801/3071389382] conn(0x7f3cf80391b0 0x7f3cf803b670 unknown :-1 s=BANNER_CONNECTING pgs=0 cs=0 l=1 rev1=0 crypto rx=0 tx=0 comp rx=0 tx=0)._handle_peer_banner_payload supported=3 required=0
2024-09-19T08:35:49.044 INFO:teuthology.orchestra.run.smithi007.stdout:/usr/bin/ceph: stderr
2024-09-19T08:35:48.288+0000 7f3d0e7fc640 1 --2- 172.21.15.7:0/887851414 >> [v2:172.21.15.7:6800/3071389382,v1:172.21.15.7:6801/3071389382] conn(0x7f3cf80391b0 0x7f3cf803b670 secure :-1 s=READY pgs=14 cs=0 l=1 rev1=1 crypto rx=0x7f3d040098c0 tx=0x7f3d04006db0 comp rx=0 tx=0).ready entity=mgr.14118 client_cookie=0 server_cookie=0 in_seq=0 out_seq=0
2024-09-19T08:35:49.044 INFO:teuthology.orchestra.run.smithi007.stdout:/usr/bin/ceph: stderr
2024-09-19T08:35:48.296+0000 7f3cf7fff640 1 -- 172.21.15.7:0/887851414 <== mon.0 v2:172.21.15.7:3300/0 6 ==== mon_command_ack([{"prefix": "get_command_descriptions"}]=0 v0) ==== 72+0+188913 (secure 0 0 0) 0x7f3d000328c0 con 0x7f3d101077d0
2024-09-19T08:35:49.044 INFO:teuthology.orchestra.run.smithi007.stdout:/usr/bin/ceph: stderr
2024-09-19T08:35:48.476+0000 7f3d153a4640 1 -- 172.21.15.7:0/887851414 --> [v2:172.21.15.7:3300/0,v1:172.21.15.7:6789/0] -- mon_command([{prefix=config set, name=mgr/cephadm/container_init}] v 0) -- 0x7f3d1007cf70 con 0x7f3d101077d0
2024-09-19T08:35:49.045 INFO:teuthology.orchestra.run.smithi007.stdout:/usr/bin/ceph: stderr
2024-09-19T08:35:48.479+0000 7f3cf7fff640 1 -- 172.21.15.7:0/887851414 <== mon.0 v2:172.21.15.7:3300/0 7 ==== mon_command_ack([{prefix=config set, name=mgr/cephadm/container_init}]=0 v7)=0 v7) ==== 142+0+0 (secure 0 0 0) 0x7f3d00042dc0 con 0x7f3d101077d0
2024-09-19T08:35:49.045 INFO:teuthology.orchestra.run.smithi007.stdout:/usr/bin/ceph: stderr
2024-09-19T08:35:48.482+0000 7f3d153a4640 1 -- 172.21.15.7:0/887851414 >> [v2:172.21.15.7:6800/3071389382,v1:172.21.15.7:6801/3071389382] conn(0x7f3cf80391b0 msgr2=0x7f3cf803b670 secure :-1 s=STATE_CONNECTION_ESTABLISHED l=1).mark_down
2024-09-19T08:35:49.045 INFO:teuthology.orchestra.run.smithi007.stdout:/usr/bin/ceph: stderr
2024-09-19T08:35:48.482+0000 7f3d153a4640 1 --2- 172.21.15.7:0/887851414 >> [v2:172.21.15.7:6800/3071389382,v1:172.21.15.7:6801/3071389382] conn(0x7f3cf80391b0 0x7f3cf803b670 secure :-1 s=READY pgs=14 cs=0 l=1 rev1=1 crypto rx=0x7f3d040098c0 tx=0x7f3d04006db0 comp rx=0 tx=0).stop
2024-09-19T08:35:49.045 INFO:teuthology.orchestra.run.smithi007.stdout:/usr/bin/ceph: stderr
2024-09-19T08:35:48.482+0000 7f3d153a4640 1 -- 172.21.15.7:0/887851414 >> [v2:172.21.15.7:3300/0,v1:172.21.15.7:6789/0] conn(0x7f3d101077d0 msgr2=0x7f3d1007daf0 secure :-1 s=STATE_CONNECTION_ESTABLISHED l=1).mark_down
2024-09-19T08:35:49.045 INFO:teuthology.orchestra.run.smithi007.stdout:/usr/bin/ceph: stderr
2024-09-19T08:35:48.482+0000 7f3d153a4640 1 --2- 172.21.15.7:0/887851414 >> [v2:172.21.15.7:3300/0,v1:172.21.15.7:6789/0] conn(0x7f3d101077d0 0x7f3d1007daf0 secure :-1 s=READY pgs=50 cs=0 l=1 rev1=1 crypto rx=0x7f3d000097f0 tx=0x7f3d000327b0 comp rx=0 tx=0).stop
2024-09-19T08:35:49.045 INFO:teuthology.orchestra.run.smithi007.stdout:/usr/bin/ceph: stderr
2024-09-19T08:35:48.482+0000 7f3d153a4640 1 -- 172.21.15.7:0/887851414 shutdown_connections
2024-09-19T08:35:49.045 INFO:teuthology.orchestra.run.smithi007.stdout:/usr/bin/ceph: stderr
2024-09-19T08:35:48.482+0000 7f3d153a4640 1 --2- 172.21.15.7:0/887851414 >> [v2:172.21.15.7:6800/3071389382,v1:172.21.15.7:6801/3071389382] conn(0x7f3cf80391b0 0x7f3cf803b670 unknown :-1 s=CLOSED pgs=14 cs=0 l=1 rev1=1 crypto rx=0 tx=0 comp rx=0 tx=0).stop
2024-09-19T08:35:49.045 INFO:teuthology.orchestra.run.smithi007.stdout:/usr/bin/ceph: stderr
2024-09-19T08:35:48.482+0000 7f3d153a4640 1 --2- 172.21.15.7:0/887851414 >> [v2:172.21.15.7:3300/0,v1:172.21.15.7:6789/0] conn(0x7f3d101077d0 0x7f3d1007daf0 unknown :-1 s=CLOSED pgs=50 cs=0 l=1 rev1=1 crypto rx=0 tx=0 comp rx=0 tx=0).stop
2024-09-19T08:35:49.045 INFO:teuthology.orchestra.run.smithi007.stdout:/usr/bin/ceph: stderr
2024-09-19T08:35:48.482+0000 7f3d153a4640 1 -- 172.21.15.7:0/887851414 >> 172.21.15.7:0/887851414 conn(0x7f3d10103000 msgr2=0x7f3d10103ba0 unknown :-1 s=STATE_NONE l=0).mark_down
2024-09-19T08:35:49.046 INFO:teuthology.orchestra.run.smithi007.stdout:/usr/bin/ceph: stderr
2024-09-19T08:35:48.482+0000 7f3d153a4640 1 -- 172.21.15.7:0/887851414 shutdown_connections
2024-09-19T08:35:49.046 INFO:teuthology.orchestra.run.smithi007.stdout:/usr/bin/ceph: stderr
2024-09-19T08:35:48.482+0000 7f3d153a4640 1 -- 172.21.15.7:0/887851414 wait complete.
2024-09-19T08:35:49.533 INFO:journalctl@ceph.mon.a.smithi007.stdout:Sep 19 08:35:49 smithi007 ceph-mon[31221]: from='mgr.14118 172.21.15.7:0/2690452502' entity='mgr.x'
2024-09-19T08:35:49.533 INFO:journalctl@ceph.mon.a.smithi007.stdout:Sep 19 08:35:49 smithi007 ceph-mon[31221]: from='client.? 172.21.15.7:0/887851414' entity='client.admin'
2024-09-19T08:35:50.902 INFO:journalctl@ceph.mon.a.smithi007.stdout:Sep 19 08:35:50 smithi007 ceph-mon[31221]: from='client.? 172.21.15.7:0/911309822' entity='client.admin'
2024-09-19T08:35:50.910 INFO:teuthology.orchestra.run.smithi007.stdout:/usr/bin/ceph: stderr
2024-09-19T08:35:49.459+0000 7fd9dc869640 1 Processor -- start
2024-09-19T08:35:50.910 INFO:teuthology.orchestra.run.smithi007.stdout:/usr/bin/ceph: stderr
2024-09-19T08:35:49.459+0000 7fd9dc869640 1 -- start start
2024-09-19T08:35:50.910 INFO:teuthology.orchestra.run.smithi007.stdout:/usr/bin/ceph: stderr
2024-09-19T08:35:49.459+0000 7fd9dc869640 1 --2- >> [v2:172.21.15.7:3300/0,v1:172.21.15.7:6789/0] conn(0x7fd9d81082a0 0x7fd9d810a690 unknown :-1 s=NONE pgs=0 cs=0 l=0 rev1=0 crypto rx=0 tx=0 comp rx=0 tx=0).connect
2024-09-19T08:35:50.910 INFO:teuthology.orchestra.run.smithi007.stdout:/usr/bin/ceph: stderr
2024-09-19T08:35:49.459+0000 7fd9dc869640 1 -- --> [v2:172.21.15.7:3300/0,v1:172.21.15.7:6789/0] -- mon_getmap magic: 0 -- 0x7fd9d807bdd0 con 0x7fd9d81082a0
2024-09-19T08:35:50.910 INFO:teuthology.orchestra.run.smithi007.stdout:/usr/bin/ceph: stderr
2024-09-19T08:35:49.459+0000 7fd9d659c640 1 --2- >> [v2:172.21.15.7:3300/0,v1:172.21.15.7:6789/0] conn(0x7fd9d81082a0 0x7fd9d810a690 unknown :-1 s=BANNER_CONNECTING pgs=0 cs=0 l=0 rev1=0 crypto rx=0 tx=0 comp rx=0 tx=0)._handle_peer_banner_payload supported=3 required=0
2024-09-19T08:35:50.910 INFO:teuthology.orchestra.run.smithi007.stdout:/usr/bin/ceph: stderr
2024-09-19T08:35:49.459+0000 7fd9d659c640 1 --2- >> [v2:172.21.15.7:3300/0,v1:172.21.15.7:6789/0] conn(0x7fd9d81082a0 0x7fd9d810a690 unknown :-1 s=HELLO_CONNECTING pgs=0 cs=0 l=0 rev1=1 crypto rx=0 tx=0 comp rx=0 tx=0).handle_hello peer v2:172.21.15.7:3300/0 says I am v2:172.21.15.7:38116/0 (socket says 172.21.15.7:38116)
2024-09-19T08:35:50.910 INFO:teuthology.orchestra.run.smithi007.stdout:/usr/bin/ceph: stderr
2024-09-19T08:35:49.459+0000 7fd9d659c640 1 -- 172.21.15.7:0/2250397345 learned_addr learned my addr 172.21.15.7:0/2250397345 (peer_addr_for_me v2:172.21.15.7:0/0)
2024-09-19T08:35:50.910 INFO:teuthology.orchestra.run.smithi007.stdout:/usr/bin/ceph: stderr
2024-09-19T08:35:49.459+0000 7fd9d659c640 1 -- 172.21.15.7:0/2250397345 --> [v2:172.21.15.7:3300/0,v1:172.21.15.7:6789/0] -- mon_subscribe({config=0+,monmap=0+}) -- 0x7fd9d810abd0 con 0x7fd9d81082a0
2024-09-19T08:35:50.910 INFO:teuthology.orchestra.run.smithi007.stdout:/usr/bin/ceph: stderr
2024-09-19T08:35:49.460+0000 7fd9d659c640 1 --2- 172.21.15.7:0/2250397345 >> [v2:172.21.15.7:3300/0,v1:172.21.15.7:6789/0] conn(0x7fd9d81082a0 0x7fd9d810a690 secure :-1 s=READY pgs=51 cs=0 l=1 rev1=1 crypto rx=0x7fd9c8009e80 tx=0x7fd9c802a7a0 comp rx=0 tx=0).ready entity=mon.0 client_cookie=926fd6710f12316a server_cookie=0 in_seq=0 out_seq=0
2024-09-19T08:35:50.910 INFO:teuthology.orchestra.run.smithi007.stdout:/usr/bin/ceph: stderr
2024-09-19T08:35:49.460+0000 7fd9d559a640 1 -- 172.21.15.7:0/2250397345 <== mon.0 v2:172.21.15.7:3300/0 1 ==== mon_map magic: 0 ==== 205+0+0 (secure 0 0 0) 0x7fd9c8036070 con 0x7fd9d81082a0
2024-09-19T08:35:50.911 INFO:teuthology.orchestra.run.smithi007.stdout:/usr/bin/ceph: stderr
2024-09-19T08:35:49.460+0000 7fd9d559a640 1 -- 172.21.15.7:0/2250397345 <== mon.0 v2:172.21.15.7:3300/0 2 ==== config(27 keys) ==== 1140+0+0 (secure 0 0 0) 0x7fd9c80318e0 con 0x7fd9d81082a0
2024-09-19T08:35:50.911 INFO:teuthology.orchestra.run.smithi007.stdout:/usr/bin/ceph: stderr
2024-09-19T08:35:49.460+0000 7fd9d559a640 1 -- 172.21.15.7:0/2250397345 <== mon.0 v2:172.21.15.7:3300/0 3 ==== mon_map magic: 0 ==== 205+0+0 (secure 0 0 0) 0x7fd9c8007a00 con 0x7fd9d81082a0
2024-09-19T08:35:50.911 INFO:teuthology.orchestra.run.smithi007.stdout:/usr/bin/ceph: stderr
2024-09-19T08:35:49.461+0000 7fd9dc869640 1 -- 172.21.15.7:0/2250397345 >> [v2:172.21.15.7:3300/0,v1:172.21.15.7:6789/0] conn(0x7fd9d81082a0 msgr2=0x7fd9d810a690 secure :-1 s=STATE_CONNECTION_ESTABLISHED l=1).mark_down
2024-09-19T08:35:50.911 INFO:teuthology.orchestra.run.smithi007.stdout:/usr/bin/ceph: stderr
2024-09-19T08:35:49.461+0000 7fd9dc869640 1 --2- 172.21.15.7:0/2250397345 >> [v2:172.21.15.7:3300/0,v1:172.21.15.7:6789/0] conn(0x7fd9d81082a0 0x7fd9d810a690 secure :-1 s=READY pgs=51 cs=0 l=1 rev1=1 crypto rx=0x7fd9c8009e80 tx=0x7fd9c802a7a0 comp rx=0 tx=0).stop
