2024-09-19T08:42:46.819 INFO:journalctl@ceph.mon.a.smithi019.stdout:Sep 19 08:42:46 smithi019 ceph-mon[30976]: from='mgr.14100 172.21.15.19:0/2380637472' entity='mgr.x' cmd=[{"prefix": "osd metadata"}]: dispatch
2024-09-19T08:42:46.819 INFO:journalctl@ceph.mon.a.smithi019.stdout:Sep 19 08:42:46 smithi019 ceph-mon[30976]: from='mgr.14100 172.21.15.19:0/2380637472' entity='mgr.x' cmd=[{"prefix": "mon metadata"}]: dispatch
2024-09-19T08:42:46.819 INFO:journalctl@ceph.mon.a.smithi019.stdout:Sep 19 08:42:46 smithi019 ceph-mon[30976]: from='mgr.14100 172.21.15.19:0/2380637472' entity='mgr.x' cmd=[{"prefix": "mon metadata", "id": "a"}]: dispatch
2024-09-19T08:42:46.819 INFO:journalctl@ceph.mon.a.smithi019.stdout:Sep 19 08:42:46 smithi019 ceph-mon[30976]: from='mgr.14100 172.21.15.19:0/2380637472' entity='mgr.x' cmd=[{"prefix": "mgr metadata", "who": "x", "id": "x"}]: dispatch
2024-09-19T08:42:46.819 INFO:journalctl@ceph.mon.a.smithi019.stdout:Sep 19 08:42:46 smithi019 ceph-mon[30976]: Manager daemon x is now available
2024-09-19T08:42:46.819 INFO:journalctl@ceph.mon.a.smithi019.stdout:Sep 19 08:42:46 smithi019 ceph-mon[30976]: from='mgr.14100 172.21.15.19:0/2380637472' entity='mgr.x' cmd=[{"prefix":"config rm","who":"mgr","name":"mgr/rbd_support/x/mirror_snapshot_schedule"}]: dispatch
2024-09-19T08:42:46.820 INFO:journalctl@ceph.mon.a.smithi019.stdout:Sep 19 08:42:46 smithi019 ceph-mon[30976]: from='mgr.14100 172.21.15.19:0/2380637472' entity='mgr.x' cmd=[{"prefix":"config rm","who":"mgr","name":"mgr/rbd_support/x/trash_purge_schedule"}]: dispatch
2024-09-19T08:42:46.820 INFO:journalctl@ceph.mon.a.smithi019.stdout:Sep 19 08:42:46 smithi019 ceph-mon[30976]: from='mgr.14100 172.21.15.19:0/2380637472' entity='mgr.x'
2024-09-19T08:42:46.820 INFO:journalctl@ceph.mon.a.smithi019.stdout:Sep 19 08:42:46 smithi019 ceph-mon[30976]: from='mgr.14100 172.21.15.19:0/2380637472' entity='mgr.x'
2024-09-19T08:42:46.820 INFO:journalctl@ceph.mon.a.smithi019.stdout:Sep 19 08:42:46 smithi019 ceph-mon[30976]: from='mgr.14100 172.21.15.19:0/2380637472' entity='mgr.x'
2024-09-19T08:42:48.649 INFO:journalctl@ceph.mon.a.smithi019.stdout:Sep 19 08:42:48 smithi019 ceph-mon[30976]: mgrmap e3: x(active, since 1.00715s)
2024-09-19T08:42:49.499 INFO:teuthology.orchestra.run.smithi019.stdout:/usr/bin/ceph: stdout
2024-09-19T08:42:49.499 INFO:teuthology.orchestra.run.smithi019.stdout:/usr/bin/ceph: stdout {
2024-09-19T08:42:49.499 INFO:teuthology.orchestra.run.smithi019.stdout:/usr/bin/ceph: stdout "fsid": "f26c9d84-7662-11ef-bceb-c7b262605968",
2024-09-19T08:42:49.499 INFO:teuthology.orchestra.run.smithi019.stdout:/usr/bin/ceph: stdout "health": {
2024-09-19T08:42:49.499 INFO:teuthology.orchestra.run.smithi019.stdout:/usr/bin/ceph: stdout "status": "HEALTH_OK",
2024-09-19T08:42:49.500 INFO:teuthology.orchestra.run.smithi019.stdout:/usr/bin/ceph: stdout "checks": {},
2024-09-19T08:42:49.500 INFO:teuthology.orchestra.run.smithi019.stdout:/usr/bin/ceph: stdout "mutes": []
2024-09-19T08:42:49.500 INFO:teuthology.orchestra.run.smithi019.stdout:/usr/bin/ceph: stdout },
2024-09-19T08:42:49.500 INFO:teuthology.orchestra.run.smithi019.stdout:/usr/bin/ceph: stdout "election_epoch": 5,
2024-09-19T08:42:49.500 INFO:teuthology.orchestra.run.smithi019.stdout:/usr/bin/ceph: stdout "quorum": [
2024-09-19T08:42:49.500 INFO:teuthology.orchestra.run.smithi019.stdout:/usr/bin/ceph: stdout 0
2024-09-19T08:42:49.500 INFO:teuthology.orchestra.run.smithi019.stdout:/usr/bin/ceph: stdout ],
2024-09-19T08:42:49.500 INFO:teuthology.orchestra.run.smithi019.stdout:/usr/bin/ceph: stdout "quorum_names": [
2024-09-19T08:42:49.500 INFO:teuthology.orchestra.run.smithi019.stdout:/usr/bin/ceph: stdout "a"
2024-09-19T08:42:49.500 INFO:teuthology.orchestra.run.smithi019.stdout:/usr/bin/ceph: stdout ],
2024-09-19T08:42:49.500 INFO:teuthology.orchestra.run.smithi019.stdout:/usr/bin/ceph: stdout "quorum_age": 9,
2024-09-19T08:42:49.500 INFO:teuthology.orchestra.run.smithi019.stdout:/usr/bin/ceph: stdout "monmap": {
2024-09-19T08:42:49.500 INFO:teuthology.orchestra.run.smithi019.stdout:/usr/bin/ceph: stdout "epoch": 1,
2024-09-19T08:42:49.501 INFO:teuthology.orchestra.run.smithi019.stdout:/usr/bin/ceph: stdout "min_mon_release_name": "squid",
2024-09-19T08:42:49.501 INFO:teuthology.orchestra.run.smithi019.stdout:/usr/bin/ceph: stdout "num_mons": 1
2024-09-19T08:42:49.501 INFO:teuthology.orchestra.run.smithi019.stdout:/usr/bin/ceph: stdout },
2024-09-19T08:42:49.501 INFO:teuthology.orchestra.run.smithi019.stdout:/usr/bin/ceph: stdout "osdmap": {
2024-09-19T08:42:49.501 INFO:teuthology.orchestra.run.smithi019.stdout:/usr/bin/ceph: stdout "epoch": 1,
2024-09-19T08:42:49.501 INFO:teuthology.orchestra.run.smithi019.stdout:/usr/bin/ceph: stdout "num_osds": 0,
2024-09-19T08:42:49.501 INFO:teuthology.orchestra.run.smithi019.stdout:/usr/bin/ceph: stdout "num_up_osds": 0,
2024-09-19T08:42:49.501 INFO:teuthology.orchestra.run.smithi019.stdout:/usr/bin/ceph: stdout "osd_up_since": 0,
2024-09-19T08:42:49.501 INFO:teuthology.orchestra.run.smithi019.stdout:/usr/bin/ceph: stdout "num_in_osds": 0,
2024-09-19T08:42:49.501 INFO:teuthology.orchestra.run.smithi019.stdout:/usr/bin/ceph: stdout "osd_in_since": 0,
2024-09-19T08:42:49.501 INFO:teuthology.orchestra.run.smithi019.stdout:/usr/bin/ceph: stdout "num_remapped_pgs": 0
2024-09-19T08:42:49.501 INFO:teuthology.orchestra.run.smithi019.stdout:/usr/bin/ceph: stdout },
2024-09-19T08:42:49.501 INFO:teuthology.orchestra.run.smithi019.stdout:/usr/bin/ceph: stdout "pgmap": {
2024-09-19T08:42:49.502 INFO:teuthology.orchestra.run.smithi019.stdout:/usr/bin/ceph: stdout "pgs_by_state": [],
2024-09-19T08:42:49.502 INFO:teuthology.orchestra.run.smithi019.stdout:/usr/bin/ceph: stdout "num_pgs": 0,
2024-09-19T08:42:49.502 INFO:teuthology.orchestra.run.smithi019.stdout:/usr/bin/ceph: stdout "num_pools": 0,
2024-09-19T08:42:49.502 INFO:teuthology.orchestra.run.smithi019.stdout:/usr/bin/ceph: stdout "num_objects": 0,
2024-09-19T08:42:49.502 INFO:teuthology.orchestra.run.smithi019.stdout:/usr/bin/ceph: stdout "data_bytes": 0,
2024-09-19T08:42:49.502 INFO:teuthology.orchestra.run.smithi019.stdout:/usr/bin/ceph: stdout "bytes_used": 0,
2024-09-19T08:42:49.502 INFO:teuthology.orchestra.run.smithi019.stdout:/usr/bin/ceph: stdout "bytes_avail": 0,
2024-09-19T08:42:49.502 INFO:teuthology.orchestra.run.smithi019.stdout:/usr/bin/ceph: stdout "bytes_total": 0
2024-09-19T08:42:49.502 INFO:teuthology.orchestra.run.smithi019.stdout:/usr/bin/ceph: stdout },
2024-09-19T08:42:49.502 INFO:teuthology.orchestra.run.smithi019.stdout:/usr/bin/ceph: stdout "fsmap": {
2024-09-19T08:42:49.502 INFO:teuthology.orchestra.run.smithi019.stdout:/usr/bin/ceph: stdout "epoch": 1,
2024-09-19T08:42:49.502 INFO:teuthology.orchestra.run.smithi019.stdout:/usr/bin/ceph: stdout "btime": "2024-09-19T08:42:32:323860+0000",
2024-09-19T08:42:49.502 INFO:teuthology.orchestra.run.smithi019.stdout:/usr/bin/ceph: stdout "by_rank": [],
2024-09-19T08:42:49.503 INFO:teuthology.orchestra.run.smithi019.stdout:/usr/bin/ceph: stdout "up:standby": 0
2024-09-19T08:42:49.503 INFO:teuthology.orchestra.run.smithi019.stdout:/usr/bin/ceph: stdout },
2024-09-19T08:42:49.503 INFO:teuthology.orchestra.run.smithi019.stdout:/usr/bin/ceph: stdout "mgrmap": {
2024-09-19T08:42:49.503 INFO:teuthology.orchestra.run.smithi019.stdout:/usr/bin/ceph: stdout "available": true,
2024-09-19T08:42:49.503 INFO:teuthology.orchestra.run.smithi019.stdout:/usr/bin/ceph: stdout "num_standbys": 0,
2024-09-19T08:42:49.503 INFO:teuthology.orchestra.run.smithi019.stdout:/usr/bin/ceph: stdout "modules": [
2024-09-19T08:42:49.503 INFO:teuthology.orchestra.run.smithi019.stdout:/usr/bin/ceph: stdout "iostat",
2024-09-19T08:42:49.503 INFO:teuthology.orchestra.run.smithi019.stdout:/usr/bin/ceph: stdout "nfs",
2024-09-19T08:42:49.503 INFO:teuthology.orchestra.run.smithi019.stdout:/usr/bin/ceph: stdout "restful"
2024-09-19T08:42:49.503 INFO:teuthology.orchestra.run.smithi019.stdout:/usr/bin/ceph: stdout ],
2024-09-19T08:42:49.503 INFO:teuthology.orchestra.run.smithi019.stdout:/usr/bin/ceph: stdout "services": {}
2024-09-19T08:42:49.503 INFO:teuthology.orchestra.run.smithi019.stdout:/usr/bin/ceph: stdout },
2024-09-19T08:42:49.503 INFO:teuthology.orchestra.run.smithi019.stdout:/usr/bin/ceph: stdout "servicemap": {
2024-09-19T08:42:49.503 INFO:teuthology.orchestra.run.smithi019.stdout:/usr/bin/ceph: stdout "epoch": 1,
2024-09-19T08:42:49.504 INFO:teuthology.orchestra.run.smithi019.stdout:/usr/bin/ceph: stdout "modified": "2024-09-19T08:42:32.324572+0000",
2024-09-19T08:42:49.504 INFO:teuthology.orchestra.run.smithi019.stdout:/usr/bin/ceph: stdout "services": {}
2024-09-19T08:42:49.504 INFO:teuthology.orchestra.run.smithi019.stdout:/usr/bin/ceph: stdout },
2024-09-19T08:42:49.504 INFO:teuthology.orchestra.run.smithi019.stdout:/usr/bin/ceph: stdout "progress_events": {}
2024-09-19T08:42:49.504 INFO:teuthology.orchestra.run.smithi019.stdout:/usr/bin/ceph: stdout }
2024-09-19T08:42:49.504 INFO:teuthology.orchestra.run.smithi019.stdout:/usr/bin/ceph: stderr
2024-09-19T08:42:48.671+0000 7f9090975640 1 Processor -- start
2024-09-19T08:42:49.504 INFO:teuthology.orchestra.run.smithi019.stdout:/usr/bin/ceph: stderr
2024-09-19T08:42:48.671+0000 7f9090975640 1 -- start start
2024-09-19T08:42:49.504 INFO:teuthology.orchestra.run.smithi019.stdout:/usr/bin/ceph: stderr
2024-09-19T08:42:48.671+0000 7f9090975640 1 --2- >> [v2:172.21.15.19:3300/0,v1:172.21.15.19:6789/0] conn(0x7f908c107720 0x7f908c107b20 unknown :-1 s=NONE pgs=0 cs=0 l=0 rev1=0 crypto rx=0 tx=0 comp rx=0 tx=0).connect
2024-09-19T08:42:49.504 INFO:teuthology.orchestra.run.smithi019.stdout:/usr/bin/ceph: stderr
2024-09-19T08:42:48.671+0000 7f9090975640 1 -- --> [v2:172.21.15.19:3300/0,v1:172.21.15.19:6789/0] -- mon_getmap magic: 0 -- 0x7f908c1080f0 con 0x7f908c107720
2024-09-19T08:42:49.504 INFO:teuthology.orchestra.run.smithi019.stdout:/usr/bin/ceph: stderr
2024-09-19T08:42:48.672+0000 7f908a59c640 1 --2- >> [v2:172.21.15.19:3300/0,v1:172.21.15.19:6789/0] conn(0x7f908c107720 0x7f908c107b20 unknown :-1 s=BANNER_CONNECTING pgs=0 cs=0 l=0 rev1=0 crypto rx=0 tx=0 comp rx=0 tx=0)._handle_peer_banner_payload supported=3 required=0
2024-09-19T08:42:49.504 INFO:teuthology.orchestra.run.smithi019.stdout:/usr/bin/ceph: stderr
2024-09-19T08:42:48.672+0000 7f908a59c640 1 --2- >> [v2:172.21.15.19:3300/0,v1:172.21.15.19:6789/0] conn(0x7f908c107720 0x7f908c107b20 unknown :-1 s=HELLO_CONNECTING pgs=0 cs=0 l=0 rev1=1 crypto rx=0 tx=0 comp rx=0 tx=0).handle_hello peer v2:172.21.15.19:3300/0 says I am v2:172.21.15.19:56984/0 (socket says 172.21.15.19:56984)
2024-09-19T08:42:49.504 INFO:teuthology.orchestra.run.smithi019.stdout:/usr/bin/ceph: stderr
2024-09-19T08:42:48.672+0000 7f908a59c640 1 -- 172.21.15.19:0/1611524979 learned_addr learned my addr 172.21.15.19:0/1611524979 (peer_addr_for_me v2:172.21.15.19:0/0)
2024-09-19T08:42:49.504 INFO:teuthology.orchestra.run.smithi019.stdout:/usr/bin/ceph: stderr
2024-09-19T08:42:48.672+0000 7f908a59c640 1 -- 172.21.15.19:0/1611524979 --> [v2:172.21.15.19:3300/0,v1:172.21.15.19:6789/0] -- mon_subscribe({config=0+,monmap=0+}) -- 0x7f908c108920 con 0x7f908c107720
2024-09-19T08:42:49.505 INFO:teuthology.orchestra.run.smithi019.stdout:/usr/bin/ceph: stderr
2024-09-19T08:42:48.673+0000 7f908a59c640 1 --2- 172.21.15.19:0/1611524979 >> [v2:172.21.15.19:3300/0,v1:172.21.15.19:6789/0] conn(0x7f908c107720 0x7f908c107b20 secure :-1 s=READY pgs=16 cs=0 l=1 rev1=1 crypto rx=0x7f907c009820 tx=0x7f907c02a270 comp rx=0 tx=0).ready entity=mon.0 client_cookie=d383a31100823f5d server_cookie=0 in_seq=0 out_seq=0
2024-09-19T08:42:49.505 INFO:teuthology.orchestra.run.smithi019.stdout:/usr/bin/ceph: stderr
2024-09-19T08:42:48.673+0000 7f908959a640 1 -- 172.21.15.19:0/1611524979 <== mon.0 v2:172.21.15.19:3300/0 1 ==== mon_map magic: 0 ==== 205+0+0 (secure 0 0 0) 0x7f907c037070 con 0x7f908c107720
2024-09-19T08:42:49.505 INFO:teuthology.orchestra.run.smithi019.stdout:/usr/bin/ceph: stderr
2024-09-19T08:42:48.673+0000 7f908959a640 1 -- 172.21.15.19:0/1611524979 <== mon.0 v2:172.21.15.19:3300/0 2 ==== config(27 keys) ==== 1109+0+0 (secure 0 0 0) 0x7f907c032900 con 0x7f908c107720
2024-09-19T08:42:49.505 INFO:teuthology.orchestra.run.smithi019.stdout:/usr/bin/ceph: stderr
2024-09-19T08:42:48.673+0000 7f908959a640 1 -- 172.21.15.19:0/1611524979 <== mon.0 v2:172.21.15.19:3300/0 3 ==== mon_map magic: 0 ==== 205+0+0 (secure 0 0 0) 0x7f907c030850 con 0x7f908c107720
2024-09-19T08:42:49.505 INFO:teuthology.orchestra.run.smithi019.stdout:/usr/bin/ceph: stderr
2024-09-19T08:42:48.673+0000 7f9090975640 1 -- 172.21.15.19:0/1611524979 >> [v2:172.21.15.19:3300/0,v1:172.21.15.19:6789/0] conn(0x7f908c107720 msgr2=0x7f908c107b20 secure :-1 s=STATE_CONNECTION_ESTABLISHED l=1).mark_down
2024-09-19T08:42:49.505 INFO:teuthology.orchestra.run.smithi019.stdout:/usr/bin/ceph: stderr
2024-09-19T08:42:48.673+0000 7f9090975640 1 --2- 172.21.15.19:0/1611524979 >> [v2:172.21.15.19:3300/0,v1:172.21.15.19:6789/0] conn(0x7f908c107720 0x7f908c107b20 secure :-1 s=READY pgs=16 cs=0 l=1 rev1=1 crypto rx=0x7f907c009820 tx=0x7f907c02a270 comp rx=0 tx=0).stop
2024-09-19T08:42:49.505 INFO:teuthology.orchestra.run.smithi019.stdout:/usr/bin/ceph: stderr
2024-09-19T08:42:48.674+0000 7f9090975640 1 -- 172.21.15.19:0/1611524979 shutdown_connections
2024-09-19T08:42:49.505 INFO:teuthology.orchestra.run.smithi019.stdout:/usr/bin/ceph: stderr
2024-09-19T08:42:48.674+0000 7f9090975640 1 --2- 172.21.15.19:0/1611524979 >> [v2:172.21.15.19:3300/0,v1:172.21.15.19:6789/0] conn(0x7f908c107720 0x7f908c107b20 unknown :-1 s=CLOSED pgs=16 cs=0 l=1 rev1=1 crypto rx=0 tx=0 comp rx=0 tx=0).stop
2024-09-19T08:42:49.505 INFO:teuthology.orchestra.run.smithi019.stdout:/usr/bin/ceph: stderr
2024-09-19T08:42:48.674+0000 7f9090975640 1 -- 172.21.15.19:0/1611524979 >> 172.21.15.19:0/1611524979 conn(0x7f908c102ed0 msgr2=0x7f908c1052f0 unknown :-1 s=STATE_NONE l=0).mark_down
2024-09-19T08:42:49.505 INFO:teuthology.orchestra.run.smithi019.stdout:/usr/bin/ceph: stderr
2024-09-19T08:42:48.674+0000 7f9090975640 1 -- 172.21.15.19:0/1611524979 shutdown_connections
2024-09-19T08:42:49.505 INFO:teuthology.orchestra.run.smithi019.stdout:/usr/bin/ceph: stderr
2024-09-19T08:42:48.674+0000 7f9090975640 1 -- 172.21.15.19:0/1611524979 wait complete.
2024-09-19T08:42:49.505 INFO:teuthology.orchestra.run.smithi019.stdout:/usr/bin/ceph: stderr
2024-09-19T08:42:48.674+0000 7f9090975640 1 Processor -- start
2024-09-19T08:42:49.505 INFO:teuthology.orchestra.run.smithi019.stdout:/usr/bin/ceph: stderr
2024-09-19T08:42:48.675+0000 7f9090975640 1 -- start start
2024-09-19T08:42:49.506 INFO:teuthology.orchestra.run.smithi019.stdout:/usr/bin/ceph: stderr
2024-09-19T08:42:48.675+0000 7f9090975640 1 --2- >> [v2:172.21.15.19:3300/0,v1:172.21.15.19:6789/0] conn(0x7f908c107720 0x7f908c19d930 unknown :-1 s=NONE pgs=0 cs=0 l=1 rev1=0 crypto rx=0 tx=0 comp rx=0 tx=0).connect
2024-09-19T08:42:49.506 INFO:teuthology.orchestra.run.smithi019.stdout:/usr/bin/ceph: stderr
2024-09-19T08:42:48.675+0000 7f9090975640 1 -- --> [v2:172.21.15.19:3300/0,v1:172.21.15.19:6789/0] -- mon_getmap magic: 0 -- 0x7f908c10bcd0 con 0x7f908c107720
2024-09-19T08:42:49.506 INFO:teuthology.orchestra.run.smithi019.stdout:/usr/bin/ceph: stderr
2024-09-19T08:42:48.675+0000 7f908a59c640 1 --2- >> [v2:172.21.15.19:3300/0,v1:172.21.15.19:6789/0] conn(0x7f908c107720 0x7f908c19d930 unknown :-1 s=BANNER_CONNECTING pgs=0 cs=0 l=1 rev1=0 crypto rx=0 tx=0 comp rx=0 tx=0)._handle_peer_banner_payload supported=3 required=0
2024-09-19T08:42:49.506 INFO:teuthology.orchestra.run.smithi019.stdout:/usr/bin/ceph: stderr
2024-09-19T08:42:48.675+0000 7f908a59c640 1 --2- >> [v2:172.21.15.19:3300/0,v1:172.21.15.19:6789/0] conn(0x7f908c107720 0x7f908c19d930 unknown :-1 s=HELLO_CONNECTING pgs=0 cs=0 l=1 rev1=1 crypto rx=0 tx=0 comp rx=0 tx=0).handle_hello peer v2:172.21.15.19:3300/0 says I am v2:172.21.15.19:56988/0 (socket says 172.21.15.19:56988)
2024-09-19T08:42:49.506 INFO:teuthology.orchestra.run.smithi019.stdout:/usr/bin/ceph: stderr
2024-09-19T08:42:48.675+0000 7f908a59c640 1 -- 172.21.15.19:0/867936967 learned_addr learned my addr 172.21.15.19:0/867936967 (peer_addr_for_me v2:172.21.15.19:0/0)
2024-09-19T08:42:49.506 INFO:teuthology.orchestra.run.smithi019.stdout:/usr/bin/ceph: stderr
2024-09-19T08:42:48.675+0000 7f908a59c640 1 -- 172.21.15.19:0/867936967 --> [v2:172.21.15.19:3300/0,v1:172.21.15.19:6789/0] -- mon_subscribe({config=0+,monmap=0+}) -- 0x7f908c19de70 con 0x7f908c107720
2024-09-19T08:42:49.506 INFO:teuthology.orchestra.run.smithi019.stdout:/usr/bin/ceph: stderr
2024-09-19T08:42:48.675+0000 7f908a59c640 1 --2- 172.21.15.19:0/867936967 >> [v2:172.21.15.19:3300/0,v1:172.21.15.19:6789/0] conn(0x7f908c107720 0x7f908c19d930 secure :-1 s=READY pgs=17 cs=0 l=1 rev1=1 crypto rx=0x7f907c0097f0 tx=0x7f907c030ec0 comp rx=0 tx=0).ready entity=mon.0 client_cookie=0 server_cookie=0 in_seq=0 out_seq=0
2024-09-19T08:42:49.506 INFO:teuthology.orchestra.run.smithi019.stdout:/usr/bin/ceph: stderr
2024-09-19T08:42:48.676+0000 7f907b7fe640 1 -- 172.21.15.19:0/867936967 <== mon.0 v2:172.21.15.19:3300/0 1 ==== mon_map magic: 0 ==== 205+0+0 (secure 0 0 0) 0x7f907c042070 con 0x7f908c107720
2024-09-19T08:42:49.506 INFO:teuthology.orchestra.run.smithi019.stdout:/usr/bin/ceph: stderr
2024-09-19T08:42:48.676+0000 7f9090975640 1 -- 172.21.15.19:0/867936967 --> [v2:172.21.15.19:3300/0,v1:172.21.15.19:6789/0] -- mon_subscribe({mgrmap=0+}) -- 0x7f908c19e100 con 0x7f908c107720
2024-09-19T08:42:49.506 INFO:teuthology.orchestra.run.smithi019.stdout:/usr/bin/ceph: stderr
2024-09-19T08:42:48.676+0000 7f907b7fe640 1 -- 172.21.15.19:0/867936967 <== mon.0 v2:172.21.15.19:3300/0 2 ==== config(27 keys) ==== 1109+0+0 (secure 0 0 0) 0x7f907c032ca0 con 0x7f908c107720
2024-09-19T08:42:49.506 INFO:teuthology.orchestra.run.smithi019.stdout:/usr/bin/ceph: stderr
2024-09-19T08:42:48.676+0000 7f907b7fe640 1 -- 172.21.15.19:0/867936967 <== mon.0 v2:172.21.15.19:3300/0 3 ==== mon_map magic: 0 ==== 205+0+0 (secure 0 0 0) 0x7f907c037040 con 0x7f908c107720
2024-09-19T08:42:49.506 INFO:teuthology.orchestra.run.smithi019.stdout:/usr/bin/ceph: stderr
2024-09-19T08:42:48.676+0000 7f9090975640 1 -- 172.21.15.19:0/867936967 --> [v2:172.21.15.19:3300/0,v1:172.21.15.19:6789/0] -- mon_subscribe({osdmap=0}) -- 0x7f908c1a0df0 con 0x7f908c107720
2024-09-19T08:42:49.506 INFO:teuthology.orchestra.run.smithi019.stdout:/usr/bin/ceph: stderr
2024-09-19T08:42:48.677+0000 7f907b7fe640 1 -- 172.21.15.19:0/867936967 <== mon.0 v2:172.21.15.19:3300/0 4 ==== mgrmap(e 4) ==== 46450+0+0 (secure 0 0 0) 0x7f907c045070 con 0x7f908c107720
2024-09-19T08:42:49.506 INFO:teuthology.orchestra.run.smithi019.stdout:/usr/bin/ceph: stderr
2024-09-19T08:42:48.677+0000 7f9090975640 1 -- 172.21.15.19:0/867936967 --> [v2:172.21.15.19:3300/0,v1:172.21.15.19:6789/0] -- mon_command({"prefix": "get_command_descriptions"} v 0) -- 0x7f908c107ba0 con 0x7f908c107720
2024-09-19T08:42:49.507 INFO:teuthology.orchestra.run.smithi019.stdout:/usr/bin/ceph: stderr
2024-09-19T08:42:48.677+0000 7f907b7fe640 1 --2- 172.21.15.19:0/867936967 >> [v2:172.21.15.19:6800/1764769529,v1:172.21.15.19:6801/1764769529] conn(0x7f9074039160 0x7f907403b620 unknown :-1 s=NONE pgs=0 cs=0 l=1 rev1=0 crypto rx=0 tx=0 comp rx=0 tx=0).connect
2024-09-19T08:42:49.507 INFO:teuthology.orchestra.run.smithi019.stdout:/usr/bin/ceph: stderr
2024-09-19T08:42:48.677+0000 7f907b7fe640 1 -- 172.21.15.19:0/867936967 <== mon.0 v2:172.21.15.19:3300/0 5 ==== osd_map(1..1 src has 1..1) ==== 725+0+0 (secure 0 0 0) 0x7f907c06c0c0 con 0x7f908c107720
2024-09-19T08:42:49.507 INFO:teuthology.orchestra.run.smithi019.stdout:/usr/bin/ceph: stderr
2024-09-19T08:42:48.677+0000 7f9089d9b640 1 --2- 172.21.15.19:0/867936967 >> [v2:172.21.15.19:6800/1764769529,v1:172.21.15.19:6801/1764769529] conn(0x7f9074039160 0x7f907403b620 unknown :-1 s=BANNER_CONNECTING pgs=0 cs=0 l=1 rev1=0 crypto rx=0 tx=0 comp rx=0 tx=0)._handle_peer_banner_payload supported=3 required=0
2024-09-19T08:42:49.507 INFO:teuthology.orchestra.run.smithi019.stdout:/usr/bin/ceph: stderr
2024-09-19T08:42:48.677+0000 7f9089d9b640 1 --2- 172.21.15.19:0/867936967 >> [v2:172.21.15.19:6800/1764769529,v1:172.21.15.19:6801/1764769529] conn(0x7f9074039160 0x7f907403b620 secure :-1 s=READY pgs=6 cs=0 l=1 rev1=1 crypto rx=0x7f90800098c0 tx=0x7f9080006db0 comp rx=0 tx=0).ready entity=mgr.14100 client_cookie=0 server_cookie=0 in_seq=0 out_seq=0
2024-09-19T08:42:49.507 INFO:teuthology.orchestra.run.smithi019.stdout:/usr/bin/ceph: stderr
2024-09-19T08:42:48.682+0000 7f907b7fe640 1 -- 172.21.15.19:0/867936967 <== mon.0 v2:172.21.15.19:3300/0 6 ==== mon_command_ack([{"prefix": "get_command_descriptions"}]=0 v0) ==== 72+0+188913 (secure 0 0 0) 0x7f907c04b170 con 0x7f908c107720
2024-09-19T08:42:49.507 INFO:teuthology.orchestra.run.smithi019.stdout:/usr/bin/ceph: stderr
2024-09-19T08:42:48.924+0000 7f9090975640 1 -- 172.21.15.19:0/867936967 --> [v2:172.21.15.19:3300/0,v1:172.21.15.19:6789/0] -- mon_command({"prefix": "status", "format": "json-pretty"} v 0) -- 0x7f908c1a1470 con 0x7f908c107720
2024-09-19T08:42:49.507 INFO:teuthology.orchestra.run.smithi019.stdout:/usr/bin/ceph: stderr
2024-09-19T08:42:48.924+0000 7f907b7fe640 1 -- 172.21.15.19:0/867936967 <== mon.0 v2:172.21.15.19:3300/0 7 ==== mon_command_ack([{"prefix": "status", "format": "json-pretty"}]=0 v0) ==== 79+0+1290 (secure 0 0 0) 0x7f907c03d430 con 0x7f908c107720
2024-09-19T08:42:49.507 INFO:teuthology.orchestra.run.smithi019.stdout:/usr/bin/ceph: stderr
2024-09-19T08:42:48.927+0000 7f9090975640 1 -- 172.21.15.19:0/867936967 >> [v2:172.21.15.19:6800/1764769529,v1:172.21.15.19:6801/1764769529] conn(0x7f9074039160 msgr2=0x7f907403b620 secure :-1 s=STATE_CONNECTION_ESTABLISHED l=1).mark_down
2024-09-19T08:42:49.507 INFO:teuthology.orchestra.run.smithi019.stdout:/usr/bin/ceph: stderr
2024-09-19T08:42:48.927+0000 7f9090975640 1 --2- 172.21.15.19:0/867936967 >> [v2:172.21.15.19:6800/1764769529,v1:172.21.15.19:6801/1764769529] conn(0x7f9074039160 0x7f907403b620 secure :-1 s=READY pgs=6 cs=0 l=1 rev1=1 crypto rx=0x7f90800098c0 tx=0x7f9080006db0 comp rx=0 tx=0).stop
2024-09-19T08:42:49.507 INFO:teuthology.orchestra.run.smithi019.stdout:/usr/bin/ceph: stderr
2024-09-19T08:42:48.927+0000 7f9090975640 1 -- 172.21.15.19:0/867936967 >> [v2:172.21.15.19:3300/0,v1:172.21.15.19:6789/0] conn(0x7f908c107720 msgr2=0x7f908c19d930 secure :-1 s=STATE_CONNECTION_ESTABLISHED l=1).mark_down
2024-09-19T08:42:49.507 INFO:teuthology.orchestra.run.smithi019.stdout:/usr/bin/ceph: stderr
2024-09-19T08:42:48.927+0000 7f9090975640 1 --2- 172.21.15.19:0/867936967 >> [v2:172.21.15.19:3300/0,v1:172.21.15.19:6789/0] conn(0x7f908c107720 0x7f908c19d930 secure :-1 s=READY pgs=17 cs=0 l=1 rev1=1 crypto rx=0x7f907c0097f0 tx=0x7f907c030ec0 comp rx=0 tx=0).stop
2024-09-19T08:42:49.507 INFO:teuthology.orchestra.run.smithi019.stdout:/usr/bin/ceph: stderr
2024-09-19T08:42:48.927+0000 7f9090975640 1 -- 172.21.15.19:0/867936967 shutdown_connections
2024-09-19T08:42:49.507 INFO:teuthology.orchestra.run.smithi019.stdout:/usr/bin/ceph: stderr
2024-09-19T08:42:48.927+0000 7f9090975640 1 --2- 172.21.15.19:0/867936967 >> [v2:172.21.15.19:6800/1764769529,v1:172.21.15.19:6801/1764769529] conn(0x7f9074039160 0x7f907403b620 unknown :-1 s=CLOSED pgs=6 cs=0 l=1 rev1=1 crypto rx=0 tx=0 comp rx=0 tx=0).stop
2024-09-19T08:42:49.508 INFO:teuthology.orchestra.run.smithi019.stdout:/usr/bin/ceph: stderr
2024-09-19T08:42:48.927+0000 7f9090975640 1 --2- 172.21.15.19:0/867936967 >> [v2:172.21.15.19:3300/0,v1:172.21.15.19:6789/0] conn(0x7f908c107720 0x7f908c19d930 unknown :-1 s=CLOSED pgs=17 cs=0 l=1 rev1=1 crypto rx=0 tx=0 comp rx=0 tx=0).stop
2024-09-19T08:42:49.508 INFO:teuthology.orchestra.run.smithi019.stdout:/usr/bin/ceph: stderr
2024-09-19T08:42:48.927+0000 7f9090975640 1 -- 172.21.15.19:0/867936967 >> 172.21.15.19:0/867936967 conn(0x7f908c102ed0 msgr2=0x7f908c103a10 unknown :-1 s=STATE_NONE l=0).mark_down
2024-09-19T08:42:49.508 INFO:teuthology.orchestra.run.smithi019.stdout:/usr/bin/ceph: stderr
2024-09-19T08:42:48.927+0000 7f9090975640 1 -- 172.21.15.19:0/867936967 shutdown_connections
2024-09-19T08:42:49.508 INFO:teuthology.orchestra.run.smithi019.stdout:/usr/bin/ceph: stderr
2024-09-19T08:42:48.927+0000 7f9090975640 1 -- 172.21.15.19:0/867936967 wait complete.
2024-09-19T08:42:49.508 INFO:teuthology.orchestra.run.smithi019.stdout:mgr is available
2024-09-19T08:42:49.731 INFO:journalctl@ceph.mon.a.smithi019.stdout:Sep 19 08:42:49 smithi019 ceph-mon[30976]: mgrmap e4: x(active, since 2s)
2024-09-19T08:42:49.731 INFO:journalctl@ceph.mon.a.smithi019.stdout:Sep 19 08:42:49 smithi019 ceph-mon[30976]: from='client.? 172.21.15.19:0/867936967' entity='client.admin' cmd=[{"prefix": "status", "format": "json-pretty"}]: dispatch
2024-09-19T08:42:50.735 INFO:journalctl@ceph.mon.a.smithi019.stdout:Sep 19 08:42:50 smithi019 ceph-mon[30976]: from='client.? 172.21.15.19:0/4232825005' entity='client.admin' cmd=[{"prefix": "config assimilate-conf"}]: dispatch
2024-09-19T08:42:50.744 INFO:teuthology.orchestra.run.smithi019.stdout:/usr/bin/ceph: stdout
2024-09-19T08:42:50.744 INFO:teuthology.orchestra.run.smithi019.stdout:/usr/bin/ceph: stdout [global]
2024-09-19T08:42:50.744 INFO:teuthology.orchestra.run.smithi019.stdout:/usr/bin/ceph: stdout fsid = f26c9d84-7662-11ef-bceb-c7b262605968
2024-09-19T08:42:50.744 INFO:teuthology.orchestra.run.smithi019.stdout:/usr/bin/ceph: stdout mon_host = [v2:172.21.15.19:3300,v1:172.21.15.19:6789]
2024-09-19T08:42:50.744 INFO:teuthology.orchestra.run.smithi019.stdout:/usr/bin/ceph: stdout mon_osd_allow_pg_remap = true
2024-09-19T08:42:50.744 INFO:teuthology.orchestra.run.smithi019.stdout:/usr/bin/ceph: stdout mon_osd_allow_primary_affinity = true
2024-09-19T08:42:50.744 INFO:teuthology.orchestra.run.smithi019.stdout:/usr/bin/ceph: stdout mon_warn_on_no_sortbitwise = false
2024-09-19T08:42:50.744 INFO:teuthology.orchestra.run.smithi019.stdout:/usr/bin/ceph: stdout osd_crush_chooseleaf_type = 0
2024-09-19T08:42:50.744 INFO:teuthology.orchestra.run.smithi019.stdout:/usr/bin/ceph: stdout
2024-09-19T08:42:50.744 INFO:teuthology.orchestra.run.smithi019.stdout:/usr/bin/ceph: stdout [mgr]
2024-09-19T08:42:50.744 INFO:teuthology.orchestra.run.smithi019.stdout:/usr/bin/ceph: stdout mgr/telemetry/nag = false
2024-09-19T08:42:50.745 INFO:teuthology.orchestra.run.smithi019.stdout:/usr/bin/ceph: stdout
2024-09-19T08:42:50.745 INFO:teuthology.orchestra.run.smithi019.stdout:/usr/bin/ceph: stdout [osd]
2024-09-19T08:42:50.745 INFO:teuthology.orchestra.run.smithi019.stdout:/usr/bin/ceph: stdout mon_osd_backfillfull_ratio = 0.85
2024-09-19T08:42:50.745 INFO:teuthology.orchestra.run.smithi019.stdout:/usr/bin/ceph: stdout mon_osd_full_ratio = 0.9
2024-09-19T08:42:50.745 INFO:teuthology.orchestra.run.smithi019.stdout:/usr/bin/ceph: stdout mon_osd_nearfull_ratio = 0.8
2024-09-19T08:42:50.745 INFO:teuthology.orchestra.run.smithi019.stdout:/usr/bin/ceph: stdout osd_map_max_advance = 10
2024-09-19T08:42:50.745 INFO:teuthology.orchestra.run.smithi019.stdout:/usr/bin/ceph: stdout osd_sloppy_crc = true
2024-09-19T08:42:50.745 INFO:teuthology.orchestra.run.smithi019.stdout:/usr/bin/ceph: stderr
2024-09-19T08:42:49.910+0000 7f4fc630d640 1 Processor -- start
2024-09-19T08:42:50.745 INFO:teuthology.orchestra.run.smithi019.stdout:/usr/bin/ceph: stderr
2024-09-19T08:42:49.910+0000 7f4fc630d640 1 -- start start
2024-09-19T08:42:50.745 INFO:teuthology.orchestra.run.smithi019.stdout:/usr/bin/ceph: stderr
2024-09-19T08:42:49.911+0000 7f4fc630d640 1 --2- >> [v2:172.21.15.19:3300/0,v1:172.21.15.19:6789/0] conn(0x7f4fc01098e0 0x7f4fc0109ce0 unknown :-1 s=NONE pgs=0 cs=0 l=0 rev1=0 crypto rx=0 tx=0 comp rx=0 tx=0).connect
2024-09-19T08:42:50.745 INFO:teuthology.orchestra.run.smithi019.stdout:/usr/bin/ceph: stderr
2024-09-19T08:42:49.911+0000 7f4fc630d640 1 -- --> [v2:172.21.15.19:3300/0,v1:172.21.15.19:6789/0] -- mon_getmap magic: 0 -- 0x7f4fc010a2b0 con 0x7f4fc01098e0
2024-09-19T08:42:50.745 INFO:teuthology.orchestra.run.smithi019.stdout:/usr/bin/ceph: stderr
2024-09-19T08:42:49.911+0000 7f4fbffff640 1 --2- >> [v2:172.21.15.19:3300/0,v1:172.21.15.19:6789/0] conn(0x7f4fc01098e0 0x7f4fc0109ce0 unknown :-1 s=BANNER_CONNECTING pgs=0 cs=0 l=0 rev1=0 crypto rx=0 tx=0 comp rx=0 tx=0)._handle_peer_banner_payload supported=3 required=0
2024-09-19T08:42:50.745 INFO:teuthology.orchestra.run.smithi019.stdout:/usr/bin/ceph: stderr
2024-09-19T08:42:49.911+0000 7f4fbffff640 1 --2- >> [v2:172.21.15.19:3300/0,v1:172.21.15.19:6789/0] conn(0x7f4fc01098e0 0x7f4fc0109ce0 unknown :-1 s=HELLO_CONNECTING pgs=0 cs=0 l=0 rev1=1 crypto rx=0 tx=0 comp rx=0 tx=0).handle_hello peer v2:172.21.15.19:3300/0 says I am v2:172.21.15.19:57000/0 (socket says 172.21.15.19:57000)
2024-09-19T08:42:50.746 INFO:teuthology.orchestra.run.smithi019.stdout:/usr/bin/ceph: stderr
2024-09-19T08:42:49.911+0000 7f4fbffff640 1 -- 172.21.15.19:0/976536689 learned_addr learned my addr 172.21.15.19:0/976536689 (peer_addr_for_me v2:172.21.15.19:0/0)
2024-09-19T08:42:50.746 INFO:teuthology.orchestra.run.smithi019.stdout:/usr/bin/ceph: stderr
2024-09-19T08:42:49.911+0000 7f4fbffff640 1 -- 172.21.15.19:0/976536689 --> [v2:172.21.15.19:3300/0,v1:172.21.15.19:6789/0] -- mon_subscribe({config=0+,monmap=0+}) -- 0x7f4fc010aae0 con 0x7f4fc01098e0
2024-09-19T08:42:50.746 INFO:teuthology.orchestra.run.smithi019.stdout:/usr/bin/ceph: stderr
2024-09-19T08:42:49.912+0000 7f4fbffff640 1 --2- 172.21.15.19:0/976536689 >> [v2:172.21.15.19:3300/0,v1:172.21.15.19:6789/0] conn(0x7f4fc01098e0 0x7f4fc0109ce0 secure :-1 s=READY pgs=18 cs=0 l=1 rev1=1 crypto rx=0x7f4fb0009820 tx=0x7f4fb002a270 comp rx=0 tx=0).ready entity=mon.0 client_cookie=f6440126fc431904 server_cookie=0 in_seq=0 out_seq=0
2024-09-19T08:42:50.746 INFO:teuthology.orchestra.run.smithi019.stdout:/usr/bin/ceph: stderr
2024-09-19T08:42:49.912+0000 7f4fbeffd640 1 -- 172.21.15.19:0/976536689 <== mon.0 v2:172.21.15.19:3300/0 1 ==== mon_map magic: 0 ==== 205+0+0 (secure 0 0 0) 0x7f4fb0037070 con 0x7f4fc01098e0
2024-09-19T08:42:50.746 INFO:teuthology.orchestra.run.smithi019.stdout:/usr/bin/ceph: stderr
2024-09-19T08:42:49.912+0000 7f4fbeffd640 1 -- 172.21.15.19:0/976536689 <== mon.0 v2:172.21.15.19:3300/0 2 ==== config(27 keys) ==== 1109+0+0 (secure 0 0 0) 0x7f4fb0032900 con 0x7f4fc01098e0
2024-09-19T08:42:50.746 INFO:teuthology.orchestra.run.smithi019.stdout:/usr/bin/ceph: stderr
2024-09-19T08:42:49.912+0000 7f4fbeffd640 1 -- 172.21.15.19:0/976536689 <== mon.0 v2:172.21.15.19:3300/0 3 ==== mon_map magic: 0 ==== 205+0+0 (secure 0 0 0) 0x7f4fb0030850 con 0x7f4fc01098e0
2024-09-19T08:42:50.746 INFO:teuthology.orchestra.run.smithi019.stdout:/usr/bin/ceph: stderr
2024-09-19T08:42:49.913+0000 7f4fc630d640 1 -- 172.21.15.19:0/976536689 >> [v2:172.21.15.19:3300/0,v1:172.21.15.19:6789/0] conn(0x7f4fc01098e0 msgr2=0x7f4fc0109ce0 secure :-1 s=STATE_CONNECTION_ESTABLISHED l=1).mark_down
2024-09-19T08:42:50.746 INFO:teuthology.orchestra.run.smithi019.stdout:/usr/bin/ceph: stderr
2024-09-19T08:42:49.913+0000 7f4fc630d640 1 --2- 172.21.15.19:0/976536689 >> [v2:172.21.15.19:3300/0,v1:172.21.15.19:6789/0] conn(0x7f4fc01098e0 0x7f4fc0109ce0 secure :-1 s=READY pgs=18 cs=0 l=1 rev1=1 crypto rx=0x7f4fb0009820 tx=0x7f4fb002a270 comp rx=0 tx=0).stop
2024-09-19T08:42:50.746 INFO:teuthology.orchestra.run.smithi019.stdout:/usr/bin/ceph: stderr
2024-09-19T08:42:49.913+0000 7f4fc630d640 1 -- 172.21.15.19:0/976536689 shutdown_connections
2024-09-19T08:42:50.746 INFO:teuthology.orchestra.run.smithi019.stdout:/usr/bin/ceph: stderr
2024-09-19T08:42:49.913+0000 7f4fc630d640 1 --2- 172.21.15.19:0/976536689 >> [v2:172.21.15.19:3300/0,v1:172.21.15.19:6789/0] conn(0x7f4fc01098e0 0x7f4fc0109ce0 unknown :-1 s=CLOSED pgs=18 cs=0 l=1 rev1=1 crypto rx=0 tx=0 comp rx=0 tx=0).stop
2024-09-19T08:42:50.746 INFO:teuthology.orchestra.run.smithi019.stdout:/usr/bin/ceph: stderr
2024-09-19T08:42:49.913+0000 7f4fc630d640 1 -- 172.21.15.19:0/976536689 >> 172.21.15.19:0/976536689 conn(0x7f4fc007ceb0 msgr2=0x7f4fc007d2c0 unknown :-1 s=STATE_NONE l=0).mark_down
2024-09-19T08:42:50.746 INFO:teuthology.orchestra.run.smithi019.stdout:/usr/bin/ceph: stderr
2024-09-19T08:42:49.913+0000 7f4fc630d640 1 -- 172.21.15.19:0/976536689 shutdown_connections
2024-09-19T08:42:50.746 INFO:teuthology.orchestra.run.smithi019.stdout:/usr/bin/ceph: stderr
2024-09-19T08:42:49.913+0000 7f4fc630d640 1 -- 172.21.15.19:0/976536689 wait complete.
2024-09-19T08:42:50.747 INFO:teuthology.orchestra.run.smithi019.stdout:/usr/bin/ceph: stderr
2024-09-19T08:42:49.913+0000 7f4fc630d640 1 Processor -- start
2024-09-19T08:42:50.747 INFO:teuthology.orchestra.run.smithi019.stdout:/usr/bin/ceph: stderr
2024-09-19T08:42:49.913+0000 7f4fc630d640 1 -- start start
2024-09-19T08:42:50.747 INFO:teuthology.orchestra.run.smithi019.stdout:/usr/bin/ceph: stderr
2024-09-19T08:42:49.914+0000 7f4fc630d640 1 --2- >> [v2:172.21.15.19:3300/0,v1:172.21.15.19:6789/0] conn(0x7f4fc01098e0 0x7f4fc019d980 unknown :-1 s=NONE pgs=0 cs=0 l=1 rev1=0 crypto rx=0 tx=0 comp rx=0 tx=0).connect
2024-09-19T08:42:50.747 INFO:teuthology.orchestra.run.smithi019.stdout:/usr/bin/ceph: stderr
2024-09-19T08:42:49.914+0000 7f4fc630d640 1 -- --> [v2:172.21.15.19:3300/0,v1:172.21.15.19:6789/0] -- mon_getmap magic: 0 -- 0x7f4fc010de90 con 0x7f4fc01098e0
2024-09-19T08:42:50.747 INFO:teuthology.orchestra.run.smithi019.stdout:/usr/bin/ceph: stderr
2024-09-19T08:42:49.914+0000 7f4fbffff640 1 --2- >> [v2:172.21.15.19:3300/0,v1:172.21.15.19:6789/0] conn(0x7f4fc01098e0 0x7f4fc019d980 unknown :-1 s=BANNER_CONNECTING pgs=0 cs=0 l=1 rev1=0 crypto rx=0 tx=0 comp rx=0 tx=0)._handle_peer_banner_payload supported=3 required=0
2024-09-19T08:42:50.747 INFO:teuthology.orchestra.run.smithi019.stdout:/usr/bin/ceph: stderr
2024-09-19T08:42:49.914+0000 7f4fbffff640 1 --2- >> [v2:172.21.15.19:3300/0,v1:172.21.15.19:6789/0] conn(0x7f4fc01098e0 0x7f4fc019d980 unknown :-1 s=HELLO_CONNECTING pgs=0 cs=0 l=1 rev1=1 crypto rx=0 tx=0 comp rx=0 tx=0).handle_hello peer v2:172.21.15.19:3300/0 says I am v2:172.21.15.19:57002/0 (socket says 172.21.15.19:57002)
2024-09-19T08:42:50.747 INFO:teuthology.orchestra.run.smithi019.stdout:/usr/bin/ceph: stderr
2024-09-19T08:42:49.914+0000 7f4fbffff640 1 -- 172.21.15.19:0/4232825005 learned_addr learned my addr 172.21.15.19:0/4232825005 (peer_addr_for_me v2:172.21.15.19:0/0)
2024-09-19T08:42:50.747 INFO:teuthology.orchestra.run.smithi019.stdout:/usr/bin/ceph: stderr
2024-09-19T08:42:49.914+0000 7f4fbffff640 1 -- 172.21.15.19:0/4232825005 --> [v2:172.21.15.19:3300/0,v1:172.21.15.19:6789/0] -- mon_subscribe({config=0+,monmap=0+}) -- 0x7f4fc019dec0 con 0x7f4fc01098e0
2024-09-19T08:42:50.747 INFO:teuthology.orchestra.run.smithi019.stdout:/usr/bin/ceph: stderr
2024-09-19T08:42:49.914+0000 7f4fbffff640 1 --2- 172.21.15.19:0/4232825005 >> [v2:172.21.15.19:3300/0,v1:172.21.15.19:6789/0] conn(0x7f4fc01098e0 0x7f4fc019d980 secure :-1 s=READY pgs=19 cs=0 l=1 rev1=1 crypto rx=0x7f4fb0009940 tx=0x7f4fb0032ce0 comp rx=0 tx=0).ready entity=mon.0 client_cookie=0 server_cookie=0 in_seq=0 out_seq=0
2024-09-19T08:42:50.747 INFO:teuthology.orchestra.run.smithi019.stdout:/usr/bin/ceph: stderr
2024-09-19T08:42:49.914+0000 7f4fbd7fa640 1 -- 172.21.15.19:0/4232825005 <== mon.0 v2:172.21.15.19:3300/0 1 ==== mon_map magic: 0 ==== 205+0+0 (secure 0 0 0) 0x7f4fb0042070 con 0x7f4fc01098e0
2024-09-19T08:42:50.747 INFO:teuthology.orchestra.run.smithi019.stdout:/usr/bin/ceph: stderr
2024-09-19T08:42:49.914+0000 7f4fbd7fa640 1 -- 172.21.15.19:0/4232825005 <== mon.0 v2:172.21.15.19:3300/0 2 ==== config(27 keys) ==== 1109+0+0 (secure 0 0 0) 0x7f4fb00308c0 con 0x7f4fc01098e0
2024-09-19T08:42:50.747 INFO:teuthology.orchestra.run.smithi019.stdout:/usr/bin/ceph: stderr
2024-09-19T08:42:49.914+0000 7f4fc630d640 1 -- 172.21.15.19:0/4232825005 --> [v2:172.21.15.19:3300/0,v1:172.21.15.19:6789/0] -- mon_subscribe({mgrmap=0+}) -- 0x7f4fc019e150 con 0x7f4fc01098e0
2024-09-19T08:42:50.747 INFO:teuthology.orchestra.run.smithi019.stdout:/usr/bin/ceph: stderr
2024-09-19T08:42:49.914+0000 7f4fbd7fa640 1 -- 172.21.15.19:0/4232825005 <== mon.0 v2:172.21.15.19:3300/0 3 ==== mon_map magic: 0 ==== 205+0+0 (secure 0 0 0) 0x7f4fb0037040 con 0x7f4fc01098e0
2024-09-19T08:42:50.747 INFO:teuthology.orchestra.run.smithi019.stdout:/usr/bin/ceph: stderr
2024-09-19T08:42:49.914+0000 7f4fc630d640 1 -- 172.21.15.19:0/4232825005 --> [v2:172.21.15.19:3300/0,v1:172.21.15.19:6789/0] -- mon_subscribe({osdmap=0}) -- 0x7f4fc01a0e40 con 0x7f4fc01098e0
2024-09-19T08:42:50.748 INFO:teuthology.orchestra.run.smithi019.stdout:/usr/bin/ceph: stderr
2024-09-19T08:42:49.915+0000 7f4fbd7fa640 1 -- 172.21.15.19:0/4232825005 <== mon.0 v2:172.21.15.19:3300/0 4 ==== mgrmap(e 4) ==== 46450+0+0 (secure 0 0 0) 0x7f4fb0045070 con 0x7f4fc01098e0
2024-09-19T08:42:50.748 INFO:teuthology.orchestra.run.smithi019.stdout:/usr/bin/ceph: stderr
2024-09-19T08:42:49.916+0000 7f4fc630d640 1 -- 172.21.15.19:0/4232825005 --> [v2:172.21.15.19:3300/0,v1:172.21.15.19:6789/0] -- mon_command({"prefix": "get_command_descriptions"} v 0) -- 0x7f4fc010e010 con 0x7f4fc01098e0
2024-09-19T08:42:50.748 INFO:teuthology.orchestra.run.smithi019.stdout:/usr/bin/ceph: stderr
2024-09-19T08:42:49.916+0000 7f4fbd7fa640 1 --2- 172.21.15.19:0/4232825005 >> [v2:172.21.15.19:6800/1764769529,v1:172.21.15.19:6801/1764769529] conn(0x7f4fa80391b0 0x7f4fa803b670 unknown :-1 s=NONE pgs=0 cs=0 l=1 rev1=0 crypto rx=0 tx=0 comp rx=0 tx=0).connect
2024-09-19T08:42:50.748 INFO:teuthology.orchestra.run.smithi019.stdout:/usr/bin/ceph: stderr
2024-09-19T08:42:49.916+0000 7f4fbd7fa640 1 -- 172.21.15.19:0/4232825005 <== mon.0 v2:172.21.15.19:3300/0 5 ==== osd_map(1..1 src has 1..1) ==== 725+0+0 (secure 0 0 0) 0x7f4fb006c3f0 con 0x7f4fc01098e0
2024-09-19T08:42:50.748 INFO:teuthology.orchestra.run.smithi019.stdout:/usr/bin/ceph: stderr
2024-09-19T08:42:49.916+0000 7f4fbf7fe640 1 --2- 172.21.15.19:0/4232825005 >> [v2:172.21.15.19:6800/1764769529,v1:172.21.15.19:6801/1764769529] conn(0x7f4fa80391b0 0x7f4fa803b670 unknown :-1 s=BANNER_CONNECTING pgs=0 cs=0 l=1 rev1=0 crypto rx=0 tx=0 comp rx=0 tx=0)._handle_peer_banner_payload supported=3 required=0
2024-09-19T08:42:50.748 INFO:teuthology.orchestra.run.smithi019.stdout:/usr/bin/ceph: stderr
2024-09-19T08:42:49.916+0000 7f4fbf7fe640 1 --2- 172.21.15.19:0/4232825005 >> [v2:172.21.15.19:6800/1764769529,v1:172.21.15.19:6801/1764769529] conn(0x7f4fa80391b0 0x7f4fa803b670 secure :-1 s=READY pgs=7 cs=0 l=1 rev1=1 crypto rx=0x7f4fb40098c0 tx=0x7f4fb4006db0 comp rx=0 tx=0).ready entity=mgr.14100 client_cookie=0 server_cookie=0 in_seq=0 out_seq=0
2024-09-19T08:42:50.748 INFO:teuthology.orchestra.run.smithi019.stdout:/usr/bin/ceph: stderr
2024-09-19T08:42:49.921+0000 7f4fbd7fa640 1 -- 172.21.15.19:0/4232825005 <== mon.0 v2:172.21.15.19:3300/0 6 ==== mon_command_ack([{"prefix": "get_command_descriptions"}]=0 v0) ==== 72+0+188913 (secure 0 0 0) 0x7f4fb0045360 con 0x7f4fc01098e0
2024-09-19T08:42:50.748 INFO:teuthology.orchestra.run.smithi019.stdout:/usr/bin/ceph: stderr
2024-09-19T08:42:50.094+0000 7f4fc630d640 1 -- 172.21.15.19:0/4232825005 --> [v2:172.21.15.19:3300/0,v1:172.21.15.19:6789/0] -- mon_command({"prefix": "config assimilate-conf"} v 0) -- 0x7f4fc0109d60 con 0x7f4fc01098e0
2024-09-19T08:42:50.748 INFO:teuthology.orchestra.run.smithi019.stdout:/usr/bin/ceph: stderr
2024-09-19T08:42:50.095+0000 7f4fbd7fa640 1 -- 172.21.15.19:0/4232825005 <== mon.0 v2:172.21.15.19:3300/0 7 ==== mon_command_ack([{"prefix": "config assimilate-conf"}]=0 v3) ==== 70+0+429 (secure 0 0 0) 0x7f4fb006be10 con 0x7f4fc01098e0
2024-09-19T08:42:50.748 INFO:teuthology.orchestra.run.smithi019.stdout:/usr/bin/ceph: stderr
2024-09-19T08:42:50.097+0000 7f4fc630d640 1 -- 172.21.15.19:0/4232825005 >> [v2:172.21.15.19:6800/1764769529,v1:172.21.15.19:6801/1764769529] conn(0x7f4fa80391b0 msgr2=0x7f4fa803b670 secure :-1 s=STATE_CONNECTION_ESTABLISHED l=1).mark_down
2024-09-19T08:42:50.748 INFO:teuthology.orchestra.run.smithi019.stdout:/usr/bin/ceph: stderr
2024-09-19T08:42:50.097+0000 7f4fc630d640 1 --2- 172.21.15.19:0/4232825005 >> [v2:172.21.15.19:6800/1764769529,v1:172.21.15.19:6801/1764769529] conn(0x7f4fa80391b0 0x7f4fa803b670 secure :-1 s=READY pgs=7 cs=0 l=1 rev1=1 crypto rx=0x7f4fb40098c0 tx=0x7f4fb4006db0 comp rx=0 tx=0).stop
2024-09-19T08:42:50.748 INFO:teuthology.orchestra.run.smithi019.stdout:/usr/bin/ceph: stderr
2024-09-19T08:42:50.097+0000 7f4fc630d640 1 -- 172.21.15.19:0/4232825005 >> [v2:172.21.15.19:3300/0,v1:172.21.15.19:6789/0] conn(0x7f4fc01098e0 msgr2=0x7f4fc019d980 secure :-1 s=STATE_CONNECTION_ESTABLISHED l=1).mark_down
2024-09-19T08:42:50.748 INFO:teuthology.orchestra.run.smithi019.stdout:/usr/bin/ceph: stderr
2024-09-19T08:42:50.097+0000 7f4fc630d640 1 --2- 172.21.15.19:0/4232825005 >> [v2:172.21.15.19:3300/0,v1:172.21.15.19:6789/0] conn(0x7f4fc01098e0 0x7f4fc019d980 secure :-1 s=READY pgs=19 cs=0 l=1 rev1=1 crypto rx=0x7f4fb0009940 tx=0x7f4fb0032ce0 comp rx=0 tx=0).stop
2024-09-19T08:42:50.748 INFO:teuthology.orchestra.run.smithi019.stdout:/usr/bin/ceph: stderr
2024-09-19T08:42:50.098+0000 7f4fc630d640 1 -- 172.21.15.19:0/4232825005 shutdown_connections
2024-09-19T08:42:50.749 INFO:teuthology.orchestra.run.smithi019.stdout:/usr/bin/ceph: stderr
2024-09-19T08:42:50.098+0000 7f4fc630d640 1 --2- 172.21.15.19:0/4232825005 >> [v2:172.21.15.19:6800/1764769529,v1:172.21.15.19:6801/1764769529] conn(0x7f4fa80391b0 0x7f4fa803b670 unknown :-1 s=CLOSED pgs=7 cs=0 l=1 rev1=1 crypto rx=0 tx=0 comp rx=0 tx=0).stop
2024-09-19T08:42:50.749 INFO:teuthology.orchestra.run.smithi019.stdout:/usr/bin/ceph: stderr
2024-09-19T08:42:50.098+0000 7f4fc630d640 1 --2- 172.21.15.19:0/4232825005 >> [v2:172.21.15.19:3300/0,v1:172.21.15.19:6789/0] conn(0x7f4fc01098e0 0x7f4fc019d980 unknown :-1 s=CLOSED pgs=19 cs=0 l=1 rev1=1 crypto rx=0 tx=0 comp rx=0 tx=0).stop
2024-09-19T08:42:50.749 INFO:teuthology.orchestra.run.smithi019.stdout:/usr/bin/ceph: stderr
2024-09-19T08:42:50.098+0000 7f4fc630d640 1 -- 172.21.15.19:0/4232825005 >> 172.21.15.19:0/4232825005 conn(0x7f4fc007ceb0 msgr2=0x7f4fc01075a0 unknown :-1 s=STATE_NONE l=0).mark_down
2024-09-19T08:42:50.749 INFO:teuthology.orchestra.run.smithi019.stdout:/usr/bin/ceph: stderr
2024-09-19T08:42:50.098+0000 7f4fc630d640 1 -- 172.21.15.19:0/4232825005 shutdown_connections
2024-09-19T08:42:50.749 INFO:teuthology.orchestra.run.smithi019.stdout:/usr/bin/ceph: stderr
2024-09-19T08:42:50.098+0000 7f4fc630d640 1 -- 172.21.15.19:0/4232825005 wait complete.
2024-09-19T08:42:50.749 INFO:teuthology.orchestra.run.smithi019.stdout:Enabling cephadm module...
2024-09-19T08:42:51.698 INFO:journalctl@ceph.mon.a.smithi019.stdout:Sep 19 08:42:51 smithi019 ceph-mon[30976]: from='client.? 172.21.15.19:0/4170375769' entity='client.admin' cmd=[{"prefix": "mgr module enable", "module": "cephadm"}]: dispatch
2024-09-19T08:42:51.699 INFO:journalctl@ceph.mgr.x.smithi019.stdout:Sep 19 08:42:51 smithi019 ceph-f26c9d84-7662-11ef-bceb-c7b262605968-mgr-x[31201]: ignoring --setuser ceph since I am not root
2024-09-19T08:42:51.699 INFO:journalctl@ceph.mgr.x.smithi019.stdout:Sep 19 08:42:51 smithi019 ceph-f26c9d84-7662-11ef-bceb-c7b262605968-mgr-x[31201]: ignoring --setgroup ceph since I am not root
2024-09-19T08:42:51.699 INFO:journalctl@ceph.mgr.x.smithi019.stdout:Sep 19 08:42:51 smithi019 ceph-f26c9d84-7662-11ef-bceb-c7b262605968-mgr-x[31201]:
2024-09-19T08:42:51.699+0000 7fde7a84c040 -1 mgr[py] Module osd_perf_query has missing NOTIFY_TYPES member
2024-09-19T08:42:51.983 INFO:journalctl@ceph.mgr.x.smithi019.stdout:Sep 19 08:42:51 smithi019 ceph-f26c9d84-7662-11ef-bceb-c7b262605968-mgr-x[31201]:
2024-09-19T08:42:51.758+0000 7fde7a84c040 -1 mgr[py] Module osd_support has missing NOTIFY_TYPES member
2024-09-19T08:42:51.984 INFO:journalctl@ceph.mgr.x.smithi019.stdout:Sep 19 08:42:51 smithi019 ceph-f26c9d84-7662-11ef-bceb-c7b262605968-mgr-x[31201]:
2024-09-19T08:42:51.915+0000 7fde7a84c040 -1 mgr[py] Module diskprediction_local has missing NOTIFY_TYPES member
2024-09-19T08:42:51.984 INFO:journalctl@ceph.mgr.x.smithi019.stdout:Sep 19 08:42:51 smithi019 ceph-f26c9d84-7662-11ef-bceb-c7b262605968-mgr-x[31201]:
2024-09-19T08:42:51.984+0000 7fde7a84c040 -1 mgr[py] Module crash has missing NOTIFY_TYPES member
2024-09-19T08:42:52.174 INFO:teuthology.orchestra.run.smithi019.stdout:/usr/bin/ceph: stderr
2024-09-19T08:42:51.164+0000 7fd072142640 1 Processor -- start
2024-09-19T08:42:52.174 INFO:teuthology.orchestra.run.smithi019.stdout:/usr/bin/ceph: stderr
2024-09-19T08:42:51.164+0000 7fd072142640 1 -- start start
2024-09-19T08:42:52.174 INFO:teuthology.orchestra.run.smithi019.stdout:/usr/bin/ceph: stderr
2024-09-19T08:42:51.164+0000 7fd072142640 1 --2- >> [v2:172.21.15.19:3300/0,v1:172.21.15.19:6789/0] conn(0x7fd06c107720 0x7fd06c107b20 unknown :-1 s=NONE pgs=0 cs=0 l=0 rev1=0 crypto rx=0 tx=0 comp rx=0 tx=0).connect
2024-09-19T08:42:52.174 INFO:teuthology.orchestra.run.smithi019.stdout:/usr/bin/ceph: stderr
2024-09-19T08:42:51.164+0000 7fd072142640 1 -- --> [v2:172.21.15.19:3300/0,v1:172.21.15.19:6789/0] -- mon_getmap magic: 0 -- 0x7fd06c1080f0 con 0x7fd06c107720
2024-09-19T08:42:52.174 INFO:teuthology.orchestra.run.smithi019.stdout:/usr/bin/ceph: stderr
2024-09-19T08:42:51.164+0000 7fd06b7fe640 1 --2- >> [v2:172.21.15.19:3300/0,v1:172.21.15.19:6789/0] conn(0x7fd06c107720 0x7fd06c107b20 unknown :-1 s=BANNER_CONNECTING pgs=0 cs=0 l=0 rev1=0 crypto rx=0 tx=0 comp rx=0 tx=0)._handle_peer_banner_payload supported=3 required=0
2024-09-19T08:42:52.174 INFO:teuthology.orchestra.run.smithi019.stdout:/usr/bin/ceph: stderr
2024-09-19T08:42:51.164+0000 7fd06b7fe640 1 --2- >> [v2:172.21.15.19:3300/0,v1:172.21.15.19:6789/0] conn(0x7fd06c107720 0x7fd06c107b20 unknown :-1 s=HELLO_CONNECTING pgs=0 cs=0 l=0 rev1=1 crypto rx=0 tx=0 comp rx=0 tx=0).handle_hello peer v2:172.21.15.19:3300/0 says I am v2:172.21.15.19:57006/0 (socket says 172.21.15.19:57006)
2024-09-19T08:42:52.174 INFO:teuthology.orchestra.run.smithi019.stdout:/usr/bin/ceph: stderr
2024-09-19T08:42:51.164+0000 7fd06b7fe640 1 -- 172.21.15.19:0/1895967723 learned_addr learned my addr 172.21.15.19:0/1895967723 (peer_addr_for_me v2:172.21.15.19:0/0)
2024-09-19T08:42:52.174 INFO:teuthology.orchestra.run.smithi019.stdout:/usr/bin/ceph: stderr
2024-09-19T08:42:51.164+0000 7fd06b7fe640 1 -- 172.21.15.19:0/1895967723 --> [v2:172.21.15.19:3300/0,v1:172.21.15.19:6789/0] -- mon_subscribe({config=0+,monmap=0+}) -- 0x7fd06c108920 con 0x7fd06c107720
2024-09-19T08:42:52.175 INFO:teuthology.orchestra.run.smithi019.stdout:/usr/bin/ceph: stderr
2024-09-19T08:42:51.165+0000 7fd06b7fe640 1 --2- 172.21.15.19:0/1895967723 >> [v2:172.21.15.19:3300/0,v1:172.21.15.19:6789/0] conn(0x7fd06c107720 0x7fd06c107b20 secure :-1 s=READY pgs=20 cs=0 l=1 rev1=1 crypto rx=0x7fd05c009820 tx=0x7fd05c02a270 comp rx=0 tx=0).ready entity=mon.0 client_cookie=86abc5dcd3e95ceb server_cookie=0 in_seq=0 out_seq=0
2024-09-19T08:42:52.175 INFO:teuthology.orchestra.run.smithi019.stdout:/usr/bin/ceph: stderr
2024-09-19T08:42:51.165+0000 7fd06a7fc640 1 -- 172.21.15.19:0/1895967723 <== mon.0 v2:172.21.15.19:3300/0 1 ==== mon_map magic: 0 ==== 205+0+0 (secure 0 0 0) 0x7fd05c037070 con 0x7fd06c107720
2024-09-19T08:42:52.175 INFO:teuthology.orchestra.run.smithi019.stdout:/usr/bin/ceph: stderr
2024-09-19T08:42:51.165+0000 7fd06a7fc640 1 -- 172.21.15.19:0/1895967723 <== mon.0 v2:172.21.15.19:3300/0 2 ==== config(27 keys) ==== 1109+0+0 (secure 0 0 0) 0x7fd05c032900 con 0x7fd06c107720
2024-09-19T08:42:52.175 INFO:teuthology.orchestra.run.smithi019.stdout:/usr/bin/ceph: stderr
2024-09-19T08:42:51.165+0000 7fd06a7fc640 1 -- 172.21.15.19:0/1895967723 <== mon.0 v2:172.21.15.19:3300/0 3 ==== mon_map magic: 0 ==== 205+0+0 (secure 0 0 0) 0x7fd05c030850 con 0x7fd06c107720
2024-09-19T08:42:52.175 INFO:teuthology.orchestra.run.smithi019.stdout:/usr/bin/ceph: stderr
2024-09-19T08:42:51.166+0000 7fd072142640 1 -- 172.21.15.19:0/1895967723 >> [v2:172.21.15.19:3300/0,v1:172.21.15.19:6789/0] conn(0x7fd06c107720 msgr2=0x7fd06c107b20 secure :-1 s=STATE_CONNECTION_ESTABLISHED l=1).mark_down
2024-09-19T08:42:52.175 INFO:teuthology.orchestra.run.smithi019.stdout:/usr/bin/ceph: stderr
2024-09-19T08:42:51.166+0000 7fd072142640 1 --2- 172.21.15.19:0/1895967723 >> [v2:172.21.15.19:3300/0,v1:172.21.15.19:6789/0] conn(0x7fd06c107720 0x7fd06c107b20 secure :-1 s=READY pgs=20 cs=0 l=1 rev1=1 crypto rx=0x7fd05c009820 tx=0x7fd05c02a270 comp rx=0 tx=0).stop
2024-09-19T08:42:52.175 INFO:teuthology.orchestra.run.smithi019.stdout:/usr/bin/ceph: stderr
2024-09-19T08:42:51.166+0000 7fd072142640 1 -- 172.21.15.19:0/1895967723 shutdown_connections
2024-09-19T08:42:52.175 INFO:teuthology.orchestra.run.smithi019.stdout:/usr/bin/ceph: stderr
2024-09-19T08:42:51.166+0000 7fd072142640 1 --2- 172.21.15.19:0/1895967723 >> [v2:172.21.15.19:3300/0,v1:172.21.15.19:6789/0] conn(0x7fd06c107720 0x7fd06c107b20 unknown :-1 s=CLOSED pgs=20 cs=0 l=1 rev1=1 crypto rx=0 tx=0 comp rx=0 tx=0).stop
2024-09-19T08:42:52.175 INFO:teuthology.orchestra.run.smithi019.stdout:/usr/bin/ceph: stderr
2024-09-19T08:42:51.166+0000 7fd072142640 1 -- 172.21.15.19:0/1895967723 >> 172.21.15.19:0/1895967723 conn(0x7fd06c102ed0 msgr2=0x7fd06c1052f0 unknown :-1 s=STATE_NONE l=0).mark_down
2024-09-19T08:42:52.175 INFO:teuthology.orchestra.run.smithi019.stdout:/usr/bin/ceph: stderr
2024-09-19T08:42:51.166+0000 7fd072142640 1 -- 172.21.15.19:0/1895967723 shutdown_connections
2024-09-19T08:42:52.175 INFO:teuthology.orchestra.run.smithi019.stdout:/usr/bin/ceph: stderr
2024-09-19T08:42:51.166+0000 7fd072142640 1 -- 172.21.15.19:0/1895967723 wait complete.
2024-09-19T08:42:52.175 INFO:teuthology.orchestra.run.smithi019.stdout:/usr/bin/ceph: stderr
2024-09-19T08:42:51.167+0000 7fd072142640 1 Processor -- start
2024-09-19T08:42:52.175 INFO:teuthology.orchestra.run.smithi019.stdout:/usr/bin/ceph: stderr
2024-09-19T08:42:51.167+0000 7fd072142640 1 -- start start
