2024-09-19T08:42:52.176 INFO:teuthology.orchestra.run.smithi019.stdout:/usr/bin/ceph: stderr
2024-09-19T08:42:51.167+0000 7fd072142640 1 --2- >> [v2:172.21.15.19:3300/0,v1:172.21.15.19:6789/0] conn(0x7fd06c107720 0x7fd06c19b720 unknown :-1 s=NONE pgs=0 cs=0 l=1 rev1=0 crypto rx=0 tx=0 comp rx=0 tx=0).connect
2024-09-19T08:42:52.176 INFO:teuthology.orchestra.run.smithi019.stdout:/usr/bin/ceph: stderr
2024-09-19T08:42:51.167+0000 7fd072142640 1 -- --> [v2:172.21.15.19:3300/0,v1:172.21.15.19:6789/0] -- mon_getmap magic: 0 -- 0x7fd06c10bcd0 con 0x7fd06c107720
2024-09-19T08:42:52.176 INFO:teuthology.orchestra.run.smithi019.stdout:/usr/bin/ceph: stderr
2024-09-19T08:42:51.167+0000 7fd06b7fe640 1 --2- >> [v2:172.21.15.19:3300/0,v1:172.21.15.19:6789/0] conn(0x7fd06c107720 0x7fd06c19b720 unknown :-1 s=BANNER_CONNECTING pgs=0 cs=0 l=1 rev1=0 crypto rx=0 tx=0 comp rx=0 tx=0)._handle_peer_banner_payload supported=3 required=0
2024-09-19T08:42:52.176 INFO:teuthology.orchestra.run.smithi019.stdout:/usr/bin/ceph: stderr
2024-09-19T08:42:51.167+0000 7fd06b7fe640 1 --2- >> [v2:172.21.15.19:3300/0,v1:172.21.15.19:6789/0] conn(0x7fd06c107720 0x7fd06c19b720 unknown :-1 s=HELLO_CONNECTING pgs=0 cs=0 l=1 rev1=1 crypto rx=0 tx=0 comp rx=0 tx=0).handle_hello peer v2:172.21.15.19:3300/0 says I am v2:172.21.15.19:57014/0 (socket says 172.21.15.19:57014)
2024-09-19T08:42:52.176 INFO:teuthology.orchestra.run.smithi019.stdout:/usr/bin/ceph: stderr
2024-09-19T08:42:51.167+0000 7fd06b7fe640 1 -- 172.21.15.19:0/4170375769 learned_addr learned my addr 172.21.15.19:0/4170375769 (peer_addr_for_me v2:172.21.15.19:0/0)
2024-09-19T08:42:52.176 INFO:teuthology.orchestra.run.smithi019.stdout:/usr/bin/ceph: stderr
2024-09-19T08:42:51.168+0000 7fd06b7fe640 1 -- 172.21.15.19:0/4170375769 --> [v2:172.21.15.19:3300/0,v1:172.21.15.19:6789/0] -- mon_subscribe({config=0+,monmap=0+}) -- 0x7fd06c19bc60 con 0x7fd06c107720
2024-09-19T08:42:52.176 INFO:teuthology.orchestra.run.smithi019.stdout:/usr/bin/ceph: stderr
2024-09-19T08:42:51.168+0000 7fd06b7fe640 1 --2- 172.21.15.19:0/4170375769 >> [v2:172.21.15.19:3300/0,v1:172.21.15.19:6789/0] conn(0x7fd06c107720 0x7fd06c19b720 secure :-1 s=READY pgs=21 cs=0 l=1 rev1=1 crypto rx=0x7fd05c009940 tx=0x7fd05c0326e0 comp rx=0 tx=0).ready entity=mon.0 client_cookie=0 server_cookie=0 in_seq=0 out_seq=0
2024-09-19T08:42:52.176 INFO:teuthology.orchestra.run.smithi019.stdout:/usr/bin/ceph: stderr
2024-09-19T08:42:51.168+0000 7fd068ff9640 1 -- 172.21.15.19:0/4170375769 <== mon.0 v2:172.21.15.19:3300/0 1 ==== mon_map magic: 0 ==== 205+0+0 (secure 0 0 0) 0x7fd05c042070 con 0x7fd06c107720
2024-09-19T08:42:52.176 INFO:teuthology.orchestra.run.smithi019.stdout:/usr/bin/ceph: stderr
2024-09-19T08:42:51.168+0000 7fd068ff9640 1 -- 172.21.15.19:0/4170375769 <== mon.0 v2:172.21.15.19:3300/0 2 ==== config(27 keys) ==== 1109+0+0 (secure 0 0 0) 0x7fd05c032be0 con 0x7fd06c107720
2024-09-19T08:42:52.176 INFO:teuthology.orchestra.run.smithi019.stdout:/usr/bin/ceph: stderr
2024-09-19T08:42:51.168+0000 7fd072142640 1 -- 172.21.15.19:0/4170375769 --> [v2:172.21.15.19:3300/0,v1:172.21.15.19:6789/0] -- mon_subscribe({mgrmap=0+}) -- 0x7fd06c19bef0 con 0x7fd06c107720
2024-09-19T08:42:52.176 INFO:teuthology.orchestra.run.smithi019.stdout:/usr/bin/ceph: stderr
2024-09-19T08:42:51.168+0000 7fd068ff9640 1 -- 172.21.15.19:0/4170375769 <== mon.0 v2:172.21.15.19:3300/0 3 ==== mon_map magic: 0 ==== 205+0+0 (secure 0 0 0) 0x7fd05c037040 con 0x7fd06c107720
2024-09-19T08:42:52.177 INFO:teuthology.orchestra.run.smithi019.stdout:/usr/bin/ceph: stderr
2024-09-19T08:42:51.168+0000 7fd072142640 1 -- 172.21.15.19:0/4170375769 --> [v2:172.21.15.19:3300/0,v1:172.21.15.19:6789/0] -- mon_subscribe({osdmap=0}) -- 0x7fd06c19ebe0 con 0x7fd06c107720
2024-09-19T08:42:52.177 INFO:teuthology.orchestra.run.smithi019.stdout:/usr/bin/ceph: stderr
2024-09-19T08:42:51.169+0000 7fd068ff9640 1 -- 172.21.15.19:0/4170375769 <== mon.0 v2:172.21.15.19:3300/0 4 ==== mgrmap(e 4) ==== 46450+0+0 (secure 0 0 0) 0x7fd05c045070 con 0x7fd06c107720
2024-09-19T08:42:52.177 INFO:teuthology.orchestra.run.smithi019.stdout:/usr/bin/ceph: stderr
2024-09-19T08:42:51.169+0000 7fd068ff9640 1 --2- 172.21.15.19:0/4170375769 >> [v2:172.21.15.19:6800/1764769529,v1:172.21.15.19:6801/1764769529] conn(0x7fd0540391b0 0x7fd05403b670 unknown :-1 s=NONE pgs=0 cs=0 l=1 rev1=0 crypto rx=0 tx=0 comp rx=0 tx=0).connect
2024-09-19T08:42:52.177 INFO:teuthology.orchestra.run.smithi019.stdout:/usr/bin/ceph: stderr
2024-09-19T08:42:51.169+0000 7fd068ff9640 1 -- 172.21.15.19:0/4170375769 <== mon.0 v2:172.21.15.19:3300/0 5 ==== osd_map(1..1 src has 1..1) ==== 725+0+0 (secure 0 0 0) 0x7fd05c06c490 con 0x7fd06c107720
2024-09-19T08:42:52.177 INFO:teuthology.orchestra.run.smithi019.stdout:/usr/bin/ceph: stderr
2024-09-19T08:42:51.169+0000 7fd06affd640 1 --2- 172.21.15.19:0/4170375769 >> [v2:172.21.15.19:6800/1764769529,v1:172.21.15.19:6801/1764769529] conn(0x7fd0540391b0 0x7fd05403b670 unknown :-1 s=BANNER_CONNECTING pgs=0 cs=0 l=1 rev1=0 crypto rx=0 tx=0 comp rx=0 tx=0)._handle_peer_banner_payload supported=3 required=0
2024-09-19T08:42:52.177 INFO:teuthology.orchestra.run.smithi019.stdout:/usr/bin/ceph: stderr
2024-09-19T08:42:51.169+0000 7fd072142640 1 -- 172.21.15.19:0/4170375769 --> [v2:172.21.15.19:3300/0,v1:172.21.15.19:6789/0] -- mon_command({"prefix": "get_command_descriptions"} v 0) -- 0x7fd06c107ba0 con 0x7fd06c107720
2024-09-19T08:42:52.177 INFO:teuthology.orchestra.run.smithi019.stdout:/usr/bin/ceph: stderr
2024-09-19T08:42:51.170+0000 7fd06affd640 1 --2- 172.21.15.19:0/4170375769 >> [v2:172.21.15.19:6800/1764769529,v1:172.21.15.19:6801/1764769529] conn(0x7fd0540391b0 0x7fd05403b670 secure :-1 s=READY pgs=8 cs=0 l=1 rev1=1 crypto rx=0x7fd0600098c0 tx=0x7fd060006db0 comp rx=0 tx=0).ready entity=mgr.14100 client_cookie=0 server_cookie=0 in_seq=0 out_seq=0
2024-09-19T08:42:52.177 INFO:teuthology.orchestra.run.smithi019.stdout:/usr/bin/ceph: stderr
2024-09-19T08:42:51.174+0000 7fd068ff9640 1 -- 172.21.15.19:0/4170375769 <== mon.0 v2:172.21.15.19:3300/0 6 ==== mon_command_ack([{"prefix": "get_command_descriptions"}]=0 v0) ==== 72+0+188913 (secure 0 0 0) 0x7fd05c045360 con 0x7fd06c107720
2024-09-19T08:42:52.177 INFO:teuthology.orchestra.run.smithi019.stdout:/usr/bin/ceph: stderr
2024-09-19T08:42:51.398+0000 7fd072142640 1 -- 172.21.15.19:0/4170375769 --> [v2:172.21.15.19:3300/0,v1:172.21.15.19:6789/0] -- mon_command({"prefix": "mgr module enable", "module": "cephadm"} v 0) -- 0x7fd06c19f190 con 0x7fd06c107720
2024-09-19T08:42:52.177 INFO:teuthology.orchestra.run.smithi019.stdout:/usr/bin/ceph: stderr
2024-09-19T08:42:51.557+0000 7fd068ff9640 1 -- 172.21.15.19:0/4170375769 <== mon.0 v2:172.21.15.19:3300/0 7 ==== mon_command_ack([{"prefix": "mgr module enable", "module": "cephadm"}]=0 v5) ==== 86+0+0 (secure 0 0 0) 0x7fd05c03adf0 con 0x7fd06c107720
2024-09-19T08:42:52.177 INFO:teuthology.orchestra.run.smithi019.stdout:/usr/bin/ceph: stderr
2024-09-19T08:42:51.558+0000 7fd068ff9640 1 -- 172.21.15.19:0/4170375769 <== mon.0 v2:172.21.15.19:3300/0 8 ==== mgrmap(e 5) ==== 46461+0+0 (secure 0 0 0) 0x7fd05c062090 con 0x7fd06c107720
2024-09-19T08:42:52.177 INFO:teuthology.orchestra.run.smithi019.stdout:/usr/bin/ceph: stderr
2024-09-19T08:42:51.559+0000 7fd072142640 1 -- 172.21.15.19:0/4170375769 >> [v2:172.21.15.19:6800/1764769529,v1:172.21.15.19:6801/1764769529] conn(0x7fd0540391b0 msgr2=0x7fd05403b670 secure :-1 s=STATE_CONNECTION_ESTABLISHED l=1).mark_down
2024-09-19T08:42:52.177 INFO:teuthology.orchestra.run.smithi019.stdout:/usr/bin/ceph: stderr
2024-09-19T08:42:51.559+0000 7fd072142640 1 --2- 172.21.15.19:0/4170375769 >> [v2:172.21.15.19:6800/1764769529,v1:172.21.15.19:6801/1764769529] conn(0x7fd0540391b0 0x7fd05403b670 secure :-1 s=READY pgs=8 cs=0 l=1 rev1=1 crypto rx=0x7fd0600098c0 tx=0x7fd060006db0 comp rx=0 tx=0).stop
2024-09-19T08:42:52.178 INFO:teuthology.orchestra.run.smithi019.stdout:/usr/bin/ceph: stderr
2024-09-19T08:42:51.559+0000 7fd072142640 1 -- 172.21.15.19:0/4170375769 >> [v2:172.21.15.19:3300/0,v1:172.21.15.19:6789/0] conn(0x7fd06c107720 msgr2=0x7fd06c19b720 secure :-1 s=STATE_CONNECTION_ESTABLISHED l=1).mark_down
2024-09-19T08:42:52.178 INFO:teuthology.orchestra.run.smithi019.stdout:/usr/bin/ceph: stderr
2024-09-19T08:42:51.559+0000 7fd072142640 1 --2- 172.21.15.19:0/4170375769 >> [v2:172.21.15.19:3300/0,v1:172.21.15.19:6789/0] conn(0x7fd06c107720 0x7fd06c19b720 secure :-1 s=READY pgs=21 cs=0 l=1 rev1=1 crypto rx=0x7fd05c009940 tx=0x7fd05c0326e0 comp rx=0 tx=0).stop
2024-09-19T08:42:52.178 INFO:teuthology.orchestra.run.smithi019.stdout:/usr/bin/ceph: stderr
2024-09-19T08:42:51.559+0000 7fd072142640 1 -- 172.21.15.19:0/4170375769 shutdown_connections
2024-09-19T08:42:52.178 INFO:teuthology.orchestra.run.smithi019.stdout:/usr/bin/ceph: stderr
2024-09-19T08:42:51.559+0000 7fd072142640 1 --2- 172.21.15.19:0/4170375769 >> [v2:172.21.15.19:6800/1764769529,v1:172.21.15.19:6801/1764769529] conn(0x7fd0540391b0 0x7fd05403b670 unknown :-1 s=CLOSED pgs=8 cs=0 l=1 rev1=1 crypto rx=0 tx=0 comp rx=0 tx=0).stop
2024-09-19T08:42:52.178 INFO:teuthology.orchestra.run.smithi019.stdout:/usr/bin/ceph: stderr
2024-09-19T08:42:51.560+0000 7fd072142640 1 --2- 172.21.15.19:0/4170375769 >> [v2:172.21.15.19:3300/0,v1:172.21.15.19:6789/0] conn(0x7fd06c107720 0x7fd06c19b720 unknown :-1 s=CLOSED pgs=21 cs=0 l=1 rev1=1 crypto rx=0 tx=0 comp rx=0 tx=0).stop
2024-09-19T08:42:52.178 INFO:teuthology.orchestra.run.smithi019.stdout:/usr/bin/ceph: stderr
2024-09-19T08:42:51.560+0000 7fd072142640 1 -- 172.21.15.19:0/4170375769 >> 172.21.15.19:0/4170375769 conn(0x7fd06c102ed0 msgr2=0x7fd06c103ac0 unknown :-1 s=STATE_NONE l=0).mark_down
2024-09-19T08:42:52.178 INFO:teuthology.orchestra.run.smithi019.stdout:/usr/bin/ceph: stderr
2024-09-19T08:42:51.560+0000 7fd072142640 1 -- 172.21.15.19:0/4170375769 shutdown_connections
2024-09-19T08:42:52.178 INFO:teuthology.orchestra.run.smithi019.stdout:/usr/bin/ceph: stderr
2024-09-19T08:42:51.560+0000 7fd072142640 1 -- 172.21.15.19:0/4170375769 wait complete.
2024-09-19T08:42:52.292 INFO:journalctl@ceph.mgr.x.smithi019.stdout:Sep 19 08:42:52 smithi019 ceph-f26c9d84-7662-11ef-bceb-c7b262605968-mgr-x[31201]:
2024-09-19T08:42:52.138+0000 7fde7a84c040 -1 mgr[py] Module test_orchestrator has missing NOTIFY_TYPES member
2024-09-19T08:42:52.292 INFO:journalctl@ceph.mgr.x.smithi019.stdout:Sep 19 08:42:52 smithi019 ceph-f26c9d84-7662-11ef-bceb-c7b262605968-mgr-x[31201]:
2024-09-19T08:42:52.292+0000 7fde7a84c040 -1 mgr[py] Module snap_schedule has missing NOTIFY_TYPES member
2024-09-19T08:42:52.817 INFO:journalctl@ceph.mon.a.smithi019.stdout:Sep 19 08:42:52 smithi019 ceph-mon[30976]: from='client.? 172.21.15.19:0/4170375769' entity='client.admin' cmd='[{"prefix": "mgr module enable", "module": "cephadm"}]': finished
2024-09-19T08:42:52.818 INFO:journalctl@ceph.mon.a.smithi019.stdout:Sep 19 08:42:52 smithi019 ceph-mon[30976]: mgrmap e5: x(active, since 5s)
2024-09-19T08:42:52.818 INFO:journalctl@ceph.mgr.x.smithi019.stdout:Sep 19 08:42:52 smithi019 ceph-f26c9d84-7662-11ef-bceb-c7b262605968-mgr-x[31201]:
2024-09-19T08:42:52.631+0000 7fde7a84c040 -1 mgr[py] Module prometheus has missing NOTIFY_TYPES member
2024-09-19T08:42:52.818 INFO:journalctl@ceph.mgr.x.smithi019.stdout:Sep 19 08:42:52 smithi019 ceph-f26c9d84-7662-11ef-bceb-c7b262605968-mgr-x[31201]:
2024-09-19T08:42:52.696+0000 7fde7a84c040 -1 mgr[py] Module selftest has missing NOTIFY_TYPES member
2024-09-19T08:42:53.068 INFO:journalctl@ceph.mgr.x.smithi019.stdout:Sep 19 08:42:52 smithi019 ceph-f26c9d84-7662-11ef-bceb-c7b262605968-mgr-x[31201]:
2024-09-19T08:42:52.895+0000 7fde7a84c040 -1 mgr[py] Module volumes has missing NOTIFY_TYPES member
2024-09-19T08:42:53.407 INFO:teuthology.orchestra.run.smithi019.stdout:/usr/bin/ceph: stdout {
2024-09-19T08:42:53.407 INFO:teuthology.orchestra.run.smithi019.stdout:/usr/bin/ceph: stdout "epoch": 5,
2024-09-19T08:42:53.407 INFO:teuthology.orchestra.run.smithi019.stdout:/usr/bin/ceph: stdout "available": true,
2024-09-19T08:42:53.408 INFO:teuthology.orchestra.run.smithi019.stdout:/usr/bin/ceph: stdout "active_name": "x",
2024-09-19T08:42:53.408 INFO:teuthology.orchestra.run.smithi019.stdout:/usr/bin/ceph: stdout "num_standby": 0
2024-09-19T08:42:53.408 INFO:teuthology.orchestra.run.smithi019.stdout:/usr/bin/ceph: stdout }
2024-09-19T08:42:53.408 INFO:teuthology.orchestra.run.smithi019.stdout:/usr/bin/ceph: stderr
2024-09-19T08:42:52.583+0000 7f9234589640 1 Processor -- start
2024-09-19T08:42:53.408 INFO:teuthology.orchestra.run.smithi019.stdout:/usr/bin/ceph: stderr
2024-09-19T08:42:52.583+0000 7f9234589640 1 -- start start
2024-09-19T08:42:53.408 INFO:teuthology.orchestra.run.smithi019.stdout:/usr/bin/ceph: stderr
2024-09-19T08:42:52.583+0000 7f9234589640 1 --2- >> [v2:172.21.15.19:3300/0,v1:172.21.15.19:6789/0] conn(0x7f922c105f40 0x7f922c106340 unknown :-1 s=NONE pgs=0 cs=0 l=0 rev1=0 crypto rx=0 tx=0 comp rx=0 tx=0).connect
2024-09-19T08:42:53.408 INFO:teuthology.orchestra.run.smithi019.stdout:/usr/bin/ceph: stderr
2024-09-19T08:42:52.583+0000 7f9234589640 1 -- --> [v2:172.21.15.19:3300/0,v1:172.21.15.19:6789/0] -- mon_getmap magic: 0 -- 0x7f922c07be90 con 0x7f922c105f40
2024-09-19T08:42:53.408 INFO:teuthology.orchestra.run.smithi019.stdout:/usr/bin/ceph: stderr
2024-09-19T08:42:52.584+0000 7f9232325640 1 --2- >> [v2:172.21.15.19:3300/0,v1:172.21.15.19:6789/0] conn(0x7f922c105f40 0x7f922c106340 unknown :-1 s=BANNER_CONNECTING pgs=0 cs=0 l=0 rev1=0 crypto rx=0 tx=0 comp rx=0 tx=0)._handle_peer_banner_payload supported=3 required=0
2024-09-19T08:42:53.408 INFO:teuthology.orchestra.run.smithi019.stdout:/usr/bin/ceph: stderr
2024-09-19T08:42:52.584+0000 7f9232325640 1 --2- >> [v2:172.21.15.19:3300/0,v1:172.21.15.19:6789/0] conn(0x7f922c105f40 0x7f922c106340 unknown :-1 s=HELLO_CONNECTING pgs=0 cs=0 l=0 rev1=1 crypto rx=0 tx=0 comp rx=0 tx=0).handle_hello peer v2:172.21.15.19:3300/0 says I am v2:172.21.15.19:57038/0 (socket says 172.21.15.19:57038)
2024-09-19T08:42:53.408 INFO:teuthology.orchestra.run.smithi019.stdout:/usr/bin/ceph: stderr
2024-09-19T08:42:52.584+0000 7f9232325640 1 -- 172.21.15.19:0/4150510208 learned_addr learned my addr 172.21.15.19:0/4150510208 (peer_addr_for_me v2:172.21.15.19:0/0)
2024-09-19T08:42:53.408 INFO:teuthology.orchestra.run.smithi019.stdout:/usr/bin/ceph: stderr
2024-09-19T08:42:52.584+0000 7f9232325640 1 -- 172.21.15.19:0/4150510208 --> [v2:172.21.15.19:3300/0,v1:172.21.15.19:6789/0] -- mon_subscribe({config=0+,monmap=0+}) -- 0x7f922c106880 con 0x7f922c105f40
2024-09-19T08:42:53.408 INFO:teuthology.orchestra.run.smithi019.stdout:/usr/bin/ceph: stderr
2024-09-19T08:42:52.585+0000 7f9232325640 1 --2- 172.21.15.19:0/4150510208 >> [v2:172.21.15.19:3300/0,v1:172.21.15.19:6789/0] conn(0x7f922c105f40 0x7f922c106340 secure :-1 s=READY pgs=24 cs=0 l=1 rev1=1 crypto rx=0x7f9228009820 tx=0x7f922802a270 comp rx=0 tx=0).ready entity=mon.0 client_cookie=7aef1194df1c1a6a server_cookie=0 in_seq=0 out_seq=0
2024-09-19T08:42:53.408 INFO:teuthology.orchestra.run.smithi019.stdout:/usr/bin/ceph: stderr
2024-09-19T08:42:52.585+0000 7f9231323640 1 -- 172.21.15.19:0/4150510208 <== mon.0 v2:172.21.15.19:3300/0 1 ==== mon_map magic: 0 ==== 205+0+0 (secure 0 0 0) 0x7f9228037070 con 0x7f922c105f40
2024-09-19T08:42:53.409 INFO:teuthology.orchestra.run.smithi019.stdout:/usr/bin/ceph: stderr
2024-09-19T08:42:52.585+0000 7f9231323640 1 -- 172.21.15.19:0/4150510208 <== mon.0 v2:172.21.15.19:3300/0 2 ==== config(27 keys) ==== 1109+0+0 (secure 0 0 0) 0x7f9228032900 con 0x7f922c105f40
2024-09-19T08:42:53.409 INFO:teuthology.orchestra.run.smithi019.stdout:/usr/bin/ceph: stderr
2024-09-19T08:42:52.585+0000 7f9231323640 1 -- 172.21.15.19:0/4150510208 <== mon.0 v2:172.21.15.19:3300/0 3 ==== mon_map magic: 0 ==== 205+0+0 (secure 0 0 0) 0x7f9228030850 con 0x7f922c105f40
2024-09-19T08:42:53.409 INFO:teuthology.orchestra.run.smithi019.stdout:/usr/bin/ceph: stderr
2024-09-19T08:42:52.585+0000 7f9234589640 1 -- 172.21.15.19:0/4150510208 >> [v2:172.21.15.19:3300/0,v1:172.21.15.19:6789/0] conn(0x7f922c105f40 msgr2=0x7f922c106340 secure :-1 s=STATE_CONNECTION_ESTABLISHED l=1).mark_down
2024-09-19T08:42:53.409 INFO:teuthology.orchestra.run.smithi019.stdout:/usr/bin/ceph: stderr
2024-09-19T08:42:52.585+0000 7f9234589640 1 --2- 172.21.15.19:0/4150510208 >> [v2:172.21.15.19:3300/0,v1:172.21.15.19:6789/0] conn(0x7f922c105f40 0x7f922c106340 secure :-1 s=READY pgs=24 cs=0 l=1 rev1=1 crypto rx=0x7f9228009820 tx=0x7f922802a270 comp rx=0 tx=0).stop
2024-09-19T08:42:53.409 INFO:teuthology.orchestra.run.smithi019.stdout:/usr/bin/ceph: stderr
2024-09-19T08:42:52.586+0000 7f9234589640 1 -- 172.21.15.19:0/4150510208 shutdown_connections
2024-09-19T08:42:53.409 INFO:teuthology.orchestra.run.smithi019.stdout:/usr/bin/ceph: stderr
2024-09-19T08:42:52.586+0000 7f9234589640 1 --2- 172.21.15.19:0/4150510208 >> [v2:172.21.15.19:3300/0,v1:172.21.15.19:6789/0] conn(0x7f922c105f40 0x7f922c106340 unknown :-1 s=CLOSED pgs=24 cs=0 l=1 rev1=1 crypto rx=0 tx=0 comp rx=0 tx=0).stop
2024-09-19T08:42:53.409 INFO:teuthology.orchestra.run.smithi019.stdout:/usr/bin/ceph: stderr
2024-09-19T08:42:52.586+0000 7f9234589640 1 -- 172.21.15.19:0/4150510208 >> 172.21.15.19:0/4150510208 conn(0x7f922c101d50 msgr2=0x7f922c104170 unknown :-1 s=STATE_NONE l=0).mark_down
2024-09-19T08:42:53.409 INFO:teuthology.orchestra.run.smithi019.stdout:/usr/bin/ceph: stderr
2024-09-19T08:42:52.586+0000 7f9234589640 1 -- 172.21.15.19:0/4150510208 shutdown_connections
2024-09-19T08:42:53.409 INFO:teuthology.orchestra.run.smithi019.stdout:/usr/bin/ceph: stderr
2024-09-19T08:42:52.586+0000 7f9234589640 1 -- 172.21.15.19:0/4150510208 wait complete.
2024-09-19T08:42:53.409 INFO:teuthology.orchestra.run.smithi019.stdout:/usr/bin/ceph: stderr
2024-09-19T08:42:52.586+0000 7f9234589640 1 Processor -- start
2024-09-19T08:42:53.409 INFO:teuthology.orchestra.run.smithi019.stdout:/usr/bin/ceph: stderr
2024-09-19T08:42:52.586+0000 7f9234589640 1 -- start start
2024-09-19T08:42:53.409 INFO:teuthology.orchestra.run.smithi019.stdout:/usr/bin/ceph: stderr
2024-09-19T08:42:52.586+0000 7f9234589640 1 --2- >> [v2:172.21.15.19:3300/0,v1:172.21.15.19:6789/0] conn(0x7f922c105f40 0x7f922c19d920 unknown :-1 s=NONE pgs=0 cs=0 l=1 rev1=0 crypto rx=0 tx=0 comp rx=0 tx=0).connect
2024-09-19T08:42:53.409 INFO:teuthology.orchestra.run.smithi019.stdout:/usr/bin/ceph: stderr
2024-09-19T08:42:52.586+0000 7f9234589640 1 -- --> [v2:172.21.15.19:3300/0,v1:172.21.15.19:6789/0] -- mon_getmap magic: 0 -- 0x7f922c107980 con 0x7f922c105f40
2024-09-19T08:42:53.410 INFO:teuthology.orchestra.run.smithi019.stdout:/usr/bin/ceph: stderr
2024-09-19T08:42:52.587+0000 7f9232325640 1 --2- >> [v2:172.21.15.19:3300/0,v1:172.21.15.19:6789/0] conn(0x7f922c105f40 0x7f922c19d920 unknown :-1 s=BANNER_CONNECTING pgs=0 cs=0 l=1 rev1=0 crypto rx=0 tx=0 comp rx=0 tx=0)._handle_peer_banner_payload supported=3 required=0
2024-09-19T08:42:53.410 INFO:teuthology.orchestra.run.smithi019.stdout:/usr/bin/ceph: stderr
2024-09-19T08:42:52.587+0000 7f9232325640 1 --2- >> [v2:172.21.15.19:3300/0,v1:172.21.15.19:6789/0] conn(0x7f922c105f40 0x7f922c19d920 unknown :-1 s=HELLO_CONNECTING pgs=0 cs=0 l=1 rev1=1 crypto rx=0 tx=0 comp rx=0 tx=0).handle_hello peer v2:172.21.15.19:3300/0 says I am v2:172.21.15.19:57052/0 (socket says 172.21.15.19:57052)
2024-09-19T08:42:53.410 INFO:teuthology.orchestra.run.smithi019.stdout:/usr/bin/ceph: stderr
2024-09-19T08:42:52.587+0000 7f9232325640 1 -- 172.21.15.19:0/3651532065 learned_addr learned my addr 172.21.15.19:0/3651532065 (peer_addr_for_me v2:172.21.15.19:0/0)
2024-09-19T08:42:53.410 INFO:teuthology.orchestra.run.smithi019.stdout:/usr/bin/ceph: stderr
2024-09-19T08:42:52.587+0000 7f9232325640 1 -- 172.21.15.19:0/3651532065 --> [v2:172.21.15.19:3300/0,v1:172.21.15.19:6789/0] -- mon_subscribe({config=0+,monmap=0+}) -- 0x7f922c19de60 con 0x7f922c105f40
2024-09-19T08:42:53.410 INFO:teuthology.orchestra.run.smithi019.stdout:/usr/bin/ceph: stderr
2024-09-19T08:42:52.587+0000 7f9232325640 1 --2- 172.21.15.19:0/3651532065 >> [v2:172.21.15.19:3300/0,v1:172.21.15.19:6789/0] conn(0x7f922c105f40 0x7f922c19d920 secure :-1 s=READY pgs=25 cs=0 l=1 rev1=1 crypto rx=0x7f9228031000 tx=0x7f92280326e0 comp rx=0 tx=0).ready entity=mon.0 client_cookie=0 server_cookie=0 in_seq=0 out_seq=0
2024-09-19T08:42:53.410 INFO:teuthology.orchestra.run.smithi019.stdout:/usr/bin/ceph: stderr
2024-09-19T08:42:52.587+0000 7f92237fe640 1 -- 172.21.15.19:0/3651532065 <== mon.0 v2:172.21.15.19:3300/0 1 ==== mon_map magic: 0 ==== 205+0+0 (secure 0 0 0) 0x7f9228042070 con 0x7f922c105f40
2024-09-19T08:42:53.410 INFO:teuthology.orchestra.run.smithi019.stdout:/usr/bin/ceph: stderr
2024-09-19T08:42:52.587+0000 7f92237fe640 1 -- 172.21.15.19:0/3651532065 <== mon.0 v2:172.21.15.19:3300/0 2 ==== config(27 keys) ==== 1109+0+0 (secure 0 0 0) 0x7f9228032be0 con 0x7f922c105f40
2024-09-19T08:42:53.410 INFO:teuthology.orchestra.run.smithi019.stdout:/usr/bin/ceph: stderr
2024-09-19T08:42:52.587+0000 7f9234589640 1 -- 172.21.15.19:0/3651532065 --> [v2:172.21.15.19:3300/0,v1:172.21.15.19:6789/0] -- mon_subscribe({mgrmap=0+}) -- 0x7f922c19e0f0 con 0x7f922c105f40
2024-09-19T08:42:53.410 INFO:teuthology.orchestra.run.smithi019.stdout:/usr/bin/ceph: stderr
2024-09-19T08:42:52.587+0000 7f92237fe640 1 -- 172.21.15.19:0/3651532065 <== mon.0 v2:172.21.15.19:3300/0 3 ==== mon_map magic: 0 ==== 205+0+0 (secure 0 0 0) 0x7f9228037040 con 0x7f922c105f40
2024-09-19T08:42:53.410 INFO:teuthology.orchestra.run.smithi019.stdout:/usr/bin/ceph: stderr
2024-09-19T08:42:52.587+0000 7f9234589640 1 -- 172.21.15.19:0/3651532065 --> [v2:172.21.15.19:3300/0,v1:172.21.15.19:6789/0] -- mon_subscribe({osdmap=0}) -- 0x7f922c1a0de0 con 0x7f922c105f40
2024-09-19T08:42:53.410 INFO:teuthology.orchestra.run.smithi019.stdout:/usr/bin/ceph: stderr
2024-09-19T08:42:52.588+0000 7f92237fe640 1 -- 172.21.15.19:0/3651532065 <== mon.0 v2:172.21.15.19:3300/0 4 ==== mgrmap(e 5) ==== 46461+0+0 (secure 0 0 0) 0x7f9228045070 con 0x7f922c105f40
2024-09-19T08:42:53.410 INFO:teuthology.orchestra.run.smithi019.stdout:/usr/bin/ceph: stderr
2024-09-19T08:42:52.588+0000 7f9234589640 1 -- 172.21.15.19:0/3651532065 --> [v2:172.21.15.19:3300/0,v1:172.21.15.19:6789/0] -- mon_command({"prefix": "get_command_descriptions"} v 0) -- 0x7f922c106340 con 0x7f922c105f40
2024-09-19T08:42:53.410 INFO:teuthology.orchestra.run.smithi019.stdout:/usr/bin/ceph: stderr
2024-09-19T08:42:52.588+0000 7f92237fe640 1 --2- 172.21.15.19:0/3651532065 >> [v2:172.21.15.19:6800/1764769529,v1:172.21.15.19:6801/1764769529] conn(0x7f9218039200 0x7f921803b6c0 unknown :-1 s=NONE pgs=0 cs=0 l=1 rev1=0 crypto rx=0 tx=0 comp rx=0 tx=0).connect
2024-09-19T08:42:53.411 INFO:teuthology.orchestra.run.smithi019.stdout:/usr/bin/ceph: stderr
2024-09-19T08:42:52.588+0000 7f9231b24640 1 -- 172.21.15.19:0/3651532065 >> [v2:172.21.15.19:6800/1764769529,v1:172.21.15.19:6801/1764769529] conn(0x7f9218039200 msgr2=0x7f921803b6c0 unknown :-1 s=STATE_CONNECTING_RE l=1).process reconnect failed to v2:172.21.15.19:6800/1764769529
2024-09-19T08:42:53.411 INFO:teuthology.orchestra.run.smithi019.stdout:/usr/bin/ceph: stderr
2024-09-19T08:42:52.588+0000 7f92237fe640 1 -- 172.21.15.19:0/3651532065 <== mon.0 v2:172.21.15.19:3300/0 5 ==== osd_map(1..1 src has 1..1) ==== 725+0+0 (secure 0 0 0) 0x7f922806c3f0 con 0x7f922c105f40
2024-09-19T08:42:53.411 INFO:teuthology.orchestra.run.smithi019.stdout:/usr/bin/ceph: stderr
2024-09-19T08:42:52.588+0000 7f9231b24640 1 --2- 172.21.15.19:0/3651532065 >> [v2:172.21.15.19:6800/1764769529,v1:172.21.15.19:6801/1764769529] conn(0x7f9218039200 0x7f921803b6c0 unknown :-1 s=START_CONNECT pgs=0 cs=0 l=1 rev1=0 crypto rx=0 tx=0 comp rx=0 tx=0)._fault waiting 0.200000
2024-09-19T08:42:53.411 INFO:teuthology.orchestra.run.smithi019.stdout:/usr/bin/ceph: stderr
2024-09-19T08:42:52.593+0000 7f92237fe640 1 -- 172.21.15.19:0/3651532065 <== mon.0 v2:172.21.15.19:3300/0 6 ==== mon_command_ack([{"prefix": "get_command_descriptions"}]=0 v0) ==== 72+0+188913 (secure 0 0 0) 0x7f922803a380 con 0x7f922c105f40
2024-09-19T08:42:53.411 INFO:teuthology.orchestra.run.smithi019.stdout:/usr/bin/ceph: stderr
2024-09-19T08:42:52.789+0000 7f9231b24640 1 -- 172.21.15.19:0/3651532065 >> [v2:172.21.15.19:6800/1764769529,v1:172.21.15.19:6801/1764769529] conn(0x7f9218039200 msgr2=0x7f921803b6c0 unknown :-1 s=STATE_CONNECTING_RE l=1).process reconnect failed to v2:172.21.15.19:6800/1764769529
2024-09-19T08:42:53.411 INFO:teuthology.orchestra.run.smithi019.stdout:/usr/bin/ceph: stderr
2024-09-19T08:42:52.789+0000 7f9231b24640 1 --2- 172.21.15.19:0/3651532065 >> [v2:172.21.15.19:6800/1764769529,v1:172.21.15.19:6801/1764769529] conn(0x7f9218039200 0x7f921803b6c0 unknown :-1 s=START_CONNECT pgs=0 cs=0 l=1 rev1=0 crypto rx=0 tx=0 comp rx=0 tx=0)._fault waiting 0.400000
2024-09-19T08:42:53.411 INFO:teuthology.orchestra.run.smithi019.stdout:/usr/bin/ceph: stderr
2024-09-19T08:42:52.818+0000 7f9234589640 1 -- 172.21.15.19:0/3651532065 --> [v2:172.21.15.19:3300/0,v1:172.21.15.19:6789/0] -- mon_command({"prefix": "mgr stat"} v 0) -- 0x7f922c1a0fb0 con 0x7f922c105f40
2024-09-19T08:42:53.411 INFO:teuthology.orchestra.run.smithi019.stdout:/usr/bin/ceph: stderr
2024-09-19T08:42:52.818+0000 7f92237fe640 1 -- 172.21.15.19:0/3651532065 <== mon.0 v2:172.21.15.19:3300/0 7 ==== mon_command_ack([{"prefix": "mgr stat"}]=0 v5) ==== 56+0+88 (secure 0 0 0) 0x7f922804c070 con 0x7f922c105f40
2024-09-19T08:42:53.411 INFO:teuthology.orchestra.run.smithi019.stdout:/usr/bin/ceph: stderr
2024-09-19T08:42:52.820+0000 7f9234589640 1 -- 172.21.15.19:0/3651532065 >> [v2:172.21.15.19:6800/1764769529,v1:172.21.15.19:6801/1764769529] conn(0x7f9218039200 msgr2=0x7f921803b6c0 unknown :-1 s=STATE_CONNECTING l=1).mark_down
2024-09-19T08:42:53.411 INFO:teuthology.orchestra.run.smithi019.stdout:/usr/bin/ceph: stderr
2024-09-19T08:42:52.820+0000 7f9234589640 1 --2- 172.21.15.19:0/3651532065 >> [v2:172.21.15.19:6800/1764769529,v1:172.21.15.19:6801/1764769529] conn(0x7f9218039200 0x7f921803b6c0 unknown :-1 s=START_CONNECT pgs=0 cs=0 l=1 rev1=0 crypto rx=0 tx=0 comp rx=0 tx=0).stop
2024-09-19T08:42:53.411 INFO:teuthology.orchestra.run.smithi019.stdout:/usr/bin/ceph: stderr
2024-09-19T08:42:52.820+0000 7f9234589640 1 -- 172.21.15.19:0/3651532065 >> [v2:172.21.15.19:3300/0,v1:172.21.15.19:6789/0] conn(0x7f922c105f40 msgr2=0x7f922c19d920 secure :-1 s=STATE_CONNECTION_ESTABLISHED l=1).mark_down
2024-09-19T08:42:53.411 INFO:teuthology.orchestra.run.smithi019.stdout:/usr/bin/ceph: stderr
2024-09-19T08:42:52.820+0000 7f9234589640 1 --2- 172.21.15.19:0/3651532065 >> [v2:172.21.15.19:3300/0,v1:172.21.15.19:6789/0] conn(0x7f922c105f40 0x7f922c19d920 secure :-1 s=READY pgs=25 cs=0 l=1 rev1=1 crypto rx=0x7f9228031000 tx=0x7f92280326e0 comp rx=0 tx=0).stop
2024-09-19T08:42:53.411 INFO:teuthology.orchestra.run.smithi019.stdout:/usr/bin/ceph: stderr
2024-09-19T08:42:52.820+0000 7f9234589640 1 -- 172.21.15.19:0/3651532065 shutdown_connections
2024-09-19T08:42:53.412 INFO:teuthology.orchestra.run.smithi019.stdout:/usr/bin/ceph: stderr
2024-09-19T08:42:52.820+0000 7f9234589640 1 --2- 172.21.15.19:0/3651532065 >> [v2:172.21.15.19:6800/1764769529,v1:172.21.15.19:6801/1764769529] conn(0x7f9218039200 0x7f921803b6c0 unknown :-1 s=CLOSED pgs=0 cs=0 l=1 rev1=0 crypto rx=0 tx=0 comp rx=0 tx=0).stop
2024-09-19T08:42:53.412 INFO:teuthology.orchestra.run.smithi019.stdout:/usr/bin/ceph: stderr
2024-09-19T08:42:52.820+0000 7f9234589640 1 --2- 172.21.15.19:0/3651532065 >> [v2:172.21.15.19:3300/0,v1:172.21.15.19:6789/0] conn(0x7f922c105f40 0x7f922c19d920 unknown :-1 s=CLOSED pgs=25 cs=0 l=1 rev1=1 crypto rx=0 tx=0 comp rx=0 tx=0).stop
2024-09-19T08:42:53.412 INFO:teuthology.orchestra.run.smithi019.stdout:/usr/bin/ceph: stderr
2024-09-19T08:42:52.820+0000 7f9234589640 1 -- 172.21.15.19:0/3651532065 >> 172.21.15.19:0/3651532065 conn(0x7f922c101d50 msgr2=0x7f922c191c10 unknown :-1 s=STATE_NONE l=0).mark_down
2024-09-19T08:42:53.412 INFO:teuthology.orchestra.run.smithi019.stdout:/usr/bin/ceph: stderr
2024-09-19T08:42:52.820+0000 7f9234589640 1 -- 172.21.15.19:0/3651532065 shutdown_connections
2024-09-19T08:42:53.412 INFO:teuthology.orchestra.run.smithi019.stdout:/usr/bin/ceph: stderr
2024-09-19T08:42:52.820+0000 7f9234589640 1 -- 172.21.15.19:0/3651532065 wait complete.
2024-09-19T08:42:53.412 INFO:teuthology.orchestra.run.smithi019.stdout:Waiting for the mgr to restart...
2024-09-19T08:42:53.412 INFO:teuthology.orchestra.run.smithi019.stdout:Waiting for mgr epoch 5...
2024-09-19T08:42:53.712 INFO:journalctl@ceph.mon.a.smithi019.stdout:Sep 19 08:42:53 smithi019 ceph-mon[30976]: from='client.? 172.21.15.19:0/3651532065' entity='client.admin' cmd=[{"prefix": "mgr stat"}]: dispatch
2024-09-19T08:42:53.999 INFO:journalctl@ceph.mgr.x.smithi019.stdout:Sep 19 08:42:53 smithi019 ceph-f26c9d84-7662-11ef-bceb-c7b262605968-mgr-x[31201]:
2024-09-19T08:42:53.831+0000 7fde7a84c040 -1 mgr[py] Module telemetry has missing NOTIFY_TYPES member
2024-09-19T08:42:53.999 INFO:journalctl@ceph.mgr.x.smithi019.stdout:Sep 19 08:42:53 smithi019 ceph-f26c9d84-7662-11ef-bceb-c7b262605968-mgr-x[31201]:
2024-09-19T08:42:53.901+0000 7fde7a84c040 -1 mgr[py] Module balancer has missing NOTIFY_TYPES member
2024-09-19T08:42:54.770 INFO:journalctl@ceph.mgr.x.smithi019.stdout:Sep 19 08:42:54 smithi019 ceph-f26c9d84-7662-11ef-bceb-c7b262605968-mgr-x[31201]:
2024-09-19T08:42:54.650+0000 7fde7a84c040 -1 mgr[py] Module rook has missing NOTIFY_TYPES member
2024-09-19T08:42:54.771 INFO:journalctl@ceph.mgr.x.smithi019.stdout:Sep 19 08:42:54 smithi019 ceph-f26c9d84-7662-11ef-bceb-c7b262605968-mgr-x[31201]:
2024-09-19T08:42:54.771+0000 7fde7a84c040 -1 mgr[py] Module iostat has missing NOTIFY_TYPES member
2024-09-19T08:42:55.068 INFO:journalctl@ceph.mgr.x.smithi019.stdout:Sep 19 08:42:54 smithi019 ceph-f26c9d84-7662-11ef-bceb-c7b262605968-mgr-x[31201]:
2024-09-19T08:42:54.920+0000 7fde7a84c040 -1 mgr[py] Module orchestrator has missing NOTIFY_TYPES member
2024-09-19T08:42:55.068 INFO:journalctl@ceph.mgr.x.smithi019.stdout:Sep 19 08:42:54 smithi019 ceph-f26c9d84-7662-11ef-bceb-c7b262605968-mgr-x[31201]:
2024-09-19T08:42:54.984+0000 7fde7a84c040 -1 mgr[py] Module devicehealth has missing NOTIFY_TYPES member
2024-09-19T08:42:55.440 INFO:journalctl@ceph.mgr.x.smithi019.stdout:Sep 19 08:42:55 smithi019 ceph-f26c9d84-7662-11ef-bceb-c7b262605968-mgr-x[31201]:
2024-09-19T08:42:55.140+0000 7fde7a84c040 -1 mgr[py] Module rgw has missing NOTIFY_TYPES member
2024-09-19T08:42:55.440 INFO:journalctl@ceph.mgr.x.smithi019.stdout:Sep 19 08:42:55 smithi019 ceph-f26c9d84-7662-11ef-bceb-c7b262605968-mgr-x[31201]:
2024-09-19T08:42:55.211+0000 7fde7a84c040 -1 mgr[py] Module alerts has missing NOTIFY_TYPES member
2024-09-19T08:42:55.440 INFO:journalctl@ceph.mgr.x.smithi019.stdout:Sep 19 08:42:55 smithi019 ceph-f26c9d84-7662-11ef-bceb-c7b262605968-mgr-x[31201]:
2024-09-19T08:42:55.274+0000 7fde7a84c040 -1 mgr[py] Module progress has missing NOTIFY_TYPES member
2024-09-19T08:42:55.440 INFO:journalctl@ceph.mgr.x.smithi019.stdout:Sep 19 08:42:55 smithi019 ceph-f26c9d84-7662-11ef-bceb-c7b262605968-mgr-x[31201]:
2024-09-19T08:42:55.440+0000 7fde7a84c040 -1 mgr[py] Module nfs has missing NOTIFY_TYPES member
2024-09-19T08:42:55.726 INFO:journalctl@ceph.mgr.x.smithi019.stdout:Sep 19 08:42:55 smithi019 ceph-f26c9d84-7662-11ef-bceb-c7b262605968-mgr-x[31201]:
2024-09-19T08:42:55.508+0000 7fde7a84c040 -1 mgr[py] Module status has missing NOTIFY_TYPES member
2024-09-19T08:42:55.726 INFO:journalctl@ceph.mgr.x.smithi019.stdout:Sep 19 08:42:55 smithi019 ceph-f26c9d84-7662-11ef-bceb-c7b262605968-mgr-x[31201]:
2024-09-19T08:42:55.577+0000 7fde7a84c040 -1 mgr[py] Module pg_autoscaler has missing NOTIFY_TYPES member
2024-09-19T08:42:55.726 INFO:journalctl@ceph.mgr.x.smithi019.stdout:Sep 19 08:42:55 smithi019 ceph-f26c9d84-7662-11ef-bceb-c7b262605968-mgr-x[31201]:
2024-09-19T08:42:55.664+0000 7fde7a84c040 -1 mgr[py] Module rbd_support has missing NOTIFY_TYPES member
2024-09-19T08:42:55.726 INFO:journalctl@ceph.mgr.x.smithi019.stdout:Sep 19 08:42:55 smithi019 ceph-f26c9d84-7662-11ef-bceb-c7b262605968-mgr-x[31201]:
2024-09-19T08:42:55.726+0000 7fde7a84c040 -1 mgr[py] Module influx has missing NOTIFY_TYPES member
2024-09-19T08:42:56.068 INFO:journalctl@ceph.mgr.x.smithi019.stdout:Sep 19 08:42:55 smithi019 ceph-f26c9d84-7662-11ef-bceb-c7b262605968-mgr-x[31201]:
2024-09-19T08:42:55.787+0000 7fde7a84c040 -1 mgr[py] Module zabbix has missing NOTIFY_TYPES member
2024-09-19T08:42:57.068 INFO:journalctl@ceph.mgr.x.smithi019.stdout:Sep 19 08:42:56 smithi019 ceph-f26c9d84-7662-11ef-bceb-c7b262605968-mgr-x[31201]:
2024-09-19T08:42:56.617+0000 7fde7a84c040 -1 mgr[py] Module telegraf has missing NOTIFY_TYPES member
2024-09-19T08:42:57.068 INFO:journalctl@ceph.mon.a.smithi019.stdout:Sep 19 08:42:56 smithi019 ceph-mon[30976]: Active manager daemon x restarted
2024-09-19T08:42:57.068 INFO:journalctl@ceph.mon.a.smithi019.stdout:Sep 19 08:42:56 smithi019 ceph-mon[30976]: Activating manager daemon x
2024-09-19T08:42:57.069 INFO:journalctl@ceph.mon.a.smithi019.stdout:Sep 19 08:42:56 smithi019 ceph-mon[30976]: osdmap e2: 0 total, 0 up, 0 in
2024-09-19T08:42:57.069 INFO:journalctl@ceph.mon.a.smithi019.stdout:Sep 19 08:42:56 smithi019 ceph-mon[30976]: mgrmap e6: x(active, starting, since 0.00342772s)
2024-09-19T08:42:57.069 INFO:journalctl@ceph.mon.a.smithi019.stdout:Sep 19 08:42:56 smithi019 ceph-mon[30976]: from='mgr.14118 172.21.15.19:0/2034466589' entity='mgr.x' cmd=[{"prefix": "mon metadata", "id": "a"}]: dispatch
2024-09-19T08:42:57.069 INFO:journalctl@ceph.mon.a.smithi019.stdout:Sep 19 08:42:56 smithi019 ceph-mon[30976]: from='mgr.14118 172.21.15.19:0/2034466589' entity='mgr.x' cmd=[{"prefix": "mgr metadata", "who": "x", "id": "x"}]: dispatch
2024-09-19T08:42:57.069 INFO:journalctl@ceph.mon.a.smithi019.stdout:Sep 19 08:42:56 smithi019 ceph-mon[30976]: from='mgr.14118 172.21.15.19:0/2034466589' entity='mgr.x' cmd=[{"prefix": "mds metadata"}]: dispatch
2024-09-19T08:42:57.069 INFO:journalctl@ceph.mon.a.smithi019.stdout:Sep 19 08:42:56 smithi019 ceph-mon[30976]: from='mgr.14118 172.21.15.19:0/2034466589' entity='mgr.x' cmd=[{"prefix": "osd metadata"}]: dispatch
2024-09-19T08:42:57.069 INFO:journalctl@ceph.mon.a.smithi019.stdout:Sep 19 08:42:56 smithi019 ceph-mon[30976]: from='mgr.14118 172.21.15.19:0/2034466589' entity='mgr.x' cmd=[{"prefix": "mon metadata"}]: dispatch
2024-09-19T08:42:57.069 INFO:journalctl@ceph.mon.a.smithi019.stdout:Sep 19 08:42:56 smithi019 ceph-mon[30976]: Manager daemon x is now available
2024-09-19T08:42:57.069 INFO:journalctl@ceph.mon.a.smithi019.stdout:Sep 19 08:42:56 smithi019 ceph-mon[30976]: from='mgr.14118 172.21.15.19:0/2034466589' entity='mgr.x'
2024-09-19T08:42:57.069 INFO:journalctl@ceph.mon.a.smithi019.stdout:Sep 19 08:42:56 smithi019 ceph-mon[30976]: from='mgr.14118 172.21.15.19:0/2034466589' entity='mgr.x'
2024-09-19T08:42:57.069 INFO:journalctl@ceph.mon.a.smithi019.stdout:Sep 19 08:42:56 smithi019 ceph-mon[30976]: from='mgr.14118 172.21.15.19:0/2034466589' entity='mgr.x' cmd=[{"prefix": "config dump", "format": "json"}]: dispatch
2024-09-19T08:42:57.069 INFO:journalctl@ceph.mon.a.smithi019.stdout:Sep 19 08:42:56 smithi019 ceph-mon[30976]: from='mgr.14118 172.21.15.19:0/2034466589' entity='mgr.x' cmd=[{"prefix": "config dump", "format": "json"}]: dispatch
2024-09-19T08:42:57.069 INFO:journalctl@ceph.mon.a.smithi019.stdout:Sep 19 08:42:56 smithi019 ceph-mon[30976]: from='mgr.14118 172.21.15.19:0/2034466589' entity='mgr.x' cmd=[{"prefix":"config rm","who":"mgr","name":"mgr/rbd_support/x/mirror_snapshot_schedule"}]: dispatch
2024-09-19T08:42:57.070 INFO:journalctl@ceph.mon.a.smithi019.stdout:Sep 19 08:42:56 smithi019 ceph-mon[30976]: from='mgr.14118 172.21.15.19:0/2034466589' entity='mgr.x' cmd=[{"prefix":"config rm","who":"mgr","name":"mgr/rbd_support/x/trash_purge_schedule"}]: dispatch
2024-09-19T08:42:58.224 INFO:teuthology.orchestra.run.smithi019.stdout:/usr/bin/ceph: stdout {
2024-09-19T08:42:58.224 INFO:teuthology.orchestra.run.smithi019.stdout:/usr/bin/ceph: stdout "mgrmap_epoch": 7,
2024-09-19T08:42:58.224 INFO:teuthology.orchestra.run.smithi019.stdout:/usr/bin/ceph: stdout "initialized": true
2024-09-19T08:42:58.224 INFO:teuthology.orchestra.run.smithi019.stdout:/usr/bin/ceph: stdout }
2024-09-19T08:42:58.225 INFO:teuthology.orchestra.run.smithi019.stdout:/usr/bin/ceph: stderr
2024-09-19T08:42:53.793+0000 7f4063ff8640 1 Processor -- start
2024-09-19T08:42:58.225 INFO:teuthology.orchestra.run.smithi019.stdout:/usr/bin/ceph: stderr
2024-09-19T08:42:53.793+0000 7f4063ff8640 1 -- start start
2024-09-19T08:42:58.225 INFO:teuthology.orchestra.run.smithi019.stdout:/usr/bin/ceph: stderr
2024-09-19T08:42:53.794+0000 7f4063ff8640 1 --2- >> [v2:172.21.15.19:3300/0,v1:172.21.15.19:6789/0] conn(0x7f405c108180 0x7f405c10a570 unknown :-1 s=NONE pgs=0 cs=0 l=0 rev1=0 crypto rx=0 tx=0 comp rx=0 tx=0).connect
2024-09-19T08:42:58.225 INFO:teuthology.orchestra.run.smithi019.stdout:/usr/bin/ceph: stderr
2024-09-19T08:42:53.794+0000 7f4063ff8640 1 -- --> [v2:172.21.15.19:3300/0,v1:172.21.15.19:6789/0] -- mon_getmap magic: 0 -- 0x7f405c07be80 con 0x7f405c108180
2024-09-19T08:42:58.225 INFO:teuthology.orchestra.run.smithi019.stdout:/usr/bin/ceph: stderr
2024-09-19T08:42:53.794+0000 7f4061d94640 1 --2- >> [v2:172.21.15.19:3300/0,v1:172.21.15.19:6789/0] conn(0x7f405c108180 0x7f405c10a570 unknown :-1 s=BANNER_CONNECTING pgs=0 cs=0 l=0 rev1=0 crypto rx=0 tx=0 comp rx=0 tx=0)._handle_peer_banner_payload supported=3 required=0
2024-09-19T08:42:58.225 INFO:teuthology.orchestra.run.smithi019.stdout:/usr/bin/ceph: stderr
2024-09-19T08:42:53.794+0000 7f4061d94640 1 --2- >> [v2:172.21.15.19:3300/0,v1:172.21.15.19:6789/0] conn(0x7f405c108180 0x7f405c10a570 unknown :-1 s=HELLO_CONNECTING pgs=0 cs=0 l=0 rev1=1 crypto rx=0 tx=0 comp rx=0 tx=0).handle_hello peer v2:172.21.15.19:3300/0 says I am v2:172.21.15.19:57054/0 (socket says 172.21.15.19:57054)
2024-09-19T08:42:58.225 INFO:teuthology.orchestra.run.smithi019.stdout:/usr/bin/ceph: stderr
2024-09-19T08:42:53.794+0000 7f4061d94640 1 -- 172.21.15.19:0/3308169108 learned_addr learned my addr 172.21.15.19:0/3308169108 (peer_addr_for_me v2:172.21.15.19:0/0)
2024-09-19T08:42:58.225 INFO:teuthology.orchestra.run.smithi019.stdout:/usr/bin/ceph: stderr
2024-09-19T08:42:53.794+0000 7f4061d94640 1 -- 172.21.15.19:0/3308169108 --> [v2:172.21.15.19:3300/0,v1:172.21.15.19:6789/0] -- mon_subscribe({config=0+,monmap=0+}) -- 0x7f405c10aab0 con 0x7f405c108180
2024-09-19T08:42:58.225 INFO:teuthology.orchestra.run.smithi019.stdout:/usr/bin/ceph: stderr
2024-09-19T08:42:53.795+0000 7f4061d94640 1 --2- 172.21.15.19:0/3308169108 >> [v2:172.21.15.19:3300/0,v1:172.21.15.19:6789/0] conn(0x7f405c108180 0x7f405c10a570 secure :-1 s=READY pgs=26 cs=0 l=1 rev1=1 crypto rx=0x7f4058009820 tx=0x7f405802a270 comp rx=0 tx=0).ready entity=mon.0 client_cookie=b758b27be2fbd51a server_cookie=0 in_seq=0 out_seq=0
2024-09-19T08:42:58.225 INFO:teuthology.orchestra.run.smithi019.stdout:/usr/bin/ceph: stderr
2024-09-19T08:42:53.795+0000 7f4060d92640 1 -- 172.21.15.19:0/3308169108 <== mon.0 v2:172.21.15.19:3300/0 1 ==== mon_map magic: 0 ==== 205+0+0 (secure 0 0 0) 0x7f4058037070 con 0x7f405c108180
2024-09-19T08:42:58.225 INFO:teuthology.orchestra.run.smithi019.stdout:/usr/bin/ceph: stderr
2024-09-19T08:42:53.795+0000 7f4060d92640 1 -- 172.21.15.19:0/3308169108 <== mon.0 v2:172.21.15.19:3300/0 2 ==== config(27 keys) ==== 1109+0+0 (secure 0 0 0) 0x7f4058032900 con 0x7f405c108180
2024-09-19T08:42:58.225 INFO:teuthology.orchestra.run.smithi019.stdout:/usr/bin/ceph: stderr
2024-09-19T08:42:53.795+0000 7f4060d92640 1 -- 172.21.15.19:0/3308169108 <== mon.0 v2:172.21.15.19:3300/0 3 ==== mon_map magic: 0 ==== 205+0+0 (secure 0 0 0) 0x7f4058030850 con 0x7f405c108180
2024-09-19T08:42:58.225 INFO:teuthology.orchestra.run.smithi019.stdout:/usr/bin/ceph: stderr
2024-09-19T08:42:53.796+0000 7f4063ff8640 1 -- 172.21.15.19:0/3308169108 >> [v2:172.21.15.19:3300/0,v1:172.21.15.19:6789/0] conn(0x7f405c108180 msgr2=0x7f405c10a570 secure :-1 s=STATE_CONNECTION_ESTABLISHED l=1).mark_down
2024-09-19T08:42:58.226 INFO:teuthology.orchestra.run.smithi019.stdout:/usr/bin/ceph: stderr
2024-09-19T08:42:53.796+0000 7f4063ff8640 1 --2- 172.21.15.19:0/3308169108 >> [v2:172.21.15.19:3300/0,v1:172.21.15.19:6789/0] conn(0x7f405c108180 0x7f405c10a570 secure :-1 s=READY pgs=26 cs=0 l=1 rev1=1 crypto rx=0x7f4058009820 tx=0x7f405802a270 comp rx=0 tx=0).stop
2024-09-19T08:42:58.226 INFO:teuthology.orchestra.run.smithi019.stdout:/usr/bin/ceph: stderr
2024-09-19T08:42:53.796+0000 7f4063ff8640 1 -- 172.21.15.19:0/3308169108 shutdown_connections
2024-09-19T08:42:58.226 INFO:teuthology.orchestra.run.smithi019.stdout:/usr/bin/ceph: stderr
2024-09-19T08:42:53.796+0000 7f4063ff8640 1 --2- 172.21.15.19:0/3308169108 >> [v2:172.21.15.19:3300/0,v1:172.21.15.19:6789/0] conn(0x7f405c108180 0x7f405c10a570 unknown :-1 s=CLOSED pgs=26 cs=0 l=1 rev1=1 crypto rx=0 tx=0 comp rx=0 tx=0).stop
2024-09-19T08:42:58.226 INFO:teuthology.orchestra.run.smithi019.stdout:/usr/bin/ceph: stderr
2024-09-19T08:42:53.796+0000 7f4063ff8640 1 -- 172.21.15.19:0/3308169108 >> 172.21.15.19:0/3308169108 conn(0x7f405c101da0 msgr2=0x7f405c1041e0 unknown :-1 s=STATE_NONE l=0).mark_down
2024-09-19T08:42:58.226 INFO:teuthology.orchestra.run.smithi019.stdout:/usr/bin/ceph: stderr
2024-09-19T08:42:53.796+0000 7f4063ff8640 1 -- 172.21.15.19:0/3308169108 shutdown_connections
2024-09-19T08:42:58.226 INFO:teuthology.orchestra.run.smithi019.stdout:/usr/bin/ceph: stderr
2024-09-19T08:42:53.796+0000 7f4063ff8640 1 -- 172.21.15.19:0/3308169108 wait complete.
2024-09-19T08:42:58.226 INFO:teuthology.orchestra.run.smithi019.stdout:/usr/bin/ceph: stderr
2024-09-19T08:42:53.796+0000 7f4063ff8640 1 Processor -- start
2024-09-19T08:42:58.226 INFO:teuthology.orchestra.run.smithi019.stdout:/usr/bin/ceph: stderr
2024-09-19T08:42:53.796+0000 7f4063ff8640 1 -- start start
2024-09-19T08:42:58.226 INFO:teuthology.orchestra.run.smithi019.stdout:/usr/bin/ceph: stderr
2024-09-19T08:42:53.797+0000 7f4063ff8640 1 --2- >> [v2:172.21.15.19:3300/0,v1:172.21.15.19:6789/0] conn(0x7f405c108180 0x7f405c107a00 unknown :-1 s=NONE pgs=0 cs=0 l=1 rev1=0 crypto rx=0 tx=0 comp rx=0 tx=0).connect
2024-09-19T08:42:58.226 INFO:teuthology.orchestra.run.smithi019.stdout:/usr/bin/ceph: stderr
2024-09-19T08:42:53.797+0000 7f4063ff8640 1 -- --> [v2:172.21.15.19:3300/0,v1:172.21.15.19:6789/0] -- mon_getmap magic: 0 -- 0x7f405c10baf0 con 0x7f405c108180
2024-09-19T08:42:58.226 INFO:teuthology.orchestra.run.smithi019.stdout:/usr/bin/ceph: stderr
2024-09-19T08:42:53.797+0000 7f4061d94640 1 --2- >> [v2:172.21.15.19:3300/0,v1:172.21.15.19:6789/0] conn(0x7f405c108180 0x7f405c107a00 unknown :-1 s=BANNER_CONNECTING pgs=0 cs=0 l=1 rev1=0 crypto rx=0 tx=0 comp rx=0 tx=0)._handle_peer_banner_payload supported=3 required=0
2024-09-19T08:42:58.226 INFO:teuthology.orchestra.run.smithi019.stdout:/usr/bin/ceph: stderr
2024-09-19T08:42:53.797+0000 7f4061d94640 1 --2- >> [v2:172.21.15.19:3300/0,v1:172.21.15.19:6789/0] conn(0x7f405c108180 0x7f405c107a00 unknown :-1 s=HELLO_CONNECTING pgs=0 cs=0 l=1 rev1=1 crypto rx=0 tx=0 comp rx=0 tx=0).handle_hello peer v2:172.21.15.19:3300/0 says I am v2:172.21.15.19:57068/0 (socket says 172.21.15.19:57068)
2024-09-19T08:42:58.226 INFO:teuthology.orchestra.run.smithi019.stdout:/usr/bin/ceph: stderr
2024-09-19T08:42:53.797+0000 7f4061d94640 1 -- 172.21.15.19:0/1414615789 learned_addr learned my addr 172.21.15.19:0/1414615789 (peer_addr_for_me v2:172.21.15.19:0/0)
2024-09-19T08:42:58.227 INFO:teuthology.orchestra.run.smithi019.stdout:/usr/bin/ceph: stderr
2024-09-19T08:42:53.797+0000 7f4061d94640 1 -- 172.21.15.19:0/1414615789 --> [v2:172.21.15.19:3300/0,v1:172.21.15.19:6789/0] -- mon_subscribe({config=0+,monmap=0+}) -- 0x7f405c107f40 con 0x7f405c108180
2024-09-19T08:42:58.227 INFO:teuthology.orchestra.run.smithi019.stdout:/usr/bin/ceph: stderr
2024-09-19T08:42:53.797+0000 7f4061d94640 1 --2- 172.21.15.19:0/1414615789 >> [v2:172.21.15.19:3300/0,v1:172.21.15.19:6789/0] conn(0x7f405c108180 0x7f405c107a00 secure :-1 s=READY pgs=27 cs=0 l=1 rev1=1 crypto rx=0x7f4058031000 tx=0x7f40580326e0 comp rx=0 tx=0).ready entity=mon.0 client_cookie=0 server_cookie=0 in_seq=0 out_seq=0
2024-09-19T08:42:58.227 INFO:teuthology.orchestra.run.smithi019.stdout:/usr/bin/ceph: stderr
2024-09-19T08:42:53.797+0000 7f404effd640 1 -- 172.21.15.19:0/1414615789 <== mon.0 v2:172.21.15.19:3300/0 1 ==== mon_map magic: 0 ==== 205+0+0 (secure 0 0 0) 0x7f4058042070 con 0x7f405c108180
2024-09-19T08:42:58.227 INFO:teuthology.orchestra.run.smithi019.stdout:/usr/bin/ceph: stderr
2024-09-19T08:42:53.797+0000 7f404effd640 1 -- 172.21.15.19:0/1414615789 <== mon.0 v2:172.21.15.19:3300/0 2 ==== config(27 keys) ==== 1109+0+0 (secure 0 0 0) 0x7f4058032be0 con 0x7f405c108180
2024-09-19T08:42:58.227 INFO:teuthology.orchestra.run.smithi019.stdout:/usr/bin/ceph: stderr
2024-09-19T08:42:53.797+0000 7f4063ff8640 1 -- 172.21.15.19:0/1414615789 --> [v2:172.21.15.19:3300/0,v1:172.21.15.19:6789/0] -- mon_subscribe({mgrmap=0+}) -- 0x7f405c106130 con 0x7f405c108180
2024-09-19T08:42:58.227 INFO:teuthology.orchestra.run.smithi019.stdout:/usr/bin/ceph: stderr
2024-09-19T08:42:53.797+0000 7f404effd640 1 -- 172.21.15.19:0/1414615789 <== mon.0 v2:172.21.15.19:3300/0 3 ==== mon_map magic: 0 ==== 205+0+0 (secure 0 0 0) 0x7f4058037040 con 0x7f405c108180
2024-09-19T08:42:58.227 INFO:teuthology.orchestra.run.smithi019.stdout:/usr/bin/ceph: stderr
2024-09-19T08:42:53.797+0000 7f4063ff8640 1 -- 172.21.15.19:0/1414615789 --> [v2:172.21.15.19:3300/0,v1:172.21.15.19:6789/0] -- mon_subscribe({osdmap=0}) -- 0x7f405c106670 con 0x7f405c108180
2024-09-19T08:42:58.227 INFO:teuthology.orchestra.run.smithi019.stdout:/usr/bin/ceph: stderr
2024-09-19T08:42:53.798+0000 7f404effd640 1 -- 172.21.15.19:0/1414615789 <== mon.0 v2:172.21.15.19:3300/0 4 ==== mgrmap(e 5) ==== 46461+0+0 (secure 0 0 0) 0x7f4058045070 con 0x7f405c108180
2024-09-19T08:42:58.227 INFO:teuthology.orchestra.run.smithi019.stdout:/usr/bin/ceph: stderr
2024-09-19T08:42:53.798+0000 7f404effd640 1 --2- 172.21.15.19:0/1414615789 >> [v2:172.21.15.19:6800/1764769529,v1:172.21.15.19:6801/1764769529] conn(0x7f40480391b0 0x7f404803b670 unknown :-1 s=NONE pgs=0 cs=0 l=1 rev1=0 crypto rx=0 tx=0 comp rx=0 tx=0).connect
2024-09-19T08:42:58.227 INFO:teuthology.orchestra.run.smithi019.stdout:/usr/bin/ceph: stderr
2024-09-19T08:42:53.798+0000 7f4063ff8640 1 -- 172.21.15.19:0/1414615789 --> [v2:172.21.15.19:6800/1764769529,v1:172.21.15.19:6801/1764769529] -- command(tid 0: {"prefix": "get_command_descriptions"}) -- 0x7f405c1085e0 con 0x7f40480391b0
2024-09-19T08:42:58.227 INFO:teuthology.orchestra.run.smithi019.stdout:/usr/bin/ceph: stderr
2024-09-19T08:42:53.798+0000 7f404effd640 1 -- 172.21.15.19:0/1414615789 <== mon.0 v2:172.21.15.19:3300/0 5 ==== osd_map(1..1 src has 1..1) ==== 725+0+0 (secure 0 0 0) 0x7f405806c450 con 0x7f405c108180
2024-09-19T08:42:58.228 INFO:teuthology.orchestra.run.smithi019.stdout:/usr/bin/ceph: stderr
2024-09-19T08:42:53.798+0000 7f4061593640 1 -- 172.21.15.19:0/1414615789 >> [v2:172.21.15.19:6800/1764769529,v1:172.21.15.19:6801/1764769529] conn(0x7f40480391b0 msgr2=0x7f404803b670 unknown :-1 s=STATE_CONNECTING_RE l=1).process reconnect failed to v2:172.21.15.19:6800/1764769529
2024-09-19T08:42:58.228 INFO:teuthology.orchestra.run.smithi019.stdout:/usr/bin/ceph: stderr
2024-09-19T08:42:53.799+0000 7f4061593640 1 --2- 172.21.15.19:0/1414615789 >> [v2:172.21.15.19:6800/1764769529,v1:172.21.15.19:6801/1764769529] conn(0x7f40480391b0 0x7f404803b670 unknown :-1 s=START_CONNECT pgs=0 cs=0 l=1 rev1=0 crypto rx=0 tx=0 comp rx=0 tx=0)._fault waiting 0.200000
2024-09-19T08:42:58.228 INFO:teuthology.orchestra.run.smithi019.stdout:/usr/bin/ceph: stderr
2024-09-19T08:42:54.000+0000 7f4061593640 1 -- 172.21.15.19:0/1414615789 >> [v2:172.21.15.19:6800/1764769529,v1:172.21.15.19:6801/1764769529] conn(0x7f40480391b0 msgr2=0x7f404803b670 unknown :-1 s=STATE_CONNECTING_RE l=1).process reconnect failed to v2:172.21.15.19:6800/1764769529
2024-09-19T08:42:58.228 INFO:teuthology.orchestra.run.smithi019.stdout:/usr/bin/ceph: stderr
2024-09-19T08:42:54.000+0000 7f4061593640 1 --2- 172.21.15.19:0/1414615789 >> [v2:172.21.15.19:6800/1764769529,v1:172.21.15.19:6801/1764769529] conn(0x7f40480391b0 0x7f404803b670 unknown :-1 s=START_CONNECT pgs=0 cs=0 l=1 rev1=0 crypto rx=0 tx=0 comp rx=0 tx=0)._fault waiting 0.400000
2024-09-19T08:42:58.228 INFO:teuthology.orchestra.run.smithi019.stdout:/usr/bin/ceph: stderr
2024-09-19T08:42:54.401+0000 7f4061593640 1 -- 172.21.15.19:0/1414615789 >> [v2:172.21.15.19:6800/1764769529,v1:172.21.15.19:6801/1764769529] conn(0x7f40480391b0 msgr2=0x7f404803b670 unknown :-1 s=STATE_CONNECTING_RE l=1).process reconnect failed to v2:172.21.15.19:6800/1764769529
2024-09-19T08:42:58.228 INFO:teuthology.orchestra.run.smithi019.stdout:/usr/bin/ceph: stderr
2024-09-19T08:42:54.401+0000 7f4061593640 1 --2- 172.21.15.19:0/1414615789 >> [v2:172.21.15.19:6800/1764769529,v1:172.21.15.19:6801/1764769529] conn(0x7f40480391b0 0x7f404803b670 unknown :-1 s=START_CONNECT pgs=0 cs=0 l=1 rev1=0 crypto rx=0 tx=0 comp rx=0 tx=0)._fault waiting 0.800000
2024-09-19T08:42:58.228 INFO:teuthology.orchestra.run.smithi019.stdout:/usr/bin/ceph: stderr
2024-09-19T08:42:55.202+0000 7f4061593640 1 -- 172.21.15.19:0/1414615789 >> [v2:172.21.15.19:6800/1764769529,v1:172.21.15.19:6801/1764769529] conn(0x7f40480391b0 msgr2=0x7f404803b670 unknown :-1 s=STATE_CONNECTING_RE l=1).process reconnect failed to v2:172.21.15.19:6800/1764769529
2024-09-19T08:42:58.228 INFO:teuthology.orchestra.run.smithi019.stdout:/usr/bin/ceph: stderr
