2024-09-19T08:47:54.401+0000 7fceed56c640 1 --2- 172.21.15.92:0/2873406052 >> [v2:172.21.15.92:6800/2435349378,v1:172.21.15.92:6801/2435349378] conn(0x7fced0039140 0x7fced003b600 secure :-1 s=READY pgs=7 cs=0 l=1 rev1=1 crypto rx=0x7fcedc0098c0 tx=0x7fcedc006db0 comp rx=0 tx=0).ready entity=mgr.14150 client_cookie=0 server_cookie=0 in_seq=0 out_seq=0
2024-09-19T08:47:55.219 INFO:teuthology.orchestra.run.smithi092.stdout:/usr/bin/ceph: stderr
2024-09-19T08:47:54.406+0000 7fcee6ffd640 1 -- 172.21.15.92:0/2873406052 <== mon.0 v2:172.21.15.92:3300/0 6 ==== mon_command_ack([{"prefix": "get_command_descriptions"}]=0 v0) ==== 72+0+188913 (secure 0 0 0) 0x7fced8044310 con 0x7fcee81076b0
2024-09-19T08:47:55.219 INFO:teuthology.orchestra.run.smithi092.stdout:/usr/bin/ceph: stderr
2024-09-19T08:47:54.585+0000 7fceeffd1640 1 -- 172.21.15.92:0/2873406052 --> [v2:172.21.15.92:6800/2435349378,v1:172.21.15.92:6801/2435349378] -- mgr_command(tid 0: {"prefix": "dashboard create-self-signed-cert", "target": ["mon-mgr", ""]}) -- 0x7fcee81040e0 con 0x7fced0039140
2024-09-19T08:47:55.219 INFO:teuthology.orchestra.run.smithi092.stdout:/usr/bin/ceph: stderr
2024-09-19T08:47:54.627+0000 7fcee6ffd640 1 -- 172.21.15.92:0/2873406052 <== mon.0 v2:172.21.15.92:3300/0 7 ==== mgrmap(e 12) ==== 46474+0+0 (secure 0 0 0) 0x7fced804dcd0 con 0x7fcee81076b0
2024-09-19T08:47:55.219 INFO:teuthology.orchestra.run.smithi092.stdout:/usr/bin/ceph: stderr
2024-09-19T08:47:54.630+0000 7fcee6ffd640 1 -- 172.21.15.92:0/2873406052 <== mgr.14150 v2:172.21.15.92:6800/2435349378 1 ==== mgr_command_reply(tid 0: 0 ) ==== 8+0+32 (secure 0 0 0) 0x7fcee81040e0 con 0x7fced0039140
2024-09-19T08:47:55.219 INFO:teuthology.orchestra.run.smithi092.stdout:/usr/bin/ceph: stderr
2024-09-19T08:47:54.632+0000 7fceeffd1640 1 -- 172.21.15.92:0/2873406052 >> [v2:172.21.15.92:6800/2435349378,v1:172.21.15.92:6801/2435349378] conn(0x7fced0039140 msgr2=0x7fced003b600 secure :-1 s=STATE_CONNECTION_ESTABLISHED l=1).mark_down
2024-09-19T08:47:55.219 INFO:teuthology.orchestra.run.smithi092.stdout:/usr/bin/ceph: stderr
2024-09-19T08:47:54.632+0000 7fceeffd1640 1 --2- 172.21.15.92:0/2873406052 >> [v2:172.21.15.92:6800/2435349378,v1:172.21.15.92:6801/2435349378] conn(0x7fced0039140 0x7fced003b600 secure :-1 s=READY pgs=7 cs=0 l=1 rev1=1 crypto rx=0x7fcedc0098c0 tx=0x7fcedc006db0 comp rx=0 tx=0).stop
2024-09-19T08:47:55.219 INFO:teuthology.orchestra.run.smithi092.stdout:/usr/bin/ceph: stderr
2024-09-19T08:47:54.632+0000 7fceeffd1640 1 -- 172.21.15.92:0/2873406052 >> [v2:172.21.15.92:3300/0,v1:172.21.15.92:6789/0] conn(0x7fcee81076b0 msgr2=0x7fcee819b670 secure :-1 s=STATE_CONNECTION_ESTABLISHED l=1).mark_down
2024-09-19T08:47:55.219 INFO:teuthology.orchestra.run.smithi092.stdout:/usr/bin/ceph: stderr
2024-09-19T08:47:54.632+0000 7fceeffd1640 1 --2- 172.21.15.92:0/2873406052 >> [v2:172.21.15.92:3300/0,v1:172.21.15.92:6789/0] conn(0x7fcee81076b0 0x7fcee819b670 secure :-1 s=READY pgs=69 cs=0 l=1 rev1=1 crypto rx=0x7fced8031cc0 tx=0x7fced8031cf0 comp rx=0 tx=0).stop
2024-09-19T08:47:55.219 INFO:teuthology.orchestra.run.smithi092.stdout:/usr/bin/ceph: stderr
2024-09-19T08:47:54.632+0000 7fceeffd1640 1 -- 172.21.15.92:0/2873406052 shutdown_connections
2024-09-19T08:47:55.219 INFO:teuthology.orchestra.run.smithi092.stdout:/usr/bin/ceph: stderr
2024-09-19T08:47:54.632+0000 7fceeffd1640 1 --2- 172.21.15.92:0/2873406052 >> [v2:172.21.15.92:6800/2435349378,v1:172.21.15.92:6801/2435349378] conn(0x7fced0039140 0x7fced003b600 unknown :-1 s=CLOSED pgs=7 cs=0 l=1 rev1=1 crypto rx=0 tx=0 comp rx=0 tx=0).stop
2024-09-19T08:47:55.219 INFO:teuthology.orchestra.run.smithi092.stdout:/usr/bin/ceph: stderr
2024-09-19T08:47:54.632+0000 7fceeffd1640 1 --2- 172.21.15.92:0/2873406052 >> [v2:172.21.15.92:3300/0,v1:172.21.15.92:6789/0] conn(0x7fcee81076b0 0x7fcee819b670 unknown :-1 s=CLOSED pgs=69 cs=0 l=1 rev1=1 crypto rx=0 tx=0 comp rx=0 tx=0).stop
2024-09-19T08:47:55.219 INFO:teuthology.orchestra.run.smithi092.stdout:/usr/bin/ceph: stderr
2024-09-19T08:47:54.632+0000 7fceeffd1640 1 -- 172.21.15.92:0/2873406052 >> 172.21.15.92:0/2873406052 conn(0x7fcee8102e80 msgr2=0x7fcee81039d0 unknown :-1 s=STATE_NONE l=0).mark_down
2024-09-19T08:47:55.219 INFO:teuthology.orchestra.run.smithi092.stdout:/usr/bin/ceph: stderr
2024-09-19T08:47:54.632+0000 7fceeffd1640 1 -- 172.21.15.92:0/2873406052 shutdown_connections
2024-09-19T08:47:55.220 INFO:teuthology.orchestra.run.smithi092.stdout:/usr/bin/ceph: stderr
2024-09-19T08:47:54.632+0000 7fceeffd1640 1 -- 172.21.15.92:0/2873406052 wait complete.
2024-09-19T08:47:55.220 INFO:teuthology.orchestra.run.smithi092.stdout:Creating initial admin user...
2024-09-19T08:47:55.417 INFO:journalctl@ceph.mon.a.smithi092.stdout:Sep 19 08:47:55 smithi092 ceph-mon[31407]: [19/Sep/2024:08:47:53] ENGINE Serving on http://172.21.15.92:8765
2024-09-19T08:47:55.417 INFO:journalctl@ceph.mon.a.smithi092.stdout:Sep 19 08:47:55 smithi092 ceph-mon[31407]: [19/Sep/2024:08:47:53] ENGINE Bus STARTED
2024-09-19T08:47:55.417 INFO:journalctl@ceph.mon.a.smithi092.stdout:Sep 19 08:47:55 smithi092 ceph-mon[31407]: from='mgr.14150 172.21.15.92:0/2427679531' entity='mgr.x'
2024-09-19T08:47:55.417 INFO:journalctl@ceph.mon.a.smithi092.stdout:Sep 19 08:47:55 smithi092 ceph-mon[31407]: from='mgr.14150 172.21.15.92:0/2427679531' entity='mgr.x'
2024-09-19T08:47:55.417 INFO:journalctl@ceph.mon.a.smithi092.stdout:Sep 19 08:47:55 smithi092 ceph-mon[31407]: mgrmap e12: x(active, since 2s)
2024-09-19T08:47:55.417 INFO:journalctl@ceph.mon.a.smithi092.stdout:Sep 19 08:47:55 smithi092 ceph-mon[31407]: from='mgr.14150 172.21.15.92:0/2427679531' entity='mgr.x'
2024-09-19T08:47:56.253 INFO:journalctl@ceph.mon.a.smithi092.stdout:Sep 19 08:47:56 smithi092 ceph-mon[31407]: from='client.14162 -' entity='client.admin' cmd=[{"prefix": "dashboard create-self-signed-cert", "target": ["mon-mgr", ""]}]: dispatch
2024-09-19T08:47:56.253 INFO:journalctl@ceph.mon.a.smithi092.stdout:Sep 19 08:47:56 smithi092 ceph-mon[31407]: from='mgr.14150 172.21.15.92:0/2427679531' entity='mgr.x'
2024-09-19T08:47:57.327 INFO:teuthology.orchestra.run.smithi092.stdout:/usr/bin/ceph: stdout {"username": "admin", "password": "$2b$12$Ainja3.sAk9kbFN7xSuEi.3rRc5lxjtNc73y5uz8TjlbA0tczqVHa", "roles": ["administrator"], "name": null, "email": null, "lastUpdate": 1726735676, "enabled": true, "pwdExpirationDate": null, "pwdUpdateRequired": true}
2024-09-19T08:47:57.327 INFO:teuthology.orchestra.run.smithi092.stdout:/usr/bin/ceph: stderr
2024-09-19T08:47:55.599+0000 7f2604f56640 1 Processor -- start
2024-09-19T08:47:57.327 INFO:teuthology.orchestra.run.smithi092.stdout:/usr/bin/ceph: stderr
2024-09-19T08:47:55.600+0000 7f2604f56640 1 -- start start
2024-09-19T08:47:57.327 INFO:teuthology.orchestra.run.smithi092.stdout:/usr/bin/ceph: stderr
2024-09-19T08:47:55.600+0000 7f2604f56640 1 --2- >> [v2:172.21.15.92:3300/0,v1:172.21.15.92:6789/0] conn(0x7f26001081a0 0x7f260010a590 unknown :-1 s=NONE pgs=0 cs=0 l=0 rev1=0 crypto rx=0 tx=0 comp rx=0 tx=0).connect
2024-09-19T08:47:57.327 INFO:teuthology.orchestra.run.smithi092.stdout:/usr/bin/ceph: stderr
2024-09-19T08:47:55.600+0000 7f2604f56640 1 -- --> [v2:172.21.15.92:3300/0,v1:172.21.15.92:6789/0] -- mon_getmap magic: 0 -- 0x7f260007be70 con 0x7f26001081a0
2024-09-19T08:47:57.327 INFO:teuthology.orchestra.run.smithi092.stdout:/usr/bin/ceph: stderr
2024-09-19T08:47:55.600+0000 7f25fe59c640 1 --2- >> [v2:172.21.15.92:3300/0,v1:172.21.15.92:6789/0] conn(0x7f26001081a0 0x7f260010a590 unknown :-1 s=BANNER_CONNECTING pgs=0 cs=0 l=0 rev1=0 crypto rx=0 tx=0 comp rx=0 tx=0)._handle_peer_banner_payload supported=3 required=0
2024-09-19T08:47:57.327 INFO:teuthology.orchestra.run.smithi092.stdout:/usr/bin/ceph: stderr
2024-09-19T08:47:55.600+0000 7f25fe59c640 1 --2- >> [v2:172.21.15.92:3300/0,v1:172.21.15.92:6789/0] conn(0x7f26001081a0 0x7f260010a590 unknown :-1 s=HELLO_CONNECTING pgs=0 cs=0 l=0 rev1=1 crypto rx=0 tx=0 comp rx=0 tx=0).handle_hello peer v2:172.21.15.92:3300/0 says I am v2:172.21.15.92:51432/0 (socket says 172.21.15.92:51432)
2024-09-19T08:47:57.327 INFO:teuthology.orchestra.run.smithi092.stdout:/usr/bin/ceph: stderr
2024-09-19T08:47:55.600+0000 7f25fe59c640 1 -- 172.21.15.92:0/2143161559 learned_addr learned my addr 172.21.15.92:0/2143161559 (peer_addr_for_me v2:172.21.15.92:0/0)
2024-09-19T08:47:57.328 INFO:teuthology.orchestra.run.smithi092.stdout:/usr/bin/ceph: stderr
2024-09-19T08:47:55.600+0000 7f25fe59c640 1 -- 172.21.15.92:0/2143161559 --> [v2:172.21.15.92:3300/0,v1:172.21.15.92:6789/0] -- mon_subscribe({config=0+,monmap=0+}) -- 0x7f260010aad0 con 0x7f26001081a0
2024-09-19T08:47:57.328 INFO:teuthology.orchestra.run.smithi092.stdout:/usr/bin/ceph: stderr
2024-09-19T08:47:55.601+0000 7f25fe59c640 1 --2- 172.21.15.92:0/2143161559 >> [v2:172.21.15.92:3300/0,v1:172.21.15.92:6789/0] conn(0x7f26001081a0 0x7f260010a590 secure :-1 s=READY pgs=70 cs=0 l=1 rev1=1 crypto rx=0x7f25f0009820 tx=0x7f25f002a270 comp rx=0 tx=0).ready entity=mon.0 client_cookie=b8bcaac5f1f28dc server_cookie=0 in_seq=0 out_seq=0
2024-09-19T08:47:57.328 INFO:teuthology.orchestra.run.smithi092.stdout:/usr/bin/ceph: stderr
2024-09-19T08:47:55.601+0000 7f25fd59a640 1 -- 172.21.15.92:0/2143161559 <== mon.0 v2:172.21.15.92:3300/0 1 ==== mon_map magic: 0 ==== 205+0+0 (secure 0 0 0) 0x7f25f0037070 con 0x7f26001081a0
2024-09-19T08:47:57.328 INFO:teuthology.orchestra.run.smithi092.stdout:/usr/bin/ceph: stderr
2024-09-19T08:47:55.601+0000 7f25fd59a640 1 -- 172.21.15.92:0/2143161559 <== mon.0 v2:172.21.15.92:3300/0 2 ==== config(27 keys) ==== 1140+0+0 (secure 0 0 0) 0x7f25f0032920 con 0x7f26001081a0
2024-09-19T08:47:57.328 INFO:teuthology.orchestra.run.smithi092.stdout:/usr/bin/ceph: stderr
2024-09-19T08:47:55.601+0000 7f25fd59a640 1 -- 172.21.15.92:0/2143161559 <== mon.0 v2:172.21.15.92:3300/0 3 ==== mon_map magic: 0 ==== 205+0+0 (secure 0 0 0) 0x7f25f0030810 con 0x7f26001081a0
2024-09-19T08:47:57.328 INFO:teuthology.orchestra.run.smithi092.stdout:/usr/bin/ceph: stderr
2024-09-19T08:47:55.602+0000 7f2604f56640 1 -- 172.21.15.92:0/2143161559 >> [v2:172.21.15.92:3300/0,v1:172.21.15.92:6789/0] conn(0x7f26001081a0 msgr2=0x7f260010a590 secure :-1 s=STATE_CONNECTION_ESTABLISHED l=1).mark_down
2024-09-19T08:47:57.328 INFO:teuthology.orchestra.run.smithi092.stdout:/usr/bin/ceph: stderr
2024-09-19T08:47:55.602+0000 7f2604f56640 1 --2- 172.21.15.92:0/2143161559 >> [v2:172.21.15.92:3300/0,v1:172.21.15.92:6789/0] conn(0x7f26001081a0 0x7f260010a590 secure :-1 s=READY pgs=70 cs=0 l=1 rev1=1 crypto rx=0x7f25f0009820 tx=0x7f25f002a270 comp rx=0 tx=0).stop
2024-09-19T08:47:57.328 INFO:teuthology.orchestra.run.smithi092.stdout:/usr/bin/ceph: stderr
2024-09-19T08:47:55.602+0000 7f2604f56640 1 -- 172.21.15.92:0/2143161559 shutdown_connections
2024-09-19T08:47:57.328 INFO:teuthology.orchestra.run.smithi092.stdout:/usr/bin/ceph: stderr
2024-09-19T08:47:55.602+0000 7f2604f56640 1 --2- 172.21.15.92:0/2143161559 >> [v2:172.21.15.92:3300/0,v1:172.21.15.92:6789/0] conn(0x7f26001081a0 0x7f260010a590 unknown :-1 s=CLOSED pgs=70 cs=0 l=1 rev1=1 crypto rx=0 tx=0 comp rx=0 tx=0).stop
2024-09-19T08:47:57.328 INFO:teuthology.orchestra.run.smithi092.stdout:/usr/bin/ceph: stderr
2024-09-19T08:47:55.602+0000 7f2604f56640 1 -- 172.21.15.92:0/2143161559 >> 172.21.15.92:0/2143161559 conn(0x7f2600101d80 msgr2=0x7f26001041a0 unknown :-1 s=STATE_NONE l=0).mark_down
2024-09-19T08:47:57.328 INFO:teuthology.orchestra.run.smithi092.stdout:/usr/bin/ceph: stderr
2024-09-19T08:47:55.602+0000 7f2604f56640 1 -- 172.21.15.92:0/2143161559 shutdown_connections
2024-09-19T08:47:57.328 INFO:teuthology.orchestra.run.smithi092.stdout:/usr/bin/ceph: stderr
2024-09-19T08:47:55.602+0000 7f2604f56640 1 -- 172.21.15.92:0/2143161559 wait complete.
2024-09-19T08:47:57.329 INFO:teuthology.orchestra.run.smithi092.stdout:/usr/bin/ceph: stderr
2024-09-19T08:47:55.603+0000 7f2604f56640 1 Processor -- start
2024-09-19T08:47:57.329 INFO:teuthology.orchestra.run.smithi092.stdout:/usr/bin/ceph: stderr
2024-09-19T08:47:55.603+0000 7f2604f56640 1 -- start start
2024-09-19T08:47:57.329 INFO:teuthology.orchestra.run.smithi092.stdout:/usr/bin/ceph: stderr
2024-09-19T08:47:55.603+0000 7f2604f56640 1 --2- >> [v2:172.21.15.92:3300/0,v1:172.21.15.92:6789/0] conn(0x7f26001081a0 0x7f2600107a20 unknown :-1 s=NONE pgs=0 cs=0 l=1 rev1=0 crypto rx=0 tx=0 comp rx=0 tx=0).connect
2024-09-19T08:47:57.329 INFO:teuthology.orchestra.run.smithi092.stdout:/usr/bin/ceph: stderr
2024-09-19T08:47:55.603+0000 7f2604f56640 1 -- --> [v2:172.21.15.92:3300/0,v1:172.21.15.92:6789/0] -- mon_getmap magic: 0 -- 0x7f260010bae0 con 0x7f26001081a0
2024-09-19T08:47:57.329 INFO:teuthology.orchestra.run.smithi092.stdout:/usr/bin/ceph: stderr
2024-09-19T08:47:55.603+0000 7f25fe59c640 1 --2- >> [v2:172.21.15.92:3300/0,v1:172.21.15.92:6789/0] conn(0x7f26001081a0 0x7f2600107a20 unknown :-1 s=BANNER_CONNECTING pgs=0 cs=0 l=1 rev1=0 crypto rx=0 tx=0 comp rx=0 tx=0)._handle_peer_banner_payload supported=3 required=0
2024-09-19T08:47:57.329 INFO:teuthology.orchestra.run.smithi092.stdout:/usr/bin/ceph: stderr
2024-09-19T08:47:55.603+0000 7f25fe59c640 1 --2- >> [v2:172.21.15.92:3300/0,v1:172.21.15.92:6789/0] conn(0x7f26001081a0 0x7f2600107a20 unknown :-1 s=HELLO_CONNECTING pgs=0 cs=0 l=1 rev1=1 crypto rx=0 tx=0 comp rx=0 tx=0).handle_hello peer v2:172.21.15.92:3300/0 says I am v2:172.21.15.92:51448/0 (socket says 172.21.15.92:51448)
2024-09-19T08:47:57.329 INFO:teuthology.orchestra.run.smithi092.stdout:/usr/bin/ceph: stderr
2024-09-19T08:47:55.603+0000 7f25fe59c640 1 -- 172.21.15.92:0/4230810973 learned_addr learned my addr 172.21.15.92:0/4230810973 (peer_addr_for_me v2:172.21.15.92:0/0)
2024-09-19T08:47:57.329 INFO:teuthology.orchestra.run.smithi092.stdout:/usr/bin/ceph: stderr
2024-09-19T08:47:55.603+0000 7f25fe59c640 1 -- 172.21.15.92:0/4230810973 --> [v2:172.21.15.92:3300/0,v1:172.21.15.92:6789/0] -- mon_subscribe({config=0+,monmap=0+}) -- 0x7f2600107f60 con 0x7f26001081a0
2024-09-19T08:47:57.329 INFO:teuthology.orchestra.run.smithi092.stdout:/usr/bin/ceph: stderr
2024-09-19T08:47:55.604+0000 7f25fe59c640 1 --2- 172.21.15.92:0/4230810973 >> [v2:172.21.15.92:3300/0,v1:172.21.15.92:6789/0] conn(0x7f26001081a0 0x7f2600107a20 secure :-1 s=READY pgs=71 cs=0 l=1 rev1=1 crypto rx=0x7f25f00097f0 tx=0x7f25f00327b0 comp rx=0 tx=0).ready entity=mon.0 client_cookie=0 server_cookie=0 in_seq=0 out_seq=0
2024-09-19T08:47:57.329 INFO:teuthology.orchestra.run.smithi092.stdout:/usr/bin/ceph: stderr
2024-09-19T08:47:55.604+0000 7f25f77fe640 1 -- 172.21.15.92:0/4230810973 <== mon.0 v2:172.21.15.92:3300/0 1 ==== mon_map magic: 0 ==== 205+0+0 (secure 0 0 0) 0x7f25f0037040 con 0x7f26001081a0
2024-09-19T08:47:57.329 INFO:teuthology.orchestra.run.smithi092.stdout:/usr/bin/ceph: stderr
2024-09-19T08:47:55.604+0000 7f25f77fe640 1 -- 172.21.15.92:0/4230810973 <== mon.0 v2:172.21.15.92:3300/0 2 ==== config(27 keys) ==== 1140+0+0 (secure 0 0 0) 0x7f25f0030cc0 con 0x7f26001081a0
2024-09-19T08:47:57.329 INFO:teuthology.orchestra.run.smithi092.stdout:/usr/bin/ceph: stderr
2024-09-19T08:47:55.604+0000 7f2604f56640 1 -- 172.21.15.92:0/4230810973 --> [v2:172.21.15.92:3300/0,v1:172.21.15.92:6789/0] -- mon_subscribe({mgrmap=0+}) -- 0x7f2600106150 con 0x7f26001081a0
2024-09-19T08:47:57.329 INFO:teuthology.orchestra.run.smithi092.stdout:/usr/bin/ceph: stderr
2024-09-19T08:47:55.604+0000 7f2604f56640 1 -- 172.21.15.92:0/4230810973 --> [v2:172.21.15.92:3300/0,v1:172.21.15.92:6789/0] -- mon_subscribe({osdmap=0}) -- 0x7f2600106690 con 0x7f26001081a0
2024-09-19T08:47:57.330 INFO:teuthology.orchestra.run.smithi092.stdout:/usr/bin/ceph: stderr
2024-09-19T08:47:55.604+0000 7f25f77fe640 1 -- 172.21.15.92:0/4230810973 <== mon.0 v2:172.21.15.92:3300/0 3 ==== mon_map magic: 0 ==== 205+0+0 (secure 0 0 0) 0x7f25f003a6b0 con 0x7f26001081a0
2024-09-19T08:47:57.330 INFO:teuthology.orchestra.run.smithi092.stdout:/usr/bin/ceph: stderr
2024-09-19T08:47:55.605+0000 7f2604f56640 1 -- 172.21.15.92:0/4230810973 --> [v2:172.21.15.92:3300/0,v1:172.21.15.92:6789/0] -- mon_command({"prefix": "get_command_descriptions"} v 0) -- 0x7f25e00052c0 con 0x7f26001081a0
2024-09-19T08:47:57.330 INFO:teuthology.orchestra.run.smithi092.stdout:/usr/bin/ceph: stderr
2024-09-19T08:47:55.605+0000 7f25f77fe640 1 -- 172.21.15.92:0/4230810973 <== mon.0 v2:172.21.15.92:3300/0 4 ==== mgrmap(e 12) ==== 46474+0+0 (secure 0 0 0) 0x7f25f003a870 con 0x7f26001081a0
2024-09-19T08:47:57.330 INFO:teuthology.orchestra.run.smithi092.stdout:/usr/bin/ceph: stderr
2024-09-19T08:47:55.605+0000 7f25f77fe640 1 --2- 172.21.15.92:0/4230810973 >> [v2:172.21.15.92:6800/2435349378,v1:172.21.15.92:6801/2435349378] conn(0x7f25ec039260 0x7f25ec03b720 unknown :-1 s=NONE pgs=0 cs=0 l=1 rev1=0 crypto rx=0 tx=0 comp rx=0 tx=0).connect
2024-09-19T08:47:57.330 INFO:teuthology.orchestra.run.smithi092.stdout:/usr/bin/ceph: stderr
2024-09-19T08:47:55.605+0000 7f25f77fe640 1 -- 172.21.15.92:0/4230810973 <== mon.0 v2:172.21.15.92:3300/0 5 ==== osd_map(3..3 src has 1..3) ==== 1155+0+0 (secure 0 0 0) 0x7f25f006caf0 con 0x7f26001081a0
2024-09-19T08:47:57.330 INFO:teuthology.orchestra.run.smithi092.stdout:/usr/bin/ceph: stderr
2024-09-19T08:47:55.605+0000 7f25fdd9b640 1 --2- 172.21.15.92:0/4230810973 >> [v2:172.21.15.92:6800/2435349378,v1:172.21.15.92:6801/2435349378] conn(0x7f25ec039260 0x7f25ec03b720 unknown :-1 s=BANNER_CONNECTING pgs=0 cs=0 l=1 rev1=0 crypto rx=0 tx=0 comp rx=0 tx=0)._handle_peer_banner_payload supported=3 required=0
2024-09-19T08:47:57.330 INFO:teuthology.orchestra.run.smithi092.stdout:/usr/bin/ceph: stderr
2024-09-19T08:47:55.606+0000 7f25fdd9b640 1 --2- 172.21.15.92:0/4230810973 >> [v2:172.21.15.92:6800/2435349378,v1:172.21.15.92:6801/2435349378] conn(0x7f25ec039260 0x7f25ec03b720 secure :-1 s=READY pgs=8 cs=0 l=1 rev1=1 crypto rx=0x7f25e80098c0 tx=0x7f25e8006db0 comp rx=0 tx=0).ready entity=mgr.14150 client_cookie=0 server_cookie=0 in_seq=0 out_seq=0
2024-09-19T08:47:57.330 INFO:teuthology.orchestra.run.smithi092.stdout:/usr/bin/ceph: stderr
2024-09-19T08:47:55.610+0000 7f25f77fe640 1 -- 172.21.15.92:0/4230810973 <== mon.0 v2:172.21.15.92:3300/0 6 ==== mon_command_ack([{"prefix": "get_command_descriptions"}]=0 v0) ==== 72+0+188913 (secure 0 0 0) 0x7f25f00371e0 con 0x7f26001081a0
2024-09-19T08:47:57.330 INFO:teuthology.orchestra.run.smithi092.stdout:/usr/bin/ceph: stderr
2024-09-19T08:47:55.805+0000 7f2604f56640 1 -- 172.21.15.92:0/4230810973 --> [v2:172.21.15.92:6800/2435349378,v1:172.21.15.92:6801/2435349378] -- mgr_command(tid 0: {"prefix": "dashboard ac-user-create", "username": "admin", "rolename": "administrator", "force_password": true, "pwd_update_required": true, "target": ["mon-mgr", ""]}) -- 0x7f25e0002420 con 0x7f25ec039260
2024-09-19T08:47:57.330 INFO:teuthology.orchestra.run.smithi092.stdout:/usr/bin/ceph: stderr
2024-09-19T08:47:56.034+0000 7f25f77fe640 1 -- 172.21.15.92:0/4230810973 <== mgr.14150 v2:172.21.15.92:6800/2435349378 1 ==== mgr_command_reply(tid 0: 0 ) ==== 8+0+252 (secure 0 0 0) 0x7f25e0002420 con 0x7f25ec039260
2024-09-19T08:47:57.330 INFO:teuthology.orchestra.run.smithi092.stdout:/usr/bin/ceph: stderr
2024-09-19T08:47:56.037+0000 7f2604f56640 1 -- 172.21.15.92:0/4230810973 >> [v2:172.21.15.92:6800/2435349378,v1:172.21.15.92:6801/2435349378] conn(0x7f25ec039260 msgr2=0x7f25ec03b720 secure :-1 s=STATE_CONNECTION_ESTABLISHED l=1).mark_down
2024-09-19T08:47:57.330 INFO:teuthology.orchestra.run.smithi092.stdout:/usr/bin/ceph: stderr
2024-09-19T08:47:56.037+0000 7f2604f56640 1 --2- 172.21.15.92:0/4230810973 >> [v2:172.21.15.92:6800/2435349378,v1:172.21.15.92:6801/2435349378] conn(0x7f25ec039260 0x7f25ec03b720 secure :-1 s=READY pgs=8 cs=0 l=1 rev1=1 crypto rx=0x7f25e80098c0 tx=0x7f25e8006db0 comp rx=0 tx=0).stop
2024-09-19T08:47:57.330 INFO:teuthology.orchestra.run.smithi092.stdout:/usr/bin/ceph: stderr
2024-09-19T08:47:56.037+0000 7f2604f56640 1 -- 172.21.15.92:0/4230810973 >> [v2:172.21.15.92:3300/0,v1:172.21.15.92:6789/0] conn(0x7f26001081a0 msgr2=0x7f2600107a20 secure :-1 s=STATE_CONNECTION_ESTABLISHED l=1).mark_down
2024-09-19T08:47:57.331 INFO:teuthology.orchestra.run.smithi092.stdout:/usr/bin/ceph: stderr
2024-09-19T08:47:56.037+0000 7f2604f56640 1 --2- 172.21.15.92:0/4230810973 >> [v2:172.21.15.92:3300/0,v1:172.21.15.92:6789/0] conn(0x7f26001081a0 0x7f2600107a20 secure :-1 s=READY pgs=71 cs=0 l=1 rev1=1 crypto rx=0x7f25f00097f0 tx=0x7f25f00327b0 comp rx=0 tx=0).stop
2024-09-19T08:47:57.331 INFO:teuthology.orchestra.run.smithi092.stdout:/usr/bin/ceph: stderr
2024-09-19T08:47:56.037+0000 7f2604f56640 1 -- 172.21.15.92:0/4230810973 shutdown_connections
2024-09-19T08:47:57.331 INFO:teuthology.orchestra.run.smithi092.stdout:/usr/bin/ceph: stderr
2024-09-19T08:47:56.037+0000 7f2604f56640 1 --2- 172.21.15.92:0/4230810973 >> [v2:172.21.15.92:6800/2435349378,v1:172.21.15.92:6801/2435349378] conn(0x7f25ec039260 0x7f25ec03b720 unknown :-1 s=CLOSED pgs=8 cs=0 l=1 rev1=1 crypto rx=0 tx=0 comp rx=0 tx=0).stop
2024-09-19T08:47:57.331 INFO:teuthology.orchestra.run.smithi092.stdout:/usr/bin/ceph: stderr
2024-09-19T08:47:56.037+0000 7f2604f56640 1 --2- 172.21.15.92:0/4230810973 >> [v2:172.21.15.92:3300/0,v1:172.21.15.92:6789/0] conn(0x7f26001081a0 0x7f2600107a20 unknown :-1 s=CLOSED pgs=71 cs=0 l=1 rev1=1 crypto rx=0 tx=0 comp rx=0 tx=0).stop
2024-09-19T08:47:57.331 INFO:teuthology.orchestra.run.smithi092.stdout:/usr/bin/ceph: stderr
2024-09-19T08:47:56.037+0000 7f2604f56640 1 -- 172.21.15.92:0/4230810973 >> 172.21.15.92:0/4230810973 conn(0x7f2600101d80 msgr2=0x7f2600102930 unknown :-1 s=STATE_NONE l=0).mark_down
2024-09-19T08:47:57.331 INFO:teuthology.orchestra.run.smithi092.stdout:/usr/bin/ceph: stderr
2024-09-19T08:47:56.037+0000 7f2604f56640 1 -- 172.21.15.92:0/4230810973 shutdown_connections
2024-09-19T08:47:57.331 INFO:teuthology.orchestra.run.smithi092.stdout:/usr/bin/ceph: stderr
2024-09-19T08:47:56.037+0000 7f2604f56640 1 -- 172.21.15.92:0/4230810973 wait complete.
2024-09-19T08:47:57.331 INFO:teuthology.orchestra.run.smithi092.stdout:Fetching dashboard port number...
2024-09-19T08:47:57.453 INFO:journalctl@ceph.mon.a.smithi092.stdout:Sep 19 08:47:57 smithi092 ceph-mon[31407]: from='client.14164 -' entity='client.admin' cmd=[{"prefix": "dashboard ac-user-create", "username": "admin", "rolename": "administrator", "force_password": true, "pwd_update_required": true, "target": ["mon-mgr", ""]}]: dispatch
2024-09-19T08:47:58.463 INFO:journalctl@ceph.mon.a.smithi092.stdout:Sep 19 08:47:58 smithi092 ceph-mon[31407]: from='client.? 172.21.15.92:0/1179342830' entity='client.admin' cmd=[{"prefix": "config get", "who": "mgr", "key": "mgr/dashboard/ssl_server_port"}]: dispatch
2024-09-19T08:47:58.566 INFO:teuthology.orchestra.run.smithi092.stdout:/usr/bin/ceph: stdout 8443
2024-09-19T08:47:58.566 INFO:teuthology.orchestra.run.smithi092.stdout:/usr/bin/ceph: stderr
2024-09-19T08:47:57.741+0000 7fd750ce6640 1 Processor -- start
2024-09-19T08:47:58.566 INFO:teuthology.orchestra.run.smithi092.stdout:/usr/bin/ceph: stderr
2024-09-19T08:47:57.741+0000 7fd750ce6640 1 -- start start
2024-09-19T08:47:58.566 INFO:teuthology.orchestra.run.smithi092.stdout:/usr/bin/ceph: stderr
2024-09-19T08:47:57.742+0000 7fd750ce6640 1 --2- >> [v2:172.21.15.92:3300/0,v1:172.21.15.92:6789/0] conn(0x7fd74c1065c0 0x7fd74c1069c0 unknown :-1 s=NONE pgs=0 cs=0 l=0 rev1=0 crypto rx=0 tx=0 comp rx=0 tx=0).connect
2024-09-19T08:47:58.566 INFO:teuthology.orchestra.run.smithi092.stdout:/usr/bin/ceph: stderr
2024-09-19T08:47:57.742+0000 7fd750ce6640 1 -- --> [v2:172.21.15.92:3300/0,v1:172.21.15.92:6789/0] -- mon_getmap magic: 0 -- 0x7fd74c106f90 con 0x7fd74c1065c0
2024-09-19T08:47:58.566 INFO:teuthology.orchestra.run.smithi092.stdout:/usr/bin/ceph: stderr
2024-09-19T08:47:57.742+0000 7fd74a59c640 1 --2- >> [v2:172.21.15.92:3300/0,v1:172.21.15.92:6789/0] conn(0x7fd74c1065c0 0x7fd74c1069c0 unknown :-1 s=BANNER_CONNECTING pgs=0 cs=0 l=0 rev1=0 crypto rx=0 tx=0 comp rx=0 tx=0)._handle_peer_banner_payload supported=3 required=0
2024-09-19T08:47:58.567 INFO:teuthology.orchestra.run.smithi092.stdout:/usr/bin/ceph: stderr
2024-09-19T08:47:57.742+0000 7fd74a59c640 1 --2- >> [v2:172.21.15.92:3300/0,v1:172.21.15.92:6789/0] conn(0x7fd74c1065c0 0x7fd74c1069c0 unknown :-1 s=HELLO_CONNECTING pgs=0 cs=0 l=0 rev1=1 crypto rx=0 tx=0 comp rx=0 tx=0).handle_hello peer v2:172.21.15.92:3300/0 says I am v2:172.21.15.92:51458/0 (socket says 172.21.15.92:51458)
2024-09-19T08:47:58.567 INFO:teuthology.orchestra.run.smithi092.stdout:/usr/bin/ceph: stderr
2024-09-19T08:47:57.742+0000 7fd74a59c640 1 -- 172.21.15.92:0/1887268156 learned_addr learned my addr 172.21.15.92:0/1887268156 (peer_addr_for_me v2:172.21.15.92:0/0)
2024-09-19T08:47:58.568 INFO:teuthology.orchestra.run.smithi092.stdout:/usr/bin/ceph: stderr
2024-09-19T08:47:57.742+0000 7fd74a59c640 1 -- 172.21.15.92:0/1887268156 --> [v2:172.21.15.92:3300/0,v1:172.21.15.92:6789/0] -- mon_subscribe({config=0+,monmap=0+}) -- 0x7fd74c1077c0 con 0x7fd74c1065c0
2024-09-19T08:47:58.568 INFO:teuthology.orchestra.run.smithi092.stdout:/usr/bin/ceph: stderr
2024-09-19T08:47:57.743+0000 7fd74a59c640 1 --2- 172.21.15.92:0/1887268156 >> [v2:172.21.15.92:3300/0,v1:172.21.15.92:6789/0] conn(0x7fd74c1065c0 0x7fd74c1069c0 secure :-1 s=READY pgs=72 cs=0 l=1 rev1=1 crypto rx=0x7fd73c009e80 tx=0x7fd73c02a7a0 comp rx=0 tx=0).ready entity=mon.0 client_cookie=3e6838c95f304a0f server_cookie=0 in_seq=0 out_seq=0
2024-09-19T08:47:58.568 INFO:teuthology.orchestra.run.smithi092.stdout:/usr/bin/ceph: stderr
2024-09-19T08:47:57.743+0000 7fd74959a640 1 -- 172.21.15.92:0/1887268156 <== mon.0 v2:172.21.15.92:3300/0 1 ==== mon_map magic: 0 ==== 205+0+0 (secure 0 0 0) 0x7fd73c036070 con 0x7fd74c1065c0
2024-09-19T08:47:58.568 INFO:teuthology.orchestra.run.smithi092.stdout:/usr/bin/ceph: stderr
2024-09-19T08:47:57.743+0000 7fd74959a640 1 -- 172.21.15.92:0/1887268156 <== mon.0 v2:172.21.15.92:3300/0 2 ==== config(27 keys) ==== 1140+0+0 (secure 0 0 0) 0x7fd73c0318e0 con 0x7fd74c1065c0
2024-09-19T08:47:58.568 INFO:teuthology.orchestra.run.smithi092.stdout:/usr/bin/ceph: stderr
2024-09-19T08:47:57.743+0000 7fd74959a640 1 -- 172.21.15.92:0/1887268156 <== mon.0 v2:172.21.15.92:3300/0 3 ==== mon_map magic: 0 ==== 205+0+0 (secure 0 0 0) 0x7fd73c007a00 con 0x7fd74c1065c0
2024-09-19T08:47:58.568 INFO:teuthology.orchestra.run.smithi092.stdout:/usr/bin/ceph: stderr
2024-09-19T08:47:57.744+0000 7fd750ce6640 1 -- 172.21.15.92:0/1887268156 >> [v2:172.21.15.92:3300/0,v1:172.21.15.92:6789/0] conn(0x7fd74c1065c0 msgr2=0x7fd74c1069c0 secure :-1 s=STATE_CONNECTION_ESTABLISHED l=1).mark_down
2024-09-19T08:47:58.568 INFO:teuthology.orchestra.run.smithi092.stdout:/usr/bin/ceph: stderr
2024-09-19T08:47:57.744+0000 7fd750ce6640 1 --2- 172.21.15.92:0/1887268156 >> [v2:172.21.15.92:3300/0,v1:172.21.15.92:6789/0] conn(0x7fd74c1065c0 0x7fd74c1069c0 secure :-1 s=READY pgs=72 cs=0 l=1 rev1=1 crypto rx=0x7fd73c009e80 tx=0x7fd73c02a7a0 comp rx=0 tx=0).stop
2024-09-19T08:47:58.568 INFO:teuthology.orchestra.run.smithi092.stdout:/usr/bin/ceph: stderr
2024-09-19T08:47:57.744+0000 7fd750ce6640 1 -- 172.21.15.92:0/1887268156 shutdown_connections
2024-09-19T08:47:58.568 INFO:teuthology.orchestra.run.smithi092.stdout:/usr/bin/ceph: stderr
2024-09-19T08:47:57.744+0000 7fd750ce6640 1 --2- 172.21.15.92:0/1887268156 >> [v2:172.21.15.92:3300/0,v1:172.21.15.92:6789/0] conn(0x7fd74c1065c0 0x7fd74c1069c0 unknown :-1 s=CLOSED pgs=72 cs=0 l=1 rev1=1 crypto rx=0 tx=0 comp rx=0 tx=0).stop
2024-09-19T08:47:58.569 INFO:teuthology.orchestra.run.smithi092.stdout:/usr/bin/ceph: stderr
2024-09-19T08:47:57.744+0000 7fd750ce6640 1 -- 172.21.15.92:0/1887268156 >> 172.21.15.92:0/1887268156 conn(0x7fd74c101d70 msgr2=0x7fd74c104190 unknown :-1 s=STATE_NONE l=0).mark_down
2024-09-19T08:47:58.569 INFO:teuthology.orchestra.run.smithi092.stdout:/usr/bin/ceph: stderr
2024-09-19T08:47:57.744+0000 7fd750ce6640 1 -- 172.21.15.92:0/1887268156 shutdown_connections
2024-09-19T08:47:58.569 INFO:teuthology.orchestra.run.smithi092.stdout:/usr/bin/ceph: stderr
2024-09-19T08:47:57.744+0000 7fd750ce6640 1 -- 172.21.15.92:0/1887268156 wait complete.
2024-09-19T08:47:58.569 INFO:teuthology.orchestra.run.smithi092.stdout:/usr/bin/ceph: stderr
2024-09-19T08:47:57.744+0000 7fd750ce6640 1 Processor -- start
2024-09-19T08:47:58.569 INFO:teuthology.orchestra.run.smithi092.stdout:/usr/bin/ceph: stderr
2024-09-19T08:47:57.744+0000 7fd750ce6640 1 -- start start
2024-09-19T08:47:58.569 INFO:teuthology.orchestra.run.smithi092.stdout:/usr/bin/ceph: stderr
2024-09-19T08:47:57.745+0000 7fd750ce6640 1 --2- >> [v2:172.21.15.92:3300/0,v1:172.21.15.92:6789/0] conn(0x7fd74c1065c0 0x7fd74c07ba70 unknown :-1 s=NONE pgs=0 cs=0 l=1 rev1=0 crypto rx=0 tx=0 comp rx=0 tx=0).connect
2024-09-19T08:47:58.569 INFO:teuthology.orchestra.run.smithi092.stdout:/usr/bin/ceph: stderr
2024-09-19T08:47:57.745+0000 7fd750ce6640 1 -- --> [v2:172.21.15.92:3300/0,v1:172.21.15.92:6789/0] -- mon_getmap magic: 0 -- 0x7fd74c10ab70 con 0x7fd74c1065c0
2024-09-19T08:47:58.569 INFO:teuthology.orchestra.run.smithi092.stdout:/usr/bin/ceph: stderr
2024-09-19T08:47:57.745+0000 7fd74a59c640 1 --2- >> [v2:172.21.15.92:3300/0,v1:172.21.15.92:6789/0] conn(0x7fd74c1065c0 0x7fd74c07ba70 unknown :-1 s=BANNER_CONNECTING pgs=0 cs=0 l=1 rev1=0 crypto rx=0 tx=0 comp rx=0 tx=0)._handle_peer_banner_payload supported=3 required=0
2024-09-19T08:47:58.569 INFO:teuthology.orchestra.run.smithi092.stdout:/usr/bin/ceph: stderr
2024-09-19T08:47:57.745+0000 7fd74a59c640 1 --2- >> [v2:172.21.15.92:3300/0,v1:172.21.15.92:6789/0] conn(0x7fd74c1065c0 0x7fd74c07ba70 unknown :-1 s=HELLO_CONNECTING pgs=0 cs=0 l=1 rev1=1 crypto rx=0 tx=0 comp rx=0 tx=0).handle_hello peer v2:172.21.15.92:3300/0 says I am v2:172.21.15.92:51468/0 (socket says 172.21.15.92:51468)
2024-09-19T08:47:58.569 INFO:teuthology.orchestra.run.smithi092.stdout:/usr/bin/ceph: stderr
2024-09-19T08:47:57.745+0000 7fd74a59c640 1 -- 172.21.15.92:0/1179342830 learned_addr learned my addr 172.21.15.92:0/1179342830 (peer_addr_for_me v2:172.21.15.92:0/0)
2024-09-19T08:47:58.569 INFO:teuthology.orchestra.run.smithi092.stdout:/usr/bin/ceph: stderr
2024-09-19T08:47:57.745+0000 7fd74a59c640 1 -- 172.21.15.92:0/1179342830 --> [v2:172.21.15.92:3300/0,v1:172.21.15.92:6789/0] -- mon_subscribe({config=0+,monmap=0+}) -- 0x7fd74c19e3c0 con 0x7fd74c1065c0
2024-09-19T08:47:58.569 INFO:teuthology.orchestra.run.smithi092.stdout:/usr/bin/ceph: stderr
2024-09-19T08:47:57.745+0000 7fd74a59c640 1 --2- 172.21.15.92:0/1179342830 >> [v2:172.21.15.92:3300/0,v1:172.21.15.92:6789/0] conn(0x7fd74c1065c0 0x7fd74c07ba70 secure :-1 s=READY pgs=73 cs=0 l=1 rev1=1 crypto rx=0x7fd73c031cc0 tx=0x7fd73c031cf0 comp rx=0 tx=0).ready entity=mon.0 client_cookie=0 server_cookie=0 in_seq=0 out_seq=0
2024-09-19T08:47:58.569 INFO:teuthology.orchestra.run.smithi092.stdout:/usr/bin/ceph: stderr
2024-09-19T08:47:57.745+0000 7fd73b7fe640 1 -- 172.21.15.92:0/1179342830 <== mon.0 v2:172.21.15.92:3300/0 1 ==== mon_map magic: 0 ==== 205+0+0 (secure 0 0 0) 0x7fd73c036050 con 0x7fd74c1065c0
2024-09-19T08:47:58.570 INFO:teuthology.orchestra.run.smithi092.stdout:/usr/bin/ceph: stderr
2024-09-19T08:47:57.745+0000 7fd750ce6640 1 -- 172.21.15.92:0/1179342830 --> [v2:172.21.15.92:3300/0,v1:172.21.15.92:6789/0] -- mon_subscribe({mgrmap=0+}) -- 0x7fd74c19e590 con 0x7fd74c1065c0
2024-09-19T08:47:58.570 INFO:teuthology.orchestra.run.smithi092.stdout:/usr/bin/ceph: stderr
2024-09-19T08:47:57.745+0000 7fd73b7fe640 1 -- 172.21.15.92:0/1179342830 <== mon.0 v2:172.21.15.92:3300/0 2 ==== config(27 keys) ==== 1140+0+0 (secure 0 0 0) 0x7fd73c042070 con 0x7fd74c1065c0
2024-09-19T08:47:58.570 INFO:teuthology.orchestra.run.smithi092.stdout:/usr/bin/ceph: stderr
2024-09-19T08:47:57.745+0000 7fd73b7fe640 1 -- 172.21.15.92:0/1179342830 <== mon.0 v2:172.21.15.92:3300/0 3 ==== mon_map magic: 0 ==== 205+0+0 (secure 0 0 0) 0x7fd73c03d8e0 con 0x7fd74c1065c0
2024-09-19T08:47:58.570 INFO:teuthology.orchestra.run.smithi092.stdout:/usr/bin/ceph: stderr
2024-09-19T08:47:57.745+0000 7fd750ce6640 1 -- 172.21.15.92:0/1179342830 --> [v2:172.21.15.92:3300/0,v1:172.21.15.92:6789/0] -- mon_subscribe({osdmap=0}) -- 0x7fd74c19e930 con 0x7fd74c1065c0
2024-09-19T08:47:58.570 INFO:teuthology.orchestra.run.smithi092.stdout:/usr/bin/ceph: stderr
2024-09-19T08:47:57.746+0000 7fd73b7fe640 1 -- 172.21.15.92:0/1179342830 <== mon.0 v2:172.21.15.92:3300/0 4 ==== mgrmap(e 12) ==== 46474+0+0 (secure 0 0 0) 0x7fd73c03dbe0 con 0x7fd74c1065c0
2024-09-19T08:47:58.570 INFO:teuthology.orchestra.run.smithi092.stdout:/usr/bin/ceph: stderr
2024-09-19T08:47:57.746+0000 7fd73b7fe640 1 --2- 172.21.15.92:0/1179342830 >> [v2:172.21.15.92:6800/2435349378,v1:172.21.15.92:6801/2435349378] conn(0x7fd734039200 0x7fd73403b6c0 unknown :-1 s=NONE pgs=0 cs=0 l=1 rev1=0 crypto rx=0 tx=0 comp rx=0 tx=0).connect
2024-09-19T08:47:58.570 INFO:teuthology.orchestra.run.smithi092.stdout:/usr/bin/ceph: stderr
2024-09-19T08:47:57.746+0000 7fd73b7fe640 1 -- 172.21.15.92:0/1179342830 <== mon.0 v2:172.21.15.92:3300/0 5 ==== osd_map(3..3 src has 1..3) ==== 1155+0+0 (secure 0 0 0) 0x7fd73c06d800 con 0x7fd74c1065c0
2024-09-19T08:47:58.570 INFO:teuthology.orchestra.run.smithi092.stdout:/usr/bin/ceph: stderr
2024-09-19T08:47:57.747+0000 7fd750ce6640 1 -- 172.21.15.92:0/1179342830 --> [v2:172.21.15.92:3300/0,v1:172.21.15.92:6789/0] -- mon_command({"prefix": "get_command_descriptions"} v 0) -- 0x7fd74c106a40 con 0x7fd74c1065c0
2024-09-19T08:47:58.570 INFO:teuthology.orchestra.run.smithi092.stdout:/usr/bin/ceph: stderr
2024-09-19T08:47:57.747+0000 7fd749d9b640 1 --2- 172.21.15.92:0/1179342830 >> [v2:172.21.15.92:6800/2435349378,v1:172.21.15.92:6801/2435349378] conn(0x7fd734039200 0x7fd73403b6c0 unknown :-1 s=BANNER_CONNECTING pgs=0 cs=0 l=1 rev1=0 crypto rx=0 tx=0 comp rx=0 tx=0)._handle_peer_banner_payload supported=3 required=0
2024-09-19T08:47:58.570 INFO:teuthology.orchestra.run.smithi092.stdout:/usr/bin/ceph: stderr
2024-09-19T08:47:57.747+0000 7fd749d9b640 1 --2- 172.21.15.92:0/1179342830 >> [v2:172.21.15.92:6800/2435349378,v1:172.21.15.92:6801/2435349378] conn(0x7fd734039200 0x7fd73403b6c0 secure :-1 s=READY pgs=9 cs=0 l=1 rev1=1 crypto rx=0x7fd7400098c0 tx=0x7fd740006db0 comp rx=0 tx=0).ready entity=mgr.14150 client_cookie=0 server_cookie=0 in_seq=0 out_seq=0
2024-09-19T08:47:58.570 INFO:teuthology.orchestra.run.smithi092.stdout:/usr/bin/ceph: stderr
2024-09-19T08:47:57.751+0000 7fd73b7fe640 1 -- 172.21.15.92:0/1179342830 <== mon.0 v2:172.21.15.92:3300/0 6 ==== mon_command_ack([{"prefix": "get_command_descriptions"}]=0 v0) ==== 72+0+188913 (secure 0 0 0) 0x7fd73c044310 con 0x7fd74c1065c0
2024-09-19T08:47:58.570 INFO:teuthology.orchestra.run.smithi092.stdout:/usr/bin/ceph: stderr
2024-09-19T08:47:57.915+0000 7fd750ce6640 1 -- 172.21.15.92:0/1179342830 --> [v2:172.21.15.92:3300/0,v1:172.21.15.92:6789/0] -- mon_command({"prefix": "config get", "who": "mgr", "key": "mgr/dashboard/ssl_server_port"} v 0) -- 0x7fd74c19ec70 con 0x7fd74c1065c0
2024-09-19T08:47:58.570 INFO:teuthology.orchestra.run.smithi092.stdout:/usr/bin/ceph: stderr
2024-09-19T08:47:57.916+0000 7fd73b7fe640 1 -- 172.21.15.92:0/1179342830 <== mon.0 v2:172.21.15.92:3300/0 7 ==== mon_command_ack([{"prefix": "config get", "who": "mgr", "key": "mgr/dashboard/ssl_server_port"}]=0 v8) ==== 112+0+5 (secure 0 0 0) 0x7fd74c19ec70 con 0x7fd74c1065c0
2024-09-19T08:47:58.570 INFO:teuthology.orchestra.run.smithi092.stdout:/usr/bin/ceph: stderr
2024-09-19T08:47:57.917+0000 7fd750ce6640 1 -- 172.21.15.92:0/1179342830 >> [v2:172.21.15.92:6800/2435349378,v1:172.21.15.92:6801/2435349378] conn(0x7fd734039200 msgr2=0x7fd73403b6c0 secure :-1 s=STATE_CONNECTION_ESTABLISHED l=1).mark_down
2024-09-19T08:47:58.571 INFO:teuthology.orchestra.run.smithi092.stdout:/usr/bin/ceph: stderr
2024-09-19T08:47:57.917+0000 7fd750ce6640 1 --2- 172.21.15.92:0/1179342830 >> [v2:172.21.15.92:6800/2435349378,v1:172.21.15.92:6801/2435349378] conn(0x7fd734039200 0x7fd73403b6c0 secure :-1 s=READY pgs=9 cs=0 l=1 rev1=1 crypto rx=0x7fd7400098c0 tx=0x7fd740006db0 comp rx=0 tx=0).stop
2024-09-19T08:47:58.571 INFO:teuthology.orchestra.run.smithi092.stdout:/usr/bin/ceph: stderr
2024-09-19T08:47:57.917+0000 7fd750ce6640 1 -- 172.21.15.92:0/1179342830 >> [v2:172.21.15.92:3300/0,v1:172.21.15.92:6789/0] conn(0x7fd74c1065c0 msgr2=0x7fd74c07ba70 secure :-1 s=STATE_CONNECTION_ESTABLISHED l=1).mark_down
2024-09-19T08:47:58.571 INFO:teuthology.orchestra.run.smithi092.stdout:/usr/bin/ceph: stderr
2024-09-19T08:47:57.917+0000 7fd750ce6640 1 --2- 172.21.15.92:0/1179342830 >> [v2:172.21.15.92:3300/0,v1:172.21.15.92:6789/0] conn(0x7fd74c1065c0 0x7fd74c07ba70 secure :-1 s=READY pgs=73 cs=0 l=1 rev1=1 crypto rx=0x7fd73c031cc0 tx=0x7fd73c031cf0 comp rx=0 tx=0).stop
2024-09-19T08:47:58.571 INFO:teuthology.orchestra.run.smithi092.stdout:/usr/bin/ceph: stderr
2024-09-19T08:47:57.917+0000 7fd750ce6640 1 -- 172.21.15.92:0/1179342830 shutdown_connections
2024-09-19T08:47:58.571 INFO:teuthology.orchestra.run.smithi092.stdout:/usr/bin/ceph: stderr
2024-09-19T08:47:57.917+0000 7fd750ce6640 1 --2- 172.21.15.92:0/1179342830 >> [v2:172.21.15.92:6800/2435349378,v1:172.21.15.92:6801/2435349378] conn(0x7fd734039200 0x7fd73403b6c0 unknown :-1 s=CLOSED pgs=9 cs=0 l=1 rev1=1 crypto rx=0 tx=0 comp rx=0 tx=0).stop
2024-09-19T08:47:58.571 INFO:teuthology.orchestra.run.smithi092.stdout:/usr/bin/ceph: stderr
2024-09-19T08:47:57.917+0000 7fd750ce6640 1 --2- 172.21.15.92:0/1179342830 >> [v2:172.21.15.92:3300/0,v1:172.21.15.92:6789/0] conn(0x7fd74c1065c0 0x7fd74c07ba70 unknown :-1 s=CLOSED pgs=73 cs=0 l=1 rev1=1 crypto rx=0 tx=0 comp rx=0 tx=0).stop
2024-09-19T08:47:58.571 INFO:teuthology.orchestra.run.smithi092.stdout:/usr/bin/ceph: stderr
2024-09-19T08:47:57.917+0000 7fd750ce6640 1 -- 172.21.15.92:0/1179342830 >> 172.21.15.92:0/1179342830 conn(0x7fd74c101d70 msgr2=0x7fd74c1028c0 unknown :-1 s=STATE_NONE l=0).mark_down
2024-09-19T08:47:58.571 INFO:teuthology.orchestra.run.smithi092.stdout:/usr/bin/ceph: stderr
2024-09-19T08:47:57.918+0000 7fd750ce6640 1 -- 172.21.15.92:0/1179342830 shutdown_connections
2024-09-19T08:47:58.571 INFO:teuthology.orchestra.run.smithi092.stdout:/usr/bin/ceph: stderr
2024-09-19T08:47:57.918+0000 7fd750ce6640 1 -- 172.21.15.92:0/1179342830 wait complete.
2024-09-19T08:47:58.574 INFO:teuthology.orchestra.run.smithi092.stdout:Non-zero exit code 1 from systemctl is-enabled firewalld.service
2024-09-19T08:47:58.574 INFO:teuthology.orchestra.run.smithi092.stdout:systemctl: stdout disabled
2024-09-19T08:47:58.582 INFO:teuthology.orchestra.run.smithi092.stdout:Non-zero exit code 3 from systemctl is-active firewalld.service
2024-09-19T08:47:58.582 INFO:teuthology.orchestra.run.smithi092.stdout:systemctl: stdout inactive
2024-09-19T08:47:58.582 INFO:teuthology.orchestra.run.smithi092.stdout:firewalld.service is not enabled
2024-09-19T08:47:58.582 INFO:teuthology.orchestra.run.smithi092.stdout:Not possible to open ports <[8443]>. firewalld.service is not available
2024-09-19T08:47:58.584 INFO:teuthology.orchestra.run.smithi092.stdout:Ceph Dashboard is now available at:
2024-09-19T08:47:58.584 INFO:teuthology.orchestra.run.smithi092.stdout:
2024-09-19T08:47:58.585 INFO:teuthology.orchestra.run.smithi092.stdout: URL: https://smithi092.front.sepia.ceph.com:8443/
2024-09-19T08:47:58.585 INFO:teuthology.orchestra.run.smithi092.stdout: User: admin
2024-09-19T08:47:58.585 INFO:teuthology.orchestra.run.smithi092.stdout: Password: iv58k1zmqf
2024-09-19T08:47:58.585 INFO:teuthology.orchestra.run.smithi092.stdout:
2024-09-19T08:47:58.585 INFO:teuthology.orchestra.run.smithi092.stdout:Saving cluster configuration to /var/lib/ceph/91ff74f2-7663-11ef-bceb-c7b262605968/config directory
2024-09-19T08:47:59.503 INFO:journalctl@ceph.mon.a.smithi092.stdout:Sep 19 08:47:59 smithi092 ceph-mon[31407]: mgrmap e13: x(active, since 6s)
2024-09-19T08:47:59.774 INFO:teuthology.orchestra.run.smithi092.stdout:/usr/bin/ceph: stderr
2024-09-19T08:47:58.957+0000 7f198b256640 1 Processor -- start
2024-09-19T08:47:59.774 INFO:teuthology.orchestra.run.smithi092.stdout:/usr/bin/ceph: stderr
2024-09-19T08:47:58.957+0000 7f198b256640 1 -- start start
2024-09-19T08:47:59.774 INFO:teuthology.orchestra.run.smithi092.stdout:/usr/bin/ceph: stderr
2024-09-19T08:47:58.957+0000 7f198b256640 1 --2- >> [v2:172.21.15.92:3300/0,v1:172.21.15.92:6789/0] conn(0x7f19841076b0 0x7f1984107ab0 unknown :-1 s=NONE pgs=0 cs=0 l=0 rev1=0 crypto rx=0 tx=0 comp rx=0 tx=0).connect
2024-09-19T08:47:59.774 INFO:teuthology.orchestra.run.smithi092.stdout:/usr/bin/ceph: stderr
2024-09-19T08:47:58.957+0000 7f198b256640 1 -- --> [v2:172.21.15.92:3300/0,v1:172.21.15.92:6789/0] -- mon_getmap magic: 0 -- 0x7f1984108080 con 0x7f19841076b0
2024-09-19T08:47:59.775 INFO:teuthology.orchestra.run.smithi092.stdout:/usr/bin/ceph: stderr
2024-09-19T08:47:58.958+0000 7f1988ff2640 1 --2- >> [v2:172.21.15.92:3300/0,v1:172.21.15.92:6789/0] conn(0x7f19841076b0 0x7f1984107ab0 unknown :-1 s=BANNER_CONNECTING pgs=0 cs=0 l=0 rev1=0 crypto rx=0 tx=0 comp rx=0 tx=0)._handle_peer_banner_payload supported=3 required=0
2024-09-19T08:47:59.775 INFO:teuthology.orchestra.run.smithi092.stdout:/usr/bin/ceph: stderr
2024-09-19T08:47:58.958+0000 7f1988ff2640 1 --2- >> [v2:172.21.15.92:3300/0,v1:172.21.15.92:6789/0] conn(0x7f19841076b0 0x7f1984107ab0 unknown :-1 s=HELLO_CONNECTING pgs=0 cs=0 l=0 rev1=1 crypto rx=0 tx=0 comp rx=0 tx=0).handle_hello peer v2:172.21.15.92:3300/0 says I am v2:172.21.15.92:51476/0 (socket says 172.21.15.92:51476)
2024-09-19T08:47:59.775 INFO:teuthology.orchestra.run.smithi092.stdout:/usr/bin/ceph: stderr
2024-09-19T08:47:58.958+0000 7f1988ff2640 1 -- 172.21.15.92:0/2747749244 learned_addr learned my addr 172.21.15.92:0/2747749244 (peer_addr_for_me v2:172.21.15.92:0/0)
2024-09-19T08:47:59.775 INFO:teuthology.orchestra.run.smithi092.stdout:/usr/bin/ceph: stderr
2024-09-19T08:47:58.958+0000 7f1988ff2640 1 -- 172.21.15.92:0/2747749244 --> [v2:172.21.15.92:3300/0,v1:172.21.15.92:6789/0] -- mon_subscribe({config=0+,monmap=0+}) -- 0x7f19841088b0 con 0x7f19841076b0
2024-09-19T08:47:59.775 INFO:teuthology.orchestra.run.smithi092.stdout:/usr/bin/ceph: stderr
2024-09-19T08:47:58.959+0000 7f1988ff2640 1 --2- 172.21.15.92:0/2747749244 >> [v2:172.21.15.92:3300/0,v1:172.21.15.92:6789/0] conn(0x7f19841076b0 0x7f1984107ab0 secure :-1 s=READY pgs=74 cs=0 l=1 rev1=1 crypto rx=0x7f1980009820 tx=0x7f198002a270 comp rx=0 tx=0).ready entity=mon.0 client_cookie=ff2f6fce09f0d516 server_cookie=0 in_seq=0 out_seq=0
2024-09-19T08:47:59.775 INFO:teuthology.orchestra.run.smithi092.stdout:/usr/bin/ceph: stderr
2024-09-19T08:47:58.959+0000 7f197b7fe640 1 -- 172.21.15.92:0/2747749244 <== mon.0 v2:172.21.15.92:3300/0 1 ==== mon_map magic: 0 ==== 205+0+0 (secure 0 0 0) 0x7f1980037070 con 0x7f19841076b0
2024-09-19T08:47:59.775 INFO:teuthology.orchestra.run.smithi092.stdout:/usr/bin/ceph: stderr
2024-09-19T08:47:58.959+0000 7f197b7fe640 1 -- 172.21.15.92:0/2747749244 <== mon.0 v2:172.21.15.92:3300/0 2 ==== config(27 keys) ==== 1140+0+0 (secure 0 0 0) 0x7f1980032920 con 0x7f19841076b0
2024-09-19T08:47:59.775 INFO:teuthology.orchestra.run.smithi092.stdout:/usr/bin/ceph: stderr
2024-09-19T08:47:58.959+0000 7f197b7fe640 1 -- 172.21.15.92:0/2747749244 <== mon.0 v2:172.21.15.92:3300/0 3 ==== mon_map magic: 0 ==== 205+0+0 (secure 0 0 0) 0x7f1980030810 con 0x7f19841076b0
2024-09-19T08:47:59.775 INFO:teuthology.orchestra.run.smithi092.stdout:/usr/bin/ceph: stderr
2024-09-19T08:47:58.959+0000 7f198b256640 1 -- 172.21.15.92:0/2747749244 >> [v2:172.21.15.92:3300/0,v1:172.21.15.92:6789/0] conn(0x7f19841076b0 msgr2=0x7f1984107ab0 secure :-1 s=STATE_CONNECTION_ESTABLISHED l=1).mark_down
2024-09-19T08:47:59.775 INFO:teuthology.orchestra.run.smithi092.stdout:/usr/bin/ceph: stderr
2024-09-19T08:47:58.959+0000 7f198b256640 1 --2- 172.21.15.92:0/2747749244 >> [v2:172.21.15.92:3300/0,v1:172.21.15.92:6789/0] conn(0x7f19841076b0 0x7f1984107ab0 secure :-1 s=READY pgs=74 cs=0 l=1 rev1=1 crypto rx=0x7f1980009820 tx=0x7f198002a270 comp rx=0 tx=0).stop
2024-09-19T08:47:59.775 INFO:teuthology.orchestra.run.smithi092.stdout:/usr/bin/ceph: stderr
2024-09-19T08:47:58.959+0000 7f198b256640 1 -- 172.21.15.92:0/2747749244 shutdown_connections
2024-09-19T08:47:59.775 INFO:teuthology.orchestra.run.smithi092.stdout:/usr/bin/ceph: stderr
2024-09-19T08:47:58.959+0000 7f198b256640 1 --2- 172.21.15.92:0/2747749244 >> [v2:172.21.15.92:3300/0,v1:172.21.15.92:6789/0] conn(0x7f19841076b0 0x7f1984107ab0 unknown :-1 s=CLOSED pgs=74 cs=0 l=1 rev1=1 crypto rx=0 tx=0 comp rx=0 tx=0).stop
2024-09-19T08:47:59.776 INFO:teuthology.orchestra.run.smithi092.stdout:/usr/bin/ceph: stderr
2024-09-19T08:47:58.959+0000 7f198b256640 1 -- 172.21.15.92:0/2747749244 >> 172.21.15.92:0/2747749244 conn(0x7f1984102e80 msgr2=0x7f19841052a0 unknown :-1 s=STATE_NONE l=0).mark_down
2024-09-19T08:47:59.776 INFO:teuthology.orchestra.run.smithi092.stdout:/usr/bin/ceph: stderr
2024-09-19T08:47:58.960+0000 7f198b256640 1 -- 172.21.15.92:0/2747749244 shutdown_connections
2024-09-19T08:47:59.776 INFO:teuthology.orchestra.run.smithi092.stdout:/usr/bin/ceph: stderr
2024-09-19T08:47:58.960+0000 7f198b256640 1 -- 172.21.15.92:0/2747749244 wait complete.
2024-09-19T08:47:59.776 INFO:teuthology.orchestra.run.smithi092.stdout:/usr/bin/ceph: stderr
2024-09-19T08:47:58.960+0000 7f198b256640 1 Processor -- start
2024-09-19T08:47:59.776 INFO:teuthology.orchestra.run.smithi092.stdout:/usr/bin/ceph: stderr
2024-09-19T08:47:58.960+0000 7f198b256640 1 -- start start
2024-09-19T08:47:59.776 INFO:teuthology.orchestra.run.smithi092.stdout:/usr/bin/ceph: stderr
2024-09-19T08:47:58.960+0000 7f198b256640 1 --2- >> [v2:172.21.15.92:3300/0,v1:172.21.15.92:6789/0] conn(0x7f19841076b0 0x7f198419b6e0 unknown :-1 s=NONE pgs=0 cs=0 l=1 rev1=0 crypto rx=0 tx=0 comp rx=0 tx=0).connect
2024-09-19T08:47:59.776 INFO:teuthology.orchestra.run.smithi092.stdout:/usr/bin/ceph: stderr
2024-09-19T08:47:58.960+0000 7f198b256640 1 -- --> [v2:172.21.15.92:3300/0,v1:172.21.15.92:6789/0] -- mon_getmap magic: 0 -- 0x7f198410bc60 con 0x7f19841076b0
2024-09-19T08:47:59.776 INFO:teuthology.orchestra.run.smithi092.stdout:/usr/bin/ceph: stderr
2024-09-19T08:47:58.960+0000 7f1988ff2640 1 --2- >> [v2:172.21.15.92:3300/0,v1:172.21.15.92:6789/0] conn(0x7f19841076b0 0x7f198419b6e0 unknown :-1 s=BANNER_CONNECTING pgs=0 cs=0 l=1 rev1=0 crypto rx=0 tx=0 comp rx=0 tx=0)._handle_peer_banner_payload supported=3 required=0
2024-09-19T08:47:59.776 INFO:teuthology.orchestra.run.smithi092.stdout:/usr/bin/ceph: stderr
2024-09-19T08:47:58.960+0000 7f1988ff2640 1 --2- >> [v2:172.21.15.92:3300/0,v1:172.21.15.92:6789/0] conn(0x7f19841076b0 0x7f198419b6e0 unknown :-1 s=HELLO_CONNECTING pgs=0 cs=0 l=1 rev1=1 crypto rx=0 tx=0 comp rx=0 tx=0).handle_hello peer v2:172.21.15.92:3300/0 says I am v2:172.21.15.92:51484/0 (socket says 172.21.15.92:51484)
2024-09-19T08:47:59.776 INFO:teuthology.orchestra.run.smithi092.stdout:/usr/bin/ceph: stderr
2024-09-19T08:47:58.960+0000 7f1988ff2640 1 -- 172.21.15.92:0/1147919598 learned_addr learned my addr 172.21.15.92:0/1147919598 (peer_addr_for_me v2:172.21.15.92:0/0)
2024-09-19T08:47:59.776 INFO:teuthology.orchestra.run.smithi092.stdout:/usr/bin/ceph: stderr
2024-09-19T08:47:58.961+0000 7f1988ff2640 1 -- 172.21.15.92:0/1147919598 --> [v2:172.21.15.92:3300/0,v1:172.21.15.92:6789/0] -- mon_subscribe({config=0+,monmap=0+}) -- 0x7f198419bc20 con 0x7f19841076b0
2024-09-19T08:47:59.776 INFO:teuthology.orchestra.run.smithi092.stdout:/usr/bin/ceph: stderr
2024-09-19T08:47:58.961+0000 7f1988ff2640 1 --2- 172.21.15.92:0/1147919598 >> [v2:172.21.15.92:3300/0,v1:172.21.15.92:6789/0] conn(0x7f19841076b0 0x7f198419b6e0 secure :-1 s=READY pgs=75 cs=0 l=1 rev1=1 crypto rx=0x7f19800097f0 tx=0x7f19800327b0 comp rx=0 tx=0).ready entity=mon.0 client_cookie=0 server_cookie=0 in_seq=0 out_seq=0
2024-09-19T08:47:59.777 INFO:teuthology.orchestra.run.smithi092.stdout:/usr/bin/ceph: stderr
2024-09-19T08:47:58.961+0000 7f1979ffb640 1 -- 172.21.15.92:0/1147919598 <== mon.0 v2:172.21.15.92:3300/0 1 ==== mon_map magic: 0 ==== 205+0+0 (secure 0 0 0) 0x7f1980037040 con 0x7f19841076b0
2024-09-19T08:47:59.777 INFO:teuthology.orchestra.run.smithi092.stdout:/usr/bin/ceph: stderr
2024-09-19T08:47:58.961+0000 7f1979ffb640 1 -- 172.21.15.92:0/1147919598 <== mon.0 v2:172.21.15.92:3300/0 2 ==== config(27 keys) ==== 1140+0+0 (secure 0 0 0) 0x7f1980030cc0 con 0x7f19841076b0
2024-09-19T08:47:59.777 INFO:teuthology.orchestra.run.smithi092.stdout:/usr/bin/ceph: stderr
2024-09-19T08:47:58.961+0000 7f198b256640 1 -- 172.21.15.92:0/1147919598 --> [v2:172.21.15.92:3300/0,v1:172.21.15.92:6789/0] -- mon_subscribe({mgrmap=0+}) -- 0x7f198419beb0 con 0x7f19841076b0
2024-09-19T08:47:59.777 INFO:teuthology.orchestra.run.smithi092.stdout:/usr/bin/ceph: stderr
2024-09-19T08:47:58.961+0000 7f1979ffb640 1 -- 172.21.15.92:0/1147919598 <== mon.0 v2:172.21.15.92:3300/0 3 ==== mon_map magic: 0 ==== 205+0+0 (secure 0 0 0) 0x7f198003a640 con 0x7f19841076b0
2024-09-19T08:47:59.777 INFO:teuthology.orchestra.run.smithi092.stdout:/usr/bin/ceph: stderr
2024-09-19T08:47:58.961+0000 7f198b256640 1 -- 172.21.15.92:0/1147919598 --> [v2:172.21.15.92:3300/0,v1:172.21.15.92:6789/0] -- mon_subscribe({osdmap=0}) -- 0x7f198419eba0 con 0x7f19841076b0
2024-09-19T08:47:59.777 INFO:teuthology.orchestra.run.smithi092.stdout:/usr/bin/ceph: stderr
2024-09-19T08:47:58.962+0000 7f1979ffb640 1 -- 172.21.15.92:0/1147919598 <== mon.0 v2:172.21.15.92:3300/0 4 ==== mgrmap(e 13) ==== 46517+0+0 (secure 0 0 0) 0x7f198003a940 con 0x7f19841076b0
2024-09-19T08:47:59.777 INFO:teuthology.orchestra.run.smithi092.stdout:/usr/bin/ceph: stderr
2024-09-19T08:47:58.962+0000 7f198b256640 1 -- 172.21.15.92:0/1147919598 --> [v2:172.21.15.92:3300/0,v1:172.21.15.92:6789/0] -- mon_command({"prefix": "get_command_descriptions"} v 0) -- 0x7f1984107b30 con 0x7f19841076b0
2024-09-19T08:47:59.777 INFO:teuthology.orchestra.run.smithi092.stdout:/usr/bin/ceph: stderr
